2024-02-10T08:58:21.969+0000 7f320d671700 1 -- 172.21.15.77:0/1788112132 --> [v2:172.21.15.77:3300/0,v1:172.21.15.77:6789/0] -- mon_subscribe({config=0+,monmap=0+}) v3 -- 0x7f32080fb7e0 con 0x7f32080fad90
2024-02-10T08:58:21.995 INFO:teuthology.orchestra.run.smithi077.stderr:/usr/bin/ceph:
2024-02-10T08:58:21.969+0000 7f320d671700 1 --2- 172.21.15.77:0/1788112132 >> [v2:172.21.15.77:3300/0,v1:172.21.15.77:6789/0] conn(0x7f32080fad90 0x7f32080fb1b0 secure :-1 s=READY pgs=41 cs=0 l=1 rev1=1 rx=0x7f31f800b5f0 tx=0x7f31f8006ee0).ready entity=mon.0 client_cookie=596ed9d79385a120 server_cookie=0 in_seq=0 out_seq=0
2024-02-10T08:58:21.995 INFO:teuthology.orchestra.run.smithi077.stderr:/usr/bin/ceph:
2024-02-10T08:58:21.969+0000 7f31f7fff700 1 -- 172.21.15.77:0/1788112132 <== mon.0 v2:172.21.15.77:3300/0 1 ==== mon_map magic: 0 v1 ==== 229+0+0 (secure 0 0 0) 0x7f31f800d600 con 0x7f32080fad90
2024-02-10T08:58:21.995 INFO:teuthology.orchestra.run.smithi077.stderr:/usr/bin/ceph:
2024-02-10T08:58:21.969+0000 7f31f7fff700 1 -- 172.21.15.77:0/1788112132 <== mon.0 v2:172.21.15.77:3300/0 2 ==== config(26 keys) v1 ==== 1045+0+0 (secure 0 0 0) 0x7f31f800dbf0 con 0x7f32080fad90
2024-02-10T08:58:21.995 INFO:teuthology.orchestra.run.smithi077.stderr:/usr/bin/ceph:
2024-02-10T08:58:21.969+0000 7f31f7fff700 1 -- 172.21.15.77:0/1788112132 <== mon.0 v2:172.21.15.77:3300/0 3 ==== mon_map magic: 0 v1 ==== 229+0+0 (secure 0 0 0) 0x7f31f8011cb0 con 0x7f32080fad90
2024-02-10T08:58:21.995 INFO:teuthology.orchestra.run.smithi077.stderr:/usr/bin/ceph:
2024-02-10T08:58:21.969+0000 7f320f8d5700 1 -- 172.21.15.77:0/1788112132 >> [v2:172.21.15.77:3300/0,v1:172.21.15.77:6789/0] conn(0x7f32080fad90 msgr2=0x7f32080fb1b0 secure :-1 s=STATE_CONNECTION_ESTABLISHED l=1).mark_down
2024-02-10T08:58:21.995 INFO:teuthology.orchestra.run.smithi077.stderr:/usr/bin/ceph:
2024-02-10T08:58:21.969+0000 7f320f8d5700 1 --2- 172.21.15.77:0/1788112132 >> [v2:172.21.15.77:3300/0,v1:172.21.15.77:6789/0] conn(0x7f32080fad90 0x7f32080fb1b0 secure :-1 s=READY pgs=41 cs=0 l=1 rev1=1 rx=0x7f31f800b5f0 tx=0x7f31f8006ee0).stop
2024-02-10T08:58:21.995 INFO:teuthology.orchestra.run.smithi077.stderr:/usr/bin/ceph:
2024-02-10T08:58:21.969+0000 7f320f8d5700 1 -- 172.21.15.77:0/1788112132 shutdown_connections
2024-02-10T08:58:21.995 INFO:teuthology.orchestra.run.smithi077.stderr:/usr/bin/ceph:
2024-02-10T08:58:21.969+0000 7f320f8d5700 1 --2- 172.21.15.77:0/1788112132 >> [v2:172.21.15.77:3300/0,v1:172.21.15.77:6789/0] conn(0x7f32080fad90 0x7f32080fb1b0 unknown :-1 s=CLOSED pgs=41 cs=0 l=1 rev1=1 rx=0 tx=0).stop
2024-02-10T08:58:21.995 INFO:teuthology.orchestra.run.smithi077.stderr:/usr/bin/ceph:
2024-02-10T08:58:21.969+0000 7f320f8d5700 1 -- 172.21.15.77:0/1788112132 >> 172.21.15.77:0/1788112132 conn(0x7f32080f6530 msgr2=0x7f32080f8950 unknown :-1 s=STATE_NONE l=0).mark_down
2024-02-10T08:58:21.996 INFO:teuthology.orchestra.run.smithi077.stderr:/usr/bin/ceph:
2024-02-10T08:58:21.970+0000 7f320f8d5700 1 -- 172.21.15.77:0/1788112132 shutdown_connections
2024-02-10T08:58:21.996 INFO:teuthology.orchestra.run.smithi077.stderr:/usr/bin/ceph:
2024-02-10T08:58:21.970+0000 7f320f8d5700 1 -- 172.21.15.77:0/1788112132 wait complete.
2024-02-10T08:58:21.996 INFO:teuthology.orchestra.run.smithi077.stderr:/usr/bin/ceph:
2024-02-10T08:58:21.970+0000 7f320f8d5700 1 Processor -- start
2024-02-10T08:58:21.996 INFO:teuthology.orchestra.run.smithi077.stderr:/usr/bin/ceph:
2024-02-10T08:58:21.970+0000 7f320f8d5700 1 -- start start
2024-02-10T08:58:21.996 INFO:teuthology.orchestra.run.smithi077.stderr:/usr/bin/ceph:
2024-02-10T08:58:21.970+0000 7f320f8d5700 1 --2- >> [v2:172.21.15.77:3300/0,v1:172.21.15.77:6789/0] conn(0x7f320810ac90 0x7f320810b0b0 unknown :-1 s=NONE pgs=0 cs=0 l=1 rev1=0 rx=0 tx=0).connect
2024-02-10T08:58:21.996 INFO:teuthology.orchestra.run.smithi077.stderr:/usr/bin/ceph:
2024-02-10T08:58:21.970+0000 7f320f8d5700 1 -- --> [v2:172.21.15.77:3300/0,v1:172.21.15.77:6789/0] -- mon_getmap magic: 0 v1 -- 0x7f320810b5a0 con 0x7f320810ac90
2024-02-10T08:58:21.996 INFO:teuthology.orchestra.run.smithi077.stderr:/usr/bin/ceph:
2024-02-10T08:58:21.970+0000 7f320d671700 1 --2- >> [v2:172.21.15.77:3300/0,v1:172.21.15.77:6789/0] conn(0x7f320810ac90 0x7f320810b0b0 unknown :-1 s=BANNER_CONNECTING pgs=0 cs=0 l=1 rev1=0 rx=0 tx=0)._handle_peer_banner_payload supported=1 required=0
2024-02-10T08:58:21.996 INFO:teuthology.orchestra.run.smithi077.stderr:/usr/bin/ceph:
2024-02-10T08:58:21.970+0000 7f320d671700 1 --2- >> [v2:172.21.15.77:3300/0,v1:172.21.15.77:6789/0] conn(0x7f320810ac90 0x7f320810b0b0 unknown :-1 s=HELLO_CONNECTING pgs=0 cs=0 l=1 rev1=1 rx=0 tx=0).handle_hello peer v2:172.21.15.77:3300/0 says I am v2:172.21.15.77:46302/0 (socket says 172.21.15.77:46302)
2024-02-10T08:58:21.996 INFO:teuthology.orchestra.run.smithi077.stderr:/usr/bin/ceph:
2024-02-10T08:58:21.970+0000 7f320d671700 1 -- 172.21.15.77:0/2334477614 learned_addr learned my addr 172.21.15.77:0/2334477614 (peer_addr_for_me v2:172.21.15.77:0/0)
2024-02-10T08:58:21.996 INFO:teuthology.orchestra.run.smithi077.stderr:/usr/bin/ceph:
2024-02-10T08:58:21.971+0000 7f320d671700 1 -- 172.21.15.77:0/2334477614 --> [v2:172.21.15.77:3300/0,v1:172.21.15.77:6789/0] -- mon_subscribe({config=0+,monmap=0+}) v3 -- 0x7f31f800b200 con 0x7f320810ac90
2024-02-10T08:58:21.996 INFO:teuthology.orchestra.run.smithi077.stderr:/usr/bin/ceph:
2024-02-10T08:58:21.971+0000 7f320d671700 1 --2- 172.21.15.77:0/2334477614 >> [v2:172.21.15.77:3300/0,v1:172.21.15.77:6789/0] conn(0x7f320810ac90 0x7f320810b0b0 secure :-1 s=READY pgs=42 cs=0 l=1 rev1=1 rx=0x7f31f800b5c0 tx=0x7f31f8006ee0).ready entity=mon.0 client_cookie=0 server_cookie=0 in_seq=0 out_seq=0
2024-02-10T08:58:21.996 INFO:teuthology.orchestra.run.smithi077.stderr:/usr/bin/ceph:
2024-02-10T08:58:21.971+0000 7f31f5ffb700 1 -- 172.21.15.77:0/2334477614 <== mon.0 v2:172.21.15.77:3300/0 1 ==== mon_map magic: 0 v1 ==== 229+0+0 (secure 0 0 0) 0x7f31f801b570 con 0x7f320810ac90
2024-02-10T08:58:21.996 INFO:teuthology.orchestra.run.smithi077.stderr:/usr/bin/ceph:
2024-02-10T08:58:21.971+0000 7f31f5ffb700 1 -- 172.21.15.77:0/2334477614 <== mon.0 v2:172.21.15.77:3300/0 2 ==== config(26 keys) v1 ==== 1045+0+0 (secure 0 0 0) 0x7f31f801bb60 con 0x7f320810ac90
2024-02-10T08:58:21.996 INFO:teuthology.orchestra.run.smithi077.stderr:/usr/bin/ceph:
2024-02-10T08:58:21.971+0000 7f320f8d5700 1 -- 172.21.15.77:0/2334477614 --> [v2:172.21.15.77:3300/0,v1:172.21.15.77:6789/0] -- mon_subscribe({mgrmap=0+}) v3 -- 0x7f320810b7a0 con 0x7f320810ac90
2024-02-10T08:58:21.997 INFO:teuthology.orchestra.run.smithi077.stderr:/usr/bin/ceph:
2024-02-10T08:58:21.971+0000 7f31f5ffb700 1 -- 172.21.15.77:0/2334477614 <== mon.0 v2:172.21.15.77:3300/0 3 ==== mon_map magic: 0 v1 ==== 229+0+0 (secure 0 0 0) 0x7f31f801a970 con 0x7f320810ac90
2024-02-10T08:58:21.997 INFO:teuthology.orchestra.run.smithi077.stderr:/usr/bin/ceph:
2024-02-10T08:58:21.971+0000 7f320f8d5700 1 -- 172.21.15.77:0/2334477614 --> [v2:172.21.15.77:3300/0,v1:172.21.15.77:6789/0] -- mon_subscribe({osdmap=0}) v3 -- 0x7f320810c1b0 con 0x7f320810ac90
2024-02-10T08:58:21.997 INFO:teuthology.orchestra.run.smithi077.stderr:/usr/bin/ceph:
2024-02-10T08:58:21.972+0000 7f31f5ffb700 1 -- 172.21.15.77:0/2334477614 <== mon.0 v2:172.21.15.77:3300/0 4 ==== mgrmap(e 8) v1 ==== 36120+0+0 (secure 0 0 0) 0x7f31f800f070 con 0x7f320810ac90
2024-02-10T08:58:21.997 INFO:teuthology.orchestra.run.smithi077.stderr:/usr/bin/ceph:
2024-02-10T08:58:21.972+0000 7f31f5ffb700 1 --2- 172.21.15.77:0/2334477614 >> [v2:172.21.15.77:6800/2974869056,v1:172.21.15.77:6801/2974869056] conn(0x7f31f002fe70 0x7f31f0032330 unknown :-1 s=NONE pgs=0 cs=0 l=1 rev1=0 rx=0 tx=0).connect
2024-02-10T08:58:21.997 INFO:teuthology.orchestra.run.smithi077.stderr:/usr/bin/ceph:
2024-02-10T08:58:21.972+0000 7f31f5ffb700 1 -- 172.21.15.77:0/2334477614 <== mon.0 v2:172.21.15.77:3300/0 5 ==== osd_map(2..2 src has 1..2) v4 ==== 926+0+0 (secure 0 0 0) 0x7f31f8041280 con 0x7f320810ac90
2024-02-10T08:58:21.997 INFO:teuthology.orchestra.run.smithi077.stderr:/usr/bin/ceph:
2024-02-10T08:58:21.972+0000 7f320ce70700 1 --2- 172.21.15.77:0/2334477614 >> [v2:172.21.15.77:6800/2974869056,v1:172.21.15.77:6801/2974869056] conn(0x7f31f002fe70 0x7f31f0032330 unknown :-1 s=BANNER_CONNECTING pgs=0 cs=0 l=1 rev1=0 rx=0 tx=0)._handle_peer_banner_payload supported=1 required=0
2024-02-10T08:58:21.997 INFO:teuthology.orchestra.run.smithi077.stderr:/usr/bin/ceph:
2024-02-10T08:58:21.972+0000 7f320f8d5700 1 -- 172.21.15.77:0/2334477614 --> [v2:172.21.15.77:3300/0,v1:172.21.15.77:6789/0] -- mon_command({"prefix": "get_command_descriptions"} v 0) v1 -- 0x7f3208059100 con 0x7f320810ac90
2024-02-10T08:58:21.997 INFO:teuthology.orchestra.run.smithi077.stderr:/usr/bin/ceph:
2024-02-10T08:58:21.972+0000 7f320ce70700 1 --2- 172.21.15.77:0/2334477614 >> [v2:172.21.15.77:6800/2974869056,v1:172.21.15.77:6801/2974869056] conn(0x7f31f002fe70 0x7f31f0032330 secure :-1 s=READY pgs=12 cs=0 l=1 rev1=1 rx=0x7f32040096a0 tx=0x7f3204006b40).ready entity=mgr.14114 client_cookie=0 server_cookie=0 in_seq=0 out_seq=0
2024-02-10T08:58:21.997 INFO:teuthology.orchestra.run.smithi077.stderr:/usr/bin/ceph:
2024-02-10T08:58:21.976+0000 7f31f5ffb700 1 -- 172.21.15.77:0/2334477614 <== mon.0 v2:172.21.15.77:3300/0 6 ==== mon_command_ack([{"prefix": "get_command_descriptions"}]=0 v0) v1 ==== 72+0+152212 (secure 0 0 0) 0x7f31f8025460 con 0x7f320810ac90
2024-02-10T08:58:22.149 INFO:journalctl@ceph.mon.smithi077.smithi077.stdout:Feb 10 08:58:21 smithi077 ceph-6081b54a-c7f2-11ee-95b8-87774f69a715-mon.smithi077[39443]: audit
2024-02-10T08:58:20.748961+0000 mgr.smithi077.dxntvw (mgr.14114) 10 : audit [DBG] from='client.14134 -' entity='client.admin' cmd=[{"prefix": "orch apply", "service_type": "mon", "target": ["mon-mgr", ""]}]: dispatch
2024-02-10T08:58:22.149 INFO:journalctl@ceph.mon.smithi077.smithi077.stdout:Feb 10 08:58:21 smithi077 ceph-6081b54a-c7f2-11ee-95b8-87774f69a715-mon.smithi077[39443]: cephadm
2024-02-10T08:58:20.749646+0000 mgr.smithi077.dxntvw (mgr.14114) 11 : cephadm [INF] Saving service mon spec with placement count:5
2024-02-10T08:58:22.149 INFO:journalctl@ceph.mon.smithi077.smithi077.stdout:Feb 10 08:58:21 smithi077 ceph-6081b54a-c7f2-11ee-95b8-87774f69a715-mon.smithi077[39443]: audit
2024-02-10T08:58:20.752535+0000 mon.smithi077 (mon.0) 56 : audit [INF] from='mgr.14114 172.21.15.77:0/2499169851' entity='mgr.smithi077.dxntvw'
2024-02-10T08:58:22.153 INFO:teuthology.orchestra.run.smithi077.stderr:/usr/bin/ceph:
2024-02-10T08:58:22.152+0000 7f320f8d5700 1 -- 172.21.15.77:0/2334477614 --> [v2:172.21.15.77:6800/2974869056,v1:172.21.15.77:6801/2974869056] -- mgr_command(tid 0: {"prefix": "orch apply", "service_type": "mgr", "target": ["mon-mgr", ""]}) v1 -- 0x7f3208104ca0 con 0x7f31f002fe70
2024-02-10T08:58:22.157 INFO:teuthology.orchestra.run.smithi077.stderr:/usr/bin/ceph:
2024-02-10T08:58:22.156+0000 7f31f5ffb700 1 -- 172.21.15.77:0/2334477614 <== mgr.14114 v2:172.21.15.77:6800/2974869056 1 ==== mgr_command_reply(tid 0: 0 ) v1 ==== 8+0+24 (secure 0 0 0) 0x7f3208104ca0 con 0x7f31f002fe70
2024-02-10T08:58:22.157 INFO:teuthology.orchestra.run.smithi077.stderr:/usr/bin/ceph: Scheduled mgr update...
2024-02-10T08:58:22.159 INFO:teuthology.orchestra.run.smithi077.stderr:/usr/bin/ceph:
2024-02-10T08:58:22.157+0000 7f320f8d5700 1 -- 172.21.15.77:0/2334477614 >> [v2:172.21.15.77:6800/2974869056,v1:172.21.15.77:6801/2974869056] conn(0x7f31f002fe70 msgr2=0x7f31f0032330 secure :-1 s=STATE_CONNECTION_ESTABLISHED l=1).mark_down
2024-02-10T08:58:22.159 INFO:teuthology.orchestra.run.smithi077.stderr:/usr/bin/ceph:
2024-02-10T08:58:22.157+0000 7f320f8d5700 1 --2- 172.21.15.77:0/2334477614 >> [v2:172.21.15.77:6800/2974869056,v1:172.21.15.77:6801/2974869056] conn(0x7f31f002fe70 0x7f31f0032330 secure :-1 s=READY pgs=12 cs=0 l=1 rev1=1 rx=0x7f32040096a0 tx=0x7f3204006b40).stop
2024-02-10T08:58:22.159 INFO:teuthology.orchestra.run.smithi077.stderr:/usr/bin/ceph:
2024-02-10T08:58:22.157+0000 7f320f8d5700 1 -- 172.21.15.77:0/2334477614 >> [v2:172.21.15.77:3300/0,v1:172.21.15.77:6789/0] conn(0x7f320810ac90 msgr2=0x7f320810b0b0 secure :-1 s=STATE_CONNECTION_ESTABLISHED l=1).mark_down
2024-02-10T08:58:22.160 INFO:teuthology.orchestra.run.smithi077.stderr:/usr/bin/ceph:
2024-02-10T08:58:22.157+0000 7f320f8d5700 1 --2- 172.21.15.77:0/2334477614 >> [v2:172.21.15.77:3300/0,v1:172.21.15.77:6789/0] conn(0x7f320810ac90 0x7f320810b0b0 secure :-1 s=READY pgs=42 cs=0 l=1 rev1=1 rx=0x7f31f800b5c0 tx=0x7f31f8006ee0).stop
2024-02-10T08:58:22.160 INFO:teuthology.orchestra.run.smithi077.stderr:/usr/bin/ceph:
2024-02-10T08:58:22.157+0000 7f320f8d5700 1 -- 172.21.15.77:0/2334477614 shutdown_connections
2024-02-10T08:58:22.160 INFO:teuthology.orchestra.run.smithi077.stderr:/usr/bin/ceph:
2024-02-10T08:58:22.157+0000 7f320f8d5700 1 --2- 172.21.15.77:0/2334477614 >> [v2:172.21.15.77:6800/2974869056,v1:172.21.15.77:6801/2974869056] conn(0x7f31f002fe70 0x7f31f0032330 unknown :-1 s=CLOSED pgs=12 cs=0 l=1 rev1=1 rx=0 tx=0).stop
2024-02-10T08:58:22.160 INFO:teuthology.orchestra.run.smithi077.stderr:/usr/bin/ceph:
2024-02-10T08:58:22.157+0000 7f320f8d5700 1 --2- 172.21.15.77:0/2334477614 >> [v2:172.21.15.77:3300/0,v1:172.21.15.77:6789/0] conn(0x7f320810ac90 0x7f320810b0b0 unknown :-1 s=CLOSED pgs=42 cs=0 l=1 rev1=1 rx=0 tx=0).stop
2024-02-10T08:58:22.160 INFO:teuthology.orchestra.run.smithi077.stderr:/usr/bin/ceph:
2024-02-10T08:58:22.157+0000 7f320f8d5700 1 -- 172.21.15.77:0/2334477614 >> 172.21.15.77:0/2334477614 conn(0x7f32080f6530 msgr2=0x7f3208070030 unknown :-1 s=STATE_NONE l=0).mark_down
2024-02-10T08:58:22.160 INFO:teuthology.orchestra.run.smithi077.stderr:/usr/bin/ceph:
2024-02-10T08:58:22.157+0000 7f320f8d5700 1 -- 172.21.15.77:0/2334477614 shutdown_connections
2024-02-10T08:58:22.160 INFO:teuthology.orchestra.run.smithi077.stderr:/usr/bin/ceph:
2024-02-10T08:58:22.157+0000 7f320f8d5700 1 -- 172.21.15.77:0/2334477614 wait complete.
2024-02-10T08:58:22.813 INFO:teuthology.orchestra.run.smithi077.stderr:Deploying crash service with default placement...
2024-02-10T08:58:22.813 INFO:teuthology.orchestra.run.smithi077.stderr:Running command: /bin/podman run --rm --ipc=host --no-hosts --net=host --entrypoint /usr/bin/ceph --init -e CONTAINER_IMAGE=docker.io/ceph/ceph:v16.2.4 -e NODE_NAME=smithi077 -e CEPH_USE_RANDOM_NONCE=1 -v /var/log/ceph/6081b54a-c7f2-11ee-95b8-87774f69a715:/var/log/ceph:z -v /tmp/ceph-tmpzzyygg7o:/etc/ceph/ceph.client.admin.keyring:z -v /tmp/ceph-tmpx5m65_qh:/etc/ceph/ceph.conf:z docker.io/ceph/ceph:v16.2.4 orch apply crash
2024-02-10T08:58:23.358 INFO:teuthology.orchestra.run.smithi077.stderr:/usr/bin/ceph:
2024-02-10T08:58:23.352+0000 7f0467fff700 1 Processor -- start
2024-02-10T08:58:23.358 INFO:teuthology.orchestra.run.smithi077.stderr:/usr/bin/ceph:
2024-02-10T08:58:23.352+0000 7f0467fff700 1 -- start start
2024-02-10T08:58:23.358 INFO:teuthology.orchestra.run.smithi077.stderr:/usr/bin/ceph:
2024-02-10T08:58:23.352+0000 7f0467fff700 1 --2- >> [v2:172.21.15.77:3300/0,v1:172.21.15.77:6789/0] conn(0x7f04680fab30 0x7f04680faf50 unknown :-1 s=NONE pgs=0 cs=0 l=0 rev1=0 rx=0 tx=0).connect
2024-02-10T08:58:23.358 INFO:teuthology.orchestra.run.smithi077.stderr:/usr/bin/ceph:
2024-02-10T08:58:23.352+0000 7f0467fff700 1 -- --> [v2:172.21.15.77:3300/0,v1:172.21.15.77:6789/0] -- mon_getmap magic: 0 v1 -- 0x7f04680fb440 con 0x7f04680fab30
2024-02-10T08:58:23.358 INFO:teuthology.orchestra.run.smithi077.stderr:/usr/bin/ceph:
2024-02-10T08:58:23.352+0000 7f0466ffd700 1 --2- >> [v2:172.21.15.77:3300/0,v1:172.21.15.77:6789/0] conn(0x7f04680fab30 0x7f04680faf50 unknown :-1 s=BANNER_CONNECTING pgs=0 cs=0 l=0 rev1=0 rx=0 tx=0)._handle_peer_banner_payload supported=1 required=0
2024-02-10T08:58:23.358 INFO:teuthology.orchestra.run.smithi077.stderr:/usr/bin/ceph:
2024-02-10T08:58:23.352+0000 7f0466ffd700 1 --2- >> [v2:172.21.15.77:3300/0,v1:172.21.15.77:6789/0] conn(0x7f04680fab30 0x7f04680faf50 unknown :-1 s=HELLO_CONNECTING pgs=0 cs=0 l=0 rev1=1 rx=0 tx=0).handle_hello peer v2:172.21.15.77:3300/0 says I am v2:172.21.15.77:46312/0 (socket says 172.21.15.77:46312)
2024-02-10T08:58:23.358 INFO:teuthology.orchestra.run.smithi077.stderr:/usr/bin/ceph:
2024-02-10T08:58:23.352+0000 7f0466ffd700 1 -- 172.21.15.77:0/803895668 learned_addr learned my addr 172.21.15.77:0/803895668 (peer_addr_for_me v2:172.21.15.77:0/0)
2024-02-10T08:58:23.358 INFO:teuthology.orchestra.run.smithi077.stderr:/usr/bin/ceph:
2024-02-10T08:58:23.353+0000 7f0466ffd700 1 -- 172.21.15.77:0/803895668 --> [v2:172.21.15.77:3300/0,v1:172.21.15.77:6789/0] -- mon_subscribe({config=0+,monmap=0+}) v3 -- 0x7f04680fb580 con 0x7f04680fab30
2024-02-10T08:58:23.358 INFO:teuthology.orchestra.run.smithi077.stderr:/usr/bin/ceph:
2024-02-10T08:58:23.353+0000 7f0466ffd700 1 --2- 172.21.15.77:0/803895668 >> [v2:172.21.15.77:3300/0,v1:172.21.15.77:6789/0] conn(0x7f04680fab30 0x7f04680faf50 secure :-1 s=READY pgs=43 cs=0 l=1 rev1=1 rx=0x7f045c00b870 tx=0x7f045c006f70).ready entity=mon.0 client_cookie=2f516de458c7adb server_cookie=0 in_seq=0 out_seq=0
2024-02-10T08:58:23.359 INFO:teuthology.orchestra.run.smithi077.stderr:/usr/bin/ceph:
2024-02-10T08:58:23.353+0000 7f0465ffb700 1 -- 172.21.15.77:0/803895668 <== mon.0 v2:172.21.15.77:3300/0 1 ==== mon_map magic: 0 v1 ==== 229+0+0 (secure 0 0 0) 0x7f045c00da20 con 0x7f04680fab30
2024-02-10T08:58:23.359 INFO:teuthology.orchestra.run.smithi077.stderr:/usr/bin/ceph:
2024-02-10T08:58:23.353+0000 7f0465ffb700 1 -- 172.21.15.77:0/803895668 <== mon.0 v2:172.21.15.77:3300/0 2 ==== config(26 keys) v1 ==== 1045+0+0 (secure 0 0 0) 0x7f045c010470 con 0x7f04680fab30
2024-02-10T08:58:23.359 INFO:teuthology.orchestra.run.smithi077.stderr:/usr/bin/ceph:
2024-02-10T08:58:23.353+0000 7f0465ffb700 1 -- 172.21.15.77:0/803895668 <== mon.0 v2:172.21.15.77:3300/0 3 ==== mon_map magic: 0 v1 ==== 229+0+0 (secure 0 0 0) 0x7f045c00f5b0 con 0x7f04680fab30
2024-02-10T08:58:23.359 INFO:teuthology.orchestra.run.smithi077.stderr:/usr/bin/ceph:
2024-02-10T08:58:23.353+0000 7f0467fff700 1 -- 172.21.15.77:0/803895668 >> [v2:172.21.15.77:3300/0,v1:172.21.15.77:6789/0] conn(0x7f04680fab30 msgr2=0x7f04680faf50 secure :-1 s=STATE_CONNECTION_ESTABLISHED l=1).mark_down
2024-02-10T08:58:23.359 INFO:teuthology.orchestra.run.smithi077.stderr:/usr/bin/ceph:
2024-02-10T08:58:23.353+0000 7f0467fff700 1 --2- 172.21.15.77:0/803895668 >> [v2:172.21.15.77:3300/0,v1:172.21.15.77:6789/0] conn(0x7f04680fab30 0x7f04680faf50 secure :-1 s=READY pgs=43 cs=0 l=1 rev1=1 rx=0x7f045c00b870 tx=0x7f045c006f70).stop
2024-02-10T08:58:23.359 INFO:teuthology.orchestra.run.smithi077.stderr:/usr/bin/ceph:
2024-02-10T08:58:23.354+0000 7f0467fff700 1 -- 172.21.15.77:0/803895668 shutdown_connections
2024-02-10T08:58:23.359 INFO:teuthology.orchestra.run.smithi077.stderr:/usr/bin/ceph:
2024-02-10T08:58:23.354+0000 7f0467fff700 1 --2- 172.21.15.77:0/803895668 >> [v2:172.21.15.77:3300/0,v1:172.21.15.77:6789/0] conn(0x7f04680fab30 0x7f04680faf50 unknown :-1 s=CLOSED pgs=43 cs=0 l=1 rev1=1 rx=0 tx=0).stop
2024-02-10T08:58:23.359 INFO:teuthology.orchestra.run.smithi077.stderr:/usr/bin/ceph:
2024-02-10T08:58:23.354+0000 7f0467fff700 1 -- 172.21.15.77:0/803895668 >> 172.21.15.77:0/803895668 conn(0x7f04680f6390 msgr2=0x7f04680f87b0 unknown :-1 s=STATE_NONE l=0).mark_down
2024-02-10T08:58:23.359 INFO:teuthology.orchestra.run.smithi077.stderr:/usr/bin/ceph:
2024-02-10T08:58:23.354+0000 7f0467fff700 1 -- 172.21.15.77:0/803895668 shutdown_connections
2024-02-10T08:58:23.359 INFO:teuthology.orchestra.run.smithi077.stderr:/usr/bin/ceph:
2024-02-10T08:58:23.354+0000 7f0467fff700 1 -- 172.21.15.77:0/803895668 wait complete.
2024-02-10T08:58:23.359 INFO:teuthology.orchestra.run.smithi077.stderr:/usr/bin/ceph:
2024-02-10T08:58:23.354+0000 7f0467fff700 1 Processor -- start
2024-02-10T08:58:23.359 INFO:teuthology.orchestra.run.smithi077.stderr:/usr/bin/ceph:
2024-02-10T08:58:23.354+0000 7f0467fff700 1 -- start start
2024-02-10T08:58:23.359 INFO:teuthology.orchestra.run.smithi077.stderr:/usr/bin/ceph:
2024-02-10T08:58:23.354+0000 7f0467fff700 1 --2- >> [v2:172.21.15.77:3300/0,v1:172.21.15.77:6789/0] conn(0x7f04680fab30 0x7f0468108750 unknown :-1 s=NONE pgs=0 cs=0 l=1 rev1=0 rx=0 tx=0).connect
2024-02-10T08:58:23.359 INFO:teuthology.orchestra.run.smithi077.stderr:/usr/bin/ceph:
2024-02-10T08:58:23.354+0000 7f0467fff700 1 -- --> [v2:172.21.15.77:3300/0,v1:172.21.15.77:6789/0] -- mon_getmap magic: 0 v1 -- 0x7f0468108c40 con 0x7f04680fab30
2024-02-10T08:58:23.360 INFO:teuthology.orchestra.run.smithi077.stderr:/usr/bin/ceph:
2024-02-10T08:58:23.355+0000 7f0466ffd700 1 --2- >> [v2:172.21.15.77:3300/0,v1:172.21.15.77:6789/0] conn(0x7f04680fab30 0x7f0468108750 unknown :-1 s=BANNER_CONNECTING pgs=0 cs=0 l=1 rev1=0 rx=0 tx=0)._handle_peer_banner_payload supported=1 required=0
2024-02-10T08:58:23.360 INFO:teuthology.orchestra.run.smithi077.stderr:/usr/bin/ceph:
2024-02-10T08:58:23.355+0000 7f0466ffd700 1 --2- >> [v2:172.21.15.77:3300/0,v1:172.21.15.77:6789/0] conn(0x7f04680fab30 0x7f0468108750 unknown :-1 s=HELLO_CONNECTING pgs=0 cs=0 l=1 rev1=1 rx=0 tx=0).handle_hello peer v2:172.21.15.77:3300/0 says I am v2:172.21.15.77:46324/0 (socket says 172.21.15.77:46324)
2024-02-10T08:58:23.360 INFO:teuthology.orchestra.run.smithi077.stderr:/usr/bin/ceph:
2024-02-10T08:58:23.355+0000 7f0466ffd700 1 -- 172.21.15.77:0/1399852146 learned_addr learned my addr 172.21.15.77:0/1399852146 (peer_addr_for_me v2:172.21.15.77:0/0)
2024-02-10T08:58:23.360 INFO:teuthology.orchestra.run.smithi077.stderr:/usr/bin/ceph:
2024-02-10T08:58:23.355+0000 7f0466ffd700 1 -- 172.21.15.77:0/1399852146 --> [v2:172.21.15.77:3300/0,v1:172.21.15.77:6789/0] -- mon_subscribe({config=0+,monmap=0+}) v3 -- 0x7f045c00b480 con 0x7f04680fab30
2024-02-10T08:58:23.360 INFO:teuthology.orchestra.run.smithi077.stderr:/usr/bin/ceph:
2024-02-10T08:58:23.355+0000 7f0466ffd700 1 --2- 172.21.15.77:0/1399852146 >> [v2:172.21.15.77:3300/0,v1:172.21.15.77:6789/0] conn(0x7f04680fab30 0x7f0468108750 secure :-1 s=READY pgs=44 cs=0 l=1 rev1=1 rx=0x7f045c000c00 tx=0x7f045c006f70).ready entity=mon.0 client_cookie=0 server_cookie=0 in_seq=0 out_seq=0
2024-02-10T08:58:23.360 INFO:teuthology.orchestra.run.smithi077.stderr:/usr/bin/ceph:
2024-02-10T08:58:23.355+0000 7f044f7fe700 1 -- 172.21.15.77:0/1399852146 <== mon.0 v2:172.21.15.77:3300/0 1 ==== mon_map magic: 0 v1 ==== 229+0+0 (secure 0 0 0) 0x7f045c0109e0 con 0x7f04680fab30
2024-02-10T08:58:23.360 INFO:teuthology.orchestra.run.smithi077.stderr:/usr/bin/ceph:
2024-02-10T08:58:23.355+0000 7f0467fff700 1 -- 172.21.15.77:0/1399852146 --> [v2:172.21.15.77:3300/0,v1:172.21.15.77:6789/0] -- mon_subscribe({mgrmap=0+}) v3 -- 0x7f0468108e40 con 0x7f04680fab30
2024-02-10T08:58:23.360 INFO:teuthology.orchestra.run.smithi077.stderr:/usr/bin/ceph:
2024-02-10T08:58:23.355+0000 7f044f7fe700 1 -- 172.21.15.77:0/1399852146 <== mon.0 v2:172.21.15.77:3300/0 2 ==== config(26 keys) v1 ==== 1045+0+0 (secure 0 0 0) 0x7f045c00fcb0 con 0x7f04680fab30
2024-02-10T08:58:23.360 INFO:teuthology.orchestra.run.smithi077.stderr:/usr/bin/ceph:
2024-02-10T08:58:23.355+0000 7f044f7fe700 1 -- 172.21.15.77:0/1399852146 <== mon.0 v2:172.21.15.77:3300/0 3 ==== mon_map magic: 0 v1 ==== 229+0+0 (secure 0 0 0) 0x7f045c019cc0 con 0x7f04680fab30
2024-02-10T08:58:23.360 INFO:teuthology.orchestra.run.smithi077.stderr:/usr/bin/ceph:
2024-02-10T08:58:23.355+0000 7f0467fff700 1 -- 172.21.15.77:0/1399852146 --> [v2:172.21.15.77:3300/0,v1:172.21.15.77:6789/0] -- mon_subscribe({osdmap=0}) v3 -- 0x7f04681092d0 con 0x7f04680fab30
2024-02-10T08:58:23.360 INFO:teuthology.orchestra.run.smithi077.stderr:/usr/bin/ceph:
2024-02-10T08:58:23.356+0000 7f044f7fe700 1 -- 172.21.15.77:0/1399852146 <== mon.0 v2:172.21.15.77:3300/0 4 ==== mgrmap(e 8) v1 ==== 36120+0+0 (secure 0 0 0) 0x7f045c016030 con 0x7f04680fab30
2024-02-10T08:58:23.360 INFO:teuthology.orchestra.run.smithi077.stderr:/usr/bin/ceph:
2024-02-10T08:58:23.356+0000 7f0467fff700 1 -- 172.21.15.77:0/1399852146 --> [v2:172.21.15.77:3300/0,v1:172.21.15.77:6789/0] -- mon_command({"prefix": "get_command_descriptions"} v 0) v1 -- 0x7f0468045ad0 con 0x7f04680fab30
2024-02-10T08:58:23.360 INFO:teuthology.orchestra.run.smithi077.stderr:/usr/bin/ceph:
2024-02-10T08:58:23.356+0000 7f044f7fe700 1 --2- 172.21.15.77:0/1399852146 >> [v2:172.21.15.77:6800/2974869056,v1:172.21.15.77:6801/2974869056] conn(0x7f045402fe10 0x7f04540322d0 unknown :-1 s=NONE pgs=0 cs=0 l=1 rev1=0 rx=0 tx=0).connect
2024-02-10T08:58:23.361 INFO:teuthology.orchestra.run.smithi077.stderr:/usr/bin/ceph:
2024-02-10T08:58:23.356+0000 7f044f7fe700 1 -- 172.21.15.77:0/1399852146 <== mon.0 v2:172.21.15.77:3300/0 5 ==== osd_map(2..2 src has 1..2) v4 ==== 926+0+0 (secure 0 0 0) 0x7f045c043ef0 con 0x7f04680fab30
2024-02-10T08:58:23.361 INFO:teuthology.orchestra.run.smithi077.stderr:/usr/bin/ceph:
2024-02-10T08:58:23.356+0000 7f04667fc700 1 --2- 172.21.15.77:0/1399852146 >> [v2:172.21.15.77:6800/2974869056,v1:172.21.15.77:6801/2974869056] conn(0x7f045402fe10 0x7f04540322d0 unknown :-1 s=BANNER_CONNECTING pgs=0 cs=0 l=1 rev1=0 rx=0 tx=0)._handle_peer_banner_payload supported=1 required=0
2024-02-10T08:58:23.361 INFO:teuthology.orchestra.run.smithi077.stderr:/usr/bin/ceph:
2024-02-10T08:58:23.357+0000 7f04667fc700 1 --2- 172.21.15.77:0/1399852146 >> [v2:172.21.15.77:6800/2974869056,v1:172.21.15.77:6801/2974869056] conn(0x7f045402fe10 0x7f04540322d0 secure :-1 s=READY pgs=13 cs=0 l=1 rev1=1 rx=0x7f04580096a0 tx=0x7f0458006b40).ready entity=mgr.14114 client_cookie=0 server_cookie=0 in_seq=0 out_seq=0
2024-02-10T08:58:23.361 INFO:teuthology.orchestra.run.smithi077.stderr:/usr/bin/ceph:
2024-02-10T08:58:23.360+0000 7f044f7fe700 1 -- 172.21.15.77:0/1399852146 <== mon.0 v2:172.21.15.77:3300/0 6 ==== mon_command_ack([{"prefix": "get_command_descriptions"}]=0 v0) v1 ==== 72+0+152212 (secure 0 0 0) 0x7f045c022780 con 0x7f04680fab30
2024-02-10T08:58:23.536 INFO:teuthology.orchestra.run.smithi077.stderr:/usr/bin/ceph:
2024-02-10T08:58:23.535+0000 7f0467fff700 1 -- 172.21.15.77:0/1399852146 --> [v2:172.21.15.77:6800/2974869056,v1:172.21.15.77:6801/2974869056] -- mgr_command(tid 0: {"prefix": "orch apply", "service_type": "crash", "target": ["mon-mgr", ""]}) v1 -- 0x7f0468109bf0 con 0x7f045402fe10
2024-02-10T08:58:23.540 INFO:teuthology.orchestra.run.smithi077.stderr:/usr/bin/ceph:
2024-02-10T08:58:23.539+0000 7f044f7fe700 1 -- 172.21.15.77:0/1399852146 <== mgr.14114 v2:172.21.15.77:6800/2974869056 1 ==== mgr_command_reply(tid 0: 0 ) v1 ==== 8+0+26 (secure 0 0 0) 0x7f0468109bf0 con 0x7f045402fe10
2024-02-10T08:58:23.540 INFO:teuthology.orchestra.run.smithi077.stderr:/usr/bin/ceph: Scheduled crash update...
2024-02-10T08:58:23.542 INFO:teuthology.orchestra.run.smithi077.stderr:/usr/bin/ceph:
2024-02-10T08:58:23.541+0000 7f0467fff700 1 -- 172.21.15.77:0/1399852146 >> [v2:172.21.15.77:6800/2974869056,v1:172.21.15.77:6801/2974869056] conn(0x7f045402fe10 msgr2=0x7f04540322d0 secure :-1 s=STATE_CONNECTION_ESTABLISHED l=1).mark_down
2024-02-10T08:58:23.543 INFO:teuthology.orchestra.run.smithi077.stderr:/usr/bin/ceph:
2024-02-10T08:58:23.541+0000 7f0467fff700 1 --2- 172.21.15.77:0/1399852146 >> [v2:172.21.15.77:6800/2974869056,v1:172.21.15.77:6801/2974869056] conn(0x7f045402fe10 0x7f04540322d0 secure :-1 s=READY pgs=13 cs=0 l=1 rev1=1 rx=0x7f04580096a0 tx=0x7f0458006b40).stop
2024-02-10T08:58:23.543 INFO:teuthology.orchestra.run.smithi077.stderr:/usr/bin/ceph:
2024-02-10T08:58:23.541+0000 7f0467fff700 1 -- 172.21.15.77:0/1399852146 >> [v2:172.21.15.77:3300/0,v1:172.21.15.77:6789/0] conn(0x7f04680fab30 msgr2=0x7f0468108750 secure :-1 s=STATE_CONNECTION_ESTABLISHED l=1).mark_down
2024-02-10T08:58:23.543 INFO:teuthology.orchestra.run.smithi077.stderr:/usr/bin/ceph:
2024-02-10T08:58:23.541+0000 7f0467fff700 1 --2- 172.21.15.77:0/1399852146 >> [v2:172.21.15.77:3300/0,v1:172.21.15.77:6789/0] conn(0x7f04680fab30 0x7f0468108750 secure :-1 s=READY pgs=44 cs=0 l=1 rev1=1 rx=0x7f045c000c00 tx=0x7f045c006f70).stop
2024-02-10T08:58:23.543 INFO:teuthology.orchestra.run.smithi077.stderr:/usr/bin/ceph:
2024-02-10T08:58:23.541+0000 7f0467fff700 1 -- 172.21.15.77:0/1399852146 shutdown_connections
2024-02-10T08:58:23.543 INFO:teuthology.orchestra.run.smithi077.stderr:/usr/bin/ceph:
2024-02-10T08:58:23.541+0000 7f0467fff700 1 --2- 172.21.15.77:0/1399852146 >> [v2:172.21.15.77:6800/2974869056,v1:172.21.15.77:6801/2974869056] conn(0x7f045402fe10 0x7f04540322d0 unknown :-1 s=CLOSED pgs=13 cs=0 l=1 rev1=1 rx=0 tx=0).stop
2024-02-10T08:58:23.543 INFO:teuthology.orchestra.run.smithi077.stderr:/usr/bin/ceph:
2024-02-10T08:58:23.541+0000 7f0467fff700 1 --2- 172.21.15.77:0/1399852146 >> [v2:172.21.15.77:3300/0,v1:172.21.15.77:6789/0] conn(0x7f04680fab30 0x7f0468108750 unknown :-1 s=CLOSED pgs=44 cs=0 l=1 rev1=1 rx=0 tx=0).stop
2024-02-10T08:58:23.543 INFO:teuthology.orchestra.run.smithi077.stderr:/usr/bin/ceph:
2024-02-10T08:58:23.541+0000 7f0467fff700 1 -- 172.21.15.77:0/1399852146 >> 172.21.15.77:0/1399852146 conn(0x7f04680f6390 msgr2=0x7f04680ff8c0 unknown :-1 s=STATE_NONE l=0).mark_down
2024-02-10T08:58:23.543 INFO:teuthology.orchestra.run.smithi077.stderr:/usr/bin/ceph:
2024-02-10T08:58:23.541+0000 7f0467fff700 1 -- 172.21.15.77:0/1399852146 shutdown_connections
2024-02-10T08:58:23.543 INFO:teuthology.orchestra.run.smithi077.stderr:/usr/bin/ceph:
2024-02-10T08:58:23.541+0000 7f0467fff700 1 -- 172.21.15.77:0/1399852146 wait complete.
2024-02-10T08:58:23.564 INFO:journalctl@ceph.mon.smithi077.smithi077.stdout:Feb 10 08:58:23 smithi077 ceph-6081b54a-c7f2-11ee-95b8-87774f69a715-mon.smithi077[39443]: audit
2024-02-10T08:58:22.154289+0000 mgr.smithi077.dxntvw (mgr.14114) 12 : audit [DBG] from='client.14136 -' entity='client.admin' cmd=[{"prefix": "orch apply", "service_type": "mgr", "target": ["mon-mgr", ""]}]: dispatch
2024-02-10T08:58:23.564 INFO:journalctl@ceph.mon.smithi077.smithi077.stdout:Feb 10 08:58:23 smithi077 ceph-6081b54a-c7f2-11ee-95b8-87774f69a715-mon.smithi077[39443]: cephadm
2024-02-10T08:58:22.154849+0000 mgr.smithi077.dxntvw (mgr.14114) 13 : cephadm [INF] Saving service mgr spec with placement count:2
2024-02-10T08:58:23.564 INFO:journalctl@ceph.mon.smithi077.smithi077.stdout:Feb 10 08:58:23 smithi077 ceph-6081b54a-c7f2-11ee-95b8-87774f69a715-mon.smithi077[39443]: audit
2024-02-10T08:58:22.156974+0000 mon.smithi077 (mon.0) 57 : audit [INF] from='mgr.14114 172.21.15.77:0/2499169851' entity='mgr.smithi077.dxntvw'
2024-02-10T08:58:24.186 INFO:teuthology.orchestra.run.smithi077.stderr:Enabling mgr prometheus module...
2024-02-10T08:58:24.186 INFO:teuthology.orchestra.run.smithi077.stderr:Running command: /bin/podman run --rm --ipc=host --no-hosts --net=host --entrypoint /usr/bin/ceph --init -e CONTAINER_IMAGE=docker.io/ceph/ceph:v16.2.4 -e NODE_NAME=smithi077 -e CEPH_USE_RANDOM_NONCE=1 -v /var/log/ceph/6081b54a-c7f2-11ee-95b8-87774f69a715:/var/log/ceph:z -v /tmp/ceph-tmpzzyygg7o:/etc/ceph/ceph.client.admin.keyring:z -v /tmp/ceph-tmpx5m65_qh:/etc/ceph/ceph.conf:z docker.io/ceph/ceph:v16.2.4 mgr module enable prometheus
2024-02-10T08:58:24.746 INFO:teuthology.orchestra.run.smithi077.stderr:/usr/bin/ceph:
2024-02-10T08:58:24.744+0000 7f5b043b1700 1 Processor -- start
2024-02-10T08:58:24.747 INFO:teuthology.orchestra.run.smithi077.stderr:/usr/bin/ceph:
2024-02-10T08:58:24.744+0000 7f5b043b1700 1 -- start start
2024-02-10T08:58:24.747 INFO:teuthology.orchestra.run.smithi077.stderr:/usr/bin/ceph:
2024-02-10T08:58:24.744+0000 7f5b043b1700 1 --2- >> [v2:172.21.15.77:3300/0,v1:172.21.15.77:6789/0] conn(0x7f5afc0fbea0 0x7f5afc0fc2c0 unknown :-1 s=NONE pgs=0 cs=0 l=0 rev1=0 rx=0 tx=0).connect
2024-02-10T08:58:24.747 INFO:teuthology.orchestra.run.smithi077.stderr:/usr/bin/ceph:
2024-02-10T08:58:24.744+0000 7f5b043b1700 1 -- --> [v2:172.21.15.77:3300/0,v1:172.21.15.77:6789/0] -- mon_getmap magic: 0 v1 -- 0x7f5afc0fc7b0 con 0x7f5afc0fbea0
2024-02-10T08:58:24.747 INFO:teuthology.orchestra.run.smithi077.stderr:/usr/bin/ceph:
2024-02-10T08:58:24.745+0000 7f5b0214d700 1 --2- >> [v2:172.21.15.77:3300/0,v1:172.21.15.77:6789/0] conn(0x7f5afc0fbea0 0x7f5afc0fc2c0 unknown :-1 s=BANNER_CONNECTING pgs=0 cs=0 l=0 rev1=0 rx=0 tx=0)._handle_peer_banner_payload supported=1 required=0
2024-02-10T08:58:24.747 INFO:teuthology.orchestra.run.smithi077.stderr:/usr/bin/ceph:
2024-02-10T08:58:24.745+0000 7f5b0214d700 1 --2- >> [v2:172.21.15.77:3300/0,v1:172.21.15.77:6789/0] conn(0x7f5afc0fbea0 0x7f5afc0fc2c0 unknown :-1 s=HELLO_CONNECTING pgs=0 cs=0 l=0 rev1=1 rx=0 tx=0).handle_hello peer v2:172.21.15.77:3300/0 says I am v2:172.21.15.77:46340/0 (socket says 172.21.15.77:46340)
2024-02-10T08:58:24.747 INFO:teuthology.orchestra.run.smithi077.stderr:/usr/bin/ceph:
2024-02-10T08:58:24.745+0000 7f5b0214d700 1 -- 172.21.15.77:0/4204965639 learned_addr learned my addr 172.21.15.77:0/4204965639 (peer_addr_for_me v2:172.21.15.77:0/0)
2024-02-10T08:58:24.747 INFO:teuthology.orchestra.run.smithi077.stderr:/usr/bin/ceph:
2024-02-10T08:58:24.745+0000 7f5b0214d700 1 -- 172.21.15.77:0/4204965639 --> [v2:172.21.15.77:3300/0,v1:172.21.15.77:6789/0] -- mon_subscribe({config=0+,monmap=0+}) v3 -- 0x7f5afc0fc8f0 con 0x7f5afc0fbea0
2024-02-10T08:58:24.747 INFO:teuthology.orchestra.run.smithi077.stderr:/usr/bin/ceph:
2024-02-10T08:58:24.745+0000 7f5b0214d700 1 --2- 172.21.15.77:0/4204965639 >> [v2:172.21.15.77:3300/0,v1:172.21.15.77:6789/0] conn(0x7f5afc0fbea0 0x7f5afc0fc2c0 secure :-1 s=READY pgs=45 cs=0 l=1 rev1=1 rx=0x7f5aec00b5f0 tx=0x7f5aec006ee0).ready entity=mon.0 client_cookie=839f16817483187d server_cookie=0 in_seq=0 out_seq=0
2024-02-10T08:58:24.747 INFO:teuthology.orchestra.run.smithi077.stderr:/usr/bin/ceph:
2024-02-10T08:58:24.745+0000 7f5b0114b700 1 -- 172.21.15.77:0/4204965639 <== mon.0 v2:172.21.15.77:3300/0 1 ==== mon_map magic: 0 v1 ==== 229+0+0 (secure 0 0 0) 0x7f5aec00d600 con 0x7f5afc0fbea0
2024-02-10T08:58:24.747 INFO:teuthology.orchestra.run.smithi077.stderr:/usr/bin/ceph:
2024-02-10T08:58:24.745+0000 7f5b0114b700 1 -- 172.21.15.77:0/4204965639 <== mon.0 v2:172.21.15.77:3300/0 2 ==== config(26 keys) v1 ==== 1045+0+0 (secure 0 0 0) 0x7f5aec00dbf0 con 0x7f5afc0fbea0
2024-02-10T08:58:24.747 INFO:teuthology.orchestra.run.smithi077.stderr:/usr/bin/ceph:
2024-02-10T08:58:24.745+0000 7f5b0114b700 1 -- 172.21.15.77:0/4204965639 <== mon.0 v2:172.21.15.77:3300/0 3 ==== mon_map magic: 0 v1 ==== 229+0+0 (secure 0 0 0) 0x7f5aec011cb0 con 0x7f5afc0fbea0
2024-02-10T08:58:24.750 INFO:teuthology.orchestra.run.smithi077.stderr:/usr/bin/ceph:
2024-02-10T08:58:24.746+0000 7f5b043b1700 1 -- 172.21.15.77:0/4204965639 >> [v2:172.21.15.77:3300/0,v1:172.21.15.77:6789/0] conn(0x7f5afc0fbea0 msgr2=0x7f5afc0fc2c0 secure :-1 s=STATE_CONNECTION_ESTABLISHED l=1).mark_down
2024-02-10T08:58:24.750 INFO:teuthology.orchestra.run.smithi077.stderr:/usr/bin/ceph:
2024-02-10T08:58:24.746+0000 7f5b043b1700 1 --2- 172.21.15.77:0/4204965639 >> [v2:172.21.15.77:3300/0,v1:172.21.15.77:6789/0] conn(0x7f5afc0fbea0 0x7f5afc0fc2c0 secure :-1 s=READY pgs=45 cs=0 l=1 rev1=1 rx=0x7f5aec00b5f0 tx=0x7f5aec006ee0).stop
2024-02-10T08:58:24.750 INFO:teuthology.orchestra.run.smithi077.stderr:/usr/bin/ceph:
2024-02-10T08:58:24.746+0000 7f5b043b1700 1 -- 172.21.15.77:0/4204965639 shutdown_connections
2024-02-10T08:58:24.750 INFO:teuthology.orchestra.run.smithi077.stderr:/usr/bin/ceph:
2024-02-10T08:58:24.746+0000 7f5b043b1700 1 --2- 172.21.15.77:0/4204965639 >> [v2:172.21.15.77:3300/0,v1:172.21.15.77:6789/0] conn(0x7f5afc0fbea0 0x7f5afc0fc2c0 unknown :-1 s=CLOSED pgs=45 cs=0 l=1 rev1=1 rx=0 tx=0).stop
2024-02-10T08:58:24.751 INFO:teuthology.orchestra.run.smithi077.stderr:/usr/bin/ceph:
2024-02-10T08:58:24.746+0000 7f5b043b1700 1 -- 172.21.15.77:0/4204965639 >> 172.21.15.77:0/4204965639 conn(0x7f5afc0f76a0 msgr2=0x7f5afc0f9ac0 unknown :-1 s=STATE_NONE l=0).mark_down
2024-02-10T08:58:24.751 INFO:teuthology.orchestra.run.smithi077.stderr:/usr/bin/ceph:
2024-02-10T08:58:24.746+0000 7f5b043b1700 1 -- 172.21.15.77:0/4204965639 shutdown_connections
2024-02-10T08:58:24.751 INFO:teuthology.orchestra.run.smithi077.stderr:/usr/bin/ceph:
2024-02-10T08:58:24.746+0000 7f5b043b1700 1 -- 172.21.15.77:0/4204965639 wait complete.
2024-02-10T08:58:24.751 INFO:teuthology.orchestra.run.smithi077.stderr:/usr/bin/ceph:
2024-02-10T08:58:24.747+0000 7f5b043b1700 1 Processor -- start
2024-02-10T08:58:24.751 INFO:teuthology.orchestra.run.smithi077.stderr:/usr/bin/ceph:
2024-02-10T08:58:24.747+0000 7f5b043b1700 1 -- start start
2024-02-10T08:58:24.751 INFO:teuthology.orchestra.run.smithi077.stderr:/usr/bin/ceph:
2024-02-10T08:58:24.747+0000 7f5b043b1700 1 --2- >> [v2:172.21.15.77:3300/0,v1:172.21.15.77:6789/0] conn(0x7f5afc0fbea0 0x7f5afc10abc0 unknown :-1 s=NONE pgs=0 cs=0 l=1 rev1=0 rx=0 tx=0).connect
2024-02-10T08:58:24.751 INFO:teuthology.orchestra.run.smithi077.stderr:/usr/bin/ceph:
2024-02-10T08:58:24.747+0000 7f5b043b1700 1 -- --> [v2:172.21.15.77:3300/0,v1:172.21.15.77:6789/0] -- mon_getmap magic: 0 v1 -- 0x7f5afc10b0b0 con 0x7f5afc0fbea0
2024-02-10T08:58:24.751 INFO:teuthology.orchestra.run.smithi077.stderr:/usr/bin/ceph:
2024-02-10T08:58:24.747+0000 7f5b0214d700 1 --2- >> [v2:172.21.15.77:3300/0,v1:172.21.15.77:6789/0] conn(0x7f5afc0fbea0 0x7f5afc10abc0 unknown :-1 s=BANNER_CONNECTING pgs=0 cs=0 l=1 rev1=0 rx=0 tx=0)._handle_peer_banner_payload supported=1 required=0
2024-02-10T08:58:24.751 INFO:teuthology.orchestra.run.smithi077.stderr:/usr/bin/ceph:
2024-02-10T08:58:24.747+0000 7f5b0214d700 1 --2- >> [v2:172.21.15.77:3300/0,v1:172.21.15.77:6789/0] conn(0x7f5afc0fbea0 0x7f5afc10abc0 unknown :-1 s=HELLO_CONNECTING pgs=0 cs=0 l=1 rev1=1 rx=0 tx=0).handle_hello peer v2:172.21.15.77:3300/0 says I am v2:172.21.15.77:46352/0 (socket says 172.21.15.77:46352)
2024-02-10T08:58:24.751 INFO:teuthology.orchestra.run.smithi077.stderr:/usr/bin/ceph:
2024-02-10T08:58:24.747+0000 7f5b0214d700 1 -- 172.21.15.77:0/303995531 learned_addr learned my addr 172.21.15.77:0/303995531 (peer_addr_for_me v2:172.21.15.77:0/0)
2024-02-10T08:58:24.751 INFO:teuthology.orchestra.run.smithi077.stderr:/usr/bin/ceph:
2024-02-10T08:58:24.747+0000 7f5b0214d700 1 -- 172.21.15.77:0/303995531 --> [v2:172.21.15.77:3300/0,v1:172.21.15.77:6789/0] -- mon_subscribe({config=0+,monmap=0+}) v3 -- 0x7f5aec00b200 con 0x7f5afc0fbea0
2024-02-10T08:58:24.751 INFO:teuthology.orchestra.run.smithi077.stderr:/usr/bin/ceph:
2024-02-10T08:58:24.747+0000 7f5b0214d700 1 --2- 172.21.15.77:0/303995531 >> [v2:172.21.15.77:3300/0,v1:172.21.15.77:6789/0] conn(0x7f5afc0fbea0 0x7f5afc10abc0 secure :-1 s=READY pgs=46 cs=0 l=1 rev1=1 rx=0x7f5aec002f40 tx=0x7f5aec006ee0).ready entity=mon.0 client_cookie=0 server_cookie=0 in_seq=0 out_seq=0
2024-02-10T08:58:24.751 INFO:teuthology.orchestra.run.smithi077.stderr:/usr/bin/ceph:
2024-02-10T08:58:24.747+0000 7f5aeaffd700 1 -- 172.21.15.77:0/303995531 <== mon.0 v2:172.21.15.77:3300/0 1 ==== mon_map magic: 0 v1 ==== 229+0+0 (secure 0 0 0) 0x7f5aec01b410 con 0x7f5afc0fbea0
2024-02-10T08:58:24.752 INFO:teuthology.orchestra.run.smithi077.stderr:/usr/bin/ceph:
2024-02-10T08:58:24.747+0000 7f5b043b1700 1 -- 172.21.15.77:0/303995531 --> [v2:172.21.15.77:3300/0,v1:172.21.15.77:6789/0] -- mon_subscribe({mgrmap=0+}) v3 -- 0x7f5afc10b2b0 con 0x7f5afc0fbea0
2024-02-10T08:58:24.752 INFO:teuthology.orchestra.run.smithi077.stderr:/usr/bin/ceph:
2024-02-10T08:58:24.747+0000 7f5aeaffd700 1 -- 172.21.15.77:0/303995531 <== mon.0 v2:172.21.15.77:3300/0 2 ==== config(26 keys) v1 ==== 1045+0+0 (secure 0 0 0) 0x7f5aec01ba00 con 0x7f5afc0fbea0
2024-02-10T08:58:24.752 INFO:teuthology.orchestra.run.smithi077.stderr:/usr/bin/ceph:
2024-02-10T08:58:24.747+0000 7f5aeaffd700 1 -- 172.21.15.77:0/303995531 <== mon.0 v2:172.21.15.77:3300/0 3 ==== mon_map magic: 0 v1 ==== 229+0+0 (secure 0 0 0) 0x7f5aec01a980 con 0x7f5afc0fbea0
2024-02-10T08:58:24.752 INFO:teuthology.orchestra.run.smithi077.stderr:/usr/bin/ceph:
2024-02-10T08:58:24.747+0000 7f5b043b1700 1 -- 172.21.15.77:0/303995531 --> [v2:172.21.15.77:3300/0,v1:172.21.15.77:6789/0] -- mon_subscribe({osdmap=0}) v3 -- 0x7f5afc10b740 con 0x7f5afc0fbea0
2024-02-10T08:58:24.752 INFO:teuthology.orchestra.run.smithi077.stderr:/usr/bin/ceph:
2024-02-10T08:58:24.748+0000 7f5aeaffd700 1 -- 172.21.15.77:0/303995531 <== mon.0 v2:172.21.15.77:3300/0 4 ==== mgrmap(e 8) v1 ==== 36120+0+0 (secure 0 0 0) 0x7f5aec00f070 con 0x7f5afc0fbea0
2024-02-10T08:58:24.752 INFO:teuthology.orchestra.run.smithi077.stderr:/usr/bin/ceph:
2024-02-10T08:58:24.748+0000 7f5b043b1700 1 -- 172.21.15.77:0/303995531 --> [v2:172.21.15.77:3300/0,v1:172.21.15.77:6789/0] -- mon_command({"prefix": "get_command_descriptions"} v 0) v1 -- 0x7f5afc045ad0 con 0x7f5afc0fbea0
2024-02-10T08:58:24.752 INFO:teuthology.orchestra.run.smithi077.stderr:/usr/bin/ceph:
2024-02-10T08:58:24.749+0000 7f5aeaffd700 1 --2- 172.21.15.77:0/303995531 >> [v2:172.21.15.77:6800/2974869056,v1:172.21.15.77:6801/2974869056] conn(0x7f5ae402fe10 0x7f5ae40322d0 unknown :-1 s=NONE pgs=0 cs=0 l=1 rev1=0 rx=0 tx=0).connect
2024-02-10T08:58:24.752 INFO:teuthology.orchestra.run.smithi077.stderr:/usr/bin/ceph:
2024-02-10T08:58:24.749+0000 7f5aeaffd700 1 -- 172.21.15.77:0/303995531 <== mon.0 v2:172.21.15.77:3300/0 5 ==== osd_map(2..2 src has 1..2) v4 ==== 926+0+0 (secure 0 0 0) 0x7f5aec041420 con 0x7f5afc0fbea0
2024-02-10T08:58:24.752 INFO:teuthology.orchestra.run.smithi077.stderr:/usr/bin/ceph:
2024-02-10T08:58:24.749+0000 7f5b0194c700 1 --2- 172.21.15.77:0/303995531 >> [v2:172.21.15.77:6800/2974869056,v1:172.21.15.77:6801/2974869056] conn(0x7f5ae402fe10 0x7f5ae40322d0 unknown :-1 s=BANNER_CONNECTING pgs=0 cs=0 l=1 rev1=0 rx=0 tx=0)._handle_peer_banner_payload supported=1 required=0
2024-02-10T08:58:24.752 INFO:teuthology.orchestra.run.smithi077.stderr:/usr/bin/ceph:
2024-02-10T08:58:24.749+0000 7f5b0194c700 1 --2- 172.21.15.77:0/303995531 >> [v2:172.21.15.77:6800/2974869056,v1:172.21.15.77:6801/2974869056] conn(0x7f5ae402fe10 0x7f5ae40322d0 secure :-1 s=READY pgs=14 cs=0 l=1 rev1=1 rx=0x7f5af80096a0 tx=0x7f5af8006b40).ready entity=mgr.14114 client_cookie=0 server_cookie=0 in_seq=0 out_seq=0
2024-02-10T08:58:24.754 INFO:teuthology.orchestra.run.smithi077.stderr:/usr/bin/ceph:
2024-02-10T08:58:24.753+0000 7f5aeaffd700 1 -- 172.21.15.77:0/303995531 <== mon.0 v2:172.21.15.77:3300/0 6 ==== mon_command_ack([{"prefix": "get_command_descriptions"}]=0 v0) v1 ==== 72+0+152212 (secure 0 0 0) 0x7f5aec022310 con 0x7f5afc0fbea0
2024-02-10T08:58:24.898 INFO:journalctl@ceph.mon.smithi077.smithi077.stdout:Feb 10 08:58:24 smithi077 ceph-6081b54a-c7f2-11ee-95b8-87774f69a715-mon.smithi077[39443]: audit
2024-02-10T08:58:23.537240+0000 mgr.smithi077.dxntvw (mgr.14114) 14 : audit [DBG] from='client.14138 -' entity='client.admin' cmd=[{"prefix": "orch apply", "service_type": "crash", "target": ["mon-mgr", ""]}]: dispatch
2024-02-10T08:58:24.899 INFO:journalctl@ceph.mon.smithi077.smithi077.stdout:Feb 10 08:58:24 smithi077 ceph-6081b54a-c7f2-11ee-95b8-87774f69a715-mon.smithi077[39443]: cephadm
2024-02-10T08:58:23.537929+0000 mgr.smithi077.dxntvw (mgr.14114) 15 : cephadm [INF] Saving service crash spec with placement *
2024-02-10T08:58:24.899 INFO:journalctl@ceph.mon.smithi077.smithi077.stdout:Feb 10 08:58:24 smithi077 ceph-6081b54a-c7f2-11ee-95b8-87774f69a715-mon.smithi077[39443]: audit
2024-02-10T08:58:23.540121+0000 mon.smithi077 (mon.0) 58 : audit [INF] from='mgr.14114 172.21.15.77:0/2499169851' entity='mgr.smithi077.dxntvw'
2024-02-10T08:58:24.941 INFO:teuthology.orchestra.run.smithi077.stderr:/usr/bin/ceph:
2024-02-10T08:58:24.939+0000 7f5b043b1700 1 -- 172.21.15.77:0/303995531 --> [v2:172.21.15.77:3300/0,v1:172.21.15.77:6789/0] -- mon_command({"prefix": "mgr module enable", "module": "prometheus"} v 0) v1 -- 0x7f5afc0fdc00 con 0x7f5afc0fbea0
2024-02-10T08:58:25.544 INFO:teuthology.orchestra.run.smithi077.stderr:/usr/bin/ceph:
2024-02-10T08:58:25.542+0000 7f5aeaffd700 1 -- 172.21.15.77:0/303995531 <== mon.0 v2:172.21.15.77:3300/0 7 ==== mgrmap(e 9) v1 ==== 36134+0+0 (secure 0 0 0) 0x7f5aec01aae0 con 0x7f5afc0fbea0
2024-02-10T08:58:25.545 INFO:teuthology.orchestra.run.smithi077.stderr:/usr/bin/ceph:
2024-02-10T08:58:25.544+0000 7f5aeaffd700 1 -- 172.21.15.77:0/303995531 <== mon.0 v2:172.21.15.77:3300/0 8 ==== mon_command_ack([{"prefix": "mgr module enable", "module": "prometheus"}]=0 v9) v1 ==== 89+0+0 (secure 0 0 0) 0x7f5aec0249d0 con 0x7f5afc0fbea0
2024-02-10T08:58:25.548 INFO:teuthology.orchestra.run.smithi077.stderr:/usr/bin/ceph:
2024-02-10T08:58:25.546+0000 7f5b043b1700 1 -- 172.21.15.77:0/303995531 >> [v2:172.21.15.77:6800/2974869056,v1:172.21.15.77:6801/2974869056] conn(0x7f5ae402fe10 msgr2=0x7f5ae40322d0 secure :-1 s=STATE_CONNECTION_ESTABLISHED l=1).mark_down
2024-02-10T08:58:25.548 INFO:teuthology.orchestra.run.smithi077.stderr:/usr/bin/ceph:
2024-02-10T08:58:25.546+0000 7f5b043b1700 1 --2- 172.21.15.77:0/303995531 >> [v2:172.21.15.77:6800/2974869056,v1:172.21.15.77:6801/2974869056] conn(0x7f5ae402fe10 0x7f5ae40322d0 secure :-1 s=READY pgs=14 cs=0 l=1 rev1=1 rx=0x7f5af80096a0 tx=0x7f5af8006b40).stop
2024-02-10T08:58:25.548 INFO:teuthology.orchestra.run.smithi077.stderr:/usr/bin/ceph:
2024-02-10T08:58:25.546+0000 7f5b043b1700 1 -- 172.21.15.77:0/303995531 >> [v2:172.21.15.77:3300/0,v1:172.21.15.77:6789/0] conn(0x7f5afc0fbea0 msgr2=0x7f5afc10abc0 secure :-1 s=STATE_CONNECTION_ESTABLISHED l=1).mark_down
2024-02-10T08:58:25.548 INFO:teuthology.orchestra.run.smithi077.stderr:/usr/bin/ceph:
2024-02-10T08:58:25.546+0000 7f5b043b1700 1 --2- 172.21.15.77:0/303995531 >> [v2:172.21.15.77:3300/0,v1:172.21.15.77:6789/0] conn(0x7f5afc0fbea0 0x7f5afc10abc0 secure :-1 s=READY pgs=46 cs=0 l=1 rev1=1 rx=0x7f5aec002f40 tx=0x7f5aec006ee0).stop
2024-02-10T08:58:25.548 INFO:teuthology.orchestra.run.smithi077.stderr:/usr/bin/ceph:
2024-02-10T08:58:25.546+0000 7f5b043b1700 1 -- 172.21.15.77:0/303995531 shutdown_connections
2024-02-10T08:58:25.548 INFO:teuthology.orchestra.run.smithi077.stderr:/usr/bin/ceph:
2024-02-10T08:58:25.546+0000 7f5b043b1700 1 --2- 172.21.15.77:0/303995531 >> [v2:172.21.15.77:6800/2974869056,v1:172.21.15.77:6801/2974869056] conn(0x7f5ae402fe10 0x7f5ae40322d0 unknown :-1 s=CLOSED pgs=14 cs=0 l=1 rev1=1 rx=0 tx=0).stop
2024-02-10T08:58:25.548 INFO:teuthology.orchestra.run.smithi077.stderr:/usr/bin/ceph:
2024-02-10T08:58:25.546+0000 7f5b043b1700 1 --2- 172.21.15.77:0/303995531 >> [v2:172.21.15.77:3300/0,v1:172.21.15.77:6789/0] conn(0x7f5afc0fbea0 0x7f5afc10abc0 unknown :-1 s=CLOSED pgs=46 cs=0 l=1 rev1=1 rx=0 tx=0).stop
2024-02-10T08:58:25.549 INFO:teuthology.orchestra.run.smithi077.stderr:/usr/bin/ceph:
2024-02-10T08:58:25.546+0000 7f5b043b1700 1 -- 172.21.15.77:0/303995531 >> 172.21.15.77:0/303995531 conn(0x7f5afc0f76a0 msgr2=0x7f5afc0f9020 unknown :-1 s=STATE_NONE l=0).mark_down
2024-02-10T08:58:25.549 INFO:teuthology.orchestra.run.smithi077.stderr:/usr/bin/ceph:
2024-02-10T08:58:25.546+0000 7f5b043b1700 1 -- 172.21.15.77:0/303995531 shutdown_connections
2024-02-10T08:58:25.549 INFO:teuthology.orchestra.run.smithi077.stderr:/usr/bin/ceph:
2024-02-10T08:58:25.546+0000 7f5b043b1700 1 -- 172.21.15.77:0/303995531 wait complete.
2024-02-10T08:58:25.899 INFO:journalctl@ceph.mon.smithi077.smithi077.stdout:Feb 10 08:58:25 smithi077 ceph-6081b54a-c7f2-11ee-95b8-87774f69a715-mon.smithi077[39443]: audit
2024-02-10T08:58:24.941481+0000 mon.smithi077 (mon.0) 59 : audit [INF] from='client.? 172.21.15.77:0/303995531' entity='client.admin' cmd=[{"prefix": "mgr module enable", "module": "prometheus"}]: dispatch
2024-02-10T08:58:26.226 INFO:teuthology.orchestra.run.smithi077.stderr:Deploying prometheus service with default placement...
2024-02-10T08:58:26.226 INFO:teuthology.orchestra.run.smithi077.stderr:Running command: /bin/podman run --rm --ipc=host --no-hosts --net=host --entrypoint /usr/bin/ceph --init -e CONTAINER_IMAGE=docker.io/ceph/ceph:v16.2.4 -e NODE_NAME=smithi077 -e CEPH_USE_RANDOM_NONCE=1 -v /var/log/ceph/6081b54a-c7f2-11ee-95b8-87774f69a715:/var/log/ceph:z -v /tmp/ceph-tmpzzyygg7o:/etc/ceph/ceph.client.admin.keyring:z -v /tmp/ceph-tmpx5m65_qh:/etc/ceph/ceph.conf:z docker.io/ceph/ceph:v16.2.4 orch apply prometheus
2024-02-10T08:58:26.755 INFO:teuthology.orchestra.run.smithi077.stderr:/usr/bin/ceph:
2024-02-10T08:58:26.752+0000 7fd051447700 1 Processor -- start
2024-02-10T08:58:26.755 INFO:teuthology.orchestra.run.smithi077.stderr:/usr/bin/ceph:
2024-02-10T08:58:26.752+0000 7fd051447700 1 -- start start
2024-02-10T08:58:26.755 INFO:teuthology.orchestra.run.smithi077.stderr:/usr/bin/ceph:
2024-02-10T08:58:26.752+0000 7fd051447700 1 --2- >> [v2:172.21.15.77:3300/0,v1:172.21.15.77:6789/0] conn(0x7fd04c0fbea0 0x7fd04c0fc2c0 unknown :-1 s=NONE pgs=0 cs=0 l=0 rev1=0 rx=0 tx=0).connect
2024-02-10T08:58:26.755 INFO:teuthology.orchestra.run.smithi077.stderr:/usr/bin/ceph:
2024-02-10T08:58:26.752+0000 7fd051447700 1 -- --> [v2:172.21.15.77:3300/0,v1:172.21.15.77:6789/0] -- mon_getmap magic: 0 v1 -- 0x7fd04c0fc7b0 con 0x7fd04c0fbea0
2024-02-10T08:58:26.755 INFO:teuthology.orchestra.run.smithi077.stderr:/usr/bin/ceph:
2024-02-10T08:58:26.752+0000 7fd04affd700 1 --2- >> [v2:172.21.15.77:3300/0,v1:172.21.15.77:6789/0] conn(0x7fd04c0fbea0 0x7fd04c0fc2c0 unknown :-1 s=BANNER_CONNECTING pgs=0 cs=0 l=0 rev1=0 rx=0 tx=0)._handle_peer_banner_payload supported=1 required=0
2024-02-10T08:58:26.755 INFO:teuthology.orchestra.run.smithi077.stderr:/usr/bin/ceph:
2024-02-10T08:58:26.752+0000 7fd04affd700 1 --2- >> [v2:172.21.15.77:3300/0,v1:172.21.15.77:6789/0] conn(0x7fd04c0fbea0 0x7fd04c0fc2c0 unknown :-1 s=HELLO_CONNECTING pgs=0 cs=0 l=0 rev1=1 rx=0 tx=0).handle_hello peer v2:172.21.15.77:3300/0 says I am v2:172.21.15.77:46376/0 (socket says 172.21.15.77:46376)
2024-02-10T08:58:26.755 INFO:teuthology.orchestra.run.smithi077.stderr:/usr/bin/ceph:
2024-02-10T08:58:26.752+0000 7fd04affd700 1 -- 172.21.15.77:0/1522496217 learned_addr learned my addr 172.21.15.77:0/1522496217 (peer_addr_for_me v2:172.21.15.77:0/0)
2024-02-10T08:58:26.755 INFO:teuthology.orchestra.run.smithi077.stderr:/usr/bin/ceph:
