2024-02-10T09:14:21.477 INFO:teuthology.orchestra.run.smithi076.stderr:/usr/bin/ceph:
2024-02-10T09:14:21.471+0000 7fe20a15a700 1 -- 172.21.15.76:0/1860082964 >> 172.21.15.76:0/1860082964 conn(0x7fe2040f6530 msgr2=0x7fe2040f8950 unknown :-1 s=STATE_NONE l=0).mark_down
2024-02-10T09:14:21.477 INFO:teuthology.orchestra.run.smithi076.stderr:/usr/bin/ceph:
2024-02-10T09:14:21.471+0000 7fe20a15a700 1 -- 172.21.15.76:0/1860082964 shutdown_connections
2024-02-10T09:14:21.477 INFO:teuthology.orchestra.run.smithi076.stderr:/usr/bin/ceph:
2024-02-10T09:14:21.471+0000 7fe20a15a700 1 -- 172.21.15.76:0/1860082964 wait complete.
2024-02-10T09:14:21.477 INFO:teuthology.orchestra.run.smithi076.stderr:/usr/bin/ceph:
2024-02-10T09:14:21.472+0000 7fe20a15a700 1 Processor -- start
2024-02-10T09:14:21.477 INFO:teuthology.orchestra.run.smithi076.stderr:/usr/bin/ceph:
2024-02-10T09:14:21.472+0000 7fe20a15a700 1 -- start start
2024-02-10T09:14:21.477 INFO:teuthology.orchestra.run.smithi076.stderr:/usr/bin/ceph:
2024-02-10T09:14:21.472+0000 7fe20a15a700 1 --2- >> [v2:172.21.15.76:3300/0,v1:172.21.15.76:6789/0] conn(0x7fe2040fad90 0x7fe20410cd80 unknown :-1 s=NONE pgs=0 cs=0 l=1 rev1=0 rx=0 tx=0).connect
2024-02-10T09:14:21.477 INFO:teuthology.orchestra.run.smithi076.stderr:/usr/bin/ceph:
2024-02-10T09:14:21.472+0000 7fe20a15a700 1 -- --> [v2:172.21.15.76:3300/0,v1:172.21.15.76:6789/0] -- mon_getmap magic: 0 v1 -- 0x7fe20410d270 con 0x7fe2040fad90
2024-02-10T09:14:21.477 INFO:teuthology.orchestra.run.smithi076.stderr:/usr/bin/ceph:
2024-02-10T09:14:21.472+0000 7fe2037fe700 1 --2- >> [v2:172.21.15.76:3300/0,v1:172.21.15.76:6789/0] conn(0x7fe2040fad90 0x7fe20410cd80 unknown :-1 s=BANNER_CONNECTING pgs=0 cs=0 l=1 rev1=0 rx=0 tx=0)._handle_peer_banner_payload supported=1 required=0
2024-02-10T09:14:21.477 INFO:teuthology.orchestra.run.smithi076.stderr:/usr/bin/ceph:
2024-02-10T09:14:21.472+0000 7fe2037fe700 1 --2- >> [v2:172.21.15.76:3300/0,v1:172.21.15.76:6789/0] conn(0x7fe2040fad90 0x7fe20410cd80 unknown :-1 s=HELLO_CONNECTING pgs=0 cs=0 l=1 rev1=1 rx=0 tx=0).handle_hello peer v2:172.21.15.76:3300/0 says I am v2:172.21.15.76:57540/0 (socket says 172.21.15.76:57540)
2024-02-10T09:14:21.477 INFO:teuthology.orchestra.run.smithi076.stderr:/usr/bin/ceph:
2024-02-10T09:14:21.472+0000 7fe2037fe700 1 -- 172.21.15.76:0/2267520308 learned_addr learned my addr 172.21.15.76:0/2267520308 (peer_addr_for_me v2:172.21.15.76:0/0)
2024-02-10T09:14:21.477 INFO:teuthology.orchestra.run.smithi076.stderr:/usr/bin/ceph:
2024-02-10T09:14:21.472+0000 7fe2037fe700 1 -- 172.21.15.76:0/2267520308 --> [v2:172.21.15.76:3300/0,v1:172.21.15.76:6789/0] -- mon_subscribe({config=0+,monmap=0+}) v3 -- 0x7fe1f400b480 con 0x7fe2040fad90
2024-02-10T09:14:21.477 INFO:teuthology.orchestra.run.smithi076.stderr:/usr/bin/ceph:
2024-02-10T09:14:21.473+0000 7fe2037fe700 1 --2- 172.21.15.76:0/2267520308 >> [v2:172.21.15.76:3300/0,v1:172.21.15.76:6789/0] conn(0x7fe2040fad90 0x7fe20410cd80 secure :-1 s=READY pgs=36 cs=0 l=1 rev1=1 rx=0x7fe1f4006800 tx=0x7fe1f4006f70).ready entity=mon.0 client_cookie=0 server_cookie=0 in_seq=0 out_seq=0
2024-02-10T09:14:21.477 INFO:teuthology.orchestra.run.smithi076.stderr:/usr/bin/ceph:
2024-02-10T09:14:21.473+0000 7fe200ff9700 1 -- 172.21.15.76:0/2267520308 <== mon.0 v2:172.21.15.76:3300/0 1 ==== mon_map magic: 0 v1 ==== 229+0+0 (secure 0 0 0) 0x7fe1f400f870 con 0x7fe2040fad90
2024-02-10T09:14:21.477 INFO:teuthology.orchestra.run.smithi076.stderr:/usr/bin/ceph:
2024-02-10T09:14:21.473+0000 7fe200ff9700 1 -- 172.21.15.76:0/2267520308 <== mon.0 v2:172.21.15.76:3300/0 2 ==== config(26 keys) v1 ==== 1045+0+0 (secure 0 0 0) 0x7fe1f400fe60 con 0x7fe2040fad90
2024-02-10T09:14:21.477 INFO:teuthology.orchestra.run.smithi076.stderr:/usr/bin/ceph:
2024-02-10T09:14:21.473+0000 7fe20a15a700 1 -- 172.21.15.76:0/2267520308 --> [v2:172.21.15.76:3300/0,v1:172.21.15.76:6789/0] -- mon_subscribe({mgrmap=0+}) v3 -- 0x7fe20410d470 con 0x7fe2040fad90
2024-02-10T09:14:21.478 INFO:teuthology.orchestra.run.smithi076.stderr:/usr/bin/ceph:
2024-02-10T09:14:21.473+0000 7fe200ff9700 1 -- 172.21.15.76:0/2267520308 <== mon.0 v2:172.21.15.76:3300/0 3 ==== mon_map magic: 0 v1 ==== 229+0+0 (secure 0 0 0) 0x7fe1f4019e40 con 0x7fe2040fad90
2024-02-10T09:14:21.478 INFO:teuthology.orchestra.run.smithi076.stderr:/usr/bin/ceph:
2024-02-10T09:14:21.473+0000 7fe20a15a700 1 -- 172.21.15.76:0/2267520308 --> [v2:172.21.15.76:3300/0,v1:172.21.15.76:6789/0] -- mon_subscribe({osdmap=0}) v3 -- 0x7fe20410e0b0 con 0x7fe2040fad90
2024-02-10T09:14:21.478 INFO:teuthology.orchestra.run.smithi076.stderr:/usr/bin/ceph:
2024-02-10T09:14:21.474+0000 7fe200ff9700 1 -- 172.21.15.76:0/2267520308 <== mon.0 v2:172.21.15.76:3300/0 4 ==== mgrmap(e 8) v1 ==== 36120+0+0 (secure 0 0 0) 0x7fe1f402a070 con 0x7fe2040fad90
2024-02-10T09:14:21.478 INFO:teuthology.orchestra.run.smithi076.stderr:/usr/bin/ceph:
2024-02-10T09:14:21.474+0000 7fe200ff9700 1 --2- 172.21.15.76:0/2267520308 >> [v2:172.21.15.76:6800/1554995960,v1:172.21.15.76:6801/1554995960] conn(0x7fe1e402fe10 0x7fe1e40322d0 unknown :-1 s=NONE pgs=0 cs=0 l=1 rev1=0 rx=0 tx=0).connect
2024-02-10T09:14:21.478 INFO:teuthology.orchestra.run.smithi076.stderr:/usr/bin/ceph:
2024-02-10T09:14:21.474+0000 7fe200ff9700 1 -- 172.21.15.76:0/2267520308 <== mon.0 v2:172.21.15.76:3300/0 5 ==== osd_map(2..2 src has 1..2) v4 ==== 926+0+0 (secure 0 0 0) 0x7fe1f40419e0 con 0x7fe2040fad90
2024-02-10T09:14:21.478 INFO:teuthology.orchestra.run.smithi076.stderr:/usr/bin/ceph:
2024-02-10T09:14:21.474+0000 7fe20a15a700 1 -- 172.21.15.76:0/2267520308 --> [v2:172.21.15.76:3300/0,v1:172.21.15.76:6789/0] -- mon_command({"prefix": "get_command_descriptions"} v 0) v1 -- 0x7fe20410d900 con 0x7fe2040fad90
2024-02-10T09:14:21.478 INFO:teuthology.orchestra.run.smithi076.stderr:/usr/bin/ceph:
2024-02-10T09:14:21.474+0000 7fe1fbfff700 1 --2- 172.21.15.76:0/2267520308 >> [v2:172.21.15.76:6800/1554995960,v1:172.21.15.76:6801/1554995960] conn(0x7fe1e402fe10 0x7fe1e40322d0 unknown :-1 s=BANNER_CONNECTING pgs=0 cs=0 l=1 rev1=0 rx=0 tx=0)._handle_peer_banner_payload supported=1 required=0
2024-02-10T09:14:21.478 INFO:teuthology.orchestra.run.smithi076.stderr:/usr/bin/ceph:
2024-02-10T09:14:21.474+0000 7fe1fbfff700 1 --2- 172.21.15.76:0/2267520308 >> [v2:172.21.15.76:6800/1554995960,v1:172.21.15.76:6801/1554995960] conn(0x7fe1e402fe10 0x7fe1e40322d0 secure :-1 s=READY pgs=10 cs=0 l=1 rev1=1 rx=0x7fe1ec0096a0 tx=0x7fe1ec006b40).ready entity=mgr.14114 client_cookie=0 server_cookie=0 in_seq=0 out_seq=0
2024-02-10T09:14:21.479 INFO:teuthology.orchestra.run.smithi076.stderr:/usr/bin/ceph:
2024-02-10T09:14:21.478+0000 7fe200ff9700 1 -- 172.21.15.76:0/2267520308 <== mon.0 v2:172.21.15.76:3300/0 6 ==== mon_command_ack([{"prefix": "get_command_descriptions"}]=0 v0) v1 ==== 72+0+152212 (secure 0 0 0) 0x7fe1f4014020 con 0x7fe2040fad90
2024-02-10T09:14:21.629 INFO:teuthology.orchestra.run.smithi076.stderr:/usr/bin/ceph:
2024-02-10T09:14:21.627+0000 7fe20a15a700 1 -- 172.21.15.76:0/2267520308 --> [v2:172.21.15.76:6800/1554995960,v1:172.21.15.76:6801/1554995960] -- mgr_command(tid 0: {"prefix": "cephadm get-pub-key", "target": ["mon-mgr", ""]}) v1 -- 0x7fe2040fcc60 con 0x7fe1e402fe10
2024-02-10T09:14:21.629 INFO:teuthology.orchestra.run.smithi076.stderr:/usr/bin/ceph:
2024-02-10T09:14:21.628+0000 7fe200ff9700 1 -- 172.21.15.76:0/2267520308 <== mgr.14114 v2:172.21.15.76:6800/1554995960 1 ==== mgr_command_reply(tid 0: 0 ) v1 ==== 8+0+595 (secure 0 0 0) 0x7fe2040fcc60 con 0x7fe1e402fe10
2024-02-10T09:14:21.629 INFO:teuthology.orchestra.run.smithi076.stderr:/usr/bin/ceph: ssh-rsa AAAAB3NzaC1yc2EAAAADAQABAAABgQCiosegGgLIAuYM/bXU2hmD1FxRn3Cd4c8wAjPCh3xSoYkTNlrX1kCgI3qvhw4sFbcBYEBPHnWvZ1XbngB7qSRFuzfQy+bavz5RSqzmzxz7got3nHBS2cn/Xq9TUwhxFhQQTFLPoz3ewUPCWcsDOo8gXqZe31cgb1CSEIs6CbisvzTxaElTCr9dKh0uef4+JbP4u/meyq6gbyvZ/qCSg5bX6gM9WccA8offKqqVHZZOG76jZw/hTyoZ1N2sZoUqlxM8J2J1hPoFWIh4RcNgc0pIRGfUoghyvEc2kw3f0SdRtTXJRwJT8pflxIGhh2Uy+uHoPvdEGMA7EioXjHFtLPZBMrnuGlc49qKL9AIh5/c/0KzkDsYFzoKHxrSxxWJw/e5rCxEQuRe/ZogimHFpPQt+hg9vG8IELttB10sdMtbDBe5mJe0sLBVLDQWzR9T5wLTPiMdgC0cmNDR0ggeH9Zkk0808lVGe6TSLAH8bUQkQ5DhaHMo7EgNbrarsHBZxrcM= ceph-9fa8617c-c7f4-11ee-95b8-87774f69a715
2024-02-10T09:14:21.631 INFO:teuthology.orchestra.run.smithi076.stderr:/usr/bin/ceph:
2024-02-10T09:14:21.629+0000 7fe20a15a700 1 -- 172.21.15.76:0/2267520308 >> [v2:172.21.15.76:6800/1554995960,v1:172.21.15.76:6801/1554995960] conn(0x7fe1e402fe10 msgr2=0x7fe1e40322d0 secure :-1 s=STATE_CONNECTION_ESTABLISHED l=1).mark_down
2024-02-10T09:14:21.632 INFO:teuthology.orchestra.run.smithi076.stderr:/usr/bin/ceph:
2024-02-10T09:14:21.629+0000 7fe20a15a700 1 --2- 172.21.15.76:0/2267520308 >> [v2:172.21.15.76:6800/1554995960,v1:172.21.15.76:6801/1554995960] conn(0x7fe1e402fe10 0x7fe1e40322d0 secure :-1 s=READY pgs=10 cs=0 l=1 rev1=1 rx=0x7fe1ec0096a0 tx=0x7fe1ec006b40).stop
2024-02-10T09:14:21.632 INFO:teuthology.orchestra.run.smithi076.stderr:/usr/bin/ceph:
2024-02-10T09:14:21.629+0000 7fe20a15a700 1 -- 172.21.15.76:0/2267520308 >> [v2:172.21.15.76:3300/0,v1:172.21.15.76:6789/0] conn(0x7fe2040fad90 msgr2=0x7fe20410cd80 secure :-1 s=STATE_CONNECTION_ESTABLISHED l=1).mark_down
2024-02-10T09:14:21.632 INFO:teuthology.orchestra.run.smithi076.stderr:/usr/bin/ceph:
2024-02-10T09:14:21.629+0000 7fe20a15a700 1 --2- 172.21.15.76:0/2267520308 >> [v2:172.21.15.76:3300/0,v1:172.21.15.76:6789/0] conn(0x7fe2040fad90 0x7fe20410cd80 secure :-1 s=READY pgs=36 cs=0 l=1 rev1=1 rx=0x7fe1f4006800 tx=0x7fe1f4006f70).stop
2024-02-10T09:14:21.632 INFO:teuthology.orchestra.run.smithi076.stderr:/usr/bin/ceph:
2024-02-10T09:14:21.630+0000 7fe20a15a700 1 -- 172.21.15.76:0/2267520308 shutdown_connections
2024-02-10T09:14:21.632 INFO:teuthology.orchestra.run.smithi076.stderr:/usr/bin/ceph:
2024-02-10T09:14:21.630+0000 7fe20a15a700 1 --2- 172.21.15.76:0/2267520308 >> [v2:172.21.15.76:6800/1554995960,v1:172.21.15.76:6801/1554995960] conn(0x7fe1e402fe10 0x7fe1e40322d0 unknown :-1 s=CLOSED pgs=10 cs=0 l=1 rev1=1 rx=0 tx=0).stop
2024-02-10T09:14:21.632 INFO:teuthology.orchestra.run.smithi076.stderr:/usr/bin/ceph:
2024-02-10T09:14:21.630+0000 7fe20a15a700 1 --2- 172.21.15.76:0/2267520308 >> [v2:172.21.15.76:3300/0,v1:172.21.15.76:6789/0] conn(0x7fe2040fad90 0x7fe20410cd80 unknown :-1 s=CLOSED pgs=36 cs=0 l=1 rev1=1 rx=0 tx=0).stop
2024-02-10T09:14:21.632 INFO:teuthology.orchestra.run.smithi076.stderr:/usr/bin/ceph:
2024-02-10T09:14:21.630+0000 7fe20a15a700 1 -- 172.21.15.76:0/2267520308 >> 172.21.15.76:0/2267520308 conn(0x7fe2040f6530 msgr2=0x7fe2040ff9e0 unknown :-1 s=STATE_NONE l=0).mark_down
2024-02-10T09:14:21.632 INFO:teuthology.orchestra.run.smithi076.stderr:/usr/bin/ceph:
2024-02-10T09:14:21.630+0000 7fe20a15a700 1 -- 172.21.15.76:0/2267520308 shutdown_connections
2024-02-10T09:14:21.632 INFO:teuthology.orchestra.run.smithi076.stderr:/usr/bin/ceph:
2024-02-10T09:14:21.630+0000 7fe20a15a700 1 -- 172.21.15.76:0/2267520308 wait complete.
2024-02-10T09:14:22.221 INFO:teuthology.orchestra.run.smithi076.stderr:Wrote public SSH key to /home/ubuntu/cephtest/ceph.pub
2024-02-10T09:14:22.221 INFO:teuthology.orchestra.run.smithi076.stderr:Adding key to root@localhost authorized_keys...
2024-02-10T09:14:22.221 INFO:teuthology.orchestra.run.smithi076.stderr:Adding host smithi076...
2024-02-10T09:14:22.221 INFO:teuthology.orchestra.run.smithi076.stderr:Running command: /bin/podman run --rm --ipc=host --no-hosts --net=host --entrypoint /usr/bin/ceph --init -e CONTAINER_IMAGE=docker.io/ceph/ceph:v16.2.4 -e NODE_NAME=smithi076 -e CEPH_USE_RANDOM_NONCE=1 -v /var/log/ceph/9fa8617c-c7f4-11ee-95b8-87774f69a715:/var/log/ceph:z -v /tmp/ceph-tmpq_ktrgna:/etc/ceph/ceph.client.admin.keyring:z -v /tmp/ceph-tmph1tmvv4d:/etc/ceph/ceph.conf:z docker.io/ceph/ceph:v16.2.4 orch host add smithi076 172.21.15.76
2024-02-10T09:14:22.473 INFO:journalctl@ceph.mon.smithi076.smithi076.stdout:Feb 10 09:14:22 smithi076 ceph-9fa8617c-c7f4-11ee-95b8-87774f69a715-mon.smithi076[39400]: audit
2024-02-10T09:14:21.629495+0000 mgr.smithi076.lwnzhh (mgr.14114) 7 : audit [DBG] from='client.14130 -' entity='client.admin' cmd=[{"prefix": "cephadm get-pub-key", "target": ["mon-mgr", ""]}]: dispatch
2024-02-10T09:14:22.745 INFO:teuthology.orchestra.run.smithi076.stderr:/usr/bin/ceph:
2024-02-10T09:14:22.743+0000 7f2f4cf1b700 1 Processor -- start
2024-02-10T09:14:22.749 INFO:teuthology.orchestra.run.smithi076.stderr:/usr/bin/ceph:
2024-02-10T09:14:22.743+0000 7f2f4cf1b700 1 -- start start
2024-02-10T09:14:22.749 INFO:teuthology.orchestra.run.smithi076.stderr:/usr/bin/ceph:
2024-02-10T09:14:22.743+0000 7f2f4cf1b700 1 --2- >> [v2:172.21.15.76:3300/0,v1:172.21.15.76:6789/0] conn(0x7f2f480703b0 0x7f2f48100ed0 unknown :-1 s=NONE pgs=0 cs=0 l=0 rev1=0 rx=0 tx=0).connect
2024-02-10T09:14:22.749 INFO:teuthology.orchestra.run.smithi076.stderr:/usr/bin/ceph:
2024-02-10T09:14:22.743+0000 7f2f4cf1b700 1 -- --> [v2:172.21.15.76:3300/0,v1:172.21.15.76:6789/0] -- mon_getmap magic: 0 v1 -- 0x7f2f480fc8c0 con 0x7f2f480703b0
2024-02-10T09:14:22.749 INFO:teuthology.orchestra.run.smithi076.stderr:/usr/bin/ceph:
2024-02-10T09:14:22.744+0000 7f2f4659c700 1 --2- >> [v2:172.21.15.76:3300/0,v1:172.21.15.76:6789/0] conn(0x7f2f480703b0 0x7f2f48100ed0 unknown :-1 s=BANNER_CONNECTING pgs=0 cs=0 l=0 rev1=0 rx=0 tx=0)._handle_peer_banner_payload supported=1 required=0
2024-02-10T09:14:22.749 INFO:teuthology.orchestra.run.smithi076.stderr:/usr/bin/ceph:
2024-02-10T09:14:22.744+0000 7f2f4659c700 1 --2- >> [v2:172.21.15.76:3300/0,v1:172.21.15.76:6789/0] conn(0x7f2f480703b0 0x7f2f48100ed0 unknown :-1 s=HELLO_CONNECTING pgs=0 cs=0 l=0 rev1=1 rx=0 tx=0).handle_hello peer v2:172.21.15.76:3300/0 says I am v2:172.21.15.76:42778/0 (socket says 172.21.15.76:42778)
2024-02-10T09:14:22.750 INFO:teuthology.orchestra.run.smithi076.stderr:/usr/bin/ceph:
2024-02-10T09:14:22.744+0000 7f2f4659c700 1 -- 172.21.15.76:0/3754530533 learned_addr learned my addr 172.21.15.76:0/3754530533 (peer_addr_for_me v2:172.21.15.76:0/0)
2024-02-10T09:14:22.750 INFO:teuthology.orchestra.run.smithi076.stderr:/usr/bin/ceph:
2024-02-10T09:14:22.744+0000 7f2f4659c700 1 -- 172.21.15.76:0/3754530533 --> [v2:172.21.15.76:3300/0,v1:172.21.15.76:6789/0] -- mon_subscribe({config=0+,monmap=0+}) v3 -- 0x7f2f481013c0 con 0x7f2f480703b0
2024-02-10T09:14:22.750 INFO:teuthology.orchestra.run.smithi076.stderr:/usr/bin/ceph:
2024-02-10T09:14:22.744+0000 7f2f4659c700 1 --2- 172.21.15.76:0/3754530533 >> [v2:172.21.15.76:3300/0,v1:172.21.15.76:6789/0] conn(0x7f2f480703b0 0x7f2f48100ed0 secure :-1 s=READY pgs=37 cs=0 l=1 rev1=1 rx=0x7f2f3800b5f0 tx=0x7f2f38006ee0).ready entity=mon.0 client_cookie=ab904b346e3457d9 server_cookie=0 in_seq=0 out_seq=0
2024-02-10T09:14:22.750 INFO:teuthology.orchestra.run.smithi076.stderr:/usr/bin/ceph:
2024-02-10T09:14:22.744+0000 7f2f4559a700 1 -- 172.21.15.76:0/3754530533 <== mon.0 v2:172.21.15.76:3300/0 1 ==== mon_map magic: 0 v1 ==== 229+0+0 (secure 0 0 0) 0x7f2f3800d600 con 0x7f2f480703b0
2024-02-10T09:14:22.750 INFO:teuthology.orchestra.run.smithi076.stderr:/usr/bin/ceph:
2024-02-10T09:14:22.744+0000 7f2f4559a700 1 -- 172.21.15.76:0/3754530533 <== mon.0 v2:172.21.15.76:3300/0 2 ==== config(26 keys) v1 ==== 1045+0+0 (secure 0 0 0) 0x7f2f3800dbf0 con 0x7f2f480703b0
2024-02-10T09:14:22.750 INFO:teuthology.orchestra.run.smithi076.stderr:/usr/bin/ceph:
2024-02-10T09:14:22.744+0000 7f2f4559a700 1 -- 172.21.15.76:0/3754530533 <== mon.0 v2:172.21.15.76:3300/0 3 ==== mon_map magic: 0 v1 ==== 229+0+0 (secure 0 0 0) 0x7f2f38011cb0 con 0x7f2f480703b0
2024-02-10T09:14:22.750 INFO:teuthology.orchestra.run.smithi076.stderr:/usr/bin/ceph:
2024-02-10T09:14:22.745+0000 7f2f4cf1b700 1 -- 172.21.15.76:0/3754530533 >> [v2:172.21.15.76:3300/0,v1:172.21.15.76:6789/0] conn(0x7f2f480703b0 msgr2=0x7f2f48100ed0 secure :-1 s=STATE_CONNECTION_ESTABLISHED l=1).mark_down
2024-02-10T09:14:22.750 INFO:teuthology.orchestra.run.smithi076.stderr:/usr/bin/ceph:
2024-02-10T09:14:22.745+0000 7f2f4cf1b700 1 --2- 172.21.15.76:0/3754530533 >> [v2:172.21.15.76:3300/0,v1:172.21.15.76:6789/0] conn(0x7f2f480703b0 0x7f2f48100ed0 secure :-1 s=READY pgs=37 cs=0 l=1 rev1=1 rx=0x7f2f3800b5f0 tx=0x7f2f38006ee0).stop
2024-02-10T09:14:22.750 INFO:teuthology.orchestra.run.smithi076.stderr:/usr/bin/ceph:
2024-02-10T09:14:22.745+0000 7f2f4cf1b700 1 -- 172.21.15.76:0/3754530533 shutdown_connections
2024-02-10T09:14:22.750 INFO:teuthology.orchestra.run.smithi076.stderr:/usr/bin/ceph:
2024-02-10T09:14:22.745+0000 7f2f4cf1b700 1 --2- 172.21.15.76:0/3754530533 >> [v2:172.21.15.76:3300/0,v1:172.21.15.76:6789/0] conn(0x7f2f480703b0 0x7f2f48100ed0 unknown :-1 s=CLOSED pgs=37 cs=0 l=1 rev1=1 rx=0 tx=0).stop
2024-02-10T09:14:22.750 INFO:teuthology.orchestra.run.smithi076.stderr:/usr/bin/ceph:
2024-02-10T09:14:22.745+0000 7f2f4cf1b700 1 -- 172.21.15.76:0/3754530533 >> 172.21.15.76:0/3754530533 conn(0x7f2f480f6530 msgr2=0x7f2f480f8950 unknown :-1 s=STATE_NONE l=0).mark_down
2024-02-10T09:14:22.750 INFO:teuthology.orchestra.run.smithi076.stderr:/usr/bin/ceph:
2024-02-10T09:14:22.745+0000 7f2f4cf1b700 1 -- 172.21.15.76:0/3754530533 shutdown_connections
2024-02-10T09:14:22.750 INFO:teuthology.orchestra.run.smithi076.stderr:/usr/bin/ceph:
2024-02-10T09:14:22.745+0000 7f2f4cf1b700 1 -- 172.21.15.76:0/3754530533 wait complete.
2024-02-10T09:14:22.750 INFO:teuthology.orchestra.run.smithi076.stderr:/usr/bin/ceph:
2024-02-10T09:14:22.746+0000 7f2f4cf1b700 1 Processor -- start
2024-02-10T09:14:22.751 INFO:teuthology.orchestra.run.smithi076.stderr:/usr/bin/ceph:
2024-02-10T09:14:22.746+0000 7f2f4cf1b700 1 -- start start
2024-02-10T09:14:22.751 INFO:teuthology.orchestra.run.smithi076.stderr:/usr/bin/ceph:
2024-02-10T09:14:22.746+0000 7f2f4cf1b700 1 --2- >> [v2:172.21.15.76:3300/0,v1:172.21.15.76:6789/0] conn(0x7f2f480703b0 0x7f2f4810cd80 unknown :-1 s=NONE pgs=0 cs=0 l=1 rev1=0 rx=0 tx=0).connect
2024-02-10T09:14:22.751 INFO:teuthology.orchestra.run.smithi076.stderr:/usr/bin/ceph:
2024-02-10T09:14:22.746+0000 7f2f4cf1b700 1 -- --> [v2:172.21.15.76:3300/0,v1:172.21.15.76:6789/0] -- mon_getmap magic: 0 v1 -- 0x7f2f4810d270 con 0x7f2f480703b0
2024-02-10T09:14:22.751 INFO:teuthology.orchestra.run.smithi076.stderr:/usr/bin/ceph:
2024-02-10T09:14:22.746+0000 7f2f4659c700 1 --2- >> [v2:172.21.15.76:3300/0,v1:172.21.15.76:6789/0] conn(0x7f2f480703b0 0x7f2f4810cd80 unknown :-1 s=BANNER_CONNECTING pgs=0 cs=0 l=1 rev1=0 rx=0 tx=0)._handle_peer_banner_payload supported=1 required=0
2024-02-10T09:14:22.751 INFO:teuthology.orchestra.run.smithi076.stderr:/usr/bin/ceph:
2024-02-10T09:14:22.746+0000 7f2f4659c700 1 --2- >> [v2:172.21.15.76:3300/0,v1:172.21.15.76:6789/0] conn(0x7f2f480703b0 0x7f2f4810cd80 unknown :-1 s=HELLO_CONNECTING pgs=0 cs=0 l=1 rev1=1 rx=0 tx=0).handle_hello peer v2:172.21.15.76:3300/0 says I am v2:172.21.15.76:42780/0 (socket says 172.21.15.76:42780)
2024-02-10T09:14:22.751 INFO:teuthology.orchestra.run.smithi076.stderr:/usr/bin/ceph:
2024-02-10T09:14:22.746+0000 7f2f4659c700 1 -- 172.21.15.76:0/2398049002 learned_addr learned my addr 172.21.15.76:0/2398049002 (peer_addr_for_me v2:172.21.15.76:0/0)
2024-02-10T09:14:22.751 INFO:teuthology.orchestra.run.smithi076.stderr:/usr/bin/ceph:
2024-02-10T09:14:22.746+0000 7f2f4659c700 1 -- 172.21.15.76:0/2398049002 --> [v2:172.21.15.76:3300/0,v1:172.21.15.76:6789/0] -- mon_subscribe({config=0+,monmap=0+}) v3 -- 0x7f2f3800b200 con 0x7f2f480703b0
2024-02-10T09:14:22.751 INFO:teuthology.orchestra.run.smithi076.stderr:/usr/bin/ceph:
2024-02-10T09:14:22.746+0000 7f2f4659c700 1 --2- 172.21.15.76:0/2398049002 >> [v2:172.21.15.76:3300/0,v1:172.21.15.76:6789/0] conn(0x7f2f480703b0 0x7f2f4810cd80 secure :-1 s=READY pgs=38 cs=0 l=1 rev1=1 rx=0x7f2f38006800 tx=0x7f2f38006ee0).ready entity=mon.0 client_cookie=0 server_cookie=0 in_seq=0 out_seq=0
2024-02-10T09:14:22.751 INFO:teuthology.orchestra.run.smithi076.stderr:/usr/bin/ceph:
2024-02-10T09:14:22.747+0000 7f2f36ffd700 1 -- 172.21.15.76:0/2398049002 <== mon.0 v2:172.21.15.76:3300/0 1 ==== mon_map magic: 0 v1 ==== 229+0+0 (secure 0 0 0) 0x7f2f3801b570 con 0x7f2f480703b0
2024-02-10T09:14:22.751 INFO:teuthology.orchestra.run.smithi076.stderr:/usr/bin/ceph:
2024-02-10T09:14:22.747+0000 7f2f4cf1b700 1 -- 172.21.15.76:0/2398049002 --> [v2:172.21.15.76:3300/0,v1:172.21.15.76:6789/0] -- mon_subscribe({mgrmap=0+}) v3 -- 0x7f2f4810d470 con 0x7f2f480703b0
2024-02-10T09:14:22.751 INFO:teuthology.orchestra.run.smithi076.stderr:/usr/bin/ceph:
2024-02-10T09:14:22.747+0000 7f2f36ffd700 1 -- 172.21.15.76:0/2398049002 <== mon.0 v2:172.21.15.76:3300/0 2 ==== config(26 keys) v1 ==== 1045+0+0 (secure 0 0 0) 0x7f2f3801bb60 con 0x7f2f480703b0
2024-02-10T09:14:22.751 INFO:teuthology.orchestra.run.smithi076.stderr:/usr/bin/ceph:
2024-02-10T09:14:22.747+0000 7f2f36ffd700 1 -- 172.21.15.76:0/2398049002 <== mon.0 v2:172.21.15.76:3300/0 3 ==== mon_map magic: 0 v1 ==== 229+0+0 (secure 0 0 0) 0x7f2f3801a9f0 con 0x7f2f480703b0
2024-02-10T09:14:22.751 INFO:teuthology.orchestra.run.smithi076.stderr:/usr/bin/ceph:
2024-02-10T09:14:22.747+0000 7f2f4cf1b700 1 -- 172.21.15.76:0/2398049002 --> [v2:172.21.15.76:3300/0,v1:172.21.15.76:6789/0] -- mon_subscribe({osdmap=0}) v3 -- 0x7f2f4810e080 con 0x7f2f480703b0
2024-02-10T09:14:22.751 INFO:teuthology.orchestra.run.smithi076.stderr:/usr/bin/ceph:
2024-02-10T09:14:22.747+0000 7f2f36ffd700 1 -- 172.21.15.76:0/2398049002 <== mon.0 v2:172.21.15.76:3300/0 4 ==== mgrmap(e 8) v1 ==== 36120+0+0 (secure 0 0 0) 0x7f2f3800f070 con 0x7f2f480703b0
2024-02-10T09:14:22.752 INFO:teuthology.orchestra.run.smithi076.stderr:/usr/bin/ceph:
2024-02-10T09:14:22.747+0000 7f2f36ffd700 1 --2- 172.21.15.76:0/2398049002 >> [v2:172.21.15.76:6800/1554995960,v1:172.21.15.76:6801/1554995960] conn(0x7f2f2c02fe10 0x7f2f2c0322d0 unknown :-1 s=NONE pgs=0 cs=0 l=1 rev1=0 rx=0 tx=0).connect
2024-02-10T09:14:22.752 INFO:teuthology.orchestra.run.smithi076.stderr:/usr/bin/ceph:
2024-02-10T09:14:22.748+0000 7f2f36ffd700 1 -- 172.21.15.76:0/2398049002 <== mon.0 v2:172.21.15.76:3300/0 5 ==== osd_map(2..2 src has 1..2) v4 ==== 926+0+0 (secure 0 0 0) 0x7f2f38041460 con 0x7f2f480703b0
2024-02-10T09:14:22.752 INFO:teuthology.orchestra.run.smithi076.stderr:/usr/bin/ceph:
2024-02-10T09:14:22.748+0000 7f2f45d9b700 1 --2- 172.21.15.76:0/2398049002 >> [v2:172.21.15.76:6800/1554995960,v1:172.21.15.76:6801/1554995960] conn(0x7f2f2c02fe10 0x7f2f2c0322d0 unknown :-1 s=BANNER_CONNECTING pgs=0 cs=0 l=1 rev1=0 rx=0 tx=0)._handle_peer_banner_payload supported=1 required=0
2024-02-10T09:14:22.752 INFO:teuthology.orchestra.run.smithi076.stderr:/usr/bin/ceph:
2024-02-10T09:14:22.748+0000 7f2f45d9b700 1 --2- 172.21.15.76:0/2398049002 >> [v2:172.21.15.76:6800/1554995960,v1:172.21.15.76:6801/1554995960] conn(0x7f2f2c02fe10 0x7f2f2c0322d0 secure :-1 s=READY pgs=11 cs=0 l=1 rev1=1 rx=0x7f2f3c0096a0 tx=0x7f2f3c006b40).ready entity=mgr.14114 client_cookie=0 server_cookie=0 in_seq=0 out_seq=0
2024-02-10T09:14:22.752 INFO:teuthology.orchestra.run.smithi076.stderr:/usr/bin/ceph:
2024-02-10T09:14:22.748+0000 7f2f4cf1b700 1 -- 172.21.15.76:0/2398049002 --> [v2:172.21.15.76:3300/0,v1:172.21.15.76:6789/0] -- mon_command({"prefix": "get_command_descriptions"} v 0) v1 -- 0x7f2f48059100 con 0x7f2f480703b0
2024-02-10T09:14:22.753 INFO:teuthology.orchestra.run.smithi076.stderr:/usr/bin/ceph:
2024-02-10T09:14:22.752+0000 7f2f36ffd700 1 -- 172.21.15.76:0/2398049002 <== mon.0 v2:172.21.15.76:3300/0 6 ==== mon_command_ack([{"prefix": "get_command_descriptions"}]=0 v0) v1 ==== 72+0+152212 (secure 0 0 0) 0x7f2f38010360 con 0x7f2f480703b0
2024-02-10T09:14:22.923 INFO:teuthology.orchestra.run.smithi076.stderr:/usr/bin/ceph:
2024-02-10T09:14:22.922+0000 7f2f4cf1b700 1 -- 172.21.15.76:0/2398049002 --> [v2:172.21.15.76:6800/1554995960,v1:172.21.15.76:6801/1554995960] -- mgr_command(tid 0: {"prefix": "orch host add", "hostname": "smithi076", "addr": "172.21.15.76", "target": ["mon-mgr", ""]}) v1 -- 0x7f2f48102140 con 0x7f2f2c02fe10
2024-02-10T09:14:23.527 INFO:teuthology.orchestra.run.smithi076.stderr:/usr/bin/ceph: Added host 'smithi076'
2024-02-10T09:14:23.528 INFO:teuthology.orchestra.run.smithi076.stderr:/usr/bin/ceph:
2024-02-10T09:14:23.525+0000 7f2f36ffd700 1 -- 172.21.15.76:0/2398049002 <== mgr.14114 v2:172.21.15.76:6800/1554995960 1 ==== mgr_command_reply(tid 0: 0 ) v1 ==== 8+0+23 (secure 0 0 0) 0x7f2f48102140 con 0x7f2f2c02fe10
2024-02-10T09:14:23.529 INFO:teuthology.orchestra.run.smithi076.stderr:/usr/bin/ceph:
2024-02-10T09:14:23.527+0000 7f2f4cf1b700 1 -- 172.21.15.76:0/2398049002 >> [v2:172.21.15.76:6800/1554995960,v1:172.21.15.76:6801/1554995960] conn(0x7f2f2c02fe10 msgr2=0x7f2f2c0322d0 secure :-1 s=STATE_CONNECTION_ESTABLISHED l=1).mark_down
2024-02-10T09:14:23.529 INFO:teuthology.orchestra.run.smithi076.stderr:/usr/bin/ceph:
2024-02-10T09:14:23.527+0000 7f2f4cf1b700 1 --2- 172.21.15.76:0/2398049002 >> [v2:172.21.15.76:6800/1554995960,v1:172.21.15.76:6801/1554995960] conn(0x7f2f2c02fe10 0x7f2f2c0322d0 secure :-1 s=READY pgs=11 cs=0 l=1 rev1=1 rx=0x7f2f3c0096a0 tx=0x7f2f3c006b40).stop
2024-02-10T09:14:23.529 INFO:teuthology.orchestra.run.smithi076.stderr:/usr/bin/ceph:
2024-02-10T09:14:23.527+0000 7f2f4cf1b700 1 -- 172.21.15.76:0/2398049002 >> [v2:172.21.15.76:3300/0,v1:172.21.15.76:6789/0] conn(0x7f2f480703b0 msgr2=0x7f2f4810cd80 secure :-1 s=STATE_CONNECTION_ESTABLISHED l=1).mark_down
2024-02-10T09:14:23.529 INFO:teuthology.orchestra.run.smithi076.stderr:/usr/bin/ceph:
2024-02-10T09:14:23.527+0000 7f2f4cf1b700 1 --2- 172.21.15.76:0/2398049002 >> [v2:172.21.15.76:3300/0,v1:172.21.15.76:6789/0] conn(0x7f2f480703b0 0x7f2f4810cd80 secure :-1 s=READY pgs=38 cs=0 l=1 rev1=1 rx=0x7f2f38006800 tx=0x7f2f38006ee0).stop
2024-02-10T09:14:23.529 INFO:teuthology.orchestra.run.smithi076.stderr:/usr/bin/ceph:
2024-02-10T09:14:23.527+0000 7f2f4cf1b700 1 -- 172.21.15.76:0/2398049002 shutdown_connections
2024-02-10T09:14:23.529 INFO:teuthology.orchestra.run.smithi076.stderr:/usr/bin/ceph:
2024-02-10T09:14:23.527+0000 7f2f4cf1b700 1 --2- 172.21.15.76:0/2398049002 >> [v2:172.21.15.76:6800/1554995960,v1:172.21.15.76:6801/1554995960] conn(0x7f2f2c02fe10 0x7f2f2c0322d0 unknown :-1 s=CLOSED pgs=11 cs=0 l=1 rev1=1 rx=0 tx=0).stop
2024-02-10T09:14:23.529 INFO:teuthology.orchestra.run.smithi076.stderr:/usr/bin/ceph:
2024-02-10T09:14:23.527+0000 7f2f4cf1b700 1 --2- 172.21.15.76:0/2398049002 >> [v2:172.21.15.76:3300/0,v1:172.21.15.76:6789/0] conn(0x7f2f480703b0 0x7f2f4810cd80 unknown :-1 s=CLOSED pgs=38 cs=0 l=1 rev1=1 rx=0 tx=0).stop
2024-02-10T09:14:23.529 INFO:teuthology.orchestra.run.smithi076.stderr:/usr/bin/ceph:
2024-02-10T09:14:23.527+0000 7f2f4cf1b700 1 -- 172.21.15.76:0/2398049002 >> 172.21.15.76:0/2398049002 conn(0x7f2f480f6530 msgr2=0x7f2f480f7f60 unknown :-1 s=STATE_NONE l=0).mark_down
2024-02-10T09:14:23.529 INFO:teuthology.orchestra.run.smithi076.stderr:/usr/bin/ceph:
2024-02-10T09:14:23.527+0000 7f2f4cf1b700 1 -- 172.21.15.76:0/2398049002 shutdown_connections
2024-02-10T09:14:23.529 INFO:teuthology.orchestra.run.smithi076.stderr:/usr/bin/ceph:
2024-02-10T09:14:23.527+0000 7f2f4cf1b700 1 -- 172.21.15.76:0/2398049002 wait complete.
2024-02-10T09:14:23.801 INFO:journalctl@ceph.mon.smithi076.smithi076.stdout:Feb 10 09:14:23 smithi076 ceph-9fa8617c-c7f4-11ee-95b8-87774f69a715-mon.smithi076[39400]: audit
2024-02-10T09:14:22.924212+0000 mgr.smithi076.lwnzhh (mgr.14114) 8 : audit [DBG] from='client.14132 -' entity='client.admin' cmd=[{"prefix": "orch host add", "hostname": "smithi076", "addr": "172.21.15.76", "target": ["mon-mgr", ""]}]: dispatch
2024-02-10T09:14:24.079 INFO:teuthology.orchestra.run.smithi076.stderr:Deploying mon service with default placement...
2024-02-10T09:14:24.079 INFO:teuthology.orchestra.run.smithi076.stderr:Running command: /bin/podman run --rm --ipc=host --no-hosts --net=host --entrypoint /usr/bin/ceph --init -e CONTAINER_IMAGE=docker.io/ceph/ceph:v16.2.4 -e NODE_NAME=smithi076 -e CEPH_USE_RANDOM_NONCE=1 -v /var/log/ceph/9fa8617c-c7f4-11ee-95b8-87774f69a715:/var/log/ceph:z -v /tmp/ceph-tmpq_ktrgna:/etc/ceph/ceph.client.admin.keyring:z -v /tmp/ceph-tmph1tmvv4d:/etc/ceph/ceph.conf:z docker.io/ceph/ceph:v16.2.4 orch apply mon
2024-02-10T09:14:24.626 INFO:teuthology.orchestra.run.smithi076.stderr:/usr/bin/ceph:
2024-02-10T09:14:24.621+0000 7feb4931a700 1 Processor -- start
2024-02-10T09:14:24.626 INFO:teuthology.orchestra.run.smithi076.stderr:/usr/bin/ceph:
2024-02-10T09:14:24.621+0000 7feb4931a700 1 -- start start
2024-02-10T09:14:24.626 INFO:teuthology.orchestra.run.smithi076.stderr:/usr/bin/ceph:
2024-02-10T09:14:24.621+0000 7feb4931a700 1 --2- >> [v2:172.21.15.76:3300/0,v1:172.21.15.76:6789/0] conn(0x7feb44072490 0x7feb44070a30 unknown :-1 s=NONE pgs=0 cs=0 l=0 rev1=0 rx=0 tx=0).connect
2024-02-10T09:14:24.626 INFO:teuthology.orchestra.run.smithi076.stderr:/usr/bin/ceph:
2024-02-10T09:14:24.621+0000 7feb4931a700 1 -- --> [v2:172.21.15.76:3300/0,v1:172.21.15.76:6789/0] -- mon_getmap magic: 0 v1 -- 0x7feb440728b0 con 0x7feb44072490
2024-02-10T09:14:24.626 INFO:teuthology.orchestra.run.smithi076.stderr:/usr/bin/ceph:
2024-02-10T09:14:24.621+0000 7feb42ffd700 1 --2- >> [v2:172.21.15.76:3300/0,v1:172.21.15.76:6789/0] conn(0x7feb44072490 0x7feb44070a30 unknown :-1 s=BANNER_CONNECTING pgs=0 cs=0 l=0 rev1=0 rx=0 tx=0)._handle_peer_banner_payload supported=1 required=0
2024-02-10T09:14:24.626 INFO:teuthology.orchestra.run.smithi076.stderr:/usr/bin/ceph:
2024-02-10T09:14:24.622+0000 7feb42ffd700 1 --2- >> [v2:172.21.15.76:3300/0,v1:172.21.15.76:6789/0] conn(0x7feb44072490 0x7feb44070a30 unknown :-1 s=HELLO_CONNECTING pgs=0 cs=0 l=0 rev1=1 rx=0 tx=0).handle_hello peer v2:172.21.15.76:3300/0 says I am v2:172.21.15.76:42794/0 (socket says 172.21.15.76:42794)
2024-02-10T09:14:24.626 INFO:teuthology.orchestra.run.smithi076.stderr:/usr/bin/ceph:
2024-02-10T09:14:24.622+0000 7feb42ffd700 1 -- 172.21.15.76:0/1052206618 learned_addr learned my addr 172.21.15.76:0/1052206618 (peer_addr_for_me v2:172.21.15.76:0/0)
2024-02-10T09:14:24.626 INFO:teuthology.orchestra.run.smithi076.stderr:/usr/bin/ceph:
2024-02-10T09:14:24.622+0000 7feb42ffd700 1 -- 172.21.15.76:0/1052206618 --> [v2:172.21.15.76:3300/0,v1:172.21.15.76:6789/0] -- mon_subscribe({config=0+,monmap=0+}) v3 -- 0x7feb44070f20 con 0x7feb44072490
2024-02-10T09:14:24.626 INFO:teuthology.orchestra.run.smithi076.stderr:/usr/bin/ceph:
2024-02-10T09:14:24.622+0000 7feb42ffd700 1 --2- 172.21.15.76:0/1052206618 >> [v2:172.21.15.76:3300/0,v1:172.21.15.76:6789/0] conn(0x7feb44072490 0x7feb44070a30 secure :-1 s=READY pgs=39 cs=0 l=1 rev1=1 rx=0x7feb3800b5f0 tx=0x7feb38006ee0).ready entity=mon.0 client_cookie=d6d26340c19e60a2 server_cookie=0 in_seq=0 out_seq=0
2024-02-10T09:14:24.626 INFO:teuthology.orchestra.run.smithi076.stderr:/usr/bin/ceph:
2024-02-10T09:14:24.622+0000 7feb41ffb700 1 -- 172.21.15.76:0/1052206618 <== mon.0 v2:172.21.15.76:3300/0 1 ==== mon_map magic: 0 v1 ==== 229+0+0 (secure 0 0 0) 0x7feb3800d600 con 0x7feb44072490
2024-02-10T09:14:24.626 INFO:teuthology.orchestra.run.smithi076.stderr:/usr/bin/ceph:
2024-02-10T09:14:24.622+0000 7feb41ffb700 1 -- 172.21.15.76:0/1052206618 <== mon.0 v2:172.21.15.76:3300/0 2 ==== config(26 keys) v1 ==== 1045+0+0 (secure 0 0 0) 0x7feb3800dbf0 con 0x7feb44072490
2024-02-10T09:14:24.627 INFO:teuthology.orchestra.run.smithi076.stderr:/usr/bin/ceph:
2024-02-10T09:14:24.622+0000 7feb41ffb700 1 -- 172.21.15.76:0/1052206618 <== mon.0 v2:172.21.15.76:3300/0 3 ==== mon_map magic: 0 v1 ==== 229+0+0 (secure 0 0 0) 0x7feb38011cb0 con 0x7feb44072490
2024-02-10T09:14:24.627 INFO:teuthology.orchestra.run.smithi076.stderr:/usr/bin/ceph:
2024-02-10T09:14:24.623+0000 7feb4931a700 1 -- 172.21.15.76:0/1052206618 >> [v2:172.21.15.76:3300/0,v1:172.21.15.76:6789/0] conn(0x7feb44072490 msgr2=0x7feb44070a30 secure :-1 s=STATE_CONNECTION_ESTABLISHED l=1).mark_down
2024-02-10T09:14:24.627 INFO:teuthology.orchestra.run.smithi076.stderr:/usr/bin/ceph:
2024-02-10T09:14:24.623+0000 7feb4931a700 1 --2- 172.21.15.76:0/1052206618 >> [v2:172.21.15.76:3300/0,v1:172.21.15.76:6789/0] conn(0x7feb44072490 0x7feb44070a30 secure :-1 s=READY pgs=39 cs=0 l=1 rev1=1 rx=0x7feb3800b5f0 tx=0x7feb38006ee0).stop
2024-02-10T09:14:24.627 INFO:teuthology.orchestra.run.smithi076.stderr:/usr/bin/ceph:
2024-02-10T09:14:24.623+0000 7feb4931a700 1 -- 172.21.15.76:0/1052206618 shutdown_connections
2024-02-10T09:14:24.627 INFO:teuthology.orchestra.run.smithi076.stderr:/usr/bin/ceph:
2024-02-10T09:14:24.623+0000 7feb4931a700 1 --2- 172.21.15.76:0/1052206618 >> [v2:172.21.15.76:3300/0,v1:172.21.15.76:6789/0] conn(0x7feb44072490 0x7feb44070a30 unknown :-1 s=CLOSED pgs=39 cs=0 l=1 rev1=1 rx=0 tx=0).stop
2024-02-10T09:14:24.627 INFO:teuthology.orchestra.run.smithi076.stderr:/usr/bin/ceph:
2024-02-10T09:14:24.623+0000 7feb4931a700 1 -- 172.21.15.76:0/1052206618 >> 172.21.15.76:0/1052206618 conn(0x7feb440f7640 msgr2=0x7feb440f9a60 unknown :-1 s=STATE_NONE l=0).mark_down
2024-02-10T09:14:24.627 INFO:teuthology.orchestra.run.smithi076.stderr:/usr/bin/ceph:
2024-02-10T09:14:24.623+0000 7feb4931a700 1 -- 172.21.15.76:0/1052206618 shutdown_connections
2024-02-10T09:14:24.627 INFO:teuthology.orchestra.run.smithi076.stderr:/usr/bin/ceph:
2024-02-10T09:14:24.623+0000 7feb4931a700 1 -- 172.21.15.76:0/1052206618 wait complete.
2024-02-10T09:14:24.627 INFO:teuthology.orchestra.run.smithi076.stderr:/usr/bin/ceph:
2024-02-10T09:14:24.623+0000 7feb4931a700 1 Processor -- start
2024-02-10T09:14:24.627 INFO:teuthology.orchestra.run.smithi076.stderr:/usr/bin/ceph:
2024-02-10T09:14:24.623+0000 7feb4931a700 1 -- start start
2024-02-10T09:14:24.627 INFO:teuthology.orchestra.run.smithi076.stderr:/usr/bin/ceph:
2024-02-10T09:14:24.624+0000 7feb4931a700 1 --2- >> [v2:172.21.15.76:3300/0,v1:172.21.15.76:6789/0] conn(0x7feb44072490 0x7feb4410ce10 unknown :-1 s=NONE pgs=0 cs=0 l=1 rev1=0 rx=0 tx=0).connect
2024-02-10T09:14:24.627 INFO:teuthology.orchestra.run.smithi076.stderr:/usr/bin/ceph:
2024-02-10T09:14:24.624+0000 7feb4931a700 1 -- --> [v2:172.21.15.76:3300/0,v1:172.21.15.76:6789/0] -- mon_getmap magic: 0 v1 -- 0x7feb4410d300 con 0x7feb44072490
2024-02-10T09:14:24.627 INFO:teuthology.orchestra.run.smithi076.stderr:/usr/bin/ceph:
2024-02-10T09:14:24.624+0000 7feb42ffd700 1 --2- >> [v2:172.21.15.76:3300/0,v1:172.21.15.76:6789/0] conn(0x7feb44072490 0x7feb4410ce10 unknown :-1 s=BANNER_CONNECTING pgs=0 cs=0 l=1 rev1=0 rx=0 tx=0)._handle_peer_banner_payload supported=1 required=0
2024-02-10T09:14:24.628 INFO:teuthology.orchestra.run.smithi076.stderr:/usr/bin/ceph:
2024-02-10T09:14:24.624+0000 7feb42ffd700 1 --2- >> [v2:172.21.15.76:3300/0,v1:172.21.15.76:6789/0] conn(0x7feb44072490 0x7feb4410ce10 unknown :-1 s=HELLO_CONNECTING pgs=0 cs=0 l=1 rev1=1 rx=0 tx=0).handle_hello peer v2:172.21.15.76:3300/0 says I am v2:172.21.15.76:42800/0 (socket says 172.21.15.76:42800)
2024-02-10T09:14:24.628 INFO:teuthology.orchestra.run.smithi076.stderr:/usr/bin/ceph:
2024-02-10T09:14:24.624+0000 7feb42ffd700 1 -- 172.21.15.76:0/639902252 learned_addr learned my addr 172.21.15.76:0/639902252 (peer_addr_for_me v2:172.21.15.76:0/0)
2024-02-10T09:14:24.628 INFO:teuthology.orchestra.run.smithi076.stderr:/usr/bin/ceph:
2024-02-10T09:14:24.624+0000 7feb42ffd700 1 -- 172.21.15.76:0/639902252 --> [v2:172.21.15.76:3300/0,v1:172.21.15.76:6789/0] -- mon_subscribe({config=0+,monmap=0+}) v3 -- 0x7feb3800b200 con 0x7feb44072490
2024-02-10T09:14:24.628 INFO:teuthology.orchestra.run.smithi076.stderr:/usr/bin/ceph:
2024-02-10T09:14:24.624+0000 7feb42ffd700 1 --2- 172.21.15.76:0/639902252 >> [v2:172.21.15.76:3300/0,v1:172.21.15.76:6789/0] conn(0x7feb44072490 0x7feb4410ce10 secure :-1 s=READY pgs=40 cs=0 l=1 rev1=1 rx=0x7feb38006c70 tx=0x7feb38006ee0).ready entity=mon.0 client_cookie=0 server_cookie=0 in_seq=0 out_seq=0
2024-02-10T09:14:24.628 INFO:teuthology.orchestra.run.smithi076.stderr:/usr/bin/ceph:
2024-02-10T09:14:24.624+0000 7feb2b7fe700 1 -- 172.21.15.76:0/639902252 <== mon.0 v2:172.21.15.76:3300/0 1 ==== mon_map magic: 0 v1 ==== 229+0+0 (secure 0 0 0) 0x7feb38011400 con 0x7feb44072490
2024-02-10T09:14:24.628 INFO:teuthology.orchestra.run.smithi076.stderr:/usr/bin/ceph:
2024-02-10T09:14:24.624+0000 7feb4931a700 1 -- 172.21.15.76:0/639902252 --> [v2:172.21.15.76:3300/0,v1:172.21.15.76:6789/0] -- mon_subscribe({mgrmap=0+}) v3 -- 0x7feb4410d500 con 0x7feb44072490
2024-02-10T09:14:24.628 INFO:teuthology.orchestra.run.smithi076.stderr:/usr/bin/ceph:
2024-02-10T09:14:24.624+0000 7feb2b7fe700 1 -- 172.21.15.76:0/639902252 <== mon.0 v2:172.21.15.76:3300/0 2 ==== config(26 keys) v1 ==== 1045+0+0 (secure 0 0 0) 0x7feb3801b8a0 con 0x7feb44072490
2024-02-10T09:14:24.628 INFO:teuthology.orchestra.run.smithi076.stderr:/usr/bin/ceph:
2024-02-10T09:14:24.624+0000 7feb2b7fe700 1 -- 172.21.15.76:0/639902252 <== mon.0 v2:172.21.15.76:3300/0 3 ==== mon_map magic: 0 v1 ==== 229+0+0 (secure 0 0 0) 0x7feb3801a7c0 con 0x7feb44072490
2024-02-10T09:14:24.628 INFO:teuthology.orchestra.run.smithi076.stderr:/usr/bin/ceph:
2024-02-10T09:14:24.624+0000 7feb4931a700 1 -- 172.21.15.76:0/639902252 --> [v2:172.21.15.76:3300/0,v1:172.21.15.76:6789/0] -- mon_subscribe({osdmap=0}) v3 -- 0x7feb4410e110 con 0x7feb44072490
2024-02-10T09:14:24.629 INFO:teuthology.orchestra.run.smithi076.stderr:/usr/bin/ceph:
2024-02-10T09:14:24.625+0000 7feb2b7fe700 1 -- 172.21.15.76:0/639902252 <== mon.0 v2:172.21.15.76:3300/0 4 ==== mgrmap(e 8) v1 ==== 36120+0+0 (secure 0 0 0) 0x7feb3800f070 con 0x7feb44072490
2024-02-10T09:14:24.629 INFO:teuthology.orchestra.run.smithi076.stderr:/usr/bin/ceph:
2024-02-10T09:14:24.625+0000 7feb4931a700 1 -- 172.21.15.76:0/639902252 --> [v2:172.21.15.76:3300/0,v1:172.21.15.76:6789/0] -- mon_command({"prefix": "get_command_descriptions"} v 0) v1 -- 0x7feb44059100 con 0x7feb44072490
2024-02-10T09:14:24.629 INFO:teuthology.orchestra.run.smithi076.stderr:/usr/bin/ceph:
2024-02-10T09:14:24.625+0000 7feb2b7fe700 1 --2- 172.21.15.76:0/639902252 >> [v2:172.21.15.76:6800/1554995960,v1:172.21.15.76:6801/1554995960] conn(0x7feb3002fe10 0x7feb300322d0 unknown :-1 s=NONE pgs=0 cs=0 l=1 rev1=0 rx=0 tx=0).connect
2024-02-10T09:14:24.629 INFO:teuthology.orchestra.run.smithi076.stderr:/usr/bin/ceph:
2024-02-10T09:14:24.625+0000 7feb2b7fe700 1 -- 172.21.15.76:0/639902252 <== mon.0 v2:172.21.15.76:3300/0 5 ==== osd_map(2..2 src has 1..2) v4 ==== 926+0+0 (secure 0 0 0) 0x7feb380412c0 con 0x7feb44072490
2024-02-10T09:14:24.629 INFO:teuthology.orchestra.run.smithi076.stderr:/usr/bin/ceph:
2024-02-10T09:14:24.626+0000 7feb427fc700 1 --2- 172.21.15.76:0/639902252 >> [v2:172.21.15.76:6800/1554995960,v1:172.21.15.76:6801/1554995960] conn(0x7feb3002fe10 0x7feb300322d0 unknown :-1 s=BANNER_CONNECTING pgs=0 cs=0 l=1 rev1=0 rx=0 tx=0)._handle_peer_banner_payload supported=1 required=0
2024-02-10T09:14:24.629 INFO:teuthology.orchestra.run.smithi076.stderr:/usr/bin/ceph:
2024-02-10T09:14:24.626+0000 7feb427fc700 1 --2- 172.21.15.76:0/639902252 >> [v2:172.21.15.76:6800/1554995960,v1:172.21.15.76:6801/1554995960] conn(0x7feb3002fe10 0x7feb300322d0 secure :-1 s=READY pgs=12 cs=0 l=1 rev1=1 rx=0x7feb340096a0 tx=0x7feb34006b40).ready entity=mgr.14114 client_cookie=0 server_cookie=0 in_seq=0 out_seq=0
2024-02-10T09:14:24.630 INFO:teuthology.orchestra.run.smithi076.stderr:/usr/bin/ceph:
2024-02-10T09:14:24.630+0000 7feb2b7fe700 1 -- 172.21.15.76:0/639902252 <== mon.0 v2:172.21.15.76:3300/0 6 ==== mon_command_ack([{"prefix": "get_command_descriptions"}]=0 v0) v1 ==== 72+0+152212 (secure 0 0 0) 0x7feb38022b90 con 0x7feb44072490
2024-02-10T09:14:24.805 INFO:teuthology.orchestra.run.smithi076.stderr:/usr/bin/ceph:
2024-02-10T09:14:24.804+0000 7feb4931a700 1 -- 172.21.15.76:0/639902252 --> [v2:172.21.15.76:6800/1554995960,v1:172.21.15.76:6801/1554995960] -- mgr_command(tid 0: {"prefix": "orch apply", "service_type": "mon", "target": ["mon-mgr", ""]}) v1 -- 0x7feb4410e410 con 0x7feb3002fe10
2024-02-10T09:14:24.809 INFO:teuthology.orchestra.run.smithi076.stderr:/usr/bin/ceph:
2024-02-10T09:14:24.808+0000 7feb2b7fe700 1 -- 172.21.15.76:0/639902252 <== mgr.14114 v2:172.21.15.76:6800/1554995960 1 ==== mgr_command_reply(tid 0: 0 ) v1 ==== 8+0+24 (secure 0 0 0) 0x7feb4410e410 con 0x7feb3002fe10
2024-02-10T09:14:24.809 INFO:teuthology.orchestra.run.smithi076.stderr:/usr/bin/ceph: Scheduled mon update...
2024-02-10T09:14:24.811 INFO:teuthology.orchestra.run.smithi076.stderr:/usr/bin/ceph:
2024-02-10T09:14:24.810+0000 7feb4931a700 1 -- 172.21.15.76:0/639902252 >> [v2:172.21.15.76:6800/1554995960,v1:172.21.15.76:6801/1554995960] conn(0x7feb3002fe10 msgr2=0x7feb300322d0 secure :-1 s=STATE_CONNECTION_ESTABLISHED l=1).mark_down
2024-02-10T09:14:24.812 INFO:teuthology.orchestra.run.smithi076.stderr:/usr/bin/ceph:
2024-02-10T09:14:24.810+0000 7feb4931a700 1 --2- 172.21.15.76:0/639902252 >> [v2:172.21.15.76:6800/1554995960,v1:172.21.15.76:6801/1554995960] conn(0x7feb3002fe10 0x7feb300322d0 secure :-1 s=READY pgs=12 cs=0 l=1 rev1=1 rx=0x7feb340096a0 tx=0x7feb34006b40).stop
2024-02-10T09:14:24.812 INFO:teuthology.orchestra.run.smithi076.stderr:/usr/bin/ceph:
2024-02-10T09:14:24.810+0000 7feb4931a700 1 -- 172.21.15.76:0/639902252 >> [v2:172.21.15.76:3300/0,v1:172.21.15.76:6789/0] conn(0x7feb44072490 msgr2=0x7feb4410ce10 secure :-1 s=STATE_CONNECTION_ESTABLISHED l=1).mark_down
2024-02-10T09:14:24.812 INFO:teuthology.orchestra.run.smithi076.stderr:/usr/bin/ceph:
2024-02-10T09:14:24.810+0000 7feb4931a700 1 --2- 172.21.15.76:0/639902252 >> [v2:172.21.15.76:3300/0,v1:172.21.15.76:6789/0] conn(0x7feb44072490 0x7feb4410ce10 secure :-1 s=READY pgs=40 cs=0 l=1 rev1=1 rx=0x7feb38006c70 tx=0x7feb38006ee0).stop
2024-02-10T09:14:24.812 INFO:teuthology.orchestra.run.smithi076.stderr:/usr/bin/ceph:
2024-02-10T09:14:24.810+0000 7feb4931a700 1 -- 172.21.15.76:0/639902252 shutdown_connections
2024-02-10T09:14:24.812 INFO:teuthology.orchestra.run.smithi076.stderr:/usr/bin/ceph:
2024-02-10T09:14:24.810+0000 7feb4931a700 1 --2- 172.21.15.76:0/639902252 >> [v2:172.21.15.76:6800/1554995960,v1:172.21.15.76:6801/1554995960] conn(0x7feb3002fe10 0x7feb300322d0 unknown :-1 s=CLOSED pgs=12 cs=0 l=1 rev1=1 rx=0 tx=0).stop
2024-02-10T09:14:24.812 INFO:teuthology.orchestra.run.smithi076.stderr:/usr/bin/ceph:
2024-02-10T09:14:24.810+0000 7feb4931a700 1 --2- 172.21.15.76:0/639902252 >> [v2:172.21.15.76:3300/0,v1:172.21.15.76:6789/0] conn(0x7feb44072490 0x7feb4410ce10 unknown :-1 s=CLOSED pgs=40 cs=0 l=1 rev1=1 rx=0 tx=0).stop
2024-02-10T09:14:24.812 INFO:teuthology.orchestra.run.smithi076.stderr:/usr/bin/ceph:
2024-02-10T09:14:24.810+0000 7feb4931a700 1 -- 172.21.15.76:0/639902252 >> 172.21.15.76:0/639902252 conn(0x7feb440f7640 msgr2=0x7feb440f90d0 unknown :-1 s=STATE_NONE l=0).mark_down
2024-02-10T09:14:24.812 INFO:teuthology.orchestra.run.smithi076.stderr:/usr/bin/ceph:
2024-02-10T09:14:24.810+0000 7feb4931a700 1 -- 172.21.15.76:0/639902252 shutdown_connections
2024-02-10T09:14:24.812 INFO:teuthology.orchestra.run.smithi076.stderr:/usr/bin/ceph:
2024-02-10T09:14:24.810+0000 7feb4931a700 1 -- 172.21.15.76:0/639902252 wait complete.
2024-02-10T09:14:24.834 INFO:journalctl@ceph.mon.smithi076.smithi076.stdout:Feb 10 09:14:24 smithi076 ceph-9fa8617c-c7f4-11ee-95b8-87774f69a715-mon.smithi076[39400]: audit
2024-02-10T09:14:23.525496+0000 mon.smithi076 (mon.0) 54 : audit [INF] from='mgr.14114 172.21.15.76:0/3756472045' entity='mgr.smithi076.lwnzhh'
2024-02-10T09:14:24.834 INFO:journalctl@ceph.mon.smithi076.smithi076.stdout:Feb 10 09:14:24 smithi076 ceph-9fa8617c-c7f4-11ee-95b8-87774f69a715-mon.smithi076[39400]: cephadm
2024-02-10T09:14:23.525778+0000 mgr.smithi076.lwnzhh (mgr.14114) 9 : cephadm [INF] Added host smithi076
2024-02-10T09:14:24.835 INFO:journalctl@ceph.mon.smithi076.smithi076.stdout:Feb 10 09:14:24 smithi076 ceph-9fa8617c-c7f4-11ee-95b8-87774f69a715-mon.smithi076[39400]: audit
2024-02-10T09:14:23.526055+0000 mon.smithi076 (mon.0) 55 : audit [DBG] from='mgr.14114 172.21.15.76:0/3756472045' entity='mgr.smithi076.lwnzhh' cmd=[{"prefix": "config dump", "format": "json"}]: dispatch
2024-02-10T09:14:25.403 INFO:teuthology.orchestra.run.smithi076.stderr:Deploying mgr service with default placement...
2024-02-10T09:14:25.403 INFO:teuthology.orchestra.run.smithi076.stderr:Running command: /bin/podman run --rm --ipc=host --no-hosts --net=host --entrypoint /usr/bin/ceph --init -e CONTAINER_IMAGE=docker.io/ceph/ceph:v16.2.4 -e NODE_NAME=smithi076 -e CEPH_USE_RANDOM_NONCE=1 -v /var/log/ceph/9fa8617c-c7f4-11ee-95b8-87774f69a715:/var/log/ceph:z -v /tmp/ceph-tmpq_ktrgna:/etc/ceph/ceph.client.admin.keyring:z -v /tmp/ceph-tmph1tmvv4d:/etc/ceph/ceph.conf:z docker.io/ceph/ceph:v16.2.4 orch apply mgr
2024-02-10T09:14:25.986 INFO:teuthology.orchestra.run.smithi076.stderr:/usr/bin/ceph:
2024-02-10T09:14:25.982+0000 7fab6e738700 1 Processor -- start
2024-02-10T09:14:25.987 INFO:teuthology.orchestra.run.smithi076.stderr:/usr/bin/ceph:
2024-02-10T09:14:25.982+0000 7fab6e738700 1 -- start start
2024-02-10T09:14:25.987 INFO:teuthology.orchestra.run.smithi076.stderr:/usr/bin/ceph:
2024-02-10T09:14:25.983+0000 7fab6e738700 1 --2- >> [v2:172.21.15.76:3300/0,v1:172.21.15.76:6789/0] conn(0x7fab680703b0 0x7fab68100e90 unknown :-1 s=NONE pgs=0 cs=0 l=0 rev1=0 rx=0 tx=0).connect
2024-02-10T09:14:25.987 INFO:teuthology.orchestra.run.smithi076.stderr:/usr/bin/ceph:
2024-02-10T09:14:25.983+0000 7fab6e738700 1 -- --> [v2:172.21.15.76:3300/0,v1:172.21.15.76:6789/0] -- mon_getmap magic: 0 v1 -- 0x7fab680fc880 con 0x7fab680703b0
2024-02-10T09:14:25.987 INFO:teuthology.orchestra.run.smithi076.stderr:/usr/bin/ceph:
2024-02-10T09:14:25.983+0000 7fab67fff700 1 --2- >> [v2:172.21.15.76:3300/0,v1:172.21.15.76:6789/0] conn(0x7fab680703b0 0x7fab68100e90 unknown :-1 s=BANNER_CONNECTING pgs=0 cs=0 l=0 rev1=0 rx=0 tx=0)._handle_peer_banner_payload supported=1 required=0
2024-02-10T09:14:25.987 INFO:teuthology.orchestra.run.smithi076.stderr:/usr/bin/ceph:
2024-02-10T09:14:25.983+0000 7fab67fff700 1 --2- >> [v2:172.21.15.76:3300/0,v1:172.21.15.76:6789/0] conn(0x7fab680703b0 0x7fab68100e90 unknown :-1 s=HELLO_CONNECTING pgs=0 cs=0 l=0 rev1=1 rx=0 tx=0).handle_hello peer v2:172.21.15.76:3300/0 says I am v2:172.21.15.76:42810/0 (socket says 172.21.15.76:42810)
2024-02-10T09:14:25.987 INFO:teuthology.orchestra.run.smithi076.stderr:/usr/bin/ceph:
2024-02-10T09:14:25.983+0000 7fab67fff700 1 -- 172.21.15.76:0/1163391072 learned_addr learned my addr 172.21.15.76:0/1163391072 (peer_addr_for_me v2:172.21.15.76:0/0)
2024-02-10T09:14:25.987 INFO:teuthology.orchestra.run.smithi076.stderr:/usr/bin/ceph:
2024-02-10T09:14:25.983+0000 7fab67fff700 1 -- 172.21.15.76:0/1163391072 --> [v2:172.21.15.76:3300/0,v1:172.21.15.76:6789/0] -- mon_subscribe({config=0+,monmap=0+}) v3 -- 0x7fab68101380 con 0x7fab680703b0
2024-02-10T09:14:25.987 INFO:teuthology.orchestra.run.smithi076.stderr:/usr/bin/ceph:
2024-02-10T09:14:25.983+0000 7fab67fff700 1 --2- 172.21.15.76:0/1163391072 >> [v2:172.21.15.76:3300/0,v1:172.21.15.76:6789/0] conn(0x7fab680703b0 0x7fab68100e90 secure :-1 s=READY pgs=41 cs=0 l=1 rev1=1 rx=0x7fab5c00b5f0 tx=0x7fab5c006ee0).ready entity=mon.0 client_cookie=7998352389324bbb server_cookie=0 in_seq=0 out_seq=0
2024-02-10T09:14:25.987 INFO:teuthology.orchestra.run.smithi076.stderr:/usr/bin/ceph:
2024-02-10T09:14:25.983+0000 7fab66ffd700 1 -- 172.21.15.76:0/1163391072 <== mon.0 v2:172.21.15.76:3300/0 1 ==== mon_map magic: 0 v1 ==== 229+0+0 (secure 0 0 0) 0x7fab5c00d600 con 0x7fab680703b0
2024-02-10T09:14:25.987 INFO:teuthology.orchestra.run.smithi076.stderr:/usr/bin/ceph:
2024-02-10T09:14:25.983+0000 7fab66ffd700 1 -- 172.21.15.76:0/1163391072 <== mon.0 v2:172.21.15.76:3300/0 2 ==== config(26 keys) v1 ==== 1045+0+0 (secure 0 0 0) 0x7fab5c00dbf0 con 0x7fab680703b0
2024-02-10T09:14:25.987 INFO:teuthology.orchestra.run.smithi076.stderr:/usr/bin/ceph:
2024-02-10T09:14:25.983+0000 7fab66ffd700 1 -- 172.21.15.76:0/1163391072 <== mon.0 v2:172.21.15.76:3300/0 3 ==== mon_map magic: 0 v1 ==== 229+0+0 (secure 0 0 0) 0x7fab5c011cb0 con 0x7fab680703b0
2024-02-10T09:14:25.988 INFO:teuthology.orchestra.run.smithi076.stderr:/usr/bin/ceph:
2024-02-10T09:14:25.984+0000 7fab6e738700 1 -- 172.21.15.76:0/1163391072 >> [v2:172.21.15.76:3300/0,v1:172.21.15.76:6789/0] conn(0x7fab680703b0 msgr2=0x7fab68100e90 secure :-1 s=STATE_CONNECTION_ESTABLISHED l=1).mark_down
2024-02-10T09:14:25.988 INFO:teuthology.orchestra.run.smithi076.stderr:/usr/bin/ceph:
2024-02-10T09:14:25.984+0000 7fab6e738700 1 --2- 172.21.15.76:0/1163391072 >> [v2:172.21.15.76:3300/0,v1:172.21.15.76:6789/0] conn(0x7fab680703b0 0x7fab68100e90 secure :-1 s=READY pgs=41 cs=0 l=1 rev1=1 rx=0x7fab5c00b5f0 tx=0x7fab5c006ee0).stop
2024-02-10T09:14:25.988 INFO:teuthology.orchestra.run.smithi076.stderr:/usr/bin/ceph:
2024-02-10T09:14:25.984+0000 7fab6e738700 1 -- 172.21.15.76:0/1163391072 shutdown_connections
2024-02-10T09:14:25.988 INFO:teuthology.orchestra.run.smithi076.stderr:/usr/bin/ceph:
2024-02-10T09:14:25.984+0000 7fab6e738700 1 --2- 172.21.15.76:0/1163391072 >> [v2:172.21.15.76:3300/0,v1:172.21.15.76:6789/0] conn(0x7fab680703b0 0x7fab68100e90 unknown :-1 s=CLOSED pgs=41 cs=0 l=1 rev1=1 rx=0 tx=0).stop
2024-02-10T09:14:25.988 INFO:teuthology.orchestra.run.smithi076.stderr:/usr/bin/ceph:
2024-02-10T09:14:25.984+0000 7fab6e738700 1 -- 172.21.15.76:0/1163391072 >> 172.21.15.76:0/1163391072 conn(0x7fab680f64d0 msgr2=0x7fab680f88f0 unknown :-1 s=STATE_NONE l=0).mark_down
2024-02-10T09:14:25.988 INFO:teuthology.orchestra.run.smithi076.stderr:/usr/bin/ceph:
2024-02-10T09:14:25.984+0000 7fab6e738700 1 -- 172.21.15.76:0/1163391072 shutdown_connections
2024-02-10T09:14:25.988 INFO:teuthology.orchestra.run.smithi076.stderr:/usr/bin/ceph:
2024-02-10T09:14:25.984+0000 7fab6e738700 1 -- 172.21.15.76:0/1163391072 wait complete.
2024-02-10T09:14:25.988 INFO:teuthology.orchestra.run.smithi076.stderr:/usr/bin/ceph:
2024-02-10T09:14:25.985+0000 7fab6e738700 1 Processor -- start
2024-02-10T09:14:25.988 INFO:teuthology.orchestra.run.smithi076.stderr:/usr/bin/ceph:
2024-02-10T09:14:25.985+0000 7fab6e738700 1 -- start start
2024-02-10T09:14:25.988 INFO:teuthology.orchestra.run.smithi076.stderr:/usr/bin/ceph:
