2024-02-10T09:06:48.511 INFO:teuthology.orchestra.run.smithi047.stderr:/usr/bin/ceph:
2024-02-10T09:06:48.091+0000 7f1eeb779700 10 client.?.objecter ms_handle_connect 0x7f1ef80fc4b0
2024-02-10T09:06:48.512 INFO:teuthology.orchestra.run.smithi047.stderr:/usr/bin/ceph:
2024-02-10T09:06:48.091+0000 7f1eeb779700 10 client.?.objecter resend_mon_ops
2024-02-10T09:06:48.512 INFO:teuthology.orchestra.run.smithi047.stderr:/usr/bin/ceph:
2024-02-10T09:06:48.091+0000 7f1eeb779700 1 -- 172.21.15.47:0/506420399 <== mon.0 v2:172.21.15.47:3300/0 1 ==== mon_map magic: 0 v1 ==== 205+0+0 (secure 0 0 0) 0x7f1ef401a640 con 0x7f1ef80fc4b0
2024-02-10T09:06:48.512 INFO:teuthology.orchestra.run.smithi047.stderr:/usr/bin/ceph:
2024-02-10T09:06:48.091+0000 7f1f002cc700 1 -- 172.21.15.47:0/506420399 --> [v2:172.21.15.47:3300/0,v1:172.21.15.47:6789/0] -- mon_subscribe({mgrmap=0+}) v3 -- 0x7f1ef810d440 con 0x7f1ef80fc4b0
2024-02-10T09:06:48.512 INFO:teuthology.orchestra.run.smithi047.stderr:/usr/bin/ceph:
2024-02-10T09:06:48.091+0000 7f1eeb779700 1 -- 172.21.15.47:0/506420399 <== mon.0 v2:172.21.15.47:3300/0 2 ==== config(24 keys) v1 ==== 1054+0+0 (secure 0 0 0) 0x7f1ef401ac30 con 0x7f1ef80fc4b0
2024-02-10T09:06:48.512 INFO:teuthology.orchestra.run.smithi047.stderr:/usr/bin/ceph:
2024-02-10T09:06:48.091+0000 7f1eeb779700 1 -- 172.21.15.47:0/506420399 <== mon.0 v2:172.21.15.47:3300/0 3 ==== mon_map magic: 0 v1 ==== 205+0+0 (secure 0 0 0) 0x7f1ef4023a40 con 0x7f1ef80fc4b0
2024-02-10T09:06:48.512 INFO:teuthology.orchestra.run.smithi047.stderr:/usr/bin/ceph:
2024-02-10T09:06:48.091+0000 7f1f002cc700 10 client.14142.objecter _maybe_request_map subscribing (onetime) to next osd map
2024-02-10T09:06:48.512 INFO:teuthology.orchestra.run.smithi047.stderr:/usr/bin/ceph:
2024-02-10T09:06:48.091+0000 7f1f002cc700 1 -- 172.21.15.47:0/506420399 --> [v2:172.21.15.47:3300/0,v1:172.21.15.47:6789/0] -- mon_subscribe({osdmap=0}) v3 -- 0x7f1ef810dff0 con 0x7f1ef80fc4b0
2024-02-10T09:06:48.512 INFO:teuthology.orchestra.run.smithi047.stderr:/usr/bin/ceph:
2024-02-10T09:06:48.091+0000 7f1f002cc700 1 librados: init done
2024-02-10T09:06:48.512 INFO:teuthology.orchestra.run.smithi047.stderr:/usr/bin/ceph:
2024-02-10T09:06:48.092+0000 7f1eeb779700 1 -- 172.21.15.47:0/506420399 <== mon.0 v2:172.21.15.47:3300/0 4 ==== mgrmap(e 8) v1 ==== 38617+0+0 (secure 0 0 0) 0x7f1ef401a7a0 con 0x7f1ef80fc4b0
2024-02-10T09:06:48.512 INFO:teuthology.orchestra.run.smithi047.stderr:/usr/bin/ceph:
2024-02-10T09:06:48.092+0000 7f1eeb779700 1 --2- 172.21.15.47:0/506420399 >> [v2:172.21.15.47:6800/2260448447,v1:172.21.15.47:6801/2260448447] conn(0x7f1ee4033f60 0x7f1ee4036420 unknown :-1 s=NONE pgs=0 cs=0 l=1 rev1=0 rx=0 tx=0).connect
2024-02-10T09:06:48.512 INFO:teuthology.orchestra.run.smithi047.stderr:/usr/bin/ceph:
2024-02-10T09:06:48.092+0000 7f1f002cc700 1 -- 172.21.15.47:0/506420399 --> [v2:172.21.15.47:3300/0,v1:172.21.15.47:6789/0] -- mon_command({"prefix": "get_command_descriptions"} v 0) v1 -- 0x7f1ef805a3b0 con 0x7f1ef80fc4b0
2024-02-10T09:06:48.512 INFO:teuthology.orchestra.run.smithi047.stderr:/usr/bin/ceph:
2024-02-10T09:06:48.092+0000 7f1eeb779700 1 -- 172.21.15.47:0/506420399 <== mon.0 v2:172.21.15.47:3300/0 5 ==== osd_map(2..2 src has 1..2) v4 ==== 926+0+0 (secure 0 0 0) 0x7f1ef4044cb0 con 0x7f1ef80fc4b0
2024-02-10T09:06:48.512 INFO:teuthology.orchestra.run.smithi047.stderr:/usr/bin/ceph:
2024-02-10T09:06:48.092+0000 7f1eeb779700 10 client.14142.objecter ms_dispatch 0x7f1ef8001550 osd_map(2..2 src has 1..2) v4
2024-02-10T09:06:48.513 INFO:teuthology.orchestra.run.smithi047.stderr:/usr/bin/ceph:
2024-02-10T09:06:48.092+0000 7f1eeb779700 3 client.14142.objecter handle_osd_map got epochs [2,2] > 0
2024-02-10T09:06:48.513 INFO:teuthology.orchestra.run.smithi047.stderr:/usr/bin/ceph:
2024-02-10T09:06:48.092+0000 7f1eeb779700 3 client.14142.objecter handle_osd_map decoding full epoch 2
2024-02-10T09:06:48.513 INFO:teuthology.orchestra.run.smithi047.stderr:/usr/bin/ceph:
2024-02-10T09:06:48.092+0000 7f1eeb779700 20 client.14142.objecter dump_active .. 0 homeless
2024-02-10T09:06:48.513 INFO:teuthology.orchestra.run.smithi047.stderr:/usr/bin/ceph:
2024-02-10T09:06:48.092+0000 7f1efd867700 1 --2- 172.21.15.47:0/506420399 >> [v2:172.21.15.47:6800/2260448447,v1:172.21.15.47:6801/2260448447] conn(0x7f1ee4033f60 0x7f1ee4036420 unknown :-1 s=BANNER_CONNECTING pgs=0 cs=0 l=1 rev1=0 rx=0 tx=0)._handle_peer_banner_payload supported=1 required=0
2024-02-10T09:06:48.513 INFO:teuthology.orchestra.run.smithi047.stderr:/usr/bin/ceph:
2024-02-10T09:06:48.092+0000 7f1eeb779700 10 client.14142.objecter ms_handle_connect 0x7f1ee4033f60
2024-02-10T09:06:48.513 INFO:teuthology.orchestra.run.smithi047.stderr:/usr/bin/ceph:
2024-02-10T09:06:48.092+0000 7f1efd867700 1 --2- 172.21.15.47:0/506420399 >> [v2:172.21.15.47:6800/2260448447,v1:172.21.15.47:6801/2260448447] conn(0x7f1ee4033f60 0x7f1ee4036420 secure :-1 s=READY pgs=14 cs=0 l=1 rev1=1 rx=0x7f1eec009780 tx=0x7f1eec006cc0).ready entity=mgr.14116 client_cookie=0 server_cookie=0 in_seq=0 out_seq=0
2024-02-10T09:06:48.513 INFO:teuthology.orchestra.run.smithi047.stderr:/usr/bin/ceph:
2024-02-10T09:06:48.097+0000 7f1eeb779700 1 -- 172.21.15.47:0/506420399 <== mon.0 v2:172.21.15.47:3300/0 6 ==== mon_command_ack([{"prefix": "get_command_descriptions"}]=0 v0) v1 ==== 72+0+163658 (secure 0 0 0) 0x7f1ef401e080 con 0x7f1ef80fc4b0
2024-02-10T09:06:48.513 INFO:teuthology.orchestra.run.smithi047.stderr:/usr/bin/ceph:
2024-02-10T09:06:48.269+0000 7f1f002cc700 1 -- 172.21.15.47:0/506420399 --> [v2:172.21.15.47:3300/0,v1:172.21.15.47:6789/0] -- mon_command([{prefix=config set, name=mgr/dashboard/ssl_server_port}] v 0) v1 -- 0x7f1ef8102210 con 0x7f1ef80fc4b0
2024-02-10T09:06:48.513 INFO:teuthology.orchestra.run.smithi047.stderr:/usr/bin/ceph:
2024-02-10T09:06:48.272+0000 7f1eeb779700 1 -- 172.21.15.47:0/506420399 <== mon.0 v2:172.21.15.47:3300/0 7 ==== mon_command_ack([{prefix=config set, name=mgr/dashboard/ssl_server_port}]=0 v8)=0 v8) v1 ==== 130+0+0 (secure 0 0 0) 0x7f1ef402c3f0 con 0x7f1ef80fc4b0
2024-02-10T09:06:48.513 INFO:teuthology.orchestra.run.smithi047.stderr:/usr/bin/ceph:
2024-02-10T09:06:48.274+0000 7f1f002cc700 10 librados: watch_flush enter
2024-02-10T09:06:48.513 INFO:teuthology.orchestra.run.smithi047.stderr:/usr/bin/ceph:
2024-02-10T09:06:48.274+0000 7f1f002cc700 10 librados: watch_flush exit
2024-02-10T09:06:48.513 INFO:teuthology.orchestra.run.smithi047.stderr:/usr/bin/ceph:
2024-02-10T09:06:48.274+0000 7f1f002cc700 20 client.14142.objecter shutdown clearing up homeless session...
2024-02-10T09:06:48.513 INFO:teuthology.orchestra.run.smithi047.stderr:/usr/bin/ceph:
2024-02-10T09:06:48.274+0000 7f1f002cc700 10 client.14142.objecter successfully canceled tick
2024-02-10T09:06:48.513 INFO:teuthology.orchestra.run.smithi047.stderr:/usr/bin/ceph:
2024-02-10T09:06:48.274+0000 7f1f002cc700 1 -- 172.21.15.47:0/506420399 >> [v2:172.21.15.47:6800/2260448447,v1:172.21.15.47:6801/2260448447] conn(0x7f1ee4033f60 msgr2=0x7f1ee4036420 secure :-1 s=STATE_CONNECTION_ESTABLISHED l=1).mark_down
2024-02-10T09:06:48.513 INFO:teuthology.orchestra.run.smithi047.stderr:/usr/bin/ceph:
2024-02-10T09:06:48.274+0000 7f1f002cc700 1 --2- 172.21.15.47:0/506420399 >> [v2:172.21.15.47:6800/2260448447,v1:172.21.15.47:6801/2260448447] conn(0x7f1ee4033f60 0x7f1ee4036420 secure :-1 s=READY pgs=14 cs=0 l=1 rev1=1 rx=0x7f1eec009780 tx=0x7f1eec006cc0).stop
2024-02-10T09:06:48.514 INFO:teuthology.orchestra.run.smithi047.stderr:/usr/bin/ceph:
2024-02-10T09:06:48.274+0000 7f1f002cc700 1 -- 172.21.15.47:0/506420399 >> [v2:172.21.15.47:3300/0,v1:172.21.15.47:6789/0] conn(0x7f1ef80fc4b0 msgr2=0x7f1ef810cd50 secure :-1 s=STATE_CONNECTION_ESTABLISHED l=1).mark_down
2024-02-10T09:06:48.514 INFO:teuthology.orchestra.run.smithi047.stderr:/usr/bin/ceph:
2024-02-10T09:06:48.274+0000 7f1f002cc700 1 --2- 172.21.15.47:0/506420399 >> [v2:172.21.15.47:3300/0,v1:172.21.15.47:6789/0] conn(0x7f1ef80fc4b0 0x7f1ef810cd50 secure :-1 s=READY pgs=48 cs=0 l=1 rev1=1 rx=0x7f1ef4011440 tx=0x7f1ef40090f0).stop
2024-02-10T09:06:48.514 INFO:teuthology.orchestra.run.smithi047.stderr:/usr/bin/ceph:
2024-02-10T09:06:48.274+0000 7f1f002cc700 1 -- 172.21.15.47:0/506420399 shutdown_connections
2024-02-10T09:06:48.514 INFO:teuthology.orchestra.run.smithi047.stderr:/usr/bin/ceph:
2024-02-10T09:06:48.274+0000 7f1f002cc700 1 --2- 172.21.15.47:0/506420399 >> [v2:172.21.15.47:6800/2260448447,v1:172.21.15.47:6801/2260448447] conn(0x7f1ee4033f60 0x7f1ee4036420 unknown :-1 s=CLOSED pgs=14 cs=0 l=1 rev1=1 rx=0 tx=0).stop
2024-02-10T09:06:48.514 INFO:teuthology.orchestra.run.smithi047.stderr:/usr/bin/ceph:
2024-02-10T09:06:48.274+0000 7f1f002cc700 1 --2- 172.21.15.47:0/506420399 >> [v2:172.21.15.47:3300/0,v1:172.21.15.47:6789/0] conn(0x7f1ef80fc4b0 0x7f1ef810cd50 unknown :-1 s=CLOSED pgs=48 cs=0 l=1 rev1=1 rx=0 tx=0).stop
2024-02-10T09:06:48.514 INFO:teuthology.orchestra.run.smithi047.stderr:/usr/bin/ceph:
2024-02-10T09:06:48.274+0000 7f1f002cc700 1 -- 172.21.15.47:0/506420399 >> 172.21.15.47:0/506420399 conn(0x7f1ef80f5d40 msgr2=0x7f1ef80f7520 unknown :-1 s=STATE_NONE l=0).mark_down
2024-02-10T09:06:48.514 INFO:teuthology.orchestra.run.smithi047.stderr:/usr/bin/ceph:
2024-02-10T09:06:48.274+0000 7f1f002cc700 1 -- 172.21.15.47:0/506420399 shutdown_connections
2024-02-10T09:06:48.514 INFO:teuthology.orchestra.run.smithi047.stderr:/usr/bin/ceph:
2024-02-10T09:06:48.274+0000 7f1f002cc700 1 -- 172.21.15.47:0/506420399 wait complete.
2024-02-10T09:06:48.514 INFO:teuthology.orchestra.run.smithi047.stderr:/usr/bin/ceph:
2024-02-10T09:06:48.274+0000 7f1f002cc700 1 librados: shutdown
2024-02-10T09:06:49.114 INFO:teuthology.orchestra.run.smithi047.stderr:Enabling the dashboard module...
2024-02-10T09:06:49.629 INFO:journalctl@ceph.mon.a.smithi047.stdout:Feb 10 09:06:49 smithi047 ceph-8844abf4-c7f3-11ee-95b8-87774f69a715-mon-a[39524]: audit
2024-02-10T09:06:48.273386+0000 mon.a (mon.0) 60 : audit [INF] from='client.? 172.21.15.47:0/506420399' entity='client.admin'
2024-02-10T09:06:49.630 INFO:journalctl@ceph.mon.a.smithi047.stdout:Feb 10 09:06:49 smithi047 ceph-8844abf4-c7f3-11ee-95b8-87774f69a715-mon-a[39524]: audit
2024-02-10T09:06:48.784292+0000 mon.a (mon.0) 61 : audit [INF] from='mgr.14116 172.21.15.47:0/914988882' entity='mgr.y'
2024-02-10T09:06:49.688 INFO:teuthology.orchestra.run.smithi047.stderr:/usr/bin/ceph:
2024-02-10T09:06:49.685+0000 7f58eeaf3700 1 Processor -- start
2024-02-10T09:06:49.688 INFO:teuthology.orchestra.run.smithi047.stderr:/usr/bin/ceph:
2024-02-10T09:06:49.685+0000 7f58eeaf3700 1 -- start start
2024-02-10T09:06:49.688 INFO:teuthology.orchestra.run.smithi047.stderr:/usr/bin/ceph:
2024-02-10T09:06:49.686+0000 7f58eeaf3700 1 --2- >> [v2:172.21.15.47:3300/0,v1:172.21.15.47:6789/0] conn(0x7f58e806a2f0 0x7f58e806a710 unknown :-1 s=NONE pgs=0 cs=0 l=0 rev1=0 rx=0 tx=0).connect
2024-02-10T09:06:49.688 INFO:teuthology.orchestra.run.smithi047.stderr:/usr/bin/ceph:
2024-02-10T09:06:49.686+0000 7f58eeaf3700 1 -- --> [v2:172.21.15.47:3300/0,v1:172.21.15.47:6789/0] -- mon_getmap magic: 0 v1 -- 0x7f58e806b780 con 0x7f58e806a2f0
2024-02-10T09:06:49.688 INFO:teuthology.orchestra.run.smithi047.stderr:/usr/bin/ceph:
2024-02-10T09:06:49.686+0000 7f58ec88f700 1 --2- >> [v2:172.21.15.47:3300/0,v1:172.21.15.47:6789/0] conn(0x7f58e806a2f0 0x7f58e806a710 unknown :-1 s=BANNER_CONNECTING pgs=0 cs=0 l=0 rev1=0 rx=0 tx=0)._handle_peer_banner_payload supported=1 required=0
2024-02-10T09:06:49.688 INFO:teuthology.orchestra.run.smithi047.stderr:/usr/bin/ceph:
2024-02-10T09:06:49.686+0000 7f58ec88f700 1 --2- >> [v2:172.21.15.47:3300/0,v1:172.21.15.47:6789/0] conn(0x7f58e806a2f0 0x7f58e806a710 unknown :-1 s=HELLO_CONNECTING pgs=0 cs=0 l=0 rev1=1 rx=0 tx=0).handle_hello peer v2:172.21.15.47:3300/0 says I am v2:172.21.15.47:46044/0 (socket says 172.21.15.47:46044)
2024-02-10T09:06:49.688 INFO:teuthology.orchestra.run.smithi047.stderr:/usr/bin/ceph:
2024-02-10T09:06:49.686+0000 7f58ec88f700 1 -- 172.21.15.47:0/2918329774 learned_addr learned my addr 172.21.15.47:0/2918329774 (peer_addr_for_me v2:172.21.15.47:0/0)
2024-02-10T09:06:49.688 INFO:teuthology.orchestra.run.smithi047.stderr:/usr/bin/ceph:
2024-02-10T09:06:49.686+0000 7f58ec88f700 1 -- 172.21.15.47:0/2918329774 --> [v2:172.21.15.47:3300/0,v1:172.21.15.47:6789/0] -- mon_subscribe({config=0+,monmap=0+}) v3 -- 0x7f58e806ac00 con 0x7f58e806a2f0
2024-02-10T09:06:49.688 INFO:teuthology.orchestra.run.smithi047.stderr:/usr/bin/ceph:
2024-02-10T09:06:49.686+0000 7f58ec88f700 1 --2- 172.21.15.47:0/2918329774 >> [v2:172.21.15.47:3300/0,v1:172.21.15.47:6789/0] conn(0x7f58e806a2f0 0x7f58e806a710 secure :-1 s=READY pgs=49 cs=0 l=1 rev1=1 rx=0x7f58dc009730 tx=0x7f58dc0090f0).ready entity=mon.0 client_cookie=a2d8587f47d545f0 server_cookie=0 in_seq=0 out_seq=0
2024-02-10T09:06:49.688 INFO:teuthology.orchestra.run.smithi047.stderr:/usr/bin/ceph:
2024-02-10T09:06:49.686+0000 7f58e77fe700 1 -- 172.21.15.47:0/2918329774 <== mon.0 v2:172.21.15.47:3300/0 1 ==== mon_map magic: 0 v1 ==== 205+0+0 (secure 0 0 0) 0x7f58dc00b580 con 0x7f58e806a2f0
2024-02-10T09:06:49.688 INFO:teuthology.orchestra.run.smithi047.stderr:/usr/bin/ceph:
2024-02-10T09:06:49.687+0000 7f58e77fe700 1 -- 172.21.15.47:0/2918329774 <== mon.0 v2:172.21.15.47:3300/0 2 ==== config(24 keys) v1 ==== 1054+0+0 (secure 0 0 0) 0x7f58dc00bb70 con 0x7f58e806a2f0
2024-02-10T09:06:49.689 INFO:teuthology.orchestra.run.smithi047.stderr:/usr/bin/ceph:
2024-02-10T09:06:49.687+0000 7f58e77fe700 1 -- 172.21.15.47:0/2918329774 <== mon.0 v2:172.21.15.47:3300/0 3 ==== mon_map magic: 0 v1 ==== 205+0+0 (secure 0 0 0) 0x7f58dc011a70 con 0x7f58e806a2f0
2024-02-10T09:06:49.691 INFO:teuthology.orchestra.run.smithi047.stderr:/usr/bin/ceph:
2024-02-10T09:06:49.687+0000 7f58eeaf3700 1 -- 172.21.15.47:0/2918329774 >> [v2:172.21.15.47:3300/0,v1:172.21.15.47:6789/0] conn(0x7f58e806a2f0 msgr2=0x7f58e806a710 secure :-1 s=STATE_CONNECTION_ESTABLISHED l=1).mark_down
2024-02-10T09:06:49.691 INFO:teuthology.orchestra.run.smithi047.stderr:/usr/bin/ceph:
2024-02-10T09:06:49.687+0000 7f58eeaf3700 1 --2- 172.21.15.47:0/2918329774 >> [v2:172.21.15.47:3300/0,v1:172.21.15.47:6789/0] conn(0x7f58e806a2f0 0x7f58e806a710 secure :-1 s=READY pgs=49 cs=0 l=1 rev1=1 rx=0x7f58dc009730 tx=0x7f58dc0090f0).stop
2024-02-10T09:06:49.691 INFO:teuthology.orchestra.run.smithi047.stderr:/usr/bin/ceph:
2024-02-10T09:06:49.687+0000 7f58eeaf3700 1 -- 172.21.15.47:0/2918329774 shutdown_connections
2024-02-10T09:06:49.691 INFO:teuthology.orchestra.run.smithi047.stderr:/usr/bin/ceph:
2024-02-10T09:06:49.687+0000 7f58eeaf3700 1 --2- 172.21.15.47:0/2918329774 >> [v2:172.21.15.47:3300/0,v1:172.21.15.47:6789/0] conn(0x7f58e806a2f0 0x7f58e806a710 unknown :-1 s=CLOSED pgs=49 cs=0 l=1 rev1=1 rx=0 tx=0).stop
2024-02-10T09:06:49.691 INFO:teuthology.orchestra.run.smithi047.stderr:/usr/bin/ceph:
2024-02-10T09:06:49.687+0000 7f58eeaf3700 1 -- 172.21.15.47:0/2918329774 >> 172.21.15.47:0/2918329774 conn(0x7f58e8064d30 msgr2=0x7f58e8067150 unknown :-1 s=STATE_NONE l=0).mark_down
2024-02-10T09:06:49.691 INFO:teuthology.orchestra.run.smithi047.stderr:/usr/bin/ceph:
2024-02-10T09:06:49.687+0000 7f58eeaf3700 1 -- 172.21.15.47:0/2918329774 shutdown_connections
2024-02-10T09:06:49.691 INFO:teuthology.orchestra.run.smithi047.stderr:/usr/bin/ceph:
2024-02-10T09:06:49.688+0000 7f58eeaf3700 1 -- 172.21.15.47:0/2918329774 wait complete.
2024-02-10T09:06:49.691 INFO:teuthology.orchestra.run.smithi047.stderr:/usr/bin/ceph:
2024-02-10T09:06:49.688+0000 7f58eeaf3700 1 librados: starting msgr at
2024-02-10T09:06:49.691 INFO:teuthology.orchestra.run.smithi047.stderr:/usr/bin/ceph:
2024-02-10T09:06:49.688+0000 7f58eeaf3700 1 librados: starting objecter
2024-02-10T09:06:49.691 INFO:teuthology.orchestra.run.smithi047.stderr:/usr/bin/ceph:
2024-02-10T09:06:49.688+0000 7f58eeaf3700 1 Processor -- start
2024-02-10T09:06:49.691 INFO:teuthology.orchestra.run.smithi047.stderr:/usr/bin/ceph:
2024-02-10T09:06:49.688+0000 7f58eeaf3700 1 -- start start
2024-02-10T09:06:49.691 INFO:teuthology.orchestra.run.smithi047.stderr:/usr/bin/ceph:
2024-02-10T09:06:49.688+0000 7f58eeaf3700 1 librados: setting wanted keys
2024-02-10T09:06:49.692 INFO:teuthology.orchestra.run.smithi047.stderr:/usr/bin/ceph:
2024-02-10T09:06:49.688+0000 7f58eeaf3700 1 librados: calling monclient init
2024-02-10T09:06:49.692 INFO:teuthology.orchestra.run.smithi047.stderr:/usr/bin/ceph:
2024-02-10T09:06:49.689+0000 7f58eeaf3700 1 --2- >> [v2:172.21.15.47:3300/0,v1:172.21.15.47:6789/0] conn(0x7f58e806a2f0 0x7f58e8106a60 unknown :-1 s=NONE pgs=0 cs=0 l=1 rev1=0 rx=0 tx=0).connect
2024-02-10T09:06:49.692 INFO:teuthology.orchestra.run.smithi047.stderr:/usr/bin/ceph:
2024-02-10T09:06:49.689+0000 7f58eeaf3700 1 -- --> [v2:172.21.15.47:3300/0,v1:172.21.15.47:6789/0] -- mon_getmap magic: 0 v1 -- 0x7f58e8104ee0 con 0x7f58e806a2f0
2024-02-10T09:06:49.692 INFO:teuthology.orchestra.run.smithi047.stderr:/usr/bin/ceph:
2024-02-10T09:06:49.689+0000 7f58ec88f700 1 --2- >> [v2:172.21.15.47:3300/0,v1:172.21.15.47:6789/0] conn(0x7f58e806a2f0 0x7f58e8106a60 unknown :-1 s=BANNER_CONNECTING pgs=0 cs=0 l=1 rev1=0 rx=0 tx=0)._handle_peer_banner_payload supported=1 required=0
2024-02-10T09:06:49.692 INFO:teuthology.orchestra.run.smithi047.stderr:/usr/bin/ceph:
2024-02-10T09:06:49.689+0000 7f58ec88f700 1 --2- >> [v2:172.21.15.47:3300/0,v1:172.21.15.47:6789/0] conn(0x7f58e806a2f0 0x7f58e8106a60 unknown :-1 s=HELLO_CONNECTING pgs=0 cs=0 l=1 rev1=1 rx=0 tx=0).handle_hello peer v2:172.21.15.47:3300/0 says I am v2:172.21.15.47:46046/0 (socket says 172.21.15.47:46046)
2024-02-10T09:06:49.692 INFO:teuthology.orchestra.run.smithi047.stderr:/usr/bin/ceph:
2024-02-10T09:06:49.689+0000 7f58ec88f700 1 -- 172.21.15.47:0/3432914287 learned_addr learned my addr 172.21.15.47:0/3432914287 (peer_addr_for_me v2:172.21.15.47:0/0)
2024-02-10T09:06:49.693 INFO:teuthology.orchestra.run.smithi047.stderr:/usr/bin/ceph:
2024-02-10T09:06:49.689+0000 7f58ec88f700 1 -- 172.21.15.47:0/3432914287 --> [v2:172.21.15.47:3300/0,v1:172.21.15.47:6789/0] -- mon_subscribe({config=0+,monmap=0+}) v3 -- 0x7f58dc009370 con 0x7f58e806a2f0
2024-02-10T09:06:49.693 INFO:teuthology.orchestra.run.smithi047.stderr:/usr/bin/ceph:
2024-02-10T09:06:49.689+0000 7f58ec88f700 1 --2- 172.21.15.47:0/3432914287 >> [v2:172.21.15.47:3300/0,v1:172.21.15.47:6789/0] conn(0x7f58e806a2f0 0x7f58e8106a60 secure :-1 s=READY pgs=50 cs=0 l=1 rev1=1 rx=0x7f58dc012f10 tx=0x7f58dc0090f0).ready entity=mon.0 client_cookie=0 server_cookie=0 in_seq=0 out_seq=0
2024-02-10T09:06:49.694 INFO:teuthology.orchestra.run.smithi047.stderr:/usr/bin/ceph:
2024-02-10T09:06:49.689+0000 7f58e5ffb700 10 client.?.objecter ms_handle_connect 0x7f58e806a2f0
2024-02-10T09:06:49.694 INFO:teuthology.orchestra.run.smithi047.stderr:/usr/bin/ceph:
2024-02-10T09:06:49.689+0000 7f58e5ffb700 10 client.?.objecter resend_mon_ops
2024-02-10T09:06:49.694 INFO:teuthology.orchestra.run.smithi047.stderr:/usr/bin/ceph:
2024-02-10T09:06:49.689+0000 7f58e5ffb700 1 -- 172.21.15.47:0/3432914287 <== mon.0 v2:172.21.15.47:3300/0 1 ==== mon_map magic: 0 v1 ==== 205+0+0 (secure 0 0 0) 0x7f58dc01a640 con 0x7f58e806a2f0
2024-02-10T09:06:49.694 INFO:teuthology.orchestra.run.smithi047.stderr:/usr/bin/ceph:
2024-02-10T09:06:49.689+0000 7f58e5ffb700 1 -- 172.21.15.47:0/3432914287 <== mon.0 v2:172.21.15.47:3300/0 2 ==== config(24 keys) v1 ==== 1054+0+0 (secure 0 0 0) 0x7f58dc01ac30 con 0x7f58e806a2f0
2024-02-10T09:06:49.694 INFO:teuthology.orchestra.run.smithi047.stderr:/usr/bin/ceph:
2024-02-10T09:06:49.689+0000 7f58eeaf3700 1 -- 172.21.15.47:0/3432914287 --> [v2:172.21.15.47:3300/0,v1:172.21.15.47:6789/0] -- mon_subscribe({mgrmap=0+}) v3 -- 0x7f58e8105080 con 0x7f58e806a2f0
2024-02-10T09:06:49.694 INFO:teuthology.orchestra.run.smithi047.stderr:/usr/bin/ceph:
2024-02-10T09:06:49.689+0000 7f58e5ffb700 1 -- 172.21.15.47:0/3432914287 <== mon.0 v2:172.21.15.47:3300/0 3 ==== mon_map magic: 0 v1 ==== 205+0+0 (secure 0 0 0) 0x7f58dc0239e0 con 0x7f58e806a2f0
2024-02-10T09:06:49.694 INFO:teuthology.orchestra.run.smithi047.stderr:/usr/bin/ceph:
2024-02-10T09:06:49.690+0000 7f58eeaf3700 10 client.14144.objecter _maybe_request_map subscribing (onetime) to next osd map
2024-02-10T09:06:49.694 INFO:teuthology.orchestra.run.smithi047.stderr:/usr/bin/ceph:
2024-02-10T09:06:49.690+0000 7f58eeaf3700 1 -- 172.21.15.47:0/3432914287 --> [v2:172.21.15.47:3300/0,v1:172.21.15.47:6789/0] -- mon_subscribe({osdmap=0}) v3 -- 0x7f58e8105510 con 0x7f58e806a2f0
2024-02-10T09:06:49.694 INFO:teuthology.orchestra.run.smithi047.stderr:/usr/bin/ceph:
2024-02-10T09:06:49.690+0000 7f58eeaf3700 1 librados: init done
2024-02-10T09:06:49.694 INFO:teuthology.orchestra.run.smithi047.stderr:/usr/bin/ceph:
2024-02-10T09:06:49.691+0000 7f58eeaf3700 1 -- 172.21.15.47:0/3432914287 --> [v2:172.21.15.47:3300/0,v1:172.21.15.47:6789/0] -- mon_command({"prefix": "get_command_descriptions"} v 0) v1 -- 0x7f58e805a3b0 con 0x7f58e806a2f0
2024-02-10T09:06:49.694 INFO:teuthology.orchestra.run.smithi047.stderr:/usr/bin/ceph:
2024-02-10T09:06:49.691+0000 7f58e5ffb700 1 -- 172.21.15.47:0/3432914287 <== mon.0 v2:172.21.15.47:3300/0 4 ==== mgrmap(e 8) v1 ==== 38617+0+0 (secure 0 0 0) 0x7f58dc023c50 con 0x7f58e806a2f0
2024-02-10T09:06:49.694 INFO:teuthology.orchestra.run.smithi047.stderr:/usr/bin/ceph:
2024-02-10T09:06:49.691+0000 7f58e5ffb700 1 --2- 172.21.15.47:0/3432914287 >> [v2:172.21.15.47:6800/2260448447,v1:172.21.15.47:6801/2260448447] conn(0x7f58d8034000 0x7f58d80364c0 unknown :-1 s=NONE pgs=0 cs=0 l=1 rev1=0 rx=0 tx=0).connect
2024-02-10T09:06:49.694 INFO:teuthology.orchestra.run.smithi047.stderr:/usr/bin/ceph:
2024-02-10T09:06:49.691+0000 7f58e5ffb700 1 -- 172.21.15.47:0/3432914287 <== mon.0 v2:172.21.15.47:3300/0 5 ==== osd_map(2..2 src has 1..2) v4 ==== 926+0+0 (secure 0 0 0) 0x7f58dc045a90 con 0x7f58e806a2f0
2024-02-10T09:06:49.694 INFO:teuthology.orchestra.run.smithi047.stderr:/usr/bin/ceph:
2024-02-10T09:06:49.691+0000 7f58e5ffb700 10 client.14144.objecter ms_dispatch 0x7f58e8001550 osd_map(2..2 src has 1..2) v4
2024-02-10T09:06:49.695 INFO:teuthology.orchestra.run.smithi047.stderr:/usr/bin/ceph:
2024-02-10T09:06:49.691+0000 7f58e5ffb700 3 client.14144.objecter handle_osd_map got epochs [2,2] > 0
2024-02-10T09:06:49.695 INFO:teuthology.orchestra.run.smithi047.stderr:/usr/bin/ceph:
2024-02-10T09:06:49.691+0000 7f58e5ffb700 3 client.14144.objecter handle_osd_map decoding full epoch 2
2024-02-10T09:06:49.695 INFO:teuthology.orchestra.run.smithi047.stderr:/usr/bin/ceph:
2024-02-10T09:06:49.691+0000 7f58e5ffb700 20 client.14144.objecter dump_active .. 0 homeless
2024-02-10T09:06:49.696 INFO:teuthology.orchestra.run.smithi047.stderr:/usr/bin/ceph:
2024-02-10T09:06:49.695+0000 7f58e7fff700 1 --2- 172.21.15.47:0/3432914287 >> [v2:172.21.15.47:6800/2260448447,v1:172.21.15.47:6801/2260448447] conn(0x7f58d8034000 0x7f58d80364c0 unknown :-1 s=BANNER_CONNECTING pgs=0 cs=0 l=1 rev1=0 rx=0 tx=0)._handle_peer_banner_payload supported=1 required=0
2024-02-10T09:06:49.697 INFO:teuthology.orchestra.run.smithi047.stderr:/usr/bin/ceph:
2024-02-10T09:06:49.696+0000 7f58e7fff700 1 --2- 172.21.15.47:0/3432914287 >> [v2:172.21.15.47:6800/2260448447,v1:172.21.15.47:6801/2260448447] conn(0x7f58d8034000 0x7f58d80364c0 secure :-1 s=READY pgs=15 cs=0 l=1 rev1=1 rx=0x7f58d4009780 tx=0x7f58d4006cc0).ready entity=mgr.14116 client_cookie=0 server_cookie=0 in_seq=0 out_seq=0
2024-02-10T09:06:49.697 INFO:teuthology.orchestra.run.smithi047.stderr:/usr/bin/ceph:
2024-02-10T09:06:49.696+0000 7f58e5ffb700 1 -- 172.21.15.47:0/3432914287 <== mon.0 v2:172.21.15.47:3300/0 6 ==== mon_command_ack([{"prefix": "get_command_descriptions"}]=0 v0) v1 ==== 72+0+163658 (secure 0 0 0) 0x7f58dc02bb40 con 0x7f58e806a2f0
2024-02-10T09:06:49.697 INFO:teuthology.orchestra.run.smithi047.stderr:/usr/bin/ceph:
2024-02-10T09:06:49.696+0000 7f58e5ffb700 10 client.14144.objecter ms_handle_connect 0x7f58d8034000
2024-02-10T09:06:49.933 INFO:teuthology.orchestra.run.smithi047.stderr:/usr/bin/ceph:
2024-02-10T09:06:49.932+0000 7f58eeaf3700 1 -- 172.21.15.47:0/3432914287 --> [v2:172.21.15.47:3300/0,v1:172.21.15.47:6789/0] -- mon_command({"prefix": "mgr module enable", "module": "dashboard"} v 0) v1 -- 0x7f58e8046d80 con 0x7f58e806a2f0
2024-02-10T09:06:50.276 INFO:teuthology.orchestra.run.smithi047.stderr:/usr/bin/ceph:
2024-02-10T09:06:50.274+0000 7f58e5ffb700 1 -- 172.21.15.47:0/3432914287 <== mon.0 v2:172.21.15.47:3300/0 7 ==== mgrmap(e 9) v1 ==== 38630+0+0 (secure 0 0 0) 0x7f58dc02cc90 con 0x7f58e806a2f0
2024-02-10T09:06:50.276 INFO:teuthology.orchestra.run.smithi047.stderr:/usr/bin/ceph:
2024-02-10T09:06:50.275+0000 7f58e5ffb700 1 -- 172.21.15.47:0/3432914287 <== mon.0 v2:172.21.15.47:3300/0 8 ==== mon_command_ack([{"prefix": "mgr module enable", "module": "dashboard"}]=0 v9) v1 ==== 88+0+0 (secure 0 0 0) 0x7f58dc01f810 con 0x7f58e806a2f0
2024-02-10T09:06:50.280 INFO:teuthology.orchestra.run.smithi047.stderr:/usr/bin/ceph:
2024-02-10T09:06:50.278+0000 7f58eeaf3700 10 librados: watch_flush enter
2024-02-10T09:06:50.280 INFO:teuthology.orchestra.run.smithi047.stderr:/usr/bin/ceph:
2024-02-10T09:06:50.278+0000 7f58eeaf3700 10 librados: watch_flush exit
2024-02-10T09:06:50.280 INFO:teuthology.orchestra.run.smithi047.stderr:/usr/bin/ceph:
2024-02-10T09:06:50.278+0000 7f58eeaf3700 20 client.14144.objecter shutdown clearing up homeless session...
2024-02-10T09:06:50.280 INFO:teuthology.orchestra.run.smithi047.stderr:/usr/bin/ceph:
2024-02-10T09:06:50.278+0000 7f58eeaf3700 10 client.14144.objecter successfully canceled tick
2024-02-10T09:06:50.281 INFO:teuthology.orchestra.run.smithi047.stderr:/usr/bin/ceph:
2024-02-10T09:06:50.278+0000 7f58eeaf3700 1 -- 172.21.15.47:0/3432914287 >> [v2:172.21.15.47:6800/2260448447,v1:172.21.15.47:6801/2260448447] conn(0x7f58d8034000 msgr2=0x7f58d80364c0 secure :-1 s=STATE_CONNECTION_ESTABLISHED l=1).mark_down
2024-02-10T09:06:50.281 INFO:teuthology.orchestra.run.smithi047.stderr:/usr/bin/ceph:
2024-02-10T09:06:50.278+0000 7f58eeaf3700 1 --2- 172.21.15.47:0/3432914287 >> [v2:172.21.15.47:6800/2260448447,v1:172.21.15.47:6801/2260448447] conn(0x7f58d8034000 0x7f58d80364c0 secure :-1 s=READY pgs=15 cs=0 l=1 rev1=1 rx=0x7f58d4009780 tx=0x7f58d4006cc0).stop
2024-02-10T09:06:50.281 INFO:teuthology.orchestra.run.smithi047.stderr:/usr/bin/ceph:
2024-02-10T09:06:50.278+0000 7f58eeaf3700 1 -- 172.21.15.47:0/3432914287 >> [v2:172.21.15.47:3300/0,v1:172.21.15.47:6789/0] conn(0x7f58e806a2f0 msgr2=0x7f58e8106a60 secure :-1 s=STATE_CONNECTION_ESTABLISHED l=1).mark_down
2024-02-10T09:06:50.281 INFO:teuthology.orchestra.run.smithi047.stderr:/usr/bin/ceph:
2024-02-10T09:06:50.278+0000 7f58eeaf3700 1 --2- 172.21.15.47:0/3432914287 >> [v2:172.21.15.47:3300/0,v1:172.21.15.47:6789/0] conn(0x7f58e806a2f0 0x7f58e8106a60 secure :-1 s=READY pgs=50 cs=0 l=1 rev1=1 rx=0x7f58dc012f10 tx=0x7f58dc0090f0).stop
2024-02-10T09:06:50.281 INFO:teuthology.orchestra.run.smithi047.stderr:/usr/bin/ceph:
2024-02-10T09:06:50.278+0000 7f58eeaf3700 1 -- 172.21.15.47:0/3432914287 shutdown_connections
2024-02-10T09:06:50.281 INFO:teuthology.orchestra.run.smithi047.stderr:/usr/bin/ceph:
2024-02-10T09:06:50.278+0000 7f58eeaf3700 1 --2- 172.21.15.47:0/3432914287 >> [v2:172.21.15.47:6800/2260448447,v1:172.21.15.47:6801/2260448447] conn(0x7f58d8034000 0x7f58d80364c0 unknown :-1 s=CLOSED pgs=15 cs=0 l=1 rev1=1 rx=0 tx=0).stop
2024-02-10T09:06:50.281 INFO:teuthology.orchestra.run.smithi047.stderr:/usr/bin/ceph:
2024-02-10T09:06:50.278+0000 7f58eeaf3700 1 --2- 172.21.15.47:0/3432914287 >> [v2:172.21.15.47:3300/0,v1:172.21.15.47:6789/0] conn(0x7f58e806a2f0 0x7f58e8106a60 unknown :-1 s=CLOSED pgs=50 cs=0 l=1 rev1=1 rx=0 tx=0).stop
2024-02-10T09:06:50.281 INFO:teuthology.orchestra.run.smithi047.stderr:/usr/bin/ceph:
2024-02-10T09:06:50.278+0000 7f58eeaf3700 1 -- 172.21.15.47:0/3432914287 >> 172.21.15.47:0/3432914287 conn(0x7f58e8064d30 msgr2=0x7f58e8107980 unknown :-1 s=STATE_NONE l=0).mark_down
2024-02-10T09:06:50.281 INFO:teuthology.orchestra.run.smithi047.stderr:/usr/bin/ceph:
2024-02-10T09:06:50.278+0000 7f58eeaf3700 1 -- 172.21.15.47:0/3432914287 shutdown_connections
2024-02-10T09:06:50.281 INFO:teuthology.orchestra.run.smithi047.stderr:/usr/bin/ceph:
2024-02-10T09:06:50.278+0000 7f58eeaf3700 1 -- 172.21.15.47:0/3432914287 wait complete.
2024-02-10T09:06:50.281 INFO:teuthology.orchestra.run.smithi047.stderr:/usr/bin/ceph:
2024-02-10T09:06:50.278+0000 7f58eeaf3700 1 librados: shutdown
2024-02-10T09:06:50.525 INFO:journalctl@ceph.mon.a.smithi047.stdout:Feb 10 09:06:50 smithi047 ceph-8844abf4-c7f3-11ee-95b8-87774f69a715-mon-a[39524]: audit
2024-02-10T09:06:49.933729+0000 mon.a (mon.0) 62 : audit [INF] from='client.? 172.21.15.47:0/3432914287' entity='client.admin' cmd=[{"prefix": "mgr module enable", "module": "dashboard"}]: dispatch
2024-02-10T09:06:50.526 INFO:journalctl@ceph.mgr.y.smithi047.stdout:Feb 10 09:06:50 smithi047 ceph-8844abf4-c7f3-11ee-95b8-87774f69a715-mgr-y[39802]: ignoring --setuser ceph since I am not root
2024-02-10T09:06:50.526 INFO:journalctl@ceph.mgr.y.smithi047.stdout:Feb 10 09:06:50 smithi047 ceph-8844abf4-c7f3-11ee-95b8-87774f69a715-mgr-y[39802]: ignoring --setgroup ceph since I am not root
2024-02-10T09:06:50.526 INFO:journalctl@ceph.mgr.y.smithi047.stdout:Feb 10 09:06:50 smithi047 ceph-8844abf4-c7f3-11ee-95b8-87774f69a715-mgr-y[39802]: debug
2024-02-10T09:06:50.441+0000 7fe5b7934680 -1 mgr[py] Module alerts has missing NOTIFY_TYPES member
2024-02-10T09:06:50.879 INFO:journalctl@ceph.mgr.y.smithi047.stdout:Feb 10 09:06:50 smithi047 ceph-8844abf4-c7f3-11ee-95b8-87774f69a715-mgr-y[39802]: debug
2024-02-10T09:06:50.524+0000 7fe5b7934680 -1 mgr[py] Module balancer has missing NOTIFY_TYPES member
2024-02-10T09:06:51.181 INFO:journalctl@ceph.mgr.y.smithi047.stdout:Feb 10 09:06:50 smithi047 ceph-8844abf4-c7f3-11ee-95b8-87774f69a715-mgr-y[39802]: debug
2024-02-10T09:06:50.905+0000 7fe5b7934680 -1 mgr[py] Module crash has missing NOTIFY_TYPES member
2024-02-10T09:06:51.630 INFO:journalctl@ceph.mon.a.smithi047.stdout:Feb 10 09:06:51 smithi047 ceph-8844abf4-c7f3-11ee-95b8-87774f69a715-mon-a[39524]: audit
2024-02-10T09:06:50.276845+0000 mon.a (mon.0) 63 : audit [INF] from='client.? 172.21.15.47:0/3432914287' entity='client.admin' cmd='[{"prefix": "mgr module enable", "module": "dashboard"}]': finished
2024-02-10T09:06:51.630 INFO:journalctl@ceph.mon.a.smithi047.stdout:Feb 10 09:06:51 smithi047 ceph-8844abf4-c7f3-11ee-95b8-87774f69a715-mon-a[39524]: cluster
2024-02-10T09:06:50.276888+0000 mon.a (mon.0) 64 : cluster [DBG] mgrmap e9: y(active, since 17s)
2024-02-10T09:06:51.730 INFO:teuthology.orchestra.run.smithi047.stderr:/usr/bin/ceph:
2024-02-10T09:06:51.503+0000 7fd2b0e0d700 1 Processor -- start
2024-02-10T09:06:51.730 INFO:teuthology.orchestra.run.smithi047.stderr:/usr/bin/ceph:
2024-02-10T09:06:51.503+0000 7fd2b0e0d700 1 -- start start
2024-02-10T09:06:51.731 INFO:teuthology.orchestra.run.smithi047.stderr:/usr/bin/ceph:
2024-02-10T09:06:51.504+0000 7fd2b0e0d700 1 --2- >> [v2:172.21.15.47:3300/0,v1:172.21.15.47:6789/0] conn(0x7fd2ac073470 0x7fd2ac071a60 unknown :-1 s=NONE pgs=0 cs=0 l=0 rev1=0 rx=0 tx=0).connect
2024-02-10T09:06:51.731 INFO:teuthology.orchestra.run.smithi047.stderr:/usr/bin/ceph:
2024-02-10T09:06:51.504+0000 7fd2b0e0d700 1 -- --> [v2:172.21.15.47:3300/0,v1:172.21.15.47:6789/0] -- mon_getmap magic: 0 v1 -- 0x7fd2ac073890 con 0x7fd2ac073470
2024-02-10T09:06:51.731 INFO:teuthology.orchestra.run.smithi047.stderr:/usr/bin/ceph:
2024-02-10T09:06:51.504+0000 7fd2aa59c700 1 --2- >> [v2:172.21.15.47:3300/0,v1:172.21.15.47:6789/0] conn(0x7fd2ac073470 0x7fd2ac071a60 unknown :-1 s=BANNER_CONNECTING pgs=0 cs=0 l=0 rev1=0 rx=0 tx=0)._handle_peer_banner_payload supported=1 required=0
2024-02-10T09:06:51.731 INFO:teuthology.orchestra.run.smithi047.stderr:/usr/bin/ceph:
2024-02-10T09:06:51.504+0000 7fd2aa59c700 1 --2- >> [v2:172.21.15.47:3300/0,v1:172.21.15.47:6789/0] conn(0x7fd2ac073470 0x7fd2ac071a60 unknown :-1 s=HELLO_CONNECTING pgs=0 cs=0 l=0 rev1=1 rx=0 tx=0).handle_hello peer v2:172.21.15.47:3300/0 says I am v2:172.21.15.47:46054/0 (socket says 172.21.15.47:46054)
2024-02-10T09:06:51.731 INFO:teuthology.orchestra.run.smithi047.stderr:/usr/bin/ceph:
2024-02-10T09:06:51.504+0000 7fd2aa59c700 1 -- 172.21.15.47:0/901633939 learned_addr learned my addr 172.21.15.47:0/901633939 (peer_addr_for_me v2:172.21.15.47:0/0)
2024-02-10T09:06:51.731 INFO:teuthology.orchestra.run.smithi047.stderr:/usr/bin/ceph:
2024-02-10T09:06:51.504+0000 7fd2aa59c700 1 -- 172.21.15.47:0/901633939 --> [v2:172.21.15.47:3300/0,v1:172.21.15.47:6789/0] -- mon_subscribe({config=0+,monmap=0+}) v3 -- 0x7fd2ac071f50 con 0x7fd2ac073470
2024-02-10T09:06:51.732 INFO:teuthology.orchestra.run.smithi047.stderr:/usr/bin/ceph:
2024-02-10T09:06:51.504+0000 7fd2aa59c700 1 --2- 172.21.15.47:0/901633939 >> [v2:172.21.15.47:3300/0,v1:172.21.15.47:6789/0] conn(0x7fd2ac073470 0x7fd2ac071a60 secure :-1 s=READY pgs=53 cs=0 l=1 rev1=1 rx=0x7fd29c009730 tx=0x7fd29c0090f0).ready entity=mon.0 client_cookie=8eeb4f26b987f2c5 server_cookie=0 in_seq=0 out_seq=0
2024-02-10T09:06:51.732 INFO:teuthology.orchestra.run.smithi047.stderr:/usr/bin/ceph:
2024-02-10T09:06:51.505+0000 7fd2a959a700 1 -- 172.21.15.47:0/901633939 <== mon.0 v2:172.21.15.47:3300/0 1 ==== mon_map magic: 0 v1 ==== 205+0+0 (secure 0 0 0) 0x7fd29c00b580 con 0x7fd2ac073470
2024-02-10T09:06:51.732 INFO:teuthology.orchestra.run.smithi047.stderr:/usr/bin/ceph:
2024-02-10T09:06:51.505+0000 7fd2a959a700 1 -- 172.21.15.47:0/901633939 <== mon.0 v2:172.21.15.47:3300/0 2 ==== config(24 keys) v1 ==== 1054+0+0 (secure 0 0 0) 0x7fd29c00bb70 con 0x7fd2ac073470
2024-02-10T09:06:51.732 INFO:teuthology.orchestra.run.smithi047.stderr:/usr/bin/ceph:
2024-02-10T09:06:51.505+0000 7fd2a959a700 1 -- 172.21.15.47:0/901633939 <== mon.0 v2:172.21.15.47:3300/0 3 ==== mon_map magic: 0 v1 ==== 205+0+0 (secure 0 0 0) 0x7fd29c011a70 con 0x7fd2ac073470
2024-02-10T09:06:51.733 INFO:teuthology.orchestra.run.smithi047.stderr:/usr/bin/ceph:
2024-02-10T09:06:51.505+0000 7fd2b0e0d700 1 -- 172.21.15.47:0/901633939 >> [v2:172.21.15.47:3300/0,v1:172.21.15.47:6789/0] conn(0x7fd2ac073470 msgr2=0x7fd2ac071a60 secure :-1 s=STATE_CONNECTION_ESTABLISHED l=1).mark_down
2024-02-10T09:06:51.733 INFO:teuthology.orchestra.run.smithi047.stderr:/usr/bin/ceph:
2024-02-10T09:06:51.505+0000 7fd2b0e0d700 1 --2- 172.21.15.47:0/901633939 >> [v2:172.21.15.47:3300/0,v1:172.21.15.47:6789/0] conn(0x7fd2ac073470 0x7fd2ac071a60 secure :-1 s=READY pgs=53 cs=0 l=1 rev1=1 rx=0x7fd29c009730 tx=0x7fd29c0090f0).stop
2024-02-10T09:06:51.733 INFO:teuthology.orchestra.run.smithi047.stderr:/usr/bin/ceph:
2024-02-10T09:06:51.505+0000 7fd2b0e0d700 1 -- 172.21.15.47:0/901633939 shutdown_connections
2024-02-10T09:06:51.733 INFO:teuthology.orchestra.run.smithi047.stderr:/usr/bin/ceph:
2024-02-10T09:06:51.505+0000 7fd2b0e0d700 1 --2- 172.21.15.47:0/901633939 >> [v2:172.21.15.47:3300/0,v1:172.21.15.47:6789/0] conn(0x7fd2ac073470 0x7fd2ac071a60 unknown :-1 s=CLOSED pgs=53 cs=0 l=1 rev1=1 rx=0 tx=0).stop
2024-02-10T09:06:51.733 INFO:teuthology.orchestra.run.smithi047.stderr:/usr/bin/ceph:
2024-02-10T09:06:51.505+0000 7fd2b0e0d700 1 -- 172.21.15.47:0/901633939 >> 172.21.15.47:0/901633939 conn(0x7fd2ac0f78f0 msgr2=0x7fd2ac0f9ce0 unknown :-1 s=STATE_NONE l=0).mark_down
2024-02-10T09:06:51.733 INFO:teuthology.orchestra.run.smithi047.stderr:/usr/bin/ceph:
2024-02-10T09:06:51.505+0000 7fd2b0e0d700 1 -- 172.21.15.47:0/901633939 shutdown_connections
2024-02-10T09:06:51.733 INFO:teuthology.orchestra.run.smithi047.stderr:/usr/bin/ceph:
2024-02-10T09:06:51.505+0000 7fd2b0e0d700 1 -- 172.21.15.47:0/901633939 wait complete.
2024-02-10T09:06:51.734 INFO:teuthology.orchestra.run.smithi047.stderr:/usr/bin/ceph:
2024-02-10T09:06:51.506+0000 7fd2b0e0d700 1 librados: starting msgr at
2024-02-10T09:06:51.734 INFO:teuthology.orchestra.run.smithi047.stderr:/usr/bin/ceph:
2024-02-10T09:06:51.506+0000 7fd2b0e0d700 1 librados: starting objecter
2024-02-10T09:06:51.734 INFO:teuthology.orchestra.run.smithi047.stderr:/usr/bin/ceph:
2024-02-10T09:06:51.506+0000 7fd2b0e0d700 1 Processor -- start
2024-02-10T09:06:51.734 INFO:teuthology.orchestra.run.smithi047.stderr:/usr/bin/ceph:
2024-02-10T09:06:51.506+0000 7fd2b0e0d700 1 -- start start
2024-02-10T09:06:51.734 INFO:teuthology.orchestra.run.smithi047.stderr:/usr/bin/ceph:
2024-02-10T09:06:51.506+0000 7fd2b0e0d700 1 librados: setting wanted keys
2024-02-10T09:06:51.734 INFO:teuthology.orchestra.run.smithi047.stderr:/usr/bin/ceph:
2024-02-10T09:06:51.506+0000 7fd2b0e0d700 1 librados: calling monclient init
2024-02-10T09:06:51.735 INFO:teuthology.orchestra.run.smithi047.stderr:/usr/bin/ceph:
2024-02-10T09:06:51.506+0000 7fd2b0e0d700 1 --2- >> [v2:172.21.15.47:3300/0,v1:172.21.15.47:6789/0] conn(0x7fd2ac073470 0x7fd2ac10cd40 unknown :-1 s=NONE pgs=0 cs=0 l=1 rev1=0 rx=0 tx=0).connect
2024-02-10T09:06:51.735 INFO:teuthology.orchestra.run.smithi047.stderr:/usr/bin/ceph:
2024-02-10T09:06:51.506+0000 7fd2b0e0d700 1 -- --> [v2:172.21.15.47:3300/0,v1:172.21.15.47:6789/0] -- mon_getmap magic: 0 v1 -- 0x7fd2ac10d230 con 0x7fd2ac073470
2024-02-10T09:06:51.735 INFO:teuthology.orchestra.run.smithi047.stderr:/usr/bin/ceph:
2024-02-10T09:06:51.506+0000 7fd2aa59c700 1 --2- >> [v2:172.21.15.47:3300/0,v1:172.21.15.47:6789/0] conn(0x7fd2ac073470 0x7fd2ac10cd40 unknown :-1 s=BANNER_CONNECTING pgs=0 cs=0 l=1 rev1=0 rx=0 tx=0)._handle_peer_banner_payload supported=1 required=0
2024-02-10T09:06:51.735 INFO:teuthology.orchestra.run.smithi047.stderr:/usr/bin/ceph:
2024-02-10T09:06:51.506+0000 7fd2aa59c700 1 --2- >> [v2:172.21.15.47:3300/0,v1:172.21.15.47:6789/0] conn(0x7fd2ac073470 0x7fd2ac10cd40 unknown :-1 s=HELLO_CONNECTING pgs=0 cs=0 l=1 rev1=1 rx=0 tx=0).handle_hello peer v2:172.21.15.47:3300/0 says I am v2:172.21.15.47:46062/0 (socket says 172.21.15.47:46062)
2024-02-10T09:06:51.735 INFO:teuthology.orchestra.run.smithi047.stderr:/usr/bin/ceph:
2024-02-10T09:06:51.506+0000 7fd2aa59c700 1 -- 172.21.15.47:0/433889043 learned_addr learned my addr 172.21.15.47:0/433889043 (peer_addr_for_me v2:172.21.15.47:0/0)
2024-02-10T09:06:51.735 INFO:teuthology.orchestra.run.smithi047.stderr:/usr/bin/ceph:
2024-02-10T09:06:51.507+0000 7fd2aa59c700 1 -- 172.21.15.47:0/433889043 --> [v2:172.21.15.47:3300/0,v1:172.21.15.47:6789/0] -- mon_subscribe({config=0+,monmap=0+}) v3 -- 0x7fd29c009370 con 0x7fd2ac073470
2024-02-10T09:06:51.736 INFO:teuthology.orchestra.run.smithi047.stderr:/usr/bin/ceph:
2024-02-10T09:06:51.507+0000 7fd2aa59c700 1 --2- 172.21.15.47:0/433889043 >> [v2:172.21.15.47:3300/0,v1:172.21.15.47:6789/0] conn(0x7fd2ac073470 0x7fd2ac10cd40 secure :-1 s=READY pgs=54 cs=0 l=1 rev1=1 rx=0x7fd29c00b7b0 tx=0x7fd29c0090f0).ready entity=mon.0 client_cookie=0 server_cookie=0 in_seq=0 out_seq=0
2024-02-10T09:06:51.736 INFO:teuthology.orchestra.run.smithi047.stderr:/usr/bin/ceph:
2024-02-10T09:06:51.507+0000 7fd29b7fe700 10 client.?.objecter ms_handle_connect 0x7fd2ac073470
2024-02-10T09:06:51.736 INFO:teuthology.orchestra.run.smithi047.stderr:/usr/bin/ceph:
2024-02-10T09:06:51.507+0000 7fd29b7fe700 10 client.?.objecter resend_mon_ops
2024-02-10T09:06:51.736 INFO:teuthology.orchestra.run.smithi047.stderr:/usr/bin/ceph:
2024-02-10T09:06:51.507+0000 7fd29b7fe700 1 -- 172.21.15.47:0/433889043 <== mon.0 v2:172.21.15.47:3300/0 1 ==== mon_map magic: 0 v1 ==== 205+0+0 (secure 0 0 0) 0x7fd29c01a640 con 0x7fd2ac073470
2024-02-10T09:06:51.736 INFO:teuthology.orchestra.run.smithi047.stderr:/usr/bin/ceph:
2024-02-10T09:06:51.507+0000 7fd29b7fe700 1 -- 172.21.15.47:0/433889043 <== mon.0 v2:172.21.15.47:3300/0 2 ==== config(24 keys) v1 ==== 1054+0+0 (secure 0 0 0) 0x7fd29c01ac30 con 0x7fd2ac073470
2024-02-10T09:06:51.736 INFO:teuthology.orchestra.run.smithi047.stderr:/usr/bin/ceph:
2024-02-10T09:06:51.507+0000 7fd2b0e0d700 1 -- 172.21.15.47:0/433889043 --> [v2:172.21.15.47:3300/0,v1:172.21.15.47:6789/0] -- mon_subscribe({mgrmap=0+}) v3 -- 0x7fd2ac10d430 con 0x7fd2ac073470
2024-02-10T09:06:51.737 INFO:teuthology.orchestra.run.smithi047.stderr:/usr/bin/ceph:
2024-02-10T09:06:51.507+0000 7fd29b7fe700 1 -- 172.21.15.47:0/433889043 <== mon.0 v2:172.21.15.47:3300/0 3 ==== mon_map magic: 0 v1 ==== 205+0+0 (secure 0 0 0) 0x7fd29c023a00 con 0x7fd2ac073470
2024-02-10T09:06:51.737 INFO:teuthology.orchestra.run.smithi047.stderr:/usr/bin/ceph:
2024-02-10T09:06:51.507+0000 7fd2b0e0d700 10 client.14148.objecter _maybe_request_map subscribing (onetime) to next osd map
2024-02-10T09:06:51.737 INFO:teuthology.orchestra.run.smithi047.stderr:/usr/bin/ceph:
2024-02-10T09:06:51.507+0000 7fd2b0e0d700 1 -- 172.21.15.47:0/433889043 --> [v2:172.21.15.47:3300/0,v1:172.21.15.47:6789/0] -- mon_subscribe({osdmap=0}) v3 -- 0x7fd2ac10e040 con 0x7fd2ac073470
2024-02-10T09:06:51.737 INFO:teuthology.orchestra.run.smithi047.stderr:/usr/bin/ceph:
2024-02-10T09:06:51.507+0000 7fd2b0e0d700 1 librados: init done
2024-02-10T09:06:51.737 INFO:teuthology.orchestra.run.smithi047.stderr:/usr/bin/ceph:
2024-02-10T09:06:51.508+0000 7fd29b7fe700 1 -- 172.21.15.47:0/433889043 <== mon.0 v2:172.21.15.47:3300/0 4 ==== mgrmap(e 9) v1 ==== 38630+0+0 (secure 0 0 0) 0x7fd29c023c40 con 0x7fd2ac073470
2024-02-10T09:06:51.737 INFO:teuthology.orchestra.run.smithi047.stderr:/usr/bin/ceph:
2024-02-10T09:06:51.508+0000 7fd2b0e0d700 1 -- 172.21.15.47:0/433889043 --> [v2:172.21.15.47:3300/0,v1:172.21.15.47:6789/0] -- mon_command({"prefix": "get_command_descriptions"} v 0) v1 -- 0x7fd2ac10d8c0 con 0x7fd2ac073470
2024-02-10T09:06:51.737 INFO:teuthology.orchestra.run.smithi047.stderr:/usr/bin/ceph:
2024-02-10T09:06:51.508+0000 7fd29b7fe700 1 --2- 172.21.15.47:0/433889043 >> [v2:172.21.15.47:6800/2260448447,v1:172.21.15.47:6801/2260448447] conn(0x7fd294033fb0 0x7fd294036470 unknown :-1 s=NONE pgs=0 cs=0 l=1 rev1=0 rx=0 tx=0).connect
2024-02-10T09:06:51.737 INFO:teuthology.orchestra.run.smithi047.stderr:/usr/bin/ceph:
2024-02-10T09:06:51.508+0000 7fd29b7fe700 1 -- 172.21.15.47:0/433889043 <== mon.0 v2:172.21.15.47:3300/0 5 ==== osd_map(2..2 src has 1..2) v4 ==== 926+0+0 (secure 0 0 0) 0x7fd29c044d60 con 0x7fd2ac073470
2024-02-10T09:06:51.737 INFO:teuthology.orchestra.run.smithi047.stderr:/usr/bin/ceph:
2024-02-10T09:06:51.508+0000 7fd29b7fe700 10 client.14148.objecter ms_dispatch 0x7fd2ac001550 osd_map(2..2 src has 1..2) v4
2024-02-10T09:06:51.737 INFO:teuthology.orchestra.run.smithi047.stderr:/usr/bin/ceph:
2024-02-10T09:06:51.508+0000 7fd29b7fe700 3 client.14148.objecter handle_osd_map got epochs [2,2] > 0
2024-02-10T09:06:51.737 INFO:teuthology.orchestra.run.smithi047.stderr:/usr/bin/ceph:
2024-02-10T09:06:51.508+0000 7fd29b7fe700 3 client.14148.objecter handle_osd_map decoding full epoch 2
2024-02-10T09:06:51.738 INFO:teuthology.orchestra.run.smithi047.stderr:/usr/bin/ceph:
2024-02-10T09:06:51.508+0000 7fd2a9d9b700 1 -- 172.21.15.47:0/433889043 >> [v2:172.21.15.47:6800/2260448447,v1:172.21.15.47:6801/2260448447] conn(0x7fd294033fb0 msgr2=0x7fd294036470 unknown :-1 s=STATE_CONNECTING_RE l=1).process reconnect failed to v2:172.21.15.47:6800/2260448447
2024-02-10T09:06:51.738 INFO:teuthology.orchestra.run.smithi047.stderr:/usr/bin/ceph:
2024-02-10T09:06:51.508+0000 7fd2a9d9b700 1 --2- 172.21.15.47:0/433889043 >> [v2:172.21.15.47:6800/2260448447,v1:172.21.15.47:6801/2260448447] conn(0x7fd294033fb0 0x7fd294036470 unknown :-1 s=START_CONNECT pgs=0 cs=0 l=1 rev1=0 rx=0 tx=0)._fault waiting 0.200000
2024-02-10T09:06:51.738 INFO:teuthology.orchestra.run.smithi047.stderr:/usr/bin/ceph:
2024-02-10T09:06:51.508+0000 7fd29b7fe700 20 client.14148.objecter dump_active .. 0 homeless
2024-02-10T09:06:51.738 INFO:teuthology.orchestra.run.smithi047.stderr:/usr/bin/ceph:
2024-02-10T09:06:51.513+0000 7fd29b7fe700 1 -- 172.21.15.47:0/433889043 <== mon.0 v2:172.21.15.47:3300/0 6 ==== mon_command_ack([{"prefix": "get_command_descriptions"}]=0 v0) v1 ==== 72+0+163658 (secure 0 0 0) 0x7fd2ac10d8c0 con 0x7fd2ac073470
2024-02-10T09:06:51.738 INFO:teuthology.orchestra.run.smithi047.stderr:/usr/bin/ceph:
2024-02-10T09:06:51.709+0000 7fd2a9d9b700 1 -- 172.21.15.47:0/433889043 >> [v2:172.21.15.47:6800/2260448447,v1:172.21.15.47:6801/2260448447] conn(0x7fd294033fb0 msgr2=0x7fd294036470 unknown :-1 s=STATE_CONNECTING_RE l=1).process reconnect failed to v2:172.21.15.47:6800/2260448447
2024-02-10T09:06:51.738 INFO:teuthology.orchestra.run.smithi047.stderr:/usr/bin/ceph:
2024-02-10T09:06:51.709+0000 7fd2a9d9b700 1 --2- 172.21.15.47:0/433889043 >> [v2:172.21.15.47:6800/2260448447,v1:172.21.15.47:6801/2260448447] conn(0x7fd294033fb0 0x7fd294036470 unknown :-1 s=START_CONNECT pgs=0 cs=0 l=1 rev1=0 rx=0 tx=0)._fault waiting 0.400000
2024-02-10T09:06:51.776 INFO:teuthology.orchestra.run.smithi047.stderr:/usr/bin/ceph:
2024-02-10T09:06:51.774+0000 7fd2b0e0d700 1 -- 172.21.15.47:0/433889043 --> [v2:172.21.15.47:3300/0,v1:172.21.15.47:6789/0] -- mon_command({"prefix": "mgr stat"} v 0) v1 -- 0x7fd2ac10d8c0 con 0x7fd2ac073470
2024-02-10T09:06:51.776 INFO:teuthology.orchestra.run.smithi047.stderr:/usr/bin/ceph:
2024-02-10T09:06:51.774+0000 7fd29b7fe700 1 -- 172.21.15.47:0/433889043 <== mon.0 v2:172.21.15.47:3300/0 7 ==== mon_command_ack([{"prefix": "mgr stat"}]=0 v9) v1 ==== 56+0+88 (secure 0 0 0) 0x7fd2ac10d8c0 con 0x7fd2ac073470
2024-02-10T09:06:51.776 INFO:teuthology.orchestra.run.smithi047.stderr:/usr/bin/ceph: {
2024-02-10T09:06:51.776 INFO:teuthology.orchestra.run.smithi047.stderr:/usr/bin/ceph: "epoch": 9,
2024-02-10T09:06:51.776 INFO:teuthology.orchestra.run.smithi047.stderr:/usr/bin/ceph: "available": true,
2024-02-10T09:06:51.777 INFO:teuthology.orchestra.run.smithi047.stderr:/usr/bin/ceph: "active_name": "y",
2024-02-10T09:06:51.777 INFO:teuthology.orchestra.run.smithi047.stderr:/usr/bin/ceph: "num_standby": 0
2024-02-10T09:06:51.777 INFO:teuthology.orchestra.run.smithi047.stderr:/usr/bin/ceph: }
2024-02-10T09:06:51.779 INFO:teuthology.orchestra.run.smithi047.stderr:/usr/bin/ceph:
2024-02-10T09:06:51.777+0000 7fd2b0e0d700 10 librados: watch_flush enter
2024-02-10T09:06:51.779 INFO:teuthology.orchestra.run.smithi047.stderr:/usr/bin/ceph:
2024-02-10T09:06:51.777+0000 7fd2b0e0d700 10 librados: watch_flush exit
2024-02-10T09:06:51.779 INFO:teuthology.orchestra.run.smithi047.stderr:/usr/bin/ceph:
2024-02-10T09:06:51.777+0000 7fd2b0e0d700 20 client.14148.objecter shutdown clearing up homeless session...
2024-02-10T09:06:51.779 INFO:teuthology.orchestra.run.smithi047.stderr:/usr/bin/ceph:
2024-02-10T09:06:51.777+0000 7fd2b0e0d700 10 client.14148.objecter successfully canceled tick
2024-02-10T09:06:51.779 INFO:teuthology.orchestra.run.smithi047.stderr:/usr/bin/ceph:
2024-02-10T09:06:51.777+0000 7fd2b0e0d700 1 -- 172.21.15.47:0/433889043 >> [v2:172.21.15.47:6800/2260448447,v1:172.21.15.47:6801/2260448447] conn(0x7fd294033fb0 msgr2=0x7fd294036470 unknown :-1 s=STATE_CONNECTING l=1).mark_down
2024-02-10T09:06:51.779 INFO:teuthology.orchestra.run.smithi047.stderr:/usr/bin/ceph:
2024-02-10T09:06:51.777+0000 7fd2b0e0d700 1 --2- 172.21.15.47:0/433889043 >> [v2:172.21.15.47:6800/2260448447,v1:172.21.15.47:6801/2260448447] conn(0x7fd294033fb0 0x7fd294036470 unknown :-1 s=START_CONNECT pgs=0 cs=0 l=1 rev1=0 rx=0 tx=0).stop
2024-02-10T09:06:51.779 INFO:teuthology.orchestra.run.smithi047.stderr:/usr/bin/ceph:
2024-02-10T09:06:51.777+0000 7fd2b0e0d700 1 -- 172.21.15.47:0/433889043 >> [v2:172.21.15.47:3300/0,v1:172.21.15.47:6789/0] conn(0x7fd2ac073470 msgr2=0x7fd2ac10cd40 secure :-1 s=STATE_CONNECTION_ESTABLISHED l=1).mark_down
2024-02-10T09:06:51.779 INFO:teuthology.orchestra.run.smithi047.stderr:/usr/bin/ceph:
2024-02-10T09:06:51.777+0000 7fd2b0e0d700 1 --2- 172.21.15.47:0/433889043 >> [v2:172.21.15.47:3300/0,v1:172.21.15.47:6789/0] conn(0x7fd2ac073470 0x7fd2ac10cd40 secure :-1 s=READY pgs=54 cs=0 l=1 rev1=1 rx=0x7fd29c00b7b0 tx=0x7fd29c0090f0).stop
2024-02-10T09:06:51.779 INFO:teuthology.orchestra.run.smithi047.stderr:/usr/bin/ceph:
2024-02-10T09:06:51.777+0000 7fd2b0e0d700 1 -- 172.21.15.47:0/433889043 shutdown_connections
2024-02-10T09:06:51.779 INFO:teuthology.orchestra.run.smithi047.stderr:/usr/bin/ceph:
2024-02-10T09:06:51.777+0000 7fd2b0e0d700 1 --2- 172.21.15.47:0/433889043 >> [v2:172.21.15.47:6800/2260448447,v1:172.21.15.47:6801/2260448447] conn(0x7fd294033fb0 0x7fd294036470 unknown :-1 s=CLOSED pgs=0 cs=0 l=1 rev1=0 rx=0 tx=0).stop
2024-02-10T09:06:51.779 INFO:teuthology.orchestra.run.smithi047.stderr:/usr/bin/ceph:
2024-02-10T09:06:51.777+0000 7fd2b0e0d700 1 --2- 172.21.15.47:0/433889043 >> [v2:172.21.15.47:3300/0,v1:172.21.15.47:6789/0] conn(0x7fd2ac073470 0x7fd2ac10cd40 unknown :-1 s=CLOSED pgs=54 cs=0 l=1 rev1=1 rx=0 tx=0).stop
2024-02-10T09:06:51.779 INFO:teuthology.orchestra.run.smithi047.stderr:/usr/bin/ceph:
2024-02-10T09:06:51.777+0000 7fd2b0e0d700 1 -- 172.21.15.47:0/433889043 >> 172.21.15.47:0/433889043 conn(0x7fd2ac0f78f0 msgr2=0x7fd2ac0fa0e0 unknown :-1 s=STATE_NONE l=0).mark_down
2024-02-10T09:06:51.779 INFO:teuthology.orchestra.run.smithi047.stderr:/usr/bin/ceph:
2024-02-10T09:06:51.777+0000 7fd2b0e0d700 1 -- 172.21.15.47:0/433889043 shutdown_connections
2024-02-10T09:06:51.780 INFO:teuthology.orchestra.run.smithi047.stderr:/usr/bin/ceph:
2024-02-10T09:06:51.777+0000 7fd2b0e0d700 1 -- 172.21.15.47:0/433889043 wait complete.
2024-02-10T09:06:51.780 INFO:teuthology.orchestra.run.smithi047.stderr:/usr/bin/ceph:
2024-02-10T09:06:51.777+0000 7fd2b0e0d700 1 librados: shutdown
2024-02-10T09:06:52.030 INFO:journalctl@ceph.mgr.y.smithi047.stdout:Feb 10 09:06:51 smithi047 ceph-8844abf4-c7f3-11ee-95b8-87774f69a715-mgr-y[39802]: debug
2024-02-10T09:06:51.719+0000 7fe5b7934680 -1 mgr[py] Module diskprediction_local has missing NOTIFY_TYPES member
2024-02-10T09:06:52.030 INFO:journalctl@ceph.mgr.y.smithi047.stdout:Feb 10 09:06:51 smithi047 ceph-8844abf4-c7f3-11ee-95b8-87774f69a715-mgr-y[39802]: debug
2024-02-10T09:06:51.805+0000 7fe5b7934680 -1 mgr[py] Module influx has missing NOTIFY_TYPES member
