2024-02-10T09:22:48.862 INFO:teuthology.orchestra.run.smithi172.stderr:/usr/bin/ceph:
2024-02-10T09:22:48.322+0000 7fd0e259c700 1 -- 172.21.15.172:0/2608089707 --> [v2:172.21.15.172:3300/0,v1:172.21.15.172:6789/0] -- mon_subscribe({config=0+,monmap=0+}) v3 -- 0x7fd0d400b200 con 0x7fd0e4070430
2024-02-10T09:22:48.862 INFO:teuthology.orchestra.run.smithi172.stderr:/usr/bin/ceph:
2024-02-10T09:22:48.322+0000 7fd0e259c700 1 --2- 172.21.15.172:0/2608089707 >> [v2:172.21.15.172:3300/0,v1:172.21.15.172:6789/0] conn(0x7fd0e4070430 0x7fd0e40fc4d0 secure :-1 s=READY pgs=65 cs=0 l=1 rev1=1 rx=0x7fd0d4006800 tx=0x7fd0d4006ee0).ready entity=mon.0 client_cookie=0 server_cookie=0 in_seq=0 out_seq=0
2024-02-10T09:22:48.862 INFO:teuthology.orchestra.run.smithi172.stderr:/usr/bin/ceph:
2024-02-10T09:22:48.322+0000 7fd0d2ffd700 1 -- 172.21.15.172:0/2608089707 <== mon.0 v2:172.21.15.172:3300/0 1 ==== mon_map magic: 0 v1 ==== 229+0+0 (secure 0 0 0) 0x7fd0d401b570 con 0x7fd0e4070430
2024-02-10T09:22:48.862 INFO:teuthology.orchestra.run.smithi172.stderr:/usr/bin/ceph:
2024-02-10T09:22:48.322+0000 7fd0d2ffd700 1 -- 172.21.15.172:0/2608089707 <== mon.0 v2:172.21.15.172:3300/0 2 ==== config(26 keys) v1 ==== 1045+0+0 (secure 0 0 0) 0x7fd0d401bb60 con 0x7fd0e4070430
2024-02-10T09:22:48.862 INFO:teuthology.orchestra.run.smithi172.stderr:/usr/bin/ceph:
2024-02-10T09:22:48.322+0000 7fd0d2ffd700 1 -- 172.21.15.172:0/2608089707 <== mon.0 v2:172.21.15.172:3300/0 3 ==== mon_map magic: 0 v1 ==== 229+0+0 (secure 0 0 0) 0x7fd0d401a9f0 con 0x7fd0e4070430
2024-02-10T09:22:48.862 INFO:teuthology.orchestra.run.smithi172.stderr:/usr/bin/ceph:
2024-02-10T09:22:48.322+0000 7fd0e8da9700 1 -- 172.21.15.172:0/2608089707 --> [v2:172.21.15.172:3300/0,v1:172.21.15.172:6789/0] -- mon_subscribe({mgrmap=0+}) v3 -- 0x7fd0e40faaf0 con 0x7fd0e4070430
2024-02-10T09:22:48.862 INFO:teuthology.orchestra.run.smithi172.stderr:/usr/bin/ceph:
2024-02-10T09:22:48.322+0000 7fd0e8da9700 1 -- 172.21.15.172:0/2608089707 --> [v2:172.21.15.172:3300/0,v1:172.21.15.172:6789/0] -- mon_subscribe({osdmap=0}) v3 -- 0x7fd0e40faf80 con 0x7fd0e4070430
2024-02-10T09:22:48.862 INFO:teuthology.orchestra.run.smithi172.stderr:/usr/bin/ceph:
2024-02-10T09:22:48.323+0000 7fd0d2ffd700 1 -- 172.21.15.172:0/2608089707 <== mon.0 v2:172.21.15.172:3300/0 4 ==== mgrmap(e 12) v1 ==== 36195+0+0 (secure 0 0 0) 0x7fd0d400f070 con 0x7fd0e4070430
2024-02-10T09:22:48.862 INFO:teuthology.orchestra.run.smithi172.stderr:/usr/bin/ceph:
2024-02-10T09:22:48.323+0000 7fd0e8da9700 1 -- 172.21.15.172:0/2608089707 --> [v2:172.21.15.172:3300/0,v1:172.21.15.172:6789/0] -- mon_command({"prefix": "get_command_descriptions"} v 0) v1 -- 0x7fd0e4045ad0 con 0x7fd0e4070430
2024-02-10T09:22:48.862 INFO:teuthology.orchestra.run.smithi172.stderr:/usr/bin/ceph:
2024-02-10T09:22:48.323+0000 7fd0d2ffd700 1 --2- 172.21.15.172:0/2608089707 >> [v2:172.21.15.172:6800/3748961248,v1:172.21.15.172:6801/3748961248] conn(0x7fd0c802ff70 0x7fd0c8032430 unknown :-1 s=NONE pgs=0 cs=0 l=1 rev1=0 rx=0 tx=0).connect
2024-02-10T09:22:48.862 INFO:teuthology.orchestra.run.smithi172.stderr:/usr/bin/ceph:
2024-02-10T09:22:48.324+0000 7fd0d2ffd700 1 -- 172.21.15.172:0/2608089707 <== mon.0 v2:172.21.15.172:3300/0 5 ==== osd_map(3..3 src has 1..3) v4 ==== 1098+0+0 (secure 0 0 0) 0x7fd0d40414f0 con 0x7fd0e4070430
2024-02-10T09:22:48.862 INFO:teuthology.orchestra.run.smithi172.stderr:/usr/bin/ceph:
2024-02-10T09:22:48.324+0000 7fd0e1d9b700 1 --2- 172.21.15.172:0/2608089707 >> [v2:172.21.15.172:6800/3748961248,v1:172.21.15.172:6801/3748961248] conn(0x7fd0c802ff70 0x7fd0c8032430 unknown :-1 s=BANNER_CONNECTING pgs=0 cs=0 l=1 rev1=0 rx=0 tx=0)._handle_peer_banner_payload supported=1 required=0
2024-02-10T09:22:48.862 INFO:teuthology.orchestra.run.smithi172.stderr:/usr/bin/ceph:
2024-02-10T09:22:48.324+0000 7fd0e1d9b700 1 --2- 172.21.15.172:0/2608089707 >> [v2:172.21.15.172:6800/3748961248,v1:172.21.15.172:6801/3748961248] conn(0x7fd0c802ff70 0x7fd0c8032430 secure :-1 s=READY pgs=10 cs=0 l=1 rev1=1 rx=0x7fd0d80096a0 tx=0x7fd0d8006b40).ready entity=mgr.14142 client_cookie=0 server_cookie=0 in_seq=0 out_seq=0
2024-02-10T09:22:48.863 INFO:teuthology.orchestra.run.smithi172.stderr:/usr/bin/ceph:
2024-02-10T09:22:48.328+0000 7fd0d2ffd700 1 -- 172.21.15.172:0/2608089707 <== mon.0 v2:172.21.15.172:3300/0 6 ==== mon_command_ack([{"prefix": "get_command_descriptions"}]=0 v0) v1 ==== 72+0+152212 (secure 0 0 0) 0x7fd0d4022d70 con 0x7fd0e4070430
2024-02-10T09:22:48.863 INFO:teuthology.orchestra.run.smithi172.stderr:/usr/bin/ceph:
2024-02-10T09:22:48.488+0000 7fd0e8da9700 1 -- 172.21.15.172:0/2608089707 --> [v2:172.21.15.172:3300/0,v1:172.21.15.172:6789/0] -- mon_command([{prefix=config set, name=mgr/dashboard/ssl_server_port}] v 0) v1 -- 0x7fd0e40ffdc0 con 0x7fd0e4070430
2024-02-10T09:22:48.863 INFO:teuthology.orchestra.run.smithi172.stderr:/usr/bin/ceph:
2024-02-10T09:22:48.491+0000 7fd0d2ffd700 1 -- 172.21.15.172:0/2608089707 <== mon.0 v2:172.21.15.172:3300/0 7 ==== mon_command_ack([{prefix=config set, name=mgr/dashboard/ssl_server_port}]=0 v9)=0 v9) v1 ==== 130+0+0 (secure 0 0 0) 0x7fd0d4016070 con 0x7fd0e4070430
2024-02-10T09:22:48.863 INFO:teuthology.orchestra.run.smithi172.stderr:/usr/bin/ceph:
2024-02-10T09:22:48.493+0000 7fd0e8da9700 1 -- 172.21.15.172:0/2608089707 >> [v2:172.21.15.172:6800/3748961248,v1:172.21.15.172:6801/3748961248] conn(0x7fd0c802ff70 msgr2=0x7fd0c8032430 secure :-1 s=STATE_CONNECTION_ESTABLISHED l=1).mark_down
2024-02-10T09:22:48.863 INFO:teuthology.orchestra.run.smithi172.stderr:/usr/bin/ceph:
2024-02-10T09:22:48.493+0000 7fd0e8da9700 1 --2- 172.21.15.172:0/2608089707 >> [v2:172.21.15.172:6800/3748961248,v1:172.21.15.172:6801/3748961248] conn(0x7fd0c802ff70 0x7fd0c8032430 secure :-1 s=READY pgs=10 cs=0 l=1 rev1=1 rx=0x7fd0d80096a0 tx=0x7fd0d8006b40).stop
2024-02-10T09:22:48.863 INFO:teuthology.orchestra.run.smithi172.stderr:/usr/bin/ceph:
2024-02-10T09:22:48.493+0000 7fd0e8da9700 1 -- 172.21.15.172:0/2608089707 >> [v2:172.21.15.172:3300/0,v1:172.21.15.172:6789/0] conn(0x7fd0e4070430 msgr2=0x7fd0e40fc4d0 secure :-1 s=STATE_CONNECTION_ESTABLISHED l=1).mark_down
2024-02-10T09:22:48.863 INFO:teuthology.orchestra.run.smithi172.stderr:/usr/bin/ceph:
2024-02-10T09:22:48.493+0000 7fd0e8da9700 1 --2- 172.21.15.172:0/2608089707 >> [v2:172.21.15.172:3300/0,v1:172.21.15.172:6789/0] conn(0x7fd0e4070430 0x7fd0e40fc4d0 secure :-1 s=READY pgs=65 cs=0 l=1 rev1=1 rx=0x7fd0d4006800 tx=0x7fd0d4006ee0).stop
2024-02-10T09:22:48.863 INFO:teuthology.orchestra.run.smithi172.stderr:/usr/bin/ceph:
2024-02-10T09:22:48.493+0000 7fd0e8da9700 1 -- 172.21.15.172:0/2608089707 shutdown_connections
2024-02-10T09:22:48.863 INFO:teuthology.orchestra.run.smithi172.stderr:/usr/bin/ceph:
2024-02-10T09:22:48.493+0000 7fd0e8da9700 1 --2- 172.21.15.172:0/2608089707 >> [v2:172.21.15.172:6800/3748961248,v1:172.21.15.172:6801/3748961248] conn(0x7fd0c802ff70 0x7fd0c8032430 unknown :-1 s=CLOSED pgs=10 cs=0 l=1 rev1=1 rx=0 tx=0).stop
2024-02-10T09:22:48.863 INFO:teuthology.orchestra.run.smithi172.stderr:/usr/bin/ceph:
2024-02-10T09:22:48.493+0000 7fd0e8da9700 1 --2- 172.21.15.172:0/2608089707 >> [v2:172.21.15.172:3300/0,v1:172.21.15.172:6789/0] conn(0x7fd0e4070430 0x7fd0e40fc4d0 unknown :-1 s=CLOSED pgs=65 cs=0 l=1 rev1=1 rx=0 tx=0).stop
2024-02-10T09:22:48.863 INFO:teuthology.orchestra.run.smithi172.stderr:/usr/bin/ceph:
2024-02-10T09:22:48.493+0000 7fd0e8da9700 1 -- 172.21.15.172:0/2608089707 >> 172.21.15.172:0/2608089707 conn(0x7fd0e40f6530 msgr2=0x7fd0e40f7f20 unknown :-1 s=STATE_NONE l=0).mark_down
2024-02-10T09:22:48.863 INFO:teuthology.orchestra.run.smithi172.stderr:/usr/bin/ceph:
2024-02-10T09:22:48.493+0000 7fd0e8da9700 1 -- 172.21.15.172:0/2608089707 shutdown_connections
2024-02-10T09:22:48.863 INFO:teuthology.orchestra.run.smithi172.stderr:/usr/bin/ceph:
2024-02-10T09:22:48.493+0000 7fd0e8da9700 1 -- 172.21.15.172:0/2608089707 wait complete.
2024-02-10T09:22:49.443 INFO:teuthology.orchestra.run.smithi172.stderr:Enabling the dashboard module...
2024-02-10T09:22:49.444 INFO:teuthology.orchestra.run.smithi172.stderr:Running command: /bin/podman run --rm --ipc=host --no-hosts --net=host --entrypoint /usr/bin/ceph --init -e CONTAINER_IMAGE=docker.io/ceph/ceph:v16.2.4 -e NODE_NAME=smithi172 -e CEPH_USE_RANDOM_NONCE=1 -v /var/log/ceph/c194278e-c7f5-11ee-95b8-87774f69a715:/var/log/ceph:z -v /tmp/ceph-tmpwcm_rr2l:/etc/ceph/ceph.client.admin.keyring:z -v /tmp/ceph-tmpd9nubz1y:/etc/ceph/ceph.conf:z docker.io/ceph/ceph:v16.2.4 mgr module enable dashboard
2024-02-10T09:22:49.701 INFO:journalctl@ceph.mon.smithi172.smithi172.stdout:Feb 10 09:22:49 smithi172 ceph-c194278e-c7f5-11ee-95b8-87774f69a715-mon.smithi172[39430]: audit
2024-02-10T09:22:48.492100+0000 mon.smithi172 (mon.0) 83 : audit [INF] from='client.? 172.21.15.172:0/2608089707' entity='client.admin'
2024-02-10T09:22:50.356 INFO:teuthology.orchestra.run.smithi172.stderr:/usr/bin/ceph:
2024-02-10T09:22:50.317+0000 7fa6a1d70700 1 Processor -- start
2024-02-10T09:22:50.356 INFO:teuthology.orchestra.run.smithi172.stderr:/usr/bin/ceph:
2024-02-10T09:22:50.317+0000 7fa6a1d70700 1 -- start start
2024-02-10T09:22:50.356 INFO:teuthology.orchestra.run.smithi172.stderr:/usr/bin/ceph:
2024-02-10T09:22:50.317+0000 7fa6a1d70700 1 --2- >> [v2:172.21.15.172:3300/0,v1:172.21.15.172:6789/0] conn(0x7fa69c070430 0x7fa69c0fea50 unknown :-1 s=NONE pgs=0 cs=0 l=0 rev1=0 rx=0 tx=0).connect
2024-02-10T09:22:50.356 INFO:teuthology.orchestra.run.smithi172.stderr:/usr/bin/ceph:
2024-02-10T09:22:50.317+0000 7fa6a1d70700 1 -- --> [v2:172.21.15.172:3300/0,v1:172.21.15.172:6789/0] -- mon_getmap magic: 0 v1 -- 0x7fa69c0fef40 con 0x7fa69c070430
2024-02-10T09:22:50.356 INFO:teuthology.orchestra.run.smithi172.stderr:/usr/bin/ceph:
2024-02-10T09:22:50.318+0000 7fa69b7fe700 1 --2- >> [v2:172.21.15.172:3300/0,v1:172.21.15.172:6789/0] conn(0x7fa69c070430 0x7fa69c0fea50 unknown :-1 s=BANNER_CONNECTING pgs=0 cs=0 l=0 rev1=0 rx=0 tx=0)._handle_peer_banner_payload supported=1 required=0
2024-02-10T09:22:50.356 INFO:teuthology.orchestra.run.smithi172.stderr:/usr/bin/ceph:
2024-02-10T09:22:50.318+0000 7fa69b7fe700 1 --2- >> [v2:172.21.15.172:3300/0,v1:172.21.15.172:6789/0] conn(0x7fa69c070430 0x7fa69c0fea50 unknown :-1 s=HELLO_CONNECTING pgs=0 cs=0 l=0 rev1=1 rx=0 tx=0).handle_hello peer v2:172.21.15.172:3300/0 says I am v2:172.21.15.172:60332/0 (socket says 172.21.15.172:60332)
2024-02-10T09:22:50.357 INFO:teuthology.orchestra.run.smithi172.stderr:/usr/bin/ceph:
2024-02-10T09:22:50.318+0000 7fa69b7fe700 1 -- 172.21.15.172:0/1244862090 learned_addr learned my addr 172.21.15.172:0/1244862090 (peer_addr_for_me v2:172.21.15.172:0/0)
2024-02-10T09:22:50.357 INFO:teuthology.orchestra.run.smithi172.stderr:/usr/bin/ceph:
2024-02-10T09:22:50.318+0000 7fa69b7fe700 1 -- 172.21.15.172:0/1244862090 --> [v2:172.21.15.172:3300/0,v1:172.21.15.172:6789/0] -- mon_subscribe({config=0+,monmap=0+}) v3 -- 0x7fa69c0ff080 con 0x7fa69c070430
2024-02-10T09:22:50.357 INFO:teuthology.orchestra.run.smithi172.stderr:/usr/bin/ceph:
2024-02-10T09:22:50.318+0000 7fa69b7fe700 1 --2- 172.21.15.172:0/1244862090 >> [v2:172.21.15.172:3300/0,v1:172.21.15.172:6789/0] conn(0x7fa69c070430 0x7fa69c0fea50 secure :-1 s=READY pgs=66 cs=0 l=1 rev1=1 rx=0x7fa68400b5f0 tx=0x7fa684006ee0).ready entity=mon.0 client_cookie=c05036f9a354e660 server_cookie=0 in_seq=0 out_seq=0
2024-02-10T09:22:50.357 INFO:teuthology.orchestra.run.smithi172.stderr:/usr/bin/ceph:
2024-02-10T09:22:50.318+0000 7fa69a7fc700 1 -- 172.21.15.172:0/1244862090 <== mon.0 v2:172.21.15.172:3300/0 1 ==== mon_map magic: 0 v1 ==== 229+0+0 (secure 0 0 0) 0x7fa68400d600 con 0x7fa69c070430
2024-02-10T09:22:50.357 INFO:teuthology.orchestra.run.smithi172.stderr:/usr/bin/ceph:
2024-02-10T09:22:50.318+0000 7fa69a7fc700 1 -- 172.21.15.172:0/1244862090 <== mon.0 v2:172.21.15.172:3300/0 2 ==== config(26 keys) v1 ==== 1109+0+0 (secure 0 0 0) 0x7fa68400dc30 con 0x7fa69c070430
2024-02-10T09:22:50.357 INFO:teuthology.orchestra.run.smithi172.stderr:/usr/bin/ceph:
2024-02-10T09:22:50.318+0000 7fa69a7fc700 1 -- 172.21.15.172:0/1244862090 <== mon.0 v2:172.21.15.172:3300/0 3 ==== mon_map magic: 0 v1 ==== 229+0+0 (secure 0 0 0) 0x7fa684011d30 con 0x7fa69c070430
2024-02-10T09:22:50.357 INFO:teuthology.orchestra.run.smithi172.stderr:/usr/bin/ceph:
2024-02-10T09:22:50.319+0000 7fa6a1d70700 1 -- 172.21.15.172:0/1244862090 >> [v2:172.21.15.172:3300/0,v1:172.21.15.172:6789/0] conn(0x7fa69c070430 msgr2=0x7fa69c0fea50 secure :-1 s=STATE_CONNECTION_ESTABLISHED l=1).mark_down
2024-02-10T09:22:50.357 INFO:teuthology.orchestra.run.smithi172.stderr:/usr/bin/ceph:
2024-02-10T09:22:50.319+0000 7fa6a1d70700 1 --2- 172.21.15.172:0/1244862090 >> [v2:172.21.15.172:3300/0,v1:172.21.15.172:6789/0] conn(0x7fa69c070430 0x7fa69c0fea50 secure :-1 s=READY pgs=66 cs=0 l=1 rev1=1 rx=0x7fa68400b5f0 tx=0x7fa684006ee0).stop
2024-02-10T09:22:50.357 INFO:teuthology.orchestra.run.smithi172.stderr:/usr/bin/ceph:
2024-02-10T09:22:50.319+0000 7fa6a1d70700 1 -- 172.21.15.172:0/1244862090 shutdown_connections
2024-02-10T09:22:50.357 INFO:teuthology.orchestra.run.smithi172.stderr:/usr/bin/ceph:
2024-02-10T09:22:50.319+0000 7fa6a1d70700 1 --2- 172.21.15.172:0/1244862090 >> [v2:172.21.15.172:3300/0,v1:172.21.15.172:6789/0] conn(0x7fa69c070430 0x7fa69c0fea50 unknown :-1 s=CLOSED pgs=66 cs=0 l=1 rev1=1 rx=0 tx=0).stop
2024-02-10T09:22:50.357 INFO:teuthology.orchestra.run.smithi172.stderr:/usr/bin/ceph:
2024-02-10T09:22:50.319+0000 7fa6a1d70700 1 -- 172.21.15.172:0/1244862090 >> 172.21.15.172:0/1244862090 conn(0x7fa69c0f6530 msgr2=0x7fa69c0f8950 unknown :-1 s=STATE_NONE l=0).mark_down
2024-02-10T09:22:50.357 INFO:teuthology.orchestra.run.smithi172.stderr:/usr/bin/ceph:
2024-02-10T09:22:50.319+0000 7fa6a1d70700 1 -- 172.21.15.172:0/1244862090 shutdown_connections
2024-02-10T09:22:50.357 INFO:teuthology.orchestra.run.smithi172.stderr:/usr/bin/ceph:
2024-02-10T09:22:50.319+0000 7fa6a1d70700 1 -- 172.21.15.172:0/1244862090 wait complete.
2024-02-10T09:22:50.357 INFO:teuthology.orchestra.run.smithi172.stderr:/usr/bin/ceph:
2024-02-10T09:22:50.319+0000 7fa6a1d70700 1 Processor -- start
2024-02-10T09:22:50.358 INFO:teuthology.orchestra.run.smithi172.stderr:/usr/bin/ceph:
2024-02-10T09:22:50.319+0000 7fa6a1d70700 1 -- start start
2024-02-10T09:22:50.358 INFO:teuthology.orchestra.run.smithi172.stderr:/usr/bin/ceph:
2024-02-10T09:22:50.320+0000 7fa6a1d70700 1 --2- >> [v2:172.21.15.172:3300/0,v1:172.21.15.172:6789/0] conn(0x7fa69c070430 0x7fa69c10ab70 unknown :-1 s=NONE pgs=0 cs=0 l=1 rev1=0 rx=0 tx=0).connect
2024-02-10T09:22:50.358 INFO:teuthology.orchestra.run.smithi172.stderr:/usr/bin/ceph:
2024-02-10T09:22:50.320+0000 7fa6a1d70700 1 -- --> [v2:172.21.15.172:3300/0,v1:172.21.15.172:6789/0] -- mon_getmap magic: 0 v1 -- 0x7fa69c10b060 con 0x7fa69c070430
2024-02-10T09:22:50.358 INFO:teuthology.orchestra.run.smithi172.stderr:/usr/bin/ceph:
2024-02-10T09:22:50.320+0000 7fa69b7fe700 1 --2- >> [v2:172.21.15.172:3300/0,v1:172.21.15.172:6789/0] conn(0x7fa69c070430 0x7fa69c10ab70 unknown :-1 s=BANNER_CONNECTING pgs=0 cs=0 l=1 rev1=0 rx=0 tx=0)._handle_peer_banner_payload supported=1 required=0
2024-02-10T09:22:50.358 INFO:teuthology.orchestra.run.smithi172.stderr:/usr/bin/ceph:
2024-02-10T09:22:50.320+0000 7fa69b7fe700 1 --2- >> [v2:172.21.15.172:3300/0,v1:172.21.15.172:6789/0] conn(0x7fa69c070430 0x7fa69c10ab70 unknown :-1 s=HELLO_CONNECTING pgs=0 cs=0 l=1 rev1=1 rx=0 tx=0).handle_hello peer v2:172.21.15.172:3300/0 says I am v2:172.21.15.172:60344/0 (socket says 172.21.15.172:60344)
2024-02-10T09:22:50.358 INFO:teuthology.orchestra.run.smithi172.stderr:/usr/bin/ceph:
2024-02-10T09:22:50.320+0000 7fa69b7fe700 1 -- 172.21.15.172:0/2296090634 learned_addr learned my addr 172.21.15.172:0/2296090634 (peer_addr_for_me v2:172.21.15.172:0/0)
2024-02-10T09:22:50.358 INFO:teuthology.orchestra.run.smithi172.stderr:/usr/bin/ceph:
2024-02-10T09:22:50.320+0000 7fa69b7fe700 1 -- 172.21.15.172:0/2296090634 --> [v2:172.21.15.172:3300/0,v1:172.21.15.172:6789/0] -- mon_subscribe({config=0+,monmap=0+}) v3 -- 0x7fa68400b200 con 0x7fa69c070430
2024-02-10T09:22:50.359 INFO:teuthology.orchestra.run.smithi172.stderr:/usr/bin/ceph:
2024-02-10T09:22:50.320+0000 7fa69b7fe700 1 --2- 172.21.15.172:0/2296090634 >> [v2:172.21.15.172:3300/0,v1:172.21.15.172:6789/0] conn(0x7fa69c070430 0x7fa69c10ab70 secure :-1 s=READY pgs=67 cs=0 l=1 rev1=1 rx=0x7fa68400e040 tx=0x7fa684006ee0).ready entity=mon.0 client_cookie=0 server_cookie=0 in_seq=0 out_seq=0
2024-02-10T09:22:50.359 INFO:teuthology.orchestra.run.smithi172.stderr:/usr/bin/ceph:
2024-02-10T09:22:50.320+0000 7fa693fff700 1 -- 172.21.15.172:0/2296090634 <== mon.0 v2:172.21.15.172:3300/0 1 ==== mon_map magic: 0 v1 ==== 229+0+0 (secure 0 0 0) 0x7fa68400da60 con 0x7fa69c070430
2024-02-10T09:22:50.359 INFO:teuthology.orchestra.run.smithi172.stderr:/usr/bin/ceph:
2024-02-10T09:22:50.320+0000 7fa6a1d70700 1 -- 172.21.15.172:0/2296090634 --> [v2:172.21.15.172:3300/0,v1:172.21.15.172:6789/0] -- mon_subscribe({mgrmap=0+}) v3 -- 0x7fa69c10b260 con 0x7fa69c070430
2024-02-10T09:22:50.359 INFO:teuthology.orchestra.run.smithi172.stderr:/usr/bin/ceph:
2024-02-10T09:22:50.320+0000 7fa693fff700 1 -- 172.21.15.172:0/2296090634 <== mon.0 v2:172.21.15.172:3300/0 2 ==== config(26 keys) v1 ==== 1109+0+0 (secure 0 0 0) 0x7fa68401b8e0 con 0x7fa69c070430
2024-02-10T09:22:50.359 INFO:teuthology.orchestra.run.smithi172.stderr:/usr/bin/ceph:
2024-02-10T09:22:50.320+0000 7fa693fff700 1 -- 172.21.15.172:0/2296090634 <== mon.0 v2:172.21.15.172:3300/0 3 ==== mon_map magic: 0 v1 ==== 229+0+0 (secure 0 0 0) 0x7fa68401a900 con 0x7fa69c070430
2024-02-10T09:22:50.359 INFO:teuthology.orchestra.run.smithi172.stderr:/usr/bin/ceph:
2024-02-10T09:22:50.320+0000 7fa6a1d70700 1 -- 172.21.15.172:0/2296090634 --> [v2:172.21.15.172:3300/0,v1:172.21.15.172:6789/0] -- mon_subscribe({osdmap=0}) v3 -- 0x7fa69c10b6f0 con 0x7fa69c070430
2024-02-10T09:22:50.359 INFO:teuthology.orchestra.run.smithi172.stderr:/usr/bin/ceph:
2024-02-10T09:22:50.321+0000 7fa693fff700 1 -- 172.21.15.172:0/2296090634 <== mon.0 v2:172.21.15.172:3300/0 4 ==== mgrmap(e 12) v1 ==== 36195+0+0 (secure 0 0 0) 0x7fa68400f070 con 0x7fa69c070430
2024-02-10T09:22:50.359 INFO:teuthology.orchestra.run.smithi172.stderr:/usr/bin/ceph:
2024-02-10T09:22:50.321+0000 7fa693fff700 1 --2- 172.21.15.172:0/2296090634 >> [v2:172.21.15.172:6800/3748961248,v1:172.21.15.172:6801/3748961248] conn(0x7fa67c02ff20 0x7fa67c0323e0 unknown :-1 s=NONE pgs=0 cs=0 l=1 rev1=0 rx=0 tx=0).connect
2024-02-10T09:22:50.359 INFO:teuthology.orchestra.run.smithi172.stderr:/usr/bin/ceph:
2024-02-10T09:22:50.321+0000 7fa693fff700 1 -- 172.21.15.172:0/2296090634 <== mon.0 v2:172.21.15.172:3300/0 5 ==== osd_map(3..3 src has 1..3) v4 ==== 1098+0+0 (secure 0 0 0) 0x7fa684041400 con 0x7fa69c070430
2024-02-10T09:22:50.359 INFO:teuthology.orchestra.run.smithi172.stderr:/usr/bin/ceph:
2024-02-10T09:22:50.321+0000 7fa6a1d70700 1 -- 172.21.15.172:0/2296090634 --> [v2:172.21.15.172:3300/0,v1:172.21.15.172:6789/0] -- mon_command({"prefix": "get_command_descriptions"} v 0) v1 -- 0x7fa69c045ad0 con 0x7fa69c070430
2024-02-10T09:22:50.359 INFO:teuthology.orchestra.run.smithi172.stderr:/usr/bin/ceph:
2024-02-10T09:22:50.321+0000 7fa69affd700 1 --2- 172.21.15.172:0/2296090634 >> [v2:172.21.15.172:6800/3748961248,v1:172.21.15.172:6801/3748961248] conn(0x7fa67c02ff20 0x7fa67c0323e0 unknown :-1 s=BANNER_CONNECTING pgs=0 cs=0 l=1 rev1=0 rx=0 tx=0)._handle_peer_banner_payload supported=1 required=0
2024-02-10T09:22:50.359 INFO:teuthology.orchestra.run.smithi172.stderr:/usr/bin/ceph:
2024-02-10T09:22:50.322+0000 7fa69affd700 1 --2- 172.21.15.172:0/2296090634 >> [v2:172.21.15.172:6800/3748961248,v1:172.21.15.172:6801/3748961248] conn(0x7fa67c02ff20 0x7fa67c0323e0 secure :-1 s=READY pgs=11 cs=0 l=1 rev1=1 rx=0x7fa68c0096a0 tx=0x7fa68c006b40).ready entity=mgr.14142 client_cookie=0 server_cookie=0 in_seq=0 out_seq=0
2024-02-10T09:22:50.359 INFO:teuthology.orchestra.run.smithi172.stderr:/usr/bin/ceph:
2024-02-10T09:22:50.325+0000 7fa693fff700 1 -- 172.21.15.172:0/2296090634 <== mon.0 v2:172.21.15.172:3300/0 6 ==== mon_command_ack([{"prefix": "get_command_descriptions"}]=0 v0) v1 ==== 72+0+152212 (secure 0 0 0) 0x7fa684016070 con 0x7fa69c070430
2024-02-10T09:22:50.527 INFO:teuthology.orchestra.run.smithi172.stderr:/usr/bin/ceph:
2024-02-10T09:22:50.526+0000 7fa6a1d70700 1 -- 172.21.15.172:0/2296090634 --> [v2:172.21.15.172:3300/0,v1:172.21.15.172:6789/0] -- mon_command({"prefix": "mgr module enable", "module": "dashboard"} v 0) v1 -- 0x7fa69c104670 con 0x7fa69c070430
2024-02-10T09:22:51.380 INFO:journalctl@ceph.mon.smithi172.smithi172.stdout:Feb 10 09:22:51 smithi172 ceph-c194278e-c7f5-11ee-95b8-87774f69a715-mon.smithi172[39430]: audit
2024-02-10T09:22:50.132395+0000 mon.smithi172 (mon.0) 84 : audit [INF] from='mgr.14142 172.21.15.172:0/4080393091' entity='mgr.smithi172.bwfdvd'
2024-02-10T09:22:51.380 INFO:journalctl@ceph.mon.smithi172.smithi172.stdout:Feb 10 09:22:51 smithi172 ceph-c194278e-c7f5-11ee-95b8-87774f69a715-mon.smithi172[39430]: audit
2024-02-10T09:22:50.417181+0000 mon.smithi172 (mon.0) 85 : audit [INF] from='mgr.14142 172.21.15.172:0/4080393091' entity='mgr.smithi172.bwfdvd'
2024-02-10T09:22:51.380 INFO:journalctl@ceph.mon.smithi172.smithi172.stdout:Feb 10 09:22:51 smithi172 ceph-c194278e-c7f5-11ee-95b8-87774f69a715-mon.smithi172[39430]: audit
2024-02-10T09:22:50.527626+0000 mon.smithi172 (mon.0) 86 : audit [INF] from='client.? 172.21.15.172:0/2296090634' entity='client.admin' cmd=[{"prefix": "mgr module enable", "module": "dashboard"}]: dispatch
2024-02-10T09:22:51.419 INFO:teuthology.orchestra.run.smithi172.stderr:/usr/bin/ceph:
2024-02-10T09:22:51.418+0000 7fa693fff700 1 -- 172.21.15.172:0/2296090634 <== mon.0 v2:172.21.15.172:3300/0 7 ==== mgrmap(e 13) v1 ==== 36208+0+0 (secure 0 0 0) 0x7fa684022d80 con 0x7fa69c070430
2024-02-10T09:22:51.420 INFO:teuthology.orchestra.run.smithi172.stderr:/usr/bin/ceph:
2024-02-10T09:22:51.419+0000 7fa693fff700 1 -- 172.21.15.172:0/2296090634 <== mon.0 v2:172.21.15.172:3300/0 8 ==== mon_command_ack([{"prefix": "mgr module enable", "module": "dashboard"}]=0 v13) v1 ==== 88+0+0 (secure 0 0 0) 0x7fa684005700 con 0x7fa69c070430
2024-02-10T09:22:51.423 INFO:teuthology.orchestra.run.smithi172.stderr:/usr/bin/ceph:
2024-02-10T09:22:51.421+0000 7fa6a1d70700 1 -- 172.21.15.172:0/2296090634 >> [v2:172.21.15.172:6800/3748961248,v1:172.21.15.172:6801/3748961248] conn(0x7fa67c02ff20 msgr2=0x7fa67c0323e0 secure :-1 s=STATE_CONNECTION_ESTABLISHED l=1).mark_down
2024-02-10T09:22:51.423 INFO:teuthology.orchestra.run.smithi172.stderr:/usr/bin/ceph:
2024-02-10T09:22:51.421+0000 7fa6a1d70700 1 --2- 172.21.15.172:0/2296090634 >> [v2:172.21.15.172:6800/3748961248,v1:172.21.15.172:6801/3748961248] conn(0x7fa67c02ff20 0x7fa67c0323e0 secure :-1 s=READY pgs=11 cs=0 l=1 rev1=1 rx=0x7fa68c0096a0 tx=0x7fa68c006b40).stop
2024-02-10T09:22:51.423 INFO:teuthology.orchestra.run.smithi172.stderr:/usr/bin/ceph:
2024-02-10T09:22:51.421+0000 7fa6a1d70700 1 -- 172.21.15.172:0/2296090634 >> [v2:172.21.15.172:3300/0,v1:172.21.15.172:6789/0] conn(0x7fa69c070430 msgr2=0x7fa69c10ab70 secure :-1 s=STATE_CONNECTION_ESTABLISHED l=1).mark_down
2024-02-10T09:22:51.423 INFO:teuthology.orchestra.run.smithi172.stderr:/usr/bin/ceph:
2024-02-10T09:22:51.421+0000 7fa6a1d70700 1 --2- 172.21.15.172:0/2296090634 >> [v2:172.21.15.172:3300/0,v1:172.21.15.172:6789/0] conn(0x7fa69c070430 0x7fa69c10ab70 secure :-1 s=READY pgs=67 cs=0 l=1 rev1=1 rx=0x7fa68400e040 tx=0x7fa684006ee0).stop
2024-02-10T09:22:51.423 INFO:teuthology.orchestra.run.smithi172.stderr:/usr/bin/ceph:
2024-02-10T09:22:51.421+0000 7fa6a1d70700 1 -- 172.21.15.172:0/2296090634 shutdown_connections
2024-02-10T09:22:51.423 INFO:teuthology.orchestra.run.smithi172.stderr:/usr/bin/ceph:
2024-02-10T09:22:51.421+0000 7fa6a1d70700 1 --2- 172.21.15.172:0/2296090634 >> [v2:172.21.15.172:6800/3748961248,v1:172.21.15.172:6801/3748961248] conn(0x7fa67c02ff20 0x7fa67c0323e0 unknown :-1 s=CLOSED pgs=11 cs=0 l=1 rev1=1 rx=0 tx=0).stop
2024-02-10T09:22:51.423 INFO:teuthology.orchestra.run.smithi172.stderr:/usr/bin/ceph:
2024-02-10T09:22:51.421+0000 7fa6a1d70700 1 --2- 172.21.15.172:0/2296090634 >> [v2:172.21.15.172:3300/0,v1:172.21.15.172:6789/0] conn(0x7fa69c070430 0x7fa69c10ab70 unknown :-1 s=CLOSED pgs=67 cs=0 l=1 rev1=1 rx=0 tx=0).stop
2024-02-10T09:22:51.423 INFO:teuthology.orchestra.run.smithi172.stderr:/usr/bin/ceph:
2024-02-10T09:22:51.421+0000 7fa6a1d70700 1 -- 172.21.15.172:0/2296090634 >> 172.21.15.172:0/2296090634 conn(0x7fa69c0f6530 msgr2=0x7fa69c0f7f20 unknown :-1 s=STATE_NONE l=0).mark_down
2024-02-10T09:22:51.423 INFO:teuthology.orchestra.run.smithi172.stderr:/usr/bin/ceph:
2024-02-10T09:22:51.422+0000 7fa6a1d70700 1 -- 172.21.15.172:0/2296090634 shutdown_connections
2024-02-10T09:22:51.423 INFO:teuthology.orchestra.run.smithi172.stderr:/usr/bin/ceph:
2024-02-10T09:22:51.422+0000 7fa6a1d70700 1 -- 172.21.15.172:0/2296090634 wait complete.
2024-02-10T09:22:52.148 INFO:teuthology.orchestra.run.smithi172.stderr:Running command: /bin/podman run --rm --ipc=host --no-hosts --net=host --entrypoint /usr/bin/ceph --init -e CONTAINER_IMAGE=docker.io/ceph/ceph:v16.2.4 -e NODE_NAME=smithi172 -e CEPH_USE_RANDOM_NONCE=1 -v /var/log/ceph/c194278e-c7f5-11ee-95b8-87774f69a715:/var/log/ceph:z -v /tmp/ceph-tmpwcm_rr2l:/etc/ceph/ceph.client.admin.keyring:z -v /tmp/ceph-tmpd9nubz1y:/etc/ceph/ceph.conf:z docker.io/ceph/ceph:v16.2.4 mgr stat
2024-02-10T09:22:52.769 INFO:teuthology.orchestra.run.smithi172.stderr:/usr/bin/ceph:
2024-02-10T09:22:52.767+0000 7f9c9ab0b700 1 Processor -- start
2024-02-10T09:22:52.769 INFO:teuthology.orchestra.run.smithi172.stderr:/usr/bin/ceph:
2024-02-10T09:22:52.767+0000 7f9c9ab0b700 1 -- start start
2024-02-10T09:22:52.769 INFO:teuthology.orchestra.run.smithi172.stderr:/usr/bin/ceph:
2024-02-10T09:22:52.767+0000 7f9c9ab0b700 1 --2- >> [v2:172.21.15.172:3300/0,v1:172.21.15.172:6789/0] conn(0x7f9c94070430 0x7f9c940fea50 unknown :-1 s=NONE pgs=0 cs=0 l=0 rev1=0 rx=0 tx=0).connect
2024-02-10T09:22:52.769 INFO:teuthology.orchestra.run.smithi172.stderr:/usr/bin/ceph:
2024-02-10T09:22:52.767+0000 7f9c9ab0b700 1 -- --> [v2:172.21.15.172:3300/0,v1:172.21.15.172:6789/0] -- mon_getmap magic: 0 v1 -- 0x7f9c940fef40 con 0x7f9c94070430
2024-02-10T09:22:52.769 INFO:teuthology.orchestra.run.smithi172.stderr:/usr/bin/ceph:
2024-02-10T09:22:52.767+0000 7f9c988a7700 1 --2- >> [v2:172.21.15.172:3300/0,v1:172.21.15.172:6789/0] conn(0x7f9c94070430 0x7f9c940fea50 unknown :-1 s=BANNER_CONNECTING pgs=0 cs=0 l=0 rev1=0 rx=0 tx=0)._handle_peer_banner_payload supported=1 required=0
2024-02-10T09:22:52.769 INFO:teuthology.orchestra.run.smithi172.stderr:/usr/bin/ceph:
2024-02-10T09:22:52.767+0000 7f9c988a7700 1 --2- >> [v2:172.21.15.172:3300/0,v1:172.21.15.172:6789/0] conn(0x7f9c94070430 0x7f9c940fea50 unknown :-1 s=HELLO_CONNECTING pgs=0 cs=0 l=0 rev1=1 rx=0 tx=0).handle_hello peer v2:172.21.15.172:3300/0 says I am v2:172.21.15.172:47382/0 (socket says 172.21.15.172:47382)
2024-02-10T09:22:52.769 INFO:teuthology.orchestra.run.smithi172.stderr:/usr/bin/ceph:
2024-02-10T09:22:52.767+0000 7f9c988a7700 1 -- 172.21.15.172:0/2440798566 learned_addr learned my addr 172.21.15.172:0/2440798566 (peer_addr_for_me v2:172.21.15.172:0/0)
2024-02-10T09:22:52.773 INFO:teuthology.orchestra.run.smithi172.stderr:/usr/bin/ceph:
2024-02-10T09:22:52.767+0000 7f9c988a7700 1 -- 172.21.15.172:0/2440798566 --> [v2:172.21.15.172:3300/0,v1:172.21.15.172:6789/0] -- mon_subscribe({config=0+,monmap=0+}) v3 -- 0x7f9c940ff080 con 0x7f9c94070430
2024-02-10T09:22:52.773 INFO:teuthology.orchestra.run.smithi172.stderr:/usr/bin/ceph:
2024-02-10T09:22:52.768+0000 7f9c988a7700 1 --2- 172.21.15.172:0/2440798566 >> [v2:172.21.15.172:3300/0,v1:172.21.15.172:6789/0] conn(0x7f9c94070430 0x7f9c940fea50 secure :-1 s=READY pgs=70 cs=0 l=1 rev1=1 rx=0x7f9c8800b5f0 tx=0x7f9c88006ee0).ready entity=mon.0 client_cookie=fcd45d40411ecb9f server_cookie=0 in_seq=0 out_seq=0
2024-02-10T09:22:52.773 INFO:teuthology.orchestra.run.smithi172.stderr:/usr/bin/ceph:
2024-02-10T09:22:52.768+0000 7f9c937fe700 1 -- 172.21.15.172:0/2440798566 <== mon.0 v2:172.21.15.172:3300/0 1 ==== mon_map magic: 0 v1 ==== 229+0+0 (secure 0 0 0) 0x7f9c8800d600 con 0x7f9c94070430
2024-02-10T09:22:52.773 INFO:teuthology.orchestra.run.smithi172.stderr:/usr/bin/ceph:
2024-02-10T09:22:52.768+0000 7f9c937fe700 1 -- 172.21.15.172:0/2440798566 <== mon.0 v2:172.21.15.172:3300/0 2 ==== config(26 keys) v1 ==== 1109+0+0 (secure 0 0 0) 0x7f9c8800dc30 con 0x7f9c94070430
2024-02-10T09:22:52.773 INFO:teuthology.orchestra.run.smithi172.stderr:/usr/bin/ceph:
2024-02-10T09:22:52.768+0000 7f9c937fe700 1 -- 172.21.15.172:0/2440798566 <== mon.0 v2:172.21.15.172:3300/0 3 ==== mon_map magic: 0 v1 ==== 229+0+0 (secure 0 0 0) 0x7f9c88011d30 con 0x7f9c94070430
2024-02-10T09:22:52.773 INFO:teuthology.orchestra.run.smithi172.stderr:/usr/bin/ceph:
2024-02-10T09:22:52.768+0000 7f9c9ab0b700 1 -- 172.21.15.172:0/2440798566 >> [v2:172.21.15.172:3300/0,v1:172.21.15.172:6789/0] conn(0x7f9c94070430 msgr2=0x7f9c940fea50 secure :-1 s=STATE_CONNECTION_ESTABLISHED l=1).mark_down
2024-02-10T09:22:52.773 INFO:teuthology.orchestra.run.smithi172.stderr:/usr/bin/ceph:
2024-02-10T09:22:52.768+0000 7f9c9ab0b700 1 --2- 172.21.15.172:0/2440798566 >> [v2:172.21.15.172:3300/0,v1:172.21.15.172:6789/0] conn(0x7f9c94070430 0x7f9c940fea50 secure :-1 s=READY pgs=70 cs=0 l=1 rev1=1 rx=0x7f9c8800b5f0 tx=0x7f9c88006ee0).stop
2024-02-10T09:22:52.773 INFO:teuthology.orchestra.run.smithi172.stderr:/usr/bin/ceph:
2024-02-10T09:22:52.768+0000 7f9c9ab0b700 1 -- 172.21.15.172:0/2440798566 shutdown_connections
2024-02-10T09:22:52.773 INFO:teuthology.orchestra.run.smithi172.stderr:/usr/bin/ceph:
2024-02-10T09:22:52.768+0000 7f9c9ab0b700 1 --2- 172.21.15.172:0/2440798566 >> [v2:172.21.15.172:3300/0,v1:172.21.15.172:6789/0] conn(0x7f9c94070430 0x7f9c940fea50 unknown :-1 s=CLOSED pgs=70 cs=0 l=1 rev1=1 rx=0 tx=0).stop
2024-02-10T09:22:52.773 INFO:teuthology.orchestra.run.smithi172.stderr:/usr/bin/ceph:
2024-02-10T09:22:52.768+0000 7f9c9ab0b700 1 -- 172.21.15.172:0/2440798566 >> 172.21.15.172:0/2440798566 conn(0x7f9c940f6530 msgr2=0x7f9c940f8950 unknown :-1 s=STATE_NONE l=0).mark_down
2024-02-10T09:22:52.773 INFO:teuthology.orchestra.run.smithi172.stderr:/usr/bin/ceph:
2024-02-10T09:22:52.768+0000 7f9c9ab0b700 1 -- 172.21.15.172:0/2440798566 shutdown_connections
2024-02-10T09:22:52.774 INFO:teuthology.orchestra.run.smithi172.stderr:/usr/bin/ceph:
2024-02-10T09:22:52.768+0000 7f9c9ab0b700 1 -- 172.21.15.172:0/2440798566 wait complete.
2024-02-10T09:22:52.774 INFO:teuthology.orchestra.run.smithi172.stderr:/usr/bin/ceph:
2024-02-10T09:22:52.769+0000 7f9c9ab0b700 1 Processor -- start
2024-02-10T09:22:52.774 INFO:teuthology.orchestra.run.smithi172.stderr:/usr/bin/ceph:
2024-02-10T09:22:52.769+0000 7f9c9ab0b700 1 -- start start
2024-02-10T09:22:52.774 INFO:teuthology.orchestra.run.smithi172.stderr:/usr/bin/ceph:
2024-02-10T09:22:52.769+0000 7f9c9ab0b700 1 --2- >> [v2:172.21.15.172:3300/0,v1:172.21.15.172:6789/0] conn(0x7f9c94070430 0x7f9c9410abd0 unknown :-1 s=NONE pgs=0 cs=0 l=1 rev1=0 rx=0 tx=0).connect
2024-02-10T09:22:52.774 INFO:teuthology.orchestra.run.smithi172.stderr:/usr/bin/ceph:
2024-02-10T09:22:52.769+0000 7f9c9ab0b700 1 -- --> [v2:172.21.15.172:3300/0,v1:172.21.15.172:6789/0] -- mon_getmap magic: 0 v1 -- 0x7f9c9410b0c0 con 0x7f9c94070430
2024-02-10T09:22:52.774 INFO:teuthology.orchestra.run.smithi172.stderr:/usr/bin/ceph:
2024-02-10T09:22:52.769+0000 7f9c988a7700 1 --2- >> [v2:172.21.15.172:3300/0,v1:172.21.15.172:6789/0] conn(0x7f9c94070430 0x7f9c9410abd0 unknown :-1 s=BANNER_CONNECTING pgs=0 cs=0 l=1 rev1=0 rx=0 tx=0)._handle_peer_banner_payload supported=1 required=0
2024-02-10T09:22:52.774 INFO:teuthology.orchestra.run.smithi172.stderr:/usr/bin/ceph:
2024-02-10T09:22:52.769+0000 7f9c988a7700 1 --2- >> [v2:172.21.15.172:3300/0,v1:172.21.15.172:6789/0] conn(0x7f9c94070430 0x7f9c9410abd0 unknown :-1 s=HELLO_CONNECTING pgs=0 cs=0 l=1 rev1=1 rx=0 tx=0).handle_hello peer v2:172.21.15.172:3300/0 says I am v2:172.21.15.172:47398/0 (socket says 172.21.15.172:47398)
2024-02-10T09:22:52.774 INFO:teuthology.orchestra.run.smithi172.stderr:/usr/bin/ceph:
2024-02-10T09:22:52.769+0000 7f9c988a7700 1 -- 172.21.15.172:0/3358549611 learned_addr learned my addr 172.21.15.172:0/3358549611 (peer_addr_for_me v2:172.21.15.172:0/0)
2024-02-10T09:22:52.774 INFO:teuthology.orchestra.run.smithi172.stderr:/usr/bin/ceph:
2024-02-10T09:22:52.770+0000 7f9c988a7700 1 -- 172.21.15.172:0/3358549611 --> [v2:172.21.15.172:3300/0,v1:172.21.15.172:6789/0] -- mon_subscribe({config=0+,monmap=0+}) v3 -- 0x7f9c8800b200 con 0x7f9c94070430
2024-02-10T09:22:52.774 INFO:teuthology.orchestra.run.smithi172.stderr:/usr/bin/ceph:
2024-02-10T09:22:52.770+0000 7f9c988a7700 1 --2- 172.21.15.172:0/3358549611 >> [v2:172.21.15.172:3300/0,v1:172.21.15.172:6789/0] conn(0x7f9c94070430 0x7f9c9410abd0 secure :-1 s=READY pgs=71 cs=0 l=1 rev1=1 rx=0x7f9c8800e040 tx=0x7f9c88006ee0).ready entity=mon.0 client_cookie=0 server_cookie=0 in_seq=0 out_seq=0
2024-02-10T09:22:52.774 INFO:teuthology.orchestra.run.smithi172.stderr:/usr/bin/ceph:
2024-02-10T09:22:52.770+0000 7f9c917fa700 1 -- 172.21.15.172:0/3358549611 <== mon.0 v2:172.21.15.172:3300/0 1 ==== mon_map magic: 0 v1 ==== 229+0+0 (secure 0 0 0) 0x7f9c8800d9e0 con 0x7f9c94070430
2024-02-10T09:22:52.774 INFO:teuthology.orchestra.run.smithi172.stderr:/usr/bin/ceph:
2024-02-10T09:22:52.770+0000 7f9c9ab0b700 1 -- 172.21.15.172:0/3358549611 --> [v2:172.21.15.172:3300/0,v1:172.21.15.172:6789/0] -- mon_subscribe({mgrmap=0+}) v3 -- 0x7f9c9410b2c0 con 0x7f9c94070430
2024-02-10T09:22:52.774 INFO:teuthology.orchestra.run.smithi172.stderr:/usr/bin/ceph:
2024-02-10T09:22:52.770+0000 7f9c917fa700 1 -- 172.21.15.172:0/3358549611 <== mon.0 v2:172.21.15.172:3300/0 2 ==== config(26 keys) v1 ==== 1109+0+0 (secure 0 0 0) 0x7f9c8801b8e0 con 0x7f9c94070430
2024-02-10T09:22:52.775 INFO:teuthology.orchestra.run.smithi172.stderr:/usr/bin/ceph:
2024-02-10T09:22:52.770+0000 7f9c917fa700 1 -- 172.21.15.172:0/3358549611 <== mon.0 v2:172.21.15.172:3300/0 3 ==== mon_map magic: 0 v1 ==== 229+0+0 (secure 0 0 0) 0x7f9c8801a820 con 0x7f9c94070430
2024-02-10T09:22:52.775 INFO:teuthology.orchestra.run.smithi172.stderr:/usr/bin/ceph:
2024-02-10T09:22:52.770+0000 7f9c9ab0b700 1 -- 172.21.15.172:0/3358549611 --> [v2:172.21.15.172:3300/0,v1:172.21.15.172:6789/0] -- mon_subscribe({osdmap=0}) v3 -- 0x7f9c9410b750 con 0x7f9c94070430
2024-02-10T09:22:52.775 INFO:teuthology.orchestra.run.smithi172.stderr:/usr/bin/ceph:
2024-02-10T09:22:52.771+0000 7f9c9ab0b700 1 -- 172.21.15.172:0/3358549611 --> [v2:172.21.15.172:3300/0,v1:172.21.15.172:6789/0] -- mon_command({"prefix": "get_command_descriptions"} v 0) v1 -- 0x7f9c94045ad0 con 0x7f9c94070430
2024-02-10T09:22:52.775 INFO:teuthology.orchestra.run.smithi172.stderr:/usr/bin/ceph:
2024-02-10T09:22:52.772+0000 7f9c917fa700 1 -- 172.21.15.172:0/3358549611 <== mon.0 v2:172.21.15.172:3300/0 4 ==== mgrmap(e 13) v1 ==== 36208+0+0 (secure 0 0 0) 0x7f9c8800f070 con 0x7f9c94070430
2024-02-10T09:22:52.775 INFO:teuthology.orchestra.run.smithi172.stderr:/usr/bin/ceph:
2024-02-10T09:22:52.772+0000 7f9c917fa700 1 --2- 172.21.15.172:0/3358549611 >> [v2:172.21.15.172:6800/3748961248,v1:172.21.15.172:6801/3748961248] conn(0x7f9c7802ffc0 0x7f9c78032480 unknown :-1 s=NONE pgs=0 cs=0 l=1 rev1=0 rx=0 tx=0).connect
2024-02-10T09:22:52.775 INFO:teuthology.orchestra.run.smithi172.stderr:/usr/bin/ceph:
2024-02-10T09:22:52.772+0000 7f9c917fa700 1 -- 172.21.15.172:0/3358549611 <== mon.0 v2:172.21.15.172:3300/0 5 ==== osd_map(3..3 src has 1..3) v4 ==== 1098+0+0 (secure 0 0 0) 0x7f9c88041f90 con 0x7f9c94070430
2024-02-10T09:22:52.775 INFO:teuthology.orchestra.run.smithi172.stderr:/usr/bin/ceph:
2024-02-10T09:22:52.772+0000 7f9c93fff700 1 -- 172.21.15.172:0/3358549611 >> [v2:172.21.15.172:6800/3748961248,v1:172.21.15.172:6801/3748961248] conn(0x7f9c7802ffc0 msgr2=0x7f9c78032480 unknown :-1 s=STATE_CONNECTING_RE l=1).process reconnect failed to v2:172.21.15.172:6800/3748961248
2024-02-10T09:22:52.775 INFO:teuthology.orchestra.run.smithi172.stderr:/usr/bin/ceph:
2024-02-10T09:22:52.772+0000 7f9c93fff700 1 --2- 172.21.15.172:0/3358549611 >> [v2:172.21.15.172:6800/3748961248,v1:172.21.15.172:6801/3748961248] conn(0x7f9c7802ffc0 0x7f9c78032480 unknown :-1 s=START_CONNECT pgs=0 cs=0 l=1 rev1=0 rx=0 tx=0)._fault waiting 0.200000
2024-02-10T09:22:52.776 INFO:teuthology.orchestra.run.smithi172.stderr:/usr/bin/ceph:
2024-02-10T09:22:52.776+0000 7f9c917fa700 1 -- 172.21.15.172:0/3358549611 <== mon.0 v2:172.21.15.172:3300/0 6 ==== mon_command_ack([{"prefix": "get_command_descriptions"}]=0 v0) v1 ==== 72+0+152212 (secure 0 0 0) 0x7f9c88023360 con 0x7f9c94070430
2024-02-10T09:22:52.880 INFO:journalctl@ceph.mon.smithi172.smithi172.stdout:Feb 10 09:22:52 smithi172 ceph-c194278e-c7f5-11ee-95b8-87774f69a715-mon.smithi172[39430]: audit
2024-02-10T09:22:51.420172+0000 mon.smithi172 (mon.0) 87 : audit [INF] from='client.? 172.21.15.172:0/2296090634' entity='client.admin' cmd='[{"prefix": "mgr module enable", "module": "dashboard"}]': finished
2024-02-10T09:22:52.880 INFO:journalctl@ceph.mon.smithi172.smithi172.stdout:Feb 10 09:22:52 smithi172 ceph-c194278e-c7f5-11ee-95b8-87774f69a715-mon.smithi172[39430]: cluster
2024-02-10T09:22:51.420216+0000 mon.smithi172 (mon.0) 88 : cluster [DBG] mgrmap e13: smithi172.bwfdvd(active, since 11s)
2024-02-10T09:22:52.970 INFO:teuthology.orchestra.run.smithi172.stderr:/usr/bin/ceph:
2024-02-10T09:22:52.968+0000 7f9c9ab0b700 1 -- 172.21.15.172:0/3358549611 --> [v2:172.21.15.172:3300/0,v1:172.21.15.172:6789/0] -- mon_command({"prefix": "mgr stat"} v 0) v1 -- 0x7f9c9410c780 con 0x7f9c94070430
2024-02-10T09:22:52.970 INFO:teuthology.orchestra.run.smithi172.stderr:/usr/bin/ceph:
2024-02-10T09:22:52.969+0000 7f9c917fa700 1 -- 172.21.15.172:0/3358549611 <== mon.0 v2:172.21.15.172:3300/0 7 ==== mon_command_ack([{"prefix": "mgr stat"}]=0 v13) v1 ==== 56+0+104 (secure 0 0 0) 0x7f9c88016070 con 0x7f9c94070430
2024-02-10T09:22:52.970 INFO:teuthology.orchestra.run.smithi172.stderr:/usr/bin/ceph: {
2024-02-10T09:22:52.970 INFO:teuthology.orchestra.run.smithi172.stderr:/usr/bin/ceph: "epoch": 13,
2024-02-10T09:22:52.970 INFO:teuthology.orchestra.run.smithi172.stderr:/usr/bin/ceph: "available": true,
2024-02-10T09:22:52.970 INFO:teuthology.orchestra.run.smithi172.stderr:/usr/bin/ceph: "active_name": "smithi172.bwfdvd",
2024-02-10T09:22:52.970 INFO:teuthology.orchestra.run.smithi172.stderr:/usr/bin/ceph: "num_standby": 0
2024-02-10T09:22:52.970 INFO:teuthology.orchestra.run.smithi172.stderr:/usr/bin/ceph: }
2024-02-10T09:22:52.972 INFO:teuthology.orchestra.run.smithi172.stderr:/usr/bin/ceph:
2024-02-10T09:22:52.970+0000 7f9c9ab0b700 1 -- 172.21.15.172:0/3358549611 >> [v2:172.21.15.172:6800/3748961248,v1:172.21.15.172:6801/3748961248] conn(0x7f9c7802ffc0 msgr2=0x7f9c78032480 unknown :-1 s=STATE_CONNECTING l=1).mark_down
2024-02-10T09:22:52.972 INFO:teuthology.orchestra.run.smithi172.stderr:/usr/bin/ceph:
2024-02-10T09:22:52.970+0000 7f9c9ab0b700 1 --2- 172.21.15.172:0/3358549611 >> [v2:172.21.15.172:6800/3748961248,v1:172.21.15.172:6801/3748961248] conn(0x7f9c7802ffc0 0x7f9c78032480 unknown :-1 s=START_CONNECT pgs=0 cs=0 l=1 rev1=0 rx=0 tx=0).stop
2024-02-10T09:22:52.972 INFO:teuthology.orchestra.run.smithi172.stderr:/usr/bin/ceph:
2024-02-10T09:22:52.970+0000 7f9c9ab0b700 1 -- 172.21.15.172:0/3358549611 >> [v2:172.21.15.172:3300/0,v1:172.21.15.172:6789/0] conn(0x7f9c94070430 msgr2=0x7f9c9410abd0 secure :-1 s=STATE_CONNECTION_ESTABLISHED l=1).mark_down
2024-02-10T09:22:52.972 INFO:teuthology.orchestra.run.smithi172.stderr:/usr/bin/ceph:
2024-02-10T09:22:52.970+0000 7f9c9ab0b700 1 --2- 172.21.15.172:0/3358549611 >> [v2:172.21.15.172:3300/0,v1:172.21.15.172:6789/0] conn(0x7f9c94070430 0x7f9c9410abd0 secure :-1 s=READY pgs=71 cs=0 l=1 rev1=1 rx=0x7f9c8800e040 tx=0x7f9c88006ee0).stop
2024-02-10T09:22:52.972 INFO:teuthology.orchestra.run.smithi172.stderr:/usr/bin/ceph:
2024-02-10T09:22:52.970+0000 7f9c9ab0b700 1 -- 172.21.15.172:0/3358549611 shutdown_connections
2024-02-10T09:22:52.972 INFO:teuthology.orchestra.run.smithi172.stderr:/usr/bin/ceph:
2024-02-10T09:22:52.970+0000 7f9c9ab0b700 1 --2- 172.21.15.172:0/3358549611 >> [v2:172.21.15.172:6800/3748961248,v1:172.21.15.172:6801/3748961248] conn(0x7f9c7802ffc0 0x7f9c78032480 unknown :-1 s=CLOSED pgs=0 cs=0 l=1 rev1=0 rx=0 tx=0).stop
2024-02-10T09:22:52.972 INFO:teuthology.orchestra.run.smithi172.stderr:/usr/bin/ceph:
2024-02-10T09:22:52.970+0000 7f9c9ab0b700 1 --2- 172.21.15.172:0/3358549611 >> [v2:172.21.15.172:3300/0,v1:172.21.15.172:6789/0] conn(0x7f9c94070430 0x7f9c9410abd0 unknown :-1 s=CLOSED pgs=71 cs=0 l=1 rev1=1 rx=0 tx=0).stop
2024-02-10T09:22:52.972 INFO:teuthology.orchestra.run.smithi172.stderr:/usr/bin/ceph:
2024-02-10T09:22:52.970+0000 7f9c9ab0b700 1 -- 172.21.15.172:0/3358549611 >> 172.21.15.172:0/3358549611 conn(0x7f9c940f6530 msgr2=0x7f9c940f7f50 unknown :-1 s=STATE_NONE l=0).mark_down
2024-02-10T09:22:52.972 INFO:teuthology.orchestra.run.smithi172.stderr:/usr/bin/ceph:
2024-02-10T09:22:52.971+0000 7f9c9ab0b700 1 -- 172.21.15.172:0/3358549611 shutdown_connections
2024-02-10T09:22:52.973 INFO:teuthology.orchestra.run.smithi172.stderr:/usr/bin/ceph:
2024-02-10T09:22:52.971+0000 7f9c9ab0b700 1 -- 172.21.15.172:0/3358549611 wait complete.
2024-02-10T09:22:53.628 INFO:teuthology.orchestra.run.smithi172.stderr:Waiting for the mgr to restart...
2024-02-10T09:22:53.628 INFO:teuthology.orchestra.run.smithi172.stderr:Waiting for mgr epoch 13...
2024-02-10T09:22:53.628 INFO:teuthology.orchestra.run.smithi172.stderr:Running command: /bin/podman run --rm --ipc=host --no-hosts --net=host --entrypoint /usr/bin/ceph --init -e CONTAINER_IMAGE=docker.io/ceph/ceph:v16.2.4 -e NODE_NAME=smithi172 -e CEPH_USE_RANDOM_NONCE=1 -v /var/log/ceph/c194278e-c7f5-11ee-95b8-87774f69a715:/var/log/ceph:z -v /tmp/ceph-tmpwcm_rr2l:/etc/ceph/ceph.client.admin.keyring:z -v /tmp/ceph-tmpd9nubz1y:/etc/ceph/ceph.conf:z docker.io/ceph/ceph:v16.2.4 tell mgr mgr_status
2024-02-10T09:22:53.629 INFO:journalctl@ceph.mon.smithi172.smithi172.stdout:Feb 10 09:22:53 smithi172 ceph-c194278e-c7f5-11ee-95b8-87774f69a715-mon.smithi172[39430]: audit
2024-02-10T09:22:52.969327+0000 mon.smithi172 (mon.0) 89 : audit [DBG] from='client.? 172.21.15.172:0/3358549611' entity='client.admin' cmd=[{"prefix": "mgr stat"}]: dispatch
2024-02-10T09:22:54.234 INFO:teuthology.orchestra.run.smithi172.stderr:/usr/bin/ceph:
2024-02-10T09:22:54.223+0000 7fc5c78b6700 1 Processor -- start
2024-02-10T09:22:54.234 INFO:teuthology.orchestra.run.smithi172.stderr:/usr/bin/ceph:
2024-02-10T09:22:54.223+0000 7fc5c78b6700 1 -- start start
2024-02-10T09:22:54.234 INFO:teuthology.orchestra.run.smithi172.stderr:/usr/bin/ceph:
2024-02-10T09:22:54.223+0000 7fc5c78b6700 1 --2- >> [v2:172.21.15.172:3300/0,v1:172.21.15.172:6789/0] conn(0x7fc5c00703d0 0x7fc5c0100eb0 unknown :-1 s=NONE pgs=0 cs=0 l=0 rev1=0 rx=0 tx=0).connect
2024-02-10T09:22:54.234 INFO:teuthology.orchestra.run.smithi172.stderr:/usr/bin/ceph:
2024-02-10T09:22:54.223+0000 7fc5c78b6700 1 -- --> [v2:172.21.15.172:3300/0,v1:172.21.15.172:6789/0] -- mon_getmap magic: 0 v1 -- 0x7fc5c00fc8a0 con 0x7fc5c00703d0
2024-02-10T09:22:54.234 INFO:teuthology.orchestra.run.smithi172.stderr:/usr/bin/ceph:
2024-02-10T09:22:54.224+0000 7fc5c5652700 1 --2- >> [v2:172.21.15.172:3300/0,v1:172.21.15.172:6789/0] conn(0x7fc5c00703d0 0x7fc5c0100eb0 unknown :-1 s=BANNER_CONNECTING pgs=0 cs=0 l=0 rev1=0 rx=0 tx=0)._handle_peer_banner_payload supported=1 required=0
2024-02-10T09:22:54.234 INFO:teuthology.orchestra.run.smithi172.stderr:/usr/bin/ceph:
2024-02-10T09:22:54.224+0000 7fc5c5652700 1 --2- >> [v2:172.21.15.172:3300/0,v1:172.21.15.172:6789/0] conn(0x7fc5c00703d0 0x7fc5c0100eb0 unknown :-1 s=HELLO_CONNECTING pgs=0 cs=0 l=0 rev1=1 rx=0 tx=0).handle_hello peer v2:172.21.15.172:3300/0 says I am v2:172.21.15.172:47414/0 (socket says 172.21.15.172:47414)
2024-02-10T09:22:54.234 INFO:teuthology.orchestra.run.smithi172.stderr:/usr/bin/ceph:
2024-02-10T09:22:54.224+0000 7fc5c5652700 1 -- 172.21.15.172:0/2702603809 learned_addr learned my addr 172.21.15.172:0/2702603809 (peer_addr_for_me v2:172.21.15.172:0/0)
2024-02-10T09:22:54.234 INFO:teuthology.orchestra.run.smithi172.stderr:/usr/bin/ceph:
2024-02-10T09:22:54.224+0000 7fc5c5652700 1 -- 172.21.15.172:0/2702603809 --> [v2:172.21.15.172:3300/0,v1:172.21.15.172:6789/0] -- mon_subscribe({config=0+,monmap=0+}) v3 -- 0x7fc5c01013a0 con 0x7fc5c00703d0
2024-02-10T09:22:54.234 INFO:teuthology.orchestra.run.smithi172.stderr:/usr/bin/ceph:
2024-02-10T09:22:54.224+0000 7fc5c5652700 1 --2- 172.21.15.172:0/2702603809 >> [v2:172.21.15.172:3300/0,v1:172.21.15.172:6789/0] conn(0x7fc5c00703d0 0x7fc5c0100eb0 secure :-1 s=READY pgs=72 cs=0 l=1 rev1=1 rx=0x7fc5bc00b5f0 tx=0x7fc5bc006ee0).ready entity=mon.0 client_cookie=9d684e59e0412105 server_cookie=0 in_seq=0 out_seq=0
2024-02-10T09:22:54.234 INFO:teuthology.orchestra.run.smithi172.stderr:/usr/bin/ceph:
2024-02-10T09:22:54.224+0000 7fc5affff700 1 -- 172.21.15.172:0/2702603809 <== mon.0 v2:172.21.15.172:3300/0 1 ==== mon_map magic: 0 v1 ==== 229+0+0 (secure 0 0 0) 0x7fc5bc00d600 con 0x7fc5c00703d0
2024-02-10T09:22:54.235 INFO:teuthology.orchestra.run.smithi172.stderr:/usr/bin/ceph:
2024-02-10T09:22:54.224+0000 7fc5affff700 1 -- 172.21.15.172:0/2702603809 <== mon.0 v2:172.21.15.172:3300/0 2 ==== config(26 keys) v1 ==== 1109+0+0 (secure 0 0 0) 0x7fc5bc00dc30 con 0x7fc5c00703d0
2024-02-10T09:22:54.235 INFO:teuthology.orchestra.run.smithi172.stderr:/usr/bin/ceph:
2024-02-10T09:22:54.224+0000 7fc5affff700 1 -- 172.21.15.172:0/2702603809 <== mon.0 v2:172.21.15.172:3300/0 3 ==== mon_map magic: 0 v1 ==== 229+0+0 (secure 0 0 0) 0x7fc5bc011d30 con 0x7fc5c00703d0
2024-02-10T09:22:54.235 INFO:teuthology.orchestra.run.smithi172.stderr:/usr/bin/ceph:
2024-02-10T09:22:54.225+0000 7fc5c78b6700 1 -- 172.21.15.172:0/2702603809 >> [v2:172.21.15.172:3300/0,v1:172.21.15.172:6789/0] conn(0x7fc5c00703d0 msgr2=0x7fc5c0100eb0 secure :-1 s=STATE_CONNECTION_ESTABLISHED l=1).mark_down
2024-02-10T09:22:54.235 INFO:teuthology.orchestra.run.smithi172.stderr:/usr/bin/ceph:
2024-02-10T09:22:54.225+0000 7fc5c78b6700 1 --2- 172.21.15.172:0/2702603809 >> [v2:172.21.15.172:3300/0,v1:172.21.15.172:6789/0] conn(0x7fc5c00703d0 0x7fc5c0100eb0 secure :-1 s=READY pgs=72 cs=0 l=1 rev1=1 rx=0x7fc5bc00b5f0 tx=0x7fc5bc006ee0).stop
2024-02-10T09:22:54.235 INFO:teuthology.orchestra.run.smithi172.stderr:/usr/bin/ceph:
2024-02-10T09:22:54.225+0000 7fc5c78b6700 1 -- 172.21.15.172:0/2702603809 shutdown_connections
2024-02-10T09:22:54.235 INFO:teuthology.orchestra.run.smithi172.stderr:/usr/bin/ceph:
2024-02-10T09:22:54.225+0000 7fc5c78b6700 1 --2- 172.21.15.172:0/2702603809 >> [v2:172.21.15.172:3300/0,v1:172.21.15.172:6789/0] conn(0x7fc5c00703d0 0x7fc5c0100eb0 unknown :-1 s=CLOSED pgs=72 cs=0 l=1 rev1=1 rx=0 tx=0).stop
2024-02-10T09:22:54.235 INFO:teuthology.orchestra.run.smithi172.stderr:/usr/bin/ceph:
2024-02-10T09:22:54.225+0000 7fc5c78b6700 1 -- 172.21.15.172:0/2702603809 >> 172.21.15.172:0/2702603809 conn(0x7fc5c00f6530 msgr2=0x7fc5c00f8950 unknown :-1 s=STATE_NONE l=0).mark_down
2024-02-10T09:22:54.235 INFO:teuthology.orchestra.run.smithi172.stderr:/usr/bin/ceph:
2024-02-10T09:22:54.225+0000 7fc5c78b6700 1 -- 172.21.15.172:0/2702603809 shutdown_connections
2024-02-10T09:22:54.235 INFO:teuthology.orchestra.run.smithi172.stderr:/usr/bin/ceph:
2024-02-10T09:22:54.225+0000 7fc5c78b6700 1 -- 172.21.15.172:0/2702603809 wait complete.
2024-02-10T09:22:54.235 INFO:teuthology.orchestra.run.smithi172.stderr:/usr/bin/ceph:
2024-02-10T09:22:54.225+0000 7fc5c78b6700 1 Processor -- start
2024-02-10T09:22:54.235 INFO:teuthology.orchestra.run.smithi172.stderr:/usr/bin/ceph:
2024-02-10T09:22:54.225+0000 7fc5c78b6700 1 -- start start
2024-02-10T09:22:54.235 INFO:teuthology.orchestra.run.smithi172.stderr:/usr/bin/ceph:
2024-02-10T09:22:54.225+0000 7fc5c78b6700 1 --2- >> [v2:172.21.15.172:3300/0,v1:172.21.15.172:6789/0] conn(0x7fc5c00703d0 0x7fc5c010ce40 unknown :-1 s=NONE pgs=0 cs=0 l=1 rev1=0 rx=0 tx=0).connect
2024-02-10T09:22:54.235 INFO:teuthology.orchestra.run.smithi172.stderr:/usr/bin/ceph:
2024-02-10T09:22:54.225+0000 7fc5c78b6700 1 -- --> [v2:172.21.15.172:3300/0,v1:172.21.15.172:6789/0] -- mon_getmap magic: 0 v1 -- 0x7fc5c010d330 con 0x7fc5c00703d0
2024-02-10T09:22:54.235 INFO:teuthology.orchestra.run.smithi172.stderr:/usr/bin/ceph:
2024-02-10T09:22:54.226+0000 7fc5c5652700 1 --2- >> [v2:172.21.15.172:3300/0,v1:172.21.15.172:6789/0] conn(0x7fc5c00703d0 0x7fc5c010ce40 unknown :-1 s=BANNER_CONNECTING pgs=0 cs=0 l=1 rev1=0 rx=0 tx=0)._handle_peer_banner_payload supported=1 required=0
2024-02-10T09:22:54.235 INFO:teuthology.orchestra.run.smithi172.stderr:/usr/bin/ceph:
2024-02-10T09:22:54.226+0000 7fc5c5652700 1 --2- >> [v2:172.21.15.172:3300/0,v1:172.21.15.172:6789/0] conn(0x7fc5c00703d0 0x7fc5c010ce40 unknown :-1 s=HELLO_CONNECTING pgs=0 cs=0 l=1 rev1=1 rx=0 tx=0).handle_hello peer v2:172.21.15.172:3300/0 says I am v2:172.21.15.172:47426/0 (socket says 172.21.15.172:47426)
2024-02-10T09:22:54.236 INFO:teuthology.orchestra.run.smithi172.stderr:/usr/bin/ceph:
2024-02-10T09:22:54.226+0000 7fc5c5652700 1 -- 172.21.15.172:0/2810875323 learned_addr learned my addr 172.21.15.172:0/2810875323 (peer_addr_for_me v2:172.21.15.172:0/0)
2024-02-10T09:22:54.236 INFO:teuthology.orchestra.run.smithi172.stderr:/usr/bin/ceph:
2024-02-10T09:22:54.226+0000 7fc5c5652700 1 -- 172.21.15.172:0/2810875323 --> [v2:172.21.15.172:3300/0,v1:172.21.15.172:6789/0] -- mon_subscribe({config=0+,monmap=0+}) v3 -- 0x7fc5bc00b200 con 0x7fc5c00703d0
2024-02-10T09:22:54.236 INFO:teuthology.orchestra.run.smithi172.stderr:/usr/bin/ceph:
