2024-02-10T09:22:21.766 INFO:teuthology.orchestra.run.smithi172.stderr:Running command: /bin/podman run --rm --ipc=host --no-hosts --net=host --entrypoint /usr/bin/ceph --init -e CONTAINER_IMAGE=docker.io/ceph/ceph:v16.2.4 -e NODE_NAME=smithi172 -e CEPH_USE_RANDOM_NONCE=1 -v /var/log/ceph/c194278e-c7f5-11ee-95b8-87774f69a715:/var/log/ceph:z -v /tmp/ceph-tmpwcm_rr2l:/etc/ceph/ceph.client.admin.keyring:z -v /tmp/ceph-tmpd9nubz1y:/etc/ceph/ceph.conf:z docker.io/ceph/ceph:v16.2.4 orch set backend cephadm
2024-02-10T09:22:22.420 INFO:teuthology.orchestra.run.smithi172.stderr:/usr/bin/ceph:
2024-02-10T09:22:22.360+0000 7f502ffff700 1 Processor -- start
2024-02-10T09:22:22.420 INFO:teuthology.orchestra.run.smithi172.stderr:/usr/bin/ceph:
2024-02-10T09:22:22.360+0000 7f502ffff700 1 -- start start
2024-02-10T09:22:22.420 INFO:teuthology.orchestra.run.smithi172.stderr:/usr/bin/ceph:
2024-02-10T09:22:22.360+0000 7f502ffff700 1 --2- >> [v2:172.21.15.172:3300/0,v1:172.21.15.172:6789/0] conn(0x7f50300703b0 0x7f5030100d10 unknown :-1 s=NONE pgs=0 cs=0 l=0 rev1=0 rx=0 tx=0).connect
2024-02-10T09:22:22.421 INFO:teuthology.orchestra.run.smithi172.stderr:/usr/bin/ceph:
2024-02-10T09:22:22.360+0000 7f502ffff700 1 -- --> [v2:172.21.15.172:3300/0,v1:172.21.15.172:6789/0] -- mon_getmap magic: 0 v1 -- 0x7f50300fc700 con 0x7f50300703b0
2024-02-10T09:22:22.421 INFO:teuthology.orchestra.run.smithi172.stderr:/usr/bin/ceph:
2024-02-10T09:22:22.360+0000 7f502effd700 1 --2- >> [v2:172.21.15.172:3300/0,v1:172.21.15.172:6789/0] conn(0x7f50300703b0 0x7f5030100d10 unknown :-1 s=BANNER_CONNECTING pgs=0 cs=0 l=0 rev1=0 rx=0 tx=0)._handle_peer_banner_payload supported=1 required=0
2024-02-10T09:22:22.421 INFO:teuthology.orchestra.run.smithi172.stderr:/usr/bin/ceph:
2024-02-10T09:22:22.360+0000 7f502effd700 1 --2- >> [v2:172.21.15.172:3300/0,v1:172.21.15.172:6789/0] conn(0x7f50300703b0 0x7f5030100d10 unknown :-1 s=HELLO_CONNECTING pgs=0 cs=0 l=0 rev1=1 rx=0 tx=0).handle_hello peer v2:172.21.15.172:3300/0 says I am v2:172.21.15.172:49810/0 (socket says 172.21.15.172:49810)
2024-02-10T09:22:22.421 INFO:teuthology.orchestra.run.smithi172.stderr:/usr/bin/ceph:
2024-02-10T09:22:22.360+0000 7f502effd700 1 -- 172.21.15.172:0/1073658605 learned_addr learned my addr 172.21.15.172:0/1073658605 (peer_addr_for_me v2:172.21.15.172:0/0)
2024-02-10T09:22:22.421 INFO:teuthology.orchestra.run.smithi172.stderr:/usr/bin/ceph:
2024-02-10T09:22:22.360+0000 7f502effd700 1 -- 172.21.15.172:0/1073658605 --> [v2:172.21.15.172:3300/0,v1:172.21.15.172:6789/0] -- mon_subscribe({config=0+,monmap=0+}) v3 -- 0x7f5030101200 con 0x7f50300703b0
2024-02-10T09:22:22.421 INFO:teuthology.orchestra.run.smithi172.stderr:/usr/bin/ceph:
2024-02-10T09:22:22.360+0000 7f502effd700 1 --2- 172.21.15.172:0/1073658605 >> [v2:172.21.15.172:3300/0,v1:172.21.15.172:6789/0] conn(0x7f50300703b0 0x7f5030100d10 secure :-1 s=READY pgs=29 cs=0 l=1 rev1=1 rx=0x7f502000b5f0 tx=0x7f5020006ee0).ready entity=mon.0 client_cookie=6a0269f8e0eec1f6 server_cookie=0 in_seq=0 out_seq=0
2024-02-10T09:22:22.421 INFO:teuthology.orchestra.run.smithi172.stderr:/usr/bin/ceph:
2024-02-10T09:22:22.361+0000 7f502dffb700 1 -- 172.21.15.172:0/1073658605 <== mon.0 v2:172.21.15.172:3300/0 1 ==== mon_map magic: 0 v1 ==== 229+0+0 (secure 0 0 0) 0x7f502000d600 con 0x7f50300703b0
2024-02-10T09:22:22.421 INFO:teuthology.orchestra.run.smithi172.stderr:/usr/bin/ceph:
2024-02-10T09:22:22.361+0000 7f502dffb700 1 -- 172.21.15.172:0/1073658605 <== mon.0 v2:172.21.15.172:3300/0 2 ==== config(26 keys) v1 ==== 1045+0+0 (secure 0 0 0) 0x7f502000dbf0 con 0x7f50300703b0
2024-02-10T09:22:22.421 INFO:teuthology.orchestra.run.smithi172.stderr:/usr/bin/ceph:
2024-02-10T09:22:22.361+0000 7f502dffb700 1 -- 172.21.15.172:0/1073658605 <== mon.0 v2:172.21.15.172:3300/0 3 ==== mon_map magic: 0 v1 ==== 229+0+0 (secure 0 0 0) 0x7f5020011cb0 con 0x7f50300703b0
2024-02-10T09:22:22.421 INFO:teuthology.orchestra.run.smithi172.stderr:/usr/bin/ceph:
2024-02-10T09:22:22.361+0000 7f502ffff700 1 -- 172.21.15.172:0/1073658605 >> [v2:172.21.15.172:3300/0,v1:172.21.15.172:6789/0] conn(0x7f50300703b0 msgr2=0x7f5030100d10 secure :-1 s=STATE_CONNECTION_ESTABLISHED l=1).mark_down
2024-02-10T09:22:22.421 INFO:teuthology.orchestra.run.smithi172.stderr:/usr/bin/ceph:
2024-02-10T09:22:22.361+0000 7f502ffff700 1 --2- 172.21.15.172:0/1073658605 >> [v2:172.21.15.172:3300/0,v1:172.21.15.172:6789/0] conn(0x7f50300703b0 0x7f5030100d10 secure :-1 s=READY pgs=29 cs=0 l=1 rev1=1 rx=0x7f502000b5f0 tx=0x7f5020006ee0).stop
2024-02-10T09:22:22.421 INFO:teuthology.orchestra.run.smithi172.stderr:/usr/bin/ceph:
2024-02-10T09:22:22.361+0000 7f502ffff700 1 -- 172.21.15.172:0/1073658605 shutdown_connections
2024-02-10T09:22:22.422 INFO:teuthology.orchestra.run.smithi172.stderr:/usr/bin/ceph:
2024-02-10T09:22:22.361+0000 7f502ffff700 1 --2- 172.21.15.172:0/1073658605 >> [v2:172.21.15.172:3300/0,v1:172.21.15.172:6789/0] conn(0x7f50300703b0 0x7f5030100d10 unknown :-1 s=CLOSED pgs=29 cs=0 l=1 rev1=1 rx=0 tx=0).stop
2024-02-10T09:22:22.422 INFO:teuthology.orchestra.run.smithi172.stderr:/usr/bin/ceph:
2024-02-10T09:22:22.361+0000 7f502ffff700 1 -- 172.21.15.172:0/1073658605 >> 172.21.15.172:0/1073658605 conn(0x7f50300f6390 msgr2=0x7f50300f87b0 unknown :-1 s=STATE_NONE l=0).mark_down
2024-02-10T09:22:22.422 INFO:teuthology.orchestra.run.smithi172.stderr:/usr/bin/ceph:
2024-02-10T09:22:22.361+0000 7f502ffff700 1 -- 172.21.15.172:0/1073658605 shutdown_connections
2024-02-10T09:22:22.422 INFO:teuthology.orchestra.run.smithi172.stderr:/usr/bin/ceph:
2024-02-10T09:22:22.361+0000 7f502ffff700 1 -- 172.21.15.172:0/1073658605 wait complete.
2024-02-10T09:22:22.422 INFO:teuthology.orchestra.run.smithi172.stderr:/usr/bin/ceph:
2024-02-10T09:22:22.362+0000 7f502ffff700 1 Processor -- start
2024-02-10T09:22:22.422 INFO:teuthology.orchestra.run.smithi172.stderr:/usr/bin/ceph:
2024-02-10T09:22:22.362+0000 7f502ffff700 1 -- start start
2024-02-10T09:22:22.422 INFO:teuthology.orchestra.run.smithi172.stderr:/usr/bin/ceph:
2024-02-10T09:22:22.362+0000 7f502ffff700 1 --2- >> [v2:172.21.15.172:3300/0,v1:172.21.15.172:6789/0] conn(0x7f50300703b0 0x7f503010cb80 unknown :-1 s=NONE pgs=0 cs=0 l=1 rev1=0 rx=0 tx=0).connect
2024-02-10T09:22:22.422 INFO:teuthology.orchestra.run.smithi172.stderr:/usr/bin/ceph:
2024-02-10T09:22:22.362+0000 7f502ffff700 1 -- --> [v2:172.21.15.172:3300/0,v1:172.21.15.172:6789/0] -- mon_getmap magic: 0 v1 -- 0x7f503010d070 con 0x7f50300703b0
2024-02-10T09:22:22.422 INFO:teuthology.orchestra.run.smithi172.stderr:/usr/bin/ceph:
2024-02-10T09:22:22.362+0000 7f502effd700 1 --2- >> [v2:172.21.15.172:3300/0,v1:172.21.15.172:6789/0] conn(0x7f50300703b0 0x7f503010cb80 unknown :-1 s=BANNER_CONNECTING pgs=0 cs=0 l=1 rev1=0 rx=0 tx=0)._handle_peer_banner_payload supported=1 required=0
2024-02-10T09:22:22.422 INFO:teuthology.orchestra.run.smithi172.stderr:/usr/bin/ceph:
2024-02-10T09:22:22.362+0000 7f502effd700 1 --2- >> [v2:172.21.15.172:3300/0,v1:172.21.15.172:6789/0] conn(0x7f50300703b0 0x7f503010cb80 unknown :-1 s=HELLO_CONNECTING pgs=0 cs=0 l=1 rev1=1 rx=0 tx=0).handle_hello peer v2:172.21.15.172:3300/0 says I am v2:172.21.15.172:49824/0 (socket says 172.21.15.172:49824)
2024-02-10T09:22:22.422 INFO:teuthology.orchestra.run.smithi172.stderr:/usr/bin/ceph:
2024-02-10T09:22:22.362+0000 7f502effd700 1 -- 172.21.15.172:0/3393067978 learned_addr learned my addr 172.21.15.172:0/3393067978 (peer_addr_for_me v2:172.21.15.172:0/0)
2024-02-10T09:22:22.422 INFO:teuthology.orchestra.run.smithi172.stderr:/usr/bin/ceph:
2024-02-10T09:22:22.362+0000 7f502effd700 1 -- 172.21.15.172:0/3393067978 --> [v2:172.21.15.172:3300/0,v1:172.21.15.172:6789/0] -- mon_subscribe({config=0+,monmap=0+}) v3 -- 0x7f502000b200 con 0x7f50300703b0
2024-02-10T09:22:22.422 INFO:teuthology.orchestra.run.smithi172.stderr:/usr/bin/ceph:
2024-02-10T09:22:22.363+0000 7f502effd700 1 --2- 172.21.15.172:0/3393067978 >> [v2:172.21.15.172:3300/0,v1:172.21.15.172:6789/0] conn(0x7f50300703b0 0x7f503010cb80 secure :-1 s=READY pgs=30 cs=0 l=1 rev1=1 rx=0x7f5020006800 tx=0x7f5020006ee0).ready entity=mon.0 client_cookie=0 server_cookie=0 in_seq=0 out_seq=0
2024-02-10T09:22:22.422 INFO:teuthology.orchestra.run.smithi172.stderr:/usr/bin/ceph:
2024-02-10T09:22:22.363+0000 7f50177fe700 1 -- 172.21.15.172:0/3393067978 <== mon.0 v2:172.21.15.172:3300/0 1 ==== mon_map magic: 0 v1 ==== 229+0+0 (secure 0 0 0) 0x7f502001b570 con 0x7f50300703b0
2024-02-10T09:22:22.422 INFO:teuthology.orchestra.run.smithi172.stderr:/usr/bin/ceph:
2024-02-10T09:22:22.363+0000 7f50177fe700 1 -- 172.21.15.172:0/3393067978 <== mon.0 v2:172.21.15.172:3300/0 2 ==== config(26 keys) v1 ==== 1045+0+0 (secure 0 0 0) 0x7f502001bb60 con 0x7f50300703b0
2024-02-10T09:22:22.423 INFO:teuthology.orchestra.run.smithi172.stderr:/usr/bin/ceph:
2024-02-10T09:22:22.363+0000 7f502ffff700 1 -- 172.21.15.172:0/3393067978 --> [v2:172.21.15.172:3300/0,v1:172.21.15.172:6789/0] -- mon_subscribe({mgrmap=0+}) v3 -- 0x7f503010d270 con 0x7f50300703b0
2024-02-10T09:22:22.423 INFO:teuthology.orchestra.run.smithi172.stderr:/usr/bin/ceph:
2024-02-10T09:22:22.363+0000 7f50177fe700 1 -- 172.21.15.172:0/3393067978 <== mon.0 v2:172.21.15.172:3300/0 3 ==== mon_map magic: 0 v1 ==== 229+0+0 (secure 0 0 0) 0x7f502001a9f0 con 0x7f50300703b0
2024-02-10T09:22:22.423 INFO:teuthology.orchestra.run.smithi172.stderr:/usr/bin/ceph:
2024-02-10T09:22:22.363+0000 7f502ffff700 1 -- 172.21.15.172:0/3393067978 --> [v2:172.21.15.172:3300/0,v1:172.21.15.172:6789/0] -- mon_subscribe({osdmap=0}) v3 -- 0x7f503010d700 con 0x7f50300703b0
2024-02-10T09:22:22.423 INFO:teuthology.orchestra.run.smithi172.stderr:/usr/bin/ceph:
2024-02-10T09:22:22.363+0000 7f50177fe700 1 -- 172.21.15.172:0/3393067978 <== mon.0 v2:172.21.15.172:3300/0 4 ==== mgrmap(e 8) v1 ==== 36120+0+0 (secure 0 0 0) 0x7f502000f070 con 0x7f50300703b0
2024-02-10T09:22:22.423 INFO:teuthology.orchestra.run.smithi172.stderr:/usr/bin/ceph:
2024-02-10T09:22:22.364+0000 7f50177fe700 1 --2- 172.21.15.172:0/3393067978 >> [v2:172.21.15.172:6800/3949398486,v1:172.21.15.172:6801/3949398486] conn(0x7f501c02fe70 0x7f501c032330 unknown :-1 s=NONE pgs=0 cs=0 l=1 rev1=0 rx=0 tx=0).connect
2024-02-10T09:22:22.423 INFO:teuthology.orchestra.run.smithi172.stderr:/usr/bin/ceph:
2024-02-10T09:22:22.364+0000 7f50177fe700 1 -- 172.21.15.172:0/3393067978 <== mon.0 v2:172.21.15.172:3300/0 5 ==== osd_map(2..2 src has 1..2) v4 ==== 926+0+0 (secure 0 0 0) 0x7f5020041310 con 0x7f50300703b0
2024-02-10T09:22:22.423 INFO:teuthology.orchestra.run.smithi172.stderr:/usr/bin/ceph:
2024-02-10T09:22:22.364+0000 7f502ffff700 1 -- 172.21.15.172:0/3393067978 --> [v2:172.21.15.172:3300/0,v1:172.21.15.172:6789/0] -- mon_command({"prefix": "get_command_descriptions"} v 0) v1 -- 0x7f5030045ad0 con 0x7f50300703b0
2024-02-10T09:22:22.423 INFO:teuthology.orchestra.run.smithi172.stderr:/usr/bin/ceph:
2024-02-10T09:22:22.364+0000 7f502e7fc700 1 --2- 172.21.15.172:0/3393067978 >> [v2:172.21.15.172:6800/3949398486,v1:172.21.15.172:6801/3949398486] conn(0x7f501c02fe70 0x7f501c032330 unknown :-1 s=BANNER_CONNECTING pgs=0 cs=0 l=1 rev1=0 rx=0 tx=0)._handle_peer_banner_payload supported=1 required=0
2024-02-10T09:22:22.423 INFO:teuthology.orchestra.run.smithi172.stderr:/usr/bin/ceph:
2024-02-10T09:22:22.364+0000 7f502e7fc700 1 --2- 172.21.15.172:0/3393067978 >> [v2:172.21.15.172:6800/3949398486,v1:172.21.15.172:6801/3949398486] conn(0x7f501c02fe70 0x7f501c032330 secure :-1 s=READY pgs=6 cs=0 l=1 rev1=1 rx=0x7f50240096a0 tx=0x7f5024006b40).ready entity=mgr.14114 client_cookie=0 server_cookie=0 in_seq=0 out_seq=0
2024-02-10T09:22:22.423 INFO:teuthology.orchestra.run.smithi172.stderr:/usr/bin/ceph:
2024-02-10T09:22:22.368+0000 7f50177fe700 1 -- 172.21.15.172:0/3393067978 <== mon.0 v2:172.21.15.172:3300/0 6 ==== mon_command_ack([{"prefix": "get_command_descriptions"}]=0 v0) v1 ==== 72+0+152212 (secure 0 0 0) 0x7f5020016070 con 0x7f50300703b0
2024-02-10T09:22:22.550 INFO:teuthology.orchestra.run.smithi172.stderr:/usr/bin/ceph:
2024-02-10T09:22:22.548+0000 7f502ffff700 1 -- 172.21.15.172:0/3393067978 --> [v2:172.21.15.172:6800/3949398486,v1:172.21.15.172:6801/3949398486] -- mgr_command(tid 0: {"prefix": "orch set backend", "module_name": "cephadm", "target": ["mon-mgr", ""]}) v1 -- 0x7f503010ed20 con 0x7f501c02fe70
2024-02-10T09:22:22.555 INFO:teuthology.orchestra.run.smithi172.stderr:/usr/bin/ceph:
2024-02-10T09:22:22.553+0000 7f50177fe700 1 -- 172.21.15.172:0/3393067978 <== mgr.14114 v2:172.21.15.172:6800/3949398486 1 ==== mgr_command_reply(tid 0: 0 ) v1 ==== 8+0+0 (secure 0 0 0) 0x7f503010ed20 con 0x7f501c02fe70
2024-02-10T09:22:22.560 INFO:teuthology.orchestra.run.smithi172.stderr:/usr/bin/ceph:
2024-02-10T09:22:22.555+0000 7f502ffff700 1 -- 172.21.15.172:0/3393067978 >> [v2:172.21.15.172:6800/3949398486,v1:172.21.15.172:6801/3949398486] conn(0x7f501c02fe70 msgr2=0x7f501c032330 secure :-1 s=STATE_CONNECTION_ESTABLISHED l=1).mark_down
2024-02-10T09:22:22.560 INFO:teuthology.orchestra.run.smithi172.stderr:/usr/bin/ceph:
2024-02-10T09:22:22.555+0000 7f502ffff700 1 --2- 172.21.15.172:0/3393067978 >> [v2:172.21.15.172:6800/3949398486,v1:172.21.15.172:6801/3949398486] conn(0x7f501c02fe70 0x7f501c032330 secure :-1 s=READY pgs=6 cs=0 l=1 rev1=1 rx=0x7f50240096a0 tx=0x7f5024006b40).stop
2024-02-10T09:22:22.560 INFO:teuthology.orchestra.run.smithi172.stderr:/usr/bin/ceph:
2024-02-10T09:22:22.555+0000 7f502ffff700 1 -- 172.21.15.172:0/3393067978 >> [v2:172.21.15.172:3300/0,v1:172.21.15.172:6789/0] conn(0x7f50300703b0 msgr2=0x7f503010cb80 secure :-1 s=STATE_CONNECTION_ESTABLISHED l=1).mark_down
2024-02-10T09:22:22.560 INFO:teuthology.orchestra.run.smithi172.stderr:/usr/bin/ceph:
2024-02-10T09:22:22.555+0000 7f502ffff700 1 --2- 172.21.15.172:0/3393067978 >> [v2:172.21.15.172:3300/0,v1:172.21.15.172:6789/0] conn(0x7f50300703b0 0x7f503010cb80 secure :-1 s=READY pgs=30 cs=0 l=1 rev1=1 rx=0x7f5020006800 tx=0x7f5020006ee0).stop
2024-02-10T09:22:22.560 INFO:teuthology.orchestra.run.smithi172.stderr:/usr/bin/ceph:
2024-02-10T09:22:22.555+0000 7f502ffff700 1 -- 172.21.15.172:0/3393067978 shutdown_connections
2024-02-10T09:22:22.560 INFO:teuthology.orchestra.run.smithi172.stderr:/usr/bin/ceph:
2024-02-10T09:22:22.555+0000 7f502ffff700 1 --2- 172.21.15.172:0/3393067978 >> [v2:172.21.15.172:6800/3949398486,v1:172.21.15.172:6801/3949398486] conn(0x7f501c02fe70 0x7f501c032330 unknown :-1 s=CLOSED pgs=6 cs=0 l=1 rev1=1 rx=0 tx=0).stop
2024-02-10T09:22:22.561 INFO:teuthology.orchestra.run.smithi172.stderr:/usr/bin/ceph:
2024-02-10T09:22:22.555+0000 7f502ffff700 1 --2- 172.21.15.172:0/3393067978 >> [v2:172.21.15.172:3300/0,v1:172.21.15.172:6789/0] conn(0x7f50300703b0 0x7f503010cb80 unknown :-1 s=CLOSED pgs=30 cs=0 l=1 rev1=1 rx=0 tx=0).stop
2024-02-10T09:22:22.561 INFO:teuthology.orchestra.run.smithi172.stderr:/usr/bin/ceph:
2024-02-10T09:22:22.555+0000 7f502ffff700 1 -- 172.21.15.172:0/3393067978 >> 172.21.15.172:0/3393067978 conn(0x7f50300f6390 msgr2=0x7f50300f7db0 unknown :-1 s=STATE_NONE l=0).mark_down
2024-02-10T09:22:22.561 INFO:teuthology.orchestra.run.smithi172.stderr:/usr/bin/ceph:
2024-02-10T09:22:22.556+0000 7f502ffff700 1 -- 172.21.15.172:0/3393067978 shutdown_connections
2024-02-10T09:22:22.561 INFO:teuthology.orchestra.run.smithi172.stderr:/usr/bin/ceph:
2024-02-10T09:22:22.556+0000 7f502ffff700 1 -- 172.21.15.172:0/3393067978 wait complete.
2024-02-10T09:22:23.230 INFO:teuthology.orchestra.run.smithi172.stderr:Running command: /bin/podman run --rm --ipc=host --no-hosts --net=host --entrypoint /usr/bin/ceph --init -e CONTAINER_IMAGE=docker.io/ceph/ceph:v16.2.4 -e NODE_NAME=smithi172 -e CEPH_USE_RANDOM_NONCE=1 -v /var/log/ceph/c194278e-c7f5-11ee-95b8-87774f69a715:/var/log/ceph:z -v /tmp/ceph-tmpwcm_rr2l:/etc/ceph/ceph.client.admin.keyring:z -v /tmp/ceph-tmpd9nubz1y:/etc/ceph/ceph.conf:z docker.io/ceph/ceph:v16.2.4 cephadm set-user root
2024-02-10T09:22:23.805 INFO:teuthology.orchestra.run.smithi172.stderr:/usr/bin/ceph:
2024-02-10T09:22:23.801+0000 7f6665552700 1 Processor -- start
2024-02-10T09:22:23.806 INFO:teuthology.orchestra.run.smithi172.stderr:/usr/bin/ceph:
2024-02-10T09:22:23.801+0000 7f6665552700 1 -- start start
2024-02-10T09:22:23.806 INFO:teuthology.orchestra.run.smithi172.stderr:/usr/bin/ceph:
2024-02-10T09:22:23.802+0000 7f6665552700 1 --2- >> [v2:172.21.15.172:3300/0,v1:172.21.15.172:6789/0] conn(0x7f6660072540 0x7f6660070ae0 unknown :-1 s=NONE pgs=0 cs=0 l=0 rev1=0 rx=0 tx=0).connect
2024-02-10T09:22:23.806 INFO:teuthology.orchestra.run.smithi172.stderr:/usr/bin/ceph:
2024-02-10T09:22:23.802+0000 7f6665552700 1 -- --> [v2:172.21.15.172:3300/0,v1:172.21.15.172:6789/0] -- mon_getmap magic: 0 v1 -- 0x7f6660072960 con 0x7f6660072540
2024-02-10T09:22:23.806 INFO:teuthology.orchestra.run.smithi172.stderr:/usr/bin/ceph:
2024-02-10T09:22:23.802+0000 7f665effd700 1 --2- >> [v2:172.21.15.172:3300/0,v1:172.21.15.172:6789/0] conn(0x7f6660072540 0x7f6660070ae0 unknown :-1 s=BANNER_CONNECTING pgs=0 cs=0 l=0 rev1=0 rx=0 tx=0)._handle_peer_banner_payload supported=1 required=0
2024-02-10T09:22:23.806 INFO:teuthology.orchestra.run.smithi172.stderr:/usr/bin/ceph:
2024-02-10T09:22:23.802+0000 7f665effd700 1 --2- >> [v2:172.21.15.172:3300/0,v1:172.21.15.172:6789/0] conn(0x7f6660072540 0x7f6660070ae0 unknown :-1 s=HELLO_CONNECTING pgs=0 cs=0 l=0 rev1=1 rx=0 tx=0).handle_hello peer v2:172.21.15.172:3300/0 says I am v2:172.21.15.172:49830/0 (socket says 172.21.15.172:49830)
2024-02-10T09:22:23.806 INFO:teuthology.orchestra.run.smithi172.stderr:/usr/bin/ceph:
2024-02-10T09:22:23.802+0000 7f665effd700 1 -- 172.21.15.172:0/824936518 learned_addr learned my addr 172.21.15.172:0/824936518 (peer_addr_for_me v2:172.21.15.172:0/0)
2024-02-10T09:22:23.806 INFO:teuthology.orchestra.run.smithi172.stderr:/usr/bin/ceph:
2024-02-10T09:22:23.802+0000 7f665effd700 1 -- 172.21.15.172:0/824936518 --> [v2:172.21.15.172:3300/0,v1:172.21.15.172:6789/0] -- mon_subscribe({config=0+,monmap=0+}) v3 -- 0x7f6660070fd0 con 0x7f6660072540
2024-02-10T09:22:23.806 INFO:teuthology.orchestra.run.smithi172.stderr:/usr/bin/ceph:
2024-02-10T09:22:23.802+0000 7f665effd700 1 --2- 172.21.15.172:0/824936518 >> [v2:172.21.15.172:3300/0,v1:172.21.15.172:6789/0] conn(0x7f6660072540 0x7f6660070ae0 secure :-1 s=READY pgs=31 cs=0 l=1 rev1=1 rx=0x7f665000b5f0 tx=0x7f6650006ee0).ready entity=mon.0 client_cookie=eec47e49116fa327 server_cookie=0 in_seq=0 out_seq=0
2024-02-10T09:22:23.806 INFO:teuthology.orchestra.run.smithi172.stderr:/usr/bin/ceph:
2024-02-10T09:22:23.802+0000 7f665dffb700 1 -- 172.21.15.172:0/824936518 <== mon.0 v2:172.21.15.172:3300/0 1 ==== mon_map magic: 0 v1 ==== 229+0+0 (secure 0 0 0) 0x7f665000d600 con 0x7f6660072540
2024-02-10T09:22:23.806 INFO:teuthology.orchestra.run.smithi172.stderr:/usr/bin/ceph:
2024-02-10T09:22:23.802+0000 7f665dffb700 1 -- 172.21.15.172:0/824936518 <== mon.0 v2:172.21.15.172:3300/0 2 ==== config(26 keys) v1 ==== 1045+0+0 (secure 0 0 0) 0x7f665000dbf0 con 0x7f6660072540
2024-02-10T09:22:23.806 INFO:teuthology.orchestra.run.smithi172.stderr:/usr/bin/ceph:
2024-02-10T09:22:23.802+0000 7f665dffb700 1 -- 172.21.15.172:0/824936518 <== mon.0 v2:172.21.15.172:3300/0 3 ==== mon_map magic: 0 v1 ==== 229+0+0 (secure 0 0 0) 0x7f6650011cb0 con 0x7f6660072540
2024-02-10T09:22:23.806 INFO:teuthology.orchestra.run.smithi172.stderr:/usr/bin/ceph:
2024-02-10T09:22:23.803+0000 7f6665552700 1 -- 172.21.15.172:0/824936518 >> [v2:172.21.15.172:3300/0,v1:172.21.15.172:6789/0] conn(0x7f6660072540 msgr2=0x7f6660070ae0 secure :-1 s=STATE_CONNECTION_ESTABLISHED l=1).mark_down
2024-02-10T09:22:23.807 INFO:teuthology.orchestra.run.smithi172.stderr:/usr/bin/ceph:
2024-02-10T09:22:23.803+0000 7f6665552700 1 --2- 172.21.15.172:0/824936518 >> [v2:172.21.15.172:3300/0,v1:172.21.15.172:6789/0] conn(0x7f6660072540 0x7f6660070ae0 secure :-1 s=READY pgs=31 cs=0 l=1 rev1=1 rx=0x7f665000b5f0 tx=0x7f6650006ee0).stop
2024-02-10T09:22:23.807 INFO:teuthology.orchestra.run.smithi172.stderr:/usr/bin/ceph:
2024-02-10T09:22:23.803+0000 7f6665552700 1 -- 172.21.15.172:0/824936518 shutdown_connections
2024-02-10T09:22:23.807 INFO:teuthology.orchestra.run.smithi172.stderr:/usr/bin/ceph:
2024-02-10T09:22:23.803+0000 7f6665552700 1 --2- 172.21.15.172:0/824936518 >> [v2:172.21.15.172:3300/0,v1:172.21.15.172:6789/0] conn(0x7f6660072540 0x7f6660070ae0 unknown :-1 s=CLOSED pgs=31 cs=0 l=1 rev1=1 rx=0 tx=0).stop
2024-02-10T09:22:23.807 INFO:teuthology.orchestra.run.smithi172.stderr:/usr/bin/ceph:
2024-02-10T09:22:23.803+0000 7f6665552700 1 -- 172.21.15.172:0/824936518 >> 172.21.15.172:0/824936518 conn(0x7f66600f76a0 msgr2=0x7f66600f9ac0 unknown :-1 s=STATE_NONE l=0).mark_down
2024-02-10T09:22:23.807 INFO:teuthology.orchestra.run.smithi172.stderr:/usr/bin/ceph:
2024-02-10T09:22:23.803+0000 7f6665552700 1 -- 172.21.15.172:0/824936518 shutdown_connections
2024-02-10T09:22:23.807 INFO:teuthology.orchestra.run.smithi172.stderr:/usr/bin/ceph:
2024-02-10T09:22:23.803+0000 7f6665552700 1 -- 172.21.15.172:0/824936518 wait complete.
2024-02-10T09:22:23.807 INFO:teuthology.orchestra.run.smithi172.stderr:/usr/bin/ceph:
2024-02-10T09:22:23.804+0000 7f6665552700 1 Processor -- start
2024-02-10T09:22:23.807 INFO:teuthology.orchestra.run.smithi172.stderr:/usr/bin/ceph:
2024-02-10T09:22:23.804+0000 7f6665552700 1 -- start start
2024-02-10T09:22:23.807 INFO:teuthology.orchestra.run.smithi172.stderr:/usr/bin/ceph:
2024-02-10T09:22:23.804+0000 7f6665552700 1 --2- >> [v2:172.21.15.172:3300/0,v1:172.21.15.172:6789/0] conn(0x7f6660072540 0x7f666010ce00 unknown :-1 s=NONE pgs=0 cs=0 l=1 rev1=0 rx=0 tx=0).connect
2024-02-10T09:22:23.807 INFO:teuthology.orchestra.run.smithi172.stderr:/usr/bin/ceph:
2024-02-10T09:22:23.804+0000 7f6665552700 1 -- --> [v2:172.21.15.172:3300/0,v1:172.21.15.172:6789/0] -- mon_getmap magic: 0 v1 -- 0x7f666010d2f0 con 0x7f6660072540
2024-02-10T09:22:23.807 INFO:teuthology.orchestra.run.smithi172.stderr:/usr/bin/ceph:
2024-02-10T09:22:23.804+0000 7f665effd700 1 --2- >> [v2:172.21.15.172:3300/0,v1:172.21.15.172:6789/0] conn(0x7f6660072540 0x7f666010ce00 unknown :-1 s=BANNER_CONNECTING pgs=0 cs=0 l=1 rev1=0 rx=0 tx=0)._handle_peer_banner_payload supported=1 required=0
2024-02-10T09:22:23.809 INFO:teuthology.orchestra.run.smithi172.stderr:/usr/bin/ceph:
2024-02-10T09:22:23.804+0000 7f665effd700 1 --2- >> [v2:172.21.15.172:3300/0,v1:172.21.15.172:6789/0] conn(0x7f6660072540 0x7f666010ce00 unknown :-1 s=HELLO_CONNECTING pgs=0 cs=0 l=1 rev1=1 rx=0 tx=0).handle_hello peer v2:172.21.15.172:3300/0 says I am v2:172.21.15.172:49832/0 (socket says 172.21.15.172:49832)
2024-02-10T09:22:23.809 INFO:teuthology.orchestra.run.smithi172.stderr:/usr/bin/ceph:
2024-02-10T09:22:23.804+0000 7f665effd700 1 -- 172.21.15.172:0/4214711932 learned_addr learned my addr 172.21.15.172:0/4214711932 (peer_addr_for_me v2:172.21.15.172:0/0)
2024-02-10T09:22:23.810 INFO:teuthology.orchestra.run.smithi172.stderr:/usr/bin/ceph:
2024-02-10T09:22:23.804+0000 7f665effd700 1 -- 172.21.15.172:0/4214711932 --> [v2:172.21.15.172:3300/0,v1:172.21.15.172:6789/0] -- mon_subscribe({config=0+,monmap=0+}) v3 -- 0x7f665000b200 con 0x7f6660072540
2024-02-10T09:22:23.810 INFO:teuthology.orchestra.run.smithi172.stderr:/usr/bin/ceph:
2024-02-10T09:22:23.805+0000 7f665effd700 1 --2- 172.21.15.172:0/4214711932 >> [v2:172.21.15.172:3300/0,v1:172.21.15.172:6789/0] conn(0x7f6660072540 0x7f666010ce00 secure :-1 s=READY pgs=32 cs=0 l=1 rev1=1 rx=0x7f6650006800 tx=0x7f6650006ee0).ready entity=mon.0 client_cookie=0 server_cookie=0 in_seq=0 out_seq=0
2024-02-10T09:22:23.810 INFO:teuthology.orchestra.run.smithi172.stderr:/usr/bin/ceph:
2024-02-10T09:22:23.805+0000 7f66577fe700 1 -- 172.21.15.172:0/4214711932 <== mon.0 v2:172.21.15.172:3300/0 1 ==== mon_map magic: 0 v1 ==== 229+0+0 (secure 0 0 0) 0x7f665001b570 con 0x7f6660072540
2024-02-10T09:22:23.810 INFO:teuthology.orchestra.run.smithi172.stderr:/usr/bin/ceph:
2024-02-10T09:22:23.805+0000 7f66577fe700 1 -- 172.21.15.172:0/4214711932 <== mon.0 v2:172.21.15.172:3300/0 2 ==== config(26 keys) v1 ==== 1045+0+0 (secure 0 0 0) 0x7f665001bb60 con 0x7f6660072540
2024-02-10T09:22:23.810 INFO:teuthology.orchestra.run.smithi172.stderr:/usr/bin/ceph:
2024-02-10T09:22:23.805+0000 7f6665552700 1 -- 172.21.15.172:0/4214711932 --> [v2:172.21.15.172:3300/0,v1:172.21.15.172:6789/0] -- mon_subscribe({mgrmap=0+}) v3 -- 0x7f666010d4f0 con 0x7f6660072540
2024-02-10T09:22:23.810 INFO:teuthology.orchestra.run.smithi172.stderr:/usr/bin/ceph:
2024-02-10T09:22:23.805+0000 7f66577fe700 1 -- 172.21.15.172:0/4214711932 <== mon.0 v2:172.21.15.172:3300/0 3 ==== mon_map magic: 0 v1 ==== 229+0+0 (secure 0 0 0) 0x7f665001a9f0 con 0x7f6660072540
2024-02-10T09:22:23.810 INFO:teuthology.orchestra.run.smithi172.stderr:/usr/bin/ceph:
2024-02-10T09:22:23.805+0000 7f6665552700 1 -- 172.21.15.172:0/4214711932 --> [v2:172.21.15.172:3300/0,v1:172.21.15.172:6789/0] -- mon_subscribe({osdmap=0}) v3 -- 0x7f666010e100 con 0x7f6660072540
2024-02-10T09:22:23.810 INFO:teuthology.orchestra.run.smithi172.stderr:/usr/bin/ceph:
2024-02-10T09:22:23.805+0000 7f66577fe700 1 -- 172.21.15.172:0/4214711932 <== mon.0 v2:172.21.15.172:3300/0 4 ==== mgrmap(e 8) v1 ==== 36120+0+0 (secure 0 0 0) 0x7f665000f070 con 0x7f6660072540
2024-02-10T09:22:23.810 INFO:teuthology.orchestra.run.smithi172.stderr:/usr/bin/ceph:
2024-02-10T09:22:23.806+0000 7f66577fe700 1 --2- 172.21.15.172:0/4214711932 >> [v2:172.21.15.172:6800/3949398486,v1:172.21.15.172:6801/3949398486] conn(0x7f664002fe70 0x7f6640032330 unknown :-1 s=NONE pgs=0 cs=0 l=1 rev1=0 rx=0 tx=0).connect
2024-02-10T09:22:23.810 INFO:teuthology.orchestra.run.smithi172.stderr:/usr/bin/ceph:
2024-02-10T09:22:23.806+0000 7f66577fe700 1 -- 172.21.15.172:0/4214711932 <== mon.0 v2:172.21.15.172:3300/0 5 ==== osd_map(2..2 src has 1..2) v4 ==== 926+0+0 (secure 0 0 0) 0x7f6650041380 con 0x7f6660072540
2024-02-10T09:22:23.810 INFO:teuthology.orchestra.run.smithi172.stderr:/usr/bin/ceph:
2024-02-10T09:22:23.806+0000 7f665e7fc700 1 --2- 172.21.15.172:0/4214711932 >> [v2:172.21.15.172:6800/3949398486,v1:172.21.15.172:6801/3949398486] conn(0x7f664002fe70 0x7f6640032330 unknown :-1 s=BANNER_CONNECTING pgs=0 cs=0 l=1 rev1=0 rx=0 tx=0)._handle_peer_banner_payload supported=1 required=0
2024-02-10T09:22:23.810 INFO:teuthology.orchestra.run.smithi172.stderr:/usr/bin/ceph:
2024-02-10T09:22:23.806+0000 7f6665552700 1 -- 172.21.15.172:0/4214711932 --> [v2:172.21.15.172:3300/0,v1:172.21.15.172:6789/0] -- mon_command({"prefix": "get_command_descriptions"} v 0) v1 -- 0x7f6660059100 con 0x7f6660072540
2024-02-10T09:22:23.810 INFO:teuthology.orchestra.run.smithi172.stderr:/usr/bin/ceph:
2024-02-10T09:22:23.806+0000 7f665e7fc700 1 --2- 172.21.15.172:0/4214711932 >> [v2:172.21.15.172:6800/3949398486,v1:172.21.15.172:6801/3949398486] conn(0x7f664002fe70 0x7f6640032330 secure :-1 s=READY pgs=7 cs=0 l=1 rev1=1 rx=0x7f66480096a0 tx=0x7f6648006b40).ready entity=mgr.14114 client_cookie=0 server_cookie=0 in_seq=0 out_seq=0
2024-02-10T09:22:23.811 INFO:teuthology.orchestra.run.smithi172.stderr:/usr/bin/ceph:
2024-02-10T09:22:23.810+0000 7f66577fe700 1 -- 172.21.15.172:0/4214711932 <== mon.0 v2:172.21.15.172:3300/0 6 ==== mon_command_ack([{"prefix": "get_command_descriptions"}]=0 v0) v1 ==== 72+0+152212 (secure 0 0 0) 0x7f6650016070 con 0x7f6660072540
2024-02-10T09:22:23.880 INFO:journalctl@ceph.mon.smithi172.smithi172.stdout:Feb 10 09:22:23 smithi172 ceph-c194278e-c7f5-11ee-95b8-87774f69a715-mon.smithi172[39430]: audit
2024-02-10T09:22:22.551047+0000 mgr.smithi172.bwfdvd (mgr.14114) 3 : audit [DBG] from='client.14124 -' entity='client.admin' cmd=[{"prefix": "orch set backend", "module_name": "cephadm", "target": ["mon-mgr", ""]}]: dispatch
2024-02-10T09:22:23.880 INFO:journalctl@ceph.mon.smithi172.smithi172.stdout:Feb 10 09:22:23 smithi172 ceph-c194278e-c7f5-11ee-95b8-87774f69a715-mon.smithi172[39430]: audit
2024-02-10T09:22:22.555040+0000 mon.smithi172 (mon.0) 50 : audit [INF] from='mgr.14114 172.21.15.172:0/1804915721' entity='mgr.smithi172.bwfdvd'
2024-02-10T09:22:23.880 INFO:journalctl@ceph.mon.smithi172.smithi172.stdout:Feb 10 09:22:23 smithi172 ceph-c194278e-c7f5-11ee-95b8-87774f69a715-mon.smithi172[39430]: audit
2024-02-10T09:22:22.558752+0000 mon.smithi172 (mon.0) 51 : audit [DBG] from='mgr.14114 172.21.15.172:0/1804915721' entity='mgr.smithi172.bwfdvd' cmd=[{"prefix": "config dump", "format": "json"}]: dispatch
2024-02-10T09:22:23.963 INFO:teuthology.orchestra.run.smithi172.stderr:/usr/bin/ceph:
2024-02-10T09:22:23.961+0000 7f6665552700 1 -- 172.21.15.172:0/4214711932 --> [v2:172.21.15.172:6800/3949398486,v1:172.21.15.172:6801/3949398486] -- mgr_command(tid 0: {"prefix": "cephadm set-user", "user": "root", "target": ["mon-mgr", ""]}) v1 -- 0x7f6660102190 con 0x7f664002fe70
2024-02-10T09:22:23.963 INFO:teuthology.orchestra.run.smithi172.stderr:/usr/bin/ceph:
2024-02-10T09:22:23.962+0000 7f66577fe700 1 -- 172.21.15.172:0/4214711932 <== mgr.14114 v2:172.21.15.172:6800/3949398486 1 ==== mgr_command_reply(tid 0: 0 ) v1 ==== 8+0+16 (secure 0 0 0) 0x7f6660102190 con 0x7f664002fe70
2024-02-10T09:22:23.964 INFO:teuthology.orchestra.run.smithi172.stderr:/usr/bin/ceph: value unchanged
2024-02-10T09:22:23.966 INFO:teuthology.orchestra.run.smithi172.stderr:/usr/bin/ceph:
2024-02-10T09:22:23.964+0000 7f6665552700 1 -- 172.21.15.172:0/4214711932 >> [v2:172.21.15.172:6800/3949398486,v1:172.21.15.172:6801/3949398486] conn(0x7f664002fe70 msgr2=0x7f6640032330 secure :-1 s=STATE_CONNECTION_ESTABLISHED l=1).mark_down
2024-02-10T09:22:23.966 INFO:teuthology.orchestra.run.smithi172.stderr:/usr/bin/ceph:
2024-02-10T09:22:23.964+0000 7f6665552700 1 --2- 172.21.15.172:0/4214711932 >> [v2:172.21.15.172:6800/3949398486,v1:172.21.15.172:6801/3949398486] conn(0x7f664002fe70 0x7f6640032330 secure :-1 s=READY pgs=7 cs=0 l=1 rev1=1 rx=0x7f66480096a0 tx=0x7f6648006b40).stop
2024-02-10T09:22:23.966 INFO:teuthology.orchestra.run.smithi172.stderr:/usr/bin/ceph:
2024-02-10T09:22:23.964+0000 7f6665552700 1 -- 172.21.15.172:0/4214711932 >> [v2:172.21.15.172:3300/0,v1:172.21.15.172:6789/0] conn(0x7f6660072540 msgr2=0x7f666010ce00 secure :-1 s=STATE_CONNECTION_ESTABLISHED l=1).mark_down
2024-02-10T09:22:23.966 INFO:teuthology.orchestra.run.smithi172.stderr:/usr/bin/ceph:
2024-02-10T09:22:23.964+0000 7f6665552700 1 --2- 172.21.15.172:0/4214711932 >> [v2:172.21.15.172:3300/0,v1:172.21.15.172:6789/0] conn(0x7f6660072540 0x7f666010ce00 secure :-1 s=READY pgs=32 cs=0 l=1 rev1=1 rx=0x7f6650006800 tx=0x7f6650006ee0).stop
2024-02-10T09:22:23.966 INFO:teuthology.orchestra.run.smithi172.stderr:/usr/bin/ceph:
2024-02-10T09:22:23.964+0000 7f6665552700 1 -- 172.21.15.172:0/4214711932 shutdown_connections
2024-02-10T09:22:23.966 INFO:teuthology.orchestra.run.smithi172.stderr:/usr/bin/ceph:
2024-02-10T09:22:23.964+0000 7f6665552700 1 --2- 172.21.15.172:0/4214711932 >> [v2:172.21.15.172:6800/3949398486,v1:172.21.15.172:6801/3949398486] conn(0x7f664002fe70 0x7f6640032330 unknown :-1 s=CLOSED pgs=7 cs=0 l=1 rev1=1 rx=0 tx=0).stop
2024-02-10T09:22:23.966 INFO:teuthology.orchestra.run.smithi172.stderr:/usr/bin/ceph:
2024-02-10T09:22:23.964+0000 7f6665552700 1 --2- 172.21.15.172:0/4214711932 >> [v2:172.21.15.172:3300/0,v1:172.21.15.172:6789/0] conn(0x7f6660072540 0x7f666010ce00 unknown :-1 s=CLOSED pgs=32 cs=0 l=1 rev1=1 rx=0 tx=0).stop
2024-02-10T09:22:23.966 INFO:teuthology.orchestra.run.smithi172.stderr:/usr/bin/ceph:
2024-02-10T09:22:23.964+0000 7f6665552700 1 -- 172.21.15.172:0/4214711932 >> 172.21.15.172:0/4214711932 conn(0x7f66600f76a0 msgr2=0x7f66600f9040 unknown :-1 s=STATE_NONE l=0).mark_down
2024-02-10T09:22:23.967 INFO:teuthology.orchestra.run.smithi172.stderr:/usr/bin/ceph:
2024-02-10T09:22:23.964+0000 7f6665552700 1 -- 172.21.15.172:0/4214711932 shutdown_connections
2024-02-10T09:22:23.967 INFO:teuthology.orchestra.run.smithi172.stderr:/usr/bin/ceph:
2024-02-10T09:22:23.964+0000 7f6665552700 1 -- 172.21.15.172:0/4214711932 wait complete.
2024-02-10T09:22:24.554 INFO:teuthology.orchestra.run.smithi172.stderr:Generating ssh key...
2024-02-10T09:22:24.554 INFO:teuthology.orchestra.run.smithi172.stderr:Running command: /bin/podman run --rm --ipc=host --no-hosts --net=host --entrypoint /usr/bin/ceph --init -e CONTAINER_IMAGE=docker.io/ceph/ceph:v16.2.4 -e NODE_NAME=smithi172 -e CEPH_USE_RANDOM_NONCE=1 -v /var/log/ceph/c194278e-c7f5-11ee-95b8-87774f69a715:/var/log/ceph:z -v /tmp/ceph-tmpwcm_rr2l:/etc/ceph/ceph.client.admin.keyring:z -v /tmp/ceph-tmpd9nubz1y:/etc/ceph/ceph.conf:z docker.io/ceph/ceph:v16.2.4 cephadm generate-key
2024-02-10T09:22:24.880 INFO:journalctl@ceph.mon.smithi172.smithi172.stdout:Feb 10 09:22:24 smithi172 ceph-c194278e-c7f5-11ee-95b8-87774f69a715-mon.smithi172[39430]: audit
2024-02-10T09:22:23.963711+0000 mgr.smithi172.bwfdvd (mgr.14114) 4 : audit [DBG] from='client.14126 -' entity='client.admin' cmd=[{"prefix": "cephadm set-user", "user": "root", "target": ["mon-mgr", ""]}]: dispatch
2024-02-10T09:22:25.087 INFO:teuthology.orchestra.run.smithi172.stderr:/usr/bin/ceph:
2024-02-10T09:22:25.084+0000 7f1e07684700 1 Processor -- start
2024-02-10T09:22:25.087 INFO:teuthology.orchestra.run.smithi172.stderr:/usr/bin/ceph:
2024-02-10T09:22:25.084+0000 7f1e07684700 1 -- start start
2024-02-10T09:22:25.087 INFO:teuthology.orchestra.run.smithi172.stderr:/usr/bin/ceph:
2024-02-10T09:22:25.084+0000 7f1e07684700 1 --2- >> [v2:172.21.15.172:3300/0,v1:172.21.15.172:6789/0] conn(0x7f1e00070430 0x7f1e000fea50 unknown :-1 s=NONE pgs=0 cs=0 l=0 rev1=0 rx=0 tx=0).connect
2024-02-10T09:22:25.087 INFO:teuthology.orchestra.run.smithi172.stderr:/usr/bin/ceph:
2024-02-10T09:22:25.084+0000 7f1e07684700 1 -- --> [v2:172.21.15.172:3300/0,v1:172.21.15.172:6789/0] -- mon_getmap magic: 0 v1 -- 0x7f1e000fef40 con 0x7f1e00070430
2024-02-10T09:22:25.087 INFO:teuthology.orchestra.run.smithi172.stderr:/usr/bin/ceph:
2024-02-10T09:22:25.085+0000 7f1e05420700 1 --2- >> [v2:172.21.15.172:3300/0,v1:172.21.15.172:6789/0] conn(0x7f1e00070430 0x7f1e000fea50 unknown :-1 s=BANNER_CONNECTING pgs=0 cs=0 l=0 rev1=0 rx=0 tx=0)._handle_peer_banner_payload supported=1 required=0
2024-02-10T09:22:25.087 INFO:teuthology.orchestra.run.smithi172.stderr:/usr/bin/ceph:
2024-02-10T09:22:25.085+0000 7f1e05420700 1 --2- >> [v2:172.21.15.172:3300/0,v1:172.21.15.172:6789/0] conn(0x7f1e00070430 0x7f1e000fea50 unknown :-1 s=HELLO_CONNECTING pgs=0 cs=0 l=0 rev1=1 rx=0 tx=0).handle_hello peer v2:172.21.15.172:3300/0 says I am v2:172.21.15.172:49846/0 (socket says 172.21.15.172:49846)
2024-02-10T09:22:25.087 INFO:teuthology.orchestra.run.smithi172.stderr:/usr/bin/ceph:
2024-02-10T09:22:25.085+0000 7f1e05420700 1 -- 172.21.15.172:0/3948556375 learned_addr learned my addr 172.21.15.172:0/3948556375 (peer_addr_for_me v2:172.21.15.172:0/0)
2024-02-10T09:22:25.087 INFO:teuthology.orchestra.run.smithi172.stderr:/usr/bin/ceph:
2024-02-10T09:22:25.085+0000 7f1e05420700 1 -- 172.21.15.172:0/3948556375 --> [v2:172.21.15.172:3300/0,v1:172.21.15.172:6789/0] -- mon_subscribe({config=0+,monmap=0+}) v3 -- 0x7f1e000ff080 con 0x7f1e00070430
2024-02-10T09:22:25.087 INFO:teuthology.orchestra.run.smithi172.stderr:/usr/bin/ceph:
2024-02-10T09:22:25.085+0000 7f1e05420700 1 --2- 172.21.15.172:0/3948556375 >> [v2:172.21.15.172:3300/0,v1:172.21.15.172:6789/0] conn(0x7f1e00070430 0x7f1e000fea50 secure :-1 s=READY pgs=33 cs=0 l=1 rev1=1 rx=0x7f1df000b5f0 tx=0x7f1df0006ee0).ready entity=mon.0 client_cookie=ff34067ee460b59f server_cookie=0 in_seq=0 out_seq=0
2024-02-10T09:22:25.087 INFO:teuthology.orchestra.run.smithi172.stderr:/usr/bin/ceph:
2024-02-10T09:22:25.085+0000 7f1deffff700 1 -- 172.21.15.172:0/3948556375 <== mon.0 v2:172.21.15.172:3300/0 1 ==== mon_map magic: 0 v1 ==== 229+0+0 (secure 0 0 0) 0x7f1df000d600 con 0x7f1e00070430
2024-02-10T09:22:25.088 INFO:teuthology.orchestra.run.smithi172.stderr:/usr/bin/ceph:
2024-02-10T09:22:25.085+0000 7f1deffff700 1 -- 172.21.15.172:0/3948556375 <== mon.0 v2:172.21.15.172:3300/0 2 ==== config(26 keys) v1 ==== 1045+0+0 (secure 0 0 0) 0x7f1df000dbf0 con 0x7f1e00070430
2024-02-10T09:22:25.088 INFO:teuthology.orchestra.run.smithi172.stderr:/usr/bin/ceph:
2024-02-10T09:22:25.085+0000 7f1deffff700 1 -- 172.21.15.172:0/3948556375 <== mon.0 v2:172.21.15.172:3300/0 3 ==== mon_map magic: 0 v1 ==== 229+0+0 (secure 0 0 0) 0x7f1df0011cb0 con 0x7f1e00070430
2024-02-10T09:22:25.089 INFO:teuthology.orchestra.run.smithi172.stderr:/usr/bin/ceph:
2024-02-10T09:22:25.086+0000 7f1e07684700 1 -- 172.21.15.172:0/3948556375 >> [v2:172.21.15.172:3300/0,v1:172.21.15.172:6789/0] conn(0x7f1e00070430 msgr2=0x7f1e000fea50 secure :-1 s=STATE_CONNECTION_ESTABLISHED l=1).mark_down
2024-02-10T09:22:25.089 INFO:teuthology.orchestra.run.smithi172.stderr:/usr/bin/ceph:
2024-02-10T09:22:25.086+0000 7f1e07684700 1 --2- 172.21.15.172:0/3948556375 >> [v2:172.21.15.172:3300/0,v1:172.21.15.172:6789/0] conn(0x7f1e00070430 0x7f1e000fea50 secure :-1 s=READY pgs=33 cs=0 l=1 rev1=1 rx=0x7f1df000b5f0 tx=0x7f1df0006ee0).stop
2024-02-10T09:22:25.089 INFO:teuthology.orchestra.run.smithi172.stderr:/usr/bin/ceph:
2024-02-10T09:22:25.086+0000 7f1e07684700 1 -- 172.21.15.172:0/3948556375 shutdown_connections
2024-02-10T09:22:25.089 INFO:teuthology.orchestra.run.smithi172.stderr:/usr/bin/ceph:
2024-02-10T09:22:25.086+0000 7f1e07684700 1 --2- 172.21.15.172:0/3948556375 >> [v2:172.21.15.172:3300/0,v1:172.21.15.172:6789/0] conn(0x7f1e00070430 0x7f1e000fea50 unknown :-1 s=CLOSED pgs=33 cs=0 l=1 rev1=1 rx=0 tx=0).stop
2024-02-10T09:22:25.089 INFO:teuthology.orchestra.run.smithi172.stderr:/usr/bin/ceph:
2024-02-10T09:22:25.086+0000 7f1e07684700 1 -- 172.21.15.172:0/3948556375 >> 172.21.15.172:0/3948556375 conn(0x7f1e000f6530 msgr2=0x7f1e000f8950 unknown :-1 s=STATE_NONE l=0).mark_down
2024-02-10T09:22:25.089 INFO:teuthology.orchestra.run.smithi172.stderr:/usr/bin/ceph:
2024-02-10T09:22:25.086+0000 7f1e07684700 1 -- 172.21.15.172:0/3948556375 shutdown_connections
2024-02-10T09:22:25.090 INFO:teuthology.orchestra.run.smithi172.stderr:/usr/bin/ceph:
2024-02-10T09:22:25.086+0000 7f1e07684700 1 -- 172.21.15.172:0/3948556375 wait complete.
2024-02-10T09:22:25.090 INFO:teuthology.orchestra.run.smithi172.stderr:/usr/bin/ceph:
2024-02-10T09:22:25.086+0000 7f1e07684700 1 Processor -- start
2024-02-10T09:22:25.090 INFO:teuthology.orchestra.run.smithi172.stderr:/usr/bin/ceph:
2024-02-10T09:22:25.087+0000 7f1e07684700 1 -- start start
2024-02-10T09:22:25.090 INFO:teuthology.orchestra.run.smithi172.stderr:/usr/bin/ceph:
2024-02-10T09:22:25.087+0000 7f1e07684700 1 --2- >> [v2:172.21.15.172:3300/0,v1:172.21.15.172:6789/0] conn(0x7f1e00070430 0x7f1e000fc4d0 unknown :-1 s=NONE pgs=0 cs=0 l=1 rev1=0 rx=0 tx=0).connect
2024-02-10T09:22:25.090 INFO:teuthology.orchestra.run.smithi172.stderr:/usr/bin/ceph:
2024-02-10T09:22:25.087+0000 7f1e07684700 1 -- --> [v2:172.21.15.172:3300/0,v1:172.21.15.172:6789/0] -- mon_getmap magic: 0 v1 -- 0x7f1e000fa950 con 0x7f1e00070430
2024-02-10T09:22:25.090 INFO:teuthology.orchestra.run.smithi172.stderr:/usr/bin/ceph:
2024-02-10T09:22:25.087+0000 7f1e05420700 1 --2- >> [v2:172.21.15.172:3300/0,v1:172.21.15.172:6789/0] conn(0x7f1e00070430 0x7f1e000fc4d0 unknown :-1 s=BANNER_CONNECTING pgs=0 cs=0 l=1 rev1=0 rx=0 tx=0)._handle_peer_banner_payload supported=1 required=0
2024-02-10T09:22:25.090 INFO:teuthology.orchestra.run.smithi172.stderr:/usr/bin/ceph:
2024-02-10T09:22:25.087+0000 7f1e05420700 1 --2- >> [v2:172.21.15.172:3300/0,v1:172.21.15.172:6789/0] conn(0x7f1e00070430 0x7f1e000fc4d0 unknown :-1 s=HELLO_CONNECTING pgs=0 cs=0 l=1 rev1=1 rx=0 tx=0).handle_hello peer v2:172.21.15.172:3300/0 says I am v2:172.21.15.172:49858/0 (socket says 172.21.15.172:49858)
2024-02-10T09:22:25.090 INFO:teuthology.orchestra.run.smithi172.stderr:/usr/bin/ceph:
2024-02-10T09:22:25.087+0000 7f1e05420700 1 -- 172.21.15.172:0/3967352108 learned_addr learned my addr 172.21.15.172:0/3967352108 (peer_addr_for_me v2:172.21.15.172:0/0)
2024-02-10T09:22:25.090 INFO:teuthology.orchestra.run.smithi172.stderr:/usr/bin/ceph:
2024-02-10T09:22:25.087+0000 7f1e05420700 1 -- 172.21.15.172:0/3967352108 --> [v2:172.21.15.172:3300/0,v1:172.21.15.172:6789/0] -- mon_subscribe({config=0+,monmap=0+}) v3 -- 0x7f1df000b200 con 0x7f1e00070430
2024-02-10T09:22:25.090 INFO:teuthology.orchestra.run.smithi172.stderr:/usr/bin/ceph:
2024-02-10T09:22:25.087+0000 7f1e05420700 1 --2- 172.21.15.172:0/3967352108 >> [v2:172.21.15.172:3300/0,v1:172.21.15.172:6789/0] conn(0x7f1e00070430 0x7f1e000fc4d0 secure :-1 s=READY pgs=34 cs=0 l=1 rev1=1 rx=0x7f1df0006800 tx=0x7f1df0006ee0).ready entity=mon.0 client_cookie=0 server_cookie=0 in_seq=0 out_seq=0
2024-02-10T09:22:25.090 INFO:teuthology.orchestra.run.smithi172.stderr:/usr/bin/ceph:
2024-02-10T09:22:25.087+0000 7f1dedffb700 1 -- 172.21.15.172:0/3967352108 <== mon.0 v2:172.21.15.172:3300/0 1 ==== mon_map magic: 0 v1 ==== 229+0+0 (secure 0 0 0) 0x7f1df001b570 con 0x7f1e00070430
2024-02-10T09:22:25.090 INFO:teuthology.orchestra.run.smithi172.stderr:/usr/bin/ceph:
2024-02-10T09:22:25.087+0000 7f1dedffb700 1 -- 172.21.15.172:0/3967352108 <== mon.0 v2:172.21.15.172:3300/0 2 ==== config(26 keys) v1 ==== 1045+0+0 (secure 0 0 0) 0x7f1df001bb60 con 0x7f1e00070430
2024-02-10T09:22:25.090 INFO:teuthology.orchestra.run.smithi172.stderr:/usr/bin/ceph:
2024-02-10T09:22:25.087+0000 7f1e07684700 1 -- 172.21.15.172:0/3967352108 --> [v2:172.21.15.172:3300/0,v1:172.21.15.172:6789/0] -- mon_subscribe({mgrmap=0+}) v3 -- 0x7f1e000faaf0 con 0x7f1e00070430
2024-02-10T09:22:25.090 INFO:teuthology.orchestra.run.smithi172.stderr:/usr/bin/ceph:
2024-02-10T09:22:25.087+0000 7f1dedffb700 1 -- 172.21.15.172:0/3967352108 <== mon.0 v2:172.21.15.172:3300/0 3 ==== mon_map magic: 0 v1 ==== 229+0+0 (secure 0 0 0) 0x7f1df001a9f0 con 0x7f1e00070430
2024-02-10T09:22:25.091 INFO:teuthology.orchestra.run.smithi172.stderr:/usr/bin/ceph:
2024-02-10T09:22:25.088+0000 7f1e07684700 1 -- 172.21.15.172:0/3967352108 --> [v2:172.21.15.172:3300/0,v1:172.21.15.172:6789/0] -- mon_subscribe({osdmap=0}) v3 -- 0x7f1e000faf80 con 0x7f1e00070430
2024-02-10T09:22:25.091 INFO:teuthology.orchestra.run.smithi172.stderr:/usr/bin/ceph:
2024-02-10T09:22:25.088+0000 7f1dedffb700 1 -- 172.21.15.172:0/3967352108 <== mon.0 v2:172.21.15.172:3300/0 4 ==== mgrmap(e 8) v1 ==== 36120+0+0 (secure 0 0 0) 0x7f1df000f070 con 0x7f1e00070430
2024-02-10T09:22:25.092 INFO:teuthology.orchestra.run.smithi172.stderr:/usr/bin/ceph:
2024-02-10T09:22:25.088+0000 7f1e07684700 1 -- 172.21.15.172:0/3967352108 --> [v2:172.21.15.172:3300/0,v1:172.21.15.172:6789/0] -- mon_command({"prefix": "get_command_descriptions"} v 0) v1 -- 0x7f1e00045ad0 con 0x7f1e00070430
2024-02-10T09:22:25.092 INFO:teuthology.orchestra.run.smithi172.stderr:/usr/bin/ceph:
2024-02-10T09:22:25.089+0000 7f1dedffb700 1 --2- 172.21.15.172:0/3967352108 >> [v2:172.21.15.172:6800/3949398486,v1:172.21.15.172:6801/3949398486] conn(0x7f1de802fe70 0x7f1de8032330 unknown :-1 s=NONE pgs=0 cs=0 l=1 rev1=0 rx=0 tx=0).connect
2024-02-10T09:22:25.092 INFO:teuthology.orchestra.run.smithi172.stderr:/usr/bin/ceph:
2024-02-10T09:22:25.089+0000 7f1dedffb700 1 -- 172.21.15.172:0/3967352108 <== mon.0 v2:172.21.15.172:3300/0 5 ==== osd_map(2..2 src has 1..2) v4 ==== 926+0+0 (secure 0 0 0) 0x7f1df0041400 con 0x7f1e00070430
2024-02-10T09:22:25.092 INFO:teuthology.orchestra.run.smithi172.stderr:/usr/bin/ceph:
2024-02-10T09:22:25.089+0000 7f1e04c1f700 1 --2- 172.21.15.172:0/3967352108 >> [v2:172.21.15.172:6800/3949398486,v1:172.21.15.172:6801/3949398486] conn(0x7f1de802fe70 0x7f1de8032330 unknown :-1 s=BANNER_CONNECTING pgs=0 cs=0 l=1 rev1=0 rx=0 tx=0)._handle_peer_banner_payload supported=1 required=0
2024-02-10T09:22:25.092 INFO:teuthology.orchestra.run.smithi172.stderr:/usr/bin/ceph:
2024-02-10T09:22:25.089+0000 7f1e04c1f700 1 --2- 172.21.15.172:0/3967352108 >> [v2:172.21.15.172:6800/3949398486,v1:172.21.15.172:6801/3949398486] conn(0x7f1de802fe70 0x7f1de8032330 secure :-1 s=READY pgs=8 cs=0 l=1 rev1=1 rx=0x7f1dfc0096a0 tx=0x7f1dfc006b40).ready entity=mgr.14114 client_cookie=0 server_cookie=0 in_seq=0 out_seq=0
2024-02-10T09:22:25.094 INFO:teuthology.orchestra.run.smithi172.stderr:/usr/bin/ceph:
2024-02-10T09:22:25.093+0000 7f1dedffb700 1 -- 172.21.15.172:0/3967352108 <== mon.0 v2:172.21.15.172:3300/0 6 ==== mon_command_ack([{"prefix": "get_command_descriptions"}]=0 v0) v1 ==== 72+0+152212 (secure 0 0 0) 0x7f1df0019cd0 con 0x7f1e00070430
2024-02-10T09:22:25.245 INFO:teuthology.orchestra.run.smithi172.stderr:/usr/bin/ceph:
2024-02-10T09:22:25.243+0000 7f1e07684700 1 -- 172.21.15.172:0/3967352108 --> [v2:172.21.15.172:6800/3949398486,v1:172.21.15.172:6801/3949398486] -- mgr_command(tid 0: {"prefix": "cephadm generate-key", "target": ["mon-mgr", ""]}) v1 -- 0x7f1e000fff40 con 0x7f1de802fe70
2024-02-10T09:22:25.524 INFO:teuthology.orchestra.run.smithi172.stderr:/usr/bin/ceph:
2024-02-10T09:22:25.523+0000 7f1dedffb700 1 -- 172.21.15.172:0/3967352108 <== mgr.14114 v2:172.21.15.172:6800/3949398486 1 ==== mgr_command_reply(tid 0: 0 ) v1 ==== 8+0+0 (secure 0 0 0) 0x7f1e000fff40 con 0x7f1de802fe70
2024-02-10T09:22:25.527 INFO:teuthology.orchestra.run.smithi172.stderr:/usr/bin/ceph:
2024-02-10T09:22:25.524+0000 7f1e07684700 1 -- 172.21.15.172:0/3967352108 >> [v2:172.21.15.172:6800/3949398486,v1:172.21.15.172:6801/3949398486] conn(0x7f1de802fe70 msgr2=0x7f1de8032330 secure :-1 s=STATE_CONNECTION_ESTABLISHED l=1).mark_down
2024-02-10T09:22:25.527 INFO:teuthology.orchestra.run.smithi172.stderr:/usr/bin/ceph:
2024-02-10T09:22:25.524+0000 7f1e07684700 1 --2- 172.21.15.172:0/3967352108 >> [v2:172.21.15.172:6800/3949398486,v1:172.21.15.172:6801/3949398486] conn(0x7f1de802fe70 0x7f1de8032330 secure :-1 s=READY pgs=8 cs=0 l=1 rev1=1 rx=0x7f1dfc0096a0 tx=0x7f1dfc006b40).stop
2024-02-10T09:22:25.527 INFO:teuthology.orchestra.run.smithi172.stderr:/usr/bin/ceph:
2024-02-10T09:22:25.524+0000 7f1e07684700 1 -- 172.21.15.172:0/3967352108 >> [v2:172.21.15.172:3300/0,v1:172.21.15.172:6789/0] conn(0x7f1e00070430 msgr2=0x7f1e000fc4d0 secure :-1 s=STATE_CONNECTION_ESTABLISHED l=1).mark_down
2024-02-10T09:22:25.527 INFO:teuthology.orchestra.run.smithi172.stderr:/usr/bin/ceph:
2024-02-10T09:22:25.524+0000 7f1e07684700 1 --2- 172.21.15.172:0/3967352108 >> [v2:172.21.15.172:3300/0,v1:172.21.15.172:6789/0] conn(0x7f1e00070430 0x7f1e000fc4d0 secure :-1 s=READY pgs=34 cs=0 l=1 rev1=1 rx=0x7f1df0006800 tx=0x7f1df0006ee0).stop
2024-02-10T09:22:25.527 INFO:teuthology.orchestra.run.smithi172.stderr:/usr/bin/ceph:
2024-02-10T09:22:25.525+0000 7f1e07684700 1 -- 172.21.15.172:0/3967352108 shutdown_connections
2024-02-10T09:22:25.527 INFO:teuthology.orchestra.run.smithi172.stderr:/usr/bin/ceph:
2024-02-10T09:22:25.525+0000 7f1e07684700 1 --2- 172.21.15.172:0/3967352108 >> [v2:172.21.15.172:6800/3949398486,v1:172.21.15.172:6801/3949398486] conn(0x7f1de802fe70 0x7f1de8032330 unknown :-1 s=CLOSED pgs=8 cs=0 l=1 rev1=1 rx=0 tx=0).stop
2024-02-10T09:22:25.527 INFO:teuthology.orchestra.run.smithi172.stderr:/usr/bin/ceph:
2024-02-10T09:22:25.525+0000 7f1e07684700 1 --2- 172.21.15.172:0/3967352108 >> [v2:172.21.15.172:3300/0,v1:172.21.15.172:6789/0] conn(0x7f1e00070430 0x7f1e000fc4d0 unknown :-1 s=CLOSED pgs=34 cs=0 l=1 rev1=1 rx=0 tx=0).stop
2024-02-10T09:22:25.527 INFO:teuthology.orchestra.run.smithi172.stderr:/usr/bin/ceph:
2024-02-10T09:22:25.525+0000 7f1e07684700 1 -- 172.21.15.172:0/3967352108 >> 172.21.15.172:0/3967352108 conn(0x7f1e000f6530 msgr2=0x7f1e000f7f30 unknown :-1 s=STATE_NONE l=0).mark_down
2024-02-10T09:22:25.527 INFO:teuthology.orchestra.run.smithi172.stderr:/usr/bin/ceph:
2024-02-10T09:22:25.525+0000 7f1e07684700 1 -- 172.21.15.172:0/3967352108 shutdown_connections
2024-02-10T09:22:25.527 INFO:teuthology.orchestra.run.smithi172.stderr:/usr/bin/ceph:
2024-02-10T09:22:25.525+0000 7f1e07684700 1 -- 172.21.15.172:0/3967352108 wait complete.
2024-02-10T09:22:25.832 INFO:journalctl@ceph.mon.smithi172.smithi172.stdout:Feb 10 09:22:25 smithi172 ceph-c194278e-c7f5-11ee-95b8-87774f69a715-mon.smithi172[39430]: cephadm
2024-02-10T09:22:25.245866+0000 mgr.smithi172.bwfdvd (mgr.14114) 6 : cephadm [INF] Generating ssh key...
2024-02-10T09:22:25.832 INFO:journalctl@ceph.mon.smithi172.smithi172.stdout:Feb 10 09:22:25 smithi172 ceph-c194278e-c7f5-11ee-95b8-87774f69a715-mon.smithi172[39430]: audit
2024-02-10T09:22:25.521983+0000 mon.smithi172 (mon.0) 52 : audit [INF] from='mgr.14114 172.21.15.172:0/1804915721' entity='mgr.smithi172.bwfdvd'
2024-02-10T09:22:25.832 INFO:journalctl@ceph.mon.smithi172.smithi172.stdout:Feb 10 09:22:25 smithi172 ceph-c194278e-c7f5-11ee-95b8-87774f69a715-mon.smithi172[39430]: audit
2024-02-10T09:22:25.523667+0000 mon.smithi172 (mon.0) 53 : audit [INF] from='mgr.14114 172.21.15.172:0/1804915721' entity='mgr.smithi172.bwfdvd'
2024-02-10T09:22:26.160 INFO:teuthology.orchestra.run.smithi172.stderr:Running command: /bin/podman run --rm --ipc=host --no-hosts --net=host --entrypoint /usr/bin/ceph --init -e CONTAINER_IMAGE=docker.io/ceph/ceph:v16.2.4 -e NODE_NAME=smithi172 -e CEPH_USE_RANDOM_NONCE=1 -v /var/log/ceph/c194278e-c7f5-11ee-95b8-87774f69a715:/var/log/ceph:z -v /tmp/ceph-tmpwcm_rr2l:/etc/ceph/ceph.client.admin.keyring:z -v /tmp/ceph-tmpd9nubz1y:/etc/ceph/ceph.conf:z docker.io/ceph/ceph:v16.2.4 cephadm get-pub-key
2024-02-10T09:22:26.721 INFO:teuthology.orchestra.run.smithi172.stderr:/usr/bin/ceph:
2024-02-10T09:22:26.716+0000 7f9e0f0f8700 1 Processor -- start
2024-02-10T09:22:26.722 INFO:teuthology.orchestra.run.smithi172.stderr:/usr/bin/ceph:
2024-02-10T09:22:26.716+0000 7f9e0f0f8700 1 -- start start
2024-02-10T09:22:26.722 INFO:teuthology.orchestra.run.smithi172.stderr:/usr/bin/ceph:
2024-02-10T09:22:26.716+0000 7f9e0f0f8700 1 --2- >> [v2:172.21.15.172:3300/0,v1:172.21.15.172:6789/0] conn(0x7f9e080fbea0 0x7f9e080fc2c0 unknown :-1 s=NONE pgs=0 cs=0 l=0 rev1=0 rx=0 tx=0).connect
2024-02-10T09:22:26.722 INFO:teuthology.orchestra.run.smithi172.stderr:/usr/bin/ceph:
