2024-02-11T16:59:38.329+0000 7f7726365700 1 --2- 172.21.15.37:0/2318169366 >> [v2:172.21.15.37:3300/0,v1:172.21.15.37:6789/0] conn(0x7f77200703b0 0x7f7720100bb0 secure :-1 s=READY pgs=41 cs=0 l=1 rev1=1 rx=0x7f771c00b5f0 tx=0x7f771c006ee0).stop
2024-02-11T16:59:38.332 INFO:teuthology.orchestra.run.smithi037.stderr:/usr/bin/ceph:
2024-02-11T16:59:38.329+0000 7f7726365700 1 -- 172.21.15.37:0/2318169366 shutdown_connections
2024-02-11T16:59:38.332 INFO:teuthology.orchestra.run.smithi037.stderr:/usr/bin/ceph:
2024-02-11T16:59:38.329+0000 7f7726365700 1 --2- 172.21.15.37:0/2318169366 >> [v2:172.21.15.37:3300/0,v1:172.21.15.37:6789/0] conn(0x7f77200703b0 0x7f7720100bb0 unknown :-1 s=CLOSED pgs=41 cs=0 l=1 rev1=1 rx=0 tx=0).stop
2024-02-11T16:59:38.333 INFO:teuthology.orchestra.run.smithi037.stderr:/usr/bin/ceph:
2024-02-11T16:59:38.329+0000 7f7726365700 1 -- 172.21.15.37:0/2318169366 >> 172.21.15.37:0/2318169366 conn(0x7f77200f6210 msgr2=0x7f77200f8630 unknown :-1 s=STATE_NONE l=0).mark_down
2024-02-11T16:59:38.334 INFO:teuthology.orchestra.run.smithi037.stderr:/usr/bin/ceph:
2024-02-11T16:59:38.329+0000 7f7726365700 1 -- 172.21.15.37:0/2318169366 shutdown_connections
2024-02-11T16:59:38.334 INFO:teuthology.orchestra.run.smithi037.stderr:/usr/bin/ceph:
2024-02-11T16:59:38.330+0000 7f7726365700 1 -- 172.21.15.37:0/2318169366 wait complete.
2024-02-11T16:59:38.334 INFO:teuthology.orchestra.run.smithi037.stderr:/usr/bin/ceph:
2024-02-11T16:59:38.330+0000 7f7726365700 1 Processor -- start
2024-02-11T16:59:38.334 INFO:teuthology.orchestra.run.smithi037.stderr:/usr/bin/ceph:
2024-02-11T16:59:38.330+0000 7f7726365700 1 -- start start
2024-02-11T16:59:38.334 INFO:teuthology.orchestra.run.smithi037.stderr:/usr/bin/ceph:
2024-02-11T16:59:38.330+0000 7f7726365700 1 --2- >> [v2:172.21.15.37:3300/0,v1:172.21.15.37:6789/0] conn(0x7f77200703b0 0x7f772010ca30 unknown :-1 s=NONE pgs=0 cs=0 l=1 rev1=0 rx=0 tx=0).connect
2024-02-11T16:59:38.334 INFO:teuthology.orchestra.run.smithi037.stderr:/usr/bin/ceph:
2024-02-11T16:59:38.330+0000 7f7726365700 1 -- --> [v2:172.21.15.37:3300/0,v1:172.21.15.37:6789/0] -- mon_getmap magic: 0 v1 -- 0x7f772010cf20 con 0x7f77200703b0
2024-02-11T16:59:38.334 INFO:teuthology.orchestra.run.smithi037.stderr:/usr/bin/ceph:
2024-02-11T16:59:38.330+0000 7f7725363700 1 --2- >> [v2:172.21.15.37:3300/0,v1:172.21.15.37:6789/0] conn(0x7f77200703b0 0x7f772010ca30 unknown :-1 s=BANNER_CONNECTING pgs=0 cs=0 l=1 rev1=0 rx=0 tx=0)._handle_peer_banner_payload supported=1 required=0
2024-02-11T16:59:38.334 INFO:teuthology.orchestra.run.smithi037.stderr:/usr/bin/ceph:
2024-02-11T16:59:38.330+0000 7f7725363700 1 --2- >> [v2:172.21.15.37:3300/0,v1:172.21.15.37:6789/0] conn(0x7f77200703b0 0x7f772010ca30 unknown :-1 s=HELLO_CONNECTING pgs=0 cs=0 l=1 rev1=1 rx=0 tx=0).handle_hello peer v2:172.21.15.37:3300/0 says I am v2:172.21.15.37:40436/0 (socket says 172.21.15.37:40436)
2024-02-11T16:59:38.334 INFO:teuthology.orchestra.run.smithi037.stderr:/usr/bin/ceph:
2024-02-11T16:59:38.330+0000 7f7725363700 1 -- 172.21.15.37:0/3027626922 learned_addr learned my addr 172.21.15.37:0/3027626922 (peer_addr_for_me v2:172.21.15.37:0/0)
2024-02-11T16:59:38.334 INFO:teuthology.orchestra.run.smithi037.stderr:/usr/bin/ceph:
2024-02-11T16:59:38.331+0000 7f7725363700 1 -- 172.21.15.37:0/3027626922 --> [v2:172.21.15.37:3300/0,v1:172.21.15.37:6789/0] -- mon_subscribe({config=0+,monmap=0+}) v3 -- 0x7f771c00b200 con 0x7f77200703b0
2024-02-11T16:59:38.334 INFO:teuthology.orchestra.run.smithi037.stderr:/usr/bin/ceph:
2024-02-11T16:59:38.331+0000 7f7725363700 1 --2- 172.21.15.37:0/3027626922 >> [v2:172.21.15.37:3300/0,v1:172.21.15.37:6789/0] conn(0x7f77200703b0 0x7f772010ca30 secure :-1 s=READY pgs=42 cs=0 l=1 rev1=1 rx=0x7f771c00b190 tx=0x7f771c006ee0).ready entity=mon.0 client_cookie=0 server_cookie=0 in_seq=0 out_seq=0
2024-02-11T16:59:38.334 INFO:teuthology.orchestra.run.smithi037.stderr:/usr/bin/ceph:
2024-02-11T16:59:38.331+0000 7f770dffb700 1 -- 172.21.15.37:0/3027626922 <== mon.0 v2:172.21.15.37:3300/0 1 ==== mon_map magic: 0 v1 ==== 229+0+0 (secure 0 0 0) 0x7f771c01b410 con 0x7f77200703b0
2024-02-11T16:59:38.334 INFO:teuthology.orchestra.run.smithi037.stderr:/usr/bin/ceph:
2024-02-11T16:59:38.331+0000 7f770dffb700 1 -- 172.21.15.37:0/3027626922 <== mon.0 v2:172.21.15.37:3300/0 2 ==== config(25 keys) v1 ==== 1010+0+0 (secure 0 0 0) 0x7f771c01b9e0 con 0x7f77200703b0
2024-02-11T16:59:38.335 INFO:teuthology.orchestra.run.smithi037.stderr:/usr/bin/ceph:
2024-02-11T16:59:38.331+0000 7f7726365700 1 -- 172.21.15.37:0/3027626922 --> [v2:172.21.15.37:3300/0,v1:172.21.15.37:6789/0] -- mon_subscribe({mgrmap=0+}) v3 -- 0x7f772010d120 con 0x7f77200703b0
2024-02-11T16:59:38.335 INFO:teuthology.orchestra.run.smithi037.stderr:/usr/bin/ceph:
2024-02-11T16:59:38.331+0000 7f770dffb700 1 -- 172.21.15.37:0/3027626922 <== mon.0 v2:172.21.15.37:3300/0 3 ==== mon_map magic: 0 v1 ==== 229+0+0 (secure 0 0 0) 0x7f771c01a880 con 0x7f77200703b0
2024-02-11T16:59:38.335 INFO:teuthology.orchestra.run.smithi037.stderr:/usr/bin/ceph:
2024-02-11T16:59:38.331+0000 7f7726365700 1 -- 172.21.15.37:0/3027626922 --> [v2:172.21.15.37:3300/0,v1:172.21.15.37:6789/0] -- mon_subscribe({osdmap=0}) v3 -- 0x7f772010d530 con 0x7f77200703b0
2024-02-11T16:59:38.335 INFO:teuthology.orchestra.run.smithi037.stderr:/usr/bin/ceph:
2024-02-11T16:59:38.332+0000 7f770dffb700 1 -- 172.21.15.37:0/3027626922 <== mon.0 v2:172.21.15.37:3300/0 4 ==== mgrmap(e 8) v1 ==== 36120+0+0 (secure 0 0 0) 0x7f771c00f070 con 0x7f77200703b0
2024-02-11T16:59:38.335 INFO:teuthology.orchestra.run.smithi037.stderr:/usr/bin/ceph:
2024-02-11T16:59:38.332+0000 7f770dffb700 1 --2- 172.21.15.37:0/3027626922 >> [v2:172.21.15.37:6800/2256954126,v1:172.21.15.37:6801/2256954126] conn(0x7f770802fd50 0x7f7708032210 unknown :-1 s=NONE pgs=0 cs=0 l=1 rev1=0 rx=0 tx=0).connect
2024-02-11T16:59:38.335 INFO:teuthology.orchestra.run.smithi037.stderr:/usr/bin/ceph:
2024-02-11T16:59:38.332+0000 7f7726365700 1 -- 172.21.15.37:0/3027626922 --> [v2:172.21.15.37:3300/0,v1:172.21.15.37:6789/0] -- mon_command({"prefix": "get_command_descriptions"} v 0) v1 -- 0x7f7720045ad0 con 0x7f77200703b0
2024-02-11T16:59:38.335 INFO:teuthology.orchestra.run.smithi037.stderr:/usr/bin/ceph:
2024-02-11T16:59:38.332+0000 7f770dffb700 1 -- 172.21.15.37:0/3027626922 <== mon.0 v2:172.21.15.37:3300/0 5 ==== osd_map(2..2 src has 1..2) v4 ==== 926+0+0 (secure 0 0 0) 0x7f771c0413a0 con 0x7f77200703b0
2024-02-11T16:59:38.335 INFO:teuthology.orchestra.run.smithi037.stderr:/usr/bin/ceph:
2024-02-11T16:59:38.332+0000 7f7724b62700 1 --2- 172.21.15.37:0/3027626922 >> [v2:172.21.15.37:6800/2256954126,v1:172.21.15.37:6801/2256954126] conn(0x7f770802fd50 0x7f7708032210 unknown :-1 s=BANNER_CONNECTING pgs=0 cs=0 l=1 rev1=0 rx=0 tx=0)._handle_peer_banner_payload supported=1 required=0
2024-02-11T16:59:38.335 INFO:teuthology.orchestra.run.smithi037.stderr:/usr/bin/ceph:
2024-02-11T16:59:38.333+0000 7f7724b62700 1 --2- 172.21.15.37:0/3027626922 >> [v2:172.21.15.37:6800/2256954126,v1:172.21.15.37:6801/2256954126] conn(0x7f770802fd50 0x7f7708032210 secure :-1 s=READY pgs=13 cs=0 l=1 rev1=1 rx=0x7f77100096a0 tx=0x7f7710006b40).ready entity=mgr.14114 client_cookie=0 server_cookie=0 in_seq=0 out_seq=0
2024-02-11T16:59:38.339 INFO:teuthology.orchestra.run.smithi037.stderr:/usr/bin/ceph:
2024-02-11T16:59:38.337+0000 7f770dffb700 1 -- 172.21.15.37:0/3027626922 <== mon.0 v2:172.21.15.37:3300/0 6 ==== mon_command_ack([{"prefix": "get_command_descriptions"}]=0 v0) v1 ==== 72+0+152212 (secure 0 0 0) 0x7f771c022b00 con 0x7f77200703b0
2024-02-11T16:59:38.433 INFO:journalctl@ceph.mon.smithi037.smithi037.stdout:Feb 11 16:59:38 smithi037 ceph-c65cd888-c8fe-11ee-95b9-87774f69a715-mon.smithi037[39355]: audit
2024-02-11T16:59:37.123426+0000 mgr.smithi037.eofnaq (mgr.14114) 10 : audit [DBG] from='client.14134 -' entity='client.admin' cmd=[{"prefix": "orch apply", "service_type": "mon", "target": ["mon-mgr", ""]}]: dispatch
2024-02-11T16:59:38.433 INFO:journalctl@ceph.mon.smithi037.smithi037.stdout:Feb 11 16:59:38 smithi037 ceph-c65cd888-c8fe-11ee-95b9-87774f69a715-mon.smithi037[39355]: cephadm
2024-02-11T16:59:37.124172+0000 mgr.smithi037.eofnaq (mgr.14114) 11 : cephadm [INF] Saving service mon spec with placement count:5
2024-02-11T16:59:38.433 INFO:journalctl@ceph.mon.smithi037.smithi037.stdout:Feb 11 16:59:38 smithi037 ceph-c65cd888-c8fe-11ee-95b9-87774f69a715-mon.smithi037[39355]: audit
2024-02-11T16:59:37.127164+0000 mon.smithi037 (mon.0) 56 : audit [INF] from='mgr.14114 172.21.15.37:0/1469767164' entity='mgr.smithi037.eofnaq'
2024-02-11T16:59:38.523 INFO:teuthology.orchestra.run.smithi037.stderr:/usr/bin/ceph:
2024-02-11T16:59:38.522+0000 7f7726365700 1 -- 172.21.15.37:0/3027626922 --> [v2:172.21.15.37:6800/2256954126,v1:172.21.15.37:6801/2256954126] -- mgr_command(tid 0: {"prefix": "orch apply", "service_type": "mgr", "target": ["mon-mgr", ""]}) v1 -- 0x7f772010de70 con 0x7f770802fd50
2024-02-11T16:59:38.527 INFO:teuthology.orchestra.run.smithi037.stderr:/usr/bin/ceph:
2024-02-11T16:59:38.526+0000 7f770dffb700 1 -- 172.21.15.37:0/3027626922 <== mgr.14114 v2:172.21.15.37:6800/2256954126 1 ==== mgr_command_reply(tid 0: 0 ) v1 ==== 8+0+24 (secure 0 0 0) 0x7f772010de70 con 0x7f770802fd50
2024-02-11T16:59:38.527 INFO:teuthology.orchestra.run.smithi037.stderr:/usr/bin/ceph: Scheduled mgr update...
2024-02-11T16:59:38.530 INFO:teuthology.orchestra.run.smithi037.stderr:/usr/bin/ceph:
2024-02-11T16:59:38.528+0000 7f7726365700 1 -- 172.21.15.37:0/3027626922 >> [v2:172.21.15.37:6800/2256954126,v1:172.21.15.37:6801/2256954126] conn(0x7f770802fd50 msgr2=0x7f7708032210 secure :-1 s=STATE_CONNECTION_ESTABLISHED l=1).mark_down
2024-02-11T16:59:38.530 INFO:teuthology.orchestra.run.smithi037.stderr:/usr/bin/ceph:
2024-02-11T16:59:38.528+0000 7f7726365700 1 --2- 172.21.15.37:0/3027626922 >> [v2:172.21.15.37:6800/2256954126,v1:172.21.15.37:6801/2256954126] conn(0x7f770802fd50 0x7f7708032210 secure :-1 s=READY pgs=13 cs=0 l=1 rev1=1 rx=0x7f77100096a0 tx=0x7f7710006b40).stop
2024-02-11T16:59:38.530 INFO:teuthology.orchestra.run.smithi037.stderr:/usr/bin/ceph:
2024-02-11T16:59:38.528+0000 7f7726365700 1 -- 172.21.15.37:0/3027626922 >> [v2:172.21.15.37:3300/0,v1:172.21.15.37:6789/0] conn(0x7f77200703b0 msgr2=0x7f772010ca30 secure :-1 s=STATE_CONNECTION_ESTABLISHED l=1).mark_down
2024-02-11T16:59:38.530 INFO:teuthology.orchestra.run.smithi037.stderr:/usr/bin/ceph:
2024-02-11T16:59:38.528+0000 7f7726365700 1 --2- 172.21.15.37:0/3027626922 >> [v2:172.21.15.37:3300/0,v1:172.21.15.37:6789/0] conn(0x7f77200703b0 0x7f772010ca30 secure :-1 s=READY pgs=42 cs=0 l=1 rev1=1 rx=0x7f771c00b190 tx=0x7f771c006ee0).stop
2024-02-11T16:59:38.530 INFO:teuthology.orchestra.run.smithi037.stderr:/usr/bin/ceph:
2024-02-11T16:59:38.528+0000 7f7726365700 1 -- 172.21.15.37:0/3027626922 shutdown_connections
2024-02-11T16:59:38.530 INFO:teuthology.orchestra.run.smithi037.stderr:/usr/bin/ceph:
2024-02-11T16:59:38.528+0000 7f7726365700 1 --2- 172.21.15.37:0/3027626922 >> [v2:172.21.15.37:6800/2256954126,v1:172.21.15.37:6801/2256954126] conn(0x7f770802fd50 0x7f7708032210 unknown :-1 s=CLOSED pgs=13 cs=0 l=1 rev1=1 rx=0 tx=0).stop
2024-02-11T16:59:38.530 INFO:teuthology.orchestra.run.smithi037.stderr:/usr/bin/ceph:
2024-02-11T16:59:38.528+0000 7f7726365700 1 --2- 172.21.15.37:0/3027626922 >> [v2:172.21.15.37:3300/0,v1:172.21.15.37:6789/0] conn(0x7f77200703b0 0x7f772010ca30 unknown :-1 s=CLOSED pgs=42 cs=0 l=1 rev1=1 rx=0 tx=0).stop
2024-02-11T16:59:38.531 INFO:teuthology.orchestra.run.smithi037.stderr:/usr/bin/ceph:
2024-02-11T16:59:38.528+0000 7f7726365700 1 -- 172.21.15.37:0/3027626922 >> 172.21.15.37:0/3027626922 conn(0x7f77200f6210 msgr2=0x7f77200f7d10 unknown :-1 s=STATE_NONE l=0).mark_down
2024-02-11T16:59:38.531 INFO:teuthology.orchestra.run.smithi037.stderr:/usr/bin/ceph:
2024-02-11T16:59:38.528+0000 7f7726365700 1 -- 172.21.15.37:0/3027626922 shutdown_connections
2024-02-11T16:59:38.531 INFO:teuthology.orchestra.run.smithi037.stderr:/usr/bin/ceph:
2024-02-11T16:59:38.528+0000 7f7726365700 1 -- 172.21.15.37:0/3027626922 wait complete.
2024-02-11T16:59:39.087 INFO:teuthology.orchestra.run.smithi037.stderr:Deploying crash service with default placement...
2024-02-11T16:59:39.087 INFO:teuthology.orchestra.run.smithi037.stderr:Running command: /bin/podman run --rm --ipc=host --no-hosts --net=host --entrypoint /usr/bin/ceph --init -e CONTAINER_IMAGE=docker.io/ceph/ceph:v16.2.4 -e NODE_NAME=smithi037 -e CEPH_USE_RANDOM_NONCE=1 -v /var/log/ceph/c65cd888-c8fe-11ee-95b9-87774f69a715:/var/log/ceph:z -v /tmp/ceph-tmpjftqjcr4:/etc/ceph/ceph.client.admin.keyring:z -v /tmp/ceph-tmp4ata0hlm:/etc/ceph/ceph.conf:z docker.io/ceph/ceph:v16.2.4 orch apply crash
2024-02-11T16:59:39.650 INFO:teuthology.orchestra.run.smithi037.stderr:/usr/bin/ceph:
2024-02-11T16:59:39.638+0000 7f29ad0b9700 1 Processor -- start
2024-02-11T16:59:39.650 INFO:teuthology.orchestra.run.smithi037.stderr:/usr/bin/ceph:
2024-02-11T16:59:39.638+0000 7f29ad0b9700 1 -- start start
2024-02-11T16:59:39.650 INFO:teuthology.orchestra.run.smithi037.stderr:/usr/bin/ceph:
2024-02-11T16:59:39.638+0000 7f29ad0b9700 1 --2- >> [v2:172.21.15.37:3300/0,v1:172.21.15.37:6789/0] conn(0x7f29a8070390 0x7f29a8100bd0 unknown :-1 s=NONE pgs=0 cs=0 l=0 rev1=0 rx=0 tx=0).connect
2024-02-11T16:59:39.651 INFO:teuthology.orchestra.run.smithi037.stderr:/usr/bin/ceph:
2024-02-11T16:59:39.638+0000 7f29ad0b9700 1 -- --> [v2:172.21.15.37:3300/0,v1:172.21.15.37:6789/0] -- mon_getmap magic: 0 v1 -- 0x7f29a80fc5c0 con 0x7f29a8070390
2024-02-11T16:59:39.651 INFO:teuthology.orchestra.run.smithi037.stderr:/usr/bin/ceph:
2024-02-11T16:59:39.638+0000 7f29a7fff700 1 --2- >> [v2:172.21.15.37:3300/0,v1:172.21.15.37:6789/0] conn(0x7f29a8070390 0x7f29a8100bd0 unknown :-1 s=BANNER_CONNECTING pgs=0 cs=0 l=0 rev1=0 rx=0 tx=0)._handle_peer_banner_payload supported=1 required=0
2024-02-11T16:59:39.651 INFO:teuthology.orchestra.run.smithi037.stderr:/usr/bin/ceph:
2024-02-11T16:59:39.638+0000 7f29a7fff700 1 --2- >> [v2:172.21.15.37:3300/0,v1:172.21.15.37:6789/0] conn(0x7f29a8070390 0x7f29a8100bd0 unknown :-1 s=HELLO_CONNECTING pgs=0 cs=0 l=0 rev1=1 rx=0 tx=0).handle_hello peer v2:172.21.15.37:3300/0 says I am v2:172.21.15.37:60690/0 (socket says 172.21.15.37:60690)
2024-02-11T16:59:39.651 INFO:teuthology.orchestra.run.smithi037.stderr:/usr/bin/ceph:
2024-02-11T16:59:39.638+0000 7f29a7fff700 1 -- 172.21.15.37:0/2087273878 learned_addr learned my addr 172.21.15.37:0/2087273878 (peer_addr_for_me v2:172.21.15.37:0/0)
2024-02-11T16:59:39.651 INFO:teuthology.orchestra.run.smithi037.stderr:/usr/bin/ceph:
2024-02-11T16:59:39.639+0000 7f29a7fff700 1 -- 172.21.15.37:0/2087273878 --> [v2:172.21.15.37:3300/0,v1:172.21.15.37:6789/0] -- mon_subscribe({config=0+,monmap=0+}) v3 -- 0x7f29a81010c0 con 0x7f29a8070390
2024-02-11T16:59:39.651 INFO:teuthology.orchestra.run.smithi037.stderr:/usr/bin/ceph:
2024-02-11T16:59:39.639+0000 7f29a7fff700 1 --2- 172.21.15.37:0/2087273878 >> [v2:172.21.15.37:3300/0,v1:172.21.15.37:6789/0] conn(0x7f29a8070390 0x7f29a8100bd0 secure :-1 s=READY pgs=43 cs=0 l=1 rev1=1 rx=0x7f299800b5f0 tx=0x7f2998006ee0).ready entity=mon.0 client_cookie=9b030021d7f1da60 server_cookie=0 in_seq=0 out_seq=0
2024-02-11T16:59:39.651 INFO:teuthology.orchestra.run.smithi037.stderr:/usr/bin/ceph:
2024-02-11T16:59:39.639+0000 7f29a6ffd700 1 -- 172.21.15.37:0/2087273878 <== mon.0 v2:172.21.15.37:3300/0 1 ==== mon_map magic: 0 v1 ==== 229+0+0 (secure 0 0 0) 0x7f299800d600 con 0x7f29a8070390
2024-02-11T16:59:39.651 INFO:teuthology.orchestra.run.smithi037.stderr:/usr/bin/ceph:
2024-02-11T16:59:39.639+0000 7f29a6ffd700 1 -- 172.21.15.37:0/2087273878 <== mon.0 v2:172.21.15.37:3300/0 2 ==== config(25 keys) v1 ==== 1010+0+0 (secure 0 0 0) 0x7f299800dbd0 con 0x7f29a8070390
2024-02-11T16:59:39.651 INFO:teuthology.orchestra.run.smithi037.stderr:/usr/bin/ceph:
2024-02-11T16:59:39.639+0000 7f29a6ffd700 1 -- 172.21.15.37:0/2087273878 <== mon.0 v2:172.21.15.37:3300/0 3 ==== mon_map magic: 0 v1 ==== 229+0+0 (secure 0 0 0) 0x7f2998011c00 con 0x7f29a8070390
2024-02-11T16:59:39.651 INFO:teuthology.orchestra.run.smithi037.stderr:/usr/bin/ceph:
2024-02-11T16:59:39.639+0000 7f29ad0b9700 1 -- 172.21.15.37:0/2087273878 >> [v2:172.21.15.37:3300/0,v1:172.21.15.37:6789/0] conn(0x7f29a8070390 msgr2=0x7f29a8100bd0 secure :-1 s=STATE_CONNECTION_ESTABLISHED l=1).mark_down
2024-02-11T16:59:39.651 INFO:teuthology.orchestra.run.smithi037.stderr:/usr/bin/ceph:
2024-02-11T16:59:39.639+0000 7f29ad0b9700 1 --2- 172.21.15.37:0/2087273878 >> [v2:172.21.15.37:3300/0,v1:172.21.15.37:6789/0] conn(0x7f29a8070390 0x7f29a8100bd0 secure :-1 s=READY pgs=43 cs=0 l=1 rev1=1 rx=0x7f299800b5f0 tx=0x7f2998006ee0).stop
2024-02-11T16:59:39.651 INFO:teuthology.orchestra.run.smithi037.stderr:/usr/bin/ceph:
2024-02-11T16:59:39.639+0000 7f29ad0b9700 1 -- 172.21.15.37:0/2087273878 shutdown_connections
2024-02-11T16:59:39.652 INFO:teuthology.orchestra.run.smithi037.stderr:/usr/bin/ceph:
2024-02-11T16:59:39.639+0000 7f29ad0b9700 1 --2- 172.21.15.37:0/2087273878 >> [v2:172.21.15.37:3300/0,v1:172.21.15.37:6789/0] conn(0x7f29a8070390 0x7f29a8100bd0 unknown :-1 s=CLOSED pgs=43 cs=0 l=1 rev1=1 rx=0 tx=0).stop
2024-02-11T16:59:39.652 INFO:teuthology.orchestra.run.smithi037.stderr:/usr/bin/ceph:
2024-02-11T16:59:39.639+0000 7f29ad0b9700 1 -- 172.21.15.37:0/2087273878 >> 172.21.15.37:0/2087273878 conn(0x7f29a80f6210 msgr2=0x7f29a80f8630 unknown :-1 s=STATE_NONE l=0).mark_down
2024-02-11T16:59:39.652 INFO:teuthology.orchestra.run.smithi037.stderr:/usr/bin/ceph:
2024-02-11T16:59:39.640+0000 7f29ad0b9700 1 -- 172.21.15.37:0/2087273878 shutdown_connections
2024-02-11T16:59:39.652 INFO:teuthology.orchestra.run.smithi037.stderr:/usr/bin/ceph:
2024-02-11T16:59:39.640+0000 7f29ad0b9700 1 -- 172.21.15.37:0/2087273878 wait complete.
2024-02-11T16:59:39.652 INFO:teuthology.orchestra.run.smithi037.stderr:/usr/bin/ceph:
2024-02-11T16:59:39.640+0000 7f29ad0b9700 1 Processor -- start
2024-02-11T16:59:39.652 INFO:teuthology.orchestra.run.smithi037.stderr:/usr/bin/ceph:
2024-02-11T16:59:39.640+0000 7f29ad0b9700 1 -- start start
2024-02-11T16:59:39.652 INFO:teuthology.orchestra.run.smithi037.stderr:/usr/bin/ceph:
2024-02-11T16:59:39.640+0000 7f29ad0b9700 1 --2- >> [v2:172.21.15.37:3300/0,v1:172.21.15.37:6789/0] conn(0x7f29a8070390 0x7f29a810ca20 unknown :-1 s=NONE pgs=0 cs=0 l=1 rev1=0 rx=0 tx=0).connect
2024-02-11T16:59:39.652 INFO:teuthology.orchestra.run.smithi037.stderr:/usr/bin/ceph:
2024-02-11T16:59:39.640+0000 7f29ad0b9700 1 -- --> [v2:172.21.15.37:3300/0,v1:172.21.15.37:6789/0] -- mon_getmap magic: 0 v1 -- 0x7f29a810cf10 con 0x7f29a8070390
2024-02-11T16:59:39.652 INFO:teuthology.orchestra.run.smithi037.stderr:/usr/bin/ceph:
2024-02-11T16:59:39.640+0000 7f29a7fff700 1 --2- >> [v2:172.21.15.37:3300/0,v1:172.21.15.37:6789/0] conn(0x7f29a8070390 0x7f29a810ca20 unknown :-1 s=BANNER_CONNECTING pgs=0 cs=0 l=1 rev1=0 rx=0 tx=0)._handle_peer_banner_payload supported=1 required=0
2024-02-11T16:59:39.652 INFO:teuthology.orchestra.run.smithi037.stderr:/usr/bin/ceph:
2024-02-11T16:59:39.640+0000 7f29a7fff700 1 --2- >> [v2:172.21.15.37:3300/0,v1:172.21.15.37:6789/0] conn(0x7f29a8070390 0x7f29a810ca20 unknown :-1 s=HELLO_CONNECTING pgs=0 cs=0 l=1 rev1=1 rx=0 tx=0).handle_hello peer v2:172.21.15.37:3300/0 says I am v2:172.21.15.37:60702/0 (socket says 172.21.15.37:60702)
2024-02-11T16:59:39.652 INFO:teuthology.orchestra.run.smithi037.stderr:/usr/bin/ceph:
2024-02-11T16:59:39.640+0000 7f29a7fff700 1 -- 172.21.15.37:0/2375854420 learned_addr learned my addr 172.21.15.37:0/2375854420 (peer_addr_for_me v2:172.21.15.37:0/0)
2024-02-11T16:59:39.652 INFO:teuthology.orchestra.run.smithi037.stderr:/usr/bin/ceph:
2024-02-11T16:59:39.641+0000 7f29a7fff700 1 -- 172.21.15.37:0/2375854420 --> [v2:172.21.15.37:3300/0,v1:172.21.15.37:6789/0] -- mon_subscribe({config=0+,monmap=0+}) v3 -- 0x7f299800b200 con 0x7f29a8070390
2024-02-11T16:59:39.653 INFO:teuthology.orchestra.run.smithi037.stderr:/usr/bin/ceph:
2024-02-11T16:59:39.641+0000 7f29a7fff700 1 --2- 172.21.15.37:0/2375854420 >> [v2:172.21.15.37:3300/0,v1:172.21.15.37:6789/0] conn(0x7f29a8070390 0x7f29a810ca20 secure :-1 s=READY pgs=44 cs=0 l=1 rev1=1 rx=0x7f299800b190 tx=0x7f2998006ee0).ready entity=mon.0 client_cookie=0 server_cookie=0 in_seq=0 out_seq=0
2024-02-11T16:59:39.653 INFO:teuthology.orchestra.run.smithi037.stderr:/usr/bin/ceph:
2024-02-11T16:59:39.641+0000 7f29a4ff9700 1 -- 172.21.15.37:0/2375854420 <== mon.0 v2:172.21.15.37:3300/0 1 ==== mon_map magic: 0 v1 ==== 229+0+0 (secure 0 0 0) 0x7f299801b410 con 0x7f29a8070390
2024-02-11T16:59:39.653 INFO:teuthology.orchestra.run.smithi037.stderr:/usr/bin/ceph:
2024-02-11T16:59:39.641+0000 7f29a4ff9700 1 -- 172.21.15.37:0/2375854420 <== mon.0 v2:172.21.15.37:3300/0 2 ==== config(25 keys) v1 ==== 1010+0+0 (secure 0 0 0) 0x7f299801b9e0 con 0x7f29a8070390
2024-02-11T16:59:39.653 INFO:teuthology.orchestra.run.smithi037.stderr:/usr/bin/ceph:
2024-02-11T16:59:39.641+0000 7f29a4ff9700 1 -- 172.21.15.37:0/2375854420 <== mon.0 v2:172.21.15.37:3300/0 3 ==== mon_map magic: 0 v1 ==== 229+0+0 (secure 0 0 0) 0x7f299801a880 con 0x7f29a8070390
2024-02-11T16:59:39.653 INFO:teuthology.orchestra.run.smithi037.stderr:/usr/bin/ceph:
2024-02-11T16:59:39.641+0000 7f29ad0b9700 1 -- 172.21.15.37:0/2375854420 --> [v2:172.21.15.37:3300/0,v1:172.21.15.37:6789/0] -- mon_subscribe({mgrmap=0+}) v3 -- 0x7f29a810d110 con 0x7f29a8070390
2024-02-11T16:59:39.653 INFO:teuthology.orchestra.run.smithi037.stderr:/usr/bin/ceph:
2024-02-11T16:59:39.641+0000 7f29ad0b9700 1 -- 172.21.15.37:0/2375854420 --> [v2:172.21.15.37:3300/0,v1:172.21.15.37:6789/0] -- mon_subscribe({osdmap=0}) v3 -- 0x7f29a810d520 con 0x7f29a8070390
2024-02-11T16:59:39.653 INFO:teuthology.orchestra.run.smithi037.stderr:/usr/bin/ceph:
2024-02-11T16:59:39.642+0000 7f29a4ff9700 1 -- 172.21.15.37:0/2375854420 <== mon.0 v2:172.21.15.37:3300/0 4 ==== mgrmap(e 8) v1 ==== 36120+0+0 (secure 0 0 0) 0x7f299800f070 con 0x7f29a8070390
2024-02-11T16:59:39.653 INFO:teuthology.orchestra.run.smithi037.stderr:/usr/bin/ceph:
2024-02-11T16:59:39.642+0000 7f29a4ff9700 1 --2- 172.21.15.37:0/2375854420 >> [v2:172.21.15.37:6800/2256954126,v1:172.21.15.37:6801/2256954126] conn(0x7f298802fd50 0x7f2988032210 unknown :-1 s=NONE pgs=0 cs=0 l=1 rev1=0 rx=0 tx=0).connect
2024-02-11T16:59:39.653 INFO:teuthology.orchestra.run.smithi037.stderr:/usr/bin/ceph:
2024-02-11T16:59:39.642+0000 7f29a4ff9700 1 -- 172.21.15.37:0/2375854420 <== mon.0 v2:172.21.15.37:3300/0 5 ==== osd_map(2..2 src has 1..2) v4 ==== 926+0+0 (secure 0 0 0) 0x7f2998041360 con 0x7f29a8070390
2024-02-11T16:59:39.653 INFO:teuthology.orchestra.run.smithi037.stderr:/usr/bin/ceph:
2024-02-11T16:59:39.642+0000 7f29ad0b9700 1 -- 172.21.15.37:0/2375854420 --> [v2:172.21.15.37:3300/0,v1:172.21.15.37:6789/0] -- mon_command({"prefix": "get_command_descriptions"} v 0) v1 -- 0x7f29a8045ad0 con 0x7f29a8070390
2024-02-11T16:59:39.653 INFO:teuthology.orchestra.run.smithi037.stderr:/usr/bin/ceph:
2024-02-11T16:59:39.642+0000 7f29a77fe700 1 --2- 172.21.15.37:0/2375854420 >> [v2:172.21.15.37:6800/2256954126,v1:172.21.15.37:6801/2256954126] conn(0x7f298802fd50 0x7f2988032210 unknown :-1 s=BANNER_CONNECTING pgs=0 cs=0 l=1 rev1=0 rx=0 tx=0)._handle_peer_banner_payload supported=1 required=0
2024-02-11T16:59:39.654 INFO:teuthology.orchestra.run.smithi037.stderr:/usr/bin/ceph:
2024-02-11T16:59:39.642+0000 7f29a77fe700 1 --2- 172.21.15.37:0/2375854420 >> [v2:172.21.15.37:6800/2256954126,v1:172.21.15.37:6801/2256954126] conn(0x7f298802fd50 0x7f2988032210 secure :-1 s=READY pgs=14 cs=0 l=1 rev1=1 rx=0x7f29900096a0 tx=0x7f2990006b40).ready entity=mgr.14114 client_cookie=0 server_cookie=0 in_seq=0 out_seq=0
2024-02-11T16:59:39.654 INFO:teuthology.orchestra.run.smithi037.stderr:/usr/bin/ceph:
2024-02-11T16:59:39.646+0000 7f29a4ff9700 1 -- 172.21.15.37:0/2375854420 <== mon.0 v2:172.21.15.37:3300/0 6 ==== mon_command_ack([{"prefix": "get_command_descriptions"}]=0 v0) v1 ==== 72+0+152212 (secure 0 0 0) 0x7f2998016070 con 0x7f29a8070390
2024-02-11T16:59:39.683 INFO:journalctl@ceph.mon.smithi037.smithi037.stdout:Feb 11 16:59:39 smithi037 ceph-c65cd888-c8fe-11ee-95b9-87774f69a715-mon.smithi037[39355]: audit
2024-02-11T16:59:38.523345+0000 mgr.smithi037.eofnaq (mgr.14114) 12 : audit [DBG] from='client.14136 -' entity='client.admin' cmd=[{"prefix": "orch apply", "service_type": "mgr", "target": ["mon-mgr", ""]}]: dispatch
2024-02-11T16:59:39.683 INFO:journalctl@ceph.mon.smithi037.smithi037.stdout:Feb 11 16:59:39 smithi037 ceph-c65cd888-c8fe-11ee-95b9-87774f69a715-mon.smithi037[39355]: cephadm
2024-02-11T16:59:38.523862+0000 mgr.smithi037.eofnaq (mgr.14114) 13 : cephadm [INF] Saving service mgr spec with placement count:2
2024-02-11T16:59:39.683 INFO:journalctl@ceph.mon.smithi037.smithi037.stdout:Feb 11 16:59:39 smithi037 ceph-c65cd888-c8fe-11ee-95b9-87774f69a715-mon.smithi037[39355]: audit
2024-02-11T16:59:38.526800+0000 mon.smithi037 (mon.0) 57 : audit [INF] from='mgr.14114 172.21.15.37:0/1469767164' entity='mgr.smithi037.eofnaq'
2024-02-11T16:59:39.833 INFO:teuthology.orchestra.run.smithi037.stderr:/usr/bin/ceph:
2024-02-11T16:59:39.832+0000 7f29ad0b9700 1 -- 172.21.15.37:0/2375854420 --> [v2:172.21.15.37:6800/2256954126,v1:172.21.15.37:6801/2256954126] -- mgr_command(tid 0: {"prefix": "orch apply", "service_type": "crash", "target": ["mon-mgr", ""]}) v1 -- 0x7f29a81069c0 con 0x7f298802fd50
2024-02-11T16:59:39.837 INFO:teuthology.orchestra.run.smithi037.stderr:/usr/bin/ceph:
2024-02-11T16:59:39.836+0000 7f29a4ff9700 1 -- 172.21.15.37:0/2375854420 <== mgr.14114 v2:172.21.15.37:6800/2256954126 1 ==== mgr_command_reply(tid 0: 0 ) v1 ==== 8+0+26 (secure 0 0 0) 0x7f29a81069c0 con 0x7f298802fd50
2024-02-11T16:59:39.837 INFO:teuthology.orchestra.run.smithi037.stderr:/usr/bin/ceph: Scheduled crash update...
2024-02-11T16:59:39.840 INFO:teuthology.orchestra.run.smithi037.stderr:/usr/bin/ceph:
2024-02-11T16:59:39.838+0000 7f29ad0b9700 1 -- 172.21.15.37:0/2375854420 >> [v2:172.21.15.37:6800/2256954126,v1:172.21.15.37:6801/2256954126] conn(0x7f298802fd50 msgr2=0x7f2988032210 secure :-1 s=STATE_CONNECTION_ESTABLISHED l=1).mark_down
2024-02-11T16:59:39.840 INFO:teuthology.orchestra.run.smithi037.stderr:/usr/bin/ceph:
2024-02-11T16:59:39.838+0000 7f29ad0b9700 1 --2- 172.21.15.37:0/2375854420 >> [v2:172.21.15.37:6800/2256954126,v1:172.21.15.37:6801/2256954126] conn(0x7f298802fd50 0x7f2988032210 secure :-1 s=READY pgs=14 cs=0 l=1 rev1=1 rx=0x7f29900096a0 tx=0x7f2990006b40).stop
2024-02-11T16:59:39.840 INFO:teuthology.orchestra.run.smithi037.stderr:/usr/bin/ceph:
2024-02-11T16:59:39.838+0000 7f29ad0b9700 1 -- 172.21.15.37:0/2375854420 >> [v2:172.21.15.37:3300/0,v1:172.21.15.37:6789/0] conn(0x7f29a8070390 msgr2=0x7f29a810ca20 secure :-1 s=STATE_CONNECTION_ESTABLISHED l=1).mark_down
2024-02-11T16:59:39.840 INFO:teuthology.orchestra.run.smithi037.stderr:/usr/bin/ceph:
2024-02-11T16:59:39.838+0000 7f29ad0b9700 1 --2- 172.21.15.37:0/2375854420 >> [v2:172.21.15.37:3300/0,v1:172.21.15.37:6789/0] conn(0x7f29a8070390 0x7f29a810ca20 secure :-1 s=READY pgs=44 cs=0 l=1 rev1=1 rx=0x7f299800b190 tx=0x7f2998006ee0).stop
2024-02-11T16:59:39.840 INFO:teuthology.orchestra.run.smithi037.stderr:/usr/bin/ceph:
2024-02-11T16:59:39.838+0000 7f29ad0b9700 1 -- 172.21.15.37:0/2375854420 shutdown_connections
2024-02-11T16:59:39.840 INFO:teuthology.orchestra.run.smithi037.stderr:/usr/bin/ceph:
2024-02-11T16:59:39.838+0000 7f29ad0b9700 1 --2- 172.21.15.37:0/2375854420 >> [v2:172.21.15.37:6800/2256954126,v1:172.21.15.37:6801/2256954126] conn(0x7f298802fd50 0x7f2988032210 unknown :-1 s=CLOSED pgs=14 cs=0 l=1 rev1=1 rx=0 tx=0).stop
2024-02-11T16:59:39.840 INFO:teuthology.orchestra.run.smithi037.stderr:/usr/bin/ceph:
2024-02-11T16:59:39.838+0000 7f29ad0b9700 1 --2- 172.21.15.37:0/2375854420 >> [v2:172.21.15.37:3300/0,v1:172.21.15.37:6789/0] conn(0x7f29a8070390 0x7f29a810ca20 unknown :-1 s=CLOSED pgs=44 cs=0 l=1 rev1=1 rx=0 tx=0).stop
2024-02-11T16:59:39.840 INFO:teuthology.orchestra.run.smithi037.stderr:/usr/bin/ceph:
2024-02-11T16:59:39.838+0000 7f29ad0b9700 1 -- 172.21.15.37:0/2375854420 >> 172.21.15.37:0/2375854420 conn(0x7f29a80f6210 msgr2=0x7f29a80f7cc0 unknown :-1 s=STATE_NONE l=0).mark_down
2024-02-11T16:59:39.840 INFO:teuthology.orchestra.run.smithi037.stderr:/usr/bin/ceph:
2024-02-11T16:59:39.838+0000 7f29ad0b9700 1 -- 172.21.15.37:0/2375854420 shutdown_connections
2024-02-11T16:59:39.840 INFO:teuthology.orchestra.run.smithi037.stderr:/usr/bin/ceph:
2024-02-11T16:59:39.838+0000 7f29ad0b9700 1 -- 172.21.15.37:0/2375854420 wait complete.
2024-02-11T16:59:40.377 INFO:teuthology.orchestra.run.smithi037.stderr:Enabling mgr prometheus module...
2024-02-11T16:59:40.378 INFO:teuthology.orchestra.run.smithi037.stderr:Running command: /bin/podman run --rm --ipc=host --no-hosts --net=host --entrypoint /usr/bin/ceph --init -e CONTAINER_IMAGE=docker.io/ceph/ceph:v16.2.4 -e NODE_NAME=smithi037 -e CEPH_USE_RANDOM_NONCE=1 -v /var/log/ceph/c65cd888-c8fe-11ee-95b9-87774f69a715:/var/log/ceph:z -v /tmp/ceph-tmpjftqjcr4:/etc/ceph/ceph.client.admin.keyring:z -v /tmp/ceph-tmp4ata0hlm:/etc/ceph/ceph.conf:z docker.io/ceph/ceph:v16.2.4 mgr module enable prometheus
2024-02-11T16:59:40.924 INFO:teuthology.orchestra.run.smithi037.stderr:/usr/bin/ceph:
2024-02-11T16:59:40.915+0000 7fc5a1df8700 1 Processor -- start
2024-02-11T16:59:40.924 INFO:teuthology.orchestra.run.smithi037.stderr:/usr/bin/ceph:
2024-02-11T16:59:40.915+0000 7fc5a1df8700 1 -- start start
2024-02-11T16:59:40.924 INFO:teuthology.orchestra.run.smithi037.stderr:/usr/bin/ceph:
2024-02-11T16:59:40.915+0000 7fc5a1df8700 1 --2- >> [v2:172.21.15.37:3300/0,v1:172.21.15.37:6789/0] conn(0x7fc59c070430 0x7fc59c0fe730 unknown :-1 s=NONE pgs=0 cs=0 l=0 rev1=0 rx=0 tx=0).connect
2024-02-11T16:59:40.924 INFO:teuthology.orchestra.run.smithi037.stderr:/usr/bin/ceph:
2024-02-11T16:59:40.915+0000 7fc5a1df8700 1 -- --> [v2:172.21.15.37:3300/0,v1:172.21.15.37:6789/0] -- mon_getmap magic: 0 v1 -- 0x7fc59c0fec20 con 0x7fc59c070430
2024-02-11T16:59:40.924 INFO:teuthology.orchestra.run.smithi037.stderr:/usr/bin/ceph:
2024-02-11T16:59:40.915+0000 7fc5a0df6700 1 --2- >> [v2:172.21.15.37:3300/0,v1:172.21.15.37:6789/0] conn(0x7fc59c070430 0x7fc59c0fe730 unknown :-1 s=BANNER_CONNECTING pgs=0 cs=0 l=0 rev1=0 rx=0 tx=0)._handle_peer_banner_payload supported=1 required=0
2024-02-11T16:59:40.924 INFO:teuthology.orchestra.run.smithi037.stderr:/usr/bin/ceph:
2024-02-11T16:59:40.915+0000 7fc5a0df6700 1 --2- >> [v2:172.21.15.37:3300/0,v1:172.21.15.37:6789/0] conn(0x7fc59c070430 0x7fc59c0fe730 unknown :-1 s=HELLO_CONNECTING pgs=0 cs=0 l=0 rev1=1 rx=0 tx=0).handle_hello peer v2:172.21.15.37:3300/0 says I am v2:172.21.15.37:60714/0 (socket says 172.21.15.37:60714)
2024-02-11T16:59:40.924 INFO:teuthology.orchestra.run.smithi037.stderr:/usr/bin/ceph:
2024-02-11T16:59:40.915+0000 7fc5a0df6700 1 -- 172.21.15.37:0/1354424066 learned_addr learned my addr 172.21.15.37:0/1354424066 (peer_addr_for_me v2:172.21.15.37:0/0)
2024-02-11T16:59:40.924 INFO:teuthology.orchestra.run.smithi037.stderr:/usr/bin/ceph:
2024-02-11T16:59:40.916+0000 7fc5a0df6700 1 -- 172.21.15.37:0/1354424066 --> [v2:172.21.15.37:3300/0,v1:172.21.15.37:6789/0] -- mon_subscribe({config=0+,monmap=0+}) v3 -- 0x7fc59c0fed60 con 0x7fc59c070430
2024-02-11T16:59:40.924 INFO:teuthology.orchestra.run.smithi037.stderr:/usr/bin/ceph:
2024-02-11T16:59:40.916+0000 7fc5a0df6700 1 --2- 172.21.15.37:0/1354424066 >> [v2:172.21.15.37:3300/0,v1:172.21.15.37:6789/0] conn(0x7fc59c070430 0x7fc59c0fe730 secure :-1 s=READY pgs=45 cs=0 l=1 rev1=1 rx=0x7fc59000b5f0 tx=0x7fc590006ee0).ready entity=mon.0 client_cookie=aa908690c2a5936a server_cookie=0 in_seq=0 out_seq=0
2024-02-11T16:59:40.924 INFO:teuthology.orchestra.run.smithi037.stderr:/usr/bin/ceph:
2024-02-11T16:59:40.916+0000 7fc59b7fe700 1 -- 172.21.15.37:0/1354424066 <== mon.0 v2:172.21.15.37:3300/0 1 ==== mon_map magic: 0 v1 ==== 229+0+0 (secure 0 0 0) 0x7fc59000d600 con 0x7fc59c070430
2024-02-11T16:59:40.925 INFO:teuthology.orchestra.run.smithi037.stderr:/usr/bin/ceph:
2024-02-11T16:59:40.916+0000 7fc59b7fe700 1 -- 172.21.15.37:0/1354424066 <== mon.0 v2:172.21.15.37:3300/0 2 ==== config(25 keys) v1 ==== 1010+0+0 (secure 0 0 0) 0x7fc59000dbd0 con 0x7fc59c070430
2024-02-11T16:59:40.925 INFO:teuthology.orchestra.run.smithi037.stderr:/usr/bin/ceph:
2024-02-11T16:59:40.916+0000 7fc59b7fe700 1 -- 172.21.15.37:0/1354424066 <== mon.0 v2:172.21.15.37:3300/0 3 ==== mon_map magic: 0 v1 ==== 229+0+0 (secure 0 0 0) 0x7fc590011c00 con 0x7fc59c070430
2024-02-11T16:59:40.925 INFO:teuthology.orchestra.run.smithi037.stderr:/usr/bin/ceph:
2024-02-11T16:59:40.916+0000 7fc5a1df8700 1 -- 172.21.15.37:0/1354424066 >> [v2:172.21.15.37:3300/0,v1:172.21.15.37:6789/0] conn(0x7fc59c070430 msgr2=0x7fc59c0fe730 secure :-1 s=STATE_CONNECTION_ESTABLISHED l=1).mark_down
2024-02-11T16:59:40.925 INFO:teuthology.orchestra.run.smithi037.stderr:/usr/bin/ceph:
2024-02-11T16:59:40.916+0000 7fc5a1df8700 1 --2- 172.21.15.37:0/1354424066 >> [v2:172.21.15.37:3300/0,v1:172.21.15.37:6789/0] conn(0x7fc59c070430 0x7fc59c0fe730 secure :-1 s=READY pgs=45 cs=0 l=1 rev1=1 rx=0x7fc59000b5f0 tx=0x7fc590006ee0).stop
2024-02-11T16:59:40.925 INFO:teuthology.orchestra.run.smithi037.stderr:/usr/bin/ceph:
2024-02-11T16:59:40.916+0000 7fc5a1df8700 1 -- 172.21.15.37:0/1354424066 shutdown_connections
2024-02-11T16:59:40.925 INFO:teuthology.orchestra.run.smithi037.stderr:/usr/bin/ceph:
2024-02-11T16:59:40.916+0000 7fc5a1df8700 1 --2- 172.21.15.37:0/1354424066 >> [v2:172.21.15.37:3300/0,v1:172.21.15.37:6789/0] conn(0x7fc59c070430 0x7fc59c0fe730 unknown :-1 s=CLOSED pgs=45 cs=0 l=1 rev1=1 rx=0 tx=0).stop
2024-02-11T16:59:40.925 INFO:teuthology.orchestra.run.smithi037.stderr:/usr/bin/ceph:
2024-02-11T16:59:40.916+0000 7fc5a1df8700 1 -- 172.21.15.37:0/1354424066 >> 172.21.15.37:0/1354424066 conn(0x7fc59c0f6210 msgr2=0x7fc59c0f8630 unknown :-1 s=STATE_NONE l=0).mark_down
2024-02-11T16:59:40.925 INFO:teuthology.orchestra.run.smithi037.stderr:/usr/bin/ceph:
2024-02-11T16:59:40.916+0000 7fc5a1df8700 1 -- 172.21.15.37:0/1354424066 shutdown_connections
2024-02-11T16:59:40.925 INFO:teuthology.orchestra.run.smithi037.stderr:/usr/bin/ceph:
2024-02-11T16:59:40.916+0000 7fc5a1df8700 1 -- 172.21.15.37:0/1354424066 wait complete.
2024-02-11T16:59:40.925 INFO:teuthology.orchestra.run.smithi037.stderr:/usr/bin/ceph:
2024-02-11T16:59:40.917+0000 7fc5a1df8700 1 Processor -- start
2024-02-11T16:59:40.925 INFO:teuthology.orchestra.run.smithi037.stderr:/usr/bin/ceph:
2024-02-11T16:59:40.917+0000 7fc5a1df8700 1 -- start start
2024-02-11T16:59:40.925 INFO:teuthology.orchestra.run.smithi037.stderr:/usr/bin/ceph:
2024-02-11T16:59:40.917+0000 7fc5a1df8700 1 --2- >> [v2:172.21.15.37:3300/0,v1:172.21.15.37:6789/0] conn(0x7fc59c070430 0x7fc59c0fc1b0 unknown :-1 s=NONE pgs=0 cs=0 l=1 rev1=0 rx=0 tx=0).connect
2024-02-11T16:59:40.925 INFO:teuthology.orchestra.run.smithi037.stderr:/usr/bin/ceph:
2024-02-11T16:59:40.917+0000 7fc5a1df8700 1 -- --> [v2:172.21.15.37:3300/0,v1:172.21.15.37:6789/0] -- mon_getmap magic: 0 v1 -- 0x7fc59c0fa630 con 0x7fc59c070430
2024-02-11T16:59:40.926 INFO:teuthology.orchestra.run.smithi037.stderr:/usr/bin/ceph:
2024-02-11T16:59:40.917+0000 7fc5a0df6700 1 --2- >> [v2:172.21.15.37:3300/0,v1:172.21.15.37:6789/0] conn(0x7fc59c070430 0x7fc59c0fc1b0 unknown :-1 s=BANNER_CONNECTING pgs=0 cs=0 l=1 rev1=0 rx=0 tx=0)._handle_peer_banner_payload supported=1 required=0
2024-02-11T16:59:40.926 INFO:teuthology.orchestra.run.smithi037.stderr:/usr/bin/ceph:
2024-02-11T16:59:40.917+0000 7fc5a0df6700 1 --2- >> [v2:172.21.15.37:3300/0,v1:172.21.15.37:6789/0] conn(0x7fc59c070430 0x7fc59c0fc1b0 unknown :-1 s=HELLO_CONNECTING pgs=0 cs=0 l=1 rev1=1 rx=0 tx=0).handle_hello peer v2:172.21.15.37:3300/0 says I am v2:172.21.15.37:60718/0 (socket says 172.21.15.37:60718)
2024-02-11T16:59:40.926 INFO:teuthology.orchestra.run.smithi037.stderr:/usr/bin/ceph:
2024-02-11T16:59:40.918+0000 7fc5a0df6700 1 -- 172.21.15.37:0/2625478575 learned_addr learned my addr 172.21.15.37:0/2625478575 (peer_addr_for_me v2:172.21.15.37:0/0)
2024-02-11T16:59:40.926 INFO:teuthology.orchestra.run.smithi037.stderr:/usr/bin/ceph:
2024-02-11T16:59:40.918+0000 7fc5a0df6700 1 -- 172.21.15.37:0/2625478575 --> [v2:172.21.15.37:3300/0,v1:172.21.15.37:6789/0] -- mon_subscribe({config=0+,monmap=0+}) v3 -- 0x7fc59000b200 con 0x7fc59c070430
2024-02-11T16:59:40.926 INFO:teuthology.orchestra.run.smithi037.stderr:/usr/bin/ceph:
2024-02-11T16:59:40.918+0000 7fc5a0df6700 1 --2- 172.21.15.37:0/2625478575 >> [v2:172.21.15.37:3300/0,v1:172.21.15.37:6789/0] conn(0x7fc59c070430 0x7fc59c0fc1b0 secure :-1 s=READY pgs=46 cs=0 l=1 rev1=1 rx=0x7fc59000b190 tx=0x7fc590006ee0).ready entity=mon.0 client_cookie=0 server_cookie=0 in_seq=0 out_seq=0
2024-02-11T16:59:40.926 INFO:teuthology.orchestra.run.smithi037.stderr:/usr/bin/ceph:
2024-02-11T16:59:40.918+0000 7fc5997fa700 1 -- 172.21.15.37:0/2625478575 <== mon.0 v2:172.21.15.37:3300/0 1 ==== mon_map magic: 0 v1 ==== 229+0+0 (secure 0 0 0) 0x7fc59001b410 con 0x7fc59c070430
2024-02-11T16:59:40.926 INFO:teuthology.orchestra.run.smithi037.stderr:/usr/bin/ceph:
2024-02-11T16:59:40.918+0000 7fc5a1df8700 1 -- 172.21.15.37:0/2625478575 --> [v2:172.21.15.37:3300/0,v1:172.21.15.37:6789/0] -- mon_subscribe({mgrmap=0+}) v3 -- 0x7fc59c0fa7d0 con 0x7fc59c070430
2024-02-11T16:59:40.926 INFO:teuthology.orchestra.run.smithi037.stderr:/usr/bin/ceph:
2024-02-11T16:59:40.918+0000 7fc5997fa700 1 -- 172.21.15.37:0/2625478575 <== mon.0 v2:172.21.15.37:3300/0 2 ==== config(25 keys) v1 ==== 1010+0+0 (secure 0 0 0) 0x7fc59001b9e0 con 0x7fc59c070430
2024-02-11T16:59:40.926 INFO:teuthology.orchestra.run.smithi037.stderr:/usr/bin/ceph:
2024-02-11T16:59:40.918+0000 7fc5997fa700 1 -- 172.21.15.37:0/2625478575 <== mon.0 v2:172.21.15.37:3300/0 3 ==== mon_map magic: 0 v1 ==== 229+0+0 (secure 0 0 0) 0x7fc59001a880 con 0x7fc59c070430
2024-02-11T16:59:40.926 INFO:teuthology.orchestra.run.smithi037.stderr:/usr/bin/ceph:
2024-02-11T16:59:40.918+0000 7fc5a1df8700 1 -- 172.21.15.37:0/2625478575 --> [v2:172.21.15.37:3300/0,v1:172.21.15.37:6789/0] -- mon_subscribe({osdmap=0}) v3 -- 0x7fc59c0fabe0 con 0x7fc59c070430
2024-02-11T16:59:40.926 INFO:teuthology.orchestra.run.smithi037.stderr:/usr/bin/ceph:
2024-02-11T16:59:40.919+0000 7fc5997fa700 1 -- 172.21.15.37:0/2625478575 <== mon.0 v2:172.21.15.37:3300/0 4 ==== mgrmap(e 8) v1 ==== 36120+0+0 (secure 0 0 0) 0x7fc59000f070 con 0x7fc59c070430
2024-02-11T16:59:40.926 INFO:teuthology.orchestra.run.smithi037.stderr:/usr/bin/ceph:
2024-02-11T16:59:40.919+0000 7fc5997fa700 1 --2- 172.21.15.37:0/2625478575 >> [v2:172.21.15.37:6800/2256954126,v1:172.21.15.37:6801/2256954126] conn(0x7fc58002fd50 0x7fc580032210 unknown :-1 s=NONE pgs=0 cs=0 l=1 rev1=0 rx=0 tx=0).connect
2024-02-11T16:59:40.926 INFO:teuthology.orchestra.run.smithi037.stderr:/usr/bin/ceph:
2024-02-11T16:59:40.919+0000 7fc5997fa700 1 -- 172.21.15.37:0/2625478575 <== mon.0 v2:172.21.15.37:3300/0 5 ==== osd_map(2..2 src has 1..2) v4 ==== 926+0+0 (secure 0 0 0) 0x7fc590041250 con 0x7fc59c070430
2024-02-11T16:59:40.926 INFO:teuthology.orchestra.run.smithi037.stderr:/usr/bin/ceph:
2024-02-11T16:59:40.919+0000 7fc59bfff700 1 --2- 172.21.15.37:0/2625478575 >> [v2:172.21.15.37:6800/2256954126,v1:172.21.15.37:6801/2256954126] conn(0x7fc58002fd50 0x7fc580032210 unknown :-1 s=BANNER_CONNECTING pgs=0 cs=0 l=1 rev1=0 rx=0 tx=0)._handle_peer_banner_payload supported=1 required=0
2024-02-11T16:59:40.927 INFO:teuthology.orchestra.run.smithi037.stderr:/usr/bin/ceph:
2024-02-11T16:59:40.919+0000 7fc5a1df8700 1 -- 172.21.15.37:0/2625478575 --> [v2:172.21.15.37:3300/0,v1:172.21.15.37:6789/0] -- mon_command({"prefix": "get_command_descriptions"} v 0) v1 -- 0x7fc59c059100 con 0x7fc59c070430
2024-02-11T16:59:40.927 INFO:teuthology.orchestra.run.smithi037.stderr:/usr/bin/ceph:
2024-02-11T16:59:40.920+0000 7fc59bfff700 1 --2- 172.21.15.37:0/2625478575 >> [v2:172.21.15.37:6800/2256954126,v1:172.21.15.37:6801/2256954126] conn(0x7fc58002fd50 0x7fc580032210 secure :-1 s=READY pgs=15 cs=0 l=1 rev1=1 rx=0x7fc5880096a0 tx=0x7fc588006b40).ready entity=mgr.14114 client_cookie=0 server_cookie=0 in_seq=0 out_seq=0
2024-02-11T16:59:40.927 INFO:teuthology.orchestra.run.smithi037.stderr:/usr/bin/ceph:
2024-02-11T16:59:40.924+0000 7fc5997fa700 1 -- 172.21.15.37:0/2625478575 <== mon.0 v2:172.21.15.37:3300/0 6 ==== mon_command_ack([{"prefix": "get_command_descriptions"}]=0 v0) v1 ==== 72+0+152212 (secure 0 0 0) 0x7fc590010360 con 0x7fc59c070430
2024-02-11T16:59:41.120 INFO:teuthology.orchestra.run.smithi037.stderr:/usr/bin/ceph:
2024-02-11T16:59:41.118+0000 7fc5a1df8700 1 -- 172.21.15.37:0/2625478575 --> [v2:172.21.15.37:3300/0,v1:172.21.15.37:6789/0] -- mon_command({"prefix": "mgr module enable", "module": "prometheus"} v 0) v1 -- 0x7fc59c045ad0 con 0x7fc59c070430
2024-02-11T16:59:41.183 INFO:journalctl@ceph.mon.smithi037.smithi037.stdout:Feb 11 16:59:40 smithi037 ceph-c65cd888-c8fe-11ee-95b9-87774f69a715-mon.smithi037[39355]: audit
2024-02-11T16:59:39.833835+0000 mgr.smithi037.eofnaq (mgr.14114) 14 : audit [DBG] from='client.14138 -' entity='client.admin' cmd=[{"prefix": "orch apply", "service_type": "crash", "target": ["mon-mgr", ""]}]: dispatch
2024-02-11T16:59:41.183 INFO:journalctl@ceph.mon.smithi037.smithi037.stdout:Feb 11 16:59:40 smithi037 ceph-c65cd888-c8fe-11ee-95b9-87774f69a715-mon.smithi037[39355]: cephadm
2024-02-11T16:59:39.834472+0000 mgr.smithi037.eofnaq (mgr.14114) 15 : cephadm [INF] Saving service crash spec with placement *
2024-02-11T16:59:41.183 INFO:journalctl@ceph.mon.smithi037.smithi037.stdout:Feb 11 16:59:40 smithi037 ceph-c65cd888-c8fe-11ee-95b9-87774f69a715-mon.smithi037[39355]: audit
2024-02-11T16:59:39.836781+0000 mon.smithi037 (mon.0) 58 : audit [INF] from='mgr.14114 172.21.15.37:0/1469767164' entity='mgr.smithi037.eofnaq'
2024-02-11T16:59:41.841 INFO:teuthology.orchestra.run.smithi037.stderr:/usr/bin/ceph:
2024-02-11T16:59:41.839+0000 7fc5997fa700 1 -- 172.21.15.37:0/2625478575 <== mon.0 v2:172.21.15.37:3300/0 7 ==== mgrmap(e 9) v1 ==== 36134+0+0 (secure 0 0 0) 0x7fc590025980 con 0x7fc59c070430
2024-02-11T16:59:41.842 INFO:teuthology.orchestra.run.smithi037.stderr:/usr/bin/ceph:
2024-02-11T16:59:41.841+0000 7fc5997fa700 1 -- 172.21.15.37:0/2625478575 <== mon.0 v2:172.21.15.37:3300/0 8 ==== mon_command_ack([{"prefix": "mgr module enable", "module": "prometheus"}]=0 v9) v1 ==== 89+0+0 (secure 0 0 0) 0x7fc590019d10 con 0x7fc59c070430
2024-02-11T16:59:41.845 INFO:teuthology.orchestra.run.smithi037.stderr:/usr/bin/ceph:
2024-02-11T16:59:41.843+0000 7fc5a1df8700 1 -- 172.21.15.37:0/2625478575 >> [v2:172.21.15.37:6800/2256954126,v1:172.21.15.37:6801/2256954126] conn(0x7fc58002fd50 msgr2=0x7fc580032210 secure :-1 s=STATE_CONNECTION_ESTABLISHED l=1).mark_down
2024-02-11T16:59:41.845 INFO:teuthology.orchestra.run.smithi037.stderr:/usr/bin/ceph:
2024-02-11T16:59:41.843+0000 7fc5a1df8700 1 --2- 172.21.15.37:0/2625478575 >> [v2:172.21.15.37:6800/2256954126,v1:172.21.15.37:6801/2256954126] conn(0x7fc58002fd50 0x7fc580032210 secure :-1 s=READY pgs=15 cs=0 l=1 rev1=1 rx=0x7fc5880096a0 tx=0x7fc588006b40).stop
2024-02-11T16:59:41.845 INFO:teuthology.orchestra.run.smithi037.stderr:/usr/bin/ceph:
2024-02-11T16:59:41.843+0000 7fc5a1df8700 1 -- 172.21.15.37:0/2625478575 >> [v2:172.21.15.37:3300/0,v1:172.21.15.37:6789/0] conn(0x7fc59c070430 msgr2=0x7fc59c0fc1b0 secure :-1 s=STATE_CONNECTION_ESTABLISHED l=1).mark_down
2024-02-11T16:59:41.845 INFO:teuthology.orchestra.run.smithi037.stderr:/usr/bin/ceph:
2024-02-11T16:59:41.843+0000 7fc5a1df8700 1 --2- 172.21.15.37:0/2625478575 >> [v2:172.21.15.37:3300/0,v1:172.21.15.37:6789/0] conn(0x7fc59c070430 0x7fc59c0fc1b0 secure :-1 s=READY pgs=46 cs=0 l=1 rev1=1 rx=0x7fc59000b190 tx=0x7fc590006ee0).stop
2024-02-11T16:59:41.846 INFO:teuthology.orchestra.run.smithi037.stderr:/usr/bin/ceph:
2024-02-11T16:59:41.845+0000 7fc5a1df8700 1 -- 172.21.15.37:0/2625478575 shutdown_connections
2024-02-11T16:59:41.847 INFO:teuthology.orchestra.run.smithi037.stderr:/usr/bin/ceph:
2024-02-11T16:59:41.845+0000 7fc5a1df8700 1 --2- 172.21.15.37:0/2625478575 >> [v2:172.21.15.37:6800/2256954126,v1:172.21.15.37:6801/2256954126] conn(0x7fc58002fd50 0x7fc580032210 unknown :-1 s=CLOSED pgs=15 cs=0 l=1 rev1=1 rx=0 tx=0).stop
2024-02-11T16:59:41.847 INFO:teuthology.orchestra.run.smithi037.stderr:/usr/bin/ceph:
2024-02-11T16:59:41.845+0000 7fc5a1df8700 1 --2- 172.21.15.37:0/2625478575 >> [v2:172.21.15.37:3300/0,v1:172.21.15.37:6789/0] conn(0x7fc59c070430 0x7fc59c0fc1b0 unknown :-1 s=CLOSED pgs=46 cs=0 l=1 rev1=1 rx=0 tx=0).stop
2024-02-11T16:59:41.847 INFO:teuthology.orchestra.run.smithi037.stderr:/usr/bin/ceph:
2024-02-11T16:59:41.845+0000 7fc5a1df8700 1 -- 172.21.15.37:0/2625478575 >> 172.21.15.37:0/2625478575 conn(0x7fc59c0f6210 msgr2=0x7fc59c0f7cc0 unknown :-1 s=STATE_NONE l=0).mark_down
2024-02-11T16:59:41.847 INFO:teuthology.orchestra.run.smithi037.stderr:/usr/bin/ceph:
2024-02-11T16:59:41.845+0000 7fc5a1df8700 1 -- 172.21.15.37:0/2625478575 shutdown_connections
2024-02-11T16:59:41.847 INFO:teuthology.orchestra.run.smithi037.stderr:/usr/bin/ceph:
2024-02-11T16:59:41.845+0000 7fc5a1df8700 1 -- 172.21.15.37:0/2625478575 wait complete.
2024-02-11T16:59:42.183 INFO:journalctl@ceph.mon.smithi037.smithi037.stdout:Feb 11 16:59:41 smithi037 ceph-c65cd888-c8fe-11ee-95b9-87774f69a715-mon.smithi037[39355]: audit
2024-02-11T16:59:41.119833+0000 mon.smithi037 (mon.0) 59 : audit [INF] from='client.? 172.21.15.37:0/2625478575' entity='client.admin' cmd=[{"prefix": "mgr module enable", "module": "prometheus"}]: dispatch
2024-02-11T16:59:42.467 INFO:teuthology.orchestra.run.smithi037.stderr:Deploying prometheus service with default placement...
2024-02-11T16:59:42.467 INFO:teuthology.orchestra.run.smithi037.stderr:Running command: /bin/podman run --rm --ipc=host --no-hosts --net=host --entrypoint /usr/bin/ceph --init -e CONTAINER_IMAGE=docker.io/ceph/ceph:v16.2.4 -e NODE_NAME=smithi037 -e CEPH_USE_RANDOM_NONCE=1 -v /var/log/ceph/c65cd888-c8fe-11ee-95b9-87774f69a715:/var/log/ceph:z -v /tmp/ceph-tmpjftqjcr4:/etc/ceph/ceph.client.admin.keyring:z -v /tmp/ceph-tmp4ata0hlm:/etc/ceph/ceph.conf:z docker.io/ceph/ceph:v16.2.4 orch apply prometheus
2024-02-11T16:59:42.996 INFO:teuthology.orchestra.run.smithi037.stderr:/usr/bin/ceph:
2024-02-11T16:59:42.988+0000 7f9754964700 1 Processor -- start
2024-02-11T16:59:42.997 INFO:teuthology.orchestra.run.smithi037.stderr:/usr/bin/ceph:
2024-02-11T16:59:42.988+0000 7f9754964700 1 -- start start
2024-02-11T16:59:42.997 INFO:teuthology.orchestra.run.smithi037.stderr:/usr/bin/ceph:
2024-02-11T16:59:42.988+0000 7f9754964700 1 --2- >> [v2:172.21.15.37:3300/0,v1:172.21.15.37:6789/0] conn(0x7f9750072490 0x7f9750070a30 unknown :-1 s=NONE pgs=0 cs=0 l=0 rev1=0 rx=0 tx=0).connect
2024-02-11T16:59:42.997 INFO:teuthology.orchestra.run.smithi037.stderr:/usr/bin/ceph:
2024-02-11T16:59:42.988+0000 7f9754964700 1 -- --> [v2:172.21.15.37:3300/0,v1:172.21.15.37:6789/0] -- mon_getmap magic: 0 v1 -- 0x7f97500728b0 con 0x7f9750072490
2024-02-11T16:59:42.997 INFO:teuthology.orchestra.run.smithi037.stderr:/usr/bin/ceph:
2024-02-11T16:59:42.988+0000 7f974e59c700 1 --2- >> [v2:172.21.15.37:3300/0,v1:172.21.15.37:6789/0] conn(0x7f9750072490 0x7f9750070a30 unknown :-1 s=BANNER_CONNECTING pgs=0 cs=0 l=0 rev1=0 rx=0 tx=0)._handle_peer_banner_payload supported=1 required=0
2024-02-11T16:59:42.997 INFO:teuthology.orchestra.run.smithi037.stderr:/usr/bin/ceph:
2024-02-11T16:59:42.988+0000 7f974e59c700 1 --2- >> [v2:172.21.15.37:3300/0,v1:172.21.15.37:6789/0] conn(0x7f9750072490 0x7f9750070a30 unknown :-1 s=HELLO_CONNECTING pgs=0 cs=0 l=0 rev1=1 rx=0 tx=0).handle_hello peer v2:172.21.15.37:3300/0 says I am v2:172.21.15.37:60746/0 (socket says 172.21.15.37:60746)
2024-02-11T16:59:42.997 INFO:teuthology.orchestra.run.smithi037.stderr:/usr/bin/ceph:
2024-02-11T16:59:42.988+0000 7f974e59c700 1 -- 172.21.15.37:0/3408840712 learned_addr learned my addr 172.21.15.37:0/3408840712 (peer_addr_for_me v2:172.21.15.37:0/0)
2024-02-11T16:59:42.997 INFO:teuthology.orchestra.run.smithi037.stderr:/usr/bin/ceph:
2024-02-11T16:59:42.989+0000 7f974e59c700 1 -- 172.21.15.37:0/3408840712 --> [v2:172.21.15.37:3300/0,v1:172.21.15.37:6789/0] -- mon_subscribe({config=0+,monmap=0+}) v3 -- 0x7f9750070f20 con 0x7f9750072490
2024-02-11T16:59:42.997 INFO:teuthology.orchestra.run.smithi037.stderr:/usr/bin/ceph:
2024-02-11T16:59:42.989+0000 7f974e59c700 1 --2- 172.21.15.37:0/3408840712 >> [v2:172.21.15.37:3300/0,v1:172.21.15.37:6789/0] conn(0x7f9750072490 0x7f9750070a30 secure :-1 s=READY pgs=49 cs=0 l=1 rev1=1 rx=0x7f974000b5f0 tx=0x7f9740006ee0).ready entity=mon.0 client_cookie=81a1f52a5947aca7 server_cookie=0 in_seq=0 out_seq=0
2024-02-11T16:59:42.997 INFO:teuthology.orchestra.run.smithi037.stderr:/usr/bin/ceph:
2024-02-11T16:59:42.989+0000 7f974d59a700 1 -- 172.21.15.37:0/3408840712 <== mon.0 v2:172.21.15.37:3300/0 1 ==== mon_map magic: 0 v1 ==== 229+0+0 (secure 0 0 0) 0x7f974000d600 con 0x7f9750072490
2024-02-11T16:59:42.997 INFO:teuthology.orchestra.run.smithi037.stderr:/usr/bin/ceph:
2024-02-11T16:59:42.989+0000 7f974d59a700 1 -- 172.21.15.37:0/3408840712 <== mon.0 v2:172.21.15.37:3300/0 2 ==== config(25 keys) v1 ==== 1010+0+0 (secure 0 0 0) 0x7f974000dbd0 con 0x7f9750072490
2024-02-11T16:59:42.997 INFO:teuthology.orchestra.run.smithi037.stderr:/usr/bin/ceph:
2024-02-11T16:59:42.989+0000 7f974d59a700 1 -- 172.21.15.37:0/3408840712 <== mon.0 v2:172.21.15.37:3300/0 3 ==== mon_map magic: 0 v1 ==== 229+0+0 (secure 0 0 0) 0x7f9740011c00 con 0x7f9750072490
2024-02-11T16:59:42.997 INFO:teuthology.orchestra.run.smithi037.stderr:/usr/bin/ceph:
2024-02-11T16:59:42.990+0000 7f9754964700 1 -- 172.21.15.37:0/3408840712 >> [v2:172.21.15.37:3300/0,v1:172.21.15.37:6789/0] conn(0x7f9750072490 msgr2=0x7f9750070a30 secure :-1 s=STATE_CONNECTION_ESTABLISHED l=1).mark_down
