2024-02-11T16:59:54.942+0000 7f622e7fc700 1 --2- 172.21.15.37:0/1780473382 >> [v2:172.21.15.37:6800/162023810,v1:172.21.15.37:6801/162023810] conn(0x7f621c02feb0 0x7f621c032370 unknown :-1 s=BANNER_CONNECTING pgs=0 cs=0 l=1 rev1=0 rx=0 tx=0)._handle_peer_banner_payload supported=1 required=0
2024-02-11T16:59:54.946 INFO:teuthology.orchestra.run.smithi037.stderr:/usr/bin/ceph:
2024-02-11T16:59:54.942+0000 7f622e7fc700 1 --2- 172.21.15.37:0/1780473382 >> [v2:172.21.15.37:6800/162023810,v1:172.21.15.37:6801/162023810] conn(0x7f621c02feb0 0x7f621c032370 secure :-1 s=READY pgs=10 cs=0 l=1 rev1=1 rx=0x7f62240096a0 tx=0x7f6224006b40).ready entity=mgr.14142 client_cookie=0 server_cookie=0 in_seq=0 out_seq=0
2024-02-11T16:59:54.947 INFO:teuthology.orchestra.run.smithi037.stderr:/usr/bin/ceph:
2024-02-11T16:59:54.946+0000 7f62177fe700 1 -- 172.21.15.37:0/1780473382 <== mon.0 v2:172.21.15.37:3300/0 6 ==== mon_command_ack([{"prefix": "get_command_descriptions"}]=0 v0) v1 ==== 72+0+152212 (secure 0 0 0) 0x7f6220022b40 con 0x7f6230070370
2024-02-11T16:59:55.108 INFO:teuthology.orchestra.run.smithi037.stderr:/usr/bin/ceph:
2024-02-11T16:59:55.106+0000 7f62354a0700 1 -- 172.21.15.37:0/1780473382 --> [v2:172.21.15.37:3300/0,v1:172.21.15.37:6789/0] -- mon_command([{prefix=config set, name=mgr/dashboard/ssl_server_port}] v 0) v1 -- 0x7f62300ffb00 con 0x7f6230070370
2024-02-11T16:59:55.110 INFO:teuthology.orchestra.run.smithi037.stderr:/usr/bin/ceph:
2024-02-11T16:59:55.109+0000 7f62177fe700 1 -- 172.21.15.37:0/1780473382 <== mon.0 v2:172.21.15.37:3300/0 7 ==== mon_command_ack([{prefix=config set, name=mgr/dashboard/ssl_server_port}]=0 v9)=0 v9) v1 ==== 130+0+0 (secure 0 0 0) 0x7f6220016070 con 0x7f6230070370
2024-02-11T16:59:55.113 INFO:teuthology.orchestra.run.smithi037.stderr:/usr/bin/ceph:
2024-02-11T16:59:55.111+0000 7f62354a0700 1 -- 172.21.15.37:0/1780473382 >> [v2:172.21.15.37:6800/162023810,v1:172.21.15.37:6801/162023810] conn(0x7f621c02feb0 msgr2=0x7f621c032370 secure :-1 s=STATE_CONNECTION_ESTABLISHED l=1).mark_down
2024-02-11T16:59:55.113 INFO:teuthology.orchestra.run.smithi037.stderr:/usr/bin/ceph:
2024-02-11T16:59:55.111+0000 7f62354a0700 1 --2- 172.21.15.37:0/1780473382 >> [v2:172.21.15.37:6800/162023810,v1:172.21.15.37:6801/162023810] conn(0x7f621c02feb0 0x7f621c032370 secure :-1 s=READY pgs=10 cs=0 l=1 rev1=1 rx=0x7f62240096a0 tx=0x7f6224006b40).stop
2024-02-11T16:59:55.113 INFO:teuthology.orchestra.run.smithi037.stderr:/usr/bin/ceph:
2024-02-11T16:59:55.111+0000 7f62354a0700 1 -- 172.21.15.37:0/1780473382 >> [v2:172.21.15.37:3300/0,v1:172.21.15.37:6789/0] conn(0x7f6230070370 msgr2=0x7f623010aa10 secure :-1 s=STATE_CONNECTION_ESTABLISHED l=1).mark_down
2024-02-11T16:59:55.113 INFO:teuthology.orchestra.run.smithi037.stderr:/usr/bin/ceph:
2024-02-11T16:59:55.111+0000 7f62354a0700 1 --2- 172.21.15.37:0/1780473382 >> [v2:172.21.15.37:3300/0,v1:172.21.15.37:6789/0] conn(0x7f6230070370 0x7f623010aa10 secure :-1 s=READY pgs=65 cs=0 l=1 rev1=1 rx=0x7f622000b1d0 tx=0x7f6220006ee0).stop
2024-02-11T16:59:55.113 INFO:teuthology.orchestra.run.smithi037.stderr:/usr/bin/ceph:
2024-02-11T16:59:55.111+0000 7f62354a0700 1 -- 172.21.15.37:0/1780473382 shutdown_connections
2024-02-11T16:59:55.113 INFO:teuthology.orchestra.run.smithi037.stderr:/usr/bin/ceph:
2024-02-11T16:59:55.111+0000 7f62354a0700 1 --2- 172.21.15.37:0/1780473382 >> [v2:172.21.15.37:6800/162023810,v1:172.21.15.37:6801/162023810] conn(0x7f621c02feb0 0x7f621c032370 unknown :-1 s=CLOSED pgs=10 cs=0 l=1 rev1=1 rx=0 tx=0).stop
2024-02-11T16:59:55.113 INFO:teuthology.orchestra.run.smithi037.stderr:/usr/bin/ceph:
2024-02-11T16:59:55.111+0000 7f62354a0700 1 --2- 172.21.15.37:0/1780473382 >> [v2:172.21.15.37:3300/0,v1:172.21.15.37:6789/0] conn(0x7f6230070370 0x7f623010aa10 unknown :-1 s=CLOSED pgs=65 cs=0 l=1 rev1=1 rx=0 tx=0).stop
2024-02-11T16:59:55.113 INFO:teuthology.orchestra.run.smithi037.stderr:/usr/bin/ceph:
2024-02-11T16:59:55.111+0000 7f62354a0700 1 -- 172.21.15.37:0/1780473382 >> 172.21.15.37:0/1780473382 conn(0x7f62300f63c0 msgr2=0x7f62300f7f40 unknown :-1 s=STATE_NONE l=0).mark_down
2024-02-11T16:59:55.113 INFO:teuthology.orchestra.run.smithi037.stderr:/usr/bin/ceph:
2024-02-11T16:59:55.111+0000 7f62354a0700 1 -- 172.21.15.37:0/1780473382 shutdown_connections
2024-02-11T16:59:55.114 INFO:teuthology.orchestra.run.smithi037.stderr:/usr/bin/ceph:
2024-02-11T16:59:55.111+0000 7f62354a0700 1 -- 172.21.15.37:0/1780473382 wait complete.
2024-02-11T16:59:56.433 INFO:journalctl@ceph.mon.smithi037.smithi037.stdout:Feb 11 16:59:56 smithi037 ceph-c65cd888-c8fe-11ee-95b9-87774f69a715-mon.smithi037[39355]: audit
2024-02-11T16:59:55.110209+0000 mon.smithi037 (mon.0) 83 : audit [INF] from='client.? 172.21.15.37:0/1780473382' entity='client.admin'
2024-02-11T16:59:56.433 INFO:journalctl@ceph.mon.smithi037.smithi037.stdout:Feb 11 16:59:56 smithi037 ceph-c65cd888-c8fe-11ee-95b9-87774f69a715-mon.smithi037[39355]: audit
2024-02-11T16:59:56.068980+0000 mon.smithi037 (mon.0) 84 : audit [INF] from='mgr.14142 172.21.15.37:0/3416274609' entity='mgr.smithi037.eofnaq'
2024-02-11T16:59:56.528 INFO:teuthology.orchestra.run.smithi037.stderr:Enabling the dashboard module...
2024-02-11T16:59:56.528 INFO:teuthology.orchestra.run.smithi037.stderr:Running command: /bin/podman run --rm --ipc=host --no-hosts --net=host --entrypoint /usr/bin/ceph --init -e CONTAINER_IMAGE=docker.io/ceph/ceph:v16.2.4 -e NODE_NAME=smithi037 -e CEPH_USE_RANDOM_NONCE=1 -v /var/log/ceph/c65cd888-c8fe-11ee-95b9-87774f69a715:/var/log/ceph:z -v /tmp/ceph-tmpjftqjcr4:/etc/ceph/ceph.client.admin.keyring:z -v /tmp/ceph-tmp4ata0hlm:/etc/ceph/ceph.conf:z docker.io/ceph/ceph:v16.2.4 mgr module enable dashboard
2024-02-11T16:59:57.022 INFO:teuthology.orchestra.run.smithi037.stderr:/usr/bin/ceph:
2024-02-11T16:59:57.019+0000 7fcf75b4b700 1 Processor -- start
2024-02-11T16:59:57.022 INFO:teuthology.orchestra.run.smithi037.stderr:/usr/bin/ceph:
2024-02-11T16:59:57.019+0000 7fcf75b4b700 1 -- start start
2024-02-11T16:59:57.022 INFO:teuthology.orchestra.run.smithi037.stderr:/usr/bin/ceph:
2024-02-11T16:59:57.019+0000 7fcf75b4b700 1 --2- >> [v2:172.21.15.37:3300/0,v1:172.21.15.37:6789/0] conn(0x7fcf700724d0 0x7fcf70070a70 unknown :-1 s=NONE pgs=0 cs=0 l=0 rev1=0 rx=0 tx=0).connect
2024-02-11T16:59:57.022 INFO:teuthology.orchestra.run.smithi037.stderr:/usr/bin/ceph:
2024-02-11T16:59:57.019+0000 7fcf75b4b700 1 -- --> [v2:172.21.15.37:3300/0,v1:172.21.15.37:6789/0] -- mon_getmap magic: 0 v1 -- 0x7fcf700728f0 con 0x7fcf700724d0
2024-02-11T16:59:57.022 INFO:teuthology.orchestra.run.smithi037.stderr:/usr/bin/ceph:
2024-02-11T16:59:57.019+0000 7fcf6f7fe700 1 --2- >> [v2:172.21.15.37:3300/0,v1:172.21.15.37:6789/0] conn(0x7fcf700724d0 0x7fcf70070a70 unknown :-1 s=BANNER_CONNECTING pgs=0 cs=0 l=0 rev1=0 rx=0 tx=0)._handle_peer_banner_payload supported=1 required=0
2024-02-11T16:59:57.022 INFO:teuthology.orchestra.run.smithi037.stderr:/usr/bin/ceph:
2024-02-11T16:59:57.019+0000 7fcf6f7fe700 1 --2- >> [v2:172.21.15.37:3300/0,v1:172.21.15.37:6789/0] conn(0x7fcf700724d0 0x7fcf70070a70 unknown :-1 s=HELLO_CONNECTING pgs=0 cs=0 l=0 rev1=1 rx=0 tx=0).handle_hello peer v2:172.21.15.37:3300/0 says I am v2:172.21.15.37:41294/0 (socket says 172.21.15.37:41294)
2024-02-11T16:59:57.022 INFO:teuthology.orchestra.run.smithi037.stderr:/usr/bin/ceph:
2024-02-11T16:59:57.019+0000 7fcf6f7fe700 1 -- 172.21.15.37:0/3822194679 learned_addr learned my addr 172.21.15.37:0/3822194679 (peer_addr_for_me v2:172.21.15.37:0/0)
2024-02-11T16:59:57.022 INFO:teuthology.orchestra.run.smithi037.stderr:/usr/bin/ceph:
2024-02-11T16:59:57.020+0000 7fcf6f7fe700 1 -- 172.21.15.37:0/3822194679 --> [v2:172.21.15.37:3300/0,v1:172.21.15.37:6789/0] -- mon_subscribe({config=0+,monmap=0+}) v3 -- 0x7fcf70070f60 con 0x7fcf700724d0
2024-02-11T16:59:57.022 INFO:teuthology.orchestra.run.smithi037.stderr:/usr/bin/ceph:
2024-02-11T16:59:57.020+0000 7fcf6f7fe700 1 --2- 172.21.15.37:0/3822194679 >> [v2:172.21.15.37:3300/0,v1:172.21.15.37:6789/0] conn(0x7fcf700724d0 0x7fcf70070a70 secure :-1 s=READY pgs=66 cs=0 l=1 rev1=1 rx=0x7fcf6000b5f0 tx=0x7fcf60006ee0).ready entity=mon.0 client_cookie=1de10e854d7ce364 server_cookie=0 in_seq=0 out_seq=0
2024-02-11T16:59:57.022 INFO:teuthology.orchestra.run.smithi037.stderr:/usr/bin/ceph:
2024-02-11T16:59:57.020+0000 7fcf6e7fc700 1 -- 172.21.15.37:0/3822194679 <== mon.0 v2:172.21.15.37:3300/0 1 ==== mon_map magic: 0 v1 ==== 229+0+0 (secure 0 0 0) 0x7fcf6000d600 con 0x7fcf700724d0
2024-02-11T16:59:57.023 INFO:teuthology.orchestra.run.smithi037.stderr:/usr/bin/ceph:
2024-02-11T16:59:57.020+0000 7fcf6e7fc700 1 -- 172.21.15.37:0/3822194679 <== mon.0 v2:172.21.15.37:3300/0 2 ==== config(25 keys) v1 ==== 1074+0+0 (secure 0 0 0) 0x7fcf6000dc10 con 0x7fcf700724d0
2024-02-11T16:59:57.023 INFO:teuthology.orchestra.run.smithi037.stderr:/usr/bin/ceph:
2024-02-11T16:59:57.020+0000 7fcf6e7fc700 1 -- 172.21.15.37:0/3822194679 <== mon.0 v2:172.21.15.37:3300/0 3 ==== mon_map magic: 0 v1 ==== 229+0+0 (secure 0 0 0) 0x7fcf60011cd0 con 0x7fcf700724d0
2024-02-11T16:59:57.023 INFO:teuthology.orchestra.run.smithi037.stderr:/usr/bin/ceph:
2024-02-11T16:59:57.021+0000 7fcf75b4b700 1 -- 172.21.15.37:0/3822194679 >> [v2:172.21.15.37:3300/0,v1:172.21.15.37:6789/0] conn(0x7fcf700724d0 msgr2=0x7fcf70070a70 secure :-1 s=STATE_CONNECTION_ESTABLISHED l=1).mark_down
2024-02-11T16:59:57.025 INFO:teuthology.orchestra.run.smithi037.stderr:/usr/bin/ceph:
2024-02-11T16:59:57.021+0000 7fcf75b4b700 1 --2- 172.21.15.37:0/3822194679 >> [v2:172.21.15.37:3300/0,v1:172.21.15.37:6789/0] conn(0x7fcf700724d0 0x7fcf70070a70 secure :-1 s=READY pgs=66 cs=0 l=1 rev1=1 rx=0x7fcf6000b5f0 tx=0x7fcf60006ee0).stop
2024-02-11T16:59:57.025 INFO:teuthology.orchestra.run.smithi037.stderr:/usr/bin/ceph:
2024-02-11T16:59:57.021+0000 7fcf75b4b700 1 -- 172.21.15.37:0/3822194679 shutdown_connections
2024-02-11T16:59:57.025 INFO:teuthology.orchestra.run.smithi037.stderr:/usr/bin/ceph:
2024-02-11T16:59:57.021+0000 7fcf75b4b700 1 --2- 172.21.15.37:0/3822194679 >> [v2:172.21.15.37:3300/0,v1:172.21.15.37:6789/0] conn(0x7fcf700724d0 0x7fcf70070a70 unknown :-1 s=CLOSED pgs=66 cs=0 l=1 rev1=1 rx=0 tx=0).stop
2024-02-11T16:59:57.025 INFO:teuthology.orchestra.run.smithi037.stderr:/usr/bin/ceph:
2024-02-11T16:59:57.021+0000 7fcf75b4b700 1 -- 172.21.15.37:0/3822194679 >> 172.21.15.37:0/3822194679 conn(0x7fcf700f74c0 msgr2=0x7fcf700f98e0 unknown :-1 s=STATE_NONE l=0).mark_down
2024-02-11T16:59:57.025 INFO:teuthology.orchestra.run.smithi037.stderr:/usr/bin/ceph:
2024-02-11T16:59:57.021+0000 7fcf75b4b700 1 -- 172.21.15.37:0/3822194679 shutdown_connections
2024-02-11T16:59:57.025 INFO:teuthology.orchestra.run.smithi037.stderr:/usr/bin/ceph:
2024-02-11T16:59:57.021+0000 7fcf75b4b700 1 -- 172.21.15.37:0/3822194679 wait complete.
2024-02-11T16:59:57.025 INFO:teuthology.orchestra.run.smithi037.stderr:/usr/bin/ceph:
2024-02-11T16:59:57.022+0000 7fcf75b4b700 1 Processor -- start
2024-02-11T16:59:57.025 INFO:teuthology.orchestra.run.smithi037.stderr:/usr/bin/ceph:
2024-02-11T16:59:57.022+0000 7fcf75b4b700 1 -- start start
2024-02-11T16:59:57.026 INFO:teuthology.orchestra.run.smithi037.stderr:/usr/bin/ceph:
2024-02-11T16:59:57.022+0000 7fcf75b4b700 1 --2- >> [v2:172.21.15.37:3300/0,v1:172.21.15.37:6789/0] conn(0x7fcf700724d0 0x7fcf7010cd20 unknown :-1 s=NONE pgs=0 cs=0 l=1 rev1=0 rx=0 tx=0).connect
2024-02-11T16:59:57.026 INFO:teuthology.orchestra.run.smithi037.stderr:/usr/bin/ceph:
2024-02-11T16:59:57.022+0000 7fcf75b4b700 1 -- --> [v2:172.21.15.37:3300/0,v1:172.21.15.37:6789/0] -- mon_getmap magic: 0 v1 -- 0x7fcf7010d210 con 0x7fcf700724d0
2024-02-11T16:59:57.026 INFO:teuthology.orchestra.run.smithi037.stderr:/usr/bin/ceph:
2024-02-11T16:59:57.023+0000 7fcf6f7fe700 1 --2- >> [v2:172.21.15.37:3300/0,v1:172.21.15.37:6789/0] conn(0x7fcf700724d0 0x7fcf7010cd20 unknown :-1 s=BANNER_CONNECTING pgs=0 cs=0 l=1 rev1=0 rx=0 tx=0)._handle_peer_banner_payload supported=1 required=0
2024-02-11T16:59:57.026 INFO:teuthology.orchestra.run.smithi037.stderr:/usr/bin/ceph:
2024-02-11T16:59:57.023+0000 7fcf6f7fe700 1 --2- >> [v2:172.21.15.37:3300/0,v1:172.21.15.37:6789/0] conn(0x7fcf700724d0 0x7fcf7010cd20 unknown :-1 s=HELLO_CONNECTING pgs=0 cs=0 l=1 rev1=1 rx=0 tx=0).handle_hello peer v2:172.21.15.37:3300/0 says I am v2:172.21.15.37:41304/0 (socket says 172.21.15.37:41304)
2024-02-11T16:59:57.026 INFO:teuthology.orchestra.run.smithi037.stderr:/usr/bin/ceph:
2024-02-11T16:59:57.023+0000 7fcf6f7fe700 1 -- 172.21.15.37:0/3497605218 learned_addr learned my addr 172.21.15.37:0/3497605218 (peer_addr_for_me v2:172.21.15.37:0/0)
2024-02-11T16:59:57.026 INFO:teuthology.orchestra.run.smithi037.stderr:/usr/bin/ceph:
2024-02-11T16:59:57.023+0000 7fcf6f7fe700 1 -- 172.21.15.37:0/3497605218 --> [v2:172.21.15.37:3300/0,v1:172.21.15.37:6789/0] -- mon_subscribe({config=0+,monmap=0+}) v3 -- 0x7fcf6000b200 con 0x7fcf700724d0
2024-02-11T16:59:57.026 INFO:teuthology.orchestra.run.smithi037.stderr:/usr/bin/ceph:
2024-02-11T16:59:57.023+0000 7fcf6f7fe700 1 --2- 172.21.15.37:0/3497605218 >> [v2:172.21.15.37:3300/0,v1:172.21.15.37:6789/0] conn(0x7fcf700724d0 0x7fcf7010cd20 secure :-1 s=READY pgs=67 cs=0 l=1 rev1=1 rx=0x7fcf6000b1d0 tx=0x7fcf60006ee0).ready entity=mon.0 client_cookie=0 server_cookie=0 in_seq=0 out_seq=0
2024-02-11T16:59:57.026 INFO:teuthology.orchestra.run.smithi037.stderr:/usr/bin/ceph:
2024-02-11T16:59:57.023+0000 7fcf57fff700 1 -- 172.21.15.37:0/3497605218 <== mon.0 v2:172.21.15.37:3300/0 1 ==== mon_map magic: 0 v1 ==== 229+0+0 (secure 0 0 0) 0x7fcf60011df0 con 0x7fcf700724d0
2024-02-11T16:59:57.026 INFO:teuthology.orchestra.run.smithi037.stderr:/usr/bin/ceph:
2024-02-11T16:59:57.023+0000 7fcf57fff700 1 -- 172.21.15.37:0/3497605218 <== mon.0 v2:172.21.15.37:3300/0 2 ==== config(25 keys) v1 ==== 1074+0+0 (secure 0 0 0) 0x7fcf6001b8c0 con 0x7fcf700724d0
2024-02-11T16:59:57.026 INFO:teuthology.orchestra.run.smithi037.stderr:/usr/bin/ceph:
2024-02-11T16:59:57.023+0000 7fcf57fff700 1 -- 172.21.15.37:0/3497605218 <== mon.0 v2:172.21.15.37:3300/0 3 ==== mon_map magic: 0 v1 ==== 229+0+0 (secure 0 0 0) 0x7fcf6001a830 con 0x7fcf700724d0
2024-02-11T16:59:57.026 INFO:teuthology.orchestra.run.smithi037.stderr:/usr/bin/ceph:
2024-02-11T16:59:57.023+0000 7fcf75b4b700 1 -- 172.21.15.37:0/3497605218 --> [v2:172.21.15.37:3300/0,v1:172.21.15.37:6789/0] -- mon_subscribe({mgrmap=0+}) v3 -- 0x7fcf7010d410 con 0x7fcf700724d0
2024-02-11T16:59:57.026 INFO:teuthology.orchestra.run.smithi037.stderr:/usr/bin/ceph:
2024-02-11T16:59:57.024+0000 7fcf75b4b700 1 -- 172.21.15.37:0/3497605218 --> [v2:172.21.15.37:3300/0,v1:172.21.15.37:6789/0] -- mon_subscribe({osdmap=0}) v3 -- 0x7fcf7010d820 con 0x7fcf700724d0
2024-02-11T16:59:57.027 INFO:teuthology.orchestra.run.smithi037.stderr:/usr/bin/ceph:
2024-02-11T16:59:57.024+0000 7fcf57fff700 1 -- 172.21.15.37:0/3497605218 <== mon.0 v2:172.21.15.37:3300/0 4 ==== mgrmap(e 12) v1 ==== 36195+0+0 (secure 0 0 0) 0x7fcf6000f070 con 0x7fcf700724d0
2024-02-11T16:59:57.027 INFO:teuthology.orchestra.run.smithi037.stderr:/usr/bin/ceph:
2024-02-11T16:59:57.024+0000 7fcf75b4b700 1 -- 172.21.15.37:0/3497605218 --> [v2:172.21.15.37:3300/0,v1:172.21.15.37:6789/0] -- mon_command({"prefix": "get_command_descriptions"} v 0) v1 -- 0x7fcf70045ad0 con 0x7fcf700724d0
2024-02-11T16:59:57.027 INFO:teuthology.orchestra.run.smithi037.stderr:/usr/bin/ceph:
2024-02-11T16:59:57.025+0000 7fcf57fff700 1 --2- 172.21.15.37:0/3497605218 >> [v2:172.21.15.37:6800/162023810,v1:172.21.15.37:6801/162023810] conn(0x7fcf5c02feb0 0x7fcf5c032370 unknown :-1 s=NONE pgs=0 cs=0 l=1 rev1=0 rx=0 tx=0).connect
2024-02-11T16:59:57.027 INFO:teuthology.orchestra.run.smithi037.stderr:/usr/bin/ceph:
2024-02-11T16:59:57.025+0000 7fcf57fff700 1 -- 172.21.15.37:0/3497605218 <== mon.0 v2:172.21.15.37:3300/0 5 ==== osd_map(3..3 src has 1..3) v4 ==== 1098+0+0 (secure 0 0 0) 0x7fcf60040ef0 con 0x7fcf700724d0
2024-02-11T16:59:57.027 INFO:teuthology.orchestra.run.smithi037.stderr:/usr/bin/ceph:
2024-02-11T16:59:57.025+0000 7fcf6effd700 1 --2- 172.21.15.37:0/3497605218 >> [v2:172.21.15.37:6800/162023810,v1:172.21.15.37:6801/162023810] conn(0x7fcf5c02feb0 0x7fcf5c032370 unknown :-1 s=BANNER_CONNECTING pgs=0 cs=0 l=1 rev1=0 rx=0 tx=0)._handle_peer_banner_payload supported=1 required=0
2024-02-11T16:59:57.028 INFO:teuthology.orchestra.run.smithi037.stderr:/usr/bin/ceph:
2024-02-11T16:59:57.025+0000 7fcf6effd700 1 --2- 172.21.15.37:0/3497605218 >> [v2:172.21.15.37:6800/162023810,v1:172.21.15.37:6801/162023810] conn(0x7fcf5c02feb0 0x7fcf5c032370 secure :-1 s=READY pgs=11 cs=0 l=1 rev1=1 rx=0x7fcf640096a0 tx=0x7fcf64006b40).ready entity=mgr.14142 client_cookie=0 server_cookie=0 in_seq=0 out_seq=0
2024-02-11T16:59:57.030 INFO:teuthology.orchestra.run.smithi037.stderr:/usr/bin/ceph:
2024-02-11T16:59:57.029+0000 7fcf57fff700 1 -- 172.21.15.37:0/3497605218 <== mon.0 v2:172.21.15.37:3300/0 6 ==== mon_command_ack([{"prefix": "get_command_descriptions"}]=0 v0) v1 ==== 72+0+152212 (secure 0 0 0) 0x7fcf60010950 con 0x7fcf700724d0
2024-02-11T16:59:57.239 INFO:teuthology.orchestra.run.smithi037.stderr:/usr/bin/ceph:
2024-02-11T16:59:57.238+0000 7fcf75b4b700 1 -- 172.21.15.37:0/3497605218 --> [v2:172.21.15.37:3300/0,v1:172.21.15.37:6789/0] -- mon_command({"prefix": "mgr module enable", "module": "dashboard"} v 0) v1 -- 0x7fcf70101e70 con 0x7fcf700724d0
2024-02-11T16:59:57.842 INFO:teuthology.orchestra.run.smithi037.stderr:/usr/bin/ceph:
2024-02-11T16:59:57.840+0000 7fcf57fff700 1 -- 172.21.15.37:0/3497605218 <== mon.0 v2:172.21.15.37:3300/0 7 ==== mgrmap(e 13) v1 ==== 36208+0+0 (secure 0 0 0) 0x7fcf60024790 con 0x7fcf700724d0
2024-02-11T16:59:57.843 INFO:teuthology.orchestra.run.smithi037.stderr:/usr/bin/ceph:
2024-02-11T16:59:57.841+0000 7fcf57fff700 1 -- 172.21.15.37:0/3497605218 <== mon.0 v2:172.21.15.37:3300/0 8 ==== mon_command_ack([{"prefix": "mgr module enable", "module": "dashboard"}]=0 v13) v1 ==== 88+0+0 (secure 0 0 0) 0x7fcf60005990 con 0x7fcf700724d0
2024-02-11T16:59:57.846 INFO:teuthology.orchestra.run.smithi037.stderr:/usr/bin/ceph:
2024-02-11T16:59:57.844+0000 7fcf75b4b700 1 -- 172.21.15.37:0/3497605218 >> [v2:172.21.15.37:6800/162023810,v1:172.21.15.37:6801/162023810] conn(0x7fcf5c02feb0 msgr2=0x7fcf5c032370 secure :-1 s=STATE_CONNECTION_ESTABLISHED l=1).mark_down
2024-02-11T16:59:57.846 INFO:teuthology.orchestra.run.smithi037.stderr:/usr/bin/ceph:
2024-02-11T16:59:57.844+0000 7fcf75b4b700 1 --2- 172.21.15.37:0/3497605218 >> [v2:172.21.15.37:6800/162023810,v1:172.21.15.37:6801/162023810] conn(0x7fcf5c02feb0 0x7fcf5c032370 secure :-1 s=READY pgs=11 cs=0 l=1 rev1=1 rx=0x7fcf640096a0 tx=0x7fcf64006b40).stop
2024-02-11T16:59:57.846 INFO:teuthology.orchestra.run.smithi037.stderr:/usr/bin/ceph:
2024-02-11T16:59:57.844+0000 7fcf75b4b700 1 -- 172.21.15.37:0/3497605218 >> [v2:172.21.15.37:3300/0,v1:172.21.15.37:6789/0] conn(0x7fcf700724d0 msgr2=0x7fcf7010cd20 secure :-1 s=STATE_CONNECTION_ESTABLISHED l=1).mark_down
2024-02-11T16:59:57.846 INFO:teuthology.orchestra.run.smithi037.stderr:/usr/bin/ceph:
2024-02-11T16:59:57.844+0000 7fcf75b4b700 1 --2- 172.21.15.37:0/3497605218 >> [v2:172.21.15.37:3300/0,v1:172.21.15.37:6789/0] conn(0x7fcf700724d0 0x7fcf7010cd20 secure :-1 s=READY pgs=67 cs=0 l=1 rev1=1 rx=0x7fcf6000b1d0 tx=0x7fcf60006ee0).stop
2024-02-11T16:59:57.846 INFO:teuthology.orchestra.run.smithi037.stderr:/usr/bin/ceph:
2024-02-11T16:59:57.844+0000 7fcf75b4b700 1 -- 172.21.15.37:0/3497605218 shutdown_connections
2024-02-11T16:59:57.846 INFO:teuthology.orchestra.run.smithi037.stderr:/usr/bin/ceph:
2024-02-11T16:59:57.844+0000 7fcf75b4b700 1 --2- 172.21.15.37:0/3497605218 >> [v2:172.21.15.37:6800/162023810,v1:172.21.15.37:6801/162023810] conn(0x7fcf5c02feb0 0x7fcf5c032370 unknown :-1 s=CLOSED pgs=11 cs=0 l=1 rev1=1 rx=0 tx=0).stop
2024-02-11T16:59:57.846 INFO:teuthology.orchestra.run.smithi037.stderr:/usr/bin/ceph:
2024-02-11T16:59:57.844+0000 7fcf75b4b700 1 --2- 172.21.15.37:0/3497605218 >> [v2:172.21.15.37:3300/0,v1:172.21.15.37:6789/0] conn(0x7fcf700724d0 0x7fcf7010cd20 unknown :-1 s=CLOSED pgs=67 cs=0 l=1 rev1=1 rx=0 tx=0).stop
2024-02-11T16:59:57.846 INFO:teuthology.orchestra.run.smithi037.stderr:/usr/bin/ceph:
2024-02-11T16:59:57.844+0000 7fcf75b4b700 1 -- 172.21.15.37:0/3497605218 >> 172.21.15.37:0/3497605218 conn(0x7fcf700f74c0 msgr2=0x7fcf700f8f50 unknown :-1 s=STATE_NONE l=0).mark_down
2024-02-11T16:59:57.846 INFO:teuthology.orchestra.run.smithi037.stderr:/usr/bin/ceph:
2024-02-11T16:59:57.844+0000 7fcf75b4b700 1 -- 172.21.15.37:0/3497605218 shutdown_connections
2024-02-11T16:59:57.846 INFO:teuthology.orchestra.run.smithi037.stderr:/usr/bin/ceph:
2024-02-11T16:59:57.844+0000 7fcf75b4b700 1 -- 172.21.15.37:0/3497605218 wait complete.
2024-02-11T16:59:58.183 INFO:journalctl@ceph.mon.smithi037.smithi037.stdout:Feb 11 16:59:57 smithi037 ceph-c65cd888-c8fe-11ee-95b9-87774f69a715-mon.smithi037[39355]: audit
2024-02-11T16:59:56.835614+0000 mon.smithi037 (mon.0) 85 : audit [INF] from='mgr.14142 172.21.15.37:0/3416274609' entity='mgr.smithi037.eofnaq'
2024-02-11T16:59:58.183 INFO:journalctl@ceph.mon.smithi037.smithi037.stdout:Feb 11 16:59:57 smithi037 ceph-c65cd888-c8fe-11ee-95b9-87774f69a715-mon.smithi037[39355]: audit
2024-02-11T16:59:57.239304+0000 mon.smithi037 (mon.0) 86 : audit [INF] from='client.? 172.21.15.37:0/3497605218' entity='client.admin' cmd=[{"prefix": "mgr module enable", "module": "dashboard"}]: dispatch
2024-02-11T16:59:58.599 INFO:teuthology.orchestra.run.smithi037.stderr:Running command: /bin/podman run --rm --ipc=host --no-hosts --net=host --entrypoint /usr/bin/ceph --init -e CONTAINER_IMAGE=docker.io/ceph/ceph:v16.2.4 -e NODE_NAME=smithi037 -e CEPH_USE_RANDOM_NONCE=1 -v /var/log/ceph/c65cd888-c8fe-11ee-95b9-87774f69a715:/var/log/ceph:z -v /tmp/ceph-tmpjftqjcr4:/etc/ceph/ceph.client.admin.keyring:z -v /tmp/ceph-tmp4ata0hlm:/etc/ceph/ceph.conf:z docker.io/ceph/ceph:v16.2.4 mgr stat
2024-02-11T16:59:58.896 INFO:journalctl@ceph.mon.smithi037.smithi037.stdout:Feb 11 16:59:58 smithi037 ceph-c65cd888-c8fe-11ee-95b9-87774f69a715-mon.smithi037[39355]: audit
2024-02-11T16:59:57.842260+0000 mon.smithi037 (mon.0) 87 : audit [INF] from='client.? 172.21.15.37:0/3497605218' entity='client.admin' cmd='[{"prefix": "mgr module enable", "module": "dashboard"}]': finished
2024-02-11T16:59:58.896 INFO:journalctl@ceph.mon.smithi037.smithi037.stdout:Feb 11 16:59:58 smithi037 ceph-c65cd888-c8fe-11ee-95b9-87774f69a715-mon.smithi037[39355]: cluster
2024-02-11T16:59:57.842312+0000 mon.smithi037 (mon.0) 88 : cluster [DBG] mgrmap e13: smithi037.eofnaq(active, since 10s)
2024-02-11T16:59:58.896 INFO:journalctl@ceph.mon.smithi037.smithi037.stdout:Feb 11 16:59:58 smithi037 ceph-c65cd888-c8fe-11ee-95b9-87774f69a715-mon.smithi037[39355]: audit
2024-02-11T16:59:57.844763+0000 mon.smithi037 (mon.0) 89 : audit [INF] from='mgr.14142 172.21.15.37:0/3416274609' entity='mgr.smithi037.eofnaq'
2024-02-11T16:59:59.245 INFO:teuthology.orchestra.run.smithi037.stderr:/usr/bin/ceph:
2024-02-11T16:59:59.240+0000 7fbf52886700 1 Processor -- start
2024-02-11T16:59:59.245 INFO:teuthology.orchestra.run.smithi037.stderr:/usr/bin/ceph:
2024-02-11T16:59:59.240+0000 7fbf52886700 1 -- start start
2024-02-11T16:59:59.245 INFO:teuthology.orchestra.run.smithi037.stderr:/usr/bin/ceph:
2024-02-11T16:59:59.240+0000 7fbf52886700 1 --2- >> [v2:172.21.15.37:3300/0,v1:172.21.15.37:6789/0] conn(0x7fbf4c0fbcb0 0x7fbf4c0fc0d0 unknown :-1 s=NONE pgs=0 cs=0 l=0 rev1=0 rx=0 tx=0).connect
2024-02-11T16:59:59.245 INFO:teuthology.orchestra.run.smithi037.stderr:/usr/bin/ceph:
2024-02-11T16:59:59.240+0000 7fbf52886700 1 -- --> [v2:172.21.15.37:3300/0,v1:172.21.15.37:6789/0] -- mon_getmap magic: 0 v1 -- 0x7fbf4c0fc5c0 con 0x7fbf4c0fbcb0
2024-02-11T16:59:59.246 INFO:teuthology.orchestra.run.smithi037.stderr:/usr/bin/ceph:
2024-02-11T16:59:59.240+0000 7fbf4bfff700 1 --2- >> [v2:172.21.15.37:3300/0,v1:172.21.15.37:6789/0] conn(0x7fbf4c0fbcb0 0x7fbf4c0fc0d0 unknown :-1 s=BANNER_CONNECTING pgs=0 cs=0 l=0 rev1=0 rx=0 tx=0)._handle_peer_banner_payload supported=1 required=0
2024-02-11T16:59:59.246 INFO:teuthology.orchestra.run.smithi037.stderr:/usr/bin/ceph:
2024-02-11T16:59:59.241+0000 7fbf4bfff700 1 --2- >> [v2:172.21.15.37:3300/0,v1:172.21.15.37:6789/0] conn(0x7fbf4c0fbcb0 0x7fbf4c0fc0d0 unknown :-1 s=HELLO_CONNECTING pgs=0 cs=0 l=0 rev1=1 rx=0 tx=0).handle_hello peer v2:172.21.15.37:3300/0 says I am v2:172.21.15.37:51512/0 (socket says 172.21.15.37:51512)
2024-02-11T16:59:59.246 INFO:teuthology.orchestra.run.smithi037.stderr:/usr/bin/ceph:
2024-02-11T16:59:59.241+0000 7fbf4bfff700 1 -- 172.21.15.37:0/3160248076 learned_addr learned my addr 172.21.15.37:0/3160248076 (peer_addr_for_me v2:172.21.15.37:0/0)
2024-02-11T16:59:59.246 INFO:teuthology.orchestra.run.smithi037.stderr:/usr/bin/ceph:
2024-02-11T16:59:59.241+0000 7fbf4bfff700 1 -- 172.21.15.37:0/3160248076 --> [v2:172.21.15.37:3300/0,v1:172.21.15.37:6789/0] -- mon_subscribe({config=0+,monmap=0+}) v3 -- 0x7fbf4c0fc700 con 0x7fbf4c0fbcb0
2024-02-11T16:59:59.246 INFO:teuthology.orchestra.run.smithi037.stderr:/usr/bin/ceph:
2024-02-11T16:59:59.241+0000 7fbf4bfff700 1 --2- 172.21.15.37:0/3160248076 >> [v2:172.21.15.37:3300/0,v1:172.21.15.37:6789/0] conn(0x7fbf4c0fbcb0 0x7fbf4c0fc0d0 secure :-1 s=READY pgs=70 cs=0 l=1 rev1=1 rx=0x7fbf3c00b5f0 tx=0x7fbf3c006ee0).ready entity=mon.0 client_cookie=5d0151090edaaf3f server_cookie=0 in_seq=0 out_seq=0
2024-02-11T16:59:59.246 INFO:teuthology.orchestra.run.smithi037.stderr:/usr/bin/ceph:
2024-02-11T16:59:59.241+0000 7fbf4affd700 1 -- 172.21.15.37:0/3160248076 <== mon.0 v2:172.21.15.37:3300/0 1 ==== mon_map magic: 0 v1 ==== 229+0+0 (secure 0 0 0) 0x7fbf3c00d600 con 0x7fbf4c0fbcb0
2024-02-11T16:59:59.246 INFO:teuthology.orchestra.run.smithi037.stderr:/usr/bin/ceph:
2024-02-11T16:59:59.241+0000 7fbf4affd700 1 -- 172.21.15.37:0/3160248076 <== mon.0 v2:172.21.15.37:3300/0 2 ==== config(25 keys) v1 ==== 1074+0+0 (secure 0 0 0) 0x7fbf3c00dc10 con 0x7fbf4c0fbcb0
2024-02-11T16:59:59.246 INFO:teuthology.orchestra.run.smithi037.stderr:/usr/bin/ceph:
2024-02-11T16:59:59.241+0000 7fbf4affd700 1 -- 172.21.15.37:0/3160248076 <== mon.0 v2:172.21.15.37:3300/0 3 ==== mon_map magic: 0 v1 ==== 229+0+0 (secure 0 0 0) 0x7fbf3c011cd0 con 0x7fbf4c0fbcb0
2024-02-11T16:59:59.246 INFO:teuthology.orchestra.run.smithi037.stderr:/usr/bin/ceph:
2024-02-11T16:59:59.242+0000 7fbf52886700 1 -- 172.21.15.37:0/3160248076 >> [v2:172.21.15.37:3300/0,v1:172.21.15.37:6789/0] conn(0x7fbf4c0fbcb0 msgr2=0x7fbf4c0fc0d0 secure :-1 s=STATE_CONNECTION_ESTABLISHED l=1).mark_down
2024-02-11T16:59:59.246 INFO:teuthology.orchestra.run.smithi037.stderr:/usr/bin/ceph:
2024-02-11T16:59:59.242+0000 7fbf52886700 1 --2- 172.21.15.37:0/3160248076 >> [v2:172.21.15.37:3300/0,v1:172.21.15.37:6789/0] conn(0x7fbf4c0fbcb0 0x7fbf4c0fc0d0 secure :-1 s=READY pgs=70 cs=0 l=1 rev1=1 rx=0x7fbf3c00b5f0 tx=0x7fbf3c006ee0).stop
2024-02-11T16:59:59.246 INFO:teuthology.orchestra.run.smithi037.stderr:/usr/bin/ceph:
2024-02-11T16:59:59.242+0000 7fbf52886700 1 -- 172.21.15.37:0/3160248076 shutdown_connections
2024-02-11T16:59:59.247 INFO:teuthology.orchestra.run.smithi037.stderr:/usr/bin/ceph:
2024-02-11T16:59:59.242+0000 7fbf52886700 1 --2- 172.21.15.37:0/3160248076 >> [v2:172.21.15.37:3300/0,v1:172.21.15.37:6789/0] conn(0x7fbf4c0fbcb0 0x7fbf4c0fc0d0 unknown :-1 s=CLOSED pgs=70 cs=0 l=1 rev1=1 rx=0 tx=0).stop
2024-02-11T16:59:59.247 INFO:teuthology.orchestra.run.smithi037.stderr:/usr/bin/ceph:
2024-02-11T16:59:59.242+0000 7fbf52886700 1 -- 172.21.15.37:0/3160248076 >> 172.21.15.37:0/3160248076 conn(0x7fbf4c0f74b0 msgr2=0x7fbf4c0f98d0 unknown :-1 s=STATE_NONE l=0).mark_down
2024-02-11T16:59:59.247 INFO:teuthology.orchestra.run.smithi037.stderr:/usr/bin/ceph:
2024-02-11T16:59:59.242+0000 7fbf52886700 1 -- 172.21.15.37:0/3160248076 shutdown_connections
2024-02-11T16:59:59.247 INFO:teuthology.orchestra.run.smithi037.stderr:/usr/bin/ceph:
2024-02-11T16:59:59.242+0000 7fbf52886700 1 -- 172.21.15.37:0/3160248076 wait complete.
2024-02-11T16:59:59.247 INFO:teuthology.orchestra.run.smithi037.stderr:/usr/bin/ceph:
2024-02-11T16:59:59.242+0000 7fbf52886700 1 Processor -- start
2024-02-11T16:59:59.247 INFO:teuthology.orchestra.run.smithi037.stderr:/usr/bin/ceph:
2024-02-11T16:59:59.243+0000 7fbf52886700 1 -- start start
2024-02-11T16:59:59.247 INFO:teuthology.orchestra.run.smithi037.stderr:/usr/bin/ceph:
2024-02-11T16:59:59.243+0000 7fbf52886700 1 --2- >> [v2:172.21.15.37:3300/0,v1:172.21.15.37:6789/0] conn(0x7fbf4c0fbcb0 0x7fbf4c0725e0 unknown :-1 s=NONE pgs=0 cs=0 l=1 rev1=0 rx=0 tx=0).connect
2024-02-11T16:59:59.248 INFO:teuthology.orchestra.run.smithi037.stderr:/usr/bin/ceph:
2024-02-11T16:59:59.243+0000 7fbf52886700 1 -- --> [v2:172.21.15.37:3300/0,v1:172.21.15.37:6789/0] -- mon_getmap magic: 0 v1 -- 0x7fbf4c070a60 con 0x7fbf4c0fbcb0
2024-02-11T16:59:59.248 INFO:teuthology.orchestra.run.smithi037.stderr:/usr/bin/ceph:
2024-02-11T16:59:59.243+0000 7fbf4bfff700 1 --2- >> [v2:172.21.15.37:3300/0,v1:172.21.15.37:6789/0] conn(0x7fbf4c0fbcb0 0x7fbf4c0725e0 unknown :-1 s=BANNER_CONNECTING pgs=0 cs=0 l=1 rev1=0 rx=0 tx=0)._handle_peer_banner_payload supported=1 required=0
2024-02-11T16:59:59.249 INFO:teuthology.orchestra.run.smithi037.stderr:/usr/bin/ceph:
2024-02-11T16:59:59.243+0000 7fbf4bfff700 1 --2- >> [v2:172.21.15.37:3300/0,v1:172.21.15.37:6789/0] conn(0x7fbf4c0fbcb0 0x7fbf4c0725e0 unknown :-1 s=HELLO_CONNECTING pgs=0 cs=0 l=1 rev1=1 rx=0 tx=0).handle_hello peer v2:172.21.15.37:3300/0 says I am v2:172.21.15.37:51524/0 (socket says 172.21.15.37:51524)
2024-02-11T16:59:59.249 INFO:teuthology.orchestra.run.smithi037.stderr:/usr/bin/ceph:
2024-02-11T16:59:59.243+0000 7fbf4bfff700 1 -- 172.21.15.37:0/1272445692 learned_addr learned my addr 172.21.15.37:0/1272445692 (peer_addr_for_me v2:172.21.15.37:0/0)
2024-02-11T16:59:59.249 INFO:teuthology.orchestra.run.smithi037.stderr:/usr/bin/ceph:
2024-02-11T16:59:59.243+0000 7fbf4bfff700 1 -- 172.21.15.37:0/1272445692 --> [v2:172.21.15.37:3300/0,v1:172.21.15.37:6789/0] -- mon_subscribe({config=0+,monmap=0+}) v3 -- 0x7fbf3c00b200 con 0x7fbf4c0fbcb0
2024-02-11T16:59:59.249 INFO:teuthology.orchestra.run.smithi037.stderr:/usr/bin/ceph:
2024-02-11T16:59:59.243+0000 7fbf4bfff700 1 --2- 172.21.15.37:0/1272445692 >> [v2:172.21.15.37:3300/0,v1:172.21.15.37:6789/0] conn(0x7fbf4c0fbcb0 0x7fbf4c0725e0 secure :-1 s=READY pgs=71 cs=0 l=1 rev1=1 rx=0x7fbf3c00dfb0 tx=0x7fbf3c006ee0).ready entity=mon.0 client_cookie=0 server_cookie=0 in_seq=0 out_seq=0
2024-02-11T16:59:59.249 INFO:teuthology.orchestra.run.smithi037.stderr:/usr/bin/ceph:
2024-02-11T16:59:59.244+0000 7fbf48ff9700 1 -- 172.21.15.37:0/1272445692 <== mon.0 v2:172.21.15.37:3300/0 1 ==== mon_map magic: 0 v1 ==== 229+0+0 (secure 0 0 0) 0x7fbf3c011df0 con 0x7fbf4c0fbcb0
2024-02-11T16:59:59.249 INFO:teuthology.orchestra.run.smithi037.stderr:/usr/bin/ceph:
2024-02-11T16:59:59.244+0000 7fbf48ff9700 1 -- 172.21.15.37:0/1272445692 <== mon.0 v2:172.21.15.37:3300/0 2 ==== config(25 keys) v1 ==== 1074+0+0 (secure 0 0 0) 0x7fbf3c01b8c0 con 0x7fbf4c0fbcb0
2024-02-11T16:59:59.249 INFO:teuthology.orchestra.run.smithi037.stderr:/usr/bin/ceph:
2024-02-11T16:59:59.244+0000 7fbf52886700 1 -- 172.21.15.37:0/1272445692 --> [v2:172.21.15.37:3300/0,v1:172.21.15.37:6789/0] -- mon_subscribe({mgrmap=0+}) v3 -- 0x7fbf4c070c00 con 0x7fbf4c0fbcb0
2024-02-11T16:59:59.249 INFO:teuthology.orchestra.run.smithi037.stderr:/usr/bin/ceph:
2024-02-11T16:59:59.244+0000 7fbf48ff9700 1 -- 172.21.15.37:0/1272445692 <== mon.0 v2:172.21.15.37:3300/0 3 ==== mon_map magic: 0 v1 ==== 229+0+0 (secure 0 0 0) 0x7fbf3c01a8c0 con 0x7fbf4c0fbcb0
2024-02-11T16:59:59.249 INFO:teuthology.orchestra.run.smithi037.stderr:/usr/bin/ceph:
2024-02-11T16:59:59.244+0000 7fbf52886700 1 -- 172.21.15.37:0/1272445692 --> [v2:172.21.15.37:3300/0,v1:172.21.15.37:6789/0] -- mon_subscribe({osdmap=0}) v3 -- 0x7fbf4c071010 con 0x7fbf4c0fbcb0
2024-02-11T16:59:59.249 INFO:teuthology.orchestra.run.smithi037.stderr:/usr/bin/ceph:
2024-02-11T16:59:59.245+0000 7fbf48ff9700 1 -- 172.21.15.37:0/1272445692 <== mon.0 v2:172.21.15.37:3300/0 4 ==== mgrmap(e 13) v1 ==== 36208+0+0 (secure 0 0 0) 0x7fbf3c00f070 con 0x7fbf4c0fbcb0
2024-02-11T16:59:59.250 INFO:teuthology.orchestra.run.smithi037.stderr:/usr/bin/ceph:
2024-02-11T16:59:59.245+0000 7fbf52886700 1 -- 172.21.15.37:0/1272445692 --> [v2:172.21.15.37:3300/0,v1:172.21.15.37:6789/0] -- mon_command({"prefix": "get_command_descriptions"} v 0) v1 -- 0x7fbf4c045ad0 con 0x7fbf4c0fbcb0
2024-02-11T16:59:59.250 INFO:teuthology.orchestra.run.smithi037.stderr:/usr/bin/ceph:
2024-02-11T16:59:59.245+0000 7fbf48ff9700 1 --2- 172.21.15.37:0/1272445692 >> [v2:172.21.15.37:6800/162023810,v1:172.21.15.37:6801/162023810] conn(0x7fbf3802feb0 0x7fbf38032370 unknown :-1 s=NONE pgs=0 cs=0 l=1 rev1=0 rx=0 tx=0).connect
2024-02-11T16:59:59.250 INFO:teuthology.orchestra.run.smithi037.stderr:/usr/bin/ceph:
2024-02-11T16:59:59.245+0000 7fbf48ff9700 1 -- 172.21.15.37:0/1272445692 <== mon.0 v2:172.21.15.37:3300/0 5 ==== osd_map(3..3 src has 1..3) v4 ==== 1098+0+0 (secure 0 0 0) 0x7fbf3c0410c0 con 0x7fbf4c0fbcb0
2024-02-11T16:59:59.250 INFO:teuthology.orchestra.run.smithi037.stderr:/usr/bin/ceph:
2024-02-11T16:59:59.245+0000 7fbf4b7fe700 1 -- 172.21.15.37:0/1272445692 >> [v2:172.21.15.37:6800/162023810,v1:172.21.15.37:6801/162023810] conn(0x7fbf3802feb0 msgr2=0x7fbf38032370 unknown :-1 s=STATE_CONNECTING_RE l=1).process reconnect failed to v2:172.21.15.37:6800/162023810
2024-02-11T16:59:59.250 INFO:teuthology.orchestra.run.smithi037.stderr:/usr/bin/ceph:
2024-02-11T16:59:59.245+0000 7fbf4b7fe700 1 --2- 172.21.15.37:0/1272445692 >> [v2:172.21.15.37:6800/162023810,v1:172.21.15.37:6801/162023810] conn(0x7fbf3802feb0 0x7fbf38032370 unknown :-1 s=START_CONNECT pgs=0 cs=0 l=1 rev1=0 rx=0 tx=0)._fault waiting 0.200000
2024-02-11T16:59:59.250 INFO:teuthology.orchestra.run.smithi037.stderr:/usr/bin/ceph:
2024-02-11T16:59:59.249+0000 7fbf48ff9700 1 -- 172.21.15.37:0/1272445692 <== mon.0 v2:172.21.15.37:3300/0 6 ==== mon_command_ack([{"prefix": "get_command_descriptions"}]=0 v0) v1 ==== 72+0+152212 (secure 0 0 0) 0x7fbf3c010360 con 0x7fbf4c0fbcb0
2024-02-11T16:59:59.447 INFO:teuthology.orchestra.run.smithi037.stderr:/usr/bin/ceph:
2024-02-11T16:59:59.446+0000 7fbf4b7fe700 1 -- 172.21.15.37:0/1272445692 >> [v2:172.21.15.37:6800/162023810,v1:172.21.15.37:6801/162023810] conn(0x7fbf3802feb0 msgr2=0x7fbf38032370 unknown :-1 s=STATE_CONNECTING_RE l=1).process reconnect failed to v2:172.21.15.37:6800/162023810
2024-02-11T16:59:59.447 INFO:teuthology.orchestra.run.smithi037.stderr:/usr/bin/ceph:
2024-02-11T16:59:59.446+0000 7fbf4b7fe700 1 --2- 172.21.15.37:0/1272445692 >> [v2:172.21.15.37:6800/162023810,v1:172.21.15.37:6801/162023810] conn(0x7fbf3802feb0 0x7fbf38032370 unknown :-1 s=START_CONNECT pgs=0 cs=0 l=1 rev1=0 rx=0 tx=0)._fault waiting 0.400000
2024-02-11T16:59:59.478 INFO:teuthology.orchestra.run.smithi037.stderr:/usr/bin/ceph:
2024-02-11T16:59:59.476+0000 7fbf52886700 1 -- 172.21.15.37:0/1272445692 --> [v2:172.21.15.37:3300/0,v1:172.21.15.37:6789/0] -- mon_command({"prefix": "mgr stat"} v 0) v1 -- 0x7fbf4c110a70 con 0x7fbf4c0fbcb0
2024-02-11T16:59:59.478 INFO:teuthology.orchestra.run.smithi037.stderr:/usr/bin/ceph:
2024-02-11T16:59:59.476+0000 7fbf48ff9700 1 -- 172.21.15.37:0/1272445692 <== mon.0 v2:172.21.15.37:3300/0 7 ==== mon_command_ack([{"prefix": "mgr stat"}]=0 v13) v1 ==== 56+0+104 (secure 0 0 0) 0x7fbf3c016070 con 0x7fbf4c0fbcb0
2024-02-11T16:59:59.478 INFO:teuthology.orchestra.run.smithi037.stderr:/usr/bin/ceph: {
2024-02-11T16:59:59.478 INFO:teuthology.orchestra.run.smithi037.stderr:/usr/bin/ceph: "epoch": 13,
2024-02-11T16:59:59.478 INFO:teuthology.orchestra.run.smithi037.stderr:/usr/bin/ceph: "available": true,
2024-02-11T16:59:59.478 INFO:teuthology.orchestra.run.smithi037.stderr:/usr/bin/ceph: "active_name": "smithi037.eofnaq",
2024-02-11T16:59:59.478 INFO:teuthology.orchestra.run.smithi037.stderr:/usr/bin/ceph: "num_standby": 0
2024-02-11T16:59:59.478 INFO:teuthology.orchestra.run.smithi037.stderr:/usr/bin/ceph: }
2024-02-11T16:59:59.480 INFO:teuthology.orchestra.run.smithi037.stderr:/usr/bin/ceph:
2024-02-11T16:59:59.478+0000 7fbf52886700 1 -- 172.21.15.37:0/1272445692 >> [v2:172.21.15.37:6800/162023810,v1:172.21.15.37:6801/162023810] conn(0x7fbf3802feb0 msgr2=0x7fbf38032370 unknown :-1 s=STATE_CONNECTING l=1).mark_down
2024-02-11T16:59:59.480 INFO:teuthology.orchestra.run.smithi037.stderr:/usr/bin/ceph:
2024-02-11T16:59:59.478+0000 7fbf52886700 1 --2- 172.21.15.37:0/1272445692 >> [v2:172.21.15.37:6800/162023810,v1:172.21.15.37:6801/162023810] conn(0x7fbf3802feb0 0x7fbf38032370 unknown :-1 s=START_CONNECT pgs=0 cs=0 l=1 rev1=0 rx=0 tx=0).stop
2024-02-11T16:59:59.480 INFO:teuthology.orchestra.run.smithi037.stderr:/usr/bin/ceph:
2024-02-11T16:59:59.478+0000 7fbf52886700 1 -- 172.21.15.37:0/1272445692 >> [v2:172.21.15.37:3300/0,v1:172.21.15.37:6789/0] conn(0x7fbf4c0fbcb0 msgr2=0x7fbf4c0725e0 secure :-1 s=STATE_CONNECTION_ESTABLISHED l=1).mark_down
2024-02-11T16:59:59.480 INFO:teuthology.orchestra.run.smithi037.stderr:/usr/bin/ceph:
2024-02-11T16:59:59.478+0000 7fbf52886700 1 --2- 172.21.15.37:0/1272445692 >> [v2:172.21.15.37:3300/0,v1:172.21.15.37:6789/0] conn(0x7fbf4c0fbcb0 0x7fbf4c0725e0 secure :-1 s=READY pgs=71 cs=0 l=1 rev1=1 rx=0x7fbf3c00dfb0 tx=0x7fbf3c006ee0).stop
2024-02-11T16:59:59.481 INFO:teuthology.orchestra.run.smithi037.stderr:/usr/bin/ceph:
2024-02-11T16:59:59.478+0000 7fbf52886700 1 -- 172.21.15.37:0/1272445692 shutdown_connections
2024-02-11T16:59:59.481 INFO:teuthology.orchestra.run.smithi037.stderr:/usr/bin/ceph:
2024-02-11T16:59:59.478+0000 7fbf52886700 1 --2- 172.21.15.37:0/1272445692 >> [v2:172.21.15.37:6800/162023810,v1:172.21.15.37:6801/162023810] conn(0x7fbf3802feb0 0x7fbf38032370 unknown :-1 s=CLOSED pgs=0 cs=0 l=1 rev1=0 rx=0 tx=0).stop
2024-02-11T16:59:59.481 INFO:teuthology.orchestra.run.smithi037.stderr:/usr/bin/ceph:
2024-02-11T16:59:59.478+0000 7fbf52886700 1 --2- 172.21.15.37:0/1272445692 >> [v2:172.21.15.37:3300/0,v1:172.21.15.37:6789/0] conn(0x7fbf4c0fbcb0 0x7fbf4c0725e0 unknown :-1 s=CLOSED pgs=71 cs=0 l=1 rev1=1 rx=0 tx=0).stop
2024-02-11T16:59:59.481 INFO:teuthology.orchestra.run.smithi037.stderr:/usr/bin/ceph:
2024-02-11T16:59:59.478+0000 7fbf52886700 1 -- 172.21.15.37:0/1272445692 >> 172.21.15.37:0/1272445692 conn(0x7fbf4c0f74b0 msgr2=0x7fbf4c0f8f30 unknown :-1 s=STATE_NONE l=0).mark_down
2024-02-11T16:59:59.481 INFO:teuthology.orchestra.run.smithi037.stderr:/usr/bin/ceph:
2024-02-11T16:59:59.478+0000 7fbf52886700 1 -- 172.21.15.37:0/1272445692 shutdown_connections
2024-02-11T16:59:59.481 INFO:teuthology.orchestra.run.smithi037.stderr:/usr/bin/ceph:
2024-02-11T16:59:59.478+0000 7fbf52886700 1 -- 172.21.15.37:0/1272445692 wait complete.
2024-02-11T17:00:00.104 INFO:teuthology.orchestra.run.smithi037.stderr:Waiting for the mgr to restart...
2024-02-11T17:00:00.105 INFO:teuthology.orchestra.run.smithi037.stderr:Waiting for mgr epoch 13...
2024-02-11T17:00:00.105 INFO:teuthology.orchestra.run.smithi037.stderr:Running command: /bin/podman run --rm --ipc=host --no-hosts --net=host --entrypoint /usr/bin/ceph --init -e CONTAINER_IMAGE=docker.io/ceph/ceph:v16.2.4 -e NODE_NAME=smithi037 -e CEPH_USE_RANDOM_NONCE=1 -v /var/log/ceph/c65cd888-c8fe-11ee-95b9-87774f69a715:/var/log/ceph:z -v /tmp/ceph-tmpjftqjcr4:/etc/ceph/ceph.client.admin.keyring:z -v /tmp/ceph-tmp4ata0hlm:/etc/ceph/ceph.conf:z docker.io/ceph/ceph:v16.2.4 tell mgr mgr_status
2024-02-11T17:00:00.105 INFO:journalctl@ceph.mon.smithi037.smithi037.stdout:Feb 11 16:59:59 smithi037 ceph-c65cd888-c8fe-11ee-95b9-87774f69a715-mon.smithi037[39355]: audit
2024-02-11T16:59:59.476968+0000 mon.smithi037 (mon.0) 90 : audit [DBG] from='client.? 172.21.15.37:0/1272445692' entity='client.admin' cmd=[{"prefix": "mgr stat"}]: dispatch
2024-02-11T17:00:00.652 INFO:teuthology.orchestra.run.smithi037.stderr:/usr/bin/ceph:
2024-02-11T17:00:00.650+0000 7f3f5a1fb700 1 Processor -- start
2024-02-11T17:00:00.652 INFO:teuthology.orchestra.run.smithi037.stderr:/usr/bin/ceph:
2024-02-11T17:00:00.650+0000 7f3f5a1fb700 1 -- start start
2024-02-11T17:00:00.652 INFO:teuthology.orchestra.run.smithi037.stderr:/usr/bin/ceph:
2024-02-11T17:00:00.650+0000 7f3f5a1fb700 1 --2- >> [v2:172.21.15.37:3300/0,v1:172.21.15.37:6789/0] conn(0x7f3f540703d0 0x7f3f540fe940 unknown :-1 s=NONE pgs=0 cs=0 l=0 rev1=0 rx=0 tx=0).connect
2024-02-11T17:00:00.653 INFO:teuthology.orchestra.run.smithi037.stderr:/usr/bin/ceph:
2024-02-11T17:00:00.650+0000 7f3f5a1fb700 1 -- --> [v2:172.21.15.37:3300/0,v1:172.21.15.37:6789/0] -- mon_getmap magic: 0 v1 -- 0x7f3f540fee30 con 0x7f3f540703d0
2024-02-11T17:00:00.654 INFO:teuthology.orchestra.run.smithi037.stderr:/usr/bin/ceph:
2024-02-11T17:00:00.650+0000 7f3f537fe700 1 --2- >> [v2:172.21.15.37:3300/0,v1:172.21.15.37:6789/0] conn(0x7f3f540703d0 0x7f3f540fe940 unknown :-1 s=BANNER_CONNECTING pgs=0 cs=0 l=0 rev1=0 rx=0 tx=0)._handle_peer_banner_payload supported=1 required=0
2024-02-11T17:00:00.654 INFO:teuthology.orchestra.run.smithi037.stderr:/usr/bin/ceph:
2024-02-11T17:00:00.650+0000 7f3f537fe700 1 --2- >> [v2:172.21.15.37:3300/0,v1:172.21.15.37:6789/0] conn(0x7f3f540703d0 0x7f3f540fe940 unknown :-1 s=HELLO_CONNECTING pgs=0 cs=0 l=0 rev1=1 rx=0 tx=0).handle_hello peer v2:172.21.15.37:3300/0 says I am v2:172.21.15.37:51538/0 (socket says 172.21.15.37:51538)
2024-02-11T17:00:00.654 INFO:teuthology.orchestra.run.smithi037.stderr:/usr/bin/ceph:
2024-02-11T17:00:00.650+0000 7f3f537fe700 1 -- 172.21.15.37:0/3767968579 learned_addr learned my addr 172.21.15.37:0/3767968579 (peer_addr_for_me v2:172.21.15.37:0/0)
2024-02-11T17:00:00.654 INFO:teuthology.orchestra.run.smithi037.stderr:/usr/bin/ceph:
2024-02-11T17:00:00.651+0000 7f3f537fe700 1 -- 172.21.15.37:0/3767968579 --> [v2:172.21.15.37:3300/0,v1:172.21.15.37:6789/0] -- mon_subscribe({config=0+,monmap=0+}) v3 -- 0x7f3f540fef70 con 0x7f3f540703d0
2024-02-11T17:00:00.654 INFO:teuthology.orchestra.run.smithi037.stderr:/usr/bin/ceph:
2024-02-11T17:00:00.651+0000 7f3f537fe700 1 --2- 172.21.15.37:0/3767968579 >> [v2:172.21.15.37:3300/0,v1:172.21.15.37:6789/0] conn(0x7f3f540703d0 0x7f3f540fe940 secure :-1 s=READY pgs=72 cs=0 l=1 rev1=1 rx=0x7f3f4400b5f0 tx=0x7f3f44006ee0).ready entity=mon.0 client_cookie=ff9979e56bc415b server_cookie=0 in_seq=0 out_seq=0
2024-02-11T17:00:00.654 INFO:teuthology.orchestra.run.smithi037.stderr:/usr/bin/ceph:
2024-02-11T17:00:00.651+0000 7f3f527fc700 1 -- 172.21.15.37:0/3767968579 <== mon.0 v2:172.21.15.37:3300/0 1 ==== mon_map magic: 0 v1 ==== 229+0+0 (secure 0 0 0) 0x7f3f4400d600 con 0x7f3f540703d0
2024-02-11T17:00:00.654 INFO:teuthology.orchestra.run.smithi037.stderr:/usr/bin/ceph:
2024-02-11T17:00:00.651+0000 7f3f527fc700 1 -- 172.21.15.37:0/3767968579 <== mon.0 v2:172.21.15.37:3300/0 2 ==== config(25 keys) v1 ==== 1074+0+0 (secure 0 0 0) 0x7f3f4400dc10 con 0x7f3f540703d0
2024-02-11T17:00:00.654 INFO:teuthology.orchestra.run.smithi037.stderr:/usr/bin/ceph:
2024-02-11T17:00:00.651+0000 7f3f527fc700 1 -- 172.21.15.37:0/3767968579 <== mon.0 v2:172.21.15.37:3300/0 3 ==== mon_map magic: 0 v1 ==== 229+0+0 (secure 0 0 0) 0x7f3f44011cd0 con 0x7f3f540703d0
2024-02-11T17:00:00.656 INFO:teuthology.orchestra.run.smithi037.stderr:/usr/bin/ceph:
2024-02-11T17:00:00.652+0000 7f3f5a1fb700 1 -- 172.21.15.37:0/3767968579 >> [v2:172.21.15.37:3300/0,v1:172.21.15.37:6789/0] conn(0x7f3f540703d0 msgr2=0x7f3f540fe940 secure :-1 s=STATE_CONNECTION_ESTABLISHED l=1).mark_down
2024-02-11T17:00:00.656 INFO:teuthology.orchestra.run.smithi037.stderr:/usr/bin/ceph:
2024-02-11T17:00:00.652+0000 7f3f5a1fb700 1 --2- 172.21.15.37:0/3767968579 >> [v2:172.21.15.37:3300/0,v1:172.21.15.37:6789/0] conn(0x7f3f540703d0 0x7f3f540fe940 secure :-1 s=READY pgs=72 cs=0 l=1 rev1=1 rx=0x7f3f4400b5f0 tx=0x7f3f44006ee0).stop
2024-02-11T17:00:00.657 INFO:teuthology.orchestra.run.smithi037.stderr:/usr/bin/ceph:
2024-02-11T17:00:00.652+0000 7f3f5a1fb700 1 -- 172.21.15.37:0/3767968579 shutdown_connections
2024-02-11T17:00:00.657 INFO:teuthology.orchestra.run.smithi037.stderr:/usr/bin/ceph:
2024-02-11T17:00:00.652+0000 7f3f5a1fb700 1 --2- 172.21.15.37:0/3767968579 >> [v2:172.21.15.37:3300/0,v1:172.21.15.37:6789/0] conn(0x7f3f540703d0 0x7f3f540fe940 unknown :-1 s=CLOSED pgs=72 cs=0 l=1 rev1=1 rx=0 tx=0).stop
2024-02-11T17:00:00.657 INFO:teuthology.orchestra.run.smithi037.stderr:/usr/bin/ceph:
2024-02-11T17:00:00.652+0000 7f3f5a1fb700 1 -- 172.21.15.37:0/3767968579 >> 172.21.15.37:0/3767968579 conn(0x7f3f540f63c0 msgr2=0x7f3f540f87e0 unknown :-1 s=STATE_NONE l=0).mark_down
2024-02-11T17:00:00.657 INFO:teuthology.orchestra.run.smithi037.stderr:/usr/bin/ceph:
2024-02-11T17:00:00.652+0000 7f3f5a1fb700 1 -- 172.21.15.37:0/3767968579 shutdown_connections
2024-02-11T17:00:00.657 INFO:teuthology.orchestra.run.smithi037.stderr:/usr/bin/ceph:
2024-02-11T17:00:00.652+0000 7f3f5a1fb700 1 -- 172.21.15.37:0/3767968579 wait complete.
2024-02-11T17:00:00.657 INFO:teuthology.orchestra.run.smithi037.stderr:/usr/bin/ceph:
2024-02-11T17:00:00.652+0000 7f3f5a1fb700 1 Processor -- start
2024-02-11T17:00:00.657 INFO:teuthology.orchestra.run.smithi037.stderr:/usr/bin/ceph:
2024-02-11T17:00:00.653+0000 7f3f5a1fb700 1 -- start start
2024-02-11T17:00:00.657 INFO:teuthology.orchestra.run.smithi037.stderr:/usr/bin/ceph:
2024-02-11T17:00:00.653+0000 7f3f5a1fb700 1 --2- >> [v2:172.21.15.37:3300/0,v1:172.21.15.37:6789/0] conn(0x7f3f540703d0 0x7f3f5410aa40 unknown :-1 s=NONE pgs=0 cs=0 l=1 rev1=0 rx=0 tx=0).connect
2024-02-11T17:00:00.657 INFO:teuthology.orchestra.run.smithi037.stderr:/usr/bin/ceph:
2024-02-11T17:00:00.653+0000 7f3f5a1fb700 1 -- --> [v2:172.21.15.37:3300/0,v1:172.21.15.37:6789/0] -- mon_getmap magic: 0 v1 -- 0x7f3f5410af30 con 0x7f3f540703d0
2024-02-11T17:00:00.657 INFO:teuthology.orchestra.run.smithi037.stderr:/usr/bin/ceph:
2024-02-11T17:00:00.653+0000 7f3f537fe700 1 --2- >> [v2:172.21.15.37:3300/0,v1:172.21.15.37:6789/0] conn(0x7f3f540703d0 0x7f3f5410aa40 unknown :-1 s=BANNER_CONNECTING pgs=0 cs=0 l=1 rev1=0 rx=0 tx=0)._handle_peer_banner_payload supported=1 required=0
2024-02-11T17:00:00.657 INFO:teuthology.orchestra.run.smithi037.stderr:/usr/bin/ceph:
2024-02-11T17:00:00.653+0000 7f3f537fe700 1 --2- >> [v2:172.21.15.37:3300/0,v1:172.21.15.37:6789/0] conn(0x7f3f540703d0 0x7f3f5410aa40 unknown :-1 s=HELLO_CONNECTING pgs=0 cs=0 l=1 rev1=1 rx=0 tx=0).handle_hello peer v2:172.21.15.37:3300/0 says I am v2:172.21.15.37:51548/0 (socket says 172.21.15.37:51548)
2024-02-11T17:00:00.657 INFO:teuthology.orchestra.run.smithi037.stderr:/usr/bin/ceph:
2024-02-11T17:00:00.653+0000 7f3f537fe700 1 -- 172.21.15.37:0/2636141397 learned_addr learned my addr 172.21.15.37:0/2636141397 (peer_addr_for_me v2:172.21.15.37:0/0)
2024-02-11T17:00:00.657 INFO:teuthology.orchestra.run.smithi037.stderr:/usr/bin/ceph:
2024-02-11T17:00:00.653+0000 7f3f537fe700 1 -- 172.21.15.37:0/2636141397 --> [v2:172.21.15.37:3300/0,v1:172.21.15.37:6789/0] -- mon_subscribe({config=0+,monmap=0+}) v3 -- 0x7f3f4400b200 con 0x7f3f540703d0
2024-02-11T17:00:00.657 INFO:teuthology.orchestra.run.smithi037.stderr:/usr/bin/ceph:
2024-02-11T17:00:00.654+0000 7f3f537fe700 1 --2- 172.21.15.37:0/2636141397 >> [v2:172.21.15.37:3300/0,v1:172.21.15.37:6789/0] conn(0x7f3f540703d0 0x7f3f5410aa40 secure :-1 s=READY pgs=73 cs=0 l=1 rev1=1 rx=0x7f3f44006a40 tx=0x7f3f44006ee0).ready entity=mon.0 client_cookie=0 server_cookie=0 in_seq=0 out_seq=0
2024-02-11T17:00:00.658 INFO:teuthology.orchestra.run.smithi037.stderr:/usr/bin/ceph:
2024-02-11T17:00:00.654+0000 7f3f3bfff700 1 -- 172.21.15.37:0/2636141397 <== mon.0 v2:172.21.15.37:3300/0 1 ==== mon_map magic: 0 v1 ==== 229+0+0 (secure 0 0 0) 0x7f3f44011c90 con 0x7f3f540703d0
2024-02-11T17:00:00.658 INFO:teuthology.orchestra.run.smithi037.stderr:/usr/bin/ceph:
2024-02-11T17:00:00.654+0000 7f3f3bfff700 1 -- 172.21.15.37:0/2636141397 <== mon.0 v2:172.21.15.37:3300/0 2 ==== config(25 keys) v1 ==== 1074+0+0 (secure 0 0 0) 0x7f3f4401b8c0 con 0x7f3f540703d0
2024-02-11T17:00:00.658 INFO:teuthology.orchestra.run.smithi037.stderr:/usr/bin/ceph:
2024-02-11T17:00:00.654+0000 7f3f5a1fb700 1 -- 172.21.15.37:0/2636141397 --> [v2:172.21.15.37:3300/0,v1:172.21.15.37:6789/0] -- mon_subscribe({mgrmap=0+}) v3 -- 0x7f3f5410b130 con 0x7f3f540703d0
2024-02-11T17:00:00.658 INFO:teuthology.orchestra.run.smithi037.stderr:/usr/bin/ceph:
2024-02-11T17:00:00.654+0000 7f3f3bfff700 1 -- 172.21.15.37:0/2636141397 <== mon.0 v2:172.21.15.37:3300/0 3 ==== mon_map magic: 0 v1 ==== 229+0+0 (secure 0 0 0) 0x7f3f4401a8c0 con 0x7f3f540703d0
2024-02-11T17:00:00.659 INFO:teuthology.orchestra.run.smithi037.stderr:/usr/bin/ceph:
2024-02-11T17:00:00.654+0000 7f3f5a1fb700 1 -- 172.21.15.37:0/2636141397 --> [v2:172.21.15.37:3300/0,v1:172.21.15.37:6789/0] -- mon_subscribe({osdmap=0}) v3 -- 0x7f3f5410b540 con 0x7f3f540703d0
2024-02-11T17:00:00.659 INFO:teuthology.orchestra.run.smithi037.stderr:/usr/bin/ceph:
2024-02-11T17:00:00.655+0000 7f3f3bfff700 1 -- 172.21.15.37:0/2636141397 <== mon.0 v2:172.21.15.37:3300/0 4 ==== mgrmap(e 13) v1 ==== 36208+0+0 (secure 0 0 0) 0x7f3f4400f070 con 0x7f3f540703d0
2024-02-11T17:00:00.659 INFO:teuthology.orchestra.run.smithi037.stderr:/usr/bin/ceph:
2024-02-11T17:00:00.655+0000 7f3f3bfff700 1 --2- 172.21.15.37:0/2636141397 >> [v2:172.21.15.37:6800/162023810,v1:172.21.15.37:6801/162023810] conn(0x7f3f4002feb0 0x7f3f40032370 unknown :-1 s=NONE pgs=0 cs=0 l=1 rev1=0 rx=0 tx=0).connect
2024-02-11T17:00:00.659 INFO:teuthology.orchestra.run.smithi037.stderr:/usr/bin/ceph:
2024-02-11T17:00:00.655+0000 7f3f5a1fb700 1 -- 172.21.15.37:0/2636141397 --> [v2:172.21.15.37:6800/162023810,v1:172.21.15.37:6801/162023810] -- command(tid 0: {"prefix": "get_command_descriptions"}) v1 -- 0x7f3f54059100 con 0x7f3f4002feb0
2024-02-11T17:00:00.659 INFO:teuthology.orchestra.run.smithi037.stderr:/usr/bin/ceph:
