2024-02-11T17:00:00.655+0000 7f3f3bfff700 1 -- 172.21.15.37:0/2636141397 <== mon.0 v2:172.21.15.37:3300/0 5 ==== osd_map(3..3 src has 1..3) v4 ==== 1098+0+0 (secure 0 0 0) 0x7f3f44040a50 con 0x7f3f540703d0
2024-02-11T17:00:00.659 INFO:teuthology.orchestra.run.smithi037.stderr:/usr/bin/ceph:
2024-02-11T17:00:00.655+0000 7f3f52ffd700 1 -- 172.21.15.37:0/2636141397 >> [v2:172.21.15.37:6800/162023810,v1:172.21.15.37:6801/162023810] conn(0x7f3f4002feb0 msgr2=0x7f3f40032370 unknown :-1 s=STATE_CONNECTING_RE l=1).process reconnect failed to v2:172.21.15.37:6800/162023810
2024-02-11T17:00:00.659 INFO:teuthology.orchestra.run.smithi037.stderr:/usr/bin/ceph:
2024-02-11T17:00:00.655+0000 7f3f52ffd700 1 --2- 172.21.15.37:0/2636141397 >> [v2:172.21.15.37:6800/162023810,v1:172.21.15.37:6801/162023810] conn(0x7f3f4002feb0 0x7f3f40032370 unknown :-1 s=START_CONNECT pgs=0 cs=0 l=1 rev1=0 rx=0 tx=0)._fault waiting 0.200000
2024-02-11T17:00:00.857 INFO:teuthology.orchestra.run.smithi037.stderr:/usr/bin/ceph:
2024-02-11T17:00:00.856+0000 7f3f52ffd700 1 -- 172.21.15.37:0/2636141397 >> [v2:172.21.15.37:6800/162023810,v1:172.21.15.37:6801/162023810] conn(0x7f3f4002feb0 msgr2=0x7f3f40032370 unknown :-1 s=STATE_CONNECTING_RE l=1).process reconnect failed to v2:172.21.15.37:6800/162023810
2024-02-11T17:00:00.857 INFO:teuthology.orchestra.run.smithi037.stderr:/usr/bin/ceph:
2024-02-11T17:00:00.856+0000 7f3f52ffd700 1 --2- 172.21.15.37:0/2636141397 >> [v2:172.21.15.37:6800/162023810,v1:172.21.15.37:6801/162023810] conn(0x7f3f4002feb0 0x7f3f40032370 unknown :-1 s=START_CONNECT pgs=0 cs=0 l=1 rev1=0 rx=0 tx=0)._fault waiting 0.400000
2024-02-11T17:00:01.258 INFO:teuthology.orchestra.run.smithi037.stderr:/usr/bin/ceph:
2024-02-11T17:00:01.257+0000 7f3f52ffd700 1 -- 172.21.15.37:0/2636141397 >> [v2:172.21.15.37:6800/162023810,v1:172.21.15.37:6801/162023810] conn(0x7f3f4002feb0 msgr2=0x7f3f40032370 unknown :-1 s=STATE_CONNECTING_RE l=1).process reconnect failed to v2:172.21.15.37:6800/162023810
2024-02-11T17:00:01.258 INFO:teuthology.orchestra.run.smithi037.stderr:/usr/bin/ceph:
2024-02-11T17:00:01.257+0000 7f3f52ffd700 1 --2- 172.21.15.37:0/2636141397 >> [v2:172.21.15.37:6800/162023810,v1:172.21.15.37:6801/162023810] conn(0x7f3f4002feb0 0x7f3f40032370 unknown :-1 s=START_CONNECT pgs=0 cs=0 l=1 rev1=0 rx=0 tx=0)._fault waiting 0.800000
2024-02-11T17:00:02.059 INFO:teuthology.orchestra.run.smithi037.stderr:/usr/bin/ceph:
2024-02-11T17:00:02.058+0000 7f3f52ffd700 1 -- 172.21.15.37:0/2636141397 >> [v2:172.21.15.37:6800/162023810,v1:172.21.15.37:6801/162023810] conn(0x7f3f4002feb0 msgr2=0x7f3f40032370 unknown :-1 s=STATE_CONNECTING_RE l=1).process reconnect failed to v2:172.21.15.37:6800/162023810
2024-02-11T17:00:02.059 INFO:teuthology.orchestra.run.smithi037.stderr:/usr/bin/ceph:
2024-02-11T17:00:02.058+0000 7f3f52ffd700 1 --2- 172.21.15.37:0/2636141397 >> [v2:172.21.15.37:6800/162023810,v1:172.21.15.37:6801/162023810] conn(0x7f3f4002feb0 0x7f3f40032370 unknown :-1 s=START_CONNECT pgs=0 cs=0 l=1 rev1=0 rx=0 tx=0)._fault waiting 1.600000
2024-02-11T17:00:03.124 INFO:teuthology.orchestra.run.smithi037.stderr:/usr/bin/ceph:
2024-02-11T17:00:03.122+0000 7f3f3bfff700 1 -- 172.21.15.37:0/2636141397 <== mon.0 v2:172.21.15.37:3300/0 6 ==== mgrmap(e 14) v1 ==== 35997+0+0 (secure 0 0 0) 0x7f3f44024550 con 0x7f3f540703d0
2024-02-11T17:00:03.125 INFO:teuthology.orchestra.run.smithi037.stderr:/usr/bin/ceph:
2024-02-11T17:00:03.123+0000 7f3f3bfff700 1 -- 172.21.15.37:0/2636141397 >> [v2:172.21.15.37:6800/162023810,v1:172.21.15.37:6801/162023810] conn(0x7f3f4002feb0 msgr2=0x7f3f40032370 unknown :-1 s=STATE_CONNECTING l=1).mark_down
2024-02-11T17:00:03.125 INFO:teuthology.orchestra.run.smithi037.stderr:/usr/bin/ceph:
2024-02-11T17:00:03.123+0000 7f3f3bfff700 1 --2- 172.21.15.37:0/2636141397 >> [v2:172.21.15.37:6800/162023810,v1:172.21.15.37:6801/162023810] conn(0x7f3f4002feb0 0x7f3f40032370 unknown :-1 s=START_CONNECT pgs=0 cs=0 l=1 rev1=0 rx=0 tx=0).stop
2024-02-11T17:00:04.125 INFO:teuthology.orchestra.run.smithi037.stderr:/usr/bin/ceph:
2024-02-11T17:00:04.123+0000 7f3f3bfff700 1 -- 172.21.15.37:0/2636141397 <== mon.0 v2:172.21.15.37:3300/0 7 ==== mgrmap(e 15) v1 ==== 36067+0+0 (secure 0 0 0) 0x7f3f4401b5e0 con 0x7f3f540703d0
2024-02-11T17:00:04.125 INFO:teuthology.orchestra.run.smithi037.stderr:/usr/bin/ceph:
2024-02-11T17:00:04.124+0000 7f3f3bfff700 1 --2- 172.21.15.37:0/2636141397 >> [v2:172.21.15.37:6800/3714037575,v1:172.21.15.37:6801/3714037575] conn(0x7f3f40033990 0x7f3f40035d80 unknown :-1 s=NONE pgs=0 cs=0 l=1 rev1=0 rx=0 tx=0).connect
2024-02-11T17:00:04.125 INFO:teuthology.orchestra.run.smithi037.stderr:/usr/bin/ceph:
2024-02-11T17:00:04.124+0000 7f3f3bfff700 1 -- 172.21.15.37:0/2636141397 --> [v2:172.21.15.37:6800/3714037575,v1:172.21.15.37:6801/3714037575] -- command(tid 0: {"prefix": "get_command_descriptions"}) v1 -- 0x7f3f54059100 con 0x7f3f40033990
2024-02-11T17:00:04.125 INFO:teuthology.orchestra.run.smithi037.stderr:/usr/bin/ceph:
2024-02-11T17:00:04.124+0000 7f3f52ffd700 1 --2- 172.21.15.37:0/2636141397 >> [v2:172.21.15.37:6800/3714037575,v1:172.21.15.37:6801/3714037575] conn(0x7f3f40033990 0x7f3f40035d80 unknown :-1 s=BANNER_CONNECTING pgs=0 cs=0 l=1 rev1=0 rx=0 tx=0)._handle_peer_banner_payload supported=1 required=0
2024-02-11T17:00:04.126 INFO:teuthology.orchestra.run.smithi037.stderr:/usr/bin/ceph:
2024-02-11T17:00:04.125+0000 7f3f52ffd700 1 --2- 172.21.15.37:0/2636141397 >> [v2:172.21.15.37:6800/3714037575,v1:172.21.15.37:6801/3714037575] conn(0x7f3f40033990 0x7f3f40035d80 secure :-1 s=READY pgs=1 cs=0 l=1 rev1=1 rx=0x7f3f480036d0 tx=0x7f3f48006ca0).ready entity=mgr.14162 client_cookie=0 server_cookie=0 in_seq=0 out_seq=0
2024-02-11T17:00:04.126 INFO:teuthology.orchestra.run.smithi037.stderr:/usr/bin/ceph:
2024-02-11T17:00:04.125+0000 7f3f3bfff700 1 -- 172.21.15.37:0/2636141397 <== mgr.14162 v2:172.21.15.37:6800/3714037575 1 ==== command_reply(tid 0: 0 ) v1 ==== 8+0+6438 (secure 0 0 0) 0x7f3f54059100 con 0x7f3f40033990
2024-02-11T17:00:04.132 INFO:teuthology.orchestra.run.smithi037.stderr:/usr/bin/ceph:
2024-02-11T17:00:04.131+0000 7f3f5a1fb700 1 -- 172.21.15.37:0/2636141397 --> [v2:172.21.15.37:6800/3714037575,v1:172.21.15.37:6801/3714037575] -- command(tid 1: {"prefix": "mgr_status"}) v1 -- 0x7f3f54045ad0 con 0x7f3f40033990
2024-02-11T17:00:04.132 INFO:teuthology.orchestra.run.smithi037.stderr:/usr/bin/ceph:
2024-02-11T17:00:04.131+0000 7f3f3bfff700 1 -- 172.21.15.37:0/2636141397 <== mgr.14162 v2:172.21.15.37:6800/3714037575 2 ==== command_reply(tid 1: 0 ) v1 ==== 8+0+52 (secure 0 0 0) 0x7f3f54045ad0 con 0x7f3f40033990
2024-02-11T17:00:04.133 INFO:teuthology.orchestra.run.smithi037.stderr:/usr/bin/ceph: {
2024-02-11T17:00:04.134 INFO:teuthology.orchestra.run.smithi037.stderr:/usr/bin/ceph: "mgrmap_epoch": 15,
2024-02-11T17:00:04.134 INFO:teuthology.orchestra.run.smithi037.stderr:/usr/bin/ceph: "initialized": true
2024-02-11T17:00:04.134 INFO:teuthology.orchestra.run.smithi037.stderr:/usr/bin/ceph: }
2024-02-11T17:00:04.134 INFO:teuthology.orchestra.run.smithi037.stderr:/usr/bin/ceph:
2024-02-11T17:00:04.132+0000 7f3f5a1fb700 1 -- 172.21.15.37:0/2636141397 >> [v2:172.21.15.37:6800/3714037575,v1:172.21.15.37:6801/3714037575] conn(0x7f3f40033990 msgr2=0x7f3f40035d80 secure :-1 s=STATE_CONNECTION_ESTABLISHED l=1).mark_down
2024-02-11T17:00:04.134 INFO:teuthology.orchestra.run.smithi037.stderr:/usr/bin/ceph:
2024-02-11T17:00:04.132+0000 7f3f5a1fb700 1 --2- 172.21.15.37:0/2636141397 >> [v2:172.21.15.37:6800/3714037575,v1:172.21.15.37:6801/3714037575] conn(0x7f3f40033990 0x7f3f40035d80 secure :-1 s=READY pgs=1 cs=0 l=1 rev1=1 rx=0x7f3f480036d0 tx=0x7f3f48006ca0).stop
2024-02-11T17:00:04.134 INFO:teuthology.orchestra.run.smithi037.stderr:/usr/bin/ceph:
2024-02-11T17:00:04.132+0000 7f3f5a1fb700 1 -- 172.21.15.37:0/2636141397 >> [v2:172.21.15.37:3300/0,v1:172.21.15.37:6789/0] conn(0x7f3f540703d0 msgr2=0x7f3f5410aa40 secure :-1 s=STATE_CONNECTION_ESTABLISHED l=1).mark_down
2024-02-11T17:00:04.134 INFO:teuthology.orchestra.run.smithi037.stderr:/usr/bin/ceph:
2024-02-11T17:00:04.132+0000 7f3f5a1fb700 1 --2- 172.21.15.37:0/2636141397 >> [v2:172.21.15.37:3300/0,v1:172.21.15.37:6789/0] conn(0x7f3f540703d0 0x7f3f5410aa40 secure :-1 s=READY pgs=73 cs=0 l=1 rev1=1 rx=0x7f3f44006a40 tx=0x7f3f44006ee0).stop
2024-02-11T17:00:04.135 INFO:teuthology.orchestra.run.smithi037.stderr:/usr/bin/ceph:
2024-02-11T17:00:04.132+0000 7f3f5a1fb700 1 -- 172.21.15.37:0/2636141397 shutdown_connections
2024-02-11T17:00:04.135 INFO:teuthology.orchestra.run.smithi037.stderr:/usr/bin/ceph:
2024-02-11T17:00:04.132+0000 7f3f5a1fb700 1 --2- 172.21.15.37:0/2636141397 >> [v2:172.21.15.37:6800/3714037575,v1:172.21.15.37:6801/3714037575] conn(0x7f3f40033990 0x7f3f40035d80 unknown :-1 s=CLOSED pgs=1 cs=0 l=1 rev1=1 rx=0 tx=0).stop
2024-02-11T17:00:04.135 INFO:teuthology.orchestra.run.smithi037.stderr:/usr/bin/ceph:
2024-02-11T17:00:04.132+0000 7f3f5a1fb700 1 --2- 172.21.15.37:0/2636141397 >> [v2:172.21.15.37:3300/0,v1:172.21.15.37:6789/0] conn(0x7f3f540703d0 0x7f3f5410aa40 unknown :-1 s=CLOSED pgs=73 cs=0 l=1 rev1=1 rx=0 tx=0).stop
2024-02-11T17:00:04.135 INFO:teuthology.orchestra.run.smithi037.stderr:/usr/bin/ceph:
2024-02-11T17:00:04.132+0000 7f3f5a1fb700 1 --2- 172.21.15.37:0/2636141397 >> [v2:172.21.15.37:6800/162023810,v1:172.21.15.37:6801/162023810] conn(0x7f3f4002feb0 0x7f3f40032370 unknown :-1 s=CLOSED pgs=0 cs=0 l=1 rev1=0 rx=0 tx=0).stop
2024-02-11T17:00:04.135 INFO:teuthology.orchestra.run.smithi037.stderr:/usr/bin/ceph:
2024-02-11T17:00:04.132+0000 7f3f5a1fb700 1 -- 172.21.15.37:0/2636141397 >> 172.21.15.37:0/2636141397 conn(0x7f3f540f63c0 msgr2=0x7f3f540f7ec0 unknown :-1 s=STATE_NONE l=0).mark_down
2024-02-11T17:00:04.135 INFO:teuthology.orchestra.run.smithi037.stderr:/usr/bin/ceph:
2024-02-11T17:00:04.132+0000 7f3f5a1fb700 1 -- 172.21.15.37:0/2636141397 shutdown_connections
2024-02-11T17:00:04.135 INFO:teuthology.orchestra.run.smithi037.stderr:/usr/bin/ceph:
2024-02-11T17:00:04.132+0000 7f3f5a1fb700 1 -- 172.21.15.37:0/2636141397 wait complete.
2024-02-11T17:00:04.433 INFO:journalctl@ceph.mon.smithi037.smithi037.stdout:Feb 11 17:00:04 smithi037 ceph-c65cd888-c8fe-11ee-95b9-87774f69a715-mon.smithi037[39355]: cluster
2024-02-11T17:00:03.071539+0000 mon.smithi037 (mon.0) 91 : cluster [INF] Active manager daemon smithi037.eofnaq restarted
2024-02-11T17:00:04.433 INFO:journalctl@ceph.mon.smithi037.smithi037.stdout:Feb 11 17:00:04 smithi037 ceph-c65cd888-c8fe-11ee-95b9-87774f69a715-mon.smithi037[39355]: cluster
2024-02-11T17:00:03.071962+0000 mon.smithi037 (mon.0) 92 : cluster [INF] Activating manager daemon smithi037.eofnaq
2024-02-11T17:00:04.433 INFO:journalctl@ceph.mon.smithi037.smithi037.stdout:Feb 11 17:00:04 smithi037 ceph-c65cd888-c8fe-11ee-95b9-87774f69a715-mon.smithi037[39355]: cluster
2024-02-11T17:00:03.073661+0000 mon.smithi037 (mon.0) 93 : cluster [DBG] osdmap e4: 0 total, 0 up, 0 in
2024-02-11T17:00:04.434 INFO:journalctl@ceph.mon.smithi037.smithi037.stdout:Feb 11 17:00:04 smithi037 ceph-c65cd888-c8fe-11ee-95b9-87774f69a715-mon.smithi037[39355]: cluster
2024-02-11T17:00:03.124406+0000 mon.smithi037 (mon.0) 94 : cluster [DBG] mgrmap e14: smithi037.eofnaq(active, starting, since 0.0525516s)
2024-02-11T17:00:04.434 INFO:journalctl@ceph.mon.smithi037.smithi037.stdout:Feb 11 17:00:04 smithi037 ceph-c65cd888-c8fe-11ee-95b9-87774f69a715-mon.smithi037[39355]: audit
2024-02-11T17:00:03.125459+0000 mon.smithi037 (mon.0) 95 : audit [DBG] from='mgr.14162 172.21.15.37:0/2745465012' entity='mgr.smithi037.eofnaq' cmd=[{"prefix": "mon metadata", "id": "smithi037"}]: dispatch
2024-02-11T17:00:04.434 INFO:journalctl@ceph.mon.smithi037.smithi037.stdout:Feb 11 17:00:04 smithi037 ceph-c65cd888-c8fe-11ee-95b9-87774f69a715-mon.smithi037[39355]: audit
2024-02-11T17:00:03.126045+0000 mon.smithi037 (mon.0) 96 : audit [DBG] from='mgr.14162 172.21.15.37:0/2745465012' entity='mgr.smithi037.eofnaq' cmd=[{"prefix": "mgr metadata", "who": "smithi037.eofnaq", "id": "smithi037.eofnaq"}]: dispatch
2024-02-11T17:00:04.434 INFO:journalctl@ceph.mon.smithi037.smithi037.stdout:Feb 11 17:00:04 smithi037 ceph-c65cd888-c8fe-11ee-95b9-87774f69a715-mon.smithi037[39355]: audit
2024-02-11T17:00:03.126891+0000 mon.smithi037 (mon.0) 97 : audit [DBG] from='mgr.14162 172.21.15.37:0/2745465012' entity='mgr.smithi037.eofnaq' cmd=[{"prefix": "mds metadata"}]: dispatch
2024-02-11T17:00:04.434 INFO:journalctl@ceph.mon.smithi037.smithi037.stdout:Feb 11 17:00:04 smithi037 ceph-c65cd888-c8fe-11ee-95b9-87774f69a715-mon.smithi037[39355]: audit
2024-02-11T17:00:03.127055+0000 mon.smithi037 (mon.0) 98 : audit [DBG] from='mgr.14162 172.21.15.37:0/2745465012' entity='mgr.smithi037.eofnaq' cmd=[{"prefix": "osd metadata"}]: dispatch
2024-02-11T17:00:04.434 INFO:journalctl@ceph.mon.smithi037.smithi037.stdout:Feb 11 17:00:04 smithi037 ceph-c65cd888-c8fe-11ee-95b9-87774f69a715-mon.smithi037[39355]: audit
2024-02-11T17:00:03.127184+0000 mon.smithi037 (mon.0) 99 : audit [DBG] from='mgr.14162 172.21.15.37:0/2745465012' entity='mgr.smithi037.eofnaq' cmd=[{"prefix": "mon metadata"}]: dispatch
2024-02-11T17:00:04.434 INFO:journalctl@ceph.mon.smithi037.smithi037.stdout:Feb 11 17:00:04 smithi037 ceph-c65cd888-c8fe-11ee-95b9-87774f69a715-mon.smithi037[39355]: cluster
2024-02-11T17:00:03.141148+0000 mon.smithi037 (mon.0) 100 : cluster [INF] Manager daemon smithi037.eofnaq is now available
2024-02-11T17:00:04.434 INFO:journalctl@ceph.mon.smithi037.smithi037.stdout:Feb 11 17:00:04 smithi037 ceph-c65cd888-c8fe-11ee-95b9-87774f69a715-mon.smithi037[39355]: audit
2024-02-11T17:00:03.244169+0000 mon.smithi037 (mon.0) 101 : audit [DBG] from='mgr.14162 172.21.15.37:0/2745465012' entity='mgr.smithi037.eofnaq' cmd=[{"prefix": "config dump", "format": "json"}]: dispatch
2024-02-11T17:00:04.434 INFO:journalctl@ceph.mon.smithi037.smithi037.stdout:Feb 11 17:00:04 smithi037 ceph-c65cd888-c8fe-11ee-95b9-87774f69a715-mon.smithi037[39355]: audit
2024-02-11T17:00:03.246544+0000 mon.smithi037 (mon.0) 102 : audit [DBG] from='mgr.14162 172.21.15.37:0/2745465012' entity='mgr.smithi037.eofnaq' cmd=[{"prefix": "config dump", "format": "json"}]: dispatch
2024-02-11T17:00:04.434 INFO:journalctl@ceph.mon.smithi037.smithi037.stdout:Feb 11 17:00:04 smithi037 ceph-c65cd888-c8fe-11ee-95b9-87774f69a715-mon.smithi037[39355]: audit
2024-02-11T17:00:03.264589+0000 mon.smithi037 (mon.0) 103 : audit [INF] from='mgr.14162 172.21.15.37:0/2745465012' entity='mgr.smithi037.eofnaq' cmd=[{"prefix":"config rm","who":"mgr","name":"mgr/rbd_support/smithi037.eofnaq/mirror_snapshot_schedule"}]: dispatch
2024-02-11T17:00:04.434 INFO:journalctl@ceph.mon.smithi037.smithi037.stdout:Feb 11 17:00:04 smithi037 ceph-c65cd888-c8fe-11ee-95b9-87774f69a715-mon.smithi037[39355]: audit
2024-02-11T17:00:03.272926+0000 mon.smithi037 (mon.0) 104 : audit [INF] from='mgr.14162 172.21.15.37:0/2745465012' entity='mgr.smithi037.eofnaq' cmd=[{"prefix":"config rm","who":"mgr","name":"mgr/rbd_support/smithi037.eofnaq/trash_purge_schedule"}]: dispatch
2024-02-11T17:00:05.184 INFO:journalctl@ceph.mon.smithi037.smithi037.stdout:Feb 11 17:00:05 smithi037 ceph-c65cd888-c8fe-11ee-95b9-87774f69a715-mon.smithi037[39355]: audit
2024-02-11T17:00:04.126106+0000 mgr.smithi037.eofnaq (mgr.14162) 1 : audit [DBG] from='client.14166 -' entity='client.admin' cmd=[{"prefix": "get_command_descriptions"}]: dispatch
2024-02-11T17:00:05.184 INFO:journalctl@ceph.mon.smithi037.smithi037.stdout:Feb 11 17:00:05 smithi037 ceph-c65cd888-c8fe-11ee-95b9-87774f69a715-mon.smithi037[39355]: cluster
2024-02-11T17:00:04.126546+0000 mon.smithi037 (mon.0) 105 : cluster [DBG] mgrmap e15: smithi037.eofnaq(active, since 1.05469s)
2024-02-11T17:00:05.184 INFO:journalctl@ceph.mon.smithi037.smithi037.stdout:Feb 11 17:00:05 smithi037 ceph-c65cd888-c8fe-11ee-95b9-87774f69a715-mon.smithi037[39355]: audit
2024-02-11T17:00:04.132443+0000 mgr.smithi037.eofnaq (mgr.14162) 2 : audit [DBG] from='client.14166 -' entity='client.admin' cmd=[{"prefix": "mgr_status"}]: dispatch
2024-02-11T17:00:05.184 INFO:journalctl@ceph.mon.smithi037.smithi037.stdout:Feb 11 17:00:05 smithi037 ceph-c65cd888-c8fe-11ee-95b9-87774f69a715-mon.smithi037[39355]: audit
2024-02-11T17:00:04.653768+0000 mon.smithi037 (mon.0) 106 : audit [INF] from='mgr.14162 172.21.15.37:0/2745465012' entity='mgr.smithi037.eofnaq'
2024-02-11T17:00:05.207 INFO:teuthology.orchestra.run.smithi037.stderr:mgr epoch 13 is available
2024-02-11T17:00:05.207 INFO:teuthology.orchestra.run.smithi037.stderr:Generating a dashboard self-signed certificate...
2024-02-11T17:00:05.207 INFO:teuthology.orchestra.run.smithi037.stderr:Running command: /bin/podman run --rm --ipc=host --no-hosts --net=host --entrypoint /usr/bin/ceph --init -e CONTAINER_IMAGE=docker.io/ceph/ceph:v16.2.4 -e NODE_NAME=smithi037 -e CEPH_USE_RANDOM_NONCE=1 -v /var/log/ceph/c65cd888-c8fe-11ee-95b9-87774f69a715:/var/log/ceph:z -v /tmp/ceph-tmpjftqjcr4:/etc/ceph/ceph.client.admin.keyring:z -v /tmp/ceph-tmp4ata0hlm:/etc/ceph/ceph.conf:z docker.io/ceph/ceph:v16.2.4 dashboard create-self-signed-cert
2024-02-11T17:00:05.923 INFO:teuthology.orchestra.run.smithi037.stderr:/usr/bin/ceph:
2024-02-11T17:00:05.918+0000 7efe4acd2700 1 Processor -- start
2024-02-11T17:00:05.923 INFO:teuthology.orchestra.run.smithi037.stderr:/usr/bin/ceph:
2024-02-11T17:00:05.918+0000 7efe4acd2700 1 -- start start
2024-02-11T17:00:05.923 INFO:teuthology.orchestra.run.smithi037.stderr:/usr/bin/ceph:
2024-02-11T17:00:05.918+0000 7efe4acd2700 1 --2- >> [v2:172.21.15.37:3300/0,v1:172.21.15.37:6789/0] conn(0x7efe44070390 0x7efe44100d80 unknown :-1 s=NONE pgs=0 cs=0 l=0 rev1=0 rx=0 tx=0).connect
2024-02-11T17:00:05.923 INFO:teuthology.orchestra.run.smithi037.stderr:/usr/bin/ceph:
2024-02-11T17:00:05.918+0000 7efe4acd2700 1 -- --> [v2:172.21.15.37:3300/0,v1:172.21.15.37:6789/0] -- mon_getmap magic: 0 v1 -- 0x7efe440fc770 con 0x7efe44070390
2024-02-11T17:00:05.923 INFO:teuthology.orchestra.run.smithi037.stderr:/usr/bin/ceph:
2024-02-11T17:00:05.918+0000 7efe48a6e700 1 --2- >> [v2:172.21.15.37:3300/0,v1:172.21.15.37:6789/0] conn(0x7efe44070390 0x7efe44100d80 unknown :-1 s=BANNER_CONNECTING pgs=0 cs=0 l=0 rev1=0 rx=0 tx=0)._handle_peer_banner_payload supported=1 required=0
2024-02-11T17:00:05.923 INFO:teuthology.orchestra.run.smithi037.stderr:/usr/bin/ceph:
2024-02-11T17:00:05.919+0000 7efe48a6e700 1 --2- >> [v2:172.21.15.37:3300/0,v1:172.21.15.37:6789/0] conn(0x7efe44070390 0x7efe44100d80 unknown :-1 s=HELLO_CONNECTING pgs=0 cs=0 l=0 rev1=1 rx=0 tx=0).handle_hello peer v2:172.21.15.37:3300/0 says I am v2:172.21.15.37:51598/0 (socket says 172.21.15.37:51598)
2024-02-11T17:00:05.923 INFO:teuthology.orchestra.run.smithi037.stderr:/usr/bin/ceph:
2024-02-11T17:00:05.919+0000 7efe48a6e700 1 -- 172.21.15.37:0/2739058247 learned_addr learned my addr 172.21.15.37:0/2739058247 (peer_addr_for_me v2:172.21.15.37:0/0)
2024-02-11T17:00:05.923 INFO:teuthology.orchestra.run.smithi037.stderr:/usr/bin/ceph:
2024-02-11T17:00:05.919+0000 7efe48a6e700 1 -- 172.21.15.37:0/2739058247 --> [v2:172.21.15.37:3300/0,v1:172.21.15.37:6789/0] -- mon_subscribe({config=0+,monmap=0+}) v3 -- 0x7efe44101270 con 0x7efe44070390
2024-02-11T17:00:05.923 INFO:teuthology.orchestra.run.smithi037.stderr:/usr/bin/ceph:
2024-02-11T17:00:05.919+0000 7efe48a6e700 1 --2- 172.21.15.37:0/2739058247 >> [v2:172.21.15.37:3300/0,v1:172.21.15.37:6789/0] conn(0x7efe44070390 0x7efe44100d80 secure :-1 s=READY pgs=79 cs=0 l=1 rev1=1 rx=0x7efe3800b5f0 tx=0x7efe38006ee0).ready entity=mon.0 client_cookie=45ac1a8fb5586a0b server_cookie=0 in_seq=0 out_seq=0
2024-02-11T17:00:05.923 INFO:teuthology.orchestra.run.smithi037.stderr:/usr/bin/ceph:
2024-02-11T17:00:05.919+0000 7efe437fe700 1 -- 172.21.15.37:0/2739058247 <== mon.0 v2:172.21.15.37:3300/0 1 ==== mon_map magic: 0 v1 ==== 229+0+0 (secure 0 0 0) 0x7efe3800d600 con 0x7efe44070390
2024-02-11T17:00:05.923 INFO:teuthology.orchestra.run.smithi037.stderr:/usr/bin/ceph:
2024-02-11T17:00:05.919+0000 7efe437fe700 1 -- 172.21.15.37:0/2739058247 <== mon.0 v2:172.21.15.37:3300/0 2 ==== config(25 keys) v1 ==== 1074+0+0 (secure 0 0 0) 0x7efe3800dc10 con 0x7efe44070390
2024-02-11T17:00:05.924 INFO:teuthology.orchestra.run.smithi037.stderr:/usr/bin/ceph:
2024-02-11T17:00:05.919+0000 7efe437fe700 1 -- 172.21.15.37:0/2739058247 <== mon.0 v2:172.21.15.37:3300/0 3 ==== mon_map magic: 0 v1 ==== 229+0+0 (secure 0 0 0) 0x7efe38011cd0 con 0x7efe44070390
2024-02-11T17:00:05.924 INFO:teuthology.orchestra.run.smithi037.stderr:/usr/bin/ceph:
2024-02-11T17:00:05.920+0000 7efe4acd2700 1 -- 172.21.15.37:0/2739058247 >> [v2:172.21.15.37:3300/0,v1:172.21.15.37:6789/0] conn(0x7efe44070390 msgr2=0x7efe44100d80 secure :-1 s=STATE_CONNECTION_ESTABLISHED l=1).mark_down
2024-02-11T17:00:05.924 INFO:teuthology.orchestra.run.smithi037.stderr:/usr/bin/ceph:
2024-02-11T17:00:05.920+0000 7efe4acd2700 1 --2- 172.21.15.37:0/2739058247 >> [v2:172.21.15.37:3300/0,v1:172.21.15.37:6789/0] conn(0x7efe44070390 0x7efe44100d80 secure :-1 s=READY pgs=79 cs=0 l=1 rev1=1 rx=0x7efe3800b5f0 tx=0x7efe38006ee0).stop
2024-02-11T17:00:05.924 INFO:teuthology.orchestra.run.smithi037.stderr:/usr/bin/ceph:
2024-02-11T17:00:05.920+0000 7efe4acd2700 1 -- 172.21.15.37:0/2739058247 shutdown_connections
2024-02-11T17:00:05.924 INFO:teuthology.orchestra.run.smithi037.stderr:/usr/bin/ceph:
2024-02-11T17:00:05.920+0000 7efe4acd2700 1 --2- 172.21.15.37:0/2739058247 >> [v2:172.21.15.37:3300/0,v1:172.21.15.37:6789/0] conn(0x7efe44070390 0x7efe44100d80 unknown :-1 s=CLOSED pgs=79 cs=0 l=1 rev1=1 rx=0 tx=0).stop
2024-02-11T17:00:05.924 INFO:teuthology.orchestra.run.smithi037.stderr:/usr/bin/ceph:
2024-02-11T17:00:05.920+0000 7efe4acd2700 1 -- 172.21.15.37:0/2739058247 >> 172.21.15.37:0/2739058247 conn(0x7efe440f63c0 msgr2=0x7efe440f87e0 unknown :-1 s=STATE_NONE l=0).mark_down
2024-02-11T17:00:05.924 INFO:teuthology.orchestra.run.smithi037.stderr:/usr/bin/ceph:
2024-02-11T17:00:05.920+0000 7efe4acd2700 1 -- 172.21.15.37:0/2739058247 shutdown_connections
2024-02-11T17:00:05.924 INFO:teuthology.orchestra.run.smithi037.stderr:/usr/bin/ceph:
2024-02-11T17:00:05.920+0000 7efe4acd2700 1 -- 172.21.15.37:0/2739058247 wait complete.
2024-02-11T17:00:05.924 INFO:teuthology.orchestra.run.smithi037.stderr:/usr/bin/ceph:
2024-02-11T17:00:05.920+0000 7efe4acd2700 1 Processor -- start
2024-02-11T17:00:05.924 INFO:teuthology.orchestra.run.smithi037.stderr:/usr/bin/ceph:
2024-02-11T17:00:05.920+0000 7efe4acd2700 1 -- start start
2024-02-11T17:00:05.925 INFO:teuthology.orchestra.run.smithi037.stderr:/usr/bin/ceph:
2024-02-11T17:00:05.921+0000 7efe4acd2700 1 --2- >> [v2:172.21.15.37:3300/0,v1:172.21.15.37:6789/0] conn(0x7efe44070390 0x7efe4410cc20 unknown :-1 s=NONE pgs=0 cs=0 l=1 rev1=0 rx=0 tx=0).connect
2024-02-11T17:00:05.925 INFO:teuthology.orchestra.run.smithi037.stderr:/usr/bin/ceph:
2024-02-11T17:00:05.921+0000 7efe4acd2700 1 -- --> [v2:172.21.15.37:3300/0,v1:172.21.15.37:6789/0] -- mon_getmap magic: 0 v1 -- 0x7efe4410d110 con 0x7efe44070390
2024-02-11T17:00:05.925 INFO:teuthology.orchestra.run.smithi037.stderr:/usr/bin/ceph:
2024-02-11T17:00:05.921+0000 7efe48a6e700 1 --2- >> [v2:172.21.15.37:3300/0,v1:172.21.15.37:6789/0] conn(0x7efe44070390 0x7efe4410cc20 unknown :-1 s=BANNER_CONNECTING pgs=0 cs=0 l=1 rev1=0 rx=0 tx=0)._handle_peer_banner_payload supported=1 required=0
2024-02-11T17:00:05.925 INFO:teuthology.orchestra.run.smithi037.stderr:/usr/bin/ceph:
2024-02-11T17:00:05.921+0000 7efe48a6e700 1 --2- >> [v2:172.21.15.37:3300/0,v1:172.21.15.37:6789/0] conn(0x7efe44070390 0x7efe4410cc20 unknown :-1 s=HELLO_CONNECTING pgs=0 cs=0 l=1 rev1=1 rx=0 tx=0).handle_hello peer v2:172.21.15.37:3300/0 says I am v2:172.21.15.37:51612/0 (socket says 172.21.15.37:51612)
2024-02-11T17:00:05.925 INFO:teuthology.orchestra.run.smithi037.stderr:/usr/bin/ceph:
2024-02-11T17:00:05.921+0000 7efe48a6e700 1 -- 172.21.15.37:0/1555180311 learned_addr learned my addr 172.21.15.37:0/1555180311 (peer_addr_for_me v2:172.21.15.37:0/0)
2024-02-11T17:00:05.925 INFO:teuthology.orchestra.run.smithi037.stderr:/usr/bin/ceph:
2024-02-11T17:00:05.921+0000 7efe48a6e700 1 -- 172.21.15.37:0/1555180311 --> [v2:172.21.15.37:3300/0,v1:172.21.15.37:6789/0] -- mon_subscribe({config=0+,monmap=0+}) v3 -- 0x7efe3800b200 con 0x7efe44070390
2024-02-11T17:00:05.925 INFO:teuthology.orchestra.run.smithi037.stderr:/usr/bin/ceph:
2024-02-11T17:00:05.921+0000 7efe48a6e700 1 --2- 172.21.15.37:0/1555180311 >> [v2:172.21.15.37:3300/0,v1:172.21.15.37:6789/0] conn(0x7efe44070390 0x7efe4410cc20 secure :-1 s=READY pgs=80 cs=0 l=1 rev1=1 rx=0x7efe3800b1d0 tx=0x7efe38006ee0).ready entity=mon.0 client_cookie=0 server_cookie=0 in_seq=0 out_seq=0
2024-02-11T17:00:05.925 INFO:teuthology.orchestra.run.smithi037.stderr:/usr/bin/ceph:
2024-02-11T17:00:05.921+0000 7efe417fa700 1 -- 172.21.15.37:0/1555180311 <== mon.0 v2:172.21.15.37:3300/0 1 ==== mon_map magic: 0 v1 ==== 229+0+0 (secure 0 0 0) 0x7efe38011df0 con 0x7efe44070390
2024-02-11T17:00:05.925 INFO:teuthology.orchestra.run.smithi037.stderr:/usr/bin/ceph:
2024-02-11T17:00:05.921+0000 7efe417fa700 1 -- 172.21.15.37:0/1555180311 <== mon.0 v2:172.21.15.37:3300/0 2 ==== config(25 keys) v1 ==== 1074+0+0 (secure 0 0 0) 0x7efe3801b8c0 con 0x7efe44070390
2024-02-11T17:00:05.926 INFO:teuthology.orchestra.run.smithi037.stderr:/usr/bin/ceph:
2024-02-11T17:00:05.921+0000 7efe4acd2700 1 -- 172.21.15.37:0/1555180311 --> [v2:172.21.15.37:3300/0,v1:172.21.15.37:6789/0] -- mon_subscribe({mgrmap=0+}) v3 -- 0x7efe4410d310 con 0x7efe44070390
2024-02-11T17:00:05.926 INFO:teuthology.orchestra.run.smithi037.stderr:/usr/bin/ceph:
2024-02-11T17:00:05.921+0000 7efe417fa700 1 -- 172.21.15.37:0/1555180311 <== mon.0 v2:172.21.15.37:3300/0 3 ==== mon_map magic: 0 v1 ==== 229+0+0 (secure 0 0 0) 0x7efe3801a830 con 0x7efe44070390
2024-02-11T17:00:05.926 INFO:teuthology.orchestra.run.smithi037.stderr:/usr/bin/ceph:
2024-02-11T17:00:05.921+0000 7efe4acd2700 1 -- 172.21.15.37:0/1555180311 --> [v2:172.21.15.37:3300/0,v1:172.21.15.37:6789/0] -- mon_subscribe({osdmap=0}) v3 -- 0x7efe4410d720 con 0x7efe44070390
2024-02-11T17:00:05.926 INFO:teuthology.orchestra.run.smithi037.stderr:/usr/bin/ceph:
2024-02-11T17:00:05.922+0000 7efe417fa700 1 -- 172.21.15.37:0/1555180311 <== mon.0 v2:172.21.15.37:3300/0 4 ==== mgrmap(e 15) v1 ==== 36067+0+0 (secure 0 0 0) 0x7efe3800f070 con 0x7efe44070390
2024-02-11T17:00:05.926 INFO:teuthology.orchestra.run.smithi037.stderr:/usr/bin/ceph:
2024-02-11T17:00:05.922+0000 7efe417fa700 1 --2- 172.21.15.37:0/1555180311 >> [v2:172.21.15.37:6800/3714037575,v1:172.21.15.37:6801/3714037575] conn(0x7efe2802fda0 0x7efe28032260 unknown :-1 s=NONE pgs=0 cs=0 l=1 rev1=0 rx=0 tx=0).connect
2024-02-11T17:00:05.926 INFO:teuthology.orchestra.run.smithi037.stderr:/usr/bin/ceph:
2024-02-11T17:00:05.922+0000 7efe417fa700 1 -- 172.21.15.37:0/1555180311 <== mon.0 v2:172.21.15.37:3300/0 5 ==== osd_map(4..4 src has 1..4) v4 ==== 1270+0+0 (secure 0 0 0) 0x7efe38040f00 con 0x7efe44070390
2024-02-11T17:00:05.926 INFO:teuthology.orchestra.run.smithi037.stderr:/usr/bin/ceph:
2024-02-11T17:00:05.922+0000 7efe43fff700 1 --2- 172.21.15.37:0/1555180311 >> [v2:172.21.15.37:6800/3714037575,v1:172.21.15.37:6801/3714037575] conn(0x7efe2802fda0 0x7efe28032260 unknown :-1 s=BANNER_CONNECTING pgs=0 cs=0 l=1 rev1=0 rx=0 tx=0)._handle_peer_banner_payload supported=1 required=0
2024-02-11T17:00:05.926 INFO:teuthology.orchestra.run.smithi037.stderr:/usr/bin/ceph:
2024-02-11T17:00:05.923+0000 7efe43fff700 1 --2- 172.21.15.37:0/1555180311 >> [v2:172.21.15.37:6800/3714037575,v1:172.21.15.37:6801/3714037575] conn(0x7efe2802fda0 0x7efe28032260 secure :-1 s=READY pgs=6 cs=0 l=1 rev1=1 rx=0x7efe300096a0 tx=0x7efe30006b40).ready entity=mgr.14162 client_cookie=0 server_cookie=0 in_seq=0 out_seq=0
2024-02-11T17:00:05.926 INFO:teuthology.orchestra.run.smithi037.stderr:/usr/bin/ceph:
2024-02-11T17:00:05.923+0000 7efe4acd2700 1 -- 172.21.15.37:0/1555180311 --> [v2:172.21.15.37:3300/0,v1:172.21.15.37:6789/0] -- mon_command({"prefix": "get_command_descriptions"} v 0) v1 -- 0x7efe44045ad0 con 0x7efe44070390
2024-02-11T17:00:05.928 INFO:teuthology.orchestra.run.smithi037.stderr:/usr/bin/ceph:
2024-02-11T17:00:05.927+0000 7efe417fa700 1 -- 172.21.15.37:0/1555180311 <== mon.0 v2:172.21.15.37:3300/0 6 ==== mon_command_ack([{"prefix": "get_command_descriptions"}]=0 v0) v1 ==== 72+0+152212 (secure 0 0 0) 0x7efe38016070 con 0x7efe44070390
2024-02-11T17:00:06.033 INFO:teuthology.orchestra.run.smithi037.stderr:/usr/bin/ceph:
2024-02-11T17:00:06.031+0000 7efe417fa700 1 -- 172.21.15.37:0/1555180311 <== mon.0 v2:172.21.15.37:3300/0 7 ==== mgrmap(e 16) v1 ==== 36208+0+0 (secure 0 0 0) 0x7efe38024790 con 0x7efe44070390
2024-02-11T17:00:06.101 INFO:teuthology.orchestra.run.smithi037.stderr:/usr/bin/ceph:
2024-02-11T17:00:06.099+0000 7efe4acd2700 1 -- 172.21.15.37:0/1555180311 --> [v2:172.21.15.37:6800/3714037575,v1:172.21.15.37:6801/3714037575] -- mgr_command(tid 0: {"prefix": "dashboard create-self-signed-cert", "target": ["mon-mgr", ""]}) v1 -- 0x7efe44106b40 con 0x7efe2802fda0
2024-02-11T17:00:06.153 INFO:teuthology.orchestra.run.smithi037.stderr:/usr/bin/ceph:
2024-02-11T17:00:06.151+0000 7efe417fa700 1 -- 172.21.15.37:0/1555180311 <== mgr.14162 v2:172.21.15.37:6800/3714037575 1 ==== mgr_command_reply(tid 0: 0 ) v1 ==== 8+0+32 (secure 0 0 0) 0x7efe44106b40 con 0x7efe2802fda0
2024-02-11T17:00:06.153 INFO:teuthology.orchestra.run.smithi037.stderr:/usr/bin/ceph: Self-signed certificate created
2024-02-11T17:00:06.155 INFO:teuthology.orchestra.run.smithi037.stderr:/usr/bin/ceph:
2024-02-11T17:00:06.153+0000 7efe4acd2700 1 -- 172.21.15.37:0/1555180311 >> [v2:172.21.15.37:6800/3714037575,v1:172.21.15.37:6801/3714037575] conn(0x7efe2802fda0 msgr2=0x7efe28032260 secure :-1 s=STATE_CONNECTION_ESTABLISHED l=1).mark_down
2024-02-11T17:00:06.155 INFO:teuthology.orchestra.run.smithi037.stderr:/usr/bin/ceph:
2024-02-11T17:00:06.153+0000 7efe4acd2700 1 --2- 172.21.15.37:0/1555180311 >> [v2:172.21.15.37:6800/3714037575,v1:172.21.15.37:6801/3714037575] conn(0x7efe2802fda0 0x7efe28032260 secure :-1 s=READY pgs=6 cs=0 l=1 rev1=1 rx=0x7efe300096a0 tx=0x7efe30006b40).stop
2024-02-11T17:00:06.156 INFO:teuthology.orchestra.run.smithi037.stderr:/usr/bin/ceph:
2024-02-11T17:00:06.153+0000 7efe4acd2700 1 -- 172.21.15.37:0/1555180311 >> [v2:172.21.15.37:3300/0,v1:172.21.15.37:6789/0] conn(0x7efe44070390 msgr2=0x7efe4410cc20 secure :-1 s=STATE_CONNECTION_ESTABLISHED l=1).mark_down
2024-02-11T17:00:06.156 INFO:teuthology.orchestra.run.smithi037.stderr:/usr/bin/ceph:
2024-02-11T17:00:06.153+0000 7efe4acd2700 1 --2- 172.21.15.37:0/1555180311 >> [v2:172.21.15.37:3300/0,v1:172.21.15.37:6789/0] conn(0x7efe44070390 0x7efe4410cc20 secure :-1 s=READY pgs=80 cs=0 l=1 rev1=1 rx=0x7efe3800b1d0 tx=0x7efe38006ee0).stop
2024-02-11T17:00:06.156 INFO:teuthology.orchestra.run.smithi037.stderr:/usr/bin/ceph:
2024-02-11T17:00:06.154+0000 7efe4acd2700 1 -- 172.21.15.37:0/1555180311 shutdown_connections
2024-02-11T17:00:06.156 INFO:teuthology.orchestra.run.smithi037.stderr:/usr/bin/ceph:
2024-02-11T17:00:06.154+0000 7efe4acd2700 1 --2- 172.21.15.37:0/1555180311 >> [v2:172.21.15.37:6800/3714037575,v1:172.21.15.37:6801/3714037575] conn(0x7efe2802fda0 0x7efe28032260 unknown :-1 s=CLOSED pgs=6 cs=0 l=1 rev1=1 rx=0 tx=0).stop
2024-02-11T17:00:06.156 INFO:teuthology.orchestra.run.smithi037.stderr:/usr/bin/ceph:
2024-02-11T17:00:06.154+0000 7efe4acd2700 1 --2- 172.21.15.37:0/1555180311 >> [v2:172.21.15.37:3300/0,v1:172.21.15.37:6789/0] conn(0x7efe44070390 0x7efe4410cc20 unknown :-1 s=CLOSED pgs=80 cs=0 l=1 rev1=1 rx=0 tx=0).stop
2024-02-11T17:00:06.156 INFO:teuthology.orchestra.run.smithi037.stderr:/usr/bin/ceph:
2024-02-11T17:00:06.154+0000 7efe4acd2700 1 -- 172.21.15.37:0/1555180311 >> 172.21.15.37:0/1555180311 conn(0x7efe440f63c0 msgr2=0x7efe440f7e90 unknown :-1 s=STATE_NONE l=0).mark_down
2024-02-11T17:00:06.156 INFO:teuthology.orchestra.run.smithi037.stderr:/usr/bin/ceph:
2024-02-11T17:00:06.154+0000 7efe4acd2700 1 -- 172.21.15.37:0/1555180311 shutdown_connections
2024-02-11T17:00:06.156 INFO:teuthology.orchestra.run.smithi037.stderr:/usr/bin/ceph:
2024-02-11T17:00:06.154+0000 7efe4acd2700 1 -- 172.21.15.37:0/1555180311 wait complete.
2024-02-11T17:00:06.867 INFO:teuthology.orchestra.run.smithi037.stderr:Creating initial admin user...
2024-02-11T17:00:06.867 INFO:teuthology.orchestra.run.smithi037.stderr:Running command: /bin/podman run --rm --ipc=host --no-hosts --net=host --entrypoint /usr/bin/ceph --init -e CONTAINER_IMAGE=docker.io/ceph/ceph:v16.2.4 -e NODE_NAME=smithi037 -e CEPH_USE_RANDOM_NONCE=1 -v /var/log/ceph/c65cd888-c8fe-11ee-95b9-87774f69a715:/var/log/ceph:z -v /tmp/ceph-tmpjftqjcr4:/etc/ceph/ceph.client.admin.keyring:z -v /tmp/ceph-tmp4ata0hlm:/etc/ceph/ceph.conf:z -v /tmp/ceph-tmp4m5fru_e:/tmp/dashboard.pw:z docker.io/ceph/ceph:v16.2.4 dashboard ac-user-create admin -i /tmp/dashboard.pw administrator --force-password --pwd-update-required
2024-02-11T17:00:07.183 INFO:journalctl@ceph.mon.smithi037.smithi037.stdout:Feb 11 17:00:07 smithi037 ceph-c65cd888-c8fe-11ee-95b9-87774f69a715-mon.smithi037[39355]: cluster
2024-02-11T17:00:06.033382+0000 mon.smithi037 (mon.0) 107 : cluster [DBG] mgrmap e16: smithi037.eofnaq(active, since 2s)
2024-02-11T17:00:07.183 INFO:journalctl@ceph.mon.smithi037.smithi037.stdout:Feb 11 17:00:07 smithi037 ceph-c65cd888-c8fe-11ee-95b9-87774f69a715-mon.smithi037[39355]: audit
2024-02-11T17:00:06.100860+0000 mgr.smithi037.eofnaq (mgr.14162) 3 : audit [DBG] from='client.14172 -' entity='client.admin' cmd=[{"prefix": "dashboard create-self-signed-cert", "target": ["mon-mgr", ""]}]: dispatch
2024-02-11T17:00:07.183 INFO:journalctl@ceph.mon.smithi037.smithi037.stdout:Feb 11 17:00:07 smithi037 ceph-c65cd888-c8fe-11ee-95b9-87774f69a715-mon.smithi037[39355]: audit
2024-02-11T17:00:06.150403+0000 mon.smithi037 (mon.0) 108 : audit [INF] from='mgr.14162 172.21.15.37:0/2745465012' entity='mgr.smithi037.eofnaq'
2024-02-11T17:00:07.183 INFO:journalctl@ceph.mon.smithi037.smithi037.stdout:Feb 11 17:00:07 smithi037 ceph-c65cd888-c8fe-11ee-95b9-87774f69a715-mon.smithi037[39355]: audit
2024-02-11T17:00:06.152271+0000 mon.smithi037 (mon.0) 109 : audit [INF] from='mgr.14162 172.21.15.37:0/2745465012' entity='mgr.smithi037.eofnaq'
2024-02-11T17:00:07.489 INFO:teuthology.orchestra.run.smithi037.stderr:/usr/bin/ceph:
2024-02-11T17:00:07.486+0000 7f333c6c6700 1 Processor -- start
2024-02-11T17:00:07.489 INFO:teuthology.orchestra.run.smithi037.stderr:/usr/bin/ceph:
2024-02-11T17:00:07.486+0000 7f333c6c6700 1 -- start start
2024-02-11T17:00:07.489 INFO:teuthology.orchestra.run.smithi037.stderr:/usr/bin/ceph:
2024-02-11T17:00:07.486+0000 7f333c6c6700 1 --2- >> [v2:172.21.15.37:3300/0,v1:172.21.15.37:6789/0] conn(0x7f33340fbcb0 0x7f33340fc0d0 unknown :-1 s=NONE pgs=0 cs=0 l=0 rev1=0 rx=0 tx=0).connect
2024-02-11T17:00:07.489 INFO:teuthology.orchestra.run.smithi037.stderr:/usr/bin/ceph:
2024-02-11T17:00:07.486+0000 7f333c6c6700 1 -- --> [v2:172.21.15.37:3300/0,v1:172.21.15.37:6789/0] -- mon_getmap magic: 0 v1 -- 0x7f33340fc5c0 con 0x7f33340fbcb0
2024-02-11T17:00:07.490 INFO:teuthology.orchestra.run.smithi037.stderr:/usr/bin/ceph:
2024-02-11T17:00:07.487+0000 7f333a462700 1 --2- >> [v2:172.21.15.37:3300/0,v1:172.21.15.37:6789/0] conn(0x7f33340fbcb0 0x7f33340fc0d0 unknown :-1 s=BANNER_CONNECTING pgs=0 cs=0 l=0 rev1=0 rx=0 tx=0)._handle_peer_banner_payload supported=1 required=0
2024-02-11T17:00:07.490 INFO:teuthology.orchestra.run.smithi037.stderr:/usr/bin/ceph:
2024-02-11T17:00:07.487+0000 7f333a462700 1 --2- >> [v2:172.21.15.37:3300/0,v1:172.21.15.37:6789/0] conn(0x7f33340fbcb0 0x7f33340fc0d0 unknown :-1 s=HELLO_CONNECTING pgs=0 cs=0 l=0 rev1=1 rx=0 tx=0).handle_hello peer v2:172.21.15.37:3300/0 says I am v2:172.21.15.37:51618/0 (socket says 172.21.15.37:51618)
2024-02-11T17:00:07.490 INFO:teuthology.orchestra.run.smithi037.stderr:/usr/bin/ceph:
2024-02-11T17:00:07.487+0000 7f333a462700 1 -- 172.21.15.37:0/4060043404 learned_addr learned my addr 172.21.15.37:0/4060043404 (peer_addr_for_me v2:172.21.15.37:0/0)
2024-02-11T17:00:07.490 INFO:teuthology.orchestra.run.smithi037.stderr:/usr/bin/ceph:
2024-02-11T17:00:07.487+0000 7f333a462700 1 -- 172.21.15.37:0/4060043404 --> [v2:172.21.15.37:3300/0,v1:172.21.15.37:6789/0] -- mon_subscribe({config=0+,monmap=0+}) v3 -- 0x7f33340fc700 con 0x7f33340fbcb0
2024-02-11T17:00:07.490 INFO:teuthology.orchestra.run.smithi037.stderr:/usr/bin/ceph:
2024-02-11T17:00:07.487+0000 7f333a462700 1 --2- 172.21.15.37:0/4060043404 >> [v2:172.21.15.37:3300/0,v1:172.21.15.37:6789/0] conn(0x7f33340fbcb0 0x7f33340fc0d0 secure :-1 s=READY pgs=81 cs=0 l=1 rev1=1 rx=0x7f332400b5f0 tx=0x7f3324006ee0).ready entity=mon.0 client_cookie=d6b12fbabaa7e9c4 server_cookie=0 in_seq=0 out_seq=0
2024-02-11T17:00:07.490 INFO:teuthology.orchestra.run.smithi037.stderr:/usr/bin/ceph:
2024-02-11T17:00:07.487+0000 7f3339460700 1 -- 172.21.15.37:0/4060043404 <== mon.0 v2:172.21.15.37:3300/0 1 ==== mon_map magic: 0 v1 ==== 229+0+0 (secure 0 0 0) 0x7f332400d600 con 0x7f33340fbcb0
2024-02-11T17:00:07.490 INFO:teuthology.orchestra.run.smithi037.stderr:/usr/bin/ceph:
2024-02-11T17:00:07.487+0000 7f3339460700 1 -- 172.21.15.37:0/4060043404 <== mon.0 v2:172.21.15.37:3300/0 2 ==== config(25 keys) v1 ==== 1074+0+0 (secure 0 0 0) 0x7f332400dc10 con 0x7f33340fbcb0
2024-02-11T17:00:07.490 INFO:teuthology.orchestra.run.smithi037.stderr:/usr/bin/ceph:
2024-02-11T17:00:07.487+0000 7f3339460700 1 -- 172.21.15.37:0/4060043404 <== mon.0 v2:172.21.15.37:3300/0 3 ==== mon_map magic: 0 v1 ==== 229+0+0 (secure 0 0 0) 0x7f3324011cd0 con 0x7f33340fbcb0
2024-02-11T17:00:07.490 INFO:teuthology.orchestra.run.smithi037.stderr:/usr/bin/ceph:
2024-02-11T17:00:07.488+0000 7f333c6c6700 1 -- 172.21.15.37:0/4060043404 >> [v2:172.21.15.37:3300/0,v1:172.21.15.37:6789/0] conn(0x7f33340fbcb0 msgr2=0x7f33340fc0d0 secure :-1 s=STATE_CONNECTION_ESTABLISHED l=1).mark_down
2024-02-11T17:00:07.490 INFO:teuthology.orchestra.run.smithi037.stderr:/usr/bin/ceph:
2024-02-11T17:00:07.488+0000 7f333c6c6700 1 --2- 172.21.15.37:0/4060043404 >> [v2:172.21.15.37:3300/0,v1:172.21.15.37:6789/0] conn(0x7f33340fbcb0 0x7f33340fc0d0 secure :-1 s=READY pgs=81 cs=0 l=1 rev1=1 rx=0x7f332400b5f0 tx=0x7f3324006ee0).stop
2024-02-11T17:00:07.490 INFO:teuthology.orchestra.run.smithi037.stderr:/usr/bin/ceph:
2024-02-11T17:00:07.488+0000 7f333c6c6700 1 -- 172.21.15.37:0/4060043404 shutdown_connections
2024-02-11T17:00:07.490 INFO:teuthology.orchestra.run.smithi037.stderr:/usr/bin/ceph:
2024-02-11T17:00:07.488+0000 7f333c6c6700 1 --2- 172.21.15.37:0/4060043404 >> [v2:172.21.15.37:3300/0,v1:172.21.15.37:6789/0] conn(0x7f33340fbcb0 0x7f33340fc0d0 unknown :-1 s=CLOSED pgs=81 cs=0 l=1 rev1=1 rx=0 tx=0).stop
2024-02-11T17:00:07.490 INFO:teuthology.orchestra.run.smithi037.stderr:/usr/bin/ceph:
2024-02-11T17:00:07.488+0000 7f333c6c6700 1 -- 172.21.15.37:0/4060043404 >> 172.21.15.37:0/4060043404 conn(0x7f33340f74b0 msgr2=0x7f33340f98d0 unknown :-1 s=STATE_NONE l=0).mark_down
2024-02-11T17:00:07.490 INFO:teuthology.orchestra.run.smithi037.stderr:/usr/bin/ceph:
2024-02-11T17:00:07.488+0000 7f333c6c6700 1 -- 172.21.15.37:0/4060043404 shutdown_connections
2024-02-11T17:00:07.491 INFO:teuthology.orchestra.run.smithi037.stderr:/usr/bin/ceph:
2024-02-11T17:00:07.488+0000 7f333c6c6700 1 -- 172.21.15.37:0/4060043404 wait complete.
2024-02-11T17:00:07.493 INFO:teuthology.orchestra.run.smithi037.stderr:/usr/bin/ceph:
2024-02-11T17:00:07.489+0000 7f333c6c6700 1 Processor -- start
2024-02-11T17:00:07.493 INFO:teuthology.orchestra.run.smithi037.stderr:/usr/bin/ceph:
2024-02-11T17:00:07.489+0000 7f333c6c6700 1 -- start start
2024-02-11T17:00:07.493 INFO:teuthology.orchestra.run.smithi037.stderr:/usr/bin/ceph:
2024-02-11T17:00:07.489+0000 7f333c6c6700 1 --2- >> [v2:172.21.15.37:3300/0,v1:172.21.15.37:6789/0] conn(0x7f33340fbcb0 0x7f33340725e0 unknown :-1 s=NONE pgs=0 cs=0 l=1 rev1=0 rx=0 tx=0).connect
2024-02-11T17:00:07.493 INFO:teuthology.orchestra.run.smithi037.stderr:/usr/bin/ceph:
2024-02-11T17:00:07.489+0000 7f333c6c6700 1 -- --> [v2:172.21.15.37:3300/0,v1:172.21.15.37:6789/0] -- mon_getmap magic: 0 v1 -- 0x7f3334070a60 con 0x7f33340fbcb0
2024-02-11T17:00:07.493 INFO:teuthology.orchestra.run.smithi037.stderr:/usr/bin/ceph:
2024-02-11T17:00:07.489+0000 7f333a462700 1 --2- >> [v2:172.21.15.37:3300/0,v1:172.21.15.37:6789/0] conn(0x7f33340fbcb0 0x7f33340725e0 unknown :-1 s=BANNER_CONNECTING pgs=0 cs=0 l=1 rev1=0 rx=0 tx=0)._handle_peer_banner_payload supported=1 required=0
2024-02-11T17:00:07.493 INFO:teuthology.orchestra.run.smithi037.stderr:/usr/bin/ceph:
2024-02-11T17:00:07.489+0000 7f333a462700 1 --2- >> [v2:172.21.15.37:3300/0,v1:172.21.15.37:6789/0] conn(0x7f33340fbcb0 0x7f33340725e0 unknown :-1 s=HELLO_CONNECTING pgs=0 cs=0 l=1 rev1=1 rx=0 tx=0).handle_hello peer v2:172.21.15.37:3300/0 says I am v2:172.21.15.37:51626/0 (socket says 172.21.15.37:51626)
2024-02-11T17:00:07.493 INFO:teuthology.orchestra.run.smithi037.stderr:/usr/bin/ceph:
2024-02-11T17:00:07.489+0000 7f333a462700 1 -- 172.21.15.37:0/773946408 learned_addr learned my addr 172.21.15.37:0/773946408 (peer_addr_for_me v2:172.21.15.37:0/0)
2024-02-11T17:00:07.494 INFO:teuthology.orchestra.run.smithi037.stderr:/usr/bin/ceph:
2024-02-11T17:00:07.489+0000 7f333a462700 1 -- 172.21.15.37:0/773946408 --> [v2:172.21.15.37:3300/0,v1:172.21.15.37:6789/0] -- mon_subscribe({config=0+,monmap=0+}) v3 -- 0x7f332400b200 con 0x7f33340fbcb0
2024-02-11T17:00:07.494 INFO:teuthology.orchestra.run.smithi037.stderr:/usr/bin/ceph:
2024-02-11T17:00:07.489+0000 7f333a462700 1 --2- 172.21.15.37:0/773946408 >> [v2:172.21.15.37:3300/0,v1:172.21.15.37:6789/0] conn(0x7f33340fbcb0 0x7f33340725e0 secure :-1 s=READY pgs=82 cs=0 l=1 rev1=1 rx=0x7f332400e040 tx=0x7f3324006ee0).ready entity=mon.0 client_cookie=0 server_cookie=0 in_seq=0 out_seq=0
2024-02-11T17:00:07.494 INFO:teuthology.orchestra.run.smithi037.stderr:/usr/bin/ceph:
2024-02-11T17:00:07.490+0000 7f3322ffd700 1 -- 172.21.15.37:0/773946408 <== mon.0 v2:172.21.15.37:3300/0 1 ==== mon_map magic: 0 v1 ==== 229+0+0 (secure 0 0 0) 0x7f332401b410 con 0x7f33340fbcb0
2024-02-11T17:00:07.494 INFO:teuthology.orchestra.run.smithi037.stderr:/usr/bin/ceph:
2024-02-11T17:00:07.490+0000 7f3322ffd700 1 -- 172.21.15.37:0/773946408 <== mon.0 v2:172.21.15.37:3300/0 2 ==== config(25 keys) v1 ==== 1074+0+0 (secure 0 0 0) 0x7f332401ba20 con 0x7f33340fbcb0
2024-02-11T17:00:07.494 INFO:teuthology.orchestra.run.smithi037.stderr:/usr/bin/ceph:
2024-02-11T17:00:07.490+0000 7f3322ffd700 1 -- 172.21.15.37:0/773946408 <== mon.0 v2:172.21.15.37:3300/0 3 ==== mon_map magic: 0 v1 ==== 229+0+0 (secure 0 0 0) 0x7f332401a910 con 0x7f33340fbcb0
2024-02-11T17:00:07.494 INFO:teuthology.orchestra.run.smithi037.stderr:/usr/bin/ceph:
2024-02-11T17:00:07.490+0000 7f333c6c6700 1 -- 172.21.15.37:0/773946408 --> [v2:172.21.15.37:3300/0,v1:172.21.15.37:6789/0] -- mon_subscribe({mgrmap=0+}) v3 -- 0x7f3334070c00 con 0x7f33340fbcb0
2024-02-11T17:00:07.494 INFO:teuthology.orchestra.run.smithi037.stderr:/usr/bin/ceph:
2024-02-11T17:00:07.490+0000 7f333c6c6700 1 -- 172.21.15.37:0/773946408 --> [v2:172.21.15.37:3300/0,v1:172.21.15.37:6789/0] -- mon_subscribe({osdmap=0}) v3 -- 0x7f3334071010 con 0x7f33340fbcb0
2024-02-11T17:00:07.494 INFO:teuthology.orchestra.run.smithi037.stderr:/usr/bin/ceph:
2024-02-11T17:00:07.490+0000 7f3322ffd700 1 -- 172.21.15.37:0/773946408 <== mon.0 v2:172.21.15.37:3300/0 4 ==== mgrmap(e 16) v1 ==== 36208+0+0 (secure 0 0 0) 0x7f332400f070 con 0x7f33340fbcb0
2024-02-11T17:00:07.494 INFO:teuthology.orchestra.run.smithi037.stderr:/usr/bin/ceph:
2024-02-11T17:00:07.491+0000 7f3322ffd700 1 --2- 172.21.15.37:0/773946408 >> [v2:172.21.15.37:6800/3714037575,v1:172.21.15.37:6801/3714037575] conn(0x7f331c02ff00 0x7f331c0323c0 unknown :-1 s=NONE pgs=0 cs=0 l=1 rev1=0 rx=0 tx=0).connect
2024-02-11T17:00:07.494 INFO:teuthology.orchestra.run.smithi037.stderr:/usr/bin/ceph:
2024-02-11T17:00:07.491+0000 7f3322ffd700 1 -- 172.21.15.37:0/773946408 <== mon.0 v2:172.21.15.37:3300/0 5 ==== osd_map(4..4 src has 1..4) v4 ==== 1270+0+0 (secure 0 0 0) 0x7f3324041430 con 0x7f33340fbcb0
2024-02-11T17:00:07.494 INFO:teuthology.orchestra.run.smithi037.stderr:/usr/bin/ceph:
2024-02-11T17:00:07.491+0000 7f3339c61700 1 --2- 172.21.15.37:0/773946408 >> [v2:172.21.15.37:6800/3714037575,v1:172.21.15.37:6801/3714037575] conn(0x7f331c02ff00 0x7f331c0323c0 unknown :-1 s=BANNER_CONNECTING pgs=0 cs=0 l=1 rev1=0 rx=0 tx=0)._handle_peer_banner_payload supported=1 required=0
2024-02-11T17:00:07.494 INFO:teuthology.orchestra.run.smithi037.stderr:/usr/bin/ceph:
2024-02-11T17:00:07.491+0000 7f3320ff9700 1 -- 172.21.15.37:0/773946408 --> [v2:172.21.15.37:3300/0,v1:172.21.15.37:6789/0] -- mon_command({"prefix": "get_command_descriptions"} v 0) v1 -- 0x7f3318004fa0 con 0x7f33340fbcb0
2024-02-11T17:00:07.494 INFO:teuthology.orchestra.run.smithi037.stderr:/usr/bin/ceph:
2024-02-11T17:00:07.491+0000 7f3339c61700 1 --2- 172.21.15.37:0/773946408 >> [v2:172.21.15.37:6800/3714037575,v1:172.21.15.37:6801/3714037575] conn(0x7f331c02ff00 0x7f331c0323c0 secure :-1 s=READY pgs=7 cs=0 l=1 rev1=1 rx=0x7f33300096a0 tx=0x7f3330006b40).ready entity=mgr.14162 client_cookie=0 server_cookie=0 in_seq=0 out_seq=0
2024-02-11T17:00:07.496 INFO:teuthology.orchestra.run.smithi037.stderr:/usr/bin/ceph:
2024-02-11T17:00:07.495+0000 7f3322ffd700 1 -- 172.21.15.37:0/773946408 <== mon.0 v2:172.21.15.37:3300/0 6 ==== mon_command_ack([{"prefix": "get_command_descriptions"}]=0 v0) v1 ==== 72+0+152212 (secure 0 0 0) 0x7f3324016070 con 0x7f33340fbcb0
2024-02-11T17:00:07.670 INFO:teuthology.orchestra.run.smithi037.stderr:/usr/bin/ceph:
2024-02-11T17:00:07.668+0000 7f3320ff9700 1 -- 172.21.15.37:0/773946408 --> [v2:172.21.15.37:6800/3714037575,v1:172.21.15.37:6801/3714037575] -- mgr_command(tid 0: {"prefix": "dashboard ac-user-create", "username": "admin", "rolename": "administrator", "force_password": true, "pwd_update_required": true, "target": ["mon-mgr", ""]}) v1 -- 0x7f3318002400 con 0x7f331c02ff00
2024-02-11T17:00:07.915 INFO:teuthology.orchestra.run.smithi037.stderr:/usr/bin/ceph:
2024-02-11T17:00:07.914+0000 7f3322ffd700 1 -- 172.21.15.37:0/773946408 <== mgr.14162 v2:172.21.15.37:6800/3714037575 1 ==== mgr_command_reply(tid 0: 0 ) v1 ==== 8+0+252 (secure 0 0 0) 0x7f3318002400 con 0x7f331c02ff00
2024-02-11T17:00:07.916 INFO:teuthology.orchestra.run.smithi037.stderr:/usr/bin/ceph: {"username": "admin", "password": "$2b$12$PpZ33CzevM.DiAKOciv6PeHUTOfEciaK/zBibf5QuL.khemV7DKbW", "roles": ["administrator"], "name": null, "email": null, "lastUpdate": 1707670807, "enabled": true, "pwdExpirationDate": null, "pwdUpdateRequired": true}
2024-02-11T17:00:07.918 INFO:teuthology.orchestra.run.smithi037.stderr:/usr/bin/ceph:
2024-02-11T17:00:07.916+0000 7f3320ff9700 1 -- 172.21.15.37:0/773946408 >> [v2:172.21.15.37:6800/3714037575,v1:172.21.15.37:6801/3714037575] conn(0x7f331c02ff00 msgr2=0x7f331c0323c0 secure :-1 s=STATE_CONNECTION_ESTABLISHED l=1).mark_down
2024-02-11T17:00:07.918 INFO:teuthology.orchestra.run.smithi037.stderr:/usr/bin/ceph:
2024-02-11T17:00:07.916+0000 7f3320ff9700 1 --2- 172.21.15.37:0/773946408 >> [v2:172.21.15.37:6800/3714037575,v1:172.21.15.37:6801/3714037575] conn(0x7f331c02ff00 0x7f331c0323c0 secure :-1 s=READY pgs=7 cs=0 l=1 rev1=1 rx=0x7f33300096a0 tx=0x7f3330006b40).stop
2024-02-11T17:00:07.918 INFO:teuthology.orchestra.run.smithi037.stderr:/usr/bin/ceph:
2024-02-11T17:00:07.916+0000 7f3320ff9700 1 -- 172.21.15.37:0/773946408 >> [v2:172.21.15.37:3300/0,v1:172.21.15.37:6789/0] conn(0x7f33340fbcb0 msgr2=0x7f33340725e0 secure :-1 s=STATE_CONNECTION_ESTABLISHED l=1).mark_down
2024-02-11T17:00:07.918 INFO:teuthology.orchestra.run.smithi037.stderr:/usr/bin/ceph:
2024-02-11T17:00:07.916+0000 7f3320ff9700 1 --2- 172.21.15.37:0/773946408 >> [v2:172.21.15.37:3300/0,v1:172.21.15.37:6789/0] conn(0x7f33340fbcb0 0x7f33340725e0 secure :-1 s=READY pgs=82 cs=0 l=1 rev1=1 rx=0x7f332400e040 tx=0x7f3324006ee0).stop
2024-02-11T17:00:07.918 INFO:teuthology.orchestra.run.smithi037.stderr:/usr/bin/ceph:
2024-02-11T17:00:07.916+0000 7f3320ff9700 1 -- 172.21.15.37:0/773946408 shutdown_connections
2024-02-11T17:00:07.919 INFO:teuthology.orchestra.run.smithi037.stderr:/usr/bin/ceph:
2024-02-11T17:00:07.916+0000 7f3320ff9700 1 --2- 172.21.15.37:0/773946408 >> [v2:172.21.15.37:6800/3714037575,v1:172.21.15.37:6801/3714037575] conn(0x7f331c02ff00 0x7f331c0323c0 unknown :-1 s=CLOSED pgs=7 cs=0 l=1 rev1=1 rx=0 tx=0).stop
2024-02-11T17:00:07.919 INFO:teuthology.orchestra.run.smithi037.stderr:/usr/bin/ceph:
2024-02-11T17:00:07.916+0000 7f3320ff9700 1 --2- 172.21.15.37:0/773946408 >> [v2:172.21.15.37:3300/0,v1:172.21.15.37:6789/0] conn(0x7f33340fbcb0 0x7f33340725e0 unknown :-1 s=CLOSED pgs=82 cs=0 l=1 rev1=1 rx=0 tx=0).stop
2024-02-11T17:00:07.919 INFO:teuthology.orchestra.run.smithi037.stderr:/usr/bin/ceph:
2024-02-11T17:00:07.916+0000 7f3320ff9700 1 -- 172.21.15.37:0/773946408 >> 172.21.15.37:0/773946408 conn(0x7f33340f74b0 msgr2=0x7f33340f8f30 unknown :-1 s=STATE_NONE l=0).mark_down
2024-02-11T17:00:07.919 INFO:teuthology.orchestra.run.smithi037.stderr:/usr/bin/ceph:
2024-02-11T17:00:07.917+0000 7f3320ff9700 1 -- 172.21.15.37:0/773946408 shutdown_connections
2024-02-11T17:00:07.919 INFO:teuthology.orchestra.run.smithi037.stderr:/usr/bin/ceph:
2024-02-11T17:00:07.917+0000 7f3320ff9700 1 -- 172.21.15.37:0/773946408 wait complete.
2024-02-11T17:00:08.433 INFO:journalctl@ceph.mon.smithi037.smithi037.stdout:Feb 11 17:00:08 smithi037 ceph-c65cd888-c8fe-11ee-95b9-87774f69a715-mon.smithi037[39355]: audit
2024-02-11T17:00:07.670092+0000 mgr.smithi037.eofnaq (mgr.14162) 4 : audit [DBG] from='client.14174 -' entity='client.admin' cmd=[{"prefix": "dashboard ac-user-create", "username": "admin", "rolename": "administrator", "force_password": true, "pwd_update_required": true, "target": ["mon-mgr", ""]}]: dispatch
