2024-02-11T16:59:11.489+0000 7fdc3cb47700 1 --2- 172.21.15.84:0/331876563 >> [v2:172.21.15.84:3300/0,v1:172.21.15.84:6789/0] conn(0x7fdc380fbcb0 0x7fdc380fc0d0 secure :-1 s=READY pgs=35 cs=0 l=1 rev1=1 rx=0x7fdc2800b5f0 tx=0x7fdc28006ee0).stop
2024-02-11T16:59:11.494 INFO:teuthology.orchestra.run.smithi084.stderr:/usr/bin/ceph:
2024-02-11T16:59:11.489+0000 7fdc3cb47700 1 -- 172.21.15.84:0/331876563 shutdown_connections
2024-02-11T16:59:11.494 INFO:teuthology.orchestra.run.smithi084.stderr:/usr/bin/ceph:
2024-02-11T16:59:11.489+0000 7fdc3cb47700 1 --2- 172.21.15.84:0/331876563 >> [v2:172.21.15.84:3300/0,v1:172.21.15.84:6789/0] conn(0x7fdc380fbcb0 0x7fdc380fc0d0 unknown :-1 s=CLOSED pgs=35 cs=0 l=1 rev1=1 rx=0 tx=0).stop
2024-02-11T16:59:11.494 INFO:teuthology.orchestra.run.smithi084.stderr:/usr/bin/ceph:
2024-02-11T16:59:11.489+0000 7fdc3cb47700 1 -- 172.21.15.84:0/331876563 >> 172.21.15.84:0/331876563 conn(0x7fdc380f74b0 msgr2=0x7fdc380f98d0 unknown :-1 s=STATE_NONE l=0).mark_down
2024-02-11T16:59:11.494 INFO:teuthology.orchestra.run.smithi084.stderr:/usr/bin/ceph:
2024-02-11T16:59:11.489+0000 7fdc3cb47700 1 -- 172.21.15.84:0/331876563 shutdown_connections
2024-02-11T16:59:11.494 INFO:teuthology.orchestra.run.smithi084.stderr:/usr/bin/ceph:
2024-02-11T16:59:11.489+0000 7fdc3cb47700 1 -- 172.21.15.84:0/331876563 wait complete.
2024-02-11T16:59:11.494 INFO:teuthology.orchestra.run.smithi084.stderr:/usr/bin/ceph:
2024-02-11T16:59:11.490+0000 7fdc3cb47700 1 Processor -- start
2024-02-11T16:59:11.494 INFO:teuthology.orchestra.run.smithi084.stderr:/usr/bin/ceph:
2024-02-11T16:59:11.490+0000 7fdc3cb47700 1 -- start start
2024-02-11T16:59:11.494 INFO:teuthology.orchestra.run.smithi084.stderr:/usr/bin/ceph:
2024-02-11T16:59:11.490+0000 7fdc3cb47700 1 --2- >> [v2:172.21.15.84:3300/0,v1:172.21.15.84:6789/0] conn(0x7fdc380fbcb0 0x7fdc3810aa60 unknown :-1 s=NONE pgs=0 cs=0 l=1 rev1=0 rx=0 tx=0).connect
2024-02-11T16:59:11.495 INFO:teuthology.orchestra.run.smithi084.stderr:/usr/bin/ceph:
2024-02-11T16:59:11.490+0000 7fdc3cb47700 1 -- --> [v2:172.21.15.84:3300/0,v1:172.21.15.84:6789/0] -- mon_getmap magic: 0 v1 -- 0x7fdc3810af50 con 0x7fdc380fbcb0
2024-02-11T16:59:11.495 INFO:teuthology.orchestra.run.smithi084.stderr:/usr/bin/ceph:
2024-02-11T16:59:11.490+0000 7fdc3659c700 1 --2- >> [v2:172.21.15.84:3300/0,v1:172.21.15.84:6789/0] conn(0x7fdc380fbcb0 0x7fdc3810aa60 unknown :-1 s=BANNER_CONNECTING pgs=0 cs=0 l=1 rev1=0 rx=0 tx=0)._handle_peer_banner_payload supported=1 required=0
2024-02-11T16:59:11.495 INFO:teuthology.orchestra.run.smithi084.stderr:/usr/bin/ceph:
2024-02-11T16:59:11.490+0000 7fdc3659c700 1 --2- >> [v2:172.21.15.84:3300/0,v1:172.21.15.84:6789/0] conn(0x7fdc380fbcb0 0x7fdc3810aa60 unknown :-1 s=HELLO_CONNECTING pgs=0 cs=0 l=1 rev1=1 rx=0 tx=0).handle_hello peer v2:172.21.15.84:3300/0 says I am v2:172.21.15.84:51244/0 (socket says 172.21.15.84:51244)
2024-02-11T16:59:11.495 INFO:teuthology.orchestra.run.smithi084.stderr:/usr/bin/ceph:
2024-02-11T16:59:11.490+0000 7fdc3659c700 1 -- 172.21.15.84:0/54455873 learned_addr learned my addr 172.21.15.84:0/54455873 (peer_addr_for_me v2:172.21.15.84:0/0)
2024-02-11T16:59:11.495 INFO:teuthology.orchestra.run.smithi084.stderr:/usr/bin/ceph:
2024-02-11T16:59:11.491+0000 7fdc3659c700 1 -- 172.21.15.84:0/54455873 --> [v2:172.21.15.84:3300/0,v1:172.21.15.84:6789/0] -- mon_subscribe({config=0+,monmap=0+}) v3 -- 0x7fdc2800b200 con 0x7fdc380fbcb0
2024-02-11T16:59:11.495 INFO:teuthology.orchestra.run.smithi084.stderr:/usr/bin/ceph:
2024-02-11T16:59:11.491+0000 7fdc3659c700 1 --2- 172.21.15.84:0/54455873 >> [v2:172.21.15.84:3300/0,v1:172.21.15.84:6789/0] conn(0x7fdc380fbcb0 0x7fdc3810aa60 secure :-1 s=READY pgs=36 cs=0 l=1 rev1=1 rx=0x7fdc2800e040 tx=0x7fdc28006ee0).ready entity=mon.0 client_cookie=0 server_cookie=0 in_seq=0 out_seq=0
2024-02-11T16:59:11.495 INFO:teuthology.orchestra.run.smithi084.stderr:/usr/bin/ceph:
2024-02-11T16:59:11.491+0000 7fdc26ffd700 1 -- 172.21.15.84:0/54455873 <== mon.0 v2:172.21.15.84:3300/0 1 ==== mon_map magic: 0 v1 ==== 229+0+0 (secure 0 0 0) 0x7fdc2801b410 con 0x7fdc380fbcb0
2024-02-11T16:59:11.495 INFO:teuthology.orchestra.run.smithi084.stderr:/usr/bin/ceph:
2024-02-11T16:59:11.491+0000 7fdc26ffd700 1 -- 172.21.15.84:0/54455873 <== mon.0 v2:172.21.15.84:3300/0 2 ==== config(25 keys) v1 ==== 1010+0+0 (secure 0 0 0) 0x7fdc2801b9e0 con 0x7fdc380fbcb0
2024-02-11T16:59:11.495 INFO:teuthology.orchestra.run.smithi084.stderr:/usr/bin/ceph:
2024-02-11T16:59:11.491+0000 7fdc26ffd700 1 -- 172.21.15.84:0/54455873 <== mon.0 v2:172.21.15.84:3300/0 3 ==== mon_map magic: 0 v1 ==== 229+0+0 (secure 0 0 0) 0x7fdc2801a820 con 0x7fdc380fbcb0
2024-02-11T16:59:11.495 INFO:teuthology.orchestra.run.smithi084.stderr:/usr/bin/ceph:
2024-02-11T16:59:11.491+0000 7fdc3cb47700 1 -- 172.21.15.84:0/54455873 --> [v2:172.21.15.84:3300/0,v1:172.21.15.84:6789/0] -- mon_subscribe({mgrmap=0+}) v3 -- 0x7fdc3810b150 con 0x7fdc380fbcb0
2024-02-11T16:59:11.495 INFO:teuthology.orchestra.run.smithi084.stderr:/usr/bin/ceph:
2024-02-11T16:59:11.491+0000 7fdc3cb47700 1 -- 172.21.15.84:0/54455873 --> [v2:172.21.15.84:3300/0,v1:172.21.15.84:6789/0] -- mon_subscribe({osdmap=0}) v3 -- 0x7fdc3810b560 con 0x7fdc380fbcb0
2024-02-11T16:59:11.495 INFO:teuthology.orchestra.run.smithi084.stderr:/usr/bin/ceph:
2024-02-11T16:59:11.492+0000 7fdc26ffd700 1 -- 172.21.15.84:0/54455873 <== mon.0 v2:172.21.15.84:3300/0 4 ==== mgrmap(e 8) v1 ==== 36120+0+0 (secure 0 0 0) 0x7fdc2800f070 con 0x7fdc380fbcb0
2024-02-11T16:59:11.496 INFO:teuthology.orchestra.run.smithi084.stderr:/usr/bin/ceph:
2024-02-11T16:59:11.492+0000 7fdc26ffd700 1 --2- 172.21.15.84:0/54455873 >> [v2:172.21.15.84:6800/2315669509,v1:172.21.15.84:6801/2315669509] conn(0x7fdc1c02fdb0 0x7fdc1c032270 unknown :-1 s=NONE pgs=0 cs=0 l=1 rev1=0 rx=0 tx=0).connect
2024-02-11T16:59:11.496 INFO:teuthology.orchestra.run.smithi084.stderr:/usr/bin/ceph:
2024-02-11T16:59:11.492+0000 7fdc26ffd700 1 -- 172.21.15.84:0/54455873 <== mon.0 v2:172.21.15.84:3300/0 5 ==== osd_map(2..2 src has 1..2) v4 ==== 926+0+0 (secure 0 0 0) 0x7fdc280413c0 con 0x7fdc380fbcb0
2024-02-11T16:59:11.496 INFO:teuthology.orchestra.run.smithi084.stderr:/usr/bin/ceph:
2024-02-11T16:59:11.492+0000 7fdc3cb47700 1 -- 172.21.15.84:0/54455873 --> [v2:172.21.15.84:3300/0,v1:172.21.15.84:6789/0] -- mon_command({"prefix": "get_command_descriptions"} v 0) v1 -- 0x7fdc38045ad0 con 0x7fdc380fbcb0
2024-02-11T16:59:11.496 INFO:teuthology.orchestra.run.smithi084.stderr:/usr/bin/ceph:
2024-02-11T16:59:11.492+0000 7fdc35d9b700 1 --2- 172.21.15.84:0/54455873 >> [v2:172.21.15.84:6800/2315669509,v1:172.21.15.84:6801/2315669509] conn(0x7fdc1c02fdb0 0x7fdc1c032270 unknown :-1 s=BANNER_CONNECTING pgs=0 cs=0 l=1 rev1=0 rx=0 tx=0)._handle_peer_banner_payload supported=1 required=0
2024-02-11T16:59:11.496 INFO:teuthology.orchestra.run.smithi084.stderr:/usr/bin/ceph:
2024-02-11T16:59:11.492+0000 7fdc35d9b700 1 --2- 172.21.15.84:0/54455873 >> [v2:172.21.15.84:6800/2315669509,v1:172.21.15.84:6801/2315669509] conn(0x7fdc1c02fdb0 0x7fdc1c032270 secure :-1 s=READY pgs=9 cs=0 l=1 rev1=1 rx=0x7fdc2c0096a0 tx=0x7fdc2c006b40).ready entity=mgr.14114 client_cookie=0 server_cookie=0 in_seq=0 out_seq=0
2024-02-11T16:59:11.497 INFO:teuthology.orchestra.run.smithi084.stderr:/usr/bin/ceph:
2024-02-11T16:59:11.496+0000 7fdc26ffd700 1 -- 172.21.15.84:0/54455873 <== mon.0 v2:172.21.15.84:3300/0 6 ==== mon_command_ack([{"prefix": "get_command_descriptions"}]=0 v0) v1 ==== 72+0+152212 (secure 0 0 0) 0x7fdc28016070 con 0x7fdc380fbcb0
2024-02-11T16:59:11.647 INFO:teuthology.orchestra.run.smithi084.stderr:/usr/bin/ceph:
2024-02-11T16:59:11.645+0000 7fdc3cb47700 1 -- 172.21.15.84:0/54455873 --> [v2:172.21.15.84:6800/2315669509,v1:172.21.15.84:6801/2315669509] -- mgr_command(tid 0: {"prefix": "cephadm get-pub-key", "target": ["mon-mgr", ""]}) v1 -- 0x7fdc38104970 con 0x7fdc1c02fdb0
2024-02-11T16:59:11.647 INFO:teuthology.orchestra.run.smithi084.stderr:/usr/bin/ceph:
2024-02-11T16:59:11.645+0000 7fdc26ffd700 1 -- 172.21.15.84:0/54455873 <== mgr.14114 v2:172.21.15.84:6800/2315669509 1 ==== mgr_command_reply(tid 0: 0 ) v1 ==== 8+0+595 (secure 0 0 0) 0x7fdc38104970 con 0x7fdc1c02fdb0
2024-02-11T16:59:11.647 INFO:teuthology.orchestra.run.smithi084.stderr:/usr/bin/ceph: ssh-rsa AAAAB3NzaC1yc2EAAAADAQABAAABgQCesbdbg3ha1Q8uqo56n160IUMzxC8C6NwkQ7e2Y8gO5EHDPyXLTk8TwvGX4Ilbxh+BgnjPBcbsgBFJ2jVkexcQmivMDZvJ6hjBcev1EA16COXJ4GqZACw/HMXGZ9bUrSyy7JUx7RFTs+i40LiQ4mBQS3RdVYDTU3SULHVjXepcmmw/hRA2ni9477CQMOrdHKn/pVptJX0NvfC2S/3DsvJpV9zt4vGmHnUSXwOt2Y6lx2pdVanEaaAo53UFzJTRBUFS/mzqkiCKFHjy5fERPUls93EqNIYb7G7MIujVuQcqce4UTHhsxrRWdAuZbrGrbvLH5zkaroPhD29zev01K/U/S2Q5KfkfBa+4DMlC8qvYBdnP/QVDF5AWBD5uuMLDa4PSbPUWTksg97vOVnd7pfesi3qh+fgL6bVkYLF3eiyJy93gpUoQ8TIGOrSgfChDKpoNr1nLjc1RrvC7BUeVY06p3oYWxrXKpBSRg+jorLGL2TcZpdNVlH7rOEmvpYTY+c8= ceph-ba46f02e-c8fe-11ee-95b9-87774f69a715
2024-02-11T16:59:11.650 INFO:teuthology.orchestra.run.smithi084.stderr:/usr/bin/ceph:
2024-02-11T16:59:11.647+0000 7fdc3cb47700 1 -- 172.21.15.84:0/54455873 >> [v2:172.21.15.84:6800/2315669509,v1:172.21.15.84:6801/2315669509] conn(0x7fdc1c02fdb0 msgr2=0x7fdc1c032270 secure :-1 s=STATE_CONNECTION_ESTABLISHED l=1).mark_down
2024-02-11T16:59:11.650 INFO:teuthology.orchestra.run.smithi084.stderr:/usr/bin/ceph:
2024-02-11T16:59:11.647+0000 7fdc3cb47700 1 --2- 172.21.15.84:0/54455873 >> [v2:172.21.15.84:6800/2315669509,v1:172.21.15.84:6801/2315669509] conn(0x7fdc1c02fdb0 0x7fdc1c032270 secure :-1 s=READY pgs=9 cs=0 l=1 rev1=1 rx=0x7fdc2c0096a0 tx=0x7fdc2c006b40).stop
2024-02-11T16:59:11.650 INFO:teuthology.orchestra.run.smithi084.stderr:/usr/bin/ceph:
2024-02-11T16:59:11.647+0000 7fdc3cb47700 1 -- 172.21.15.84:0/54455873 >> [v2:172.21.15.84:3300/0,v1:172.21.15.84:6789/0] conn(0x7fdc380fbcb0 msgr2=0x7fdc3810aa60 secure :-1 s=STATE_CONNECTION_ESTABLISHED l=1).mark_down
2024-02-11T16:59:11.650 INFO:teuthology.orchestra.run.smithi084.stderr:/usr/bin/ceph:
2024-02-11T16:59:11.647+0000 7fdc3cb47700 1 --2- 172.21.15.84:0/54455873 >> [v2:172.21.15.84:3300/0,v1:172.21.15.84:6789/0] conn(0x7fdc380fbcb0 0x7fdc3810aa60 secure :-1 s=READY pgs=36 cs=0 l=1 rev1=1 rx=0x7fdc2800e040 tx=0x7fdc28006ee0).stop
2024-02-11T16:59:11.650 INFO:teuthology.orchestra.run.smithi084.stderr:/usr/bin/ceph:
2024-02-11T16:59:11.647+0000 7fdc3cb47700 1 -- 172.21.15.84:0/54455873 shutdown_connections
2024-02-11T16:59:11.650 INFO:teuthology.orchestra.run.smithi084.stderr:/usr/bin/ceph:
2024-02-11T16:59:11.647+0000 7fdc3cb47700 1 --2- 172.21.15.84:0/54455873 >> [v2:172.21.15.84:6800/2315669509,v1:172.21.15.84:6801/2315669509] conn(0x7fdc1c02fdb0 0x7fdc1c032270 unknown :-1 s=CLOSED pgs=9 cs=0 l=1 rev1=1 rx=0 tx=0).stop
2024-02-11T16:59:11.650 INFO:teuthology.orchestra.run.smithi084.stderr:/usr/bin/ceph:
2024-02-11T16:59:11.647+0000 7fdc3cb47700 1 --2- 172.21.15.84:0/54455873 >> [v2:172.21.15.84:3300/0,v1:172.21.15.84:6789/0] conn(0x7fdc380fbcb0 0x7fdc3810aa60 unknown :-1 s=CLOSED pgs=36 cs=0 l=1 rev1=1 rx=0 tx=0).stop
2024-02-11T16:59:11.650 INFO:teuthology.orchestra.run.smithi084.stderr:/usr/bin/ceph:
2024-02-11T16:59:11.647+0000 7fdc3cb47700 1 -- 172.21.15.84:0/54455873 >> 172.21.15.84:0/54455873 conn(0x7fdc380f74b0 msgr2=0x7fdc380f8f70 unknown :-1 s=STATE_NONE l=0).mark_down
2024-02-11T16:59:11.650 INFO:teuthology.orchestra.run.smithi084.stderr:/usr/bin/ceph:
2024-02-11T16:59:11.647+0000 7fdc3cb47700 1 -- 172.21.15.84:0/54455873 shutdown_connections
2024-02-11T16:59:11.650 INFO:teuthology.orchestra.run.smithi084.stderr:/usr/bin/ceph:
2024-02-11T16:59:11.647+0000 7fdc3cb47700 1 -- 172.21.15.84:0/54455873 wait complete.
2024-02-11T16:59:11.671 INFO:journalctl@ceph.mon.smithi084.smithi084.stdout:Feb 11 16:59:11 smithi084 ceph-ba46f02e-c8fe-11ee-95b9-87774f69a715-mon.smithi084[39361]: cephadm
2024-02-11T16:59:09.944364+0000 mgr.smithi084.ytgfmf (mgr.14114) 6 : cephadm [INF] Generating ssh key...
2024-02-11T16:59:11.671 INFO:journalctl@ceph.mon.smithi084.smithi084.stdout:Feb 11 16:59:11 smithi084 ceph-ba46f02e-c8fe-11ee-95b9-87774f69a715-mon.smithi084[39361]: audit
2024-02-11T16:59:10.317251+0000 mon.smithi084 (mon.0) 52 : audit [INF] from='mgr.14114 172.21.15.84:0/3447421838' entity='mgr.smithi084.ytgfmf'
2024-02-11T16:59:11.671 INFO:journalctl@ceph.mon.smithi084.smithi084.stdout:Feb 11 16:59:11 smithi084 ceph-ba46f02e-c8fe-11ee-95b9-87774f69a715-mon.smithi084[39361]: audit
2024-02-11T16:59:10.318888+0000 mon.smithi084 (mon.0) 53 : audit [INF] from='mgr.14114 172.21.15.84:0/3447421838' entity='mgr.smithi084.ytgfmf'
2024-02-11T16:59:12.386 INFO:teuthology.orchestra.run.smithi084.stderr:Wrote public SSH key to /home/ubuntu/cephtest/ceph.pub
2024-02-11T16:59:12.387 INFO:teuthology.orchestra.run.smithi084.stderr:Adding key to root@localhost authorized_keys...
2024-02-11T16:59:12.387 INFO:teuthology.orchestra.run.smithi084.stderr:Adding host smithi084...
2024-02-11T16:59:12.387 INFO:teuthology.orchestra.run.smithi084.stderr:Running command: /bin/podman run --rm --ipc=host --no-hosts --net=host --entrypoint /usr/bin/ceph --init -e CONTAINER_IMAGE=docker.io/ceph/ceph:v16.2.4 -e NODE_NAME=smithi084 -e CEPH_USE_RANDOM_NONCE=1 -v /var/log/ceph/ba46f02e-c8fe-11ee-95b9-87774f69a715:/var/log/ceph:z -v /tmp/ceph-tmp2pdotei2:/etc/ceph/ceph.client.admin.keyring:z -v /tmp/ceph-tmpp9zlxb6s:/etc/ceph/ceph.conf:z docker.io/ceph/ceph:v16.2.4 orch host add smithi084 172.21.15.84
2024-02-11T16:59:12.610 INFO:journalctl@ceph.mon.smithi084.smithi084.stdout:Feb 11 16:59:12 smithi084 ceph-ba46f02e-c8fe-11ee-95b9-87774f69a715-mon.smithi084[39361]: audit
2024-02-11T16:59:11.646889+0000 mgr.smithi084.ytgfmf (mgr.14114) 7 : audit [DBG] from='client.14130 -' entity='client.admin' cmd=[{"prefix": "cephadm get-pub-key", "target": ["mon-mgr", ""]}]: dispatch
2024-02-11T16:59:12.895 INFO:teuthology.orchestra.run.smithi084.stderr:/usr/bin/ceph:
2024-02-11T16:59:12.890+0000 7f6a29377700 1 Processor -- start
2024-02-11T16:59:12.895 INFO:teuthology.orchestra.run.smithi084.stderr:/usr/bin/ceph:
2024-02-11T16:59:12.890+0000 7f6a29377700 1 -- start start
2024-02-11T16:59:12.895 INFO:teuthology.orchestra.run.smithi084.stderr:/usr/bin/ceph:
2024-02-11T16:59:12.890+0000 7f6a29377700 1 --2- >> [v2:172.21.15.84:3300/0,v1:172.21.15.84:6789/0] conn(0x7f6a240fbcb0 0x7f6a240fc0d0 unknown :-1 s=NONE pgs=0 cs=0 l=0 rev1=0 rx=0 tx=0).connect
2024-02-11T16:59:12.896 INFO:teuthology.orchestra.run.smithi084.stderr:/usr/bin/ceph:
2024-02-11T16:59:12.890+0000 7f6a29377700 1 -- --> [v2:172.21.15.84:3300/0,v1:172.21.15.84:6789/0] -- mon_getmap magic: 0 v1 -- 0x7f6a240fc5c0 con 0x7f6a240fbcb0
2024-02-11T16:59:12.896 INFO:teuthology.orchestra.run.smithi084.stderr:/usr/bin/ceph:
2024-02-11T16:59:12.890+0000 7f6a22ffd700 1 --2- >> [v2:172.21.15.84:3300/0,v1:172.21.15.84:6789/0] conn(0x7f6a240fbcb0 0x7f6a240fc0d0 unknown :-1 s=BANNER_CONNECTING pgs=0 cs=0 l=0 rev1=0 rx=0 tx=0)._handle_peer_banner_payload supported=1 required=0
2024-02-11T16:59:12.896 INFO:teuthology.orchestra.run.smithi084.stderr:/usr/bin/ceph:
2024-02-11T16:59:12.890+0000 7f6a22ffd700 1 --2- >> [v2:172.21.15.84:3300/0,v1:172.21.15.84:6789/0] conn(0x7f6a240fbcb0 0x7f6a240fc0d0 unknown :-1 s=HELLO_CONNECTING pgs=0 cs=0 l=0 rev1=1 rx=0 tx=0).handle_hello peer v2:172.21.15.84:3300/0 says I am v2:172.21.15.84:51258/0 (socket says 172.21.15.84:51258)
2024-02-11T16:59:12.896 INFO:teuthology.orchestra.run.smithi084.stderr:/usr/bin/ceph:
2024-02-11T16:59:12.890+0000 7f6a22ffd700 1 -- 172.21.15.84:0/3274013921 learned_addr learned my addr 172.21.15.84:0/3274013921 (peer_addr_for_me v2:172.21.15.84:0/0)
2024-02-11T16:59:12.896 INFO:teuthology.orchestra.run.smithi084.stderr:/usr/bin/ceph:
2024-02-11T16:59:12.891+0000 7f6a22ffd700 1 -- 172.21.15.84:0/3274013921 --> [v2:172.21.15.84:3300/0,v1:172.21.15.84:6789/0] -- mon_subscribe({config=0+,monmap=0+}) v3 -- 0x7f6a240fc700 con 0x7f6a240fbcb0
2024-02-11T16:59:12.896 INFO:teuthology.orchestra.run.smithi084.stderr:/usr/bin/ceph:
2024-02-11T16:59:12.891+0000 7f6a22ffd700 1 --2- 172.21.15.84:0/3274013921 >> [v2:172.21.15.84:3300/0,v1:172.21.15.84:6789/0] conn(0x7f6a240fbcb0 0x7f6a240fc0d0 secure :-1 s=READY pgs=37 cs=0 l=1 rev1=1 rx=0x7f6a1800b5f0 tx=0x7f6a18006ee0).ready entity=mon.0 client_cookie=358123830c81070c server_cookie=0 in_seq=0 out_seq=0
2024-02-11T16:59:12.896 INFO:teuthology.orchestra.run.smithi084.stderr:/usr/bin/ceph:
2024-02-11T16:59:12.891+0000 7f6a21ffb700 1 -- 172.21.15.84:0/3274013921 <== mon.0 v2:172.21.15.84:3300/0 1 ==== mon_map magic: 0 v1 ==== 229+0+0 (secure 0 0 0) 0x7f6a1800d600 con 0x7f6a240fbcb0
2024-02-11T16:59:12.896 INFO:teuthology.orchestra.run.smithi084.stderr:/usr/bin/ceph:
2024-02-11T16:59:12.891+0000 7f6a21ffb700 1 -- 172.21.15.84:0/3274013921 <== mon.0 v2:172.21.15.84:3300/0 2 ==== config(25 keys) v1 ==== 1010+0+0 (secure 0 0 0) 0x7f6a1800dbd0 con 0x7f6a240fbcb0
2024-02-11T16:59:12.896 INFO:teuthology.orchestra.run.smithi084.stderr:/usr/bin/ceph:
2024-02-11T16:59:12.891+0000 7f6a21ffb700 1 -- 172.21.15.84:0/3274013921 <== mon.0 v2:172.21.15.84:3300/0 3 ==== mon_map magic: 0 v1 ==== 229+0+0 (secure 0 0 0) 0x7f6a18011c00 con 0x7f6a240fbcb0
2024-02-11T16:59:12.896 INFO:teuthology.orchestra.run.smithi084.stderr:/usr/bin/ceph:
2024-02-11T16:59:12.891+0000 7f6a29377700 1 -- 172.21.15.84:0/3274013921 >> [v2:172.21.15.84:3300/0,v1:172.21.15.84:6789/0] conn(0x7f6a240fbcb0 msgr2=0x7f6a240fc0d0 secure :-1 s=STATE_CONNECTION_ESTABLISHED l=1).mark_down
2024-02-11T16:59:12.896 INFO:teuthology.orchestra.run.smithi084.stderr:/usr/bin/ceph:
2024-02-11T16:59:12.891+0000 7f6a29377700 1 --2- 172.21.15.84:0/3274013921 >> [v2:172.21.15.84:3300/0,v1:172.21.15.84:6789/0] conn(0x7f6a240fbcb0 0x7f6a240fc0d0 secure :-1 s=READY pgs=37 cs=0 l=1 rev1=1 rx=0x7f6a1800b5f0 tx=0x7f6a18006ee0).stop
2024-02-11T16:59:12.896 INFO:teuthology.orchestra.run.smithi084.stderr:/usr/bin/ceph:
2024-02-11T16:59:12.892+0000 7f6a29377700 1 -- 172.21.15.84:0/3274013921 shutdown_connections
2024-02-11T16:59:12.896 INFO:teuthology.orchestra.run.smithi084.stderr:/usr/bin/ceph:
2024-02-11T16:59:12.892+0000 7f6a29377700 1 --2- 172.21.15.84:0/3274013921 >> [v2:172.21.15.84:3300/0,v1:172.21.15.84:6789/0] conn(0x7f6a240fbcb0 0x7f6a240fc0d0 unknown :-1 s=CLOSED pgs=37 cs=0 l=1 rev1=1 rx=0 tx=0).stop
2024-02-11T16:59:12.897 INFO:teuthology.orchestra.run.smithi084.stderr:/usr/bin/ceph:
2024-02-11T16:59:12.892+0000 7f6a29377700 1 -- 172.21.15.84:0/3274013921 >> 172.21.15.84:0/3274013921 conn(0x7f6a240f74b0 msgr2=0x7f6a240f98d0 unknown :-1 s=STATE_NONE l=0).mark_down
2024-02-11T16:59:12.897 INFO:teuthology.orchestra.run.smithi084.stderr:/usr/bin/ceph:
2024-02-11T16:59:12.892+0000 7f6a29377700 1 -- 172.21.15.84:0/3274013921 shutdown_connections
2024-02-11T16:59:12.897 INFO:teuthology.orchestra.run.smithi084.stderr:/usr/bin/ceph:
2024-02-11T16:59:12.892+0000 7f6a29377700 1 -- 172.21.15.84:0/3274013921 wait complete.
2024-02-11T16:59:12.897 INFO:teuthology.orchestra.run.smithi084.stderr:/usr/bin/ceph:
2024-02-11T16:59:12.892+0000 7f6a29377700 1 Processor -- start
2024-02-11T16:59:12.897 INFO:teuthology.orchestra.run.smithi084.stderr:/usr/bin/ceph:
2024-02-11T16:59:12.892+0000 7f6a29377700 1 -- start start
2024-02-11T16:59:12.897 INFO:teuthology.orchestra.run.smithi084.stderr:/usr/bin/ceph:
2024-02-11T16:59:12.892+0000 7f6a29377700 1 --2- >> [v2:172.21.15.84:3300/0,v1:172.21.15.84:6789/0] conn(0x7f6a240fbcb0 0x7f6a2410aa10 unknown :-1 s=NONE pgs=0 cs=0 l=1 rev1=0 rx=0 tx=0).connect
2024-02-11T16:59:12.897 INFO:teuthology.orchestra.run.smithi084.stderr:/usr/bin/ceph:
2024-02-11T16:59:12.892+0000 7f6a29377700 1 -- --> [v2:172.21.15.84:3300/0,v1:172.21.15.84:6789/0] -- mon_getmap magic: 0 v1 -- 0x7f6a2410af00 con 0x7f6a240fbcb0
2024-02-11T16:59:12.897 INFO:teuthology.orchestra.run.smithi084.stderr:/usr/bin/ceph:
2024-02-11T16:59:12.893+0000 7f6a22ffd700 1 --2- >> [v2:172.21.15.84:3300/0,v1:172.21.15.84:6789/0] conn(0x7f6a240fbcb0 0x7f6a2410aa10 unknown :-1 s=BANNER_CONNECTING pgs=0 cs=0 l=1 rev1=0 rx=0 tx=0)._handle_peer_banner_payload supported=1 required=0
2024-02-11T16:59:12.897 INFO:teuthology.orchestra.run.smithi084.stderr:/usr/bin/ceph:
2024-02-11T16:59:12.893+0000 7f6a22ffd700 1 --2- >> [v2:172.21.15.84:3300/0,v1:172.21.15.84:6789/0] conn(0x7f6a240fbcb0 0x7f6a2410aa10 unknown :-1 s=HELLO_CONNECTING pgs=0 cs=0 l=1 rev1=1 rx=0 tx=0).handle_hello peer v2:172.21.15.84:3300/0 says I am v2:172.21.15.84:51264/0 (socket says 172.21.15.84:51264)
2024-02-11T16:59:12.897 INFO:teuthology.orchestra.run.smithi084.stderr:/usr/bin/ceph:
2024-02-11T16:59:12.893+0000 7f6a22ffd700 1 -- 172.21.15.84:0/294244819 learned_addr learned my addr 172.21.15.84:0/294244819 (peer_addr_for_me v2:172.21.15.84:0/0)
2024-02-11T16:59:12.897 INFO:teuthology.orchestra.run.smithi084.stderr:/usr/bin/ceph:
2024-02-11T16:59:12.893+0000 7f6a22ffd700 1 -- 172.21.15.84:0/294244819 --> [v2:172.21.15.84:3300/0,v1:172.21.15.84:6789/0] -- mon_subscribe({config=0+,monmap=0+}) v3 -- 0x7f6a1800b200 con 0x7f6a240fbcb0
2024-02-11T16:59:12.897 INFO:teuthology.orchestra.run.smithi084.stderr:/usr/bin/ceph:
2024-02-11T16:59:12.893+0000 7f6a22ffd700 1 --2- 172.21.15.84:0/294244819 >> [v2:172.21.15.84:3300/0,v1:172.21.15.84:6789/0] conn(0x7f6a240fbcb0 0x7f6a2410aa10 secure :-1 s=READY pgs=38 cs=0 l=1 rev1=1 rx=0x7f6a1800b1d0 tx=0x7f6a18006ee0).ready entity=mon.0 client_cookie=0 server_cookie=0 in_seq=0 out_seq=0
2024-02-11T16:59:12.897 INFO:teuthology.orchestra.run.smithi084.stderr:/usr/bin/ceph:
2024-02-11T16:59:12.893+0000 7f6a0b7fe700 1 -- 172.21.15.84:0/294244819 <== mon.0 v2:172.21.15.84:3300/0 1 ==== mon_map magic: 0 v1 ==== 229+0+0 (secure 0 0 0) 0x7f6a1801b410 con 0x7f6a240fbcb0
2024-02-11T16:59:12.897 INFO:teuthology.orchestra.run.smithi084.stderr:/usr/bin/ceph:
2024-02-11T16:59:12.893+0000 7f6a29377700 1 -- 172.21.15.84:0/294244819 --> [v2:172.21.15.84:3300/0,v1:172.21.15.84:6789/0] -- mon_subscribe({mgrmap=0+}) v3 -- 0x7f6a2410b100 con 0x7f6a240fbcb0
2024-02-11T16:59:12.898 INFO:teuthology.orchestra.run.smithi084.stderr:/usr/bin/ceph:
2024-02-11T16:59:12.893+0000 7f6a0b7fe700 1 -- 172.21.15.84:0/294244819 <== mon.0 v2:172.21.15.84:3300/0 2 ==== config(25 keys) v1 ==== 1010+0+0 (secure 0 0 0) 0x7f6a1801b9e0 con 0x7f6a240fbcb0
2024-02-11T16:59:12.898 INFO:teuthology.orchestra.run.smithi084.stderr:/usr/bin/ceph:
2024-02-11T16:59:12.893+0000 7f6a29377700 1 -- 172.21.15.84:0/294244819 --> [v2:172.21.15.84:3300/0,v1:172.21.15.84:6789/0] -- mon_subscribe({osdmap=0}) v3 -- 0x7f6a2410b510 con 0x7f6a240fbcb0
2024-02-11T16:59:12.898 INFO:teuthology.orchestra.run.smithi084.stderr:/usr/bin/ceph:
2024-02-11T16:59:12.893+0000 7f6a0b7fe700 1 -- 172.21.15.84:0/294244819 <== mon.0 v2:172.21.15.84:3300/0 3 ==== mon_map magic: 0 v1 ==== 229+0+0 (secure 0 0 0) 0x7f6a1801a840 con 0x7f6a240fbcb0
2024-02-11T16:59:12.899 INFO:teuthology.orchestra.run.smithi084.stderr:/usr/bin/ceph:
2024-02-11T16:59:12.894+0000 7f6a0b7fe700 1 -- 172.21.15.84:0/294244819 <== mon.0 v2:172.21.15.84:3300/0 4 ==== mgrmap(e 8) v1 ==== 36120+0+0 (secure 0 0 0) 0x7f6a1800f070 con 0x7f6a240fbcb0
2024-02-11T16:59:12.899 INFO:teuthology.orchestra.run.smithi084.stderr:/usr/bin/ceph:
2024-02-11T16:59:12.894+0000 7f6a0b7fe700 1 --2- 172.21.15.84:0/294244819 >> [v2:172.21.15.84:6800/2315669509,v1:172.21.15.84:6801/2315669509] conn(0x7f6a1002fd50 0x7f6a10032210 unknown :-1 s=NONE pgs=0 cs=0 l=1 rev1=0 rx=0 tx=0).connect
2024-02-11T16:59:12.899 INFO:teuthology.orchestra.run.smithi084.stderr:/usr/bin/ceph:
2024-02-11T16:59:12.894+0000 7f6a0b7fe700 1 -- 172.21.15.84:0/294244819 <== mon.0 v2:172.21.15.84:3300/0 5 ==== osd_map(2..2 src has 1..2) v4 ==== 926+0+0 (secure 0 0 0) 0x7f6a18041270 con 0x7f6a240fbcb0
2024-02-11T16:59:12.899 INFO:teuthology.orchestra.run.smithi084.stderr:/usr/bin/ceph:
2024-02-11T16:59:12.894+0000 7f6a29377700 1 -- 172.21.15.84:0/294244819 --> [v2:172.21.15.84:3300/0,v1:172.21.15.84:6789/0] -- mon_command({"prefix": "get_command_descriptions"} v 0) v1 -- 0x7f6a24045ad0 con 0x7f6a240fbcb0
2024-02-11T16:59:12.899 INFO:teuthology.orchestra.run.smithi084.stderr:/usr/bin/ceph:
2024-02-11T16:59:12.894+0000 7f6a227fc700 1 --2- 172.21.15.84:0/294244819 >> [v2:172.21.15.84:6800/2315669509,v1:172.21.15.84:6801/2315669509] conn(0x7f6a1002fd50 0x7f6a10032210 unknown :-1 s=BANNER_CONNECTING pgs=0 cs=0 l=1 rev1=0 rx=0 tx=0)._handle_peer_banner_payload supported=1 required=0
2024-02-11T16:59:12.899 INFO:teuthology.orchestra.run.smithi084.stderr:/usr/bin/ceph:
2024-02-11T16:59:12.895+0000 7f6a227fc700 1 --2- 172.21.15.84:0/294244819 >> [v2:172.21.15.84:6800/2315669509,v1:172.21.15.84:6801/2315669509] conn(0x7f6a1002fd50 0x7f6a10032210 secure :-1 s=READY pgs=10 cs=0 l=1 rev1=1 rx=0x7f6a140096a0 tx=0x7f6a14006b40).ready entity=mgr.14114 client_cookie=0 server_cookie=0 in_seq=0 out_seq=0
2024-02-11T16:59:12.900 INFO:teuthology.orchestra.run.smithi084.stderr:/usr/bin/ceph:
2024-02-11T16:59:12.899+0000 7f6a0b7fe700 1 -- 172.21.15.84:0/294244819 <== mon.0 v2:172.21.15.84:3300/0 6 ==== mon_command_ack([{"prefix": "get_command_descriptions"}]=0 v0) v1 ==== 72+0+152212 (secure 0 0 0) 0x7f6a18025460 con 0x7f6a240fbcb0
2024-02-11T16:59:13.070 INFO:teuthology.orchestra.run.smithi084.stderr:/usr/bin/ceph:
2024-02-11T16:59:13.068+0000 7f6a29377700 1 -- 172.21.15.84:0/294244819 --> [v2:172.21.15.84:6800/2315669509,v1:172.21.15.84:6801/2315669509] -- mgr_command(tid 0: {"prefix": "orch host add", "hostname": "smithi084", "addr": "172.21.15.84", "target": ["mon-mgr", ""]}) v1 -- 0x7f6a241048c0 con 0x7f6a1002fd50
2024-02-11T16:59:13.664 INFO:teuthology.orchestra.run.smithi084.stderr:/usr/bin/ceph: Added host 'smithi084'
2024-02-11T16:59:13.664 INFO:teuthology.orchestra.run.smithi084.stderr:/usr/bin/ceph:
2024-02-11T16:59:13.661+0000 7f6a0b7fe700 1 -- 172.21.15.84:0/294244819 <== mgr.14114 v2:172.21.15.84:6800/2315669509 1 ==== mgr_command_reply(tid 0: 0 ) v1 ==== 8+0+23 (secure 0 0 0) 0x7f6a241048c0 con 0x7f6a1002fd50
2024-02-11T16:59:13.666 INFO:teuthology.orchestra.run.smithi084.stderr:/usr/bin/ceph:
2024-02-11T16:59:13.664+0000 7f6a29377700 1 -- 172.21.15.84:0/294244819 >> [v2:172.21.15.84:6800/2315669509,v1:172.21.15.84:6801/2315669509] conn(0x7f6a1002fd50 msgr2=0x7f6a10032210 secure :-1 s=STATE_CONNECTION_ESTABLISHED l=1).mark_down
2024-02-11T16:59:13.666 INFO:teuthology.orchestra.run.smithi084.stderr:/usr/bin/ceph:
2024-02-11T16:59:13.664+0000 7f6a29377700 1 --2- 172.21.15.84:0/294244819 >> [v2:172.21.15.84:6800/2315669509,v1:172.21.15.84:6801/2315669509] conn(0x7f6a1002fd50 0x7f6a10032210 secure :-1 s=READY pgs=10 cs=0 l=1 rev1=1 rx=0x7f6a140096a0 tx=0x7f6a14006b40).stop
2024-02-11T16:59:13.666 INFO:teuthology.orchestra.run.smithi084.stderr:/usr/bin/ceph:
2024-02-11T16:59:13.664+0000 7f6a29377700 1 -- 172.21.15.84:0/294244819 >> [v2:172.21.15.84:3300/0,v1:172.21.15.84:6789/0] conn(0x7f6a240fbcb0 msgr2=0x7f6a2410aa10 secure :-1 s=STATE_CONNECTION_ESTABLISHED l=1).mark_down
2024-02-11T16:59:13.666 INFO:teuthology.orchestra.run.smithi084.stderr:/usr/bin/ceph:
2024-02-11T16:59:13.664+0000 7f6a29377700 1 --2- 172.21.15.84:0/294244819 >> [v2:172.21.15.84:3300/0,v1:172.21.15.84:6789/0] conn(0x7f6a240fbcb0 0x7f6a2410aa10 secure :-1 s=READY pgs=38 cs=0 l=1 rev1=1 rx=0x7f6a1800b1d0 tx=0x7f6a18006ee0).stop
2024-02-11T16:59:13.666 INFO:teuthology.orchestra.run.smithi084.stderr:/usr/bin/ceph:
2024-02-11T16:59:13.664+0000 7f6a29377700 1 -- 172.21.15.84:0/294244819 shutdown_connections
2024-02-11T16:59:13.666 INFO:teuthology.orchestra.run.smithi084.stderr:/usr/bin/ceph:
2024-02-11T16:59:13.664+0000 7f6a29377700 1 --2- 172.21.15.84:0/294244819 >> [v2:172.21.15.84:6800/2315669509,v1:172.21.15.84:6801/2315669509] conn(0x7f6a1002fd50 0x7f6a10032210 unknown :-1 s=CLOSED pgs=10 cs=0 l=1 rev1=1 rx=0 tx=0).stop
2024-02-11T16:59:13.666 INFO:teuthology.orchestra.run.smithi084.stderr:/usr/bin/ceph:
2024-02-11T16:59:13.664+0000 7f6a29377700 1 --2- 172.21.15.84:0/294244819 >> [v2:172.21.15.84:3300/0,v1:172.21.15.84:6789/0] conn(0x7f6a240fbcb0 0x7f6a2410aa10 unknown :-1 s=CLOSED pgs=38 cs=0 l=1 rev1=1 rx=0 tx=0).stop
2024-02-11T16:59:13.666 INFO:teuthology.orchestra.run.smithi084.stderr:/usr/bin/ceph:
2024-02-11T16:59:13.664+0000 7f6a29377700 1 -- 172.21.15.84:0/294244819 >> 172.21.15.84:0/294244819 conn(0x7f6a240f74b0 msgr2=0x7f6a240f8f70 unknown :-1 s=STATE_NONE l=0).mark_down
2024-02-11T16:59:13.666 INFO:teuthology.orchestra.run.smithi084.stderr:/usr/bin/ceph:
2024-02-11T16:59:13.664+0000 7f6a29377700 1 -- 172.21.15.84:0/294244819 shutdown_connections
2024-02-11T16:59:13.666 INFO:teuthology.orchestra.run.smithi084.stderr:/usr/bin/ceph:
2024-02-11T16:59:13.664+0000 7f6a29377700 1 -- 172.21.15.84:0/294244819 wait complete.
2024-02-11T16:59:14.300 INFO:teuthology.orchestra.run.smithi084.stderr:Deploying mon service with default placement...
2024-02-11T16:59:14.300 INFO:teuthology.orchestra.run.smithi084.stderr:Running command: /bin/podman run --rm --ipc=host --no-hosts --net=host --entrypoint /usr/bin/ceph --init -e CONTAINER_IMAGE=docker.io/ceph/ceph:v16.2.4 -e NODE_NAME=smithi084 -e CEPH_USE_RANDOM_NONCE=1 -v /var/log/ceph/ba46f02e-c8fe-11ee-95b9-87774f69a715:/var/log/ceph:z -v /tmp/ceph-tmp2pdotei2:/etc/ceph/ceph.client.admin.keyring:z -v /tmp/ceph-tmpp9zlxb6s:/etc/ceph/ceph.conf:z docker.io/ceph/ceph:v16.2.4 orch apply mon
2024-02-11T16:59:14.834 INFO:teuthology.orchestra.run.smithi084.stderr:/usr/bin/ceph:
2024-02-11T16:59:14.830+0000 7f452ff06700 1 Processor -- start
2024-02-11T16:59:14.834 INFO:teuthology.orchestra.run.smithi084.stderr:/usr/bin/ceph:
2024-02-11T16:59:14.830+0000 7f452ff06700 1 -- start start
2024-02-11T16:59:14.835 INFO:teuthology.orchestra.run.smithi084.stderr:/usr/bin/ceph:
2024-02-11T16:59:14.831+0000 7f452ff06700 1 --2- >> [v2:172.21.15.84:3300/0,v1:172.21.15.84:6789/0] conn(0x7f45280fbca0 0x7f45280fc0c0 unknown :-1 s=NONE pgs=0 cs=0 l=0 rev1=0 rx=0 tx=0).connect
2024-02-11T16:59:14.835 INFO:teuthology.orchestra.run.smithi084.stderr:/usr/bin/ceph:
2024-02-11T16:59:14.831+0000 7f452ff06700 1 -- --> [v2:172.21.15.84:3300/0,v1:172.21.15.84:6789/0] -- mon_getmap magic: 0 v1 -- 0x7f45280fc5b0 con 0x7f45280fbca0
2024-02-11T16:59:14.835 INFO:teuthology.orchestra.run.smithi084.stderr:/usr/bin/ceph:
2024-02-11T16:59:14.831+0000 7f452dca2700 1 --2- >> [v2:172.21.15.84:3300/0,v1:172.21.15.84:6789/0] conn(0x7f45280fbca0 0x7f45280fc0c0 unknown :-1 s=BANNER_CONNECTING pgs=0 cs=0 l=0 rev1=0 rx=0 tx=0)._handle_peer_banner_payload supported=1 required=0
2024-02-11T16:59:14.835 INFO:teuthology.orchestra.run.smithi084.stderr:/usr/bin/ceph:
2024-02-11T16:59:14.831+0000 7f452dca2700 1 --2- >> [v2:172.21.15.84:3300/0,v1:172.21.15.84:6789/0] conn(0x7f45280fbca0 0x7f45280fc0c0 unknown :-1 s=HELLO_CONNECTING pgs=0 cs=0 l=0 rev1=1 rx=0 tx=0).handle_hello peer v2:172.21.15.84:3300/0 says I am v2:172.21.15.84:51270/0 (socket says 172.21.15.84:51270)
2024-02-11T16:59:14.835 INFO:teuthology.orchestra.run.smithi084.stderr:/usr/bin/ceph:
2024-02-11T16:59:14.831+0000 7f452dca2700 1 -- 172.21.15.84:0/3800272695 learned_addr learned my addr 172.21.15.84:0/3800272695 (peer_addr_for_me v2:172.21.15.84:0/0)
2024-02-11T16:59:14.835 INFO:teuthology.orchestra.run.smithi084.stderr:/usr/bin/ceph:
2024-02-11T16:59:14.831+0000 7f452dca2700 1 -- 172.21.15.84:0/3800272695 --> [v2:172.21.15.84:3300/0,v1:172.21.15.84:6789/0] -- mon_subscribe({config=0+,monmap=0+}) v3 -- 0x7f45280fc6f0 con 0x7f45280fbca0
2024-02-11T16:59:14.835 INFO:teuthology.orchestra.run.smithi084.stderr:/usr/bin/ceph:
2024-02-11T16:59:14.831+0000 7f452dca2700 1 --2- 172.21.15.84:0/3800272695 >> [v2:172.21.15.84:3300/0,v1:172.21.15.84:6789/0] conn(0x7f45280fbca0 0x7f45280fc0c0 secure :-1 s=READY pgs=39 cs=0 l=1 rev1=1 rx=0x7f451c00b5f0 tx=0x7f451c006ee0).ready entity=mon.0 client_cookie=f20a3a8fb2f02663 server_cookie=0 in_seq=0 out_seq=0
2024-02-11T16:59:14.835 INFO:teuthology.orchestra.run.smithi084.stderr:/usr/bin/ceph:
2024-02-11T16:59:14.831+0000 7f452cca0700 1 -- 172.21.15.84:0/3800272695 <== mon.0 v2:172.21.15.84:3300/0 1 ==== mon_map magic: 0 v1 ==== 229+0+0 (secure 0 0 0) 0x7f451c00d600 con 0x7f45280fbca0
2024-02-11T16:59:14.835 INFO:teuthology.orchestra.run.smithi084.stderr:/usr/bin/ceph:
2024-02-11T16:59:14.831+0000 7f452cca0700 1 -- 172.21.15.84:0/3800272695 <== mon.0 v2:172.21.15.84:3300/0 2 ==== config(25 keys) v1 ==== 1010+0+0 (secure 0 0 0) 0x7f451c00dbd0 con 0x7f45280fbca0
2024-02-11T16:59:14.835 INFO:teuthology.orchestra.run.smithi084.stderr:/usr/bin/ceph:
2024-02-11T16:59:14.831+0000 7f452cca0700 1 -- 172.21.15.84:0/3800272695 <== mon.0 v2:172.21.15.84:3300/0 3 ==== mon_map magic: 0 v1 ==== 229+0+0 (secure 0 0 0) 0x7f451c011c00 con 0x7f45280fbca0
2024-02-11T16:59:14.835 INFO:teuthology.orchestra.run.smithi084.stderr:/usr/bin/ceph:
2024-02-11T16:59:14.832+0000 7f452ff06700 1 -- 172.21.15.84:0/3800272695 >> [v2:172.21.15.84:3300/0,v1:172.21.15.84:6789/0] conn(0x7f45280fbca0 msgr2=0x7f45280fc0c0 secure :-1 s=STATE_CONNECTION_ESTABLISHED l=1).mark_down
2024-02-11T16:59:14.835 INFO:teuthology.orchestra.run.smithi084.stderr:/usr/bin/ceph:
2024-02-11T16:59:14.832+0000 7f452ff06700 1 --2- 172.21.15.84:0/3800272695 >> [v2:172.21.15.84:3300/0,v1:172.21.15.84:6789/0] conn(0x7f45280fbca0 0x7f45280fc0c0 secure :-1 s=READY pgs=39 cs=0 l=1 rev1=1 rx=0x7f451c00b5f0 tx=0x7f451c006ee0).stop
2024-02-11T16:59:14.835 INFO:teuthology.orchestra.run.smithi084.stderr:/usr/bin/ceph:
2024-02-11T16:59:14.832+0000 7f452ff06700 1 -- 172.21.15.84:0/3800272695 shutdown_connections
2024-02-11T16:59:14.835 INFO:teuthology.orchestra.run.smithi084.stderr:/usr/bin/ceph:
2024-02-11T16:59:14.832+0000 7f452ff06700 1 --2- 172.21.15.84:0/3800272695 >> [v2:172.21.15.84:3300/0,v1:172.21.15.84:6789/0] conn(0x7f45280fbca0 0x7f45280fc0c0 unknown :-1 s=CLOSED pgs=39 cs=0 l=1 rev1=1 rx=0 tx=0).stop
2024-02-11T16:59:14.836 INFO:teuthology.orchestra.run.smithi084.stderr:/usr/bin/ceph:
2024-02-11T16:59:14.832+0000 7f452ff06700 1 -- 172.21.15.84:0/3800272695 >> 172.21.15.84:0/3800272695 conn(0x7f45280f74c0 msgr2=0x7f45280f98e0 unknown :-1 s=STATE_NONE l=0).mark_down
2024-02-11T16:59:14.836 INFO:teuthology.orchestra.run.smithi084.stderr:/usr/bin/ceph:
2024-02-11T16:59:14.832+0000 7f452ff06700 1 -- 172.21.15.84:0/3800272695 shutdown_connections
2024-02-11T16:59:14.836 INFO:teuthology.orchestra.run.smithi084.stderr:/usr/bin/ceph:
2024-02-11T16:59:14.832+0000 7f452ff06700 1 -- 172.21.15.84:0/3800272695 wait complete.
2024-02-11T16:59:14.838 INFO:teuthology.orchestra.run.smithi084.stderr:/usr/bin/ceph:
2024-02-11T16:59:14.832+0000 7f452ff06700 1 Processor -- start
2024-02-11T16:59:14.838 INFO:teuthology.orchestra.run.smithi084.stderr:/usr/bin/ceph:
2024-02-11T16:59:14.832+0000 7f452ff06700 1 -- start start
2024-02-11T16:59:14.838 INFO:teuthology.orchestra.run.smithi084.stderr:/usr/bin/ceph:
2024-02-11T16:59:14.833+0000 7f452ff06700 1 --2- >> [v2:172.21.15.84:3300/0,v1:172.21.15.84:6789/0] conn(0x7f45280fbca0 0x7f452810aa00 unknown :-1 s=NONE pgs=0 cs=0 l=1 rev1=0 rx=0 tx=0).connect
2024-02-11T16:59:14.838 INFO:teuthology.orchestra.run.smithi084.stderr:/usr/bin/ceph:
2024-02-11T16:59:14.833+0000 7f452ff06700 1 -- --> [v2:172.21.15.84:3300/0,v1:172.21.15.84:6789/0] -- mon_getmap magic: 0 v1 -- 0x7f452810aef0 con 0x7f45280fbca0
2024-02-11T16:59:14.838 INFO:teuthology.orchestra.run.smithi084.stderr:/usr/bin/ceph:
2024-02-11T16:59:14.833+0000 7f452dca2700 1 --2- >> [v2:172.21.15.84:3300/0,v1:172.21.15.84:6789/0] conn(0x7f45280fbca0 0x7f452810aa00 unknown :-1 s=BANNER_CONNECTING pgs=0 cs=0 l=1 rev1=0 rx=0 tx=0)._handle_peer_banner_payload supported=1 required=0
2024-02-11T16:59:14.838 INFO:teuthology.orchestra.run.smithi084.stderr:/usr/bin/ceph:
2024-02-11T16:59:14.833+0000 7f452dca2700 1 --2- >> [v2:172.21.15.84:3300/0,v1:172.21.15.84:6789/0] conn(0x7f45280fbca0 0x7f452810aa00 unknown :-1 s=HELLO_CONNECTING pgs=0 cs=0 l=1 rev1=1 rx=0 tx=0).handle_hello peer v2:172.21.15.84:3300/0 says I am v2:172.21.15.84:51274/0 (socket says 172.21.15.84:51274)
2024-02-11T16:59:14.838 INFO:teuthology.orchestra.run.smithi084.stderr:/usr/bin/ceph:
2024-02-11T16:59:14.833+0000 7f452dca2700 1 -- 172.21.15.84:0/2291791053 learned_addr learned my addr 172.21.15.84:0/2291791053 (peer_addr_for_me v2:172.21.15.84:0/0)
2024-02-11T16:59:14.838 INFO:teuthology.orchestra.run.smithi084.stderr:/usr/bin/ceph:
2024-02-11T16:59:14.833+0000 7f452dca2700 1 -- 172.21.15.84:0/2291791053 --> [v2:172.21.15.84:3300/0,v1:172.21.15.84:6789/0] -- mon_subscribe({config=0+,monmap=0+}) v3 -- 0x7f451c00b200 con 0x7f45280fbca0
2024-02-11T16:59:14.838 INFO:teuthology.orchestra.run.smithi084.stderr:/usr/bin/ceph:
2024-02-11T16:59:14.833+0000 7f452dca2700 1 --2- 172.21.15.84:0/2291791053 >> [v2:172.21.15.84:3300/0,v1:172.21.15.84:6789/0] conn(0x7f45280fbca0 0x7f452810aa00 secure :-1 s=READY pgs=40 cs=0 l=1 rev1=1 rx=0x7f451c00b1d0 tx=0x7f451c006ee0).ready entity=mon.0 client_cookie=0 server_cookie=0 in_seq=0 out_seq=0
2024-02-11T16:59:14.839 INFO:teuthology.orchestra.run.smithi084.stderr:/usr/bin/ceph:
2024-02-11T16:59:14.833+0000 7f451a7fc700 1 -- 172.21.15.84:0/2291791053 <== mon.0 v2:172.21.15.84:3300/0 1 ==== mon_map magic: 0 v1 ==== 229+0+0 (secure 0 0 0) 0x7f451c01b410 con 0x7f45280fbca0
2024-02-11T16:59:14.839 INFO:teuthology.orchestra.run.smithi084.stderr:/usr/bin/ceph:
2024-02-11T16:59:14.833+0000 7f451a7fc700 1 -- 172.21.15.84:0/2291791053 <== mon.0 v2:172.21.15.84:3300/0 2 ==== config(25 keys) v1 ==== 1010+0+0 (secure 0 0 0) 0x7f451c01b9e0 con 0x7f45280fbca0
2024-02-11T16:59:14.839 INFO:teuthology.orchestra.run.smithi084.stderr:/usr/bin/ceph:
2024-02-11T16:59:14.833+0000 7f452ff06700 1 -- 172.21.15.84:0/2291791053 --> [v2:172.21.15.84:3300/0,v1:172.21.15.84:6789/0] -- mon_subscribe({mgrmap=0+}) v3 -- 0x7f452810b0f0 con 0x7f45280fbca0
2024-02-11T16:59:14.839 INFO:teuthology.orchestra.run.smithi084.stderr:/usr/bin/ceph:
2024-02-11T16:59:14.833+0000 7f451a7fc700 1 -- 172.21.15.84:0/2291791053 <== mon.0 v2:172.21.15.84:3300/0 3 ==== mon_map magic: 0 v1 ==== 229+0+0 (secure 0 0 0) 0x7f451c01a840 con 0x7f45280fbca0
2024-02-11T16:59:14.839 INFO:teuthology.orchestra.run.smithi084.stderr:/usr/bin/ceph:
2024-02-11T16:59:14.833+0000 7f452ff06700 1 -- 172.21.15.84:0/2291791053 --> [v2:172.21.15.84:3300/0,v1:172.21.15.84:6789/0] -- mon_subscribe({osdmap=0}) v3 -- 0x7f452810b500 con 0x7f45280fbca0
2024-02-11T16:59:14.839 INFO:teuthology.orchestra.run.smithi084.stderr:/usr/bin/ceph:
2024-02-11T16:59:14.834+0000 7f451a7fc700 1 -- 172.21.15.84:0/2291791053 <== mon.0 v2:172.21.15.84:3300/0 4 ==== mgrmap(e 8) v1 ==== 36120+0+0 (secure 0 0 0) 0x7f451c00f070 con 0x7f45280fbca0
2024-02-11T16:59:14.839 INFO:teuthology.orchestra.run.smithi084.stderr:/usr/bin/ceph:
2024-02-11T16:59:14.834+0000 7f451a7fc700 1 --2- 172.21.15.84:0/2291791053 >> [v2:172.21.15.84:6800/2315669509,v1:172.21.15.84:6801/2315669509] conn(0x7f451002fd50 0x7f4510032210 unknown :-1 s=NONE pgs=0 cs=0 l=1 rev1=0 rx=0 tx=0).connect
2024-02-11T16:59:14.839 INFO:teuthology.orchestra.run.smithi084.stderr:/usr/bin/ceph:
2024-02-11T16:59:14.834+0000 7f451a7fc700 1 -- 172.21.15.84:0/2291791053 <== mon.0 v2:172.21.15.84:3300/0 5 ==== osd_map(2..2 src has 1..2) v4 ==== 926+0+0 (secure 0 0 0) 0x7f451c0412e0 con 0x7f45280fbca0
2024-02-11T16:59:14.839 INFO:teuthology.orchestra.run.smithi084.stderr:/usr/bin/ceph:
2024-02-11T16:59:14.834+0000 7f452d4a1700 1 --2- 172.21.15.84:0/2291791053 >> [v2:172.21.15.84:6800/2315669509,v1:172.21.15.84:6801/2315669509] conn(0x7f451002fd50 0x7f4510032210 unknown :-1 s=BANNER_CONNECTING pgs=0 cs=0 l=1 rev1=0 rx=0 tx=0)._handle_peer_banner_payload supported=1 required=0
2024-02-11T16:59:14.839 INFO:teuthology.orchestra.run.smithi084.stderr:/usr/bin/ceph:
2024-02-11T16:59:14.835+0000 7f452d4a1700 1 --2- 172.21.15.84:0/2291791053 >> [v2:172.21.15.84:6800/2315669509,v1:172.21.15.84:6801/2315669509] conn(0x7f451002fd50 0x7f4510032210 secure :-1 s=READY pgs=11 cs=0 l=1 rev1=1 rx=0x7f45240096a0 tx=0x7f4524006b40).ready entity=mgr.14114 client_cookie=0 server_cookie=0 in_seq=0 out_seq=0
2024-02-11T16:59:14.839 INFO:teuthology.orchestra.run.smithi084.stderr:/usr/bin/ceph:
2024-02-11T16:59:14.836+0000 7f452ff06700 1 -- 172.21.15.84:0/2291791053 --> [v2:172.21.15.84:3300/0,v1:172.21.15.84:6789/0] -- mon_command({"prefix": "get_command_descriptions"} v 0) v1 -- 0x7f4528059100 con 0x7f45280fbca0
2024-02-11T16:59:14.841 INFO:teuthology.orchestra.run.smithi084.stderr:/usr/bin/ceph:
2024-02-11T16:59:14.840+0000 7f451a7fc700 1 -- 172.21.15.84:0/2291791053 <== mon.0 v2:172.21.15.84:3300/0 6 ==== mon_command_ack([{"prefix": "get_command_descriptions"}]=0 v0) v1 ==== 72+0+152212 (secure 0 0 0) 0x7f451c016070 con 0x7f45280fbca0
2024-02-11T16:59:15.017 INFO:teuthology.orchestra.run.smithi084.stderr:/usr/bin/ceph:
2024-02-11T16:59:15.015+0000 7f452ff06700 1 -- 172.21.15.84:0/2291791053 --> [v2:172.21.15.84:6800/2315669509,v1:172.21.15.84:6801/2315669509] -- mgr_command(tid 0: {"prefix": "orch apply", "service_type": "mon", "target": ["mon-mgr", ""]}) v1 -- 0x7f45281048f0 con 0x7f451002fd50
2024-02-11T16:59:15.021 INFO:teuthology.orchestra.run.smithi084.stderr:/usr/bin/ceph:
2024-02-11T16:59:15.020+0000 7f451a7fc700 1 -- 172.21.15.84:0/2291791053 <== mgr.14114 v2:172.21.15.84:6800/2315669509 1 ==== mgr_command_reply(tid 0: 0 ) v1 ==== 8+0+24 (secure 0 0 0) 0x7f45281048f0 con 0x7f451002fd50
2024-02-11T16:59:15.022 INFO:teuthology.orchestra.run.smithi084.stderr:/usr/bin/ceph: Scheduled mon update...
2024-02-11T16:59:15.024 INFO:teuthology.orchestra.run.smithi084.stderr:/usr/bin/ceph:
2024-02-11T16:59:15.022+0000 7f452ff06700 1 -- 172.21.15.84:0/2291791053 >> [v2:172.21.15.84:6800/2315669509,v1:172.21.15.84:6801/2315669509] conn(0x7f451002fd50 msgr2=0x7f4510032210 secure :-1 s=STATE_CONNECTION_ESTABLISHED l=1).mark_down
2024-02-11T16:59:15.024 INFO:teuthology.orchestra.run.smithi084.stderr:/usr/bin/ceph:
2024-02-11T16:59:15.022+0000 7f452ff06700 1 --2- 172.21.15.84:0/2291791053 >> [v2:172.21.15.84:6800/2315669509,v1:172.21.15.84:6801/2315669509] conn(0x7f451002fd50 0x7f4510032210 secure :-1 s=READY pgs=11 cs=0 l=1 rev1=1 rx=0x7f45240096a0 tx=0x7f4524006b40).stop
2024-02-11T16:59:15.024 INFO:teuthology.orchestra.run.smithi084.stderr:/usr/bin/ceph:
2024-02-11T16:59:15.022+0000 7f452ff06700 1 -- 172.21.15.84:0/2291791053 >> [v2:172.21.15.84:3300/0,v1:172.21.15.84:6789/0] conn(0x7f45280fbca0 msgr2=0x7f452810aa00 secure :-1 s=STATE_CONNECTION_ESTABLISHED l=1).mark_down
2024-02-11T16:59:15.024 INFO:teuthology.orchestra.run.smithi084.stderr:/usr/bin/ceph:
2024-02-11T16:59:15.022+0000 7f452ff06700 1 --2- 172.21.15.84:0/2291791053 >> [v2:172.21.15.84:3300/0,v1:172.21.15.84:6789/0] conn(0x7f45280fbca0 0x7f452810aa00 secure :-1 s=READY pgs=40 cs=0 l=1 rev1=1 rx=0x7f451c00b1d0 tx=0x7f451c006ee0).stop
2024-02-11T16:59:15.024 INFO:teuthology.orchestra.run.smithi084.stderr:/usr/bin/ceph:
2024-02-11T16:59:15.022+0000 7f452ff06700 1 -- 172.21.15.84:0/2291791053 shutdown_connections
2024-02-11T16:59:15.024 INFO:teuthology.orchestra.run.smithi084.stderr:/usr/bin/ceph:
2024-02-11T16:59:15.022+0000 7f452ff06700 1 --2- 172.21.15.84:0/2291791053 >> [v2:172.21.15.84:6800/2315669509,v1:172.21.15.84:6801/2315669509] conn(0x7f451002fd50 0x7f4510032210 unknown :-1 s=CLOSED pgs=11 cs=0 l=1 rev1=1 rx=0 tx=0).stop
2024-02-11T16:59:15.025 INFO:teuthology.orchestra.run.smithi084.stderr:/usr/bin/ceph:
2024-02-11T16:59:15.022+0000 7f452ff06700 1 --2- 172.21.15.84:0/2291791053 >> [v2:172.21.15.84:3300/0,v1:172.21.15.84:6789/0] conn(0x7f45280fbca0 0x7f452810aa00 unknown :-1 s=CLOSED pgs=40 cs=0 l=1 rev1=1 rx=0 tx=0).stop
2024-02-11T16:59:15.025 INFO:teuthology.orchestra.run.smithi084.stderr:/usr/bin/ceph:
2024-02-11T16:59:15.022+0000 7f452ff06700 1 -- 172.21.15.84:0/2291791053 >> 172.21.15.84:0/2291791053 conn(0x7f45280f74c0 msgr2=0x7f45280f8f80 unknown :-1 s=STATE_NONE l=0).mark_down
2024-02-11T16:59:15.025 INFO:teuthology.orchestra.run.smithi084.stderr:/usr/bin/ceph:
2024-02-11T16:59:15.022+0000 7f452ff06700 1 -- 172.21.15.84:0/2291791053 shutdown_connections
2024-02-11T16:59:15.025 INFO:teuthology.orchestra.run.smithi084.stderr:/usr/bin/ceph:
2024-02-11T16:59:15.022+0000 7f452ff06700 1 -- 172.21.15.84:0/2291791053 wait complete.
2024-02-11T16:59:15.042 INFO:journalctl@ceph.mon.smithi084.smithi084.stdout:Feb 11 16:59:14 smithi084 ceph-ba46f02e-c8fe-11ee-95b9-87774f69a715-mon.smithi084[39361]: audit
2024-02-11T16:59:13.069940+0000 mgr.smithi084.ytgfmf (mgr.14114) 8 : audit [DBG] from='client.14132 -' entity='client.admin' cmd=[{"prefix": "orch host add", "hostname": "smithi084", "addr": "172.21.15.84", "target": ["mon-mgr", ""]}]: dispatch
2024-02-11T16:59:15.042 INFO:journalctl@ceph.mon.smithi084.smithi084.stdout:Feb 11 16:59:14 smithi084 ceph-ba46f02e-c8fe-11ee-95b9-87774f69a715-mon.smithi084[39361]: audit
2024-02-11T16:59:13.661960+0000 mon.smithi084 (mon.0) 54 : audit [INF] from='mgr.14114 172.21.15.84:0/3447421838' entity='mgr.smithi084.ytgfmf'
2024-02-11T16:59:15.042 INFO:journalctl@ceph.mon.smithi084.smithi084.stdout:Feb 11 16:59:14 smithi084 ceph-ba46f02e-c8fe-11ee-95b9-87774f69a715-mon.smithi084[39361]: cephadm
2024-02-11T16:59:13.662269+0000 mgr.smithi084.ytgfmf (mgr.14114) 9 : cephadm [INF] Added host smithi084
2024-02-11T16:59:15.042 INFO:journalctl@ceph.mon.smithi084.smithi084.stdout:Feb 11 16:59:14 smithi084 ceph-ba46f02e-c8fe-11ee-95b9-87774f69a715-mon.smithi084[39361]: audit
2024-02-11T16:59:13.662505+0000 mon.smithi084 (mon.0) 55 : audit [DBG] from='mgr.14114 172.21.15.84:0/3447421838' entity='mgr.smithi084.ytgfmf' cmd=[{"prefix": "config dump", "format": "json"}]: dispatch
2024-02-11T16:59:15.573 INFO:teuthology.orchestra.run.smithi084.stderr:Deploying mgr service with default placement...
2024-02-11T16:59:15.573 INFO:teuthology.orchestra.run.smithi084.stderr:Running command: /bin/podman run --rm --ipc=host --no-hosts --net=host --entrypoint /usr/bin/ceph --init -e CONTAINER_IMAGE=docker.io/ceph/ceph:v16.2.4 -e NODE_NAME=smithi084 -e CEPH_USE_RANDOM_NONCE=1 -v /var/log/ceph/ba46f02e-c8fe-11ee-95b9-87774f69a715:/var/log/ceph:z -v /tmp/ceph-tmp2pdotei2:/etc/ceph/ceph.client.admin.keyring:z -v /tmp/ceph-tmpp9zlxb6s:/etc/ceph/ceph.conf:z docker.io/ceph/ceph:v16.2.4 orch apply mgr
2024-02-11T16:59:16.165 INFO:teuthology.orchestra.run.smithi084.stderr:/usr/bin/ceph:
2024-02-11T16:59:16.163+0000 7fdcbce38700 1 Processor -- start
2024-02-11T16:59:16.165 INFO:teuthology.orchestra.run.smithi084.stderr:/usr/bin/ceph:
2024-02-11T16:59:16.163+0000 7fdcbce38700 1 -- start start
2024-02-11T16:59:16.165 INFO:teuthology.orchestra.run.smithi084.stderr:/usr/bin/ceph:
2024-02-11T16:59:16.163+0000 7fdcbce38700 1 --2- >> [v2:172.21.15.84:3300/0,v1:172.21.15.84:6789/0] conn(0x7fdcb8070430 0x7fdcb80fe8e0 unknown :-1 s=NONE pgs=0 cs=0 l=0 rev1=0 rx=0 tx=0).connect
2024-02-11T16:59:16.165 INFO:teuthology.orchestra.run.smithi084.stderr:/usr/bin/ceph:
2024-02-11T16:59:16.163+0000 7fdcbce38700 1 -- --> [v2:172.21.15.84:3300/0,v1:172.21.15.84:6789/0] -- mon_getmap magic: 0 v1 -- 0x7fdcb80fedd0 con 0x7fdcb8070430
2024-02-11T16:59:16.165 INFO:teuthology.orchestra.run.smithi084.stderr:/usr/bin/ceph:
2024-02-11T16:59:16.163+0000 7fdcb659c700 1 --2- >> [v2:172.21.15.84:3300/0,v1:172.21.15.84:6789/0] conn(0x7fdcb8070430 0x7fdcb80fe8e0 unknown :-1 s=BANNER_CONNECTING pgs=0 cs=0 l=0 rev1=0 rx=0 tx=0)._handle_peer_banner_payload supported=1 required=0
2024-02-11T16:59:16.165 INFO:teuthology.orchestra.run.smithi084.stderr:/usr/bin/ceph:
2024-02-11T16:59:16.163+0000 7fdcb659c700 1 --2- >> [v2:172.21.15.84:3300/0,v1:172.21.15.84:6789/0] conn(0x7fdcb8070430 0x7fdcb80fe8e0 unknown :-1 s=HELLO_CONNECTING pgs=0 cs=0 l=0 rev1=1 rx=0 tx=0).handle_hello peer v2:172.21.15.84:3300/0 says I am v2:172.21.15.84:40454/0 (socket says 172.21.15.84:40454)
2024-02-11T16:59:16.169 INFO:teuthology.orchestra.run.smithi084.stderr:/usr/bin/ceph:
2024-02-11T16:59:16.163+0000 7fdcb659c700 1 -- 172.21.15.84:0/2114065341 learned_addr learned my addr 172.21.15.84:0/2114065341 (peer_addr_for_me v2:172.21.15.84:0/0)
2024-02-11T16:59:16.169 INFO:teuthology.orchestra.run.smithi084.stderr:/usr/bin/ceph:
2024-02-11T16:59:16.163+0000 7fdcb659c700 1 -- 172.21.15.84:0/2114065341 --> [v2:172.21.15.84:3300/0,v1:172.21.15.84:6789/0] -- mon_subscribe({config=0+,monmap=0+}) v3 -- 0x7fdcb80fef10 con 0x7fdcb8070430
2024-02-11T16:59:16.169 INFO:teuthology.orchestra.run.smithi084.stderr:/usr/bin/ceph:
2024-02-11T16:59:16.164+0000 7fdcb659c700 1 --2- 172.21.15.84:0/2114065341 >> [v2:172.21.15.84:3300/0,v1:172.21.15.84:6789/0] conn(0x7fdcb8070430 0x7fdcb80fe8e0 secure :-1 s=READY pgs=41 cs=0 l=1 rev1=1 rx=0x7fdca800b5f0 tx=0x7fdca8006ee0).ready entity=mon.0 client_cookie=221a261cbd104004 server_cookie=0 in_seq=0 out_seq=0
2024-02-11T16:59:16.169 INFO:teuthology.orchestra.run.smithi084.stderr:/usr/bin/ceph:
2024-02-11T16:59:16.164+0000 7fdcb559a700 1 -- 172.21.15.84:0/2114065341 <== mon.0 v2:172.21.15.84:3300/0 1 ==== mon_map magic: 0 v1 ==== 229+0+0 (secure 0 0 0) 0x7fdca800d600 con 0x7fdcb8070430
2024-02-11T16:59:16.169 INFO:teuthology.orchestra.run.smithi084.stderr:/usr/bin/ceph:
2024-02-11T16:59:16.164+0000 7fdcb559a700 1 -- 172.21.15.84:0/2114065341 <== mon.0 v2:172.21.15.84:3300/0 2 ==== config(25 keys) v1 ==== 1010+0+0 (secure 0 0 0) 0x7fdca800dbd0 con 0x7fdcb8070430
2024-02-11T16:59:16.169 INFO:teuthology.orchestra.run.smithi084.stderr:/usr/bin/ceph:
2024-02-11T16:59:16.164+0000 7fdcb559a700 1 -- 172.21.15.84:0/2114065341 <== mon.0 v2:172.21.15.84:3300/0 3 ==== mon_map magic: 0 v1 ==== 229+0+0 (secure 0 0 0) 0x7fdca8011c00 con 0x7fdcb8070430
2024-02-11T16:59:16.169 INFO:teuthology.orchestra.run.smithi084.stderr:/usr/bin/ceph:
2024-02-11T16:59:16.164+0000 7fdcbce38700 1 -- 172.21.15.84:0/2114065341 >> [v2:172.21.15.84:3300/0,v1:172.21.15.84:6789/0] conn(0x7fdcb8070430 msgr2=0x7fdcb80fe8e0 secure :-1 s=STATE_CONNECTION_ESTABLISHED l=1).mark_down
2024-02-11T16:59:16.169 INFO:teuthology.orchestra.run.smithi084.stderr:/usr/bin/ceph:
