2024-02-11T16:59:28.170+0000 7fe83a7fc700 1 --2- 172.21.15.84:0/3864292451 >> [v2:172.21.15.84:6800/521523615,v1:172.21.15.84:6801/521523615] conn(0x7fe83402fe60 0x7fe834032320 unknown :-1 s=NONE pgs=0 cs=0 l=1 rev1=0 rx=0 tx=0).connect
2024-02-11T16:59:28.174 INFO:teuthology.orchestra.run.smithi084.stderr:/usr/bin/ceph:
2024-02-11T16:59:28.170+0000 7fe83a7fc700 1 -- 172.21.15.84:0/3864292451 <== mon.0 v2:172.21.15.84:3300/0 5 ==== osd_map(3..3 src has 1..3) v4 ==== 1098+0+0 (secure 0 0 0) 0x7fe83c041430 con 0x7fe84c0fd320
2024-02-11T16:59:28.174 INFO:teuthology.orchestra.run.smithi084.stderr:/usr/bin/ceph:
2024-02-11T16:59:28.170+0000 7fe853c32700 1 -- 172.21.15.84:0/3864292451 --> [v2:172.21.15.84:3300/0,v1:172.21.15.84:6789/0] -- mon_command({"prefix": "get_command_descriptions"} v 0) v1 -- 0x7fe84c045ad0 con 0x7fe84c0fd320
2024-02-11T16:59:28.174 INFO:teuthology.orchestra.run.smithi084.stderr:/usr/bin/ceph:
2024-02-11T16:59:28.170+0000 7fe8511cd700 1 --2- 172.21.15.84:0/3864292451 >> [v2:172.21.15.84:6800/521523615,v1:172.21.15.84:6801/521523615] conn(0x7fe83402fe60 0x7fe834032320 unknown :-1 s=BANNER_CONNECTING pgs=0 cs=0 l=1 rev1=0 rx=0 tx=0)._handle_peer_banner_payload supported=1 required=0
2024-02-11T16:59:28.174 INFO:teuthology.orchestra.run.smithi084.stderr:/usr/bin/ceph:
2024-02-11T16:59:28.170+0000 7fe8511cd700 1 --2- 172.21.15.84:0/3864292451 >> [v2:172.21.15.84:6800/521523615,v1:172.21.15.84:6801/521523615] conn(0x7fe83402fe60 0x7fe834032320 secure :-1 s=READY pgs=7 cs=0 l=1 rev1=1 rx=0x7fe8480096a0 tx=0x7fe848006b40).ready entity=mgr.14142 client_cookie=0 server_cookie=0 in_seq=0 out_seq=0
2024-02-11T16:59:28.176 INFO:teuthology.orchestra.run.smithi084.stderr:/usr/bin/ceph:
2024-02-11T16:59:28.174+0000 7fe83a7fc700 1 -- 172.21.15.84:0/3864292451 <== mon.0 v2:172.21.15.84:3300/0 6 ==== mon_command_ack([{"prefix": "get_command_descriptions"}]=0 v0) v1 ==== 72+0+152212 (secure 0 0 0) 0x7fe83c016070 con 0x7fe84c0fd320
2024-02-11T16:59:28.351 INFO:teuthology.orchestra.run.smithi084.stderr:/usr/bin/ceph:
2024-02-11T16:59:28.349+0000 7fe853c32700 1 -- 172.21.15.84:0/3864292451 --> [v2:172.21.15.84:6800/521523615,v1:172.21.15.84:6801/521523615] -- mgr_command(tid 0: {"prefix": "orch apply", "service_type": "node-exporter", "target": ["mon-mgr", ""]}) v1 -- 0x7fe84c104640 con 0x7fe83402fe60
2024-02-11T16:59:28.355 INFO:teuthology.orchestra.run.smithi084.stderr:/usr/bin/ceph:
2024-02-11T16:59:28.353+0000 7fe83a7fc700 1 -- 172.21.15.84:0/3864292451 <== mgr.14142 v2:172.21.15.84:6800/521523615 1 ==== mgr_command_reply(tid 0: 0 ) v1 ==== 8+0+34 (secure 0 0 0) 0x7fe84c104640 con 0x7fe83402fe60
2024-02-11T16:59:28.355 INFO:teuthology.orchestra.run.smithi084.stderr:/usr/bin/ceph: Scheduled node-exporter update...
2024-02-11T16:59:28.357 INFO:teuthology.orchestra.run.smithi084.stderr:/usr/bin/ceph:
2024-02-11T16:59:28.355+0000 7fe853c32700 1 -- 172.21.15.84:0/3864292451 >> [v2:172.21.15.84:6800/521523615,v1:172.21.15.84:6801/521523615] conn(0x7fe83402fe60 msgr2=0x7fe834032320 secure :-1 s=STATE_CONNECTION_ESTABLISHED l=1).mark_down
2024-02-11T16:59:28.357 INFO:teuthology.orchestra.run.smithi084.stderr:/usr/bin/ceph:
2024-02-11T16:59:28.355+0000 7fe853c32700 1 --2- 172.21.15.84:0/3864292451 >> [v2:172.21.15.84:6800/521523615,v1:172.21.15.84:6801/521523615] conn(0x7fe83402fe60 0x7fe834032320 secure :-1 s=READY pgs=7 cs=0 l=1 rev1=1 rx=0x7fe8480096a0 tx=0x7fe848006b40).stop
2024-02-11T16:59:28.358 INFO:teuthology.orchestra.run.smithi084.stderr:/usr/bin/ceph:
2024-02-11T16:59:28.355+0000 7fe853c32700 1 -- 172.21.15.84:0/3864292451 >> [v2:172.21.15.84:3300/0,v1:172.21.15.84:6789/0] conn(0x7fe84c0fd320 msgr2=0x7fe84c10aa80 secure :-1 s=STATE_CONNECTION_ESTABLISHED l=1).mark_down
2024-02-11T16:59:28.358 INFO:teuthology.orchestra.run.smithi084.stderr:/usr/bin/ceph:
2024-02-11T16:59:28.355+0000 7fe853c32700 1 --2- 172.21.15.84:0/3864292451 >> [v2:172.21.15.84:3300/0,v1:172.21.15.84:6789/0] conn(0x7fe84c0fd320 0x7fe84c10aa80 secure :-1 s=READY pgs=59 cs=0 l=1 rev1=1 rx=0x7fe83c006c70 tx=0x7fe83c006ee0).stop
2024-02-11T16:59:28.358 INFO:teuthology.orchestra.run.smithi084.stderr:/usr/bin/ceph:
2024-02-11T16:59:28.355+0000 7fe853c32700 1 -- 172.21.15.84:0/3864292451 shutdown_connections
2024-02-11T16:59:28.358 INFO:teuthology.orchestra.run.smithi084.stderr:/usr/bin/ceph:
2024-02-11T16:59:28.355+0000 7fe853c32700 1 --2- 172.21.15.84:0/3864292451 >> [v2:172.21.15.84:6800/521523615,v1:172.21.15.84:6801/521523615] conn(0x7fe83402fe60 0x7fe834032320 unknown :-1 s=CLOSED pgs=7 cs=0 l=1 rev1=1 rx=0 tx=0).stop
2024-02-11T16:59:28.358 INFO:teuthology.orchestra.run.smithi084.stderr:/usr/bin/ceph:
2024-02-11T16:59:28.355+0000 7fe853c32700 1 --2- 172.21.15.84:0/3864292451 >> [v2:172.21.15.84:3300/0,v1:172.21.15.84:6789/0] conn(0x7fe84c0fd320 0x7fe84c10aa80 unknown :-1 s=CLOSED pgs=59 cs=0 l=1 rev1=1 rx=0 tx=0).stop
2024-02-11T16:59:28.358 INFO:teuthology.orchestra.run.smithi084.stderr:/usr/bin/ceph:
2024-02-11T16:59:28.355+0000 7fe853c32700 1 -- 172.21.15.84:0/3864292451 >> 172.21.15.84:0/3864292451 conn(0x7fe84c0f5b40 msgr2=0x7fe84c0ff2e0 unknown :-1 s=STATE_NONE l=0).mark_down
2024-02-11T16:59:28.358 INFO:teuthology.orchestra.run.smithi084.stderr:/usr/bin/ceph:
2024-02-11T16:59:28.355+0000 7fe853c32700 1 -- 172.21.15.84:0/3864292451 shutdown_connections
2024-02-11T16:59:28.358 INFO:teuthology.orchestra.run.smithi084.stderr:/usr/bin/ceph:
2024-02-11T16:59:28.355+0000 7fe853c32700 1 -- 172.21.15.84:0/3864292451 wait complete.
2024-02-11T16:59:29.024 INFO:teuthology.orchestra.run.smithi084.stderr:Deploying alertmanager service with default placement...
2024-02-11T16:59:29.024 INFO:teuthology.orchestra.run.smithi084.stderr:Running command: /bin/podman run --rm --ipc=host --no-hosts --net=host --entrypoint /usr/bin/ceph --init -e CONTAINER_IMAGE=docker.io/ceph/ceph:v16.2.4 -e NODE_NAME=smithi084 -e CEPH_USE_RANDOM_NONCE=1 -v /var/log/ceph/ba46f02e-c8fe-11ee-95b9-87774f69a715:/var/log/ceph:z -v /tmp/ceph-tmp2pdotei2:/etc/ceph/ceph.client.admin.keyring:z -v /tmp/ceph-tmpp9zlxb6s:/etc/ceph/ceph.conf:z docker.io/ceph/ceph:v16.2.4 orch apply alertmanager
2024-02-11T16:59:29.027 INFO:journalctl@ceph.mon.smithi084.smithi084.stdout:Feb 11 16:59:28 smithi084 ceph-ba46f02e-c8fe-11ee-95b9-87774f69a715-mon.smithi084[39361]: audit
2024-02-11T16:59:27.023264+0000 mgr.smithi084.ytgfmf (mgr.14142) 3 : audit [DBG] from='client.14150 -' entity='client.admin' cmd=[{"prefix": "orch apply", "service_type": "grafana", "target": ["mon-mgr", ""]}]: dispatch
2024-02-11T16:59:29.027 INFO:journalctl@ceph.mon.smithi084.smithi084.stdout:Feb 11 16:59:28 smithi084 ceph-ba46f02e-c8fe-11ee-95b9-87774f69a715-mon.smithi084[39361]: cephadm
2024-02-11T16:59:27.023736+0000 mgr.smithi084.ytgfmf (mgr.14142) 4 : cephadm [INF] Saving service grafana spec with placement count:1
2024-02-11T16:59:29.027 INFO:journalctl@ceph.mon.smithi084.smithi084.stdout:Feb 11 16:59:28 smithi084 ceph-ba46f02e-c8fe-11ee-95b9-87774f69a715-mon.smithi084[39361]: audit
2024-02-11T16:59:28.354421+0000 mon.smithi084 (mon.0) 80 : audit [INF] from='mgr.14142 172.21.15.84:0/3539146402' entity='mgr.smithi084.ytgfmf'
2024-02-11T16:59:29.586 INFO:teuthology.orchestra.run.smithi084.stderr:/usr/bin/ceph:
2024-02-11T16:59:29.581+0000 7fde0b2f3700 1 Processor -- start
2024-02-11T16:59:29.586 INFO:teuthology.orchestra.run.smithi084.stderr:/usr/bin/ceph:
2024-02-11T16:59:29.581+0000 7fde0b2f3700 1 -- start start
2024-02-11T16:59:29.587 INFO:teuthology.orchestra.run.smithi084.stderr:/usr/bin/ceph:
2024-02-11T16:59:29.581+0000 7fde0b2f3700 1 --2- >> [v2:172.21.15.84:3300/0,v1:172.21.15.84:6789/0] conn(0x7fde040fab80 0x7fde040fafa0 unknown :-1 s=NONE pgs=0 cs=0 l=0 rev1=0 rx=0 tx=0).connect
2024-02-11T16:59:29.587 INFO:teuthology.orchestra.run.smithi084.stderr:/usr/bin/ceph:
2024-02-11T16:59:29.581+0000 7fde0b2f3700 1 -- --> [v2:172.21.15.84:3300/0,v1:172.21.15.84:6789/0] -- mon_getmap magic: 0 v1 -- 0x7fde040fb490 con 0x7fde040fab80
2024-02-11T16:59:29.587 INFO:teuthology.orchestra.run.smithi084.stderr:/usr/bin/ceph:
2024-02-11T16:59:29.582+0000 7fde0908f700 1 --2- >> [v2:172.21.15.84:3300/0,v1:172.21.15.84:6789/0] conn(0x7fde040fab80 0x7fde040fafa0 unknown :-1 s=BANNER_CONNECTING pgs=0 cs=0 l=0 rev1=0 rx=0 tx=0)._handle_peer_banner_payload supported=1 required=0
2024-02-11T16:59:29.587 INFO:teuthology.orchestra.run.smithi084.stderr:/usr/bin/ceph:
2024-02-11T16:59:29.582+0000 7fde0908f700 1 --2- >> [v2:172.21.15.84:3300/0,v1:172.21.15.84:6789/0] conn(0x7fde040fab80 0x7fde040fafa0 unknown :-1 s=HELLO_CONNECTING pgs=0 cs=0 l=0 rev1=1 rx=0 tx=0).handle_hello peer v2:172.21.15.84:3300/0 says I am v2:172.21.15.84:42368/0 (socket says 172.21.15.84:42368)
2024-02-11T16:59:29.587 INFO:teuthology.orchestra.run.smithi084.stderr:/usr/bin/ceph:
2024-02-11T16:59:29.582+0000 7fde0908f700 1 -- 172.21.15.84:0/2104639602 learned_addr learned my addr 172.21.15.84:0/2104639602 (peer_addr_for_me v2:172.21.15.84:0/0)
2024-02-11T16:59:29.587 INFO:teuthology.orchestra.run.smithi084.stderr:/usr/bin/ceph:
2024-02-11T16:59:29.582+0000 7fde0908f700 1 -- 172.21.15.84:0/2104639602 --> [v2:172.21.15.84:3300/0,v1:172.21.15.84:6789/0] -- mon_subscribe({config=0+,monmap=0+}) v3 -- 0x7fde040fb5d0 con 0x7fde040fab80
2024-02-11T16:59:29.587 INFO:teuthology.orchestra.run.smithi084.stderr:/usr/bin/ceph:
2024-02-11T16:59:29.582+0000 7fde0908f700 1 --2- 172.21.15.84:0/2104639602 >> [v2:172.21.15.84:3300/0,v1:172.21.15.84:6789/0] conn(0x7fde040fab80 0x7fde040fafa0 secure :-1 s=READY pgs=60 cs=0 l=1 rev1=1 rx=0x7fddf400b5f0 tx=0x7fddf4006ee0).ready entity=mon.0 client_cookie=d9081f7de47c941 server_cookie=0 in_seq=0 out_seq=0
2024-02-11T16:59:29.587 INFO:teuthology.orchestra.run.smithi084.stderr:/usr/bin/ceph:
2024-02-11T16:59:29.582+0000 7fddf3fff700 1 -- 172.21.15.84:0/2104639602 <== mon.0 v2:172.21.15.84:3300/0 1 ==== mon_map magic: 0 v1 ==== 229+0+0 (secure 0 0 0) 0x7fddf400d600 con 0x7fde040fab80
2024-02-11T16:59:29.587 INFO:teuthology.orchestra.run.smithi084.stderr:/usr/bin/ceph:
2024-02-11T16:59:29.582+0000 7fddf3fff700 1 -- 172.21.15.84:0/2104639602 <== mon.0 v2:172.21.15.84:3300/0 2 ==== config(25 keys) v1 ==== 1010+0+0 (secure 0 0 0) 0x7fddf400dbd0 con 0x7fde040fab80
2024-02-11T16:59:29.587 INFO:teuthology.orchestra.run.smithi084.stderr:/usr/bin/ceph:
2024-02-11T16:59:29.582+0000 7fddf3fff700 1 -- 172.21.15.84:0/2104639602 <== mon.0 v2:172.21.15.84:3300/0 3 ==== mon_map magic: 0 v1 ==== 229+0+0 (secure 0 0 0) 0x7fddf4011c00 con 0x7fde040fab80
2024-02-11T16:59:29.587 INFO:teuthology.orchestra.run.smithi084.stderr:/usr/bin/ceph:
2024-02-11T16:59:29.583+0000 7fde0b2f3700 1 -- 172.21.15.84:0/2104639602 >> [v2:172.21.15.84:3300/0,v1:172.21.15.84:6789/0] conn(0x7fde040fab80 msgr2=0x7fde040fafa0 secure :-1 s=STATE_CONNECTION_ESTABLISHED l=1).mark_down
2024-02-11T16:59:29.587 INFO:teuthology.orchestra.run.smithi084.stderr:/usr/bin/ceph:
2024-02-11T16:59:29.583+0000 7fde0b2f3700 1 --2- 172.21.15.84:0/2104639602 >> [v2:172.21.15.84:3300/0,v1:172.21.15.84:6789/0] conn(0x7fde040fab80 0x7fde040fafa0 secure :-1 s=READY pgs=60 cs=0 l=1 rev1=1 rx=0x7fddf400b5f0 tx=0x7fddf4006ee0).stop
2024-02-11T16:59:29.588 INFO:teuthology.orchestra.run.smithi084.stderr:/usr/bin/ceph:
2024-02-11T16:59:29.583+0000 7fde0b2f3700 1 -- 172.21.15.84:0/2104639602 shutdown_connections
2024-02-11T16:59:29.588 INFO:teuthology.orchestra.run.smithi084.stderr:/usr/bin/ceph:
2024-02-11T16:59:29.583+0000 7fde0b2f3700 1 --2- 172.21.15.84:0/2104639602 >> [v2:172.21.15.84:3300/0,v1:172.21.15.84:6789/0] conn(0x7fde040fab80 0x7fde040fafa0 unknown :-1 s=CLOSED pgs=60 cs=0 l=1 rev1=1 rx=0 tx=0).stop
2024-02-11T16:59:29.588 INFO:teuthology.orchestra.run.smithi084.stderr:/usr/bin/ceph:
2024-02-11T16:59:29.583+0000 7fde0b2f3700 1 -- 172.21.15.84:0/2104639602 >> 172.21.15.84:0/2104639602 conn(0x7fde040f63c0 msgr2=0x7fde040f87e0 unknown :-1 s=STATE_NONE l=0).mark_down
2024-02-11T16:59:29.588 INFO:teuthology.orchestra.run.smithi084.stderr:/usr/bin/ceph:
2024-02-11T16:59:29.583+0000 7fde0b2f3700 1 -- 172.21.15.84:0/2104639602 shutdown_connections
2024-02-11T16:59:29.588 INFO:teuthology.orchestra.run.smithi084.stderr:/usr/bin/ceph:
2024-02-11T16:59:29.583+0000 7fde0b2f3700 1 -- 172.21.15.84:0/2104639602 wait complete.
2024-02-11T16:59:29.588 INFO:teuthology.orchestra.run.smithi084.stderr:/usr/bin/ceph:
2024-02-11T16:59:29.584+0000 7fde0b2f3700 1 Processor -- start
2024-02-11T16:59:29.588 INFO:teuthology.orchestra.run.smithi084.stderr:/usr/bin/ceph:
2024-02-11T16:59:29.584+0000 7fde0b2f3700 1 -- start start
2024-02-11T16:59:29.588 INFO:teuthology.orchestra.run.smithi084.stderr:/usr/bin/ceph:
2024-02-11T16:59:29.584+0000 7fde0b2f3700 1 --2- >> [v2:172.21.15.84:3300/0,v1:172.21.15.84:6789/0] conn(0x7fde040fab80 0x7fde04109900 unknown :-1 s=NONE pgs=0 cs=0 l=1 rev1=0 rx=0 tx=0).connect
2024-02-11T16:59:29.588 INFO:teuthology.orchestra.run.smithi084.stderr:/usr/bin/ceph:
2024-02-11T16:59:29.584+0000 7fde0b2f3700 1 -- --> [v2:172.21.15.84:3300/0,v1:172.21.15.84:6789/0] -- mon_getmap magic: 0 v1 -- 0x7fde04109df0 con 0x7fde040fab80
2024-02-11T16:59:29.588 INFO:teuthology.orchestra.run.smithi084.stderr:/usr/bin/ceph:
2024-02-11T16:59:29.584+0000 7fde0908f700 1 --2- >> [v2:172.21.15.84:3300/0,v1:172.21.15.84:6789/0] conn(0x7fde040fab80 0x7fde04109900 unknown :-1 s=BANNER_CONNECTING pgs=0 cs=0 l=1 rev1=0 rx=0 tx=0)._handle_peer_banner_payload supported=1 required=0
2024-02-11T16:59:29.588 INFO:teuthology.orchestra.run.smithi084.stderr:/usr/bin/ceph:
2024-02-11T16:59:29.584+0000 7fde0908f700 1 --2- >> [v2:172.21.15.84:3300/0,v1:172.21.15.84:6789/0] conn(0x7fde040fab80 0x7fde04109900 unknown :-1 s=HELLO_CONNECTING pgs=0 cs=0 l=1 rev1=1 rx=0 tx=0).handle_hello peer v2:172.21.15.84:3300/0 says I am v2:172.21.15.84:42372/0 (socket says 172.21.15.84:42372)
2024-02-11T16:59:29.588 INFO:teuthology.orchestra.run.smithi084.stderr:/usr/bin/ceph:
2024-02-11T16:59:29.584+0000 7fde0908f700 1 -- 172.21.15.84:0/945435834 learned_addr learned my addr 172.21.15.84:0/945435834 (peer_addr_for_me v2:172.21.15.84:0/0)
2024-02-11T16:59:29.589 INFO:teuthology.orchestra.run.smithi084.stderr:/usr/bin/ceph:
2024-02-11T16:59:29.584+0000 7fde0908f700 1 -- 172.21.15.84:0/945435834 --> [v2:172.21.15.84:3300/0,v1:172.21.15.84:6789/0] -- mon_subscribe({config=0+,monmap=0+}) v3 -- 0x7fddf400b200 con 0x7fde040fab80
2024-02-11T16:59:29.589 INFO:teuthology.orchestra.run.smithi084.stderr:/usr/bin/ceph:
2024-02-11T16:59:29.584+0000 7fde0908f700 1 --2- 172.21.15.84:0/945435834 >> [v2:172.21.15.84:3300/0,v1:172.21.15.84:6789/0] conn(0x7fde040fab80 0x7fde04109900 secure :-1 s=READY pgs=61 cs=0 l=1 rev1=1 rx=0x7fddf400b1d0 tx=0x7fddf4006ee0).ready entity=mon.0 client_cookie=0 server_cookie=0 in_seq=0 out_seq=0
2024-02-11T16:59:29.589 INFO:teuthology.orchestra.run.smithi084.stderr:/usr/bin/ceph:
2024-02-11T16:59:29.584+0000 7fddf1ffb700 1 -- 172.21.15.84:0/945435834 <== mon.0 v2:172.21.15.84:3300/0 1 ==== mon_map magic: 0 v1 ==== 229+0+0 (secure 0 0 0) 0x7fddf401b410 con 0x7fde040fab80
2024-02-11T16:59:29.589 INFO:teuthology.orchestra.run.smithi084.stderr:/usr/bin/ceph:
2024-02-11T16:59:29.584+0000 7fde0b2f3700 1 -- 172.21.15.84:0/945435834 --> [v2:172.21.15.84:3300/0,v1:172.21.15.84:6789/0] -- mon_subscribe({mgrmap=0+}) v3 -- 0x7fde04109ff0 con 0x7fde040fab80
2024-02-11T16:59:29.589 INFO:teuthology.orchestra.run.smithi084.stderr:/usr/bin/ceph:
2024-02-11T16:59:29.584+0000 7fddf1ffb700 1 -- 172.21.15.84:0/945435834 <== mon.0 v2:172.21.15.84:3300/0 2 ==== config(25 keys) v1 ==== 1010+0+0 (secure 0 0 0) 0x7fddf401b9e0 con 0x7fde040fab80
2024-02-11T16:59:29.589 INFO:teuthology.orchestra.run.smithi084.stderr:/usr/bin/ceph:
2024-02-11T16:59:29.584+0000 7fddf1ffb700 1 -- 172.21.15.84:0/945435834 <== mon.0 v2:172.21.15.84:3300/0 3 ==== mon_map magic: 0 v1 ==== 229+0+0 (secure 0 0 0) 0x7fddf401a840 con 0x7fde040fab80
2024-02-11T16:59:29.589 INFO:teuthology.orchestra.run.smithi084.stderr:/usr/bin/ceph:
2024-02-11T16:59:29.585+0000 7fde0b2f3700 1 -- 172.21.15.84:0/945435834 --> [v2:172.21.15.84:3300/0,v1:172.21.15.84:6789/0] -- mon_subscribe({osdmap=0}) v3 -- 0x7fde0410a400 con 0x7fde040fab80
2024-02-11T16:59:29.590 INFO:teuthology.orchestra.run.smithi084.stderr:/usr/bin/ceph:
2024-02-11T16:59:29.585+0000 7fddf1ffb700 1 -- 172.21.15.84:0/945435834 <== mon.0 v2:172.21.15.84:3300/0 4 ==== mgrmap(e 12) v1 ==== 36195+0+0 (secure 0 0 0) 0x7fddf400f070 con 0x7fde040fab80
2024-02-11T16:59:29.590 INFO:teuthology.orchestra.run.smithi084.stderr:/usr/bin/ceph:
2024-02-11T16:59:29.586+0000 7fddf1ffb700 1 --2- 172.21.15.84:0/945435834 >> [v2:172.21.15.84:6800/521523615,v1:172.21.15.84:6801/521523615] conn(0x7fddec02fe60 0x7fddec032320 unknown :-1 s=NONE pgs=0 cs=0 l=1 rev1=0 rx=0 tx=0).connect
2024-02-11T16:59:29.590 INFO:teuthology.orchestra.run.smithi084.stderr:/usr/bin/ceph:
2024-02-11T16:59:29.586+0000 7fde0b2f3700 1 -- 172.21.15.84:0/945435834 --> [v2:172.21.15.84:3300/0,v1:172.21.15.84:6789/0] -- mon_command({"prefix": "get_command_descriptions"} v 0) v1 -- 0x7fde04045ad0 con 0x7fde040fab80
2024-02-11T16:59:29.590 INFO:teuthology.orchestra.run.smithi084.stderr:/usr/bin/ceph:
2024-02-11T16:59:29.586+0000 7fddf1ffb700 1 -- 172.21.15.84:0/945435834 <== mon.0 v2:172.21.15.84:3300/0 5 ==== osd_map(3..3 src has 1..3) v4 ==== 1098+0+0 (secure 0 0 0) 0x7fddf40414f0 con 0x7fde040fab80
2024-02-11T16:59:29.590 INFO:teuthology.orchestra.run.smithi084.stderr:/usr/bin/ceph:
2024-02-11T16:59:29.586+0000 7fde0888e700 1 --2- 172.21.15.84:0/945435834 >> [v2:172.21.15.84:6800/521523615,v1:172.21.15.84:6801/521523615] conn(0x7fddec02fe60 0x7fddec032320 unknown :-1 s=BANNER_CONNECTING pgs=0 cs=0 l=1 rev1=0 rx=0 tx=0)._handle_peer_banner_payload supported=1 required=0
2024-02-11T16:59:29.590 INFO:teuthology.orchestra.run.smithi084.stderr:/usr/bin/ceph:
2024-02-11T16:59:29.586+0000 7fde0888e700 1 --2- 172.21.15.84:0/945435834 >> [v2:172.21.15.84:6800/521523615,v1:172.21.15.84:6801/521523615] conn(0x7fddec02fe60 0x7fddec032320 secure :-1 s=READY pgs=8 cs=0 l=1 rev1=1 rx=0x7fde000096a0 tx=0x7fde00006b40).ready entity=mgr.14142 client_cookie=0 server_cookie=0 in_seq=0 out_seq=0
2024-02-11T16:59:29.591 INFO:teuthology.orchestra.run.smithi084.stderr:/usr/bin/ceph:
2024-02-11T16:59:29.590+0000 7fddf1ffb700 1 -- 172.21.15.84:0/945435834 <== mon.0 v2:172.21.15.84:3300/0 6 ==== mon_command_ack([{"prefix": "get_command_descriptions"}]=0 v0) v1 ==== 72+0+152212 (secure 0 0 0) 0x7fddf4016070 con 0x7fde040fab80
2024-02-11T16:59:29.769 INFO:teuthology.orchestra.run.smithi084.stderr:/usr/bin/ceph:
2024-02-11T16:59:29.767+0000 7fde0b2f3700 1 -- 172.21.15.84:0/945435834 --> [v2:172.21.15.84:6800/521523615,v1:172.21.15.84:6801/521523615] -- mgr_command(tid 0: {"prefix": "orch apply", "service_type": "alertmanager", "target": ["mon-mgr", ""]}) v1 -- 0x7fde0410ad40 con 0x7fddec02fe60
2024-02-11T16:59:29.772 INFO:teuthology.orchestra.run.smithi084.stderr:/usr/bin/ceph:
2024-02-11T16:59:29.770+0000 7fddf1ffb700 1 -- 172.21.15.84:0/945435834 <== mgr.14142 v2:172.21.15.84:6800/521523615 1 ==== mgr_command_reply(tid 0: 0 ) v1 ==== 8+0+33 (secure 0 0 0) 0x7fde0410ad40 con 0x7fddec02fe60
2024-02-11T16:59:29.772 INFO:teuthology.orchestra.run.smithi084.stderr:/usr/bin/ceph: Scheduled alertmanager update...
2024-02-11T16:59:29.774 INFO:teuthology.orchestra.run.smithi084.stderr:/usr/bin/ceph:
2024-02-11T16:59:29.772+0000 7fde0b2f3700 1 -- 172.21.15.84:0/945435834 >> [v2:172.21.15.84:6800/521523615,v1:172.21.15.84:6801/521523615] conn(0x7fddec02fe60 msgr2=0x7fddec032320 secure :-1 s=STATE_CONNECTION_ESTABLISHED l=1).mark_down
2024-02-11T16:59:29.775 INFO:teuthology.orchestra.run.smithi084.stderr:/usr/bin/ceph:
2024-02-11T16:59:29.772+0000 7fde0b2f3700 1 --2- 172.21.15.84:0/945435834 >> [v2:172.21.15.84:6800/521523615,v1:172.21.15.84:6801/521523615] conn(0x7fddec02fe60 0x7fddec032320 secure :-1 s=READY pgs=8 cs=0 l=1 rev1=1 rx=0x7fde000096a0 tx=0x7fde00006b40).stop
2024-02-11T16:59:29.775 INFO:teuthology.orchestra.run.smithi084.stderr:/usr/bin/ceph:
2024-02-11T16:59:29.772+0000 7fde0b2f3700 1 -- 172.21.15.84:0/945435834 >> [v2:172.21.15.84:3300/0,v1:172.21.15.84:6789/0] conn(0x7fde040fab80 msgr2=0x7fde04109900 secure :-1 s=STATE_CONNECTION_ESTABLISHED l=1).mark_down
2024-02-11T16:59:29.775 INFO:teuthology.orchestra.run.smithi084.stderr:/usr/bin/ceph:
2024-02-11T16:59:29.772+0000 7fde0b2f3700 1 --2- 172.21.15.84:0/945435834 >> [v2:172.21.15.84:3300/0,v1:172.21.15.84:6789/0] conn(0x7fde040fab80 0x7fde04109900 secure :-1 s=READY pgs=61 cs=0 l=1 rev1=1 rx=0x7fddf400b1d0 tx=0x7fddf4006ee0).stop
2024-02-11T16:59:29.775 INFO:teuthology.orchestra.run.smithi084.stderr:/usr/bin/ceph:
2024-02-11T16:59:29.772+0000 7fde0b2f3700 1 -- 172.21.15.84:0/945435834 shutdown_connections
2024-02-11T16:59:29.775 INFO:teuthology.orchestra.run.smithi084.stderr:/usr/bin/ceph:
2024-02-11T16:59:29.772+0000 7fde0b2f3700 1 --2- 172.21.15.84:0/945435834 >> [v2:172.21.15.84:6800/521523615,v1:172.21.15.84:6801/521523615] conn(0x7fddec02fe60 0x7fddec032320 unknown :-1 s=CLOSED pgs=8 cs=0 l=1 rev1=1 rx=0 tx=0).stop
2024-02-11T16:59:29.775 INFO:teuthology.orchestra.run.smithi084.stderr:/usr/bin/ceph:
2024-02-11T16:59:29.772+0000 7fde0b2f3700 1 --2- 172.21.15.84:0/945435834 >> [v2:172.21.15.84:3300/0,v1:172.21.15.84:6789/0] conn(0x7fde040fab80 0x7fde04109900 unknown :-1 s=CLOSED pgs=61 cs=0 l=1 rev1=1 rx=0 tx=0).stop
2024-02-11T16:59:29.775 INFO:teuthology.orchestra.run.smithi084.stderr:/usr/bin/ceph:
2024-02-11T16:59:29.772+0000 7fde0b2f3700 1 -- 172.21.15.84:0/945435834 >> 172.21.15.84:0/945435834 conn(0x7fde040f63c0 msgr2=0x7fde040f7ea0 unknown :-1 s=STATE_NONE l=0).mark_down
2024-02-11T16:59:29.775 INFO:teuthology.orchestra.run.smithi084.stderr:/usr/bin/ceph:
2024-02-11T16:59:29.772+0000 7fde0b2f3700 1 -- 172.21.15.84:0/945435834 shutdown_connections
2024-02-11T16:59:29.775 INFO:teuthology.orchestra.run.smithi084.stderr:/usr/bin/ceph:
2024-02-11T16:59:29.772+0000 7fde0b2f3700 1 -- 172.21.15.84:0/945435834 wait complete.
2024-02-11T16:59:30.042 INFO:journalctl@ceph.mon.smithi084.smithi084.stdout:Feb 11 16:59:29 smithi084 ceph-ba46f02e-c8fe-11ee-95b9-87774f69a715-mon.smithi084[39361]: audit
2024-02-11T16:59:28.351475+0000 mgr.smithi084.ytgfmf (mgr.14142) 5 : audit [DBG] from='client.14152 -' entity='client.admin' cmd=[{"prefix": "orch apply", "service_type": "node-exporter", "target": ["mon-mgr", ""]}]: dispatch
2024-02-11T16:59:30.042 INFO:journalctl@ceph.mon.smithi084.smithi084.stdout:Feb 11 16:59:29 smithi084 ceph-ba46f02e-c8fe-11ee-95b9-87774f69a715-mon.smithi084[39361]: cephadm
2024-02-11T16:59:28.352105+0000 mgr.smithi084.ytgfmf (mgr.14142) 6 : cephadm [INF] Saving service node-exporter spec with placement *
2024-02-11T16:59:30.263 INFO:teuthology.orchestra.run.smithi084.stderr:Running command: /bin/podman run --rm --ipc=host --no-hosts --net=host --entrypoint /usr/bin/ceph --init -e CONTAINER_IMAGE=docker.io/ceph/ceph:v16.2.4 -e NODE_NAME=smithi084 -e CEPH_USE_RANDOM_NONCE=1 -v /var/log/ceph/ba46f02e-c8fe-11ee-95b9-87774f69a715:/var/log/ceph:z -v /tmp/ceph-tmp2pdotei2:/etc/ceph/ceph.client.admin.keyring:z -v /tmp/ceph-tmpp9zlxb6s:/etc/ceph/ceph.conf:z docker.io/ceph/ceph:v16.2.4 config set mgr mgr/cephadm/container_init True --force
2024-02-11T16:59:30.814 INFO:teuthology.orchestra.run.smithi084.stderr:/usr/bin/ceph:
2024-02-11T16:59:30.811+0000 7feb28c21700 1 Processor -- start
2024-02-11T16:59:30.814 INFO:teuthology.orchestra.run.smithi084.stderr:/usr/bin/ceph:
2024-02-11T16:59:30.811+0000 7feb28c21700 1 -- start start
2024-02-11T16:59:30.814 INFO:teuthology.orchestra.run.smithi084.stderr:/usr/bin/ceph:
2024-02-11T16:59:30.811+0000 7feb28c21700 1 --2- >> [v2:172.21.15.84:3300/0,v1:172.21.15.84:6789/0] conn(0x7feb240724b0 0x7feb24070a50 unknown :-1 s=NONE pgs=0 cs=0 l=0 rev1=0 rx=0 tx=0).connect
2024-02-11T16:59:30.814 INFO:teuthology.orchestra.run.smithi084.stderr:/usr/bin/ceph:
2024-02-11T16:59:30.811+0000 7feb28c21700 1 -- --> [v2:172.21.15.84:3300/0,v1:172.21.15.84:6789/0] -- mon_getmap magic: 0 v1 -- 0x7feb240728d0 con 0x7feb240724b0
2024-02-11T16:59:30.814 INFO:teuthology.orchestra.run.smithi084.stderr:/usr/bin/ceph:
2024-02-11T16:59:30.811+0000 7feb2259c700 1 --2- >> [v2:172.21.15.84:3300/0,v1:172.21.15.84:6789/0] conn(0x7feb240724b0 0x7feb24070a50 unknown :-1 s=BANNER_CONNECTING pgs=0 cs=0 l=0 rev1=0 rx=0 tx=0)._handle_peer_banner_payload supported=1 required=0
2024-02-11T16:59:30.814 INFO:teuthology.orchestra.run.smithi084.stderr:/usr/bin/ceph:
2024-02-11T16:59:30.811+0000 7feb2259c700 1 --2- >> [v2:172.21.15.84:3300/0,v1:172.21.15.84:6789/0] conn(0x7feb240724b0 0x7feb24070a50 unknown :-1 s=HELLO_CONNECTING pgs=0 cs=0 l=0 rev1=1 rx=0 tx=0).handle_hello peer v2:172.21.15.84:3300/0 says I am v2:172.21.15.84:42388/0 (socket says 172.21.15.84:42388)
2024-02-11T16:59:30.814 INFO:teuthology.orchestra.run.smithi084.stderr:/usr/bin/ceph:
2024-02-11T16:59:30.811+0000 7feb2259c700 1 -- 172.21.15.84:0/1459218580 learned_addr learned my addr 172.21.15.84:0/1459218580 (peer_addr_for_me v2:172.21.15.84:0/0)
2024-02-11T16:59:30.815 INFO:teuthology.orchestra.run.smithi084.stderr:/usr/bin/ceph:
2024-02-11T16:59:30.812+0000 7feb2259c700 1 -- 172.21.15.84:0/1459218580 --> [v2:172.21.15.84:3300/0,v1:172.21.15.84:6789/0] -- mon_subscribe({config=0+,monmap=0+}) v3 -- 0x7feb24070f40 con 0x7feb240724b0
2024-02-11T16:59:30.815 INFO:teuthology.orchestra.run.smithi084.stderr:/usr/bin/ceph:
2024-02-11T16:59:30.812+0000 7feb2259c700 1 --2- 172.21.15.84:0/1459218580 >> [v2:172.21.15.84:3300/0,v1:172.21.15.84:6789/0] conn(0x7feb240724b0 0x7feb24070a50 secure :-1 s=READY pgs=62 cs=0 l=1 rev1=1 rx=0x7feb1800b5f0 tx=0x7feb18006ee0).ready entity=mon.0 client_cookie=1fcd017018ff5e4b server_cookie=0 in_seq=0 out_seq=0
2024-02-11T16:59:30.815 INFO:teuthology.orchestra.run.smithi084.stderr:/usr/bin/ceph:
2024-02-11T16:59:30.812+0000 7feb2159a700 1 -- 172.21.15.84:0/1459218580 <== mon.0 v2:172.21.15.84:3300/0 1 ==== mon_map magic: 0 v1 ==== 229+0+0 (secure 0 0 0) 0x7feb1800d600 con 0x7feb240724b0
2024-02-11T16:59:30.815 INFO:teuthology.orchestra.run.smithi084.stderr:/usr/bin/ceph:
2024-02-11T16:59:30.812+0000 7feb2159a700 1 -- 172.21.15.84:0/1459218580 <== mon.0 v2:172.21.15.84:3300/0 2 ==== config(25 keys) v1 ==== 1010+0+0 (secure 0 0 0) 0x7feb1800dbd0 con 0x7feb240724b0
2024-02-11T16:59:30.815 INFO:teuthology.orchestra.run.smithi084.stderr:/usr/bin/ceph:
2024-02-11T16:59:30.812+0000 7feb2159a700 1 -- 172.21.15.84:0/1459218580 <== mon.0 v2:172.21.15.84:3300/0 3 ==== mon_map magic: 0 v1 ==== 229+0+0 (secure 0 0 0) 0x7feb18011c00 con 0x7feb240724b0
2024-02-11T16:59:30.816 INFO:teuthology.orchestra.run.smithi084.stderr:/usr/bin/ceph:
2024-02-11T16:59:30.813+0000 7feb28c21700 1 -- 172.21.15.84:0/1459218580 >> [v2:172.21.15.84:3300/0,v1:172.21.15.84:6789/0] conn(0x7feb240724b0 msgr2=0x7feb24070a50 secure :-1 s=STATE_CONNECTION_ESTABLISHED l=1).mark_down
2024-02-11T16:59:30.816 INFO:teuthology.orchestra.run.smithi084.stderr:/usr/bin/ceph:
2024-02-11T16:59:30.813+0000 7feb28c21700 1 --2- 172.21.15.84:0/1459218580 >> [v2:172.21.15.84:3300/0,v1:172.21.15.84:6789/0] conn(0x7feb240724b0 0x7feb24070a50 secure :-1 s=READY pgs=62 cs=0 l=1 rev1=1 rx=0x7feb1800b5f0 tx=0x7feb18006ee0).stop
2024-02-11T16:59:30.816 INFO:teuthology.orchestra.run.smithi084.stderr:/usr/bin/ceph:
2024-02-11T16:59:30.813+0000 7feb28c21700 1 -- 172.21.15.84:0/1459218580 shutdown_connections
2024-02-11T16:59:30.816 INFO:teuthology.orchestra.run.smithi084.stderr:/usr/bin/ceph:
2024-02-11T16:59:30.813+0000 7feb28c21700 1 --2- 172.21.15.84:0/1459218580 >> [v2:172.21.15.84:3300/0,v1:172.21.15.84:6789/0] conn(0x7feb240724b0 0x7feb24070a50 unknown :-1 s=CLOSED pgs=62 cs=0 l=1 rev1=1 rx=0 tx=0).stop
2024-02-11T16:59:30.816 INFO:teuthology.orchestra.run.smithi084.stderr:/usr/bin/ceph:
2024-02-11T16:59:30.813+0000 7feb28c21700 1 -- 172.21.15.84:0/1459218580 >> 172.21.15.84:0/1459218580 conn(0x7feb240f74c0 msgr2=0x7feb240f98e0 unknown :-1 s=STATE_NONE l=0).mark_down
2024-02-11T16:59:30.816 INFO:teuthology.orchestra.run.smithi084.stderr:/usr/bin/ceph:
2024-02-11T16:59:30.813+0000 7feb28c21700 1 -- 172.21.15.84:0/1459218580 shutdown_connections
2024-02-11T16:59:30.817 INFO:teuthology.orchestra.run.smithi084.stderr:/usr/bin/ceph:
2024-02-11T16:59:30.813+0000 7feb28c21700 1 -- 172.21.15.84:0/1459218580 wait complete.
2024-02-11T16:59:30.817 INFO:teuthology.orchestra.run.smithi084.stderr:/usr/bin/ceph:
2024-02-11T16:59:30.813+0000 7feb28c21700 1 Processor -- start
2024-02-11T16:59:30.817 INFO:teuthology.orchestra.run.smithi084.stderr:/usr/bin/ceph:
2024-02-11T16:59:30.813+0000 7feb28c21700 1 -- start start
2024-02-11T16:59:30.817 INFO:teuthology.orchestra.run.smithi084.stderr:/usr/bin/ceph:
2024-02-11T16:59:30.813+0000 7feb28c21700 1 --2- >> [v2:172.21.15.84:3300/0,v1:172.21.15.84:6789/0] conn(0x7feb240724b0 0x7feb2410cd00 unknown :-1 s=NONE pgs=0 cs=0 l=1 rev1=0 rx=0 tx=0).connect
2024-02-11T16:59:30.817 INFO:teuthology.orchestra.run.smithi084.stderr:/usr/bin/ceph:
2024-02-11T16:59:30.813+0000 7feb28c21700 1 -- --> [v2:172.21.15.84:3300/0,v1:172.21.15.84:6789/0] -- mon_getmap magic: 0 v1 -- 0x7feb2410d1f0 con 0x7feb240724b0
2024-02-11T16:59:30.817 INFO:teuthology.orchestra.run.smithi084.stderr:/usr/bin/ceph:
2024-02-11T16:59:30.814+0000 7feb2259c700 1 --2- >> [v2:172.21.15.84:3300/0,v1:172.21.15.84:6789/0] conn(0x7feb240724b0 0x7feb2410cd00 unknown :-1 s=BANNER_CONNECTING pgs=0 cs=0 l=1 rev1=0 rx=0 tx=0)._handle_peer_banner_payload supported=1 required=0
2024-02-11T16:59:30.817 INFO:teuthology.orchestra.run.smithi084.stderr:/usr/bin/ceph:
2024-02-11T16:59:30.814+0000 7feb2259c700 1 --2- >> [v2:172.21.15.84:3300/0,v1:172.21.15.84:6789/0] conn(0x7feb240724b0 0x7feb2410cd00 unknown :-1 s=HELLO_CONNECTING pgs=0 cs=0 l=1 rev1=1 rx=0 tx=0).handle_hello peer v2:172.21.15.84:3300/0 says I am v2:172.21.15.84:42398/0 (socket says 172.21.15.84:42398)
2024-02-11T16:59:30.817 INFO:teuthology.orchestra.run.smithi084.stderr:/usr/bin/ceph:
2024-02-11T16:59:30.814+0000 7feb2259c700 1 -- 172.21.15.84:0/1584468522 learned_addr learned my addr 172.21.15.84:0/1584468522 (peer_addr_for_me v2:172.21.15.84:0/0)
2024-02-11T16:59:30.817 INFO:teuthology.orchestra.run.smithi084.stderr:/usr/bin/ceph:
2024-02-11T16:59:30.814+0000 7feb2259c700 1 -- 172.21.15.84:0/1584468522 --> [v2:172.21.15.84:3300/0,v1:172.21.15.84:6789/0] -- mon_subscribe({config=0+,monmap=0+}) v3 -- 0x7feb1800b200 con 0x7feb240724b0
2024-02-11T16:59:30.817 INFO:teuthology.orchestra.run.smithi084.stderr:/usr/bin/ceph:
2024-02-11T16:59:30.814+0000 7feb2259c700 1 --2- 172.21.15.84:0/1584468522 >> [v2:172.21.15.84:3300/0,v1:172.21.15.84:6789/0] conn(0x7feb240724b0 0x7feb2410cd00 secure :-1 s=READY pgs=63 cs=0 l=1 rev1=1 rx=0x7feb1800b190 tx=0x7feb18006ee0).ready entity=mon.0 client_cookie=0 server_cookie=0 in_seq=0 out_seq=0
2024-02-11T16:59:30.817 INFO:teuthology.orchestra.run.smithi084.stderr:/usr/bin/ceph:
2024-02-11T16:59:30.814+0000 7feb12ffd700 1 -- 172.21.15.84:0/1584468522 <== mon.0 v2:172.21.15.84:3300/0 1 ==== mon_map magic: 0 v1 ==== 229+0+0 (secure 0 0 0) 0x7feb1801b410 con 0x7feb240724b0
2024-02-11T16:59:30.817 INFO:teuthology.orchestra.run.smithi084.stderr:/usr/bin/ceph:
2024-02-11T16:59:30.814+0000 7feb28c21700 1 -- 172.21.15.84:0/1584468522 --> [v2:172.21.15.84:3300/0,v1:172.21.15.84:6789/0] -- mon_subscribe({mgrmap=0+}) v3 -- 0x7feb2410d3f0 con 0x7feb240724b0
2024-02-11T16:59:30.817 INFO:teuthology.orchestra.run.smithi084.stderr:/usr/bin/ceph:
2024-02-11T16:59:30.814+0000 7feb12ffd700 1 -- 172.21.15.84:0/1584468522 <== mon.0 v2:172.21.15.84:3300/0 2 ==== config(25 keys) v1 ==== 1010+0+0 (secure 0 0 0) 0x7feb1801b9e0 con 0x7feb240724b0
2024-02-11T16:59:30.817 INFO:teuthology.orchestra.run.smithi084.stderr:/usr/bin/ceph:
2024-02-11T16:59:30.814+0000 7feb12ffd700 1 -- 172.21.15.84:0/1584468522 <== mon.0 v2:172.21.15.84:3300/0 3 ==== mon_map magic: 0 v1 ==== 229+0+0 (secure 0 0 0) 0x7feb1801a880 con 0x7feb240724b0
2024-02-11T16:59:30.818 INFO:teuthology.orchestra.run.smithi084.stderr:/usr/bin/ceph:
2024-02-11T16:59:30.814+0000 7feb28c21700 1 -- 172.21.15.84:0/1584468522 --> [v2:172.21.15.84:3300/0,v1:172.21.15.84:6789/0] -- mon_subscribe({osdmap=0}) v3 -- 0x7feb2410d800 con 0x7feb240724b0
2024-02-11T16:59:30.818 INFO:teuthology.orchestra.run.smithi084.stderr:/usr/bin/ceph:
2024-02-11T16:59:30.815+0000 7feb12ffd700 1 -- 172.21.15.84:0/1584468522 <== mon.0 v2:172.21.15.84:3300/0 4 ==== mgrmap(e 12) v1 ==== 36195+0+0 (secure 0 0 0) 0x7feb1800f070 con 0x7feb240724b0
2024-02-11T16:59:30.818 INFO:teuthology.orchestra.run.smithi084.stderr:/usr/bin/ceph:
2024-02-11T16:59:30.815+0000 7feb28c21700 1 -- 172.21.15.84:0/1584468522 --> [v2:172.21.15.84:3300/0,v1:172.21.15.84:6789/0] -- mon_command({"prefix": "get_command_descriptions"} v 0) v1 -- 0x7feb24045ad0 con 0x7feb240724b0
2024-02-11T16:59:30.819 INFO:teuthology.orchestra.run.smithi084.stderr:/usr/bin/ceph:
2024-02-11T16:59:30.815+0000 7feb12ffd700 1 --2- 172.21.15.84:0/1584468522 >> [v2:172.21.15.84:6800/521523615,v1:172.21.15.84:6801/521523615] conn(0x7feb0802fe60 0x7feb08032320 unknown :-1 s=NONE pgs=0 cs=0 l=1 rev1=0 rx=0 tx=0).connect
2024-02-11T16:59:30.819 INFO:teuthology.orchestra.run.smithi084.stderr:/usr/bin/ceph:
2024-02-11T16:59:30.815+0000 7feb12ffd700 1 -- 172.21.15.84:0/1584468522 <== mon.0 v2:172.21.15.84:3300/0 5 ==== osd_map(3..3 src has 1..3) v4 ==== 1098+0+0 (secure 0 0 0) 0x7feb180413e0 con 0x7feb240724b0
2024-02-11T16:59:30.819 INFO:teuthology.orchestra.run.smithi084.stderr:/usr/bin/ceph:
2024-02-11T16:59:30.815+0000 7feb21d9b700 1 --2- 172.21.15.84:0/1584468522 >> [v2:172.21.15.84:6800/521523615,v1:172.21.15.84:6801/521523615] conn(0x7feb0802fe60 0x7feb08032320 unknown :-1 s=BANNER_CONNECTING pgs=0 cs=0 l=1 rev1=0 rx=0 tx=0)._handle_peer_banner_payload supported=1 required=0
2024-02-11T16:59:30.819 INFO:teuthology.orchestra.run.smithi084.stderr:/usr/bin/ceph:
2024-02-11T16:59:30.816+0000 7feb21d9b700 1 --2- 172.21.15.84:0/1584468522 >> [v2:172.21.15.84:6800/521523615,v1:172.21.15.84:6801/521523615] conn(0x7feb0802fe60 0x7feb08032320 secure :-1 s=READY pgs=9 cs=0 l=1 rev1=1 rx=0x7feb140096a0 tx=0x7feb14006b40).ready entity=mgr.14142 client_cookie=0 server_cookie=0 in_seq=0 out_seq=0
2024-02-11T16:59:30.821 INFO:teuthology.orchestra.run.smithi084.stderr:/usr/bin/ceph:
2024-02-11T16:59:30.819+0000 7feb12ffd700 1 -- 172.21.15.84:0/1584468522 <== mon.0 v2:172.21.15.84:3300/0 6 ==== mon_command_ack([{"prefix": "get_command_descriptions"}]=0 v0) v1 ==== 72+0+152212 (secure 0 0 0) 0x7feb18019e60 con 0x7feb240724b0
2024-02-11T16:59:30.970 INFO:teuthology.orchestra.run.smithi084.stderr:/usr/bin/ceph:
2024-02-11T16:59:30.968+0000 7feb28c21700 1 -- 172.21.15.84:0/1584468522 --> [v2:172.21.15.84:3300/0,v1:172.21.15.84:6789/0] -- mon_command([{prefix=config set, name=mgr/cephadm/container_init}] v 0) v1 -- 0x7feb24101dc0 con 0x7feb240724b0
2024-02-11T16:59:30.973 INFO:teuthology.orchestra.run.smithi084.stderr:/usr/bin/ceph:
2024-02-11T16:59:30.971+0000 7feb12ffd700 1 -- 172.21.15.84:0/1584468522 <== mon.0 v2:172.21.15.84:3300/0 7 ==== mon_command_ack([{prefix=config set, name=mgr/cephadm/container_init}]=0 v8)=0 v8) v1 ==== 142+0+0 (secure 0 0 0) 0x7feb18016070 con 0x7feb240724b0
2024-02-11T16:59:30.975 INFO:teuthology.orchestra.run.smithi084.stderr:/usr/bin/ceph:
2024-02-11T16:59:30.973+0000 7feb28c21700 1 -- 172.21.15.84:0/1584468522 >> [v2:172.21.15.84:6800/521523615,v1:172.21.15.84:6801/521523615] conn(0x7feb0802fe60 msgr2=0x7feb08032320 secure :-1 s=STATE_CONNECTION_ESTABLISHED l=1).mark_down
2024-02-11T16:59:30.975 INFO:teuthology.orchestra.run.smithi084.stderr:/usr/bin/ceph:
2024-02-11T16:59:30.973+0000 7feb28c21700 1 --2- 172.21.15.84:0/1584468522 >> [v2:172.21.15.84:6800/521523615,v1:172.21.15.84:6801/521523615] conn(0x7feb0802fe60 0x7feb08032320 secure :-1 s=READY pgs=9 cs=0 l=1 rev1=1 rx=0x7feb140096a0 tx=0x7feb14006b40).stop
2024-02-11T16:59:30.975 INFO:teuthology.orchestra.run.smithi084.stderr:/usr/bin/ceph:
2024-02-11T16:59:30.973+0000 7feb28c21700 1 -- 172.21.15.84:0/1584468522 >> [v2:172.21.15.84:3300/0,v1:172.21.15.84:6789/0] conn(0x7feb240724b0 msgr2=0x7feb2410cd00 secure :-1 s=STATE_CONNECTION_ESTABLISHED l=1).mark_down
2024-02-11T16:59:30.976 INFO:teuthology.orchestra.run.smithi084.stderr:/usr/bin/ceph:
2024-02-11T16:59:30.973+0000 7feb28c21700 1 --2- 172.21.15.84:0/1584468522 >> [v2:172.21.15.84:3300/0,v1:172.21.15.84:6789/0] conn(0x7feb240724b0 0x7feb2410cd00 secure :-1 s=READY pgs=63 cs=0 l=1 rev1=1 rx=0x7feb1800b190 tx=0x7feb18006ee0).stop
2024-02-11T16:59:30.976 INFO:teuthology.orchestra.run.smithi084.stderr:/usr/bin/ceph:
2024-02-11T16:59:30.973+0000 7feb28c21700 1 -- 172.21.15.84:0/1584468522 shutdown_connections
2024-02-11T16:59:30.976 INFO:teuthology.orchestra.run.smithi084.stderr:/usr/bin/ceph:
2024-02-11T16:59:30.973+0000 7feb28c21700 1 --2- 172.21.15.84:0/1584468522 >> [v2:172.21.15.84:6800/521523615,v1:172.21.15.84:6801/521523615] conn(0x7feb0802fe60 0x7feb08032320 unknown :-1 s=CLOSED pgs=9 cs=0 l=1 rev1=1 rx=0 tx=0).stop
2024-02-11T16:59:30.976 INFO:teuthology.orchestra.run.smithi084.stderr:/usr/bin/ceph:
2024-02-11T16:59:30.973+0000 7feb28c21700 1 --2- 172.21.15.84:0/1584468522 >> [v2:172.21.15.84:3300/0,v1:172.21.15.84:6789/0] conn(0x7feb240724b0 0x7feb2410cd00 unknown :-1 s=CLOSED pgs=63 cs=0 l=1 rev1=1 rx=0 tx=0).stop
2024-02-11T16:59:30.976 INFO:teuthology.orchestra.run.smithi084.stderr:/usr/bin/ceph:
2024-02-11T16:59:30.973+0000 7feb28c21700 1 -- 172.21.15.84:0/1584468522 >> 172.21.15.84:0/1584468522 conn(0x7feb240f74c0 msgr2=0x7feb240f9000 unknown :-1 s=STATE_NONE l=0).mark_down
2024-02-11T16:59:30.976 INFO:teuthology.orchestra.run.smithi084.stderr:/usr/bin/ceph:
2024-02-11T16:59:30.973+0000 7feb28c21700 1 -- 172.21.15.84:0/1584468522 shutdown_connections
2024-02-11T16:59:30.976 INFO:teuthology.orchestra.run.smithi084.stderr:/usr/bin/ceph:
2024-02-11T16:59:30.973+0000 7feb28c21700 1 -- 172.21.15.84:0/1584468522 wait complete.
2024-02-11T16:59:31.042 INFO:journalctl@ceph.mon.smithi084.smithi084.stdout:Feb 11 16:59:30 smithi084 ceph-ba46f02e-c8fe-11ee-95b9-87774f69a715-mon.smithi084[39361]: audit
2024-02-11T16:59:29.768962+0000 mgr.smithi084.ytgfmf (mgr.14142) 7 : audit [DBG] from='client.14154 -' entity='client.admin' cmd=[{"prefix": "orch apply", "service_type": "alertmanager", "target": ["mon-mgr", ""]}]: dispatch
2024-02-11T16:59:31.042 INFO:journalctl@ceph.mon.smithi084.smithi084.stdout:Feb 11 16:59:30 smithi084 ceph-ba46f02e-c8fe-11ee-95b9-87774f69a715-mon.smithi084[39361]: cephadm
2024-02-11T16:59:29.769470+0000 mgr.smithi084.ytgfmf (mgr.14142) 8 : cephadm [INF] Saving service alertmanager spec with placement count:1
2024-02-11T16:59:31.042 INFO:journalctl@ceph.mon.smithi084.smithi084.stdout:Feb 11 16:59:30 smithi084 ceph-ba46f02e-c8fe-11ee-95b9-87774f69a715-mon.smithi084[39361]: audit
2024-02-11T16:59:29.771533+0000 mon.smithi084 (mon.0) 81 : audit [INF] from='mgr.14142 172.21.15.84:0/3539146402' entity='mgr.smithi084.ytgfmf'
2024-02-11T16:59:31.495 INFO:teuthology.orchestra.run.smithi084.stderr:Running command: /bin/podman run --rm --ipc=host --no-hosts --net=host --entrypoint /usr/bin/ceph --init -e CONTAINER_IMAGE=docker.io/ceph/ceph:v16.2.4 -e NODE_NAME=smithi084 -e CEPH_USE_RANDOM_NONCE=1 -v /var/log/ceph/ba46f02e-c8fe-11ee-95b9-87774f69a715:/var/log/ceph:z -v /tmp/ceph-tmp2pdotei2:/etc/ceph/ceph.client.admin.keyring:z -v /tmp/ceph-tmpp9zlxb6s:/etc/ceph/ceph.conf:z docker.io/ceph/ceph:v16.2.4 config set mgr mgr/dashboard/ssl_server_port 8443
2024-02-11T16:59:32.063 INFO:teuthology.orchestra.run.smithi084.stderr:/usr/bin/ceph:
2024-02-11T16:59:32.011+0000 7f6f2151b700 1 Processor -- start
2024-02-11T16:59:32.063 INFO:teuthology.orchestra.run.smithi084.stderr:/usr/bin/ceph:
2024-02-11T16:59:32.011+0000 7f6f2151b700 1 -- start start
2024-02-11T16:59:32.063 INFO:teuthology.orchestra.run.smithi084.stderr:/usr/bin/ceph:
2024-02-11T16:59:32.011+0000 7f6f2151b700 1 --2- >> [v2:172.21.15.84:3300/0,v1:172.21.15.84:6789/0] conn(0x7f6f1c0fab80 0x7f6f1c0fafa0 unknown :-1 s=NONE pgs=0 cs=0 l=0 rev1=0 rx=0 tx=0).connect
2024-02-11T16:59:32.063 INFO:teuthology.orchestra.run.smithi084.stderr:/usr/bin/ceph:
2024-02-11T16:59:32.011+0000 7f6f2151b700 1 -- --> [v2:172.21.15.84:3300/0,v1:172.21.15.84:6789/0] -- mon_getmap magic: 0 v1 -- 0x7f6f1c0fb490 con 0x7f6f1c0fab80
2024-02-11T16:59:32.063 INFO:teuthology.orchestra.run.smithi084.stderr:/usr/bin/ceph:
2024-02-11T16:59:32.012+0000 7f6f1affd700 1 --2- >> [v2:172.21.15.84:3300/0,v1:172.21.15.84:6789/0] conn(0x7f6f1c0fab80 0x7f6f1c0fafa0 unknown :-1 s=BANNER_CONNECTING pgs=0 cs=0 l=0 rev1=0 rx=0 tx=0)._handle_peer_banner_payload supported=1 required=0
2024-02-11T16:59:32.064 INFO:teuthology.orchestra.run.smithi084.stderr:/usr/bin/ceph:
2024-02-11T16:59:32.012+0000 7f6f1affd700 1 --2- >> [v2:172.21.15.84:3300/0,v1:172.21.15.84:6789/0] conn(0x7f6f1c0fab80 0x7f6f1c0fafa0 unknown :-1 s=HELLO_CONNECTING pgs=0 cs=0 l=0 rev1=1 rx=0 tx=0).handle_hello peer v2:172.21.15.84:3300/0 says I am v2:172.21.15.84:42410/0 (socket says 172.21.15.84:42410)
2024-02-11T16:59:32.064 INFO:teuthology.orchestra.run.smithi084.stderr:/usr/bin/ceph:
2024-02-11T16:59:32.012+0000 7f6f1affd700 1 -- 172.21.15.84:0/3225625405 learned_addr learned my addr 172.21.15.84:0/3225625405 (peer_addr_for_me v2:172.21.15.84:0/0)
2024-02-11T16:59:32.067 INFO:teuthology.orchestra.run.smithi084.stderr:/usr/bin/ceph:
2024-02-11T16:59:32.012+0000 7f6f1affd700 1 -- 172.21.15.84:0/3225625405 --> [v2:172.21.15.84:3300/0,v1:172.21.15.84:6789/0] -- mon_subscribe({config=0+,monmap=0+}) v3 -- 0x7f6f1c0fb5d0 con 0x7f6f1c0fab80
2024-02-11T16:59:32.067 INFO:teuthology.orchestra.run.smithi084.stderr:/usr/bin/ceph:
2024-02-11T16:59:32.012+0000 7f6f1affd700 1 --2- 172.21.15.84:0/3225625405 >> [v2:172.21.15.84:3300/0,v1:172.21.15.84:6789/0] conn(0x7f6f1c0fab80 0x7f6f1c0fafa0 secure :-1 s=READY pgs=64 cs=0 l=1 rev1=1 rx=0x7f6f1000b5f0 tx=0x7f6f10006ee0).ready entity=mon.0 client_cookie=bb75e146825cff5b server_cookie=0 in_seq=0 out_seq=0
2024-02-11T16:59:32.067 INFO:teuthology.orchestra.run.smithi084.stderr:/usr/bin/ceph:
2024-02-11T16:59:32.012+0000 7f6f19ffb700 1 -- 172.21.15.84:0/3225625405 <== mon.0 v2:172.21.15.84:3300/0 1 ==== mon_map magic: 0 v1 ==== 229+0+0 (secure 0 0 0) 0x7f6f1000d600 con 0x7f6f1c0fab80
2024-02-11T16:59:32.067 INFO:teuthology.orchestra.run.smithi084.stderr:/usr/bin/ceph:
2024-02-11T16:59:32.012+0000 7f6f19ffb700 1 -- 172.21.15.84:0/3225625405 <== mon.0 v2:172.21.15.84:3300/0 2 ==== config(25 keys) v1 ==== 1010+0+0 (secure 0 0 0) 0x7f6f1000dbd0 con 0x7f6f1c0fab80
2024-02-11T16:59:32.067 INFO:teuthology.orchestra.run.smithi084.stderr:/usr/bin/ceph:
2024-02-11T16:59:32.012+0000 7f6f19ffb700 1 -- 172.21.15.84:0/3225625405 <== mon.0 v2:172.21.15.84:3300/0 3 ==== mon_map magic: 0 v1 ==== 229+0+0 (secure 0 0 0) 0x7f6f10011c00 con 0x7f6f1c0fab80
2024-02-11T16:59:32.068 INFO:teuthology.orchestra.run.smithi084.stderr:/usr/bin/ceph:
2024-02-11T16:59:32.013+0000 7f6f2151b700 1 -- 172.21.15.84:0/3225625405 >> [v2:172.21.15.84:3300/0,v1:172.21.15.84:6789/0] conn(0x7f6f1c0fab80 msgr2=0x7f6f1c0fafa0 secure :-1 s=STATE_CONNECTION_ESTABLISHED l=1).mark_down
2024-02-11T16:59:32.068 INFO:teuthology.orchestra.run.smithi084.stderr:/usr/bin/ceph:
2024-02-11T16:59:32.013+0000 7f6f2151b700 1 --2- 172.21.15.84:0/3225625405 >> [v2:172.21.15.84:3300/0,v1:172.21.15.84:6789/0] conn(0x7f6f1c0fab80 0x7f6f1c0fafa0 secure :-1 s=READY pgs=64 cs=0 l=1 rev1=1 rx=0x7f6f1000b5f0 tx=0x7f6f10006ee0).stop
2024-02-11T16:59:32.068 INFO:teuthology.orchestra.run.smithi084.stderr:/usr/bin/ceph:
2024-02-11T16:59:32.013+0000 7f6f2151b700 1 -- 172.21.15.84:0/3225625405 shutdown_connections
2024-02-11T16:59:32.068 INFO:teuthology.orchestra.run.smithi084.stderr:/usr/bin/ceph:
2024-02-11T16:59:32.013+0000 7f6f2151b700 1 --2- 172.21.15.84:0/3225625405 >> [v2:172.21.15.84:3300/0,v1:172.21.15.84:6789/0] conn(0x7f6f1c0fab80 0x7f6f1c0fafa0 unknown :-1 s=CLOSED pgs=64 cs=0 l=1 rev1=1 rx=0 tx=0).stop
2024-02-11T16:59:32.068 INFO:teuthology.orchestra.run.smithi084.stderr:/usr/bin/ceph:
2024-02-11T16:59:32.013+0000 7f6f2151b700 1 -- 172.21.15.84:0/3225625405 >> 172.21.15.84:0/3225625405 conn(0x7f6f1c0f63c0 msgr2=0x7f6f1c0f87e0 unknown :-1 s=STATE_NONE l=0).mark_down
2024-02-11T16:59:32.068 INFO:teuthology.orchestra.run.smithi084.stderr:/usr/bin/ceph:
2024-02-11T16:59:32.013+0000 7f6f2151b700 1 -- 172.21.15.84:0/3225625405 shutdown_connections
2024-02-11T16:59:32.068 INFO:teuthology.orchestra.run.smithi084.stderr:/usr/bin/ceph:
2024-02-11T16:59:32.013+0000 7f6f2151b700 1 -- 172.21.15.84:0/3225625405 wait complete.
2024-02-11T16:59:32.068 INFO:teuthology.orchestra.run.smithi084.stderr:/usr/bin/ceph:
2024-02-11T16:59:32.013+0000 7f6f2151b700 1 Processor -- start
2024-02-11T16:59:32.068 INFO:teuthology.orchestra.run.smithi084.stderr:/usr/bin/ceph:
2024-02-11T16:59:32.013+0000 7f6f2151b700 1 -- start start
2024-02-11T16:59:32.068 INFO:teuthology.orchestra.run.smithi084.stderr:/usr/bin/ceph:
2024-02-11T16:59:32.013+0000 7f6f2151b700 1 --2- >> [v2:172.21.15.84:3300/0,v1:172.21.15.84:6789/0] conn(0x7f6f1c0fab80 0x7f6f1c1087d0 unknown :-1 s=NONE pgs=0 cs=0 l=1 rev1=0 rx=0 tx=0).connect
2024-02-11T16:59:32.068 INFO:teuthology.orchestra.run.smithi084.stderr:/usr/bin/ceph:
2024-02-11T16:59:32.013+0000 7f6f2151b700 1 -- --> [v2:172.21.15.84:3300/0,v1:172.21.15.84:6789/0] -- mon_getmap magic: 0 v1 -- 0x7f6f1c108cc0 con 0x7f6f1c0fab80
2024-02-11T16:59:32.068 INFO:teuthology.orchestra.run.smithi084.stderr:/usr/bin/ceph:
2024-02-11T16:59:32.014+0000 7f6f1affd700 1 --2- >> [v2:172.21.15.84:3300/0,v1:172.21.15.84:6789/0] conn(0x7f6f1c0fab80 0x7f6f1c1087d0 unknown :-1 s=BANNER_CONNECTING pgs=0 cs=0 l=1 rev1=0 rx=0 tx=0)._handle_peer_banner_payload supported=1 required=0
2024-02-11T16:59:32.068 INFO:teuthology.orchestra.run.smithi084.stderr:/usr/bin/ceph:
2024-02-11T16:59:32.014+0000 7f6f1affd700 1 --2- >> [v2:172.21.15.84:3300/0,v1:172.21.15.84:6789/0] conn(0x7f6f1c0fab80 0x7f6f1c1087d0 unknown :-1 s=HELLO_CONNECTING pgs=0 cs=0 l=1 rev1=1 rx=0 tx=0).handle_hello peer v2:172.21.15.84:3300/0 says I am v2:172.21.15.84:42414/0 (socket says 172.21.15.84:42414)
2024-02-11T16:59:32.068 INFO:teuthology.orchestra.run.smithi084.stderr:/usr/bin/ceph:
2024-02-11T16:59:32.014+0000 7f6f1affd700 1 -- 172.21.15.84:0/244493170 learned_addr learned my addr 172.21.15.84:0/244493170 (peer_addr_for_me v2:172.21.15.84:0/0)
2024-02-11T16:59:32.069 INFO:teuthology.orchestra.run.smithi084.stderr:/usr/bin/ceph:
2024-02-11T16:59:32.014+0000 7f6f1affd700 1 -- 172.21.15.84:0/244493170 --> [v2:172.21.15.84:3300/0,v1:172.21.15.84:6789/0] -- mon_subscribe({config=0+,monmap=0+}) v3 -- 0x7f6f1000b200 con 0x7f6f1c0fab80
2024-02-11T16:59:32.069 INFO:teuthology.orchestra.run.smithi084.stderr:/usr/bin/ceph:
2024-02-11T16:59:32.014+0000 7f6f1affd700 1 --2- 172.21.15.84:0/244493170 >> [v2:172.21.15.84:3300/0,v1:172.21.15.84:6789/0] conn(0x7f6f1c0fab80 0x7f6f1c1087d0 secure :-1 s=READY pgs=65 cs=0 l=1 rev1=1 rx=0x7f6f1000b1d0 tx=0x7f6f10006ee0).ready entity=mon.0 client_cookie=0 server_cookie=0 in_seq=0 out_seq=0
2024-02-11T16:59:32.069 INFO:teuthology.orchestra.run.smithi084.stderr:/usr/bin/ceph:
2024-02-11T16:59:32.014+0000 7f6f037fe700 1 -- 172.21.15.84:0/244493170 <== mon.0 v2:172.21.15.84:3300/0 1 ==== mon_map magic: 0 v1 ==== 229+0+0 (secure 0 0 0) 0x7f6f1001b410 con 0x7f6f1c0fab80
2024-02-11T16:59:32.069 INFO:teuthology.orchestra.run.smithi084.stderr:/usr/bin/ceph:
2024-02-11T16:59:32.014+0000 7f6f037fe700 1 -- 172.21.15.84:0/244493170 <== mon.0 v2:172.21.15.84:3300/0 2 ==== config(25 keys) v1 ==== 1010+0+0 (secure 0 0 0) 0x7f6f1001b9e0 con 0x7f6f1c0fab80
2024-02-11T16:59:32.069 INFO:teuthology.orchestra.run.smithi084.stderr:/usr/bin/ceph:
2024-02-11T16:59:32.014+0000 7f6f2151b700 1 -- 172.21.15.84:0/244493170 --> [v2:172.21.15.84:3300/0,v1:172.21.15.84:6789/0] -- mon_subscribe({mgrmap=0+}) v3 -- 0x7f6f1c108ec0 con 0x7f6f1c0fab80
2024-02-11T16:59:32.069 INFO:teuthology.orchestra.run.smithi084.stderr:/usr/bin/ceph:
2024-02-11T16:59:32.014+0000 7f6f037fe700 1 -- 172.21.15.84:0/244493170 <== mon.0 v2:172.21.15.84:3300/0 3 ==== mon_map magic: 0 v1 ==== 229+0+0 (secure 0 0 0) 0x7f6f1001a840 con 0x7f6f1c0fab80
2024-02-11T16:59:32.069 INFO:teuthology.orchestra.run.smithi084.stderr:/usr/bin/ceph:
2024-02-11T16:59:32.014+0000 7f6f2151b700 1 -- 172.21.15.84:0/244493170 --> [v2:172.21.15.84:3300/0,v1:172.21.15.84:6789/0] -- mon_subscribe({osdmap=0}) v3 -- 0x7f6f1c1092d0 con 0x7f6f1c0fab80
2024-02-11T16:59:32.069 INFO:teuthology.orchestra.run.smithi084.stderr:/usr/bin/ceph:
2024-02-11T16:59:32.015+0000 7f6f037fe700 1 -- 172.21.15.84:0/244493170 <== mon.0 v2:172.21.15.84:3300/0 4 ==== mgrmap(e 12) v1 ==== 36195+0+0 (secure 0 0 0) 0x7f6f1000f070 con 0x7f6f1c0fab80
2024-02-11T16:59:32.069 INFO:teuthology.orchestra.run.smithi084.stderr:/usr/bin/ceph:
2024-02-11T16:59:32.015+0000 7f6f2151b700 1 -- 172.21.15.84:0/244493170 --> [v2:172.21.15.84:3300/0,v1:172.21.15.84:6789/0] -- mon_command({"prefix": "get_command_descriptions"} v 0) v1 -- 0x7f6f1c045ad0 con 0x7f6f1c0fab80
2024-02-11T16:59:32.069 INFO:teuthology.orchestra.run.smithi084.stderr:/usr/bin/ceph:
2024-02-11T16:59:32.015+0000 7f6f037fe700 1 --2- 172.21.15.84:0/244493170 >> [v2:172.21.15.84:6800/521523615,v1:172.21.15.84:6801/521523615] conn(0x7f6f080320a0 0x7f6f08034560 unknown :-1 s=NONE pgs=0 cs=0 l=1 rev1=0 rx=0 tx=0).connect
2024-02-11T16:59:32.069 INFO:teuthology.orchestra.run.smithi084.stderr:/usr/bin/ceph:
2024-02-11T16:59:32.015+0000 7f6f1a7fc700 1 --2- 172.21.15.84:0/244493170 >> [v2:172.21.15.84:6800/521523615,v1:172.21.15.84:6801/521523615] conn(0x7f6f080320a0 0x7f6f08034560 unknown :-1 s=BANNER_CONNECTING pgs=0 cs=0 l=1 rev1=0 rx=0 tx=0)._handle_peer_banner_payload supported=1 required=0
2024-02-11T16:59:32.069 INFO:teuthology.orchestra.run.smithi084.stderr:/usr/bin/ceph:
