2024-02-12T15:50:29.146 INFO:teuthology.orchestra.run.smithi122.stderr:/usr/bin/ceph:
2024-02-12T15:50:29.126+0000 7f14e752d700 1 -- 172.21.15.122:0/3745221490 shutdown_connections
2024-02-12T15:50:29.146 INFO:teuthology.orchestra.run.smithi122.stderr:/usr/bin/ceph:
2024-02-12T15:50:29.126+0000 7f14e752d700 1 -- 172.21.15.122:0/3745221490 wait complete.
2024-02-12T15:50:29.146 INFO:teuthology.orchestra.run.smithi122.stderr:/usr/bin/ceph:
2024-02-12T15:50:29.126+0000 7f14e752d700 1 Processor -- start
2024-02-12T15:50:29.146 INFO:teuthology.orchestra.run.smithi122.stderr:/usr/bin/ceph:
2024-02-12T15:50:29.126+0000 7f14e752d700 1 -- start start
2024-02-12T15:50:29.146 INFO:teuthology.orchestra.run.smithi122.stderr:/usr/bin/ceph:
2024-02-12T15:50:29.126+0000 7f14e752d700 1 --2- >> [v2:172.21.15.122:3300/0,v1:172.21.15.122:6789/0] conn(0x7f14e00703f0 0x7f14e010cda0 unknown :-1 s=NONE pgs=0 cs=0 l=1 rev1=0 rx=0 tx=0).connect
2024-02-12T15:50:29.146 INFO:teuthology.orchestra.run.smithi122.stderr:/usr/bin/ceph:
2024-02-12T15:50:29.126+0000 7f14e752d700 1 -- --> [v2:172.21.15.122:3300/0,v1:172.21.15.122:6789/0] -- mon_getmap magic: 0 v1 -- 0x7f14e010d290 con 0x7f14e00703f0
2024-02-12T15:50:29.146 INFO:teuthology.orchestra.run.smithi122.stderr:/usr/bin/ceph:
2024-02-12T15:50:29.126+0000 7f14e52c9700 1 --2- >> [v2:172.21.15.122:3300/0,v1:172.21.15.122:6789/0] conn(0x7f14e00703f0 0x7f14e010cda0 unknown :-1 s=BANNER_CONNECTING pgs=0 cs=0 l=1 rev1=0 rx=0 tx=0)._handle_peer_banner_payload supported=1 required=0
2024-02-12T15:50:29.146 INFO:teuthology.orchestra.run.smithi122.stderr:/usr/bin/ceph:
2024-02-12T15:50:29.126+0000 7f14e52c9700 1 --2- >> [v2:172.21.15.122:3300/0,v1:172.21.15.122:6789/0] conn(0x7f14e00703f0 0x7f14e010cda0 unknown :-1 s=HELLO_CONNECTING pgs=0 cs=0 l=1 rev1=1 rx=0 tx=0).handle_hello peer v2:172.21.15.122:3300/0 says I am v2:172.21.15.122:59772/0 (socket says 172.21.15.122:59772)
2024-02-12T15:50:29.146 INFO:teuthology.orchestra.run.smithi122.stderr:/usr/bin/ceph:
2024-02-12T15:50:29.126+0000 7f14e52c9700 1 -- 172.21.15.122:0/712006515 learned_addr learned my addr 172.21.15.122:0/712006515 (peer_addr_for_me v2:172.21.15.122:0/0)
2024-02-12T15:50:29.146 INFO:teuthology.orchestra.run.smithi122.stderr:/usr/bin/ceph:
2024-02-12T15:50:29.127+0000 7f14e52c9700 1 -- 172.21.15.122:0/712006515 --> [v2:172.21.15.122:3300/0,v1:172.21.15.122:6789/0] -- mon_subscribe({config=0+,monmap=0+}) v3 -- 0x7f14d000b200 con 0x7f14e00703f0
2024-02-12T15:50:29.146 INFO:teuthology.orchestra.run.smithi122.stderr:/usr/bin/ceph:
2024-02-12T15:50:29.127+0000 7f14e52c9700 1 --2- 172.21.15.122:0/712006515 >> [v2:172.21.15.122:3300/0,v1:172.21.15.122:6789/0] conn(0x7f14e00703f0 0x7f14e010cda0 secure :-1 s=READY pgs=42 cs=0 l=1 rev1=1 rx=0x7f14d0011ed0 tx=0x7f14d0006ee0).ready entity=mon.0 client_cookie=0 server_cookie=0 in_seq=0 out_seq=0
2024-02-12T15:50:29.146 INFO:teuthology.orchestra.run.smithi122.stderr:/usr/bin/ceph:
2024-02-12T15:50:29.127+0000 7f14cdffb700 1 -- 172.21.15.122:0/712006515 <== mon.0 v2:172.21.15.122:3300/0 1 ==== mon_map magic: 0 v1 ==== 229+0+0 (secure 0 0 0) 0x7f14d001b570 con 0x7f14e00703f0
2024-02-12T15:50:29.146 INFO:teuthology.orchestra.run.smithi122.stderr:/usr/bin/ceph:
2024-02-12T15:50:29.127+0000 7f14cdffb700 1 -- 172.21.15.122:0/712006515 <== mon.0 v2:172.21.15.122:3300/0 2 ==== config(26 keys) v1 ==== 1045+0+0 (secure 0 0 0) 0x7f14d001bb60 con 0x7f14e00703f0
2024-02-12T15:50:29.146 INFO:teuthology.orchestra.run.smithi122.stderr:/usr/bin/ceph:
2024-02-12T15:50:29.127+0000 7f14e752d700 1 -- 172.21.15.122:0/712006515 --> [v2:172.21.15.122:3300/0,v1:172.21.15.122:6789/0] -- mon_subscribe({mgrmap=0+}) v3 -- 0x7f14e010d490 con 0x7f14e00703f0
2024-02-12T15:50:29.147 INFO:teuthology.orchestra.run.smithi122.stderr:/usr/bin/ceph:
2024-02-12T15:50:29.127+0000 7f14cdffb700 1 -- 172.21.15.122:0/712006515 <== mon.0 v2:172.21.15.122:3300/0 3 ==== mon_map magic: 0 v1 ==== 229+0+0 (secure 0 0 0) 0x7f14d001aad0 con 0x7f14e00703f0
2024-02-12T15:50:29.147 INFO:teuthology.orchestra.run.smithi122.stderr:/usr/bin/ceph:
2024-02-12T15:50:29.127+0000 7f14e752d700 1 -- 172.21.15.122:0/712006515 --> [v2:172.21.15.122:3300/0,v1:172.21.15.122:6789/0] -- mon_subscribe({osdmap=0}) v3 -- 0x7f14e010e0d0 con 0x7f14e00703f0
2024-02-12T15:50:29.147 INFO:teuthology.orchestra.run.smithi122.stderr:/usr/bin/ceph:
2024-02-12T15:50:29.128+0000 7f14cdffb700 1 -- 172.21.15.122:0/712006515 <== mon.0 v2:172.21.15.122:3300/0 4 ==== mgrmap(e 8) v1 ==== 36120+0+0 (secure 0 0 0) 0x7f14d000f070 con 0x7f14e00703f0
2024-02-12T15:50:29.147 INFO:teuthology.orchestra.run.smithi122.stderr:/usr/bin/ceph:
2024-02-12T15:50:29.128+0000 7f14cdffb700 1 --2- 172.21.15.122:0/712006515 >> [v2:172.21.15.122:6800/4129738483,v1:172.21.15.122:6801/4129738483] conn(0x7f14c802fe70 0x7f14c8032330 unknown :-1 s=NONE pgs=0 cs=0 l=1 rev1=0 rx=0 tx=0).connect
2024-02-12T15:50:29.147 INFO:teuthology.orchestra.run.smithi122.stderr:/usr/bin/ceph:
2024-02-12T15:50:29.128+0000 7f14cdffb700 1 -- 172.21.15.122:0/712006515 <== mon.0 v2:172.21.15.122:3300/0 5 ==== osd_map(2..2 src has 1..2) v4 ==== 926+0+0 (secure 0 0 0) 0x7f14d0041390 con 0x7f14e00703f0
2024-02-12T15:50:29.147 INFO:teuthology.orchestra.run.smithi122.stderr:/usr/bin/ceph:
2024-02-12T15:50:29.128+0000 7f14e752d700 1 -- 172.21.15.122:0/712006515 --> [v2:172.21.15.122:3300/0,v1:172.21.15.122:6789/0] -- mon_command({"prefix": "get_command_descriptions"} v 0) v1 -- 0x7f14e010d920 con 0x7f14e00703f0
2024-02-12T15:50:29.147 INFO:teuthology.orchestra.run.smithi122.stderr:/usr/bin/ceph:
2024-02-12T15:50:29.128+0000 7f14e4ac8700 1 --2- 172.21.15.122:0/712006515 >> [v2:172.21.15.122:6800/4129738483,v1:172.21.15.122:6801/4129738483] conn(0x7f14c802fe70 0x7f14c8032330 unknown :-1 s=BANNER_CONNECTING pgs=0 cs=0 l=1 rev1=0 rx=0 tx=0)._handle_peer_banner_payload supported=1 required=0
2024-02-12T15:50:29.147 INFO:teuthology.orchestra.run.smithi122.stderr:/usr/bin/ceph:
2024-02-12T15:50:29.128+0000 7f14e4ac8700 1 --2- 172.21.15.122:0/712006515 >> [v2:172.21.15.122:6800/4129738483,v1:172.21.15.122:6801/4129738483] conn(0x7f14c802fe70 0x7f14c8032330 secure :-1 s=READY pgs=12 cs=0 l=1 rev1=1 rx=0x7f14dc0096a0 tx=0x7f14dc006b40).ready entity=mgr.14114 client_cookie=0 server_cookie=0 in_seq=0 out_seq=0
2024-02-12T15:50:29.147 INFO:teuthology.orchestra.run.smithi122.stderr:/usr/bin/ceph:
2024-02-12T15:50:29.132+0000 7f14cdffb700 1 -- 172.21.15.122:0/712006515 <== mon.0 v2:172.21.15.122:3300/0 6 ==== mon_command_ack([{"prefix": "get_command_descriptions"}]=0 v0) v1 ==== 72+0+152212 (secure 0 0 0) 0x7f14d0016070 con 0x7f14e00703f0
2024-02-12T15:50:29.195 INFO:journalctl@ceph.mon.smithi122.smithi122.stdout:Feb 12 15:50:28 smithi122 ceph-3e171e28-c9be-11ee-95b9-87774f69a715-mon.smithi122[39391]: audit
2024-02-12T15:50:27.948008+0000 mgr.smithi122.chgivp (mgr.14114) 10 : audit [DBG] from='client.14134 -' entity='client.admin' cmd=[{"prefix": "orch apply", "service_type": "mon", "target": ["mon-mgr", ""]}]: dispatch
2024-02-12T15:50:29.195 INFO:journalctl@ceph.mon.smithi122.smithi122.stdout:Feb 12 15:50:28 smithi122 ceph-3e171e28-c9be-11ee-95b9-87774f69a715-mon.smithi122[39391]: cephadm
2024-02-12T15:50:27.948750+0000 mgr.smithi122.chgivp (mgr.14114) 11 : cephadm [INF] Saving service mon spec with placement count:5
2024-02-12T15:50:29.195 INFO:journalctl@ceph.mon.smithi122.smithi122.stdout:Feb 12 15:50:28 smithi122 ceph-3e171e28-c9be-11ee-95b9-87774f69a715-mon.smithi122[39391]: audit
2024-02-12T15:50:27.950933+0000 mon.smithi122 (mon.0) 56 : audit [INF] from='mgr.14114 172.21.15.122:0/1064459721' entity='mgr.smithi122.chgivp'
2024-02-12T15:50:29.310 INFO:teuthology.orchestra.run.smithi122.stderr:/usr/bin/ceph:
2024-02-12T15:50:29.307+0000 7f14e752d700 1 -- 172.21.15.122:0/712006515 --> [v2:172.21.15.122:6800/4129738483,v1:172.21.15.122:6801/4129738483] -- mgr_command(tid 0: {"prefix": "orch apply", "service_type": "mgr", "target": ["mon-mgr", ""]}) v1 -- 0x7f14e0102170 con 0x7f14c802fe70
2024-02-12T15:50:29.313 INFO:teuthology.orchestra.run.smithi122.stderr:/usr/bin/ceph:
2024-02-12T15:50:29.311+0000 7f14cdffb700 1 -- 172.21.15.122:0/712006515 <== mgr.14114 v2:172.21.15.122:6800/4129738483 1 ==== mgr_command_reply(tid 0: 0 ) v1 ==== 8+0+24 (secure 0 0 0) 0x7f14e0102170 con 0x7f14c802fe70
2024-02-12T15:50:29.313 INFO:teuthology.orchestra.run.smithi122.stderr:/usr/bin/ceph: Scheduled mgr update...
2024-02-12T15:50:29.316 INFO:teuthology.orchestra.run.smithi122.stderr:/usr/bin/ceph:
2024-02-12T15:50:29.312+0000 7f14e752d700 1 -- 172.21.15.122:0/712006515 >> [v2:172.21.15.122:6800/4129738483,v1:172.21.15.122:6801/4129738483] conn(0x7f14c802fe70 msgr2=0x7f14c8032330 secure :-1 s=STATE_CONNECTION_ESTABLISHED l=1).mark_down
2024-02-12T15:50:29.316 INFO:teuthology.orchestra.run.smithi122.stderr:/usr/bin/ceph:
2024-02-12T15:50:29.312+0000 7f14e752d700 1 --2- 172.21.15.122:0/712006515 >> [v2:172.21.15.122:6800/4129738483,v1:172.21.15.122:6801/4129738483] conn(0x7f14c802fe70 0x7f14c8032330 secure :-1 s=READY pgs=12 cs=0 l=1 rev1=1 rx=0x7f14dc0096a0 tx=0x7f14dc006b40).stop
2024-02-12T15:50:29.316 INFO:teuthology.orchestra.run.smithi122.stderr:/usr/bin/ceph:
2024-02-12T15:50:29.312+0000 7f14e752d700 1 -- 172.21.15.122:0/712006515 >> [v2:172.21.15.122:3300/0,v1:172.21.15.122:6789/0] conn(0x7f14e00703f0 msgr2=0x7f14e010cda0 secure :-1 s=STATE_CONNECTION_ESTABLISHED l=1).mark_down
2024-02-12T15:50:29.316 INFO:teuthology.orchestra.run.smithi122.stderr:/usr/bin/ceph:
2024-02-12T15:50:29.312+0000 7f14e752d700 1 --2- 172.21.15.122:0/712006515 >> [v2:172.21.15.122:3300/0,v1:172.21.15.122:6789/0] conn(0x7f14e00703f0 0x7f14e010cda0 secure :-1 s=READY pgs=42 cs=0 l=1 rev1=1 rx=0x7f14d0011ed0 tx=0x7f14d0006ee0).stop
2024-02-12T15:50:29.316 INFO:teuthology.orchestra.run.smithi122.stderr:/usr/bin/ceph:
2024-02-12T15:50:29.312+0000 7f14e752d700 1 -- 172.21.15.122:0/712006515 shutdown_connections
2024-02-12T15:50:29.316 INFO:teuthology.orchestra.run.smithi122.stderr:/usr/bin/ceph:
2024-02-12T15:50:29.312+0000 7f14e752d700 1 --2- 172.21.15.122:0/712006515 >> [v2:172.21.15.122:6800/4129738483,v1:172.21.15.122:6801/4129738483] conn(0x7f14c802fe70 0x7f14c8032330 unknown :-1 s=CLOSED pgs=12 cs=0 l=1 rev1=1 rx=0 tx=0).stop
2024-02-12T15:50:29.316 INFO:teuthology.orchestra.run.smithi122.stderr:/usr/bin/ceph:
2024-02-12T15:50:29.312+0000 7f14e752d700 1 --2- 172.21.15.122:0/712006515 >> [v2:172.21.15.122:3300/0,v1:172.21.15.122:6789/0] conn(0x7f14e00703f0 0x7f14e010cda0 unknown :-1 s=CLOSED pgs=42 cs=0 l=1 rev1=1 rx=0 tx=0).stop
2024-02-12T15:50:29.316 INFO:teuthology.orchestra.run.smithi122.stderr:/usr/bin/ceph:
2024-02-12T15:50:29.312+0000 7f14e752d700 1 -- 172.21.15.122:0/712006515 >> 172.21.15.122:0/712006515 conn(0x7f14e00f6530 msgr2=0x7f14e00f7ef0 unknown :-1 s=STATE_NONE l=0).mark_down
2024-02-12T15:50:29.316 INFO:teuthology.orchestra.run.smithi122.stderr:/usr/bin/ceph:
2024-02-12T15:50:29.313+0000 7f14e752d700 1 -- 172.21.15.122:0/712006515 shutdown_connections
2024-02-12T15:50:29.316 INFO:teuthology.orchestra.run.smithi122.stderr:/usr/bin/ceph:
2024-02-12T15:50:29.313+0000 7f14e752d700 1 -- 172.21.15.122:0/712006515 wait complete.
2024-02-12T15:50:30.314 INFO:teuthology.orchestra.run.smithi122.stderr:Deploying crash service with default placement...
2024-02-12T15:50:30.315 INFO:teuthology.orchestra.run.smithi122.stderr:Running command: /bin/podman run --rm --ipc=host --no-hosts --net=host --entrypoint /usr/bin/ceph --init -e CONTAINER_IMAGE=docker.io/ceph/ceph:v16.2.4 -e NODE_NAME=smithi122 -e CEPH_USE_RANDOM_NONCE=1 -v /var/log/ceph/3e171e28-c9be-11ee-95b9-87774f69a715:/var/log/ceph:z -v /tmp/ceph-tmpqw7gzrle:/etc/ceph/ceph.client.admin.keyring:z -v /tmp/ceph-tmpj2fuc26h:/etc/ceph/ceph.conf:z docker.io/ceph/ceph:v16.2.4 orch apply crash
2024-02-12T15:50:30.570 INFO:journalctl@ceph.mon.smithi122.smithi122.stdout:Feb 12 15:50:30 smithi122 ceph-3e171e28-c9be-11ee-95b9-87774f69a715-mon.smithi122[39391]: audit
2024-02-12T15:50:29.308752+0000 mgr.smithi122.chgivp (mgr.14114) 12 : audit [DBG] from='client.14136 -' entity='client.admin' cmd=[{"prefix": "orch apply", "service_type": "mgr", "target": ["mon-mgr", ""]}]: dispatch
2024-02-12T15:50:30.571 INFO:journalctl@ceph.mon.smithi122.smithi122.stdout:Feb 12 15:50:30 smithi122 ceph-3e171e28-c9be-11ee-95b9-87774f69a715-mon.smithi122[39391]: cephadm
2024-02-12T15:50:29.309257+0000 mgr.smithi122.chgivp (mgr.14114) 13 : cephadm [INF] Saving service mgr spec with placement count:2
2024-02-12T15:50:30.571 INFO:journalctl@ceph.mon.smithi122.smithi122.stdout:Feb 12 15:50:30 smithi122 ceph-3e171e28-c9be-11ee-95b9-87774f69a715-mon.smithi122[39391]: audit
2024-02-12T15:50:29.311404+0000 mon.smithi122 (mon.0) 57 : audit [INF] from='mgr.14114 172.21.15.122:0/1064459721' entity='mgr.smithi122.chgivp'
2024-02-12T15:50:30.839 INFO:teuthology.orchestra.run.smithi122.stderr:/usr/bin/ceph:
2024-02-12T15:50:30.832+0000 7f218ab6d700 1 Processor -- start
2024-02-12T15:50:30.839 INFO:teuthology.orchestra.run.smithi122.stderr:/usr/bin/ceph:
2024-02-12T15:50:30.832+0000 7f218ab6d700 1 -- start start
2024-02-12T15:50:30.839 INFO:teuthology.orchestra.run.smithi122.stderr:/usr/bin/ceph:
2024-02-12T15:50:30.833+0000 7f218ab6d700 1 --2- >> [v2:172.21.15.122:3300/0,v1:172.21.15.122:6789/0] conn(0x7f21840703f0 0x7f21840fea90 unknown :-1 s=NONE pgs=0 cs=0 l=0 rev1=0 rx=0 tx=0).connect
2024-02-12T15:50:30.839 INFO:teuthology.orchestra.run.smithi122.stderr:/usr/bin/ceph:
2024-02-12T15:50:30.833+0000 7f218ab6d700 1 -- --> [v2:172.21.15.122:3300/0,v1:172.21.15.122:6789/0] -- mon_getmap magic: 0 v1 -- 0x7f21840fef80 con 0x7f21840703f0
2024-02-12T15:50:30.839 INFO:teuthology.orchestra.run.smithi122.stderr:/usr/bin/ceph:
2024-02-12T15:50:30.833+0000 7f2188909700 1 --2- >> [v2:172.21.15.122:3300/0,v1:172.21.15.122:6789/0] conn(0x7f21840703f0 0x7f21840fea90 unknown :-1 s=BANNER_CONNECTING pgs=0 cs=0 l=0 rev1=0 rx=0 tx=0)._handle_peer_banner_payload supported=1 required=0
2024-02-12T15:50:30.839 INFO:teuthology.orchestra.run.smithi122.stderr:/usr/bin/ceph:
2024-02-12T15:50:30.833+0000 7f2188909700 1 --2- >> [v2:172.21.15.122:3300/0,v1:172.21.15.122:6789/0] conn(0x7f21840703f0 0x7f21840fea90 unknown :-1 s=HELLO_CONNECTING pgs=0 cs=0 l=0 rev1=1 rx=0 tx=0).handle_hello peer v2:172.21.15.122:3300/0 says I am v2:172.21.15.122:59774/0 (socket says 172.21.15.122:59774)
2024-02-12T15:50:30.839 INFO:teuthology.orchestra.run.smithi122.stderr:/usr/bin/ceph:
2024-02-12T15:50:30.833+0000 7f2188909700 1 -- 172.21.15.122:0/4111115323 learned_addr learned my addr 172.21.15.122:0/4111115323 (peer_addr_for_me v2:172.21.15.122:0/0)
2024-02-12T15:50:30.839 INFO:teuthology.orchestra.run.smithi122.stderr:/usr/bin/ceph:
2024-02-12T15:50:30.833+0000 7f2188909700 1 -- 172.21.15.122:0/4111115323 --> [v2:172.21.15.122:3300/0,v1:172.21.15.122:6789/0] -- mon_subscribe({config=0+,monmap=0+}) v3 -- 0x7f21840ff0c0 con 0x7f21840703f0
2024-02-12T15:50:30.839 INFO:teuthology.orchestra.run.smithi122.stderr:/usr/bin/ceph:
2024-02-12T15:50:30.833+0000 7f2188909700 1 --2- 172.21.15.122:0/4111115323 >> [v2:172.21.15.122:3300/0,v1:172.21.15.122:6789/0] conn(0x7f21840703f0 0x7f21840fea90 secure :-1 s=READY pgs=43 cs=0 l=1 rev1=1 rx=0x7f217800b5f0 tx=0x7f2178006ee0).ready entity=mon.0 client_cookie=6c5e5e209d738e4c server_cookie=0 in_seq=0 out_seq=0
2024-02-12T15:50:30.839 INFO:teuthology.orchestra.run.smithi122.stderr:/usr/bin/ceph:
2024-02-12T15:50:30.833+0000 7f21837fe700 1 -- 172.21.15.122:0/4111115323 <== mon.0 v2:172.21.15.122:3300/0 1 ==== mon_map magic: 0 v1 ==== 229+0+0 (secure 0 0 0) 0x7f217800d600 con 0x7f21840703f0
2024-02-12T15:50:30.839 INFO:teuthology.orchestra.run.smithi122.stderr:/usr/bin/ceph:
2024-02-12T15:50:30.833+0000 7f21837fe700 1 -- 172.21.15.122:0/4111115323 <== mon.0 v2:172.21.15.122:3300/0 2 ==== config(26 keys) v1 ==== 1045+0+0 (secure 0 0 0) 0x7f217800dbf0 con 0x7f21840703f0
2024-02-12T15:50:30.839 INFO:teuthology.orchestra.run.smithi122.stderr:/usr/bin/ceph:
2024-02-12T15:50:30.833+0000 7f21837fe700 1 -- 172.21.15.122:0/4111115323 <== mon.0 v2:172.21.15.122:3300/0 3 ==== mon_map magic: 0 v1 ==== 229+0+0 (secure 0 0 0) 0x7f2178011ce0 con 0x7f21840703f0
2024-02-12T15:50:30.840 INFO:teuthology.orchestra.run.smithi122.stderr:/usr/bin/ceph:
2024-02-12T15:50:30.834+0000 7f218ab6d700 1 -- 172.21.15.122:0/4111115323 >> [v2:172.21.15.122:3300/0,v1:172.21.15.122:6789/0] conn(0x7f21840703f0 msgr2=0x7f21840fea90 secure :-1 s=STATE_CONNECTION_ESTABLISHED l=1).mark_down
2024-02-12T15:50:30.840 INFO:teuthology.orchestra.run.smithi122.stderr:/usr/bin/ceph:
2024-02-12T15:50:30.834+0000 7f218ab6d700 1 --2- 172.21.15.122:0/4111115323 >> [v2:172.21.15.122:3300/0,v1:172.21.15.122:6789/0] conn(0x7f21840703f0 0x7f21840fea90 secure :-1 s=READY pgs=43 cs=0 l=1 rev1=1 rx=0x7f217800b5f0 tx=0x7f2178006ee0).stop
2024-02-12T15:50:30.840 INFO:teuthology.orchestra.run.smithi122.stderr:/usr/bin/ceph:
2024-02-12T15:50:30.834+0000 7f218ab6d700 1 -- 172.21.15.122:0/4111115323 shutdown_connections
2024-02-12T15:50:30.840 INFO:teuthology.orchestra.run.smithi122.stderr:/usr/bin/ceph:
2024-02-12T15:50:30.834+0000 7f218ab6d700 1 --2- 172.21.15.122:0/4111115323 >> [v2:172.21.15.122:3300/0,v1:172.21.15.122:6789/0] conn(0x7f21840703f0 0x7f21840fea90 unknown :-1 s=CLOSED pgs=43 cs=0 l=1 rev1=1 rx=0 tx=0).stop
2024-02-12T15:50:30.840 INFO:teuthology.orchestra.run.smithi122.stderr:/usr/bin/ceph:
2024-02-12T15:50:30.834+0000 7f218ab6d700 1 -- 172.21.15.122:0/4111115323 >> 172.21.15.122:0/4111115323 conn(0x7f21840f6530 msgr2=0x7f21840f8950 unknown :-1 s=STATE_NONE l=0).mark_down
2024-02-12T15:50:30.840 INFO:teuthology.orchestra.run.smithi122.stderr:/usr/bin/ceph:
2024-02-12T15:50:30.834+0000 7f218ab6d700 1 -- 172.21.15.122:0/4111115323 shutdown_connections
2024-02-12T15:50:30.840 INFO:teuthology.orchestra.run.smithi122.stderr:/usr/bin/ceph:
2024-02-12T15:50:30.834+0000 7f218ab6d700 1 -- 172.21.15.122:0/4111115323 wait complete.
2024-02-12T15:50:30.840 INFO:teuthology.orchestra.run.smithi122.stderr:/usr/bin/ceph:
2024-02-12T15:50:30.835+0000 7f218ab6d700 1 Processor -- start
2024-02-12T15:50:30.840 INFO:teuthology.orchestra.run.smithi122.stderr:/usr/bin/ceph:
2024-02-12T15:50:30.835+0000 7f218ab6d700 1 -- start start
2024-02-12T15:50:30.840 INFO:teuthology.orchestra.run.smithi122.stderr:/usr/bin/ceph:
2024-02-12T15:50:30.835+0000 7f218ab6d700 1 --2- >> [v2:172.21.15.122:3300/0,v1:172.21.15.122:6789/0] conn(0x7f21840703f0 0x7f218410ab90 unknown :-1 s=NONE pgs=0 cs=0 l=1 rev1=0 rx=0 tx=0).connect
2024-02-12T15:50:30.840 INFO:teuthology.orchestra.run.smithi122.stderr:/usr/bin/ceph:
2024-02-12T15:50:30.835+0000 7f218ab6d700 1 -- --> [v2:172.21.15.122:3300/0,v1:172.21.15.122:6789/0] -- mon_getmap magic: 0 v1 -- 0x7f218410b080 con 0x7f21840703f0
2024-02-12T15:50:30.840 INFO:teuthology.orchestra.run.smithi122.stderr:/usr/bin/ceph:
2024-02-12T15:50:30.835+0000 7f2188909700 1 --2- >> [v2:172.21.15.122:3300/0,v1:172.21.15.122:6789/0] conn(0x7f21840703f0 0x7f218410ab90 unknown :-1 s=BANNER_CONNECTING pgs=0 cs=0 l=1 rev1=0 rx=0 tx=0)._handle_peer_banner_payload supported=1 required=0
2024-02-12T15:50:30.840 INFO:teuthology.orchestra.run.smithi122.stderr:/usr/bin/ceph:
2024-02-12T15:50:30.835+0000 7f2188909700 1 --2- >> [v2:172.21.15.122:3300/0,v1:172.21.15.122:6789/0] conn(0x7f21840703f0 0x7f218410ab90 unknown :-1 s=HELLO_CONNECTING pgs=0 cs=0 l=1 rev1=1 rx=0 tx=0).handle_hello peer v2:172.21.15.122:3300/0 says I am v2:172.21.15.122:59784/0 (socket says 172.21.15.122:59784)
2024-02-12T15:50:30.840 INFO:teuthology.orchestra.run.smithi122.stderr:/usr/bin/ceph:
2024-02-12T15:50:30.835+0000 7f2188909700 1 -- 172.21.15.122:0/1263100683 learned_addr learned my addr 172.21.15.122:0/1263100683 (peer_addr_for_me v2:172.21.15.122:0/0)
2024-02-12T15:50:30.841 INFO:teuthology.orchestra.run.smithi122.stderr:/usr/bin/ceph:
2024-02-12T15:50:30.836+0000 7f2188909700 1 -- 172.21.15.122:0/1263100683 --> [v2:172.21.15.122:3300/0,v1:172.21.15.122:6789/0] -- mon_subscribe({config=0+,monmap=0+}) v3 -- 0x7f217800b200 con 0x7f21840703f0
2024-02-12T15:50:30.841 INFO:teuthology.orchestra.run.smithi122.stderr:/usr/bin/ceph:
2024-02-12T15:50:30.836+0000 7f2188909700 1 --2- 172.21.15.122:0/1263100683 >> [v2:172.21.15.122:3300/0,v1:172.21.15.122:6789/0] conn(0x7f21840703f0 0x7f218410ab90 secure :-1 s=READY pgs=44 cs=0 l=1 rev1=1 rx=0x7f21780115c0 tx=0x7f2178006ee0).ready entity=mon.0 client_cookie=0 server_cookie=0 in_seq=0 out_seq=0
2024-02-12T15:50:30.841 INFO:teuthology.orchestra.run.smithi122.stderr:/usr/bin/ceph:
2024-02-12T15:50:30.836+0000 7f21817fa700 1 -- 172.21.15.122:0/1263100683 <== mon.0 v2:172.21.15.122:3300/0 1 ==== mon_map magic: 0 v1 ==== 229+0+0 (secure 0 0 0) 0x7f217801b410 con 0x7f21840703f0
2024-02-12T15:50:30.841 INFO:teuthology.orchestra.run.smithi122.stderr:/usr/bin/ceph:
2024-02-12T15:50:30.836+0000 7f21817fa700 1 -- 172.21.15.122:0/1263100683 <== mon.0 v2:172.21.15.122:3300/0 2 ==== config(26 keys) v1 ==== 1045+0+0 (secure 0 0 0) 0x7f217801ba00 con 0x7f21840703f0
2024-02-12T15:50:30.841 INFO:teuthology.orchestra.run.smithi122.stderr:/usr/bin/ceph:
2024-02-12T15:50:30.836+0000 7f218ab6d700 1 -- 172.21.15.122:0/1263100683 --> [v2:172.21.15.122:3300/0,v1:172.21.15.122:6789/0] -- mon_subscribe({mgrmap=0+}) v3 -- 0x7f218410b280 con 0x7f21840703f0
2024-02-12T15:50:30.841 INFO:teuthology.orchestra.run.smithi122.stderr:/usr/bin/ceph:
2024-02-12T15:50:30.836+0000 7f21817fa700 1 -- 172.21.15.122:0/1263100683 <== mon.0 v2:172.21.15.122:3300/0 3 ==== mon_map magic: 0 v1 ==== 229+0+0 (secure 0 0 0) 0x7f217801aaa0 con 0x7f21840703f0
2024-02-12T15:50:30.841 INFO:teuthology.orchestra.run.smithi122.stderr:/usr/bin/ceph:
2024-02-12T15:50:30.836+0000 7f218ab6d700 1 -- 172.21.15.122:0/1263100683 --> [v2:172.21.15.122:3300/0,v1:172.21.15.122:6789/0] -- mon_subscribe({osdmap=0}) v3 -- 0x7f218410b710 con 0x7f21840703f0
2024-02-12T15:50:30.842 INFO:teuthology.orchestra.run.smithi122.stderr:/usr/bin/ceph:
2024-02-12T15:50:30.837+0000 7f21817fa700 1 -- 172.21.15.122:0/1263100683 <== mon.0 v2:172.21.15.122:3300/0 4 ==== mgrmap(e 8) v1 ==== 36120+0+0 (secure 0 0 0) 0x7f217800f070 con 0x7f21840703f0
2024-02-12T15:50:30.842 INFO:teuthology.orchestra.run.smithi122.stderr:/usr/bin/ceph:
2024-02-12T15:50:30.837+0000 7f218ab6d700 1 -- 172.21.15.122:0/1263100683 --> [v2:172.21.15.122:3300/0,v1:172.21.15.122:6789/0] -- mon_command({"prefix": "get_command_descriptions"} v 0) v1 -- 0x7f2184045ad0 con 0x7f21840703f0
2024-02-12T15:50:30.842 INFO:teuthology.orchestra.run.smithi122.stderr:/usr/bin/ceph:
2024-02-12T15:50:30.837+0000 7f21817fa700 1 --2- 172.21.15.122:0/1263100683 >> [v2:172.21.15.122:6800/4129738483,v1:172.21.15.122:6801/4129738483] conn(0x7f216802fe10 0x7f21680322d0 unknown :-1 s=NONE pgs=0 cs=0 l=1 rev1=0 rx=0 tx=0).connect
2024-02-12T15:50:30.842 INFO:teuthology.orchestra.run.smithi122.stderr:/usr/bin/ceph:
2024-02-12T15:50:30.837+0000 7f21817fa700 1 -- 172.21.15.122:0/1263100683 <== mon.0 v2:172.21.15.122:3300/0 5 ==== osd_map(2..2 src has 1..2) v4 ==== 926+0+0 (secure 0 0 0) 0x7f2178041050 con 0x7f21840703f0
2024-02-12T15:50:30.842 INFO:teuthology.orchestra.run.smithi122.stderr:/usr/bin/ceph:
2024-02-12T15:50:30.837+0000 7f2183fff700 1 --2- 172.21.15.122:0/1263100683 >> [v2:172.21.15.122:6800/4129738483,v1:172.21.15.122:6801/4129738483] conn(0x7f216802fe10 0x7f21680322d0 unknown :-1 s=BANNER_CONNECTING pgs=0 cs=0 l=1 rev1=0 rx=0 tx=0)._handle_peer_banner_payload supported=1 required=0
2024-02-12T15:50:30.842 INFO:teuthology.orchestra.run.smithi122.stderr:/usr/bin/ceph:
2024-02-12T15:50:30.837+0000 7f2183fff700 1 --2- 172.21.15.122:0/1263100683 >> [v2:172.21.15.122:6800/4129738483,v1:172.21.15.122:6801/4129738483] conn(0x7f216802fe10 0x7f21680322d0 secure :-1 s=READY pgs=13 cs=0 l=1 rev1=1 rx=0x7f21700096a0 tx=0x7f2170006b40).ready entity=mgr.14114 client_cookie=0 server_cookie=0 in_seq=0 out_seq=0
2024-02-12T15:50:30.844 INFO:teuthology.orchestra.run.smithi122.stderr:/usr/bin/ceph:
2024-02-12T15:50:30.841+0000 7f21817fa700 1 -- 172.21.15.122:0/1263100683 <== mon.0 v2:172.21.15.122:3300/0 6 ==== mon_command_ack([{"prefix": "get_command_descriptions"}]=0 v0) v1 ==== 72+0+152212 (secure 0 0 0) 0x7f2178010be0 con 0x7f21840703f0
2024-02-12T15:50:31.018 INFO:teuthology.orchestra.run.smithi122.stderr:/usr/bin/ceph:
2024-02-12T15:50:31.015+0000 7f218ab6d700 1 -- 172.21.15.122:0/1263100683 --> [v2:172.21.15.122:6800/4129738483,v1:172.21.15.122:6801/4129738483] -- mgr_command(tid 0: {"prefix": "orch apply", "service_type": "crash", "target": ["mon-mgr", ""]}) v1 -- 0x7f218410bfd0 con 0x7f216802fe10
2024-02-12T15:50:31.022 INFO:teuthology.orchestra.run.smithi122.stderr:/usr/bin/ceph:
2024-02-12T15:50:31.019+0000 7f21817fa700 1 -- 172.21.15.122:0/1263100683 <== mgr.14114 v2:172.21.15.122:6800/4129738483 1 ==== mgr_command_reply(tid 0: 0 ) v1 ==== 8+0+26 (secure 0 0 0) 0x7f218410bfd0 con 0x7f216802fe10
2024-02-12T15:50:31.022 INFO:teuthology.orchestra.run.smithi122.stderr:/usr/bin/ceph: Scheduled crash update...
2024-02-12T15:50:31.024 INFO:teuthology.orchestra.run.smithi122.stderr:/usr/bin/ceph:
2024-02-12T15:50:31.021+0000 7f218ab6d700 1 -- 172.21.15.122:0/1263100683 >> [v2:172.21.15.122:6800/4129738483,v1:172.21.15.122:6801/4129738483] conn(0x7f216802fe10 msgr2=0x7f21680322d0 secure :-1 s=STATE_CONNECTION_ESTABLISHED l=1).mark_down
2024-02-12T15:50:31.024 INFO:teuthology.orchestra.run.smithi122.stderr:/usr/bin/ceph:
2024-02-12T15:50:31.021+0000 7f218ab6d700 1 --2- 172.21.15.122:0/1263100683 >> [v2:172.21.15.122:6800/4129738483,v1:172.21.15.122:6801/4129738483] conn(0x7f216802fe10 0x7f21680322d0 secure :-1 s=READY pgs=13 cs=0 l=1 rev1=1 rx=0x7f21700096a0 tx=0x7f2170006b40).stop
2024-02-12T15:50:31.024 INFO:teuthology.orchestra.run.smithi122.stderr:/usr/bin/ceph:
2024-02-12T15:50:31.021+0000 7f218ab6d700 1 -- 172.21.15.122:0/1263100683 >> [v2:172.21.15.122:3300/0,v1:172.21.15.122:6789/0] conn(0x7f21840703f0 msgr2=0x7f218410ab90 secure :-1 s=STATE_CONNECTION_ESTABLISHED l=1).mark_down
2024-02-12T15:50:31.024 INFO:teuthology.orchestra.run.smithi122.stderr:/usr/bin/ceph:
2024-02-12T15:50:31.021+0000 7f218ab6d700 1 --2- 172.21.15.122:0/1263100683 >> [v2:172.21.15.122:3300/0,v1:172.21.15.122:6789/0] conn(0x7f21840703f0 0x7f218410ab90 secure :-1 s=READY pgs=44 cs=0 l=1 rev1=1 rx=0x7f21780115c0 tx=0x7f2178006ee0).stop
2024-02-12T15:50:31.024 INFO:teuthology.orchestra.run.smithi122.stderr:/usr/bin/ceph:
2024-02-12T15:50:31.021+0000 7f218ab6d700 1 -- 172.21.15.122:0/1263100683 shutdown_connections
2024-02-12T15:50:31.025 INFO:teuthology.orchestra.run.smithi122.stderr:/usr/bin/ceph:
2024-02-12T15:50:31.021+0000 7f218ab6d700 1 --2- 172.21.15.122:0/1263100683 >> [v2:172.21.15.122:6800/4129738483,v1:172.21.15.122:6801/4129738483] conn(0x7f216802fe10 0x7f21680322d0 unknown :-1 s=CLOSED pgs=13 cs=0 l=1 rev1=1 rx=0 tx=0).stop
2024-02-12T15:50:31.025 INFO:teuthology.orchestra.run.smithi122.stderr:/usr/bin/ceph:
2024-02-12T15:50:31.021+0000 7f218ab6d700 1 --2- 172.21.15.122:0/1263100683 >> [v2:172.21.15.122:3300/0,v1:172.21.15.122:6789/0] conn(0x7f21840703f0 0x7f218410ab90 unknown :-1 s=CLOSED pgs=44 cs=0 l=1 rev1=1 rx=0 tx=0).stop
2024-02-12T15:50:31.025 INFO:teuthology.orchestra.run.smithi122.stderr:/usr/bin/ceph:
2024-02-12T15:50:31.021+0000 7f218ab6d700 1 -- 172.21.15.122:0/1263100683 >> 172.21.15.122:0/1263100683 conn(0x7f21840f6530 msgr2=0x7f21840f7f40 unknown :-1 s=STATE_NONE l=0).mark_down
2024-02-12T15:50:31.025 INFO:teuthology.orchestra.run.smithi122.stderr:/usr/bin/ceph:
2024-02-12T15:50:31.021+0000 7f218ab6d700 1 -- 172.21.15.122:0/1263100683 shutdown_connections
2024-02-12T15:50:31.025 INFO:teuthology.orchestra.run.smithi122.stderr:/usr/bin/ceph:
2024-02-12T15:50:31.021+0000 7f218ab6d700 1 -- 172.21.15.122:0/1263100683 wait complete.
2024-02-12T15:50:31.611 INFO:teuthology.orchestra.run.smithi122.stderr:Enabling mgr prometheus module...
2024-02-12T15:50:31.611 INFO:teuthology.orchestra.run.smithi122.stderr:Running command: /bin/podman run --rm --ipc=host --no-hosts --net=host --entrypoint /usr/bin/ceph --init -e CONTAINER_IMAGE=docker.io/ceph/ceph:v16.2.4 -e NODE_NAME=smithi122 -e CEPH_USE_RANDOM_NONCE=1 -v /var/log/ceph/3e171e28-c9be-11ee-95b9-87774f69a715:/var/log/ceph:z -v /tmp/ceph-tmpqw7gzrle:/etc/ceph/ceph.client.admin.keyring:z -v /tmp/ceph-tmpj2fuc26h:/etc/ceph/ceph.conf:z docker.io/ceph/ceph:v16.2.4 mgr module enable prometheus
2024-02-12T15:50:32.157 INFO:teuthology.orchestra.run.smithi122.stderr:/usr/bin/ceph:
2024-02-12T15:50:32.151+0000 7ff806533700 1 Processor -- start
2024-02-12T15:50:32.157 INFO:teuthology.orchestra.run.smithi122.stderr:/usr/bin/ceph:
2024-02-12T15:50:32.151+0000 7ff806533700 1 -- start start
2024-02-12T15:50:32.157 INFO:teuthology.orchestra.run.smithi122.stderr:/usr/bin/ceph:
2024-02-12T15:50:32.151+0000 7ff806533700 1 --2- >> [v2:172.21.15.122:3300/0,v1:172.21.15.122:6789/0] conn(0x7ff8000703d0 0x7ff800100eb0 unknown :-1 s=NONE pgs=0 cs=0 l=0 rev1=0 rx=0 tx=0).connect
2024-02-12T15:50:32.157 INFO:teuthology.orchestra.run.smithi122.stderr:/usr/bin/ceph:
2024-02-12T15:50:32.151+0000 7ff806533700 1 -- --> [v2:172.21.15.122:3300/0,v1:172.21.15.122:6789/0] -- mon_getmap magic: 0 v1 -- 0x7ff8000fc8a0 con 0x7ff8000703d0
2024-02-12T15:50:32.157 INFO:teuthology.orchestra.run.smithi122.stderr:/usr/bin/ceph:
2024-02-12T15:50:32.152+0000 7ff7fffff700 1 --2- >> [v2:172.21.15.122:3300/0,v1:172.21.15.122:6789/0] conn(0x7ff8000703d0 0x7ff800100eb0 unknown :-1 s=BANNER_CONNECTING pgs=0 cs=0 l=0 rev1=0 rx=0 tx=0)._handle_peer_banner_payload supported=1 required=0
2024-02-12T15:50:32.157 INFO:teuthology.orchestra.run.smithi122.stderr:/usr/bin/ceph:
2024-02-12T15:50:32.152+0000 7ff7fffff700 1 --2- >> [v2:172.21.15.122:3300/0,v1:172.21.15.122:6789/0] conn(0x7ff8000703d0 0x7ff800100eb0 unknown :-1 s=HELLO_CONNECTING pgs=0 cs=0 l=0 rev1=1 rx=0 tx=0).handle_hello peer v2:172.21.15.122:3300/0 says I am v2:172.21.15.122:59792/0 (socket says 172.21.15.122:59792)
2024-02-12T15:50:32.157 INFO:teuthology.orchestra.run.smithi122.stderr:/usr/bin/ceph:
2024-02-12T15:50:32.152+0000 7ff7fffff700 1 -- 172.21.15.122:0/2185176995 learned_addr learned my addr 172.21.15.122:0/2185176995 (peer_addr_for_me v2:172.21.15.122:0/0)
2024-02-12T15:50:32.157 INFO:teuthology.orchestra.run.smithi122.stderr:/usr/bin/ceph:
2024-02-12T15:50:32.152+0000 7ff7fffff700 1 -- 172.21.15.122:0/2185176995 --> [v2:172.21.15.122:3300/0,v1:172.21.15.122:6789/0] -- mon_subscribe({config=0+,monmap=0+}) v3 -- 0x7ff8001013a0 con 0x7ff8000703d0
2024-02-12T15:50:32.157 INFO:teuthology.orchestra.run.smithi122.stderr:/usr/bin/ceph:
2024-02-12T15:50:32.152+0000 7ff7fffff700 1 --2- 172.21.15.122:0/2185176995 >> [v2:172.21.15.122:3300/0,v1:172.21.15.122:6789/0] conn(0x7ff8000703d0 0x7ff800100eb0 secure :-1 s=READY pgs=45 cs=0 l=1 rev1=1 rx=0x7ff7f400b5f0 tx=0x7ff7f4006ee0).ready entity=mon.0 client_cookie=e13e68d38bb240d1 server_cookie=0 in_seq=0 out_seq=0
2024-02-12T15:50:32.157 INFO:teuthology.orchestra.run.smithi122.stderr:/usr/bin/ceph:
2024-02-12T15:50:32.152+0000 7ff7feffd700 1 -- 172.21.15.122:0/2185176995 <== mon.0 v2:172.21.15.122:3300/0 1 ==== mon_map magic: 0 v1 ==== 229+0+0 (secure 0 0 0) 0x7ff7f400d600 con 0x7ff8000703d0
2024-02-12T15:50:32.157 INFO:teuthology.orchestra.run.smithi122.stderr:/usr/bin/ceph:
2024-02-12T15:50:32.152+0000 7ff7feffd700 1 -- 172.21.15.122:0/2185176995 <== mon.0 v2:172.21.15.122:3300/0 2 ==== config(26 keys) v1 ==== 1045+0+0 (secure 0 0 0) 0x7ff7f400dbf0 con 0x7ff8000703d0
2024-02-12T15:50:32.158 INFO:teuthology.orchestra.run.smithi122.stderr:/usr/bin/ceph:
2024-02-12T15:50:32.152+0000 7ff7feffd700 1 -- 172.21.15.122:0/2185176995 <== mon.0 v2:172.21.15.122:3300/0 3 ==== mon_map magic: 0 v1 ==== 229+0+0 (secure 0 0 0) 0x7ff7f4011cb0 con 0x7ff8000703d0
2024-02-12T15:50:32.158 INFO:teuthology.orchestra.run.smithi122.stderr:/usr/bin/ceph:
2024-02-12T15:50:32.153+0000 7ff806533700 1 -- 172.21.15.122:0/2185176995 >> [v2:172.21.15.122:3300/0,v1:172.21.15.122:6789/0] conn(0x7ff8000703d0 msgr2=0x7ff800100eb0 secure :-1 s=STATE_CONNECTION_ESTABLISHED l=1).mark_down
2024-02-12T15:50:32.158 INFO:teuthology.orchestra.run.smithi122.stderr:/usr/bin/ceph:
2024-02-12T15:50:32.153+0000 7ff806533700 1 --2- 172.21.15.122:0/2185176995 >> [v2:172.21.15.122:3300/0,v1:172.21.15.122:6789/0] conn(0x7ff8000703d0 0x7ff800100eb0 secure :-1 s=READY pgs=45 cs=0 l=1 rev1=1 rx=0x7ff7f400b5f0 tx=0x7ff7f4006ee0).stop
2024-02-12T15:50:32.158 INFO:teuthology.orchestra.run.smithi122.stderr:/usr/bin/ceph:
2024-02-12T15:50:32.153+0000 7ff806533700 1 -- 172.21.15.122:0/2185176995 shutdown_connections
2024-02-12T15:50:32.158 INFO:teuthology.orchestra.run.smithi122.stderr:/usr/bin/ceph:
2024-02-12T15:50:32.153+0000 7ff806533700 1 --2- 172.21.15.122:0/2185176995 >> [v2:172.21.15.122:3300/0,v1:172.21.15.122:6789/0] conn(0x7ff8000703d0 0x7ff800100eb0 unknown :-1 s=CLOSED pgs=45 cs=0 l=1 rev1=1 rx=0 tx=0).stop
2024-02-12T15:50:32.158 INFO:teuthology.orchestra.run.smithi122.stderr:/usr/bin/ceph:
2024-02-12T15:50:32.153+0000 7ff806533700 1 -- 172.21.15.122:0/2185176995 >> 172.21.15.122:0/2185176995 conn(0x7ff8000f6530 msgr2=0x7ff8000f8950 unknown :-1 s=STATE_NONE l=0).mark_down
2024-02-12T15:50:32.158 INFO:teuthology.orchestra.run.smithi122.stderr:/usr/bin/ceph:
2024-02-12T15:50:32.153+0000 7ff806533700 1 -- 172.21.15.122:0/2185176995 shutdown_connections
2024-02-12T15:50:32.158 INFO:teuthology.orchestra.run.smithi122.stderr:/usr/bin/ceph:
2024-02-12T15:50:32.153+0000 7ff806533700 1 -- 172.21.15.122:0/2185176995 wait complete.
2024-02-12T15:50:32.158 INFO:teuthology.orchestra.run.smithi122.stderr:/usr/bin/ceph:
2024-02-12T15:50:32.154+0000 7ff806533700 1 Processor -- start
2024-02-12T15:50:32.158 INFO:teuthology.orchestra.run.smithi122.stderr:/usr/bin/ceph:
2024-02-12T15:50:32.154+0000 7ff806533700 1 -- start start
2024-02-12T15:50:32.158 INFO:teuthology.orchestra.run.smithi122.stderr:/usr/bin/ceph:
2024-02-12T15:50:32.154+0000 7ff806533700 1 --2- >> [v2:172.21.15.122:3300/0,v1:172.21.15.122:6789/0] conn(0x7ff8000703d0 0x7ff80010ce20 unknown :-1 s=NONE pgs=0 cs=0 l=1 rev1=0 rx=0 tx=0).connect
2024-02-12T15:50:32.158 INFO:teuthology.orchestra.run.smithi122.stderr:/usr/bin/ceph:
2024-02-12T15:50:32.154+0000 7ff806533700 1 -- --> [v2:172.21.15.122:3300/0,v1:172.21.15.122:6789/0] -- mon_getmap magic: 0 v1 -- 0x7ff80010d310 con 0x7ff8000703d0
2024-02-12T15:50:32.159 INFO:teuthology.orchestra.run.smithi122.stderr:/usr/bin/ceph:
2024-02-12T15:50:32.154+0000 7ff7fffff700 1 --2- >> [v2:172.21.15.122:3300/0,v1:172.21.15.122:6789/0] conn(0x7ff8000703d0 0x7ff80010ce20 unknown :-1 s=BANNER_CONNECTING pgs=0 cs=0 l=1 rev1=0 rx=0 tx=0)._handle_peer_banner_payload supported=1 required=0
2024-02-12T15:50:32.159 INFO:teuthology.orchestra.run.smithi122.stderr:/usr/bin/ceph:
2024-02-12T15:50:32.154+0000 7ff7fffff700 1 --2- >> [v2:172.21.15.122:3300/0,v1:172.21.15.122:6789/0] conn(0x7ff8000703d0 0x7ff80010ce20 unknown :-1 s=HELLO_CONNECTING pgs=0 cs=0 l=1 rev1=1 rx=0 tx=0).handle_hello peer v2:172.21.15.122:3300/0 says I am v2:172.21.15.122:59804/0 (socket says 172.21.15.122:59804)
2024-02-12T15:50:32.159 INFO:teuthology.orchestra.run.smithi122.stderr:/usr/bin/ceph:
2024-02-12T15:50:32.154+0000 7ff7fffff700 1 -- 172.21.15.122:0/1823082344 learned_addr learned my addr 172.21.15.122:0/1823082344 (peer_addr_for_me v2:172.21.15.122:0/0)
2024-02-12T15:50:32.159 INFO:teuthology.orchestra.run.smithi122.stderr:/usr/bin/ceph:
2024-02-12T15:50:32.154+0000 7ff7fffff700 1 -- 172.21.15.122:0/1823082344 --> [v2:172.21.15.122:3300/0,v1:172.21.15.122:6789/0] -- mon_subscribe({config=0+,monmap=0+}) v3 -- 0x7ff7f400b200 con 0x7ff8000703d0
2024-02-12T15:50:32.159 INFO:teuthology.orchestra.run.smithi122.stderr:/usr/bin/ceph:
2024-02-12T15:50:32.154+0000 7ff7fffff700 1 --2- 172.21.15.122:0/1823082344 >> [v2:172.21.15.122:3300/0,v1:172.21.15.122:6789/0] conn(0x7ff8000703d0 0x7ff80010ce20 secure :-1 s=READY pgs=46 cs=0 l=1 rev1=1 rx=0x7ff7f4006c70 tx=0x7ff7f4006ee0).ready entity=mon.0 client_cookie=0 server_cookie=0 in_seq=0 out_seq=0
2024-02-12T15:50:32.160 INFO:teuthology.orchestra.run.smithi122.stderr:/usr/bin/ceph:
2024-02-12T15:50:32.155+0000 7ff7fcff9700 1 -- 172.21.15.122:0/1823082344 <== mon.0 v2:172.21.15.122:3300/0 1 ==== mon_map magic: 0 v1 ==== 229+0+0 (secure 0 0 0) 0x7ff7f4011400 con 0x7ff8000703d0
2024-02-12T15:50:32.160 INFO:teuthology.orchestra.run.smithi122.stderr:/usr/bin/ceph:
2024-02-12T15:50:32.155+0000 7ff806533700 1 -- 172.21.15.122:0/1823082344 --> [v2:172.21.15.122:3300/0,v1:172.21.15.122:6789/0] -- mon_subscribe({mgrmap=0+}) v3 -- 0x7ff80010d510 con 0x7ff8000703d0
2024-02-12T15:50:32.160 INFO:teuthology.orchestra.run.smithi122.stderr:/usr/bin/ceph:
2024-02-12T15:50:32.155+0000 7ff7fcff9700 1 -- 172.21.15.122:0/1823082344 <== mon.0 v2:172.21.15.122:3300/0 2 ==== config(26 keys) v1 ==== 1045+0+0 (secure 0 0 0) 0x7ff7f401b8a0 con 0x7ff8000703d0
2024-02-12T15:50:32.160 INFO:teuthology.orchestra.run.smithi122.stderr:/usr/bin/ceph:
2024-02-12T15:50:32.155+0000 7ff7fcff9700 1 -- 172.21.15.122:0/1823082344 <== mon.0 v2:172.21.15.122:3300/0 3 ==== mon_map magic: 0 v1 ==== 229+0+0 (secure 0 0 0) 0x7ff7f401a7c0 con 0x7ff8000703d0
2024-02-12T15:50:32.160 INFO:teuthology.orchestra.run.smithi122.stderr:/usr/bin/ceph:
2024-02-12T15:50:32.155+0000 7ff806533700 1 -- 172.21.15.122:0/1823082344 --> [v2:172.21.15.122:3300/0,v1:172.21.15.122:6789/0] -- mon_subscribe({osdmap=0}) v3 -- 0x7ff80010e120 con 0x7ff8000703d0
2024-02-12T15:50:32.160 INFO:teuthology.orchestra.run.smithi122.stderr:/usr/bin/ceph:
2024-02-12T15:50:32.155+0000 7ff7fcff9700 1 -- 172.21.15.122:0/1823082344 <== mon.0 v2:172.21.15.122:3300/0 4 ==== mgrmap(e 8) v1 ==== 36120+0+0 (secure 0 0 0) 0x7ff7f400f070 con 0x7ff8000703d0
2024-02-12T15:50:32.160 INFO:teuthology.orchestra.run.smithi122.stderr:/usr/bin/ceph:
2024-02-12T15:50:32.155+0000 7ff7fcff9700 1 --2- 172.21.15.122:0/1823082344 >> [v2:172.21.15.122:6800/4129738483,v1:172.21.15.122:6801/4129738483] conn(0x7ff7ec02fe10 0x7ff7ec0322d0 unknown :-1 s=NONE pgs=0 cs=0 l=1 rev1=0 rx=0 tx=0).connect
2024-02-12T15:50:32.160 INFO:teuthology.orchestra.run.smithi122.stderr:/usr/bin/ceph:
2024-02-12T15:50:32.155+0000 7ff7fcff9700 1 -- 172.21.15.122:0/1823082344 <== mon.0 v2:172.21.15.122:3300/0 5 ==== osd_map(2..2 src has 1..2) v4 ==== 926+0+0 (secure 0 0 0) 0x7ff7f4041240 con 0x7ff8000703d0
2024-02-12T15:50:32.160 INFO:teuthology.orchestra.run.smithi122.stderr:/usr/bin/ceph:
2024-02-12T15:50:32.156+0000 7ff7ff7fe700 1 --2- 172.21.15.122:0/1823082344 >> [v2:172.21.15.122:6800/4129738483,v1:172.21.15.122:6801/4129738483] conn(0x7ff7ec02fe10 0x7ff7ec0322d0 unknown :-1 s=BANNER_CONNECTING pgs=0 cs=0 l=1 rev1=0 rx=0 tx=0)._handle_peer_banner_payload supported=1 required=0
2024-02-12T15:50:32.160 INFO:teuthology.orchestra.run.smithi122.stderr:/usr/bin/ceph:
2024-02-12T15:50:32.156+0000 7ff7ff7fe700 1 --2- 172.21.15.122:0/1823082344 >> [v2:172.21.15.122:6800/4129738483,v1:172.21.15.122:6801/4129738483] conn(0x7ff7ec02fe10 0x7ff7ec0322d0 secure :-1 s=READY pgs=14 cs=0 l=1 rev1=1 rx=0x7ff7f00096a0 tx=0x7ff7f0006b40).ready entity=mgr.14114 client_cookie=0 server_cookie=0 in_seq=0 out_seq=0
2024-02-12T15:50:32.160 INFO:teuthology.orchestra.run.smithi122.stderr:/usr/bin/ceph:
2024-02-12T15:50:32.156+0000 7ff806533700 1 -- 172.21.15.122:0/1823082344 --> [v2:172.21.15.122:3300/0,v1:172.21.15.122:6789/0] -- mon_command({"prefix": "get_command_descriptions"} v 0) v1 -- 0x7ff800059100 con 0x7ff8000703d0
2024-02-12T15:50:32.162 INFO:teuthology.orchestra.run.smithi122.stderr:/usr/bin/ceph:
2024-02-12T15:50:32.160+0000 7ff7fcff9700 1 -- 172.21.15.122:0/1823082344 <== mon.0 v2:172.21.15.122:3300/0 6 ==== mon_command_ack([{"prefix": "get_command_descriptions"}]=0 v0) v1 ==== 72+0+152212 (secure 0 0 0) 0x7ff7f4016030 con 0x7ff8000703d0
2024-02-12T15:50:32.195 INFO:journalctl@ceph.mon.smithi122.smithi122.stdout:Feb 12 15:50:32 smithi122 ceph-3e171e28-c9be-11ee-95b9-87774f69a715-mon.smithi122[39391]: audit
2024-02-12T15:50:31.017029+0000 mgr.smithi122.chgivp (mgr.14114) 14 : audit [DBG] from='client.14138 -' entity='client.admin' cmd=[{"prefix": "orch apply", "service_type": "crash", "target": ["mon-mgr", ""]}]: dispatch
2024-02-12T15:50:32.195 INFO:journalctl@ceph.mon.smithi122.smithi122.stdout:Feb 12 15:50:32 smithi122 ceph-3e171e28-c9be-11ee-95b9-87774f69a715-mon.smithi122[39391]: cephadm
2024-02-12T15:50:31.017642+0000 mgr.smithi122.chgivp (mgr.14114) 15 : cephadm [INF] Saving service crash spec with placement *
2024-02-12T15:50:32.195 INFO:journalctl@ceph.mon.smithi122.smithi122.stdout:Feb 12 15:50:32 smithi122 ceph-3e171e28-c9be-11ee-95b9-87774f69a715-mon.smithi122[39391]: audit
2024-02-12T15:50:31.019697+0000 mon.smithi122 (mon.0) 58 : audit [INF] from='mgr.14114 172.21.15.122:0/1064459721' entity='mgr.smithi122.chgivp'
2024-02-12T15:50:32.348 INFO:teuthology.orchestra.run.smithi122.stderr:/usr/bin/ceph:
2024-02-12T15:50:32.346+0000 7ff806533700 1 -- 172.21.15.122:0/1823082344 --> [v2:172.21.15.122:3300/0,v1:172.21.15.122:6789/0] -- mon_command({"prefix": "mgr module enable", "module": "prometheus"} v 0) v1 -- 0x7ff800102050 con 0x7ff8000703d0
2024-02-12T15:50:33.026 INFO:teuthology.orchestra.run.smithi122.stderr:/usr/bin/ceph:
2024-02-12T15:50:33.023+0000 7ff7fcff9700 1 -- 172.21.15.122:0/1823082344 <== mon.0 v2:172.21.15.122:3300/0 7 ==== mgrmap(e 9) v1 ==== 36134+0+0 (secure 0 0 0) 0x7ff7f40257e0 con 0x7ff8000703d0
2024-02-12T15:50:33.026 INFO:teuthology.orchestra.run.smithi122.stderr:/usr/bin/ceph:
2024-02-12T15:50:33.024+0000 7ff7fcff9700 1 -- 172.21.15.122:0/1823082344 <== mon.0 v2:172.21.15.122:3300/0 8 ==== mon_command_ack([{"prefix": "mgr module enable", "module": "prometheus"}]=0 v9) v1 ==== 89+0+0 (secure 0 0 0) 0x7ff7f4010820 con 0x7ff8000703d0
2024-02-12T15:50:33.030 INFO:teuthology.orchestra.run.smithi122.stderr:/usr/bin/ceph:
2024-02-12T15:50:33.026+0000 7ff806533700 1 -- 172.21.15.122:0/1823082344 >> [v2:172.21.15.122:6800/4129738483,v1:172.21.15.122:6801/4129738483] conn(0x7ff7ec02fe10 msgr2=0x7ff7ec0322d0 secure :-1 s=STATE_CONNECTION_ESTABLISHED l=1).mark_down
2024-02-12T15:50:33.030 INFO:teuthology.orchestra.run.smithi122.stderr:/usr/bin/ceph:
2024-02-12T15:50:33.026+0000 7ff806533700 1 --2- 172.21.15.122:0/1823082344 >> [v2:172.21.15.122:6800/4129738483,v1:172.21.15.122:6801/4129738483] conn(0x7ff7ec02fe10 0x7ff7ec0322d0 secure :-1 s=READY pgs=14 cs=0 l=1 rev1=1 rx=0x7ff7f00096a0 tx=0x7ff7f0006b40).stop
2024-02-12T15:50:33.030 INFO:teuthology.orchestra.run.smithi122.stderr:/usr/bin/ceph:
2024-02-12T15:50:33.026+0000 7ff806533700 1 -- 172.21.15.122:0/1823082344 >> [v2:172.21.15.122:3300/0,v1:172.21.15.122:6789/0] conn(0x7ff8000703d0 msgr2=0x7ff80010ce20 secure :-1 s=STATE_CONNECTION_ESTABLISHED l=1).mark_down
2024-02-12T15:50:33.030 INFO:teuthology.orchestra.run.smithi122.stderr:/usr/bin/ceph:
2024-02-12T15:50:33.026+0000 7ff806533700 1 --2- 172.21.15.122:0/1823082344 >> [v2:172.21.15.122:3300/0,v1:172.21.15.122:6789/0] conn(0x7ff8000703d0 0x7ff80010ce20 secure :-1 s=READY pgs=46 cs=0 l=1 rev1=1 rx=0x7ff7f4006c70 tx=0x7ff7f4006ee0).stop
2024-02-12T15:50:33.030 INFO:teuthology.orchestra.run.smithi122.stderr:/usr/bin/ceph:
2024-02-12T15:50:33.026+0000 7ff806533700 1 -- 172.21.15.122:0/1823082344 shutdown_connections
2024-02-12T15:50:33.030 INFO:teuthology.orchestra.run.smithi122.stderr:/usr/bin/ceph:
2024-02-12T15:50:33.026+0000 7ff806533700 1 --2- 172.21.15.122:0/1823082344 >> [v2:172.21.15.122:6800/4129738483,v1:172.21.15.122:6801/4129738483] conn(0x7ff7ec02fe10 0x7ff7ec0322d0 unknown :-1 s=CLOSED pgs=14 cs=0 l=1 rev1=1 rx=0 tx=0).stop
2024-02-12T15:50:33.030 INFO:teuthology.orchestra.run.smithi122.stderr:/usr/bin/ceph:
2024-02-12T15:50:33.026+0000 7ff806533700 1 --2- 172.21.15.122:0/1823082344 >> [v2:172.21.15.122:3300/0,v1:172.21.15.122:6789/0] conn(0x7ff8000703d0 0x7ff80010ce20 unknown :-1 s=CLOSED pgs=46 cs=0 l=1 rev1=1 rx=0 tx=0).stop
2024-02-12T15:50:33.030 INFO:teuthology.orchestra.run.smithi122.stderr:/usr/bin/ceph:
2024-02-12T15:50:33.026+0000 7ff806533700 1 -- 172.21.15.122:0/1823082344 >> 172.21.15.122:0/1823082344 conn(0x7ff8000f6530 msgr2=0x7ff8000f7f40 unknown :-1 s=STATE_NONE l=0).mark_down
2024-02-12T15:50:33.031 INFO:teuthology.orchestra.run.smithi122.stderr:/usr/bin/ceph:
2024-02-12T15:50:33.027+0000 7ff806533700 1 -- 172.21.15.122:0/1823082344 shutdown_connections
2024-02-12T15:50:33.031 INFO:teuthology.orchestra.run.smithi122.stderr:/usr/bin/ceph:
2024-02-12T15:50:33.027+0000 7ff806533700 1 -- 172.21.15.122:0/1823082344 wait complete.
2024-02-12T15:50:33.390 INFO:journalctl@ceph.mon.smithi122.smithi122.stdout:Feb 12 15:50:33 smithi122 ceph-3e171e28-c9be-11ee-95b9-87774f69a715-mon.smithi122[39391]: audit
2024-02-12T15:50:32.347077+0000 mon.smithi122 (mon.0) 59 : audit [INF] from='client.? 172.21.15.122:0/1823082344' entity='client.admin' cmd=[{"prefix": "mgr module enable", "module": "prometheus"}]: dispatch
2024-02-12T15:50:33.702 INFO:teuthology.orchestra.run.smithi122.stderr:Deploying prometheus service with default placement...
2024-02-12T15:50:33.702 INFO:teuthology.orchestra.run.smithi122.stderr:Running command: /bin/podman run --rm --ipc=host --no-hosts --net=host --entrypoint /usr/bin/ceph --init -e CONTAINER_IMAGE=docker.io/ceph/ceph:v16.2.4 -e NODE_NAME=smithi122 -e CEPH_USE_RANDOM_NONCE=1 -v /var/log/ceph/3e171e28-c9be-11ee-95b9-87774f69a715:/var/log/ceph:z -v /tmp/ceph-tmpqw7gzrle:/etc/ceph/ceph.client.admin.keyring:z -v /tmp/ceph-tmpj2fuc26h:/etc/ceph/ceph.conf:z docker.io/ceph/ceph:v16.2.4 orch apply prometheus
2024-02-12T15:50:34.255 INFO:teuthology.orchestra.run.smithi122.stderr:/usr/bin/ceph:
2024-02-12T15:50:34.234+0000 7f746ab6a700 1 Processor -- start
2024-02-12T15:50:34.255 INFO:teuthology.orchestra.run.smithi122.stderr:/usr/bin/ceph:
2024-02-12T15:50:34.234+0000 7f746ab6a700 1 -- start start
2024-02-12T15:50:34.255 INFO:teuthology.orchestra.run.smithi122.stderr:/usr/bin/ceph:
2024-02-12T15:50:34.234+0000 7f746ab6a700 1 --2- >> [v2:172.21.15.122:3300/0,v1:172.21.15.122:6789/0] conn(0x7f7464070430 0x7f74640fc840 unknown :-1 s=NONE pgs=0 cs=0 l=0 rev1=0 rx=0 tx=0).connect
2024-02-12T15:50:34.255 INFO:teuthology.orchestra.run.smithi122.stderr:/usr/bin/ceph:
2024-02-12T15:50:34.234+0000 7f746ab6a700 1 -- --> [v2:172.21.15.122:3300/0,v1:172.21.15.122:6789/0] -- mon_getmap magic: 0 v1 -- 0x7f74640fcd30 con 0x7f7464070430
2024-02-12T15:50:34.255 INFO:teuthology.orchestra.run.smithi122.stderr:/usr/bin/ceph:
2024-02-12T15:50:34.234+0000 7f7468906700 1 --2- >> [v2:172.21.15.122:3300/0,v1:172.21.15.122:6789/0] conn(0x7f7464070430 0x7f74640fc840 unknown :-1 s=BANNER_CONNECTING pgs=0 cs=0 l=0 rev1=0 rx=0 tx=0)._handle_peer_banner_payload supported=1 required=0
2024-02-12T15:50:34.255 INFO:teuthology.orchestra.run.smithi122.stderr:/usr/bin/ceph:
2024-02-12T15:50:34.234+0000 7f7468906700 1 --2- >> [v2:172.21.15.122:3300/0,v1:172.21.15.122:6789/0] conn(0x7f7464070430 0x7f74640fc840 unknown :-1 s=HELLO_CONNECTING pgs=0 cs=0 l=0 rev1=1 rx=0 tx=0).handle_hello peer v2:172.21.15.122:3300/0 says I am v2:172.21.15.122:59840/0 (socket says 172.21.15.122:59840)
2024-02-12T15:50:34.255 INFO:teuthology.orchestra.run.smithi122.stderr:/usr/bin/ceph:
2024-02-12T15:50:34.234+0000 7f7468906700 1 -- 172.21.15.122:0/4249813818 learned_addr learned my addr 172.21.15.122:0/4249813818 (peer_addr_for_me v2:172.21.15.122:0/0)
2024-02-12T15:50:34.255 INFO:teuthology.orchestra.run.smithi122.stderr:/usr/bin/ceph:
2024-02-12T15:50:34.234+0000 7f7468906700 1 -- 172.21.15.122:0/4249813818 --> [v2:172.21.15.122:3300/0,v1:172.21.15.122:6789/0] -- mon_subscribe({config=0+,monmap=0+}) v3 -- 0x7f74640fce70 con 0x7f7464070430
2024-02-12T15:50:34.255 INFO:teuthology.orchestra.run.smithi122.stderr:/usr/bin/ceph:
2024-02-12T15:50:34.234+0000 7f7468906700 1 --2- 172.21.15.122:0/4249813818 >> [v2:172.21.15.122:3300/0,v1:172.21.15.122:6789/0] conn(0x7f7464070430 0x7f74640fc840 secure :-1 s=READY pgs=49 cs=0 l=1 rev1=1 rx=0x7f745800b5f0 tx=0x7f7458006ee0).ready entity=mon.0 client_cookie=bff4210f697f4f11 server_cookie=0 in_seq=0 out_seq=0
2024-02-12T15:50:34.255 INFO:teuthology.orchestra.run.smithi122.stderr:/usr/bin/ceph:
2024-02-12T15:50:34.235+0000 7f74637fe700 1 -- 172.21.15.122:0/4249813818 <== mon.0 v2:172.21.15.122:3300/0 1 ==== mon_map magic: 0 v1 ==== 229+0+0 (secure 0 0 0) 0x7f745800d600 con 0x7f7464070430
2024-02-12T15:50:34.255 INFO:teuthology.orchestra.run.smithi122.stderr:/usr/bin/ceph:
2024-02-12T15:50:34.235+0000 7f74637fe700 1 -- 172.21.15.122:0/4249813818 <== mon.0 v2:172.21.15.122:3300/0 2 ==== config(26 keys) v1 ==== 1045+0+0 (secure 0 0 0) 0x7f745800dbf0 con 0x7f7464070430
2024-02-12T15:50:34.255 INFO:teuthology.orchestra.run.smithi122.stderr:/usr/bin/ceph:
2024-02-12T15:50:34.235+0000 7f74637fe700 1 -- 172.21.15.122:0/4249813818 <== mon.0 v2:172.21.15.122:3300/0 3 ==== mon_map magic: 0 v1 ==== 229+0+0 (secure 0 0 0) 0x7f7458011cb0 con 0x7f7464070430
2024-02-12T15:50:34.255 INFO:teuthology.orchestra.run.smithi122.stderr:/usr/bin/ceph:
2024-02-12T15:50:34.235+0000 7f746ab6a700 1 -- 172.21.15.122:0/4249813818 >> [v2:172.21.15.122:3300/0,v1:172.21.15.122:6789/0] conn(0x7f7464070430 msgr2=0x7f74640fc840 secure :-1 s=STATE_CONNECTION_ESTABLISHED l=1).mark_down
2024-02-12T15:50:34.256 INFO:teuthology.orchestra.run.smithi122.stderr:/usr/bin/ceph:
2024-02-12T15:50:34.235+0000 7f746ab6a700 1 --2- 172.21.15.122:0/4249813818 >> [v2:172.21.15.122:3300/0,v1:172.21.15.122:6789/0] conn(0x7f7464070430 0x7f74640fc840 secure :-1 s=READY pgs=49 cs=0 l=1 rev1=1 rx=0x7f745800b5f0 tx=0x7f7458006ee0).stop
2024-02-12T15:50:34.256 INFO:teuthology.orchestra.run.smithi122.stderr:/usr/bin/ceph:
2024-02-12T15:50:34.235+0000 7f746ab6a700 1 -- 172.21.15.122:0/4249813818 shutdown_connections
2024-02-12T15:50:34.256 INFO:teuthology.orchestra.run.smithi122.stderr:/usr/bin/ceph:
