2024-02-17T09:09:59.840+0000 7fd0a66ff700 1 --2- 172.21.15.3:0/1063042750 >> [v2:172.21.15.3:3300/0,v1:172.21.15.3:6789/0] conn(0x7fd0a01066b0 0x7fd0a0106ad0 unknown :-1 s=CLOSED pgs=59 cs=0 l=1 rev1=1 crypto rx=0 tx=0 comp rx=0 tx=0).stop
2024-02-17T09:10:00.715 INFO:teuthology.orchestra.run.smithi003.stdout:/usr/bin/ceph: stderr
2024-02-17T09:09:59.840+0000 7fd0a66ff700 1 -- 172.21.15.3:0/1063042750 >> 172.21.15.3:0/1063042750 conn(0x7fd0a0101cf0 msgr2=0x7fd0a0104110 unknown :-1 s=STATE_NONE l=0).mark_down
2024-02-17T09:10:00.715 INFO:teuthology.orchestra.run.smithi003.stdout:/usr/bin/ceph: stderr
2024-02-17T09:09:59.840+0000 7fd0a66ff700 1 -- 172.21.15.3:0/1063042750 shutdown_connections
2024-02-17T09:10:00.716 INFO:teuthology.orchestra.run.smithi003.stdout:/usr/bin/ceph: stderr
2024-02-17T09:09:59.840+0000 7fd0a66ff700 1 -- 172.21.15.3:0/1063042750 wait complete.
2024-02-17T09:10:00.716 INFO:teuthology.orchestra.run.smithi003.stdout:/usr/bin/ceph: stderr
2024-02-17T09:09:59.841+0000 7fd0a66ff700 1 Processor -- start
2024-02-17T09:10:00.716 INFO:teuthology.orchestra.run.smithi003.stdout:/usr/bin/ceph: stderr
2024-02-17T09:09:59.841+0000 7fd0a66ff700 1 -- start start
2024-02-17T09:10:00.716 INFO:teuthology.orchestra.run.smithi003.stdout:/usr/bin/ceph: stderr
2024-02-17T09:09:59.841+0000 7fd0a66ff700 1 --2- >> [v2:172.21.15.3:3300/0,v1:172.21.15.3:6789/0] conn(0x7fd0a01066b0 0x7fd0a019b610 unknown :-1 s=NONE pgs=0 cs=0 l=1 rev1=0 crypto rx=0 tx=0 comp rx=0 tx=0).connect
2024-02-17T09:10:00.716 INFO:teuthology.orchestra.run.smithi003.stdout:/usr/bin/ceph: stderr
2024-02-17T09:09:59.841+0000 7fd0a66ff700 1 -- --> [v2:172.21.15.3:3300/0,v1:172.21.15.3:6789/0] -- mon_getmap magic: 0 v1 -- 0x7fd0a019bb50 con 0x7fd0a01066b0
2024-02-17T09:10:00.716 INFO:teuthology.orchestra.run.smithi003.stdout:/usr/bin/ceph: stderr
2024-02-17T09:09:59.842+0000 7fd09ffff700 1 --2- >> [v2:172.21.15.3:3300/0,v1:172.21.15.3:6789/0] conn(0x7fd0a01066b0 0x7fd0a019b610 unknown :-1 s=BANNER_CONNECTING pgs=0 cs=0 l=1 rev1=0 crypto rx=0 tx=0 comp rx=0 tx=0)._handle_peer_banner_payload supported=3 required=0
2024-02-17T09:10:00.716 INFO:teuthology.orchestra.run.smithi003.stdout:/usr/bin/ceph: stderr
2024-02-17T09:09:59.842+0000 7fd09ffff700 1 --2- >> [v2:172.21.15.3:3300/0,v1:172.21.15.3:6789/0] conn(0x7fd0a01066b0 0x7fd0a019b610 unknown :-1 s=HELLO_CONNECTING pgs=0 cs=0 l=1 rev1=1 crypto rx=0 tx=0 comp rx=0 tx=0).handle_hello peer v2:172.21.15.3:3300/0 says I am v2:172.21.15.3:53188/0 (socket says 172.21.15.3:53188)
2024-02-17T09:10:00.716 INFO:teuthology.orchestra.run.smithi003.stdout:/usr/bin/ceph: stderr
2024-02-17T09:09:59.842+0000 7fd09ffff700 1 -- 172.21.15.3:0/187286828 learned_addr learned my addr 172.21.15.3:0/187286828 (peer_addr_for_me v2:172.21.15.3:0/0)
2024-02-17T09:10:00.716 INFO:teuthology.orchestra.run.smithi003.stdout:/usr/bin/ceph: stderr
2024-02-17T09:09:59.842+0000 7fd09ffff700 1 -- 172.21.15.3:0/187286828 --> [v2:172.21.15.3:3300/0,v1:172.21.15.3:6789/0] -- mon_subscribe({config=0+,monmap=0+}) v3 -- 0x7fd090009550 con 0x7fd0a01066b0
2024-02-17T09:10:00.716 INFO:teuthology.orchestra.run.smithi003.stdout:/usr/bin/ceph: stderr
2024-02-17T09:09:59.842+0000 7fd09ffff700 1 --2- 172.21.15.3:0/187286828 >> [v2:172.21.15.3:3300/0,v1:172.21.15.3:6789/0] conn(0x7fd0a01066b0 0x7fd0a019b610 secure :-1 s=READY pgs=60 cs=0 l=1 rev1=1 crypto rx=0x7fd090009520 tx=0x7fd0900090c0 comp rx=0 tx=0).ready entity=mon.0 client_cookie=0 server_cookie=0 in_seq=0 out_seq=0
2024-02-17T09:10:00.716 INFO:teuthology.orchestra.run.smithi003.stdout:/usr/bin/ceph: stderr
2024-02-17T09:09:59.842+0000 7fd09d7fa700 1 -- 172.21.15.3:0/187286828 <== mon.0 v2:172.21.15.3:3300/0 1 ==== mon_map magic: 0 v1 ==== 205+0+0 (secure 0 0 0) 0x7fd090004130 con 0x7fd0a01066b0
2024-02-17T09:10:00.716 INFO:teuthology.orchestra.run.smithi003.stdout:/usr/bin/ceph: stderr
2024-02-17T09:09:59.842+0000 7fd0a66ff700 1 -- 172.21.15.3:0/187286828 --> [v2:172.21.15.3:3300/0,v1:172.21.15.3:6789/0] -- mon_subscribe({mgrmap=0+}) v3 -- 0x7fd0a019bd50 con 0x7fd0a01066b0
2024-02-17T09:10:00.716 INFO:teuthology.orchestra.run.smithi003.stdout:/usr/bin/ceph: stderr
2024-02-17T09:09:59.842+0000 7fd09d7fa700 1 -- 172.21.15.3:0/187286828 <== mon.0 v2:172.21.15.3:3300/0 2 ==== config(29 keys) v1 ==== 1209+0+0 (secure 0 0 0) 0x7fd090004290 con 0x7fd0a01066b0
2024-02-17T09:10:00.716 INFO:teuthology.orchestra.run.smithi003.stdout:/usr/bin/ceph: stderr
2024-02-17T09:09:59.842+0000 7fd0a66ff700 1 -- 172.21.15.3:0/187286828 --> [v2:172.21.15.3:3300/0,v1:172.21.15.3:6789/0] -- mon_subscribe({osdmap=0}) v3 -- 0x7fd0a019c1f0 con 0x7fd0a01066b0
2024-02-17T09:10:00.716 INFO:teuthology.orchestra.run.smithi003.stdout:/usr/bin/ceph: stderr
2024-02-17T09:09:59.842+0000 7fd09d7fa700 1 -- 172.21.15.3:0/187286828 <== mon.0 v2:172.21.15.3:3300/0 3 ==== mon_map magic: 0 v1 ==== 205+0+0 (secure 0 0 0) 0x7fd090024870 con 0x7fd0a01066b0
2024-02-17T09:10:00.717 INFO:teuthology.orchestra.run.smithi003.stdout:/usr/bin/ceph: stderr
2024-02-17T09:09:59.843+0000 7fd09d7fa700 1 -- 172.21.15.3:0/187286828 <== mon.0 v2:172.21.15.3:3300/0 4 ==== mgrmap(e 9) v1 ==== 45945+0+0 (secure 0 0 0) 0x7fd09001ac00 con 0x7fd0a01066b0
2024-02-17T09:10:00.717 INFO:teuthology.orchestra.run.smithi003.stdout:/usr/bin/ceph: stderr
2024-02-17T09:09:59.843+0000 7fd0a66ff700 1 -- 172.21.15.3:0/187286828 --> [v2:172.21.15.3:3300/0,v1:172.21.15.3:6789/0] -- mon_command({"prefix": "get_command_descriptions"} v 0) v1 -- 0x7fd0a0195810 con 0x7fd0a01066b0
2024-02-17T09:10:00.717 INFO:teuthology.orchestra.run.smithi003.stdout:/usr/bin/ceph: stderr
2024-02-17T09:09:59.843+0000 7fd09d7fa700 1 --2- 172.21.15.3:0/187286828 >> [v2:172.21.15.3:6800/1572008086,v1:172.21.15.3:6801/1572008086] conn(0x7fd088038f30 0x7fd08803b3f0 unknown :-1 s=NONE pgs=0 cs=0 l=1 rev1=0 crypto rx=0 tx=0 comp rx=0 tx=0).connect
2024-02-17T09:10:00.717 INFO:teuthology.orchestra.run.smithi003.stdout:/usr/bin/ceph: stderr
2024-02-17T09:09:59.843+0000 7fd09d7fa700 1 -- 172.21.15.3:0/187286828 <== mon.0 v2:172.21.15.3:3300/0 5 ==== osd_map(2..2 src has 1..2) v4 ==== 940+0+0 (secure 0 0 0) 0x7fd09004d160 con 0x7fd0a01066b0
2024-02-17T09:10:00.717 INFO:teuthology.orchestra.run.smithi003.stdout:/usr/bin/ceph: stderr
2024-02-17T09:09:59.843+0000 7fd09f7fe700 1 -- 172.21.15.3:0/187286828 >> [v2:172.21.15.3:6800/1572008086,v1:172.21.15.3:6801/1572008086] conn(0x7fd088038f30 msgr2=0x7fd08803b3f0 unknown :-1 s=STATE_CONNECTING_RE l=1).process reconnect failed to v2:172.21.15.3:6800/1572008086
2024-02-17T09:10:00.717 INFO:teuthology.orchestra.run.smithi003.stdout:/usr/bin/ceph: stderr
2024-02-17T09:09:59.844+0000 7fd09f7fe700 1 --2- 172.21.15.3:0/187286828 >> [v2:172.21.15.3:6800/1572008086,v1:172.21.15.3:6801/1572008086] conn(0x7fd088038f30 0x7fd08803b3f0 unknown :-1 s=START_CONNECT pgs=0 cs=0 l=1 rev1=0 crypto rx=0 tx=0 comp rx=0 tx=0)._fault waiting 0.200000
2024-02-17T09:10:00.717 INFO:teuthology.orchestra.run.smithi003.stdout:/usr/bin/ceph: stderr
2024-02-17T09:09:59.852+0000 7fd09d7fa700 1 -- 172.21.15.3:0/187286828 <== mon.0 v2:172.21.15.3:3300/0 6 ==== mon_command_ack([{"prefix": "get_command_descriptions"}]=0 v0) v1 ==== 72+0+183564 (secure 0 0 0) 0x7fd09001a430 con 0x7fd0a01066b0
2024-02-17T09:10:00.717 INFO:teuthology.orchestra.run.smithi003.stdout:/usr/bin/ceph: stderr
2024-02-17T09:10:00.045+0000 7fd09f7fe700 1 -- 172.21.15.3:0/187286828 >> [v2:172.21.15.3:6800/1572008086,v1:172.21.15.3:6801/1572008086] conn(0x7fd088038f30 msgr2=0x7fd08803b3f0 unknown :-1 s=STATE_CONNECTING_RE l=1).process reconnect failed to v2:172.21.15.3:6800/1572008086
2024-02-17T09:10:00.717 INFO:teuthology.orchestra.run.smithi003.stdout:/usr/bin/ceph: stderr
2024-02-17T09:10:00.045+0000 7fd09f7fe700 1 --2- 172.21.15.3:0/187286828 >> [v2:172.21.15.3:6800/1572008086,v1:172.21.15.3:6801/1572008086] conn(0x7fd088038f30 0x7fd08803b3f0 unknown :-1 s=START_CONNECT pgs=0 cs=0 l=1 rev1=0 crypto rx=0 tx=0 comp rx=0 tx=0)._fault waiting 0.400000
2024-02-17T09:10:00.717 INFO:teuthology.orchestra.run.smithi003.stdout:/usr/bin/ceph: stderr
2024-02-17T09:10:00.113+0000 7fd0a66ff700 1 -- 172.21.15.3:0/187286828 --> [v2:172.21.15.3:3300/0,v1:172.21.15.3:6789/0] -- mon_command({"prefix": "mgr stat"} v 0) v1 -- 0x7fd0a002d8e0 con 0x7fd0a01066b0
2024-02-17T09:10:00.717 INFO:teuthology.orchestra.run.smithi003.stdout:/usr/bin/ceph: stderr
2024-02-17T09:10:00.113+0000 7fd09d7fa700 1 -- 172.21.15.3:0/187286828 <== mon.0 v2:172.21.15.3:3300/0 7 ==== mon_command_ack([{"prefix": "mgr stat"}]=0 v9) v1 ==== 56+0+88 (secure 0 0 0) 0x7fd090018350 con 0x7fd0a01066b0
2024-02-17T09:10:00.717 INFO:teuthology.orchestra.run.smithi003.stdout:/usr/bin/ceph: stderr
2024-02-17T09:10:00.115+0000 7fd0a66ff700 1 -- 172.21.15.3:0/187286828 >> [v2:172.21.15.3:6800/1572008086,v1:172.21.15.3:6801/1572008086] conn(0x7fd088038f30 msgr2=0x7fd08803b3f0 unknown :-1 s=STATE_CONNECTING l=1).mark_down
2024-02-17T09:10:00.717 INFO:teuthology.orchestra.run.smithi003.stdout:/usr/bin/ceph: stderr
2024-02-17T09:10:00.115+0000 7fd0a66ff700 1 --2- 172.21.15.3:0/187286828 >> [v2:172.21.15.3:6800/1572008086,v1:172.21.15.3:6801/1572008086] conn(0x7fd088038f30 0x7fd08803b3f0 unknown :-1 s=START_CONNECT pgs=0 cs=0 l=1 rev1=0 crypto rx=0 tx=0 comp rx=0 tx=0).stop
2024-02-17T09:10:00.717 INFO:teuthology.orchestra.run.smithi003.stdout:/usr/bin/ceph: stderr
2024-02-17T09:10:00.115+0000 7fd0a66ff700 1 -- 172.21.15.3:0/187286828 >> [v2:172.21.15.3:3300/0,v1:172.21.15.3:6789/0] conn(0x7fd0a01066b0 msgr2=0x7fd0a019b610 secure :-1 s=STATE_CONNECTION_ESTABLISHED l=1).mark_down
2024-02-17T09:10:00.717 INFO:teuthology.orchestra.run.smithi003.stdout:/usr/bin/ceph: stderr
2024-02-17T09:10:00.115+0000 7fd0a66ff700 1 --2- 172.21.15.3:0/187286828 >> [v2:172.21.15.3:3300/0,v1:172.21.15.3:6789/0] conn(0x7fd0a01066b0 0x7fd0a019b610 secure :-1 s=READY pgs=60 cs=0 l=1 rev1=1 crypto rx=0x7fd090009520 tx=0x7fd0900090c0 comp rx=0 tx=0).stop
2024-02-17T09:10:00.717 INFO:teuthology.orchestra.run.smithi003.stdout:/usr/bin/ceph: stderr
2024-02-17T09:10:00.115+0000 7fd0a66ff700 1 -- 172.21.15.3:0/187286828 shutdown_connections
2024-02-17T09:10:00.718 INFO:teuthology.orchestra.run.smithi003.stdout:/usr/bin/ceph: stderr
2024-02-17T09:10:00.115+0000 7fd0a66ff700 1 --2- 172.21.15.3:0/187286828 >> [v2:172.21.15.3:6800/1572008086,v1:172.21.15.3:6801/1572008086] conn(0x7fd088038f30 0x7fd08803b3f0 unknown :-1 s=CLOSED pgs=0 cs=0 l=1 rev1=0 crypto rx=0 tx=0 comp rx=0 tx=0).stop
2024-02-17T09:10:00.718 INFO:teuthology.orchestra.run.smithi003.stdout:/usr/bin/ceph: stderr
2024-02-17T09:10:00.115+0000 7fd0a66ff700 1 --2- 172.21.15.3:0/187286828 >> [v2:172.21.15.3:3300/0,v1:172.21.15.3:6789/0] conn(0x7fd0a01066b0 0x7fd0a019b610 unknown :-1 s=CLOSED pgs=60 cs=0 l=1 rev1=1 crypto rx=0 tx=0 comp rx=0 tx=0).stop
2024-02-17T09:10:00.718 INFO:teuthology.orchestra.run.smithi003.stdout:/usr/bin/ceph: stderr
2024-02-17T09:10:00.115+0000 7fd0a66ff700 1 -- 172.21.15.3:0/187286828 >> 172.21.15.3:0/187286828 conn(0x7fd0a0101cf0 msgr2=0x7fd0a0102b10 unknown :-1 s=STATE_NONE l=0).mark_down
2024-02-17T09:10:00.718 INFO:teuthology.orchestra.run.smithi003.stdout:/usr/bin/ceph: stderr
2024-02-17T09:10:00.115+0000 7fd0a66ff700 1 -- 172.21.15.3:0/187286828 shutdown_connections
2024-02-17T09:10:00.718 INFO:teuthology.orchestra.run.smithi003.stdout:/usr/bin/ceph: stderr
2024-02-17T09:10:00.115+0000 7fd0a66ff700 1 -- 172.21.15.3:0/187286828 wait complete.
2024-02-17T09:10:00.718 INFO:teuthology.orchestra.run.smithi003.stdout:Waiting for the mgr to restart...
2024-02-17T09:10:00.718 INFO:teuthology.orchestra.run.smithi003.stdout:Waiting for mgr epoch 9...
2024-02-17T09:10:00.987 INFO:journalctl@ceph.mon.a.smithi003.stdout:Feb 17 09:10:00 smithi003 ceph-mon[32542]: from='client.? 172.21.15.3:0/187286828' entity='client.admin' cmd=[{"prefix": "mgr stat"}]: dispatch
2024-02-17T09:10:00.987 INFO:journalctl@ceph.mgr.x.smithi003.stdout:Feb 17 09:10:00 smithi003 ceph-0f31d9f4-cd74-11ee-95ba-87774f69a715-mgr-x[32777]:
2024-02-17T09:10:00.879+0000 7f933e614200 -1 mgr[py] Module rgw has missing NOTIFY_TYPES member
2024-02-17T09:10:00.987 INFO:journalctl@ceph.mgr.x.smithi003.stdout:Feb 17 09:10:00 smithi003 ceph-0f31d9f4-cd74-11ee-95ba-87774f69a715-mgr-x[32777]:
2024-02-17T09:10:00.992+0000 7f933e614200 -1 mgr[py] Module rbd_support has missing NOTIFY_TYPES member
2024-02-17T09:10:01.259 INFO:journalctl@ceph.mgr.x.smithi003.stdout:Feb 17 09:10:01 smithi003 ceph-0f31d9f4-cd74-11ee-95ba-87774f69a715-mgr-x[32777]:
2024-02-17T09:10:01.080+0000 7f933e614200 -1 mgr[py] Module progress has missing NOTIFY_TYPES member
2024-02-17T09:10:01.259 INFO:journalctl@ceph.mgr.x.smithi003.stdout:Feb 17 09:10:01 smithi003 ceph-0f31d9f4-cd74-11ee-95ba-87774f69a715-mgr-x[32777]:
2024-02-17T09:10:01.180+0000 7f933e614200 -1 mgr[py] Module pg_autoscaler has missing NOTIFY_TYPES member
2024-02-17T09:10:01.569 INFO:journalctl@ceph.mgr.x.smithi003.stdout:Feb 17 09:10:01 smithi003 ceph-0f31d9f4-cd74-11ee-95ba-87774f69a715-mgr-x[32777]:
2024-02-17T09:10:01.362+0000 7f933e614200 -1 mgr[py] Module devicehealth has missing NOTIFY_TYPES member
2024-02-17T09:10:02.771 INFO:journalctl@ceph.mgr.x.smithi003.stdout:Feb 17 09:10:02 smithi003 ceph-0f31d9f4-cd74-11ee-95ba-87774f69a715-mgr-x[32777]:
2024-02-17T09:10:02.350+0000 7f933e614200 -1 mgr[py] Module rook has missing NOTIFY_TYPES member
2024-02-17T09:10:02.771 INFO:journalctl@ceph.mgr.x.smithi003.stdout:Feb 17 09:10:02 smithi003 ceph-0f31d9f4-cd74-11ee-95ba-87774f69a715-mgr-x[32777]:
2024-02-17T09:10:02.484+0000 7f933e614200 -1 mgr[py] Module diskprediction_local has missing NOTIFY_TYPES member
2024-02-17T09:10:03.080 INFO:journalctl@ceph.mgr.x.smithi003.stdout:Feb 17 09:10:02 smithi003 ceph-0f31d9f4-cd74-11ee-95ba-87774f69a715-mgr-x[32777]:
2024-02-17T09:10:02.827+0000 7f933e614200 -1 mgr[py] Module selftest has missing NOTIFY_TYPES member
2024-02-17T09:10:03.080 INFO:journalctl@ceph.mgr.x.smithi003.stdout:Feb 17 09:10:02 smithi003 ceph-0f31d9f4-cd74-11ee-95ba-87774f69a715-mgr-x[32777]:
2024-02-17T09:10:02.920+0000 7f933e614200 -1 mgr[py] Module telegraf has missing NOTIFY_TYPES member
2024-02-17T09:10:03.580 INFO:journalctl@ceph.mgr.x.smithi003.stdout:Feb 17 09:10:03 smithi003 ceph-0f31d9f4-cd74-11ee-95ba-87774f69a715-mgr-x[32777]:
2024-02-17T09:10:03.120+0000 7f933e614200 -1 mgr[py] Module test_orchestrator has missing NOTIFY_TYPES member
2024-02-17T09:10:03.580 INFO:journalctl@ceph.mgr.x.smithi003.stdout:Feb 17 09:10:03 smithi003 ceph-0f31d9f4-cd74-11ee-95ba-87774f69a715-mgr-x[32777]:
2024-02-17T09:10:03.310+0000 7f933e614200 -1 mgr[py] Module crash has missing NOTIFY_TYPES member
2024-02-17T09:10:03.860 INFO:journalctl@ceph.mgr.x.smithi003.stdout:Feb 17 09:10:03 smithi003 ceph-0f31d9f4-cd74-11ee-95ba-87774f69a715-mgr-x[32777]:
2024-02-17T09:10:03.604+0000 7f933e614200 -1 mgr[py] Module orchestrator has missing NOTIFY_TYPES member
2024-02-17T09:10:03.861 INFO:journalctl@ceph.mgr.x.smithi003.stdout:Feb 17 09:10:03 smithi003 ceph-0f31d9f4-cd74-11ee-95ba-87774f69a715-mgr-x[32777]:
2024-02-17T09:10:03.865+0000 7f933e614200 -1 mgr[py] Module osd_support has missing NOTIFY_TYPES member
2024-02-17T09:10:04.330 INFO:journalctl@ceph.mgr.x.smithi003.stdout:Feb 17 09:10:04 smithi003 ceph-0f31d9f4-cd74-11ee-95ba-87774f69a715-mgr-x[32777]:
2024-02-17T09:10:04.109+0000 7f933e614200 -1 mgr[py] Module volumes has missing NOTIFY_TYPES member
2024-02-17T09:10:05.330 INFO:journalctl@ceph.mgr.x.smithi003.stdout:Feb 17 09:10:04 smithi003 ceph-0f31d9f4-cd74-11ee-95ba-87774f69a715-mgr-x[32777]:
2024-02-17T09:10:04.934+0000 7f933e614200 -1 mgr[py] Module telemetry has missing NOTIFY_TYPES member
2024-02-17T09:10:05.782 INFO:journalctl@ceph.mgr.x.smithi003.stdout:Feb 17 09:10:05 smithi003 ceph-0f31d9f4-cd74-11ee-95ba-87774f69a715-mgr-x[32777]:
2024-02-17T09:10:05.516+0000 7f933e614200 -1 mgr[py] Module prometheus has missing NOTIFY_TYPES member
2024-02-17T09:10:05.782 INFO:journalctl@ceph.mgr.x.smithi003.stdout:Feb 17 09:10:05 smithi003 ceph-0f31d9f4-cd74-11ee-95ba-87774f69a715-mgr-x[32777]:
2024-02-17T09:10:05.617+0000 7f933e614200 -1 mgr[py] Module status has missing NOTIFY_TYPES member
2024-02-17T09:10:06.080 INFO:journalctl@ceph.mgr.x.smithi003.stdout:Feb 17 09:10:05 smithi003 ceph-0f31d9f4-cd74-11ee-95ba-87774f69a715-mgr-x[32777]:
2024-02-17T09:10:05.854+0000 7f933e614200 -1 mgr[py] Module nfs has missing NOTIFY_TYPES member
2024-02-17T09:10:06.080 INFO:journalctl@ceph.mon.a.smithi003.stdout:Feb 17 09:10:05 smithi003 ceph-mon[32542]: Active manager daemon x restarted
2024-02-17T09:10:06.081 INFO:journalctl@ceph.mon.a.smithi003.stdout:Feb 17 09:10:05 smithi003 ceph-mon[32542]: Activating manager daemon x
2024-02-17T09:10:06.081 INFO:journalctl@ceph.mon.a.smithi003.stdout:Feb 17 09:10:05 smithi003 ceph-mon[32542]: osdmap e3: 0 total, 0 up, 0 in
2024-02-17T09:10:06.081 INFO:journalctl@ceph.mon.a.smithi003.stdout:Feb 17 09:10:05 smithi003 ceph-mon[32542]: mgrmap e10: x(active, starting, since 0.00336925s)
2024-02-17T09:10:06.081 INFO:journalctl@ceph.mon.a.smithi003.stdout:Feb 17 09:10:05 smithi003 ceph-mon[32542]: from='mgr.14152 172.21.15.3:0/3259494031' entity='mgr.x' cmd=[{"prefix": "mon metadata", "id": "a"}]: dispatch
2024-02-17T09:10:06.081 INFO:journalctl@ceph.mon.a.smithi003.stdout:Feb 17 09:10:05 smithi003 ceph-mon[32542]: from='mgr.14152 172.21.15.3:0/3259494031' entity='mgr.x' cmd=[{"prefix": "mgr metadata", "who": "x", "id": "x"}]: dispatch
2024-02-17T09:10:06.081 INFO:journalctl@ceph.mon.a.smithi003.stdout:Feb 17 09:10:05 smithi003 ceph-mon[32542]: from='mgr.14152 172.21.15.3:0/3259494031' entity='mgr.x' cmd=[{"prefix": "mds metadata"}]: dispatch
2024-02-17T09:10:06.081 INFO:journalctl@ceph.mon.a.smithi003.stdout:Feb 17 09:10:05 smithi003 ceph-mon[32542]: from='mgr.14152 172.21.15.3:0/3259494031' entity='mgr.x' cmd=[{"prefix": "osd metadata"}]: dispatch
2024-02-17T09:10:06.081 INFO:journalctl@ceph.mon.a.smithi003.stdout:Feb 17 09:10:05 smithi003 ceph-mon[32542]: from='mgr.14152 172.21.15.3:0/3259494031' entity='mgr.x' cmd=[{"prefix": "mon metadata"}]: dispatch
2024-02-17T09:10:06.081 INFO:journalctl@ceph.mon.a.smithi003.stdout:Feb 17 09:10:05 smithi003 ceph-mon[32542]: Manager daemon x is now available
2024-02-17T09:10:06.081 INFO:journalctl@ceph.mon.a.smithi003.stdout:Feb 17 09:10:05 smithi003 ceph-mon[32542]: from='mgr.14152 172.21.15.3:0/3259494031' entity='mgr.x' cmd=[{"prefix": "config dump", "format": "json"}]: dispatch
2024-02-17T09:10:06.081 INFO:journalctl@ceph.mon.a.smithi003.stdout:Feb 17 09:10:05 smithi003 ceph-mon[32542]: from='mgr.14152 172.21.15.3:0/3259494031' entity='mgr.x' cmd=[{"prefix": "config dump", "format": "json"}]: dispatch
2024-02-17T09:10:07.230 INFO:journalctl@ceph.mon.a.smithi003.stdout:Feb 17 09:10:06 smithi003 ceph-mon[32542]: from='mgr.14152 172.21.15.3:0/3259494031' entity='mgr.x' cmd=[{"prefix":"config rm","who":"mgr","name":"mgr/rbd_support/x/mirror_snapshot_schedule"}]: dispatch
2024-02-17T09:10:07.230 INFO:journalctl@ceph.mon.a.smithi003.stdout:Feb 17 09:10:06 smithi003 ceph-mon[32542]: from='mgr.14152 172.21.15.3:0/3259494031' entity='mgr.x' cmd=[{"prefix":"config rm","who":"mgr","name":"mgr/rbd_support/x/trash_purge_schedule"}]: dispatch
2024-02-17T09:10:07.230 INFO:journalctl@ceph.mon.a.smithi003.stdout:Feb 17 09:10:06 smithi003 ceph-mon[32542]: [17/Feb/2024:09:10:06] ENGINE Bus STARTING
2024-02-17T09:10:07.230 INFO:journalctl@ceph.mon.a.smithi003.stdout:Feb 17 09:10:06 smithi003 ceph-mon[32542]: [17/Feb/2024:09:10:06] ENGINE Serving on http://172.21.15.3:8765
2024-02-17T09:10:07.230 INFO:journalctl@ceph.mon.a.smithi003.stdout:Feb 17 09:10:06 smithi003 ceph-mon[32542]: [17/Feb/2024:09:10:06] ENGINE Serving on https://172.21.15.3:7150
2024-02-17T09:10:07.230 INFO:journalctl@ceph.mon.a.smithi003.stdout:Feb 17 09:10:06 smithi003 ceph-mon[32542]: [17/Feb/2024:09:10:06] ENGINE Bus STARTED
2024-02-17T09:10:07.230 INFO:journalctl@ceph.mon.a.smithi003.stdout:Feb 17 09:10:06 smithi003 ceph-mon[32542]: from='client.14156 -' entity='client.admin' cmd=[{"prefix": "get_command_descriptions"}]: dispatch
2024-02-17T09:10:07.230 INFO:journalctl@ceph.mon.a.smithi003.stdout:Feb 17 09:10:06 smithi003 ceph-mon[32542]: mgrmap e11: x(active, since 1.00565s)
2024-02-17T09:10:07.230 INFO:journalctl@ceph.mon.a.smithi003.stdout:Feb 17 09:10:06 smithi003 ceph-mon[32542]: from='client.14156 -' entity='client.admin' cmd=[{"prefix": "mgr_status"}]: dispatch
2024-02-17T09:10:07.508 INFO:teuthology.orchestra.run.smithi003.stdout:/usr/bin/ceph: stdout {
2024-02-17T09:10:07.508 INFO:teuthology.orchestra.run.smithi003.stdout:/usr/bin/ceph: stdout "mgrmap_epoch": 11,
2024-02-17T09:10:07.508 INFO:teuthology.orchestra.run.smithi003.stdout:/usr/bin/ceph: stdout "initialized": true
2024-02-17T09:10:07.508 INFO:teuthology.orchestra.run.smithi003.stdout:/usr/bin/ceph: stdout }
2024-02-17T09:10:07.508 INFO:teuthology.orchestra.run.smithi003.stdout:/usr/bin/ceph: stderr
2024-02-17T09:10:01.368+0000 7fb7885c9700 1 Processor -- start
2024-02-17T09:10:07.508 INFO:teuthology.orchestra.run.smithi003.stdout:/usr/bin/ceph: stderr
2024-02-17T09:10:01.368+0000 7fb7885c9700 1 -- start start
2024-02-17T09:10:07.509 INFO:teuthology.orchestra.run.smithi003.stdout:/usr/bin/ceph: stderr
2024-02-17T09:10:01.368+0000 7fb7885c9700 1 --2- >> [v2:172.21.15.3:3300/0,v1:172.21.15.3:6789/0] conn(0x7fb7801066b0 0x7fb780106ad0 unknown :-1 s=NONE pgs=0 cs=0 l=0 rev1=0 crypto rx=0 tx=0 comp rx=0 tx=0).connect
2024-02-17T09:10:07.509 INFO:teuthology.orchestra.run.smithi003.stdout:/usr/bin/ceph: stderr
2024-02-17T09:10:01.368+0000 7fb7885c9700 1 -- --> [v2:172.21.15.3:3300/0,v1:172.21.15.3:6789/0] -- mon_getmap magic: 0 v1 -- 0x7fb7801070a0 con 0x7fb7801066b0
2024-02-17T09:10:07.509 INFO:teuthology.orchestra.run.smithi003.stdout:/usr/bin/ceph: stderr
2024-02-17T09:10:01.368+0000 7fb786365700 1 --2- >> [v2:172.21.15.3:3300/0,v1:172.21.15.3:6789/0] conn(0x7fb7801066b0 0x7fb780106ad0 unknown :-1 s=BANNER_CONNECTING pgs=0 cs=0 l=0 rev1=0 crypto rx=0 tx=0 comp rx=0 tx=0)._handle_peer_banner_payload supported=3 required=0
2024-02-17T09:10:07.509 INFO:teuthology.orchestra.run.smithi003.stdout:/usr/bin/ceph: stderr
2024-02-17T09:10:01.368+0000 7fb786365700 1 --2- >> [v2:172.21.15.3:3300/0,v1:172.21.15.3:6789/0] conn(0x7fb7801066b0 0x7fb780106ad0 unknown :-1 s=HELLO_CONNECTING pgs=0 cs=0 l=0 rev1=1 crypto rx=0 tx=0 comp rx=0 tx=0).handle_hello peer v2:172.21.15.3:3300/0 says I am v2:172.21.15.3:53194/0 (socket says 172.21.15.3:53194)
2024-02-17T09:10:07.509 INFO:teuthology.orchestra.run.smithi003.stdout:/usr/bin/ceph: stderr
2024-02-17T09:10:01.368+0000 7fb786365700 1 -- 172.21.15.3:0/3294213803 learned_addr learned my addr 172.21.15.3:0/3294213803 (peer_addr_for_me v2:172.21.15.3:0/0)
2024-02-17T09:10:07.509 INFO:teuthology.orchestra.run.smithi003.stdout:/usr/bin/ceph: stderr
2024-02-17T09:10:01.369+0000 7fb786365700 1 -- 172.21.15.3:0/3294213803 --> [v2:172.21.15.3:3300/0,v1:172.21.15.3:6789/0] -- mon_subscribe({config=0+,monmap=0+}) v3 -- 0x7fb7801078b0 con 0x7fb7801066b0
2024-02-17T09:10:07.509 INFO:teuthology.orchestra.run.smithi003.stdout:/usr/bin/ceph: stderr
2024-02-17T09:10:01.369+0000 7fb786365700 1 --2- 172.21.15.3:0/3294213803 >> [v2:172.21.15.3:3300/0,v1:172.21.15.3:6789/0] conn(0x7fb7801066b0 0x7fb780106ad0 secure :-1 s=READY pgs=61 cs=0 l=1 rev1=1 crypto rx=0x7fb77c0098a0 tx=0x7fb77c009bb0 comp rx=0 tx=0).ready entity=mon.0 client_cookie=39fd17dac65eb516 server_cookie=0 in_seq=0 out_seq=0
2024-02-17T09:10:07.509 INFO:teuthology.orchestra.run.smithi003.stdout:/usr/bin/ceph: stderr
2024-02-17T09:10:01.369+0000 7fb785363700 1 -- 172.21.15.3:0/3294213803 <== mon.0 v2:172.21.15.3:3300/0 1 ==== mon_map magic: 0 v1 ==== 205+0+0 (secure 0 0 0) 0x7fb77c004160 con 0x7fb7801066b0
2024-02-17T09:10:07.509 INFO:teuthology.orchestra.run.smithi003.stdout:/usr/bin/ceph: stderr
2024-02-17T09:10:01.369+0000 7fb785363700 1 -- 172.21.15.3:0/3294213803 <== mon.0 v2:172.21.15.3:3300/0 2 ==== config(29 keys) v1 ==== 1209+0+0 (secure 0 0 0) 0x7fb77c003bc0 con 0x7fb7801066b0
2024-02-17T09:10:07.509 INFO:teuthology.orchestra.run.smithi003.stdout:/usr/bin/ceph: stderr
2024-02-17T09:10:01.369+0000 7fb785363700 1 -- 172.21.15.3:0/3294213803 <== mon.0 v2:172.21.15.3:3300/0 3 ==== mon_map magic: 0 v1 ==== 205+0+0 (secure 0 0 0) 0x7fb77c011be0 con 0x7fb7801066b0
2024-02-17T09:10:07.509 INFO:teuthology.orchestra.run.smithi003.stdout:/usr/bin/ceph: stderr
2024-02-17T09:10:01.369+0000 7fb7885c9700 1 -- 172.21.15.3:0/3294213803 >> [v2:172.21.15.3:3300/0,v1:172.21.15.3:6789/0] conn(0x7fb7801066b0 msgr2=0x7fb780106ad0 secure :-1 s=STATE_CONNECTION_ESTABLISHED l=1).mark_down
2024-02-17T09:10:07.509 INFO:teuthology.orchestra.run.smithi003.stdout:/usr/bin/ceph: stderr
2024-02-17T09:10:01.369+0000 7fb7885c9700 1 --2- 172.21.15.3:0/3294213803 >> [v2:172.21.15.3:3300/0,v1:172.21.15.3:6789/0] conn(0x7fb7801066b0 0x7fb780106ad0 secure :-1 s=READY pgs=61 cs=0 l=1 rev1=1 crypto rx=0x7fb77c0098a0 tx=0x7fb77c009bb0 comp rx=0 tx=0).stop
2024-02-17T09:10:07.509 INFO:teuthology.orchestra.run.smithi003.stdout:/usr/bin/ceph: stderr
2024-02-17T09:10:01.370+0000 7fb7885c9700 1 -- 172.21.15.3:0/3294213803 shutdown_connections
2024-02-17T09:10:07.509 INFO:teuthology.orchestra.run.smithi003.stdout:/usr/bin/ceph: stderr
2024-02-17T09:10:01.370+0000 7fb7885c9700 1 --2- 172.21.15.3:0/3294213803 >> [v2:172.21.15.3:3300/0,v1:172.21.15.3:6789/0] conn(0x7fb7801066b0 0x7fb780106ad0 unknown :-1 s=CLOSED pgs=61 cs=0 l=1 rev1=1 crypto rx=0 tx=0 comp rx=0 tx=0).stop
2024-02-17T09:10:07.509 INFO:teuthology.orchestra.run.smithi003.stdout:/usr/bin/ceph: stderr
2024-02-17T09:10:01.370+0000 7fb7885c9700 1 -- 172.21.15.3:0/3294213803 >> 172.21.15.3:0/3294213803 conn(0x7fb780101cf0 msgr2=0x7fb780104110 unknown :-1 s=STATE_NONE l=0).mark_down
2024-02-17T09:10:07.510 INFO:teuthology.orchestra.run.smithi003.stdout:/usr/bin/ceph: stderr
2024-02-17T09:10:01.370+0000 7fb7885c9700 1 -- 172.21.15.3:0/3294213803 shutdown_connections
2024-02-17T09:10:07.510 INFO:teuthology.orchestra.run.smithi003.stdout:/usr/bin/ceph: stderr
2024-02-17T09:10:01.370+0000 7fb7885c9700 1 -- 172.21.15.3:0/3294213803 wait complete.
2024-02-17T09:10:07.510 INFO:teuthology.orchestra.run.smithi003.stdout:/usr/bin/ceph: stderr
2024-02-17T09:10:01.370+0000 7fb7885c9700 1 Processor -- start
2024-02-17T09:10:07.510 INFO:teuthology.orchestra.run.smithi003.stdout:/usr/bin/ceph: stderr
2024-02-17T09:10:01.370+0000 7fb7885c9700 1 -- start start
2024-02-17T09:10:07.510 INFO:teuthology.orchestra.run.smithi003.stdout:/usr/bin/ceph: stderr
2024-02-17T09:10:01.370+0000 7fb7885c9700 1 --2- >> [v2:172.21.15.3:3300/0,v1:172.21.15.3:6789/0] conn(0x7fb7801066b0 0x7fb7801918e0 unknown :-1 s=NONE pgs=0 cs=0 l=1 rev1=0 crypto rx=0 tx=0 comp rx=0 tx=0).connect
2024-02-17T09:10:07.510 INFO:teuthology.orchestra.run.smithi003.stdout:/usr/bin/ceph: stderr
2024-02-17T09:10:01.370+0000 7fb7885c9700 1 -- --> [v2:172.21.15.3:3300/0,v1:172.21.15.3:6789/0] -- mon_getmap magic: 0 v1 -- 0x7fb780191e20 con 0x7fb7801066b0
2024-02-17T09:10:07.510 INFO:teuthology.orchestra.run.smithi003.stdout:/usr/bin/ceph: stderr
2024-02-17T09:10:01.371+0000 7fb786365700 1 --2- >> [v2:172.21.15.3:3300/0,v1:172.21.15.3:6789/0] conn(0x7fb7801066b0 0x7fb7801918e0 unknown :-1 s=BANNER_CONNECTING pgs=0 cs=0 l=1 rev1=0 crypto rx=0 tx=0 comp rx=0 tx=0)._handle_peer_banner_payload supported=3 required=0
2024-02-17T09:10:07.510 INFO:teuthology.orchestra.run.smithi003.stdout:/usr/bin/ceph: stderr
2024-02-17T09:10:01.371+0000 7fb786365700 1 --2- >> [v2:172.21.15.3:3300/0,v1:172.21.15.3:6789/0] conn(0x7fb7801066b0 0x7fb7801918e0 unknown :-1 s=HELLO_CONNECTING pgs=0 cs=0 l=1 rev1=1 crypto rx=0 tx=0 comp rx=0 tx=0).handle_hello peer v2:172.21.15.3:3300/0 says I am v2:172.21.15.3:53202/0 (socket says 172.21.15.3:53202)
2024-02-17T09:10:07.510 INFO:teuthology.orchestra.run.smithi003.stdout:/usr/bin/ceph: stderr
2024-02-17T09:10:01.371+0000 7fb786365700 1 -- 172.21.15.3:0/1467766794 learned_addr learned my addr 172.21.15.3:0/1467766794 (peer_addr_for_me v2:172.21.15.3:0/0)
2024-02-17T09:10:07.510 INFO:teuthology.orchestra.run.smithi003.stdout:/usr/bin/ceph: stderr
2024-02-17T09:10:01.371+0000 7fb786365700 1 -- 172.21.15.3:0/1467766794 --> [v2:172.21.15.3:3300/0,v1:172.21.15.3:6789/0] -- mon_subscribe({config=0+,monmap=0+}) v3 -- 0x7fb77c009550 con 0x7fb7801066b0
2024-02-17T09:10:07.510 INFO:teuthology.orchestra.run.smithi003.stdout:/usr/bin/ceph: stderr
2024-02-17T09:10:01.371+0000 7fb786365700 1 --2- 172.21.15.3:0/1467766794 >> [v2:172.21.15.3:3300/0,v1:172.21.15.3:6789/0] conn(0x7fb7801066b0 0x7fb7801918e0 secure :-1 s=READY pgs=62 cs=0 l=1 rev1=1 crypto rx=0x7fb77c0118e0 tx=0x7fb77c011d10 comp rx=0 tx=0).ready entity=mon.0 client_cookie=0 server_cookie=0 in_seq=0 out_seq=0
2024-02-17T09:10:07.510 INFO:teuthology.orchestra.run.smithi003.stdout:/usr/bin/ceph: stderr
2024-02-17T09:10:01.371+0000 7fb7777fe700 1 -- 172.21.15.3:0/1467766794 <== mon.0 v2:172.21.15.3:3300/0 1 ==== mon_map magic: 0 v1 ==== 205+0+0 (secure 0 0 0) 0x7fb77c011ea0 con 0x7fb7801066b0
2024-02-17T09:10:07.511 INFO:teuthology.orchestra.run.smithi003.stdout:/usr/bin/ceph: stderr
2024-02-17T09:10:01.371+0000 7fb7777fe700 1 -- 172.21.15.3:0/1467766794 <== mon.0 v2:172.21.15.3:3300/0 2 ==== config(29 keys) v1 ==== 1209+0+0 (secure 0 0 0) 0x7fb77c01a430 con 0x7fb7801066b0
2024-02-17T09:10:07.511 INFO:teuthology.orchestra.run.smithi003.stdout:/usr/bin/ceph: stderr
2024-02-17T09:10:01.371+0000 7fb7777fe700 1 -- 172.21.15.3:0/1467766794 <== mon.0 v2:172.21.15.3:3300/0 3 ==== mon_map magic: 0 v1 ==== 205+0+0 (secure 0 0 0) 0x7fb77c024580 con 0x7fb7801066b0
2024-02-17T09:10:07.511 INFO:teuthology.orchestra.run.smithi003.stdout:/usr/bin/ceph: stderr
2024-02-17T09:10:01.371+0000 7fb7885c9700 1 -- 172.21.15.3:0/1467766794 --> [v2:172.21.15.3:3300/0,v1:172.21.15.3:6789/0] -- mon_subscribe({mgrmap=0+}) v3 -- 0x7fb780190010 con 0x7fb7801066b0
2024-02-17T09:10:07.511 INFO:teuthology.orchestra.run.smithi003.stdout:/usr/bin/ceph: stderr
2024-02-17T09:10:01.371+0000 7fb7885c9700 1 -- 172.21.15.3:0/1467766794 --> [v2:172.21.15.3:3300/0,v1:172.21.15.3:6789/0] -- mon_subscribe({osdmap=0}) v3 -- 0x7fb7801904b0 con 0x7fb7801066b0
2024-02-17T09:10:07.511 INFO:teuthology.orchestra.run.smithi003.stdout:/usr/bin/ceph: stderr
2024-02-17T09:10:01.372+0000 7fb7777fe700 1 -- 172.21.15.3:0/1467766794 <== mon.0 v2:172.21.15.3:3300/0 4 ==== mgrmap(e 9) v1 ==== 45945+0+0 (secure 0 0 0) 0x7fb77c02d3f0 con 0x7fb7801066b0
2024-02-17T09:10:07.511 INFO:teuthology.orchestra.run.smithi003.stdout:/usr/bin/ceph: stderr
2024-02-17T09:10:01.372+0000 7fb7777fe700 1 --2- 172.21.15.3:0/1467766794 >> [v2:172.21.15.3:6800/1572008086,v1:172.21.15.3:6801/1572008086] conn(0x7fb76c038ee0 0x7fb76c03b3a0 unknown :-1 s=NONE pgs=0 cs=0 l=1 rev1=0 crypto rx=0 tx=0 comp rx=0 tx=0).connect
2024-02-17T09:10:07.511 INFO:teuthology.orchestra.run.smithi003.stdout:/usr/bin/ceph: stderr
2024-02-17T09:10:01.372+0000 7fb7777fe700 1 -- 172.21.15.3:0/1467766794 --> [v2:172.21.15.3:6800/1572008086,v1:172.21.15.3:6801/1572008086] -- command(tid 0: {"prefix": "get_command_descriptions"}) v1 -- 0x7fb76c03bab0 con 0x7fb76c038ee0
2024-02-17T09:10:07.511 INFO:teuthology.orchestra.run.smithi003.stdout:/usr/bin/ceph: stderr
2024-02-17T09:10:01.372+0000 7fb785b64700 1 -- 172.21.15.3:0/1467766794 >> [v2:172.21.15.3:6800/1572008086,v1:172.21.15.3:6801/1572008086] conn(0x7fb76c038ee0 msgr2=0x7fb76c03b3a0 unknown :-1 s=STATE_CONNECTING_RE l=1).process reconnect failed to v2:172.21.15.3:6800/1572008086
2024-02-17T09:10:07.511 INFO:teuthology.orchestra.run.smithi003.stdout:/usr/bin/ceph: stderr
2024-02-17T09:10:01.372+0000 7fb7777fe700 1 -- 172.21.15.3:0/1467766794 <== mon.0 v2:172.21.15.3:3300/0 5 ==== osd_map(2..2 src has 1..2) v4 ==== 940+0+0 (secure 0 0 0) 0x7fb77c04cce0 con 0x7fb7801066b0
2024-02-17T09:10:07.511 INFO:teuthology.orchestra.run.smithi003.stdout:/usr/bin/ceph: stderr
2024-02-17T09:10:01.373+0000 7fb785b64700 1 --2- 172.21.15.3:0/1467766794 >> [v2:172.21.15.3:6800/1572008086,v1:172.21.15.3:6801/1572008086] conn(0x7fb76c038ee0 0x7fb76c03b3a0 unknown :-1 s=START_CONNECT pgs=0 cs=0 l=1 rev1=0 crypto rx=0 tx=0 comp rx=0 tx=0)._fault waiting 0.200000
2024-02-17T09:10:07.511 INFO:teuthology.orchestra.run.smithi003.stdout:/usr/bin/ceph: stderr
2024-02-17T09:10:01.574+0000 7fb785b64700 1 -- 172.21.15.3:0/1467766794 >> [v2:172.21.15.3:6800/1572008086,v1:172.21.15.3:6801/1572008086] conn(0x7fb76c038ee0 msgr2=0x7fb76c03b3a0 unknown :-1 s=STATE_CONNECTING_RE l=1).process reconnect failed to v2:172.21.15.3:6800/1572008086
2024-02-17T09:10:07.511 INFO:teuthology.orchestra.run.smithi003.stdout:/usr/bin/ceph: stderr
2024-02-17T09:10:01.574+0000 7fb785b64700 1 --2- 172.21.15.3:0/1467766794 >> [v2:172.21.15.3:6800/1572008086,v1:172.21.15.3:6801/1572008086] conn(0x7fb76c038ee0 0x7fb76c03b3a0 unknown :-1 s=START_CONNECT pgs=0 cs=0 l=1 rev1=0 crypto rx=0 tx=0 comp rx=0 tx=0)._fault waiting 0.400000
2024-02-17T09:10:07.511 INFO:teuthology.orchestra.run.smithi003.stdout:/usr/bin/ceph: stderr
2024-02-17T09:10:01.975+0000 7fb785b64700 1 -- 172.21.15.3:0/1467766794 >> [v2:172.21.15.3:6800/1572008086,v1:172.21.15.3:6801/1572008086] conn(0x7fb76c038ee0 msgr2=0x7fb76c03b3a0 unknown :-1 s=STATE_CONNECTING_RE l=1).process reconnect failed to v2:172.21.15.3:6800/1572008086
2024-02-17T09:10:07.512 INFO:teuthology.orchestra.run.smithi003.stdout:/usr/bin/ceph: stderr
2024-02-17T09:10:01.975+0000 7fb785b64700 1 --2- 172.21.15.3:0/1467766794 >> [v2:172.21.15.3:6800/1572008086,v1:172.21.15.3:6801/1572008086] conn(0x7fb76c038ee0 0x7fb76c03b3a0 unknown :-1 s=START_CONNECT pgs=0 cs=0 l=1 rev1=0 crypto rx=0 tx=0 comp rx=0 tx=0)._fault waiting 0.800000
2024-02-17T09:10:07.512 INFO:teuthology.orchestra.run.smithi003.stdout:/usr/bin/ceph: stderr
2024-02-17T09:10:02.776+0000 7fb785b64700 1 -- 172.21.15.3:0/1467766794 >> [v2:172.21.15.3:6800/1572008086,v1:172.21.15.3:6801/1572008086] conn(0x7fb76c038ee0 msgr2=0x7fb76c03b3a0 unknown :-1 s=STATE_CONNECTING_RE l=1).process reconnect failed to v2:172.21.15.3:6800/1572008086
2024-02-17T09:10:07.512 INFO:teuthology.orchestra.run.smithi003.stdout:/usr/bin/ceph: stderr
2024-02-17T09:10:02.776+0000 7fb785b64700 1 --2- 172.21.15.3:0/1467766794 >> [v2:172.21.15.3:6800/1572008086,v1:172.21.15.3:6801/1572008086] conn(0x7fb76c038ee0 0x7fb76c03b3a0 unknown :-1 s=START_CONNECT pgs=0 cs=0 l=1 rev1=0 crypto rx=0 tx=0 comp rx=0 tx=0)._fault waiting 1.600000
2024-02-17T09:10:07.512 INFO:teuthology.orchestra.run.smithi003.stdout:/usr/bin/ceph: stderr
2024-02-17T09:10:04.377+0000 7fb785b64700 1 -- 172.21.15.3:0/1467766794 >> [v2:172.21.15.3:6800/1572008086,v1:172.21.15.3:6801/1572008086] conn(0x7fb76c038ee0 msgr2=0x7fb76c03b3a0 unknown :-1 s=STATE_CONNECTING_RE l=1).process reconnect failed to v2:172.21.15.3:6800/1572008086
2024-02-17T09:10:07.512 INFO:teuthology.orchestra.run.smithi003.stdout:/usr/bin/ceph: stderr
2024-02-17T09:10:04.377+0000 7fb785b64700 1 --2- 172.21.15.3:0/1467766794 >> [v2:172.21.15.3:6800/1572008086,v1:172.21.15.3:6801/1572008086] conn(0x7fb76c038ee0 0x7fb76c03b3a0 unknown :-1 s=START_CONNECT pgs=0 cs=0 l=1 rev1=0 crypto rx=0 tx=0 comp rx=0 tx=0)._fault waiting 3.200000
2024-02-17T09:10:07.512 INFO:teuthology.orchestra.run.smithi003.stdout:/usr/bin/ceph: stderr
2024-02-17T09:10:05.869+0000 7fb7777fe700 1 -- 172.21.15.3:0/1467766794 <== mon.0 v2:172.21.15.3:3300/0 6 ==== mgrmap(e 10) v1 ==== 45712+0+0 (secure 0 0 0) 0x7fb77c021d60 con 0x7fb7801066b0
2024-02-17T09:10:07.512 INFO:teuthology.orchestra.run.smithi003.stdout:/usr/bin/ceph: stderr
2024-02-17T09:10:05.869+0000 7fb7777fe700 1 -- 172.21.15.3:0/1467766794 >> [v2:172.21.15.3:6800/1572008086,v1:172.21.15.3:6801/1572008086] conn(0x7fb76c038ee0 msgr2=0x7fb76c03b3a0 unknown :-1 s=STATE_CONNECTING l=1).mark_down
2024-02-17T09:10:07.512 INFO:teuthology.orchestra.run.smithi003.stdout:/usr/bin/ceph: stderr
2024-02-17T09:10:05.869+0000 7fb7777fe700 1 --2- 172.21.15.3:0/1467766794 >> [v2:172.21.15.3:6800/1572008086,v1:172.21.15.3:6801/1572008086] conn(0x7fb76c038ee0 0x7fb76c03b3a0 unknown :-1 s=START_CONNECT pgs=0 cs=0 l=1 rev1=0 crypto rx=0 tx=0 comp rx=0 tx=0).stop
2024-02-17T09:10:07.512 INFO:teuthology.orchestra.run.smithi003.stdout:/usr/bin/ceph: stderr
2024-02-17T09:10:06.870+0000 7fb7777fe700 1 -- 172.21.15.3:0/1467766794 <== mon.0 v2:172.21.15.3:3300/0 7 ==== mgrmap(e 11) v1 ==== 45839+0+0 (secure 0 0 0) 0x7fb77c02d920 con 0x7fb7801066b0
2024-02-17T09:10:07.512 INFO:teuthology.orchestra.run.smithi003.stdout:/usr/bin/ceph: stderr
2024-02-17T09:10:06.870+0000 7fb7777fe700 1 --2- 172.21.15.3:0/1467766794 >> [v2:172.21.15.3:6800/985611517,v1:172.21.15.3:6801/985611517] conn(0x7fb76c03c960 0x7fb76c03ed50 unknown :-1 s=NONE pgs=0 cs=0 l=1 rev1=0 crypto rx=0 tx=0 comp rx=0 tx=0).connect
2024-02-17T09:10:07.512 INFO:teuthology.orchestra.run.smithi003.stdout:/usr/bin/ceph: stderr
2024-02-17T09:10:06.871+0000 7fb7777fe700 1 -- 172.21.15.3:0/1467766794 --> [v2:172.21.15.3:6800/985611517,v1:172.21.15.3:6801/985611517] -- command(tid 0: {"prefix": "get_command_descriptions"}) v1 -- 0x7fb76c03bab0 con 0x7fb76c03c960
2024-02-17T09:10:07.512 INFO:teuthology.orchestra.run.smithi003.stdout:/usr/bin/ceph: stderr
2024-02-17T09:10:06.871+0000 7fb785b64700 1 --2- 172.21.15.3:0/1467766794 >> [v2:172.21.15.3:6800/985611517,v1:172.21.15.3:6801/985611517] conn(0x7fb76c03c960 0x7fb76c03ed50 unknown :-1 s=BANNER_CONNECTING pgs=0 cs=0 l=1 rev1=0 crypto rx=0 tx=0 comp rx=0 tx=0)._handle_peer_banner_payload supported=3 required=0
2024-02-17T09:10:07.512 INFO:teuthology.orchestra.run.smithi003.stdout:/usr/bin/ceph: stderr
2024-02-17T09:10:06.871+0000 7fb785b64700 1 --2- 172.21.15.3:0/1467766794 >> [v2:172.21.15.3:6800/985611517,v1:172.21.15.3:6801/985611517] conn(0x7fb76c03c960 0x7fb76c03ed50 secure :-1 s=READY pgs=1 cs=0 l=1 rev1=1 crypto rx=0x7fb770003a10 tx=0x7fb7700092b0 comp rx=0 tx=0).ready entity=mgr.14152 client_cookie=0 server_cookie=0 in_seq=0 out_seq=0
2024-02-17T09:10:07.512 INFO:teuthology.orchestra.run.smithi003.stdout:/usr/bin/ceph: stderr
2024-02-17T09:10:06.872+0000 7fb7777fe700 1 -- 172.21.15.3:0/1467766794 <== mgr.14152 v2:172.21.15.3:6800/985611517 1 ==== command_reply(tid 0: 0 ) v1 ==== 8+0+7774 (secure 0 0 0) 0x7fb76c03bab0 con 0x7fb76c03c960
2024-02-17T09:10:07.513 INFO:teuthology.orchestra.run.smithi003.stdout:/usr/bin/ceph: stderr
2024-02-17T09:10:06.879+0000 7fb7885c9700 1 -- 172.21.15.3:0/1467766794 --> [v2:172.21.15.3:6800/985611517,v1:172.21.15.3:6801/985611517] -- command(tid 1: {"prefix": "mgr_status"}) v1 -- 0x7fb7800632a0 con 0x7fb76c03c960
2024-02-17T09:10:07.513 INFO:teuthology.orchestra.run.smithi003.stdout:/usr/bin/ceph: stderr
2024-02-17T09:10:06.879+0000 7fb7777fe700 1 -- 172.21.15.3:0/1467766794 <== mgr.14152 v2:172.21.15.3:6800/985611517 2 ==== command_reply(tid 1: 0 ) v1 ==== 8+0+52 (secure 0 0 0) 0x7fb7800632a0 con 0x7fb76c03c960
2024-02-17T09:10:07.513 INFO:teuthology.orchestra.run.smithi003.stdout:/usr/bin/ceph: stderr
2024-02-17T09:10:06.879+0000 7fb7885c9700 1 -- 172.21.15.3:0/1467766794 >> [v2:172.21.15.3:6800/985611517,v1:172.21.15.3:6801/985611517] conn(0x7fb76c03c960 msgr2=0x7fb76c03ed50 secure :-1 s=STATE_CONNECTION_ESTABLISHED l=1).mark_down
2024-02-17T09:10:07.513 INFO:teuthology.orchestra.run.smithi003.stdout:/usr/bin/ceph: stderr
2024-02-17T09:10:06.879+0000 7fb7885c9700 1 --2- 172.21.15.3:0/1467766794 >> [v2:172.21.15.3:6800/985611517,v1:172.21.15.3:6801/985611517] conn(0x7fb76c03c960 0x7fb76c03ed50 secure :-1 s=READY pgs=1 cs=0 l=1 rev1=1 crypto rx=0x7fb770003a10 tx=0x7fb7700092b0 comp rx=0 tx=0).stop
2024-02-17T09:10:07.513 INFO:teuthology.orchestra.run.smithi003.stdout:/usr/bin/ceph: stderr
2024-02-17T09:10:06.879+0000 7fb7885c9700 1 -- 172.21.15.3:0/1467766794 >> [v2:172.21.15.3:3300/0,v1:172.21.15.3:6789/0] conn(0x7fb7801066b0 msgr2=0x7fb7801918e0 secure :-1 s=STATE_CONNECTION_ESTABLISHED l=1).mark_down
2024-02-17T09:10:07.513 INFO:teuthology.orchestra.run.smithi003.stdout:/usr/bin/ceph: stderr
2024-02-17T09:10:06.879+0000 7fb7885c9700 1 --2- 172.21.15.3:0/1467766794 >> [v2:172.21.15.3:3300/0,v1:172.21.15.3:6789/0] conn(0x7fb7801066b0 0x7fb7801918e0 secure :-1 s=READY pgs=62 cs=0 l=1 rev1=1 crypto rx=0x7fb77c0118e0 tx=0x7fb77c011d10 comp rx=0 tx=0).stop
2024-02-17T09:10:07.513 INFO:teuthology.orchestra.run.smithi003.stdout:/usr/bin/ceph: stderr
2024-02-17T09:10:06.880+0000 7fb7885c9700 1 -- 172.21.15.3:0/1467766794 shutdown_connections
2024-02-17T09:10:07.513 INFO:teuthology.orchestra.run.smithi003.stdout:/usr/bin/ceph: stderr
2024-02-17T09:10:06.880+0000 7fb7885c9700 1 --2- 172.21.15.3:0/1467766794 >> [v2:172.21.15.3:6800/985611517,v1:172.21.15.3:6801/985611517] conn(0x7fb76c03c960 0x7fb76c03ed50 unknown :-1 s=CLOSED pgs=1 cs=0 l=1 rev1=1 crypto rx=0 tx=0 comp rx=0 tx=0).stop
2024-02-17T09:10:07.513 INFO:teuthology.orchestra.run.smithi003.stdout:/usr/bin/ceph: stderr
2024-02-17T09:10:06.880+0000 7fb7885c9700 1 --2- 172.21.15.3:0/1467766794 >> [v2:172.21.15.3:3300/0,v1:172.21.15.3:6789/0] conn(0x7fb7801066b0 0x7fb7801918e0 unknown :-1 s=CLOSED pgs=62 cs=0 l=1 rev1=1 crypto rx=0 tx=0 comp rx=0 tx=0).stop
2024-02-17T09:10:07.513 INFO:teuthology.orchestra.run.smithi003.stdout:/usr/bin/ceph: stderr
2024-02-17T09:10:06.880+0000 7fb7885c9700 1 --2- 172.21.15.3:0/1467766794 >> [v2:172.21.15.3:6800/1572008086,v1:172.21.15.3:6801/1572008086] conn(0x7fb76c038ee0 0x7fb76c03b3a0 unknown :-1 s=CLOSED pgs=0 cs=0 l=1 rev1=0 crypto rx=0 tx=0 comp rx=0 tx=0).stop
2024-02-17T09:10:07.513 INFO:teuthology.orchestra.run.smithi003.stdout:/usr/bin/ceph: stderr
2024-02-17T09:10:06.880+0000 7fb7885c9700 1 -- 172.21.15.3:0/1467766794 >> 172.21.15.3:0/1467766794 conn(0x7fb780101cf0 msgr2=0x7fb780102b00 unknown :-1 s=STATE_NONE l=0).mark_down
2024-02-17T09:10:07.513 INFO:teuthology.orchestra.run.smithi003.stdout:/usr/bin/ceph: stderr
2024-02-17T09:10:06.880+0000 7fb7885c9700 1 -- 172.21.15.3:0/1467766794 shutdown_connections
2024-02-17T09:10:07.513 INFO:teuthology.orchestra.run.smithi003.stdout:/usr/bin/ceph: stderr
2024-02-17T09:10:06.880+0000 7fb7885c9700 1 -- 172.21.15.3:0/1467766794 wait complete.
2024-02-17T09:10:07.513 INFO:teuthology.orchestra.run.smithi003.stdout:mgr epoch 9 is available
2024-02-17T09:10:07.513 INFO:teuthology.orchestra.run.smithi003.stdout:Generating a dashboard self-signed certificate...
2024-02-17T09:10:09.045 INFO:teuthology.orchestra.run.smithi003.stdout:/usr/bin/ceph: stdout Self-signed certificate created
2024-02-17T09:10:09.045 INFO:teuthology.orchestra.run.smithi003.stdout:/usr/bin/ceph: stderr
2024-02-17T09:10:08.177+0000 7f0046e55700 1 Processor -- start
2024-02-17T09:10:09.045 INFO:teuthology.orchestra.run.smithi003.stdout:/usr/bin/ceph: stderr
2024-02-17T09:10:08.177+0000 7f0046e55700 1 -- start start
2024-02-17T09:10:09.045 INFO:teuthology.orchestra.run.smithi003.stdout:/usr/bin/ceph: stderr
2024-02-17T09:10:08.177+0000 7f0046e55700 1 --2- >> [v2:172.21.15.3:3300/0,v1:172.21.15.3:6789/0] conn(0x7f0040107c90 0x7f00401080b0 unknown :-1 s=NONE pgs=0 cs=0 l=0 rev1=0 crypto rx=0 tx=0 comp rx=0 tx=0).connect
2024-02-17T09:10:09.046 INFO:teuthology.orchestra.run.smithi003.stdout:/usr/bin/ceph: stderr
2024-02-17T09:10:08.177+0000 7f0046e55700 1 -- --> [v2:172.21.15.3:3300/0,v1:172.21.15.3:6789/0] -- mon_getmap magic: 0 v1 -- 0x7f0040108680 con 0x7f0040107c90
2024-02-17T09:10:09.046 INFO:teuthology.orchestra.run.smithi003.stdout:/usr/bin/ceph: stderr
2024-02-17T09:10:08.177+0000 7f0044bf1700 1 --2- >> [v2:172.21.15.3:3300/0,v1:172.21.15.3:6789/0] conn(0x7f0040107c90 0x7f00401080b0 unknown :-1 s=BANNER_CONNECTING pgs=0 cs=0 l=0 rev1=0 crypto rx=0 tx=0 comp rx=0 tx=0)._handle_peer_banner_payload supported=3 required=0
2024-02-17T09:10:09.046 INFO:teuthology.orchestra.run.smithi003.stdout:/usr/bin/ceph: stderr
2024-02-17T09:10:08.177+0000 7f0044bf1700 1 --2- >> [v2:172.21.15.3:3300/0,v1:172.21.15.3:6789/0] conn(0x7f0040107c90 0x7f00401080b0 unknown :-1 s=HELLO_CONNECTING pgs=0 cs=0 l=0 rev1=1 crypto rx=0 tx=0 comp rx=0 tx=0).handle_hello peer v2:172.21.15.3:3300/0 says I am v2:172.21.15.3:53830/0 (socket says 172.21.15.3:53830)
2024-02-17T09:10:09.046 INFO:teuthology.orchestra.run.smithi003.stdout:/usr/bin/ceph: stderr
2024-02-17T09:10:08.177+0000 7f0044bf1700 1 -- 172.21.15.3:0/2573420581 learned_addr learned my addr 172.21.15.3:0/2573420581 (peer_addr_for_me v2:172.21.15.3:0/0)
2024-02-17T09:10:09.046 INFO:teuthology.orchestra.run.smithi003.stdout:/usr/bin/ceph: stderr
2024-02-17T09:10:08.178+0000 7f0044bf1700 1 -- 172.21.15.3:0/2573420581 --> [v2:172.21.15.3:3300/0,v1:172.21.15.3:6789/0] -- mon_subscribe({config=0+,monmap=0+}) v3 -- 0x7f00401068a0 con 0x7f0040107c90
2024-02-17T09:10:09.046 INFO:teuthology.orchestra.run.smithi003.stdout:/usr/bin/ceph: stderr
2024-02-17T09:10:08.178+0000 7f0044bf1700 1 --2- 172.21.15.3:0/2573420581 >> [v2:172.21.15.3:3300/0,v1:172.21.15.3:6789/0] conn(0x7f0040107c90 0x7f00401080b0 secure :-1 s=READY pgs=70 cs=0 l=1 rev1=1 crypto rx=0x7f00340098a0 tx=0x7f0034009bb0 comp rx=0 tx=0).ready entity=mon.0 client_cookie=36a7d4332e1a6cc0 server_cookie=0 in_seq=0 out_seq=0
2024-02-17T09:10:09.046 INFO:teuthology.orchestra.run.smithi003.stdout:/usr/bin/ceph: stderr
2024-02-17T09:10:08.178+0000 7f003f7fe700 1 -- 172.21.15.3:0/2573420581 <== mon.0 v2:172.21.15.3:3300/0 1 ==== mon_map magic: 0 v1 ==== 205+0+0 (secure 0 0 0) 0x7f0034004160 con 0x7f0040107c90
2024-02-17T09:10:09.046 INFO:teuthology.orchestra.run.smithi003.stdout:/usr/bin/ceph: stderr
2024-02-17T09:10:08.178+0000 7f003f7fe700 1 -- 172.21.15.3:0/2573420581 <== mon.0 v2:172.21.15.3:3300/0 2 ==== config(29 keys) v1 ==== 1209+0+0 (secure 0 0 0) 0x7f0034003bc0 con 0x7f0040107c90
2024-02-17T09:10:09.046 INFO:teuthology.orchestra.run.smithi003.stdout:/usr/bin/ceph: stderr
2024-02-17T09:10:08.178+0000 7f003f7fe700 1 -- 172.21.15.3:0/2573420581 <== mon.0 v2:172.21.15.3:3300/0 3 ==== mon_map magic: 0 v1 ==== 205+0+0 (secure 0 0 0) 0x7f0034011be0 con 0x7f0040107c90
2024-02-17T09:10:09.046 INFO:teuthology.orchestra.run.smithi003.stdout:/usr/bin/ceph: stderr
2024-02-17T09:10:08.179+0000 7f0046e55700 1 -- 172.21.15.3:0/2573420581 >> [v2:172.21.15.3:3300/0,v1:172.21.15.3:6789/0] conn(0x7f0040107c90 msgr2=0x7f00401080b0 secure :-1 s=STATE_CONNECTION_ESTABLISHED l=1).mark_down
2024-02-17T09:10:09.046 INFO:teuthology.orchestra.run.smithi003.stdout:/usr/bin/ceph: stderr
2024-02-17T09:10:08.179+0000 7f0046e55700 1 --2- 172.21.15.3:0/2573420581 >> [v2:172.21.15.3:3300/0,v1:172.21.15.3:6789/0] conn(0x7f0040107c90 0x7f00401080b0 secure :-1 s=READY pgs=70 cs=0 l=1 rev1=1 crypto rx=0x7f00340098a0 tx=0x7f0034009bb0 comp rx=0 tx=0).stop
2024-02-17T09:10:09.046 INFO:teuthology.orchestra.run.smithi003.stdout:/usr/bin/ceph: stderr
2024-02-17T09:10:08.179+0000 7f0046e55700 1 -- 172.21.15.3:0/2573420581 shutdown_connections
2024-02-17T09:10:09.046 INFO:teuthology.orchestra.run.smithi003.stdout:/usr/bin/ceph: stderr
2024-02-17T09:10:08.179+0000 7f0046e55700 1 --2- 172.21.15.3:0/2573420581 >> [v2:172.21.15.3:3300/0,v1:172.21.15.3:6789/0] conn(0x7f0040107c90 0x7f00401080b0 unknown :-1 s=CLOSED pgs=70 cs=0 l=1 rev1=1 crypto rx=0 tx=0 comp rx=0 tx=0).stop
2024-02-17T09:10:09.046 INFO:teuthology.orchestra.run.smithi003.stdout:/usr/bin/ceph: stderr
2024-02-17T09:10:08.179+0000 7f0046e55700 1 -- 172.21.15.3:0/2573420581 >> 172.21.15.3:0/2573420581 conn(0x7f0040101490 msgr2=0x7f00401038b0 unknown :-1 s=STATE_NONE l=0).mark_down
2024-02-17T09:10:09.046 INFO:teuthology.orchestra.run.smithi003.stdout:/usr/bin/ceph: stderr
2024-02-17T09:10:08.179+0000 7f0046e55700 1 -- 172.21.15.3:0/2573420581 shutdown_connections
2024-02-17T09:10:09.047 INFO:teuthology.orchestra.run.smithi003.stdout:/usr/bin/ceph: stderr
2024-02-17T09:10:08.179+0000 7f0046e55700 1 -- 172.21.15.3:0/2573420581 wait complete.
2024-02-17T09:10:09.047 INFO:teuthology.orchestra.run.smithi003.stdout:/usr/bin/ceph: stderr
2024-02-17T09:10:08.179+0000 7f0046e55700 1 Processor -- start
2024-02-17T09:10:09.047 INFO:teuthology.orchestra.run.smithi003.stdout:/usr/bin/ceph: stderr
2024-02-17T09:10:08.179+0000 7f0046e55700 1 -- start start
2024-02-17T09:10:09.047 INFO:teuthology.orchestra.run.smithi003.stdout:/usr/bin/ceph: stderr
2024-02-17T09:10:08.180+0000 7f0046e55700 1 --2- >> [v2:172.21.15.3:3300/0,v1:172.21.15.3:6789/0] conn(0x7f0040107c90 0x7f004019b610 unknown :-1 s=NONE pgs=0 cs=0 l=1 rev1=0 crypto rx=0 tx=0 comp rx=0 tx=0).connect
2024-02-17T09:10:09.047 INFO:teuthology.orchestra.run.smithi003.stdout:/usr/bin/ceph: stderr
2024-02-17T09:10:08.180+0000 7f0046e55700 1 -- --> [v2:172.21.15.3:3300/0,v1:172.21.15.3:6789/0] -- mon_getmap magic: 0 v1 -- 0x7f004019bb50 con 0x7f0040107c90
2024-02-17T09:10:09.047 INFO:teuthology.orchestra.run.smithi003.stdout:/usr/bin/ceph: stderr
2024-02-17T09:10:08.180+0000 7f0044bf1700 1 --2- >> [v2:172.21.15.3:3300/0,v1:172.21.15.3:6789/0] conn(0x7f0040107c90 0x7f004019b610 unknown :-1 s=BANNER_CONNECTING pgs=0 cs=0 l=1 rev1=0 crypto rx=0 tx=0 comp rx=0 tx=0)._handle_peer_banner_payload supported=3 required=0
2024-02-17T09:10:09.047 INFO:teuthology.orchestra.run.smithi003.stdout:/usr/bin/ceph: stderr
2024-02-17T09:10:08.180+0000 7f0044bf1700 1 --2- >> [v2:172.21.15.3:3300/0,v1:172.21.15.3:6789/0] conn(0x7f0040107c90 0x7f004019b610 unknown :-1 s=HELLO_CONNECTING pgs=0 cs=0 l=1 rev1=1 crypto rx=0 tx=0 comp rx=0 tx=0).handle_hello peer v2:172.21.15.3:3300/0 says I am v2:172.21.15.3:53838/0 (socket says 172.21.15.3:53838)
2024-02-17T09:10:09.047 INFO:teuthology.orchestra.run.smithi003.stdout:/usr/bin/ceph: stderr
2024-02-17T09:10:08.180+0000 7f0044bf1700 1 -- 172.21.15.3:0/1538033531 learned_addr learned my addr 172.21.15.3:0/1538033531 (peer_addr_for_me v2:172.21.15.3:0/0)
2024-02-17T09:10:09.047 INFO:teuthology.orchestra.run.smithi003.stdout:/usr/bin/ceph: stderr
