2024-02-17T10:09:17.007 INFO:teuthology.orchestra.run.smithi005.stdout:/usr/bin/ceph: stderr
2024-02-17T10:09:16.391+0000 7f10974d1700 1 -- 172.21.15.5:0/2193778182 --> [v2:172.21.15.5:3300/0,v1:172.21.15.5:6789/0] -- mon_command({"prefix": "get_command_descriptions"} v 0) v1 -- 0x7f109005f5c0 con 0x7f10900714a0
2024-02-17T10:09:17.007 INFO:teuthology.orchestra.run.smithi005.stdout:/usr/bin/ceph: stderr
2024-02-17T10:09:16.393+0000 7f1081ffb700 1 -- 172.21.15.5:0/2193778182 <== mon.0 v2:172.21.15.5:3300/0 6 ==== mon_command_ack([{"prefix": "get_command_descriptions"}]=0 v0) v1 ==== 72+0+71349 (secure 0 0 0) 0x7f108c029070 con 0x7f10900714a0
2024-02-17T10:09:17.007 INFO:teuthology.orchestra.run.smithi005.stdout:/usr/bin/ceph: stderr
2024-02-17T10:09:16.403+0000 7f1081ffb700 1 -- 172.21.15.5:0/2193778182 <== mon.0 v2:172.21.15.5:3300/0 7 ==== mgrmap(e 2) v1 ==== 43124+0+0 (secure 0 0 0) 0x7f108c0108c0 con 0x7f10900714a0
2024-02-17T10:09:17.007 INFO:teuthology.orchestra.run.smithi005.stdout:/usr/bin/ceph: stderr
2024-02-17T10:09:16.477+0000 7f10974d1700 1 -- 172.21.15.5:0/2193778182 --> [v2:172.21.15.5:3300/0,v1:172.21.15.5:6789/0] -- mon_command({"prefix": "status", "format": "json-pretty"} v 0) v1 -- 0x7f10901067f0 con 0x7f10900714a0
2024-02-17T10:09:17.007 INFO:teuthology.orchestra.run.smithi005.stdout:/usr/bin/ceph: stderr
2024-02-17T10:09:16.477+0000 7f1081ffb700 1 -- 172.21.15.5:0/2193778182 <== mon.0 v2:172.21.15.5:3300/0 8 ==== mon_command_ack([{"prefix": "status", "format": "json-pretty"}]=0 v0) v1 ==== 79+0+1248 (secure 0 0 0) 0x7f108c01a6a0 con 0x7f10900714a0
2024-02-17T10:09:17.007 INFO:teuthology.orchestra.run.smithi005.stdout:/usr/bin/ceph: stderr
2024-02-17T10:09:16.478+0000 7f10974d1700 1 -- 172.21.15.5:0/2193778182 >> [v2:172.21.15.5:3300/0,v1:172.21.15.5:6789/0] conn(0x7f10900714a0 msgr2=0x7f1090111580 secure :-1 s=STATE_CONNECTION_ESTABLISHED l=1).mark_down
2024-02-17T10:09:17.007 INFO:teuthology.orchestra.run.smithi005.stdout:/usr/bin/ceph: stderr
2024-02-17T10:09:16.478+0000 7f10974d1700 1 --2- 172.21.15.5:0/2193778182 >> [v2:172.21.15.5:3300/0,v1:172.21.15.5:6789/0] conn(0x7f10900714a0 0x7f1090111580 secure :-1 s=READY pgs=10 cs=0 l=1 rev1=1 crypto rx=0x7f108c003050 tx=0x7f108c009250 comp rx=0 tx=0).stop
2024-02-17T10:09:17.007 INFO:teuthology.orchestra.run.smithi005.stdout:/usr/bin/ceph: stderr
2024-02-17T10:09:16.478+0000 7f10974d1700 1 -- 172.21.15.5:0/2193778182 shutdown_connections
2024-02-17T10:09:17.007 INFO:teuthology.orchestra.run.smithi005.stdout:/usr/bin/ceph: stderr
2024-02-17T10:09:16.478+0000 7f10974d1700 1 --2- 172.21.15.5:0/2193778182 >> [v2:172.21.15.5:3300/0,v1:172.21.15.5:6789/0] conn(0x7f10900714a0 0x7f1090111580 unknown :-1 s=CLOSED pgs=10 cs=0 l=1 rev1=1 crypto rx=0 tx=0 comp rx=0 tx=0).stop
2024-02-17T10:09:17.007 INFO:teuthology.orchestra.run.smithi005.stdout:/usr/bin/ceph: stderr
2024-02-17T10:09:16.478+0000 7f10974d1700 1 -- 172.21.15.5:0/2193778182 >> 172.21.15.5:0/2193778182 conn(0x7f10900fcdd0 msgr2=0x7f10900fe540 unknown :-1 s=STATE_NONE l=0).mark_down
2024-02-17T10:09:17.007 INFO:teuthology.orchestra.run.smithi005.stdout:/usr/bin/ceph: stderr
2024-02-17T10:09:16.478+0000 7f10974d1700 1 -- 172.21.15.5:0/2193778182 shutdown_connections
2024-02-17T10:09:17.007 INFO:teuthology.orchestra.run.smithi005.stdout:/usr/bin/ceph: stderr
2024-02-17T10:09:16.478+0000 7f10974d1700 1 -- 172.21.15.5:0/2193778182 wait complete.
2024-02-17T10:09:17.007 INFO:teuthology.orchestra.run.smithi005.stdout:mgr not available, waiting (3/15)...
2024-02-17T10:09:17.853 INFO:journalctl@ceph.mon.smithi005.smithi005.stdout:Feb 17 10:09:17 smithi005 ceph-mon[28904]: from='client.? 172.21.15.5:0/2193778182' entity='client.admin' cmd=[{"prefix": "status", "format": "json-pretty"}]: dispatch
2024-02-17T10:09:17.853 INFO:journalctl@ceph.mon.smithi005.smithi005.stdout:Feb 17 10:09:17 smithi005 ceph-mon[28904]: mgrmap e3: smithi005.xhlqyq(active, since 1.00696s)
2024-02-17T10:09:20.103 INFO:journalctl@ceph.mon.smithi005.smithi005.stdout:Feb 17 10:09:19 smithi005 ceph-mon[28904]: mgrmap e4: smithi005.xhlqyq(active, since 2s)
2024-02-17T10:09:24.103 INFO:journalctl@ceph.mon.smithi005.smithi005.stdout:Feb 17 10:09:23 smithi005 ceph-mon[28904]: from='client.? 172.21.15.5:0/2168728015' entity='client.admin' cmd=[{"prefix": "status", "format": "json-pretty"}]: dispatch
2024-02-17T10:09:28.326 INFO:teuthology.orchestra.run.smithi005.stdout:/usr/bin/ceph: stdout
2024-02-17T10:09:28.326 INFO:teuthology.orchestra.run.smithi005.stdout:/usr/bin/ceph: stdout {
2024-02-17T10:09:28.326 INFO:teuthology.orchestra.run.smithi005.stdout:/usr/bin/ceph: stdout "fsid": "7ca0538c-cd7c-11ee-95ba-87774f69a715",
2024-02-17T10:09:28.326 INFO:teuthology.orchestra.run.smithi005.stdout:/usr/bin/ceph: stdout "health": {
2024-02-17T10:09:28.327 INFO:teuthology.orchestra.run.smithi005.stdout:/usr/bin/ceph: stdout "status": "HEALTH_OK",
2024-02-17T10:09:28.327 INFO:teuthology.orchestra.run.smithi005.stdout:/usr/bin/ceph: stdout "checks": {},
2024-02-17T10:09:28.327 INFO:teuthology.orchestra.run.smithi005.stdout:/usr/bin/ceph: stdout "mutes": []
2024-02-17T10:09:28.327 INFO:teuthology.orchestra.run.smithi005.stdout:/usr/bin/ceph: stdout },
2024-02-17T10:09:28.327 INFO:teuthology.orchestra.run.smithi005.stdout:/usr/bin/ceph: stdout "election_epoch": 5,
2024-02-17T10:09:28.327 INFO:teuthology.orchestra.run.smithi005.stdout:/usr/bin/ceph: stdout "quorum": [
2024-02-17T10:09:28.327 INFO:teuthology.orchestra.run.smithi005.stdout:/usr/bin/ceph: stdout 0
2024-02-17T10:09:28.327 INFO:teuthology.orchestra.run.smithi005.stdout:/usr/bin/ceph: stdout ],
2024-02-17T10:09:28.327 INFO:teuthology.orchestra.run.smithi005.stdout:/usr/bin/ceph: stdout "quorum_names": [
2024-02-17T10:09:28.327 INFO:teuthology.orchestra.run.smithi005.stdout:/usr/bin/ceph: stdout "smithi005"
2024-02-17T10:09:28.327 INFO:teuthology.orchestra.run.smithi005.stdout:/usr/bin/ceph: stdout ],
2024-02-17T10:09:28.327 INFO:teuthology.orchestra.run.smithi005.stdout:/usr/bin/ceph: stdout "quorum_age": 15,
2024-02-17T10:09:28.327 INFO:teuthology.orchestra.run.smithi005.stdout:/usr/bin/ceph: stdout "monmap": {
2024-02-17T10:09:28.327 INFO:teuthology.orchestra.run.smithi005.stdout:/usr/bin/ceph: stdout "epoch": 1,
2024-02-17T10:09:28.327 INFO:teuthology.orchestra.run.smithi005.stdout:/usr/bin/ceph: stdout "min_mon_release_name": "quincy",
2024-02-17T10:09:28.328 INFO:teuthology.orchestra.run.smithi005.stdout:/usr/bin/ceph: stdout "num_mons": 1
2024-02-17T10:09:28.328 INFO:teuthology.orchestra.run.smithi005.stdout:/usr/bin/ceph: stdout },
2024-02-17T10:09:28.328 INFO:teuthology.orchestra.run.smithi005.stdout:/usr/bin/ceph: stdout "osdmap": {
2024-02-17T10:09:28.328 INFO:teuthology.orchestra.run.smithi005.stdout:/usr/bin/ceph: stdout "epoch": 1,
2024-02-17T10:09:28.328 INFO:teuthology.orchestra.run.smithi005.stdout:/usr/bin/ceph: stdout "num_osds": 0,
2024-02-17T10:09:28.328 INFO:teuthology.orchestra.run.smithi005.stdout:/usr/bin/ceph: stdout "num_up_osds": 0,
2024-02-17T10:09:28.328 INFO:teuthology.orchestra.run.smithi005.stdout:/usr/bin/ceph: stdout "osd_up_since": 0,
2024-02-17T10:09:28.337 INFO:teuthology.orchestra.run.smithi005.stdout:/usr/bin/ceph: stdout "num_in_osds": 0,
2024-02-17T10:09:28.337 INFO:teuthology.orchestra.run.smithi005.stdout:/usr/bin/ceph: stdout "osd_in_since": 0,
2024-02-17T10:09:28.337 INFO:teuthology.orchestra.run.smithi005.stdout:/usr/bin/ceph: stdout "num_remapped_pgs": 0
2024-02-17T10:09:28.337 INFO:teuthology.orchestra.run.smithi005.stdout:/usr/bin/ceph: stdout },
2024-02-17T10:09:28.337 INFO:teuthology.orchestra.run.smithi005.stdout:/usr/bin/ceph: stdout "pgmap": {
2024-02-17T10:09:28.337 INFO:teuthology.orchestra.run.smithi005.stdout:/usr/bin/ceph: stdout "pgs_by_state": [],
2024-02-17T10:09:28.337 INFO:teuthology.orchestra.run.smithi005.stdout:/usr/bin/ceph: stdout "num_pgs": 0,
2024-02-17T10:09:28.337 INFO:teuthology.orchestra.run.smithi005.stdout:/usr/bin/ceph: stdout "num_pools": 0,
2024-02-17T10:09:28.338 INFO:teuthology.orchestra.run.smithi005.stdout:/usr/bin/ceph: stdout "num_objects": 0,
2024-02-17T10:09:28.338 INFO:teuthology.orchestra.run.smithi005.stdout:/usr/bin/ceph: stdout "data_bytes": 0,
2024-02-17T10:09:28.338 INFO:teuthology.orchestra.run.smithi005.stdout:/usr/bin/ceph: stdout "bytes_used": 0,
2024-02-17T10:09:28.338 INFO:teuthology.orchestra.run.smithi005.stdout:/usr/bin/ceph: stdout "bytes_avail": 0,
2024-02-17T10:09:28.338 INFO:teuthology.orchestra.run.smithi005.stdout:/usr/bin/ceph: stdout "bytes_total": 0
2024-02-17T10:09:28.338 INFO:teuthology.orchestra.run.smithi005.stdout:/usr/bin/ceph: stdout },
2024-02-17T10:09:28.338 INFO:teuthology.orchestra.run.smithi005.stdout:/usr/bin/ceph: stdout "fsmap": {
2024-02-17T10:09:28.338 INFO:teuthology.orchestra.run.smithi005.stdout:/usr/bin/ceph: stdout "epoch": 1,
2024-02-17T10:09:28.338 INFO:teuthology.orchestra.run.smithi005.stdout:/usr/bin/ceph: stdout "by_rank": [],
2024-02-17T10:09:28.338 INFO:teuthology.orchestra.run.smithi005.stdout:/usr/bin/ceph: stdout "up:standby": 0
2024-02-17T10:09:28.338 INFO:teuthology.orchestra.run.smithi005.stdout:/usr/bin/ceph: stdout },
2024-02-17T10:09:28.338 INFO:teuthology.orchestra.run.smithi005.stdout:/usr/bin/ceph: stdout "mgrmap": {
2024-02-17T10:09:28.338 INFO:teuthology.orchestra.run.smithi005.stdout:/usr/bin/ceph: stdout "available": true,
2024-02-17T10:09:28.338 INFO:teuthology.orchestra.run.smithi005.stdout:/usr/bin/ceph: stdout "num_standbys": 0,
2024-02-17T10:09:28.338 INFO:teuthology.orchestra.run.smithi005.stdout:/usr/bin/ceph: stdout "modules": [
2024-02-17T10:09:28.339 INFO:teuthology.orchestra.run.smithi005.stdout:/usr/bin/ceph: stdout "iostat",
2024-02-17T10:09:28.339 INFO:teuthology.orchestra.run.smithi005.stdout:/usr/bin/ceph: stdout "nfs",
2024-02-17T10:09:28.339 INFO:teuthology.orchestra.run.smithi005.stdout:/usr/bin/ceph: stdout "restful"
2024-02-17T10:09:28.339 INFO:teuthology.orchestra.run.smithi005.stdout:/usr/bin/ceph: stdout ],
2024-02-17T10:09:28.339 INFO:teuthology.orchestra.run.smithi005.stdout:/usr/bin/ceph: stdout "services": {}
2024-02-17T10:09:28.339 INFO:teuthology.orchestra.run.smithi005.stdout:/usr/bin/ceph: stdout },
2024-02-17T10:09:28.339 INFO:teuthology.orchestra.run.smithi005.stdout:/usr/bin/ceph: stdout "servicemap": {
2024-02-17T10:09:28.339 INFO:teuthology.orchestra.run.smithi005.stdout:/usr/bin/ceph: stdout "epoch": 1,
2024-02-17T10:09:28.339 INFO:teuthology.orchestra.run.smithi005.stdout:/usr/bin/ceph: stdout "modified": "2024-02-17T10:09:02.893910+0000",
2024-02-17T10:09:28.339 INFO:teuthology.orchestra.run.smithi005.stdout:/usr/bin/ceph: stdout "services": {}
2024-02-17T10:09:28.339 INFO:teuthology.orchestra.run.smithi005.stdout:/usr/bin/ceph: stdout },
2024-02-17T10:09:28.339 INFO:teuthology.orchestra.run.smithi005.stdout:/usr/bin/ceph: stdout "progress_events": {}
2024-02-17T10:09:28.339 INFO:teuthology.orchestra.run.smithi005.stdout:/usr/bin/ceph: stdout }
2024-02-17T10:09:28.339 INFO:teuthology.orchestra.run.smithi005.stdout:/usr/bin/ceph: stderr
2024-02-17T10:09:22.632+0000 7fa3fb682700 1 Processor -- start
2024-02-17T10:09:28.339 INFO:teuthology.orchestra.run.smithi005.stdout:/usr/bin/ceph: stderr
2024-02-17T10:09:22.632+0000 7fa3fb682700 1 -- start start
2024-02-17T10:09:28.339 INFO:teuthology.orchestra.run.smithi005.stdout:/usr/bin/ceph: stderr
2024-02-17T10:09:22.632+0000 7fa3fb682700 1 --2- >> [v2:172.21.15.5:3300/0,v1:172.21.15.5:6789/0] conn(0x7fa3f4071480 0x7fa3f4105380 unknown :-1 s=NONE pgs=0 cs=0 l=0 rev1=0 crypto rx=0 tx=0 comp rx=0 tx=0).connect
2024-02-17T10:09:28.340 INFO:teuthology.orchestra.run.smithi005.stdout:/usr/bin/ceph: stderr
2024-02-17T10:09:22.632+0000 7fa3fb682700 1 -- --> [v2:172.21.15.5:3300/0,v1:172.21.15.5:6789/0] -- mon_getmap magic: 0 v1 -- 0x7fa3f41058c0 con 0x7fa3f4071480
2024-02-17T10:09:28.340 INFO:teuthology.orchestra.run.smithi005.stdout:/usr/bin/ceph: stderr
2024-02-17T10:09:22.633+0000 7fa3f941e700 1 --2- >> [v2:172.21.15.5:3300/0,v1:172.21.15.5:6789/0] conn(0x7fa3f4071480 0x7fa3f4105380 unknown :-1 s=BANNER_CONNECTING pgs=0 cs=0 l=0 rev1=0 crypto rx=0 tx=0 comp rx=0 tx=0)._handle_peer_banner_payload supported=3 required=0
2024-02-17T10:09:28.340 INFO:teuthology.orchestra.run.smithi005.stdout:/usr/bin/ceph: stderr
2024-02-17T10:09:22.633+0000 7fa3f941e700 1 --2- >> [v2:172.21.15.5:3300/0,v1:172.21.15.5:6789/0] conn(0x7fa3f4071480 0x7fa3f4105380 unknown :-1 s=HELLO_CONNECTING pgs=0 cs=0 l=0 rev1=1 crypto rx=0 tx=0 comp rx=0 tx=0).handle_hello peer v2:172.21.15.5:3300/0 says I am v2:172.21.15.5:57904/0 (socket says 172.21.15.5:57904)
2024-02-17T10:09:28.340 INFO:teuthology.orchestra.run.smithi005.stdout:/usr/bin/ceph: stderr
2024-02-17T10:09:22.633+0000 7fa3f941e700 1 -- 172.21.15.5:0/2404986560 learned_addr learned my addr 172.21.15.5:0/2404986560 (peer_addr_for_me v2:172.21.15.5:0/0)
2024-02-17T10:09:28.340 INFO:teuthology.orchestra.run.smithi005.stdout:/usr/bin/ceph: stderr
2024-02-17T10:09:22.633+0000 7fa3f941e700 1 -- 172.21.15.5:0/2404986560 --> [v2:172.21.15.5:3300/0,v1:172.21.15.5:6789/0] -- mon_subscribe({config=0+,monmap=0+}) v3 -- 0x7fa3f4105a00 con 0x7fa3f4071480
2024-02-17T10:09:28.340 INFO:teuthology.orchestra.run.smithi005.stdout:/usr/bin/ceph: stderr
2024-02-17T10:09:22.633+0000 7fa3f941e700 1 --2- 172.21.15.5:0/2404986560 >> [v2:172.21.15.5:3300/0,v1:172.21.15.5:6789/0] conn(0x7fa3f4071480 0x7fa3f4105380 secure :-1 s=READY pgs=18 cs=0 l=1 rev1=1 crypto rx=0x7fa3f00098e0 tx=0x7fa3f0009250 comp rx=0 tx=0).ready entity=mon.0 client_cookie=27dffe67a5ef2c9e server_cookie=0 in_seq=0 out_seq=0
2024-02-17T10:09:28.340 INFO:teuthology.orchestra.run.smithi005.stdout:/usr/bin/ceph: stderr
2024-02-17T10:09:22.633+0000 7fa3ebfff700 1 -- 172.21.15.5:0/2404986560 <== mon.0 v2:172.21.15.5:3300/0 1 ==== mon_map magic: 0 v1 ==== 229+0+0 (secure 0 0 0) 0x7fa3f000b860 con 0x7fa3f4071480
2024-02-17T10:09:28.340 INFO:teuthology.orchestra.run.smithi005.stdout:/usr/bin/ceph: stderr
2024-02-17T10:09:22.633+0000 7fa3ebfff700 1 -- 172.21.15.5:0/2404986560 <== mon.0 v2:172.21.15.5:3300/0 2 ==== config(27 keys) v1 ==== 1044+0+0 (secure 0 0 0) 0x7fa3f000be50 con 0x7fa3f4071480
2024-02-17T10:09:28.340 INFO:teuthology.orchestra.run.smithi005.stdout:/usr/bin/ceph: stderr
2024-02-17T10:09:22.633+0000 7fa3ebfff700 1 -- 172.21.15.5:0/2404986560 <== mon.0 v2:172.21.15.5:3300/0 3 ==== mon_map magic: 0 v1 ==== 229+0+0 (secure 0 0 0) 0x7fa3f0010380 con 0x7fa3f4071480
2024-02-17T10:09:28.340 INFO:teuthology.orchestra.run.smithi005.stdout:/usr/bin/ceph: stderr
2024-02-17T10:09:22.634+0000 7fa3fb682700 1 -- 172.21.15.5:0/2404986560 >> [v2:172.21.15.5:3300/0,v1:172.21.15.5:6789/0] conn(0x7fa3f4071480 msgr2=0x7fa3f4105380 secure :-1 s=STATE_CONNECTION_ESTABLISHED l=1).mark_down
2024-02-17T10:09:28.340 INFO:teuthology.orchestra.run.smithi005.stdout:/usr/bin/ceph: stderr
2024-02-17T10:09:22.634+0000 7fa3fb682700 1 --2- 172.21.15.5:0/2404986560 >> [v2:172.21.15.5:3300/0,v1:172.21.15.5:6789/0] conn(0x7fa3f4071480 0x7fa3f4105380 secure :-1 s=READY pgs=18 cs=0 l=1 rev1=1 crypto rx=0x7fa3f00098e0 tx=0x7fa3f0009250 comp rx=0 tx=0).stop
2024-02-17T10:09:28.340 INFO:teuthology.orchestra.run.smithi005.stdout:/usr/bin/ceph: stderr
2024-02-17T10:09:22.634+0000 7fa3fb682700 1 -- 172.21.15.5:0/2404986560 shutdown_connections
2024-02-17T10:09:28.340 INFO:teuthology.orchestra.run.smithi005.stdout:/usr/bin/ceph: stderr
2024-02-17T10:09:22.634+0000 7fa3fb682700 1 --2- 172.21.15.5:0/2404986560 >> [v2:172.21.15.5:3300/0,v1:172.21.15.5:6789/0] conn(0x7fa3f4071480 0x7fa3f4105380 unknown :-1 s=CLOSED pgs=18 cs=0 l=1 rev1=1 crypto rx=0 tx=0 comp rx=0 tx=0).stop
2024-02-17T10:09:28.341 INFO:teuthology.orchestra.run.smithi005.stdout:/usr/bin/ceph: stderr
2024-02-17T10:09:22.634+0000 7fa3fb682700 1 -- 172.21.15.5:0/2404986560 >> 172.21.15.5:0/2404986560 conn(0x7fa3f40fcdd0 msgr2=0x7fa3f40ff200 unknown :-1 s=STATE_NONE l=0).mark_down
2024-02-17T10:09:28.341 INFO:teuthology.orchestra.run.smithi005.stdout:/usr/bin/ceph: stderr
2024-02-17T10:09:22.634+0000 7fa3fb682700 1 -- 172.21.15.5:0/2404986560 shutdown_connections
2024-02-17T10:09:28.341 INFO:teuthology.orchestra.run.smithi005.stdout:/usr/bin/ceph: stderr
2024-02-17T10:09:22.634+0000 7fa3fb682700 1 -- 172.21.15.5:0/2404986560 wait complete.
2024-02-17T10:09:28.341 INFO:teuthology.orchestra.run.smithi005.stdout:/usr/bin/ceph: stderr
2024-02-17T10:09:22.634+0000 7fa3fb682700 1 Processor -- start
2024-02-17T10:09:28.341 INFO:teuthology.orchestra.run.smithi005.stdout:/usr/bin/ceph: stderr
2024-02-17T10:09:22.634+0000 7fa3fb682700 1 -- start start
2024-02-17T10:09:28.341 INFO:teuthology.orchestra.run.smithi005.stdout:/usr/bin/ceph: stderr
2024-02-17T10:09:22.634+0000 7fa3fb682700 1 --2- >> [v2:172.21.15.5:3300/0,v1:172.21.15.5:6789/0] conn(0x7fa3f4071480 0x7fa3f4111570 unknown :-1 s=NONE pgs=0 cs=0 l=1 rev1=0 crypto rx=0 tx=0 comp rx=0 tx=0).connect
2024-02-17T10:09:28.341 INFO:teuthology.orchestra.run.smithi005.stdout:/usr/bin/ceph: stderr
2024-02-17T10:09:22.634+0000 7fa3fb682700 1 -- --> [v2:172.21.15.5:3300/0,v1:172.21.15.5:6789/0] -- mon_getmap magic: 0 v1 -- 0x7fa3f4111ab0 con 0x7fa3f4071480
2024-02-17T10:09:28.341 INFO:teuthology.orchestra.run.smithi005.stdout:/usr/bin/ceph: stderr
2024-02-17T10:09:22.635+0000 7fa3f941e700 1 --2- >> [v2:172.21.15.5:3300/0,v1:172.21.15.5:6789/0] conn(0x7fa3f4071480 0x7fa3f4111570 unknown :-1 s=BANNER_CONNECTING pgs=0 cs=0 l=1 rev1=0 crypto rx=0 tx=0 comp rx=0 tx=0)._handle_peer_banner_payload supported=3 required=0
2024-02-17T10:09:28.341 INFO:teuthology.orchestra.run.smithi005.stdout:/usr/bin/ceph: stderr
2024-02-17T10:09:22.635+0000 7fa3f941e700 1 --2- >> [v2:172.21.15.5:3300/0,v1:172.21.15.5:6789/0] conn(0x7fa3f4071480 0x7fa3f4111570 unknown :-1 s=HELLO_CONNECTING pgs=0 cs=0 l=1 rev1=1 crypto rx=0 tx=0 comp rx=0 tx=0).handle_hello peer v2:172.21.15.5:3300/0 says I am v2:172.21.15.5:57908/0 (socket says 172.21.15.5:57908)
2024-02-17T10:09:28.341 INFO:teuthology.orchestra.run.smithi005.stdout:/usr/bin/ceph: stderr
2024-02-17T10:09:22.635+0000 7fa3f941e700 1 -- 172.21.15.5:0/2168728015 learned_addr learned my addr 172.21.15.5:0/2168728015 (peer_addr_for_me v2:172.21.15.5:0/0)
2024-02-17T10:09:28.341 INFO:teuthology.orchestra.run.smithi005.stdout:/usr/bin/ceph: stderr
2024-02-17T10:09:22.635+0000 7fa3f941e700 1 -- 172.21.15.5:0/2168728015 --> [v2:172.21.15.5:3300/0,v1:172.21.15.5:6789/0] -- mon_subscribe({config=0+,monmap=0+}) v3 -- 0x7fa3f00094f0 con 0x7fa3f4071480
2024-02-17T10:09:28.341 INFO:teuthology.orchestra.run.smithi005.stdout:/usr/bin/ceph: stderr
2024-02-17T10:09:22.635+0000 7fa3f941e700 1 --2- 172.21.15.5:0/2168728015 >> [v2:172.21.15.5:3300/0,v1:172.21.15.5:6789/0] conn(0x7fa3f4071480 0x7fa3f4111570 secure :-1 s=READY pgs=19 cs=0 l=1 rev1=1 crypto rx=0x7fa3f0006b00 tx=0x7fa3f0009250 comp rx=0 tx=0).ready entity=mon.0 client_cookie=0 server_cookie=0 in_seq=0 out_seq=0
2024-02-17T10:09:28.341 INFO:teuthology.orchestra.run.smithi005.stdout:/usr/bin/ceph: stderr
2024-02-17T10:09:22.635+0000 7fa3e9ffb700 1 -- 172.21.15.5:0/2168728015 <== mon.0 v2:172.21.15.5:3300/0 1 ==== mon_map magic: 0 v1 ==== 229+0+0 (secure 0 0 0) 0x7fa3f00107c0 con 0x7fa3f4071480
2024-02-17T10:09:28.341 INFO:teuthology.orchestra.run.smithi005.stdout:/usr/bin/ceph: stderr
2024-02-17T10:09:22.635+0000 7fa3e9ffb700 1 -- 172.21.15.5:0/2168728015 <== mon.0 v2:172.21.15.5:3300/0 2 ==== config(27 keys) v1 ==== 1044+0+0 (secure 0 0 0) 0x7fa3f0010db0 con 0x7fa3f4071480
2024-02-17T10:09:28.342 INFO:teuthology.orchestra.run.smithi005.stdout:/usr/bin/ceph: stderr
2024-02-17T10:09:22.635+0000 7fa3fb682700 1 -- 172.21.15.5:0/2168728015 --> [v2:172.21.15.5:3300/0,v1:172.21.15.5:6789/0] -- mon_subscribe({mgrmap=0+}) v3 -- 0x7fa3f4111cb0 con 0x7fa3f4071480
2024-02-17T10:09:28.342 INFO:teuthology.orchestra.run.smithi005.stdout:/usr/bin/ceph: stderr
2024-02-17T10:09:22.635+0000 7fa3e9ffb700 1 -- 172.21.15.5:0/2168728015 <== mon.0 v2:172.21.15.5:3300/0 3 ==== mon_map magic: 0 v1 ==== 229+0+0 (secure 0 0 0) 0x7fa3f001acf0 con 0x7fa3f4071480
2024-02-17T10:09:28.342 INFO:teuthology.orchestra.run.smithi005.stdout:/usr/bin/ceph: stderr
2024-02-17T10:09:22.635+0000 7fa3fb682700 1 -- 172.21.15.5:0/2168728015 --> [v2:172.21.15.5:3300/0,v1:172.21.15.5:6789/0] -- mon_subscribe({osdmap=0}) v3 -- 0x7fa3f4112950 con 0x7fa3f4071480
2024-02-17T10:09:28.342 INFO:teuthology.orchestra.run.smithi005.stdout:/usr/bin/ceph: stderr
2024-02-17T10:09:22.636+0000 7fa3e9ffb700 1 -- 172.21.15.5:0/2168728015 <== mon.0 v2:172.21.15.5:3300/0 4 ==== mgrmap(e 4) v1 ==== 43357+0+0 (secure 0 0 0) 0x7fa3f00193c0 con 0x7fa3f4071480
2024-02-17T10:09:28.342 INFO:teuthology.orchestra.run.smithi005.stdout:/usr/bin/ceph: stderr
2024-02-17T10:09:22.636+0000 7fa3fb682700 1 -- 172.21.15.5:0/2168728015 --> [v2:172.21.15.5:3300/0,v1:172.21.15.5:6789/0] -- mon_command({"prefix": "get_command_descriptions"} v 0) v1 -- 0x7fa3f405f5c0 con 0x7fa3f4071480
2024-02-17T10:09:28.342 INFO:teuthology.orchestra.run.smithi005.stdout:/usr/bin/ceph: stderr
2024-02-17T10:09:22.636+0000 7fa3e9ffb700 1 --2- 172.21.15.5:0/2168728015 >> [v2:172.21.15.5:6800/891945867,v1:172.21.15.5:6801/891945867] conn(0x7fa3e0036790 0x7fa3e0038c40 unknown :-1 s=NONE pgs=0 cs=0 l=1 rev1=0 crypto rx=0 tx=0 comp rx=0 tx=0).connect
2024-02-17T10:09:28.342 INFO:teuthology.orchestra.run.smithi005.stdout:/usr/bin/ceph: stderr
2024-02-17T10:09:22.636+0000 7fa3e9ffb700 1 -- 172.21.15.5:0/2168728015 <== mon.0 v2:172.21.15.5:3300/0 5 ==== osd_map(1..1 src has 1..1) v4 ==== 721+0+0 (secure 0 0 0) 0x7fa3f004a810 con 0x7fa3f4071480
2024-02-17T10:09:28.342 INFO:teuthology.orchestra.run.smithi005.stdout:/usr/bin/ceph: stderr
2024-02-17T10:09:22.636+0000 7fa3f8c1d700 1 --2- 172.21.15.5:0/2168728015 >> [v2:172.21.15.5:6800/891945867,v1:172.21.15.5:6801/891945867] conn(0x7fa3e0036790 0x7fa3e0038c40 unknown :-1 s=BANNER_CONNECTING pgs=0 cs=0 l=1 rev1=0 crypto rx=0 tx=0 comp rx=0 tx=0)._handle_peer_banner_payload supported=3 required=0
2024-02-17T10:09:28.342 INFO:teuthology.orchestra.run.smithi005.stdout:/usr/bin/ceph: stderr
2024-02-17T10:09:22.637+0000 7fa3f8c1d700 1 --2- 172.21.15.5:0/2168728015 >> [v2:172.21.15.5:6800/891945867,v1:172.21.15.5:6801/891945867] conn(0x7fa3e0036790 0x7fa3e0038c40 secure :-1 s=READY pgs=6 cs=0 l=1 rev1=1 crypto rx=0x7fa3e4009990 tx=0x7fa3e4006e40 comp rx=0 tx=0).ready entity=mgr.14100 client_cookie=0 server_cookie=0 in_seq=0 out_seq=0
2024-02-17T10:09:28.342 INFO:teuthology.orchestra.run.smithi005.stdout:/usr/bin/ceph: stderr
2024-02-17T10:09:22.641+0000 7fa3e9ffb700 1 -- 172.21.15.5:0/2168728015 <== mon.0 v2:172.21.15.5:3300/0 6 ==== mon_command_ack([{"prefix": "get_command_descriptions"}]=0 v0) v1 ==== 72+0+175031 (secure 0 0 0) 0x7fa3f0022700 con 0x7fa3f4071480
2024-02-17T10:09:28.342 INFO:teuthology.orchestra.run.smithi005.stdout:/usr/bin/ceph: stderr
2024-02-17T10:09:22.912+0000 7fa3fb682700 1 -- 172.21.15.5:0/2168728015 --> [v2:172.21.15.5:3300/0,v1:172.21.15.5:6789/0] -- mon_command({"prefix": "status", "format": "json-pretty"} v 0) v1 -- 0x7fa3f404bed0 con 0x7fa3f4071480
2024-02-17T10:09:28.342 INFO:teuthology.orchestra.run.smithi005.stdout:/usr/bin/ceph: stderr
2024-02-17T10:09:22.912+0000 7fa3e9ffb700 1 -- 172.21.15.5:0/2168728015 <== mon.0 v2:172.21.15.5:3300/0 7 ==== mon_command_ack([{"prefix": "status", "format": "json-pretty"}]=0 v0) v1 ==== 79+0+1248 (secure 0 0 0) 0x7fa3f0022340 con 0x7fa3f4071480
2024-02-17T10:09:28.342 INFO:teuthology.orchestra.run.smithi005.stdout:/usr/bin/ceph: stderr
2024-02-17T10:09:22.914+0000 7fa3fb682700 1 -- 172.21.15.5:0/2168728015 >> [v2:172.21.15.5:6800/891945867,v1:172.21.15.5:6801/891945867] conn(0x7fa3e0036790 msgr2=0x7fa3e0038c40 secure :-1 s=STATE_CONNECTION_ESTABLISHED l=1).mark_down
2024-02-17T10:09:28.343 INFO:teuthology.orchestra.run.smithi005.stdout:/usr/bin/ceph: stderr
2024-02-17T10:09:22.914+0000 7fa3fb682700 1 --2- 172.21.15.5:0/2168728015 >> [v2:172.21.15.5:6800/891945867,v1:172.21.15.5:6801/891945867] conn(0x7fa3e0036790 0x7fa3e0038c40 secure :-1 s=READY pgs=6 cs=0 l=1 rev1=1 crypto rx=0x7fa3e4009990 tx=0x7fa3e4006e40 comp rx=0 tx=0).stop
2024-02-17T10:09:28.343 INFO:teuthology.orchestra.run.smithi005.stdout:/usr/bin/ceph: stderr
2024-02-17T10:09:22.914+0000 7fa3fb682700 1 -- 172.21.15.5:0/2168728015 >> [v2:172.21.15.5:3300/0,v1:172.21.15.5:6789/0] conn(0x7fa3f4071480 msgr2=0x7fa3f4111570 secure :-1 s=STATE_CONNECTION_ESTABLISHED l=1).mark_down
2024-02-17T10:09:28.343 INFO:teuthology.orchestra.run.smithi005.stdout:/usr/bin/ceph: stderr
2024-02-17T10:09:22.914+0000 7fa3fb682700 1 --2- 172.21.15.5:0/2168728015 >> [v2:172.21.15.5:3300/0,v1:172.21.15.5:6789/0] conn(0x7fa3f4071480 0x7fa3f4111570 secure :-1 s=READY pgs=19 cs=0 l=1 rev1=1 crypto rx=0x7fa3f0006b00 tx=0x7fa3f0009250 comp rx=0 tx=0).stop
2024-02-17T10:09:28.343 INFO:teuthology.orchestra.run.smithi005.stdout:/usr/bin/ceph: stderr
2024-02-17T10:09:22.914+0000 7fa3fb682700 1 -- 172.21.15.5:0/2168728015 shutdown_connections
2024-02-17T10:09:28.343 INFO:teuthology.orchestra.run.smithi005.stdout:/usr/bin/ceph: stderr
2024-02-17T10:09:22.914+0000 7fa3fb682700 1 --2- 172.21.15.5:0/2168728015 >> [v2:172.21.15.5:6800/891945867,v1:172.21.15.5:6801/891945867] conn(0x7fa3e0036790 0x7fa3e0038c40 unknown :-1 s=CLOSED pgs=6 cs=0 l=1 rev1=1 crypto rx=0 tx=0 comp rx=0 tx=0).stop
2024-02-17T10:09:28.343 INFO:teuthology.orchestra.run.smithi005.stdout:/usr/bin/ceph: stderr
2024-02-17T10:09:22.914+0000 7fa3fb682700 1 --2- 172.21.15.5:0/2168728015 >> [v2:172.21.15.5:3300/0,v1:172.21.15.5:6789/0] conn(0x7fa3f4071480 0x7fa3f4111570 unknown :-1 s=CLOSED pgs=19 cs=0 l=1 rev1=1 crypto rx=0 tx=0 comp rx=0 tx=0).stop
2024-02-17T10:09:28.343 INFO:teuthology.orchestra.run.smithi005.stdout:/usr/bin/ceph: stderr
2024-02-17T10:09:22.914+0000 7fa3fb682700 1 -- 172.21.15.5:0/2168728015 >> 172.21.15.5:0/2168728015 conn(0x7fa3f40fcdd0 msgr2=0x7fa3f40fe4b0 unknown :-1 s=STATE_NONE l=0).mark_down
2024-02-17T10:09:28.343 INFO:teuthology.orchestra.run.smithi005.stdout:/usr/bin/ceph: stderr
2024-02-17T10:09:22.915+0000 7fa3fb682700 1 -- 172.21.15.5:0/2168728015 shutdown_connections
2024-02-17T10:09:28.343 INFO:teuthology.orchestra.run.smithi005.stdout:/usr/bin/ceph: stderr
2024-02-17T10:09:22.915+0000 7fa3fb682700 1 -- 172.21.15.5:0/2168728015 wait complete.
2024-02-17T10:09:28.343 INFO:teuthology.orchestra.run.smithi005.stdout:mgr is available
2024-02-17T10:09:29.301 INFO:journalctl@ceph.mon.smithi005.smithi005.stdout:Feb 17 10:09:29 smithi005 ceph-mon[28904]: from='client.? 172.21.15.5:0/1234772801' entity='client.admin' cmd=[{"prefix": "config assimilate-conf"}]: dispatch
2024-02-17T10:09:29.580 INFO:teuthology.orchestra.run.smithi005.stdout:/usr/bin/ceph: stdout
2024-02-17T10:09:29.586 INFO:teuthology.orchestra.run.smithi005.stdout:/usr/bin/ceph: stdout [global]
2024-02-17T10:09:29.587 INFO:teuthology.orchestra.run.smithi005.stdout:/usr/bin/ceph: stdout fsid = 7ca0538c-cd7c-11ee-95ba-87774f69a715
2024-02-17T10:09:29.587 INFO:teuthology.orchestra.run.smithi005.stdout:/usr/bin/ceph: stdout mon_osd_allow_pg_remap = true
2024-02-17T10:09:29.587 INFO:teuthology.orchestra.run.smithi005.stdout:/usr/bin/ceph: stdout mon_osd_allow_primary_affinity = true
2024-02-17T10:09:29.587 INFO:teuthology.orchestra.run.smithi005.stdout:/usr/bin/ceph: stdout mon_warn_on_no_sortbitwise = false
2024-02-17T10:09:29.587 INFO:teuthology.orchestra.run.smithi005.stdout:/usr/bin/ceph: stdout osd_crush_chooseleaf_type = 0
2024-02-17T10:09:29.587 INFO:teuthology.orchestra.run.smithi005.stdout:/usr/bin/ceph: stdout
2024-02-17T10:09:29.587 INFO:teuthology.orchestra.run.smithi005.stdout:/usr/bin/ceph: stdout [mgr]
2024-02-17T10:09:29.587 INFO:teuthology.orchestra.run.smithi005.stdout:/usr/bin/ceph: stdout mgr/telemetry/nag = false
2024-02-17T10:09:29.587 INFO:teuthology.orchestra.run.smithi005.stdout:/usr/bin/ceph: stdout
2024-02-17T10:09:29.587 INFO:teuthology.orchestra.run.smithi005.stdout:/usr/bin/ceph: stdout [osd]
2024-02-17T10:09:29.587 INFO:teuthology.orchestra.run.smithi005.stdout:/usr/bin/ceph: stdout mon_osd_backfillfull_ratio = 0.85
2024-02-17T10:09:29.587 INFO:teuthology.orchestra.run.smithi005.stdout:/usr/bin/ceph: stdout mon_osd_full_ratio = 0.9
2024-02-17T10:09:29.587 INFO:teuthology.orchestra.run.smithi005.stdout:/usr/bin/ceph: stdout mon_osd_nearfull_ratio = 0.8
2024-02-17T10:09:29.587 INFO:teuthology.orchestra.run.smithi005.stdout:/usr/bin/ceph: stdout osd_map_max_advance = 10
2024-02-17T10:09:29.587 INFO:teuthology.orchestra.run.smithi005.stdout:/usr/bin/ceph: stdout osd_sloppy_crc = true
2024-02-17T10:09:29.588 INFO:teuthology.orchestra.run.smithi005.stdout:/usr/bin/ceph: stderr
2024-02-17T10:09:28.796+0000 7fea8be4b700 1 Processor -- start
2024-02-17T10:09:29.588 INFO:teuthology.orchestra.run.smithi005.stdout:/usr/bin/ceph: stderr
2024-02-17T10:09:28.797+0000 7fea8be4b700 1 -- start start
2024-02-17T10:09:29.588 INFO:teuthology.orchestra.run.smithi005.stdout:/usr/bin/ceph: stderr
2024-02-17T10:09:28.797+0000 7fea8be4b700 1 --2- >> [v2:172.21.15.5:3300/0,v1:172.21.15.5:6789/0] conn(0x7fea84102770 0x7fea84102b80 unknown :-1 s=NONE pgs=0 cs=0 l=0 rev1=0 crypto rx=0 tx=0 comp rx=0 tx=0).connect
2024-02-17T10:09:29.588 INFO:teuthology.orchestra.run.smithi005.stdout:/usr/bin/ceph: stderr
2024-02-17T10:09:28.797+0000 7fea8be4b700 1 -- --> [v2:172.21.15.5:3300/0,v1:172.21.15.5:6789/0] -- mon_getmap magic: 0 v1 -- 0x7fea841030c0 con 0x7fea84102770
2024-02-17T10:09:29.588 INFO:teuthology.orchestra.run.smithi005.stdout:/usr/bin/ceph: stderr
2024-02-17T10:09:28.797+0000 7fea89be7700 1 --2- >> [v2:172.21.15.5:3300/0,v1:172.21.15.5:6789/0] conn(0x7fea84102770 0x7fea84102b80 unknown :-1 s=BANNER_CONNECTING pgs=0 cs=0 l=0 rev1=0 crypto rx=0 tx=0 comp rx=0 tx=0)._handle_peer_banner_payload supported=3 required=0
2024-02-17T10:09:29.588 INFO:teuthology.orchestra.run.smithi005.stdout:/usr/bin/ceph: stderr
2024-02-17T10:09:28.797+0000 7fea89be7700 1 --2- >> [v2:172.21.15.5:3300/0,v1:172.21.15.5:6789/0] conn(0x7fea84102770 0x7fea84102b80 unknown :-1 s=HELLO_CONNECTING pgs=0 cs=0 l=0 rev1=1 crypto rx=0 tx=0 comp rx=0 tx=0).handle_hello peer v2:172.21.15.5:3300/0 says I am v2:172.21.15.5:59560/0 (socket says 172.21.15.5:59560)
2024-02-17T10:09:29.588 INFO:teuthology.orchestra.run.smithi005.stdout:/usr/bin/ceph: stderr
2024-02-17T10:09:28.797+0000 7fea89be7700 1 -- 172.21.15.5:0/631973946 learned_addr learned my addr 172.21.15.5:0/631973946 (peer_addr_for_me v2:172.21.15.5:0/0)
2024-02-17T10:09:29.588 INFO:teuthology.orchestra.run.smithi005.stdout:/usr/bin/ceph: stderr
2024-02-17T10:09:28.798+0000 7fea89be7700 1 -- 172.21.15.5:0/631973946 --> [v2:172.21.15.5:3300/0,v1:172.21.15.5:6789/0] -- mon_subscribe({config=0+,monmap=0+}) v3 -- 0x7fea84103200 con 0x7fea84102770
2024-02-17T10:09:29.588 INFO:teuthology.orchestra.run.smithi005.stdout:/usr/bin/ceph: stderr
2024-02-17T10:09:28.798+0000 7fea89be7700 1 --2- 172.21.15.5:0/631973946 >> [v2:172.21.15.5:3300/0,v1:172.21.15.5:6789/0] conn(0x7fea84102770 0x7fea84102b80 secure :-1 s=READY pgs=20 cs=0 l=1 rev1=1 crypto rx=0x7fea740098e0 tx=0x7fea74009250 comp rx=0 tx=0).ready entity=mon.0 client_cookie=e7189739e281e24d server_cookie=0 in_seq=0 out_seq=0
2024-02-17T10:09:29.588 INFO:teuthology.orchestra.run.smithi005.stdout:/usr/bin/ceph: stderr
2024-02-17T10:09:28.798+0000 7fea88be5700 1 -- 172.21.15.5:0/631973946 <== mon.0 v2:172.21.15.5:3300/0 1 ==== mon_map magic: 0 v1 ==== 229+0+0 (secure 0 0 0) 0x7fea7400b860 con 0x7fea84102770
2024-02-17T10:09:29.588 INFO:teuthology.orchestra.run.smithi005.stdout:/usr/bin/ceph: stderr
2024-02-17T10:09:28.798+0000 7fea88be5700 1 -- 172.21.15.5:0/631973946 <== mon.0 v2:172.21.15.5:3300/0 2 ==== config(27 keys) v1 ==== 1044+0+0 (secure 0 0 0) 0x7fea7400be50 con 0x7fea84102770
2024-02-17T10:09:29.588 INFO:teuthology.orchestra.run.smithi005.stdout:/usr/bin/ceph: stderr
2024-02-17T10:09:28.798+0000 7fea88be5700 1 -- 172.21.15.5:0/631973946 <== mon.0 v2:172.21.15.5:3300/0 3 ==== mon_map magic: 0 v1 ==== 229+0+0 (secure 0 0 0) 0x7fea74010380 con 0x7fea84102770
2024-02-17T10:09:29.588 INFO:teuthology.orchestra.run.smithi005.stdout:/usr/bin/ceph: stderr
2024-02-17T10:09:28.799+0000 7fea8be4b700 1 -- 172.21.15.5:0/631973946 >> [v2:172.21.15.5:3300/0,v1:172.21.15.5:6789/0] conn(0x7fea84102770 msgr2=0x7fea84102b80 secure :-1 s=STATE_CONNECTION_ESTABLISHED l=1).mark_down
2024-02-17T10:09:29.588 INFO:teuthology.orchestra.run.smithi005.stdout:/usr/bin/ceph: stderr
2024-02-17T10:09:28.799+0000 7fea8be4b700 1 --2- 172.21.15.5:0/631973946 >> [v2:172.21.15.5:3300/0,v1:172.21.15.5:6789/0] conn(0x7fea84102770 0x7fea84102b80 secure :-1 s=READY pgs=20 cs=0 l=1 rev1=1 crypto rx=0x7fea740098e0 tx=0x7fea74009250 comp rx=0 tx=0).stop
2024-02-17T10:09:29.589 INFO:teuthology.orchestra.run.smithi005.stdout:/usr/bin/ceph: stderr
2024-02-17T10:09:28.799+0000 7fea8be4b700 1 -- 172.21.15.5:0/631973946 shutdown_connections
2024-02-17T10:09:29.589 INFO:teuthology.orchestra.run.smithi005.stdout:/usr/bin/ceph: stderr
2024-02-17T10:09:28.799+0000 7fea8be4b700 1 --2- 172.21.15.5:0/631973946 >> [v2:172.21.15.5:3300/0,v1:172.21.15.5:6789/0] conn(0x7fea84102770 0x7fea84102b80 unknown :-1 s=CLOSED pgs=20 cs=0 l=1 rev1=1 crypto rx=0 tx=0 comp rx=0 tx=0).stop
2024-02-17T10:09:29.589 INFO:teuthology.orchestra.run.smithi005.stdout:/usr/bin/ceph: stderr
2024-02-17T10:09:28.799+0000 7fea8be4b700 1 -- 172.21.15.5:0/631973946 >> 172.21.15.5:0/631973946 conn(0x7fea840fded0 msgr2=0x7fea84100300 unknown :-1 s=STATE_NONE l=0).mark_down
2024-02-17T10:09:29.589 INFO:teuthology.orchestra.run.smithi005.stdout:/usr/bin/ceph: stderr
2024-02-17T10:09:28.799+0000 7fea8be4b700 1 -- 172.21.15.5:0/631973946 shutdown_connections
2024-02-17T10:09:29.589 INFO:teuthology.orchestra.run.smithi005.stdout:/usr/bin/ceph: stderr
2024-02-17T10:09:28.799+0000 7fea8be4b700 1 -- 172.21.15.5:0/631973946 wait complete.
2024-02-17T10:09:29.589 INFO:teuthology.orchestra.run.smithi005.stdout:/usr/bin/ceph: stderr
2024-02-17T10:09:28.799+0000 7fea8be4b700 1 Processor -- start
2024-02-17T10:09:29.589 INFO:teuthology.orchestra.run.smithi005.stdout:/usr/bin/ceph: stderr
2024-02-17T10:09:28.799+0000 7fea8be4b700 1 -- start start
2024-02-17T10:09:29.589 INFO:teuthology.orchestra.run.smithi005.stdout:/usr/bin/ceph: stderr
2024-02-17T10:09:28.799+0000 7fea8be4b700 1 --2- >> [v2:172.21.15.5:3300/0,v1:172.21.15.5:6789/0] conn(0x7fea84102770 0x7fea84078d10 unknown :-1 s=NONE pgs=0 cs=0 l=1 rev1=0 crypto rx=0 tx=0 comp rx=0 tx=0).connect
2024-02-17T10:09:29.589 INFO:teuthology.orchestra.run.smithi005.stdout:/usr/bin/ceph: stderr
2024-02-17T10:09:28.799+0000 7fea8be4b700 1 -- --> [v2:172.21.15.5:3300/0,v1:172.21.15.5:6789/0] -- mon_getmap magic: 0 v1 -- 0x7fea84077190 con 0x7fea84102770
2024-02-17T10:09:29.589 INFO:teuthology.orchestra.run.smithi005.stdout:/usr/bin/ceph: stderr
2024-02-17T10:09:28.800+0000 7fea89be7700 1 --2- >> [v2:172.21.15.5:3300/0,v1:172.21.15.5:6789/0] conn(0x7fea84102770 0x7fea84078d10 unknown :-1 s=BANNER_CONNECTING pgs=0 cs=0 l=1 rev1=0 crypto rx=0 tx=0 comp rx=0 tx=0)._handle_peer_banner_payload supported=3 required=0
2024-02-17T10:09:29.589 INFO:teuthology.orchestra.run.smithi005.stdout:/usr/bin/ceph: stderr
2024-02-17T10:09:28.800+0000 7fea89be7700 1 --2- >> [v2:172.21.15.5:3300/0,v1:172.21.15.5:6789/0] conn(0x7fea84102770 0x7fea84078d10 unknown :-1 s=HELLO_CONNECTING pgs=0 cs=0 l=1 rev1=1 crypto rx=0 tx=0 comp rx=0 tx=0).handle_hello peer v2:172.21.15.5:3300/0 says I am v2:172.21.15.5:59562/0 (socket says 172.21.15.5:59562)
2024-02-17T10:09:29.590 INFO:teuthology.orchestra.run.smithi005.stdout:/usr/bin/ceph: stderr
2024-02-17T10:09:28.800+0000 7fea89be7700 1 -- 172.21.15.5:0/1234772801 learned_addr learned my addr 172.21.15.5:0/1234772801 (peer_addr_for_me v2:172.21.15.5:0/0)
2024-02-17T10:09:29.590 INFO:teuthology.orchestra.run.smithi005.stdout:/usr/bin/ceph: stderr
2024-02-17T10:09:28.800+0000 7fea89be7700 1 -- 172.21.15.5:0/1234772801 --> [v2:172.21.15.5:3300/0,v1:172.21.15.5:6789/0] -- mon_subscribe({config=0+,monmap=0+}) v3 -- 0x7fea740094f0 con 0x7fea84102770
2024-02-17T10:09:29.590 INFO:teuthology.orchestra.run.smithi005.stdout:/usr/bin/ceph: stderr
2024-02-17T10:09:28.800+0000 7fea89be7700 1 --2- 172.21.15.5:0/1234772801 >> [v2:172.21.15.5:3300/0,v1:172.21.15.5:6789/0] conn(0x7fea84102770 0x7fea84078d10 secure :-1 s=READY pgs=21 cs=0 l=1 rev1=1 crypto rx=0x7fea74000c00 tx=0x7fea74009250 comp rx=0 tx=0).ready entity=mon.0 client_cookie=0 server_cookie=0 in_seq=0 out_seq=0
2024-02-17T10:09:29.590 INFO:teuthology.orchestra.run.smithi005.stdout:/usr/bin/ceph: stderr
2024-02-17T10:09:28.800+0000 7fea7a7fc700 1 -- 172.21.15.5:0/1234772801 <== mon.0 v2:172.21.15.5:3300/0 1 ==== mon_map magic: 0 v1 ==== 229+0+0 (secure 0 0 0) 0x7fea740107c0 con 0x7fea84102770
2024-02-17T10:09:29.590 INFO:teuthology.orchestra.run.smithi005.stdout:/usr/bin/ceph: stderr
2024-02-17T10:09:28.800+0000 7fea7a7fc700 1 -- 172.21.15.5:0/1234772801 <== mon.0 v2:172.21.15.5:3300/0 2 ==== config(27 keys) v1 ==== 1044+0+0 (secure 0 0 0) 0x7fea74010db0 con 0x7fea84102770
2024-02-17T10:09:29.590 INFO:teuthology.orchestra.run.smithi005.stdout:/usr/bin/ceph: stderr
2024-02-17T10:09:28.800+0000 7fea8be4b700 1 -- 172.21.15.5:0/1234772801 --> [v2:172.21.15.5:3300/0,v1:172.21.15.5:6789/0] -- mon_subscribe({mgrmap=0+}) v3 -- 0x7fea84077390 con 0x7fea84102770
2024-02-17T10:09:29.590 INFO:teuthology.orchestra.run.smithi005.stdout:/usr/bin/ceph: stderr
2024-02-17T10:09:28.800+0000 7fea7a7fc700 1 -- 172.21.15.5:0/1234772801 <== mon.0 v2:172.21.15.5:3300/0 3 ==== mon_map magic: 0 v1 ==== 229+0+0 (secure 0 0 0) 0x7fea7401ad00 con 0x7fea84102770
2024-02-17T10:09:29.590 INFO:teuthology.orchestra.run.smithi005.stdout:/usr/bin/ceph: stderr
2024-02-17T10:09:28.800+0000 7fea8be4b700 1 -- 172.21.15.5:0/1234772801 --> [v2:172.21.15.5:3300/0,v1:172.21.15.5:6789/0] -- mon_subscribe({osdmap=0}) v3 -- 0x7fea84077820 con 0x7fea84102770
2024-02-17T10:09:29.590 INFO:teuthology.orchestra.run.smithi005.stdout:/usr/bin/ceph: stderr
2024-02-17T10:09:28.801+0000 7fea7a7fc700 1 -- 172.21.15.5:0/1234772801 <== mon.0 v2:172.21.15.5:3300/0 4 ==== mgrmap(e 4) v1 ==== 43357+0+0 (secure 0 0 0) 0x7fea74010920 con 0x7fea84102770
2024-02-17T10:09:29.590 INFO:teuthology.orchestra.run.smithi005.stdout:/usr/bin/ceph: stderr
2024-02-17T10:09:28.801+0000 7fea7a7fc700 1 --2- 172.21.15.5:0/1234772801 >> [v2:172.21.15.5:6800/891945867,v1:172.21.15.5:6801/891945867] conn(0x7fea70036740 0x7fea70038bf0 unknown :-1 s=NONE pgs=0 cs=0 l=1 rev1=0 crypto rx=0 tx=0 comp rx=0 tx=0).connect
2024-02-17T10:09:29.590 INFO:teuthology.orchestra.run.smithi005.stdout:/usr/bin/ceph: stderr
2024-02-17T10:09:28.801+0000 7fea8be4b700 1 -- 172.21.15.5:0/1234772801 --> [v2:172.21.15.5:3300/0,v1:172.21.15.5:6789/0] -- mon_command({"prefix": "get_command_descriptions"} v 0) v1 -- 0x7fea8404bed0 con 0x7fea84102770
2024-02-17T10:09:29.590 INFO:teuthology.orchestra.run.smithi005.stdout:/usr/bin/ceph: stderr
2024-02-17T10:09:28.801+0000 7fea7a7fc700 1 -- 172.21.15.5:0/1234772801 <== mon.0 v2:172.21.15.5:3300/0 5 ==== osd_map(1..1 src has 1..1) v4 ==== 721+0+0 (secure 0 0 0) 0x7fea7404a620 con 0x7fea84102770
2024-02-17T10:09:29.590 INFO:teuthology.orchestra.run.smithi005.stdout:/usr/bin/ceph: stderr
2024-02-17T10:09:28.801+0000 7fea893e6700 1 --2- 172.21.15.5:0/1234772801 >> [v2:172.21.15.5:6800/891945867,v1:172.21.15.5:6801/891945867] conn(0x7fea70036740 0x7fea70038bf0 unknown :-1 s=BANNER_CONNECTING pgs=0 cs=0 l=1 rev1=0 crypto rx=0 tx=0 comp rx=0 tx=0)._handle_peer_banner_payload supported=3 required=0
2024-02-17T10:09:29.590 INFO:teuthology.orchestra.run.smithi005.stdout:/usr/bin/ceph: stderr
2024-02-17T10:09:28.802+0000 7fea893e6700 1 --2- 172.21.15.5:0/1234772801 >> [v2:172.21.15.5:6800/891945867,v1:172.21.15.5:6801/891945867] conn(0x7fea70036740 0x7fea70038bf0 secure :-1 s=READY pgs=7 cs=0 l=1 rev1=1 crypto rx=0x7fea80009990 tx=0x7fea80006e40 comp rx=0 tx=0).ready entity=mgr.14100 client_cookie=0 server_cookie=0 in_seq=0 out_seq=0
2024-02-17T10:09:29.590 INFO:teuthology.orchestra.run.smithi005.stdout:/usr/bin/ceph: stderr
2024-02-17T10:09:28.806+0000 7fea7a7fc700 1 -- 172.21.15.5:0/1234772801 <== mon.0 v2:172.21.15.5:3300/0 6 ==== mon_command_ack([{"prefix": "get_command_descriptions"}]=0 v0) v1 ==== 72+0+175031 (secure 0 0 0) 0x7fea74010bd0 con 0x7fea84102770
2024-02-17T10:09:29.590 INFO:teuthology.orchestra.run.smithi005.stdout:/usr/bin/ceph: stderr
2024-02-17T10:09:28.999+0000 7fea8be4b700 1 -- 172.21.15.5:0/1234772801 --> [v2:172.21.15.5:3300/0,v1:172.21.15.5:6789/0] -- mon_command({"prefix": "config assimilate-conf"} v 0) v1 -- 0x7fea84077ca0 con 0x7fea84102770
2024-02-17T10:09:29.591 INFO:teuthology.orchestra.run.smithi005.stdout:/usr/bin/ceph: stderr
2024-02-17T10:09:29.000+0000 7fea7a7fc700 1 -- 172.21.15.5:0/1234772801 <== mon.0 v2:172.21.15.5:3300/0 7 ==== mon_command_ack([{"prefix": "config assimilate-conf"}]=0 v3) v1 ==== 70+0+373 (secure 0 0 0) 0x7fea74023810 con 0x7fea84102770
2024-02-17T10:09:29.591 INFO:teuthology.orchestra.run.smithi005.stdout:/usr/bin/ceph: stderr
2024-02-17T10:09:29.002+0000 7fea8be4b700 1 -- 172.21.15.5:0/1234772801 >> [v2:172.21.15.5:6800/891945867,v1:172.21.15.5:6801/891945867] conn(0x7fea70036740 msgr2=0x7fea70038bf0 secure :-1 s=STATE_CONNECTION_ESTABLISHED l=1).mark_down
2024-02-17T10:09:29.591 INFO:teuthology.orchestra.run.smithi005.stdout:/usr/bin/ceph: stderr
2024-02-17T10:09:29.002+0000 7fea8be4b700 1 --2- 172.21.15.5:0/1234772801 >> [v2:172.21.15.5:6800/891945867,v1:172.21.15.5:6801/891945867] conn(0x7fea70036740 0x7fea70038bf0 secure :-1 s=READY pgs=7 cs=0 l=1 rev1=1 crypto rx=0x7fea80009990 tx=0x7fea80006e40 comp rx=0 tx=0).stop
2024-02-17T10:09:29.591 INFO:teuthology.orchestra.run.smithi005.stdout:/usr/bin/ceph: stderr
2024-02-17T10:09:29.002+0000 7fea8be4b700 1 -- 172.21.15.5:0/1234772801 >> [v2:172.21.15.5:3300/0,v1:172.21.15.5:6789/0] conn(0x7fea84102770 msgr2=0x7fea84078d10 secure :-1 s=STATE_CONNECTION_ESTABLISHED l=1).mark_down
2024-02-17T10:09:29.591 INFO:teuthology.orchestra.run.smithi005.stdout:/usr/bin/ceph: stderr
2024-02-17T10:09:29.002+0000 7fea8be4b700 1 --2- 172.21.15.5:0/1234772801 >> [v2:172.21.15.5:3300/0,v1:172.21.15.5:6789/0] conn(0x7fea84102770 0x7fea84078d10 secure :-1 s=READY pgs=21 cs=0 l=1 rev1=1 crypto rx=0x7fea74000c00 tx=0x7fea74009250 comp rx=0 tx=0).stop
2024-02-17T10:09:29.591 INFO:teuthology.orchestra.run.smithi005.stdout:/usr/bin/ceph: stderr
2024-02-17T10:09:29.002+0000 7fea8be4b700 1 -- 172.21.15.5:0/1234772801 shutdown_connections
2024-02-17T10:09:29.591 INFO:teuthology.orchestra.run.smithi005.stdout:/usr/bin/ceph: stderr
2024-02-17T10:09:29.002+0000 7fea8be4b700 1 --2- 172.21.15.5:0/1234772801 >> [v2:172.21.15.5:6800/891945867,v1:172.21.15.5:6801/891945867] conn(0x7fea70036740 0x7fea70038bf0 unknown :-1 s=CLOSED pgs=7 cs=0 l=1 rev1=1 crypto rx=0 tx=0 comp rx=0 tx=0).stop
2024-02-17T10:09:29.591 INFO:teuthology.orchestra.run.smithi005.stdout:/usr/bin/ceph: stderr
2024-02-17T10:09:29.002+0000 7fea8be4b700 1 --2- 172.21.15.5:0/1234772801 >> [v2:172.21.15.5:3300/0,v1:172.21.15.5:6789/0] conn(0x7fea84102770 0x7fea84078d10 unknown :-1 s=CLOSED pgs=21 cs=0 l=1 rev1=1 crypto rx=0 tx=0 comp rx=0 tx=0).stop
2024-02-17T10:09:29.591 INFO:teuthology.orchestra.run.smithi005.stdout:/usr/bin/ceph: stderr
2024-02-17T10:09:29.002+0000 7fea8be4b700 1 -- 172.21.15.5:0/1234772801 >> 172.21.15.5:0/1234772801 conn(0x7fea840fded0 msgr2=0x7fea840ff570 unknown :-1 s=STATE_NONE l=0).mark_down
2024-02-17T10:09:29.591 INFO:teuthology.orchestra.run.smithi005.stdout:/usr/bin/ceph: stderr
2024-02-17T10:09:29.002+0000 7fea8be4b700 1 -- 172.21.15.5:0/1234772801 shutdown_connections
2024-02-17T10:09:29.591 INFO:teuthology.orchestra.run.smithi005.stdout:/usr/bin/ceph: stderr
2024-02-17T10:09:29.002+0000 7fea8be4b700 1 -- 172.21.15.5:0/1234772801 wait complete.
2024-02-17T10:09:29.591 INFO:teuthology.orchestra.run.smithi005.stdout:Enabling cephadm module...
2024-02-17T10:09:30.603 INFO:journalctl@ceph.mon.smithi005.smithi005.stdout:Feb 17 10:09:30 smithi005 ceph-mon[28904]: from='client.? 172.21.15.5:0/195502032' entity='client.admin' cmd=[{"prefix": "mgr module enable", "module": "cephadm"}]: dispatch
2024-02-17T10:09:30.849 INFO:teuthology.orchestra.run.smithi005.stdout:/usr/bin/ceph: stderr
2024-02-17T10:09:29.982+0000 7fb2c521b700 1 Processor -- start
2024-02-17T10:09:30.849 INFO:teuthology.orchestra.run.smithi005.stdout:/usr/bin/ceph: stderr
2024-02-17T10:09:29.982+0000 7fb2c521b700 1 -- start start
2024-02-17T10:09:30.849 INFO:teuthology.orchestra.run.smithi005.stdout:/usr/bin/ceph: stderr
2024-02-17T10:09:29.982+0000 7fb2c521b700 1 --2- >> [v2:172.21.15.5:3300/0,v1:172.21.15.5:6789/0] conn(0x7fb2c0102780 0x7fb2c0102b90 unknown :-1 s=NONE pgs=0 cs=0 l=0 rev1=0 crypto rx=0 tx=0 comp rx=0 tx=0).connect
2024-02-17T10:09:30.849 INFO:teuthology.orchestra.run.smithi005.stdout:/usr/bin/ceph: stderr
2024-02-17T10:09:29.982+0000 7fb2c521b700 1 -- --> [v2:172.21.15.5:3300/0,v1:172.21.15.5:6789/0] -- mon_getmap magic: 0 v1 -- 0x7fb2c01030d0 con 0x7fb2c0102780
2024-02-17T10:09:30.850 INFO:teuthology.orchestra.run.smithi005.stdout:/usr/bin/ceph: stderr
2024-02-17T10:09:29.982+0000 7fb2bed9d700 1 --2- >> [v2:172.21.15.5:3300/0,v1:172.21.15.5:6789/0] conn(0x7fb2c0102780 0x7fb2c0102b90 unknown :-1 s=BANNER_CONNECTING pgs=0 cs=0 l=0 rev1=0 crypto rx=0 tx=0 comp rx=0 tx=0)._handle_peer_banner_payload supported=3 required=0
2024-02-17T10:09:30.850 INFO:teuthology.orchestra.run.smithi005.stdout:/usr/bin/ceph: stderr
2024-02-17T10:09:29.982+0000 7fb2bed9d700 1 --2- >> [v2:172.21.15.5:3300/0,v1:172.21.15.5:6789/0] conn(0x7fb2c0102780 0x7fb2c0102b90 unknown :-1 s=HELLO_CONNECTING pgs=0 cs=0 l=0 rev1=1 crypto rx=0 tx=0 comp rx=0 tx=0).handle_hello peer v2:172.21.15.5:3300/0 says I am v2:172.21.15.5:59572/0 (socket says 172.21.15.5:59572)
2024-02-17T10:09:30.850 INFO:teuthology.orchestra.run.smithi005.stdout:/usr/bin/ceph: stderr
2024-02-17T10:09:29.982+0000 7fb2bed9d700 1 -- 172.21.15.5:0/1393573483 learned_addr learned my addr 172.21.15.5:0/1393573483 (peer_addr_for_me v2:172.21.15.5:0/0)
2024-02-17T10:09:30.850 INFO:teuthology.orchestra.run.smithi005.stdout:/usr/bin/ceph: stderr
2024-02-17T10:09:29.983+0000 7fb2bed9d700 1 -- 172.21.15.5:0/1393573483 --> [v2:172.21.15.5:3300/0,v1:172.21.15.5:6789/0] -- mon_subscribe({config=0+,monmap=0+}) v3 -- 0x7fb2c0103210 con 0x7fb2c0102780
2024-02-17T10:09:30.850 INFO:teuthology.orchestra.run.smithi005.stdout:/usr/bin/ceph: stderr
2024-02-17T10:09:29.983+0000 7fb2bed9d700 1 --2- 172.21.15.5:0/1393573483 >> [v2:172.21.15.5:3300/0,v1:172.21.15.5:6789/0] conn(0x7fb2c0102780 0x7fb2c0102b90 secure :-1 s=READY pgs=22 cs=0 l=1 rev1=1 crypto rx=0x7fb2b0009e50 tx=0x7fb2b0009840 comp rx=0 tx=0).ready entity=mon.0 client_cookie=926f43fe43f744d1 server_cookie=0 in_seq=0 out_seq=0
2024-02-17T10:09:30.850 INFO:teuthology.orchestra.run.smithi005.stdout:/usr/bin/ceph: stderr
2024-02-17T10:09:29.983+0000 7fb2bdd9b700 1 -- 172.21.15.5:0/1393573483 <== mon.0 v2:172.21.15.5:3300/0 1 ==== mon_map magic: 0 v1 ==== 229+0+0 (secure 0 0 0) 0x7fb2b00092e0 con 0x7fb2c0102780
2024-02-17T10:09:30.850 INFO:teuthology.orchestra.run.smithi005.stdout:/usr/bin/ceph: stderr
2024-02-17T10:09:29.983+0000 7fb2bdd9b700 1 -- 172.21.15.5:0/1393573483 <== mon.0 v2:172.21.15.5:3300/0 2 ==== config(27 keys) v1 ==== 1044+0+0 (secure 0 0 0) 0x7fb2b0012430 con 0x7fb2c0102780
2024-02-17T10:09:30.850 INFO:teuthology.orchestra.run.smithi005.stdout:/usr/bin/ceph: stderr
2024-02-17T10:09:29.983+0000 7fb2bdd9b700 1 -- 172.21.15.5:0/1393573483 <== mon.0 v2:172.21.15.5:3300/0 3 ==== mon_map magic: 0 v1 ==== 229+0+0 (secure 0 0 0) 0x7fb2b00075c0 con 0x7fb2c0102780
2024-02-17T10:09:30.850 INFO:teuthology.orchestra.run.smithi005.stdout:/usr/bin/ceph: stderr
2024-02-17T10:09:29.984+0000 7fb2c521b700 1 -- 172.21.15.5:0/1393573483 >> [v2:172.21.15.5:3300/0,v1:172.21.15.5:6789/0] conn(0x7fb2c0102780 msgr2=0x7fb2c0102b90 secure :-1 s=STATE_CONNECTION_ESTABLISHED l=1).mark_down
2024-02-17T10:09:30.850 INFO:teuthology.orchestra.run.smithi005.stdout:/usr/bin/ceph: stderr
2024-02-17T10:09:29.984+0000 7fb2c521b700 1 --2- 172.21.15.5:0/1393573483 >> [v2:172.21.15.5:3300/0,v1:172.21.15.5:6789/0] conn(0x7fb2c0102780 0x7fb2c0102b90 secure :-1 s=READY pgs=22 cs=0 l=1 rev1=1 crypto rx=0x7fb2b0009e50 tx=0x7fb2b0009840 comp rx=0 tx=0).stop
2024-02-17T10:09:30.850 INFO:teuthology.orchestra.run.smithi005.stdout:/usr/bin/ceph: stderr
2024-02-17T10:09:29.984+0000 7fb2c521b700 1 -- 172.21.15.5:0/1393573483 shutdown_connections
2024-02-17T10:09:30.850 INFO:teuthology.orchestra.run.smithi005.stdout:/usr/bin/ceph: stderr
2024-02-17T10:09:29.984+0000 7fb2c521b700 1 --2- 172.21.15.5:0/1393573483 >> [v2:172.21.15.5:3300/0,v1:172.21.15.5:6789/0] conn(0x7fb2c0102780 0x7fb2c0102b90 unknown :-1 s=CLOSED pgs=22 cs=0 l=1 rev1=1 crypto rx=0 tx=0 comp rx=0 tx=0).stop
2024-02-17T10:09:30.850 INFO:teuthology.orchestra.run.smithi005.stdout:/usr/bin/ceph: stderr
2024-02-17T10:09:29.984+0000 7fb2c521b700 1 -- 172.21.15.5:0/1393573483 >> 172.21.15.5:0/1393573483 conn(0x7fb2c00fdf00 msgr2=0x7fb2c0100310 unknown :-1 s=STATE_NONE l=0).mark_down
2024-02-17T10:09:30.851 INFO:teuthology.orchestra.run.smithi005.stdout:/usr/bin/ceph: stderr
2024-02-17T10:09:29.984+0000 7fb2c521b700 1 -- 172.21.15.5:0/1393573483 shutdown_connections
2024-02-17T10:09:30.851 INFO:teuthology.orchestra.run.smithi005.stdout:/usr/bin/ceph: stderr
2024-02-17T10:09:29.984+0000 7fb2c521b700 1 -- 172.21.15.5:0/1393573483 wait complete.
2024-02-17T10:09:30.851 INFO:teuthology.orchestra.run.smithi005.stdout:/usr/bin/ceph: stderr
2024-02-17T10:09:29.984+0000 7fb2c521b700 1 Processor -- start
2024-02-17T10:09:30.851 INFO:teuthology.orchestra.run.smithi005.stdout:/usr/bin/ceph: stderr
2024-02-17T10:09:29.984+0000 7fb2c521b700 1 -- start start
2024-02-17T10:09:30.851 INFO:teuthology.orchestra.run.smithi005.stdout:/usr/bin/ceph: stderr
