2024-02-17T10:09:38.013+0000 7fe82718b700 1 -- 172.21.15.5:0/3249768159 >> [v2:172.21.15.5:6800/80842838,v1:172.21.15.5:6801/80842838] conn(0x7fe808039fc0 msgr2=0x7fe80803c3a0 secure :-1 s=STATE_CONNECTION_ESTABLISHED l=1).mark_down
2024-02-17T10:09:38.645 INFO:teuthology.orchestra.run.smithi005.stdout:/usr/bin/ceph: stderr
2024-02-17T10:09:38.013+0000 7fe82718b700 1 --2- 172.21.15.5:0/3249768159 >> [v2:172.21.15.5:6800/80842838,v1:172.21.15.5:6801/80842838] conn(0x7fe808039fc0 0x7fe80803c3a0 secure :-1 s=READY pgs=3 cs=0 l=1 rev1=1 crypto rx=0x7fe8100039d0 tx=0x7fe810009350 comp rx=0 tx=0).stop
2024-02-17T10:09:38.645 INFO:teuthology.orchestra.run.smithi005.stdout:/usr/bin/ceph: stderr
2024-02-17T10:09:38.013+0000 7fe82718b700 1 -- 172.21.15.5:0/3249768159 >> [v2:172.21.15.5:3300/0,v1:172.21.15.5:6789/0] conn(0x7fe82006f9b0 msgr2=0x7fe820120640 secure :-1 s=STATE_CONNECTION_ESTABLISHED l=1).mark_down
2024-02-17T10:09:38.645 INFO:teuthology.orchestra.run.smithi005.stdout:/usr/bin/ceph: stderr
2024-02-17T10:09:38.013+0000 7fe82718b700 1 --2- 172.21.15.5:0/3249768159 >> [v2:172.21.15.5:3300/0,v1:172.21.15.5:6789/0] conn(0x7fe82006f9b0 0x7fe820120640 secure :-1 s=READY pgs=29 cs=0 l=1 rev1=1 crypto rx=0x7fe81400b440 tx=0x7fe814009250 comp rx=0 tx=0).stop
2024-02-17T10:09:38.646 INFO:teuthology.orchestra.run.smithi005.stdout:/usr/bin/ceph: stderr
2024-02-17T10:09:38.013+0000 7fe82718b700 1 -- 172.21.15.5:0/3249768159 shutdown_connections
2024-02-17T10:09:38.646 INFO:teuthology.orchestra.run.smithi005.stdout:/usr/bin/ceph: stderr
2024-02-17T10:09:38.013+0000 7fe82718b700 1 --2- 172.21.15.5:0/3249768159 >> [v2:172.21.15.5:6800/80842838,v1:172.21.15.5:6801/80842838] conn(0x7fe808039fc0 0x7fe80803c3a0 unknown :-1 s=CLOSED pgs=3 cs=0 l=1 rev1=1 crypto rx=0 tx=0 comp rx=0 tx=0).stop
2024-02-17T10:09:38.646 INFO:teuthology.orchestra.run.smithi005.stdout:/usr/bin/ceph: stderr
2024-02-17T10:09:38.013+0000 7fe82718b700 1 --2- 172.21.15.5:0/3249768159 >> [v2:172.21.15.5:3300/0,v1:172.21.15.5:6789/0] conn(0x7fe82006f9b0 0x7fe820120640 unknown :-1 s=CLOSED pgs=29 cs=0 l=1 rev1=1 crypto rx=0 tx=0 comp rx=0 tx=0).stop
2024-02-17T10:09:38.646 INFO:teuthology.orchestra.run.smithi005.stdout:/usr/bin/ceph: stderr
2024-02-17T10:09:38.013+0000 7fe82718b700 1 --2- 172.21.15.5:0/3249768159 >> [v2:172.21.15.5:6800/891945867,v1:172.21.15.5:6801/891945867] conn(0x7fe808036790 0x7fe808038c40 unknown :-1 s=CLOSED pgs=0 cs=0 l=1 rev1=0 crypto rx=0 tx=0 comp rx=0 tx=0).stop
2024-02-17T10:09:38.646 INFO:teuthology.orchestra.run.smithi005.stdout:/usr/bin/ceph: stderr
2024-02-17T10:09:38.013+0000 7fe82718b700 1 -- 172.21.15.5:0/3249768159 >> 172.21.15.5:0/3249768159 conn(0x7fe820069a80 msgr2=0x7fe82006ba60 unknown :-1 s=STATE_NONE l=0).mark_down
2024-02-17T10:09:38.646 INFO:teuthology.orchestra.run.smithi005.stdout:/usr/bin/ceph: stderr
2024-02-17T10:09:38.014+0000 7fe82718b700 1 -- 172.21.15.5:0/3249768159 shutdown_connections
2024-02-17T10:09:38.646 INFO:teuthology.orchestra.run.smithi005.stdout:/usr/bin/ceph: stderr
2024-02-17T10:09:38.014+0000 7fe82718b700 1 -- 172.21.15.5:0/3249768159 wait complete.
2024-02-17T10:09:38.646 INFO:teuthology.orchestra.run.smithi005.stdout:mgr epoch 5 is available
2024-02-17T10:09:38.646 INFO:teuthology.orchestra.run.smithi005.stdout:Setting orchestrator backend to cephadm...
2024-02-17T10:09:39.253 INFO:journalctl@ceph.mon.smithi005.smithi005.stdout:Feb 17 10:09:39 smithi005 ceph-mon[28904]: from='client.14124 -' entity='client.admin' cmd=[{"prefix": "get_command_descriptions"}]: dispatch
2024-02-17T10:09:39.253 INFO:journalctl@ceph.mon.smithi005.smithi005.stdout:Feb 17 10:09:39 smithi005 ceph-mon[28904]: from='client.14124 -' entity='client.admin' cmd=[{"prefix": "mgr_status"}]: dispatch
2024-02-17T10:09:39.253 INFO:journalctl@ceph.mon.smithi005.smithi005.stdout:Feb 17 10:09:39 smithi005 ceph-mon[28904]: from='mgr.14120 172.21.15.5:0/3908750897' entity='mgr.smithi005.xhlqyq'
2024-02-17T10:09:39.253 INFO:journalctl@ceph.mon.smithi005.smithi005.stdout:Feb 17 10:09:39 smithi005 ceph-mon[28904]: from='mgr.14120 172.21.15.5:0/3908750897' entity='mgr.smithi005.xhlqyq' cmd=[{"prefix": "config dump", "format": "json"}]: dispatch
2024-02-17T10:09:39.802 INFO:teuthology.orchestra.run.smithi005.stdout:/usr/bin/ceph: stderr
2024-02-17T10:09:39.040+0000 7eff0ec8c700 1 Processor -- start
2024-02-17T10:09:39.802 INFO:teuthology.orchestra.run.smithi005.stdout:/usr/bin/ceph: stderr
2024-02-17T10:09:39.040+0000 7eff0ec8c700 1 -- start start
2024-02-17T10:09:39.802 INFO:teuthology.orchestra.run.smithi005.stdout:/usr/bin/ceph: stderr
2024-02-17T10:09:39.040+0000 7eff0ec8c700 1 --2- >> [v2:172.21.15.5:3300/0,v1:172.21.15.5:6789/0] conn(0x7eff08102770 0x7eff08102b80 unknown :-1 s=NONE pgs=0 cs=0 l=0 rev1=0 crypto rx=0 tx=0 comp rx=0 tx=0).connect
2024-02-17T10:09:39.802 INFO:teuthology.orchestra.run.smithi005.stdout:/usr/bin/ceph: stderr
2024-02-17T10:09:39.040+0000 7eff0ec8c700 1 -- --> [v2:172.21.15.5:3300/0,v1:172.21.15.5:6789/0] -- mon_getmap magic: 0 v1 -- 0x7eff081030c0 con 0x7eff08102770
2024-02-17T10:09:39.803 INFO:teuthology.orchestra.run.smithi005.stdout:/usr/bin/ceph: stderr
2024-02-17T10:09:39.040+0000 7eff0ca28700 1 --2- >> [v2:172.21.15.5:3300/0,v1:172.21.15.5:6789/0] conn(0x7eff08102770 0x7eff08102b80 unknown :-1 s=BANNER_CONNECTING pgs=0 cs=0 l=0 rev1=0 crypto rx=0 tx=0 comp rx=0 tx=0)._handle_peer_banner_payload supported=3 required=0
2024-02-17T10:09:39.803 INFO:teuthology.orchestra.run.smithi005.stdout:/usr/bin/ceph: stderr
2024-02-17T10:09:39.040+0000 7eff0ca28700 1 --2- >> [v2:172.21.15.5:3300/0,v1:172.21.15.5:6789/0] conn(0x7eff08102770 0x7eff08102b80 unknown :-1 s=HELLO_CONNECTING pgs=0 cs=0 l=0 rev1=1 crypto rx=0 tx=0 comp rx=0 tx=0).handle_hello peer v2:172.21.15.5:3300/0 says I am v2:172.21.15.5:36464/0 (socket says 172.21.15.5:36464)
2024-02-17T10:09:39.803 INFO:teuthology.orchestra.run.smithi005.stdout:/usr/bin/ceph: stderr
2024-02-17T10:09:39.040+0000 7eff0ca28700 1 -- 172.21.15.5:0/4174109152 learned_addr learned my addr 172.21.15.5:0/4174109152 (peer_addr_for_me v2:172.21.15.5:0/0)
2024-02-17T10:09:39.803 INFO:teuthology.orchestra.run.smithi005.stdout:/usr/bin/ceph: stderr
2024-02-17T10:09:39.040+0000 7eff0ca28700 1 -- 172.21.15.5:0/4174109152 --> [v2:172.21.15.5:3300/0,v1:172.21.15.5:6789/0] -- mon_subscribe({config=0+,monmap=0+}) v3 -- 0x7eff08103200 con 0x7eff08102770
2024-02-17T10:09:39.803 INFO:teuthology.orchestra.run.smithi005.stdout:/usr/bin/ceph: stderr
2024-02-17T10:09:39.040+0000 7eff0ca28700 1 --2- 172.21.15.5:0/4174109152 >> [v2:172.21.15.5:3300/0,v1:172.21.15.5:6789/0] conn(0x7eff08102770 0x7eff08102b80 secure :-1 s=READY pgs=37 cs=0 l=1 rev1=1 crypto rx=0x7efefc0098e0 tx=0x7efefc009250 comp rx=0 tx=0).ready entity=mon.0 client_cookie=ecee24a1d99941ff server_cookie=0 in_seq=0 out_seq=0
2024-02-17T10:09:39.803 INFO:teuthology.orchestra.run.smithi005.stdout:/usr/bin/ceph: stderr
2024-02-17T10:09:39.041+0000 7eff077fe700 1 -- 172.21.15.5:0/4174109152 <== mon.0 v2:172.21.15.5:3300/0 1 ==== mon_map magic: 0 v1 ==== 229+0+0 (secure 0 0 0) 0x7efefc00b860 con 0x7eff08102770
2024-02-17T10:09:39.803 INFO:teuthology.orchestra.run.smithi005.stdout:/usr/bin/ceph: stderr
2024-02-17T10:09:39.041+0000 7eff077fe700 1 -- 172.21.15.5:0/4174109152 <== mon.0 v2:172.21.15.5:3300/0 2 ==== config(27 keys) v1 ==== 1044+0+0 (secure 0 0 0) 0x7efefc00be50 con 0x7eff08102770
2024-02-17T10:09:39.803 INFO:teuthology.orchestra.run.smithi005.stdout:/usr/bin/ceph: stderr
2024-02-17T10:09:39.041+0000 7eff077fe700 1 -- 172.21.15.5:0/4174109152 <== mon.0 v2:172.21.15.5:3300/0 3 ==== mon_map magic: 0 v1 ==== 229+0+0 (secure 0 0 0) 0x7efefc010380 con 0x7eff08102770
2024-02-17T10:09:39.803 INFO:teuthology.orchestra.run.smithi005.stdout:/usr/bin/ceph: stderr
2024-02-17T10:09:39.041+0000 7eff0ec8c700 1 -- 172.21.15.5:0/4174109152 >> [v2:172.21.15.5:3300/0,v1:172.21.15.5:6789/0] conn(0x7eff08102770 msgr2=0x7eff08102b80 secure :-1 s=STATE_CONNECTION_ESTABLISHED l=1).mark_down
2024-02-17T10:09:39.803 INFO:teuthology.orchestra.run.smithi005.stdout:/usr/bin/ceph: stderr
2024-02-17T10:09:39.041+0000 7eff0ec8c700 1 --2- 172.21.15.5:0/4174109152 >> [v2:172.21.15.5:3300/0,v1:172.21.15.5:6789/0] conn(0x7eff08102770 0x7eff08102b80 secure :-1 s=READY pgs=37 cs=0 l=1 rev1=1 crypto rx=0x7efefc0098e0 tx=0x7efefc009250 comp rx=0 tx=0).stop
2024-02-17T10:09:39.803 INFO:teuthology.orchestra.run.smithi005.stdout:/usr/bin/ceph: stderr
2024-02-17T10:09:39.041+0000 7eff0ec8c700 1 -- 172.21.15.5:0/4174109152 shutdown_connections
2024-02-17T10:09:39.803 INFO:teuthology.orchestra.run.smithi005.stdout:/usr/bin/ceph: stderr
2024-02-17T10:09:39.041+0000 7eff0ec8c700 1 --2- 172.21.15.5:0/4174109152 >> [v2:172.21.15.5:3300/0,v1:172.21.15.5:6789/0] conn(0x7eff08102770 0x7eff08102b80 unknown :-1 s=CLOSED pgs=37 cs=0 l=1 rev1=1 crypto rx=0 tx=0 comp rx=0 tx=0).stop
2024-02-17T10:09:39.803 INFO:teuthology.orchestra.run.smithi005.stdout:/usr/bin/ceph: stderr
2024-02-17T10:09:39.041+0000 7eff0ec8c700 1 -- 172.21.15.5:0/4174109152 >> 172.21.15.5:0/4174109152 conn(0x7eff080fded0 msgr2=0x7eff08100300 unknown :-1 s=STATE_NONE l=0).mark_down
2024-02-17T10:09:39.804 INFO:teuthology.orchestra.run.smithi005.stdout:/usr/bin/ceph: stderr
2024-02-17T10:09:39.041+0000 7eff0ec8c700 1 -- 172.21.15.5:0/4174109152 shutdown_connections
2024-02-17T10:09:39.804 INFO:teuthology.orchestra.run.smithi005.stdout:/usr/bin/ceph: stderr
2024-02-17T10:09:39.041+0000 7eff0ec8c700 1 -- 172.21.15.5:0/4174109152 wait complete.
2024-02-17T10:09:39.804 INFO:teuthology.orchestra.run.smithi005.stdout:/usr/bin/ceph: stderr
2024-02-17T10:09:39.042+0000 7eff0ec8c700 1 Processor -- start
2024-02-17T10:09:39.804 INFO:teuthology.orchestra.run.smithi005.stdout:/usr/bin/ceph: stderr
2024-02-17T10:09:39.042+0000 7eff0ec8c700 1 -- start start
2024-02-17T10:09:39.804 INFO:teuthology.orchestra.run.smithi005.stdout:/usr/bin/ceph: stderr
2024-02-17T10:09:39.042+0000 7eff0ec8c700 1 --2- >> [v2:172.21.15.5:3300/0,v1:172.21.15.5:6789/0] conn(0x7eff08102770 0x7eff08111590 unknown :-1 s=NONE pgs=0 cs=0 l=1 rev1=0 crypto rx=0 tx=0 comp rx=0 tx=0).connect
2024-02-17T10:09:39.804 INFO:teuthology.orchestra.run.smithi005.stdout:/usr/bin/ceph: stderr
2024-02-17T10:09:39.042+0000 7eff0ec8c700 1 -- --> [v2:172.21.15.5:3300/0,v1:172.21.15.5:6789/0] -- mon_getmap magic: 0 v1 -- 0x7eff08111ad0 con 0x7eff08102770
2024-02-17T10:09:39.804 INFO:teuthology.orchestra.run.smithi005.stdout:/usr/bin/ceph: stderr
2024-02-17T10:09:39.042+0000 7eff0ca28700 1 --2- >> [v2:172.21.15.5:3300/0,v1:172.21.15.5:6789/0] conn(0x7eff08102770 0x7eff08111590 unknown :-1 s=BANNER_CONNECTING pgs=0 cs=0 l=1 rev1=0 crypto rx=0 tx=0 comp rx=0 tx=0)._handle_peer_banner_payload supported=3 required=0
2024-02-17T10:09:39.804 INFO:teuthology.orchestra.run.smithi005.stdout:/usr/bin/ceph: stderr
2024-02-17T10:09:39.042+0000 7eff0ca28700 1 --2- >> [v2:172.21.15.5:3300/0,v1:172.21.15.5:6789/0] conn(0x7eff08102770 0x7eff08111590 unknown :-1 s=HELLO_CONNECTING pgs=0 cs=0 l=1 rev1=1 crypto rx=0 tx=0 comp rx=0 tx=0).handle_hello peer v2:172.21.15.5:3300/0 says I am v2:172.21.15.5:36476/0 (socket says 172.21.15.5:36476)
2024-02-17T10:09:39.804 INFO:teuthology.orchestra.run.smithi005.stdout:/usr/bin/ceph: stderr
2024-02-17T10:09:39.042+0000 7eff0ca28700 1 -- 172.21.15.5:0/1519243174 learned_addr learned my addr 172.21.15.5:0/1519243174 (peer_addr_for_me v2:172.21.15.5:0/0)
2024-02-17T10:09:39.804 INFO:teuthology.orchestra.run.smithi005.stdout:/usr/bin/ceph: stderr
2024-02-17T10:09:39.042+0000 7eff0ca28700 1 -- 172.21.15.5:0/1519243174 --> [v2:172.21.15.5:3300/0,v1:172.21.15.5:6789/0] -- mon_subscribe({config=0+,monmap=0+}) v3 -- 0x7efefc0094f0 con 0x7eff08102770
2024-02-17T10:09:39.804 INFO:teuthology.orchestra.run.smithi005.stdout:/usr/bin/ceph: stderr
2024-02-17T10:09:39.043+0000 7eff0ca28700 1 --2- 172.21.15.5:0/1519243174 >> [v2:172.21.15.5:3300/0,v1:172.21.15.5:6789/0] conn(0x7eff08102770 0x7eff08111590 secure :-1 s=READY pgs=38 cs=0 l=1 rev1=1 crypto rx=0x7efefc00b440 tx=0x7efefc009250 comp rx=0 tx=0).ready entity=mon.0 client_cookie=0 server_cookie=0 in_seq=0 out_seq=0
2024-02-17T10:09:39.804 INFO:teuthology.orchestra.run.smithi005.stdout:/usr/bin/ceph: stderr
2024-02-17T10:09:39.043+0000 7eff057fa700 1 -- 172.21.15.5:0/1519243174 <== mon.0 v2:172.21.15.5:3300/0 1 ==== mon_map magic: 0 v1 ==== 229+0+0 (secure 0 0 0) 0x7efefc010760 con 0x7eff08102770
2024-02-17T10:09:39.804 INFO:teuthology.orchestra.run.smithi005.stdout:/usr/bin/ceph: stderr
2024-02-17T10:09:39.043+0000 7eff0ec8c700 1 -- 172.21.15.5:0/1519243174 --> [v2:172.21.15.5:3300/0,v1:172.21.15.5:6789/0] -- mon_subscribe({mgrmap=0+}) v3 -- 0x7eff08111cd0 con 0x7eff08102770
2024-02-17T10:09:39.805 INFO:teuthology.orchestra.run.smithi005.stdout:/usr/bin/ceph: stderr
2024-02-17T10:09:39.043+0000 7eff057fa700 1 -- 172.21.15.5:0/1519243174 <== mon.0 v2:172.21.15.5:3300/0 2 ==== config(27 keys) v1 ==== 1044+0+0 (secure 0 0 0) 0x7efefc010d50 con 0x7eff08102770
2024-02-17T10:09:39.805 INFO:teuthology.orchestra.run.smithi005.stdout:/usr/bin/ceph: stderr
2024-02-17T10:09:39.043+0000 7eff057fa700 1 -- 172.21.15.5:0/1519243174 <== mon.0 v2:172.21.15.5:3300/0 3 ==== mon_map magic: 0 v1 ==== 229+0+0 (secure 0 0 0) 0x7efefc01ae20 con 0x7eff08102770
2024-02-17T10:09:39.805 INFO:teuthology.orchestra.run.smithi005.stdout:/usr/bin/ceph: stderr
2024-02-17T10:09:39.043+0000 7eff0ec8c700 1 -- 172.21.15.5:0/1519243174 --> [v2:172.21.15.5:3300/0,v1:172.21.15.5:6789/0] -- mon_subscribe({osdmap=0}) v3 -- 0x7eff08112970 con 0x7eff08102770
2024-02-17T10:09:39.805 INFO:teuthology.orchestra.run.smithi005.stdout:/usr/bin/ceph: stderr
2024-02-17T10:09:39.044+0000 7eff057fa700 1 -- 172.21.15.5:0/1519243174 <== mon.0 v2:172.21.15.5:3300/0 4 ==== mgrmap(e 7) v1 ==== 43262+0+0 (secure 0 0 0) 0x7efefc0108c0 con 0x7eff08102770
2024-02-17T10:09:39.805 INFO:teuthology.orchestra.run.smithi005.stdout:/usr/bin/ceph: stderr
2024-02-17T10:09:39.044+0000 7eff057fa700 1 --2- 172.21.15.5:0/1519243174 >> [v2:172.21.15.5:6800/80842838,v1:172.21.15.5:6801/80842838] conn(0x7efef8036660 0x7efef8038b10 unknown :-1 s=NONE pgs=0 cs=0 l=1 rev1=0 crypto rx=0 tx=0 comp rx=0 tx=0).connect
2024-02-17T10:09:39.805 INFO:teuthology.orchestra.run.smithi005.stdout:/usr/bin/ceph: stderr
2024-02-17T10:09:39.044+0000 7eff057fa700 1 -- 172.21.15.5:0/1519243174 <== mon.0 v2:172.21.15.5:3300/0 5 ==== osd_map(2..2 src has 1..2) v4 ==== 936+0+0 (secure 0 0 0) 0x7efefc04a3f0 con 0x7eff08102770
2024-02-17T10:09:39.805 INFO:teuthology.orchestra.run.smithi005.stdout:/usr/bin/ceph: stderr
2024-02-17T10:09:39.044+0000 7eff0ec8c700 1 -- 172.21.15.5:0/1519243174 --> [v2:172.21.15.5:3300/0,v1:172.21.15.5:6789/0] -- mon_command({"prefix": "get_command_descriptions"} v 0) v1 -- 0x7eff0805f5c0 con 0x7eff08102770
2024-02-17T10:09:39.805 INFO:teuthology.orchestra.run.smithi005.stdout:/usr/bin/ceph: stderr
2024-02-17T10:09:39.044+0000 7eff07fff700 1 --2- 172.21.15.5:0/1519243174 >> [v2:172.21.15.5:6800/80842838,v1:172.21.15.5:6801/80842838] conn(0x7efef8036660 0x7efef8038b10 unknown :-1 s=BANNER_CONNECTING pgs=0 cs=0 l=1 rev1=0 crypto rx=0 tx=0 comp rx=0 tx=0)._handle_peer_banner_payload supported=3 required=0
2024-02-17T10:09:39.805 INFO:teuthology.orchestra.run.smithi005.stdout:/usr/bin/ceph: stderr
2024-02-17T10:09:39.044+0000 7eff07fff700 1 --2- 172.21.15.5:0/1519243174 >> [v2:172.21.15.5:6800/80842838,v1:172.21.15.5:6801/80842838] conn(0x7efef8036660 0x7efef8038b10 secure :-1 s=READY pgs=7 cs=0 l=1 rev1=1 crypto rx=0x7efef4009990 tx=0x7efef4006e40 comp rx=0 tx=0).ready entity=mgr.14120 client_cookie=0 server_cookie=0 in_seq=0 out_seq=0
2024-02-17T10:09:39.805 INFO:teuthology.orchestra.run.smithi005.stdout:/usr/bin/ceph: stderr
2024-02-17T10:09:39.049+0000 7eff057fa700 1 -- 172.21.15.5:0/1519243174 <== mon.0 v2:172.21.15.5:3300/0 6 ==== mon_command_ack([{"prefix": "get_command_descriptions"}]=0 v0) v1 ==== 72+0+175031 (secure 0 0 0) 0x7efefc018b40 con 0x7eff08102770
2024-02-17T10:09:39.805 INFO:teuthology.orchestra.run.smithi005.stdout:/usr/bin/ceph: stderr
2024-02-17T10:09:39.252+0000 7eff0ec8c700 1 -- 172.21.15.5:0/1519243174 --> [v2:172.21.15.5:6800/80842838,v1:172.21.15.5:6801/80842838] -- mgr_command(tid 0: {"prefix": "orch set backend", "module_name": "cephadm", "target": ["mon-mgr", ""]}) v1 -- 0x7eff081001b0 con 0x7efef8036660
2024-02-17T10:09:39.805 INFO:teuthology.orchestra.run.smithi005.stdout:/usr/bin/ceph: stderr
2024-02-17T10:09:39.259+0000 7eff057fa700 1 -- 172.21.15.5:0/1519243174 <== mgr.14120 v2:172.21.15.5:6800/80842838 1 ==== mgr_command_reply(tid 0: 0 ) v1 ==== 8+0+0 (secure 0 0 0) 0x7eff081001b0 con 0x7efef8036660
2024-02-17T10:09:39.805 INFO:teuthology.orchestra.run.smithi005.stdout:/usr/bin/ceph: stderr
2024-02-17T10:09:39.261+0000 7eff0ec8c700 1 -- 172.21.15.5:0/1519243174 >> [v2:172.21.15.5:6800/80842838,v1:172.21.15.5:6801/80842838] conn(0x7efef8036660 msgr2=0x7efef8038b10 secure :-1 s=STATE_CONNECTION_ESTABLISHED l=1).mark_down
2024-02-17T10:09:39.805 INFO:teuthology.orchestra.run.smithi005.stdout:/usr/bin/ceph: stderr
2024-02-17T10:09:39.261+0000 7eff0ec8c700 1 --2- 172.21.15.5:0/1519243174 >> [v2:172.21.15.5:6800/80842838,v1:172.21.15.5:6801/80842838] conn(0x7efef8036660 0x7efef8038b10 secure :-1 s=READY pgs=7 cs=0 l=1 rev1=1 crypto rx=0x7efef4009990 tx=0x7efef4006e40 comp rx=0 tx=0).stop
2024-02-17T10:09:39.806 INFO:teuthology.orchestra.run.smithi005.stdout:/usr/bin/ceph: stderr
2024-02-17T10:09:39.261+0000 7eff0ec8c700 1 -- 172.21.15.5:0/1519243174 >> [v2:172.21.15.5:3300/0,v1:172.21.15.5:6789/0] conn(0x7eff08102770 msgr2=0x7eff08111590 secure :-1 s=STATE_CONNECTION_ESTABLISHED l=1).mark_down
2024-02-17T10:09:39.806 INFO:teuthology.orchestra.run.smithi005.stdout:/usr/bin/ceph: stderr
2024-02-17T10:09:39.261+0000 7eff0ec8c700 1 --2- 172.21.15.5:0/1519243174 >> [v2:172.21.15.5:3300/0,v1:172.21.15.5:6789/0] conn(0x7eff08102770 0x7eff08111590 secure :-1 s=READY pgs=38 cs=0 l=1 rev1=1 crypto rx=0x7efefc00b440 tx=0x7efefc009250 comp rx=0 tx=0).stop
2024-02-17T10:09:39.806 INFO:teuthology.orchestra.run.smithi005.stdout:/usr/bin/ceph: stderr
2024-02-17T10:09:39.261+0000 7eff0ec8c700 1 -- 172.21.15.5:0/1519243174 shutdown_connections
2024-02-17T10:09:39.806 INFO:teuthology.orchestra.run.smithi005.stdout:/usr/bin/ceph: stderr
2024-02-17T10:09:39.261+0000 7eff0ec8c700 1 --2- 172.21.15.5:0/1519243174 >> [v2:172.21.15.5:6800/80842838,v1:172.21.15.5:6801/80842838] conn(0x7efef8036660 0x7efef8038b10 unknown :-1 s=CLOSED pgs=7 cs=0 l=1 rev1=1 crypto rx=0 tx=0 comp rx=0 tx=0).stop
2024-02-17T10:09:39.806 INFO:teuthology.orchestra.run.smithi005.stdout:/usr/bin/ceph: stderr
2024-02-17T10:09:39.261+0000 7eff0ec8c700 1 --2- 172.21.15.5:0/1519243174 >> [v2:172.21.15.5:3300/0,v1:172.21.15.5:6789/0] conn(0x7eff08102770 0x7eff08111590 unknown :-1 s=CLOSED pgs=38 cs=0 l=1 rev1=1 crypto rx=0 tx=0 comp rx=0 tx=0).stop
2024-02-17T10:09:39.806 INFO:teuthology.orchestra.run.smithi005.stdout:/usr/bin/ceph: stderr
2024-02-17T10:09:39.261+0000 7eff0ec8c700 1 -- 172.21.15.5:0/1519243174 >> 172.21.15.5:0/1519243174 conn(0x7eff080fded0 msgr2=0x7eff080ff590 unknown :-1 s=STATE_NONE l=0).mark_down
2024-02-17T10:09:39.806 INFO:teuthology.orchestra.run.smithi005.stdout:/usr/bin/ceph: stderr
2024-02-17T10:09:39.261+0000 7eff0ec8c700 1 -- 172.21.15.5:0/1519243174 shutdown_connections
2024-02-17T10:09:39.806 INFO:teuthology.orchestra.run.smithi005.stdout:/usr/bin/ceph: stderr
2024-02-17T10:09:39.262+0000 7eff0ec8c700 1 -- 172.21.15.5:0/1519243174 wait complete.
2024-02-17T10:09:40.603 INFO:journalctl@ceph.mon.smithi005.smithi005.stdout:Feb 17 10:09:40 smithi005 ceph-mon[28904]: [17/Feb/2024:10:09:38] ENGINE Bus STARTING
2024-02-17T10:09:40.603 INFO:journalctl@ceph.mon.smithi005.smithi005.stdout:Feb 17 10:09:40 smithi005 ceph-mon[28904]: [17/Feb/2024:10:09:38] ENGINE Serving on https://172.21.15.5:7150
2024-02-17T10:09:40.603 INFO:journalctl@ceph.mon.smithi005.smithi005.stdout:Feb 17 10:09:40 smithi005 ceph-mon[28904]: [17/Feb/2024:10:09:38] ENGINE Bus STARTED
2024-02-17T10:09:40.603 INFO:journalctl@ceph.mon.smithi005.smithi005.stdout:Feb 17 10:09:40 smithi005 ceph-mon[28904]: from='client.14132 -' entity='client.admin' cmd=[{"prefix": "orch set backend", "module_name": "cephadm", "target": ["mon-mgr", ""]}]: dispatch
2024-02-17T10:09:40.603 INFO:journalctl@ceph.mon.smithi005.smithi005.stdout:Feb 17 10:09:40 smithi005 ceph-mon[28904]: from='mgr.14120 172.21.15.5:0/3908750897' entity='mgr.smithi005.xhlqyq'
2024-02-17T10:09:40.603 INFO:journalctl@ceph.mon.smithi005.smithi005.stdout:Feb 17 10:09:40 smithi005 ceph-mon[28904]: from='mgr.14120 172.21.15.5:0/3908750897' entity='mgr.smithi005.xhlqyq' cmd=[{"prefix": "config dump", "format": "json"}]: dispatch
2024-02-17T10:09:40.603 INFO:journalctl@ceph.mon.smithi005.smithi005.stdout:Feb 17 10:09:40 smithi005 ceph-mon[28904]: mgrmap e8: smithi005.xhlqyq(active, since 2s)
2024-02-17T10:09:40.942 INFO:teuthology.orchestra.run.smithi005.stdout:/usr/bin/ceph: stdout value unchanged
2024-02-17T10:09:40.942 INFO:teuthology.orchestra.run.smithi005.stdout:/usr/bin/ceph: stderr
2024-02-17T10:09:40.187+0000 7f18d7aef700 1 Processor -- start
2024-02-17T10:09:40.943 INFO:teuthology.orchestra.run.smithi005.stdout:/usr/bin/ceph: stderr
2024-02-17T10:09:40.187+0000 7f18d7aef700 1 -- start start
2024-02-17T10:09:40.943 INFO:teuthology.orchestra.run.smithi005.stdout:/usr/bin/ceph: stderr
2024-02-17T10:09:40.187+0000 7f18d7aef700 1 --2- >> [v2:172.21.15.5:3300/0,v1:172.21.15.5:6789/0] conn(0x7f18d0078ce0 0x7f18d00771f0 unknown :-1 s=NONE pgs=0 cs=0 l=0 rev1=0 crypto rx=0 tx=0 comp rx=0 tx=0).connect
2024-02-17T10:09:40.943 INFO:teuthology.orchestra.run.smithi005.stdout:/usr/bin/ceph: stderr
2024-02-17T10:09:40.187+0000 7f18d7aef700 1 -- --> [v2:172.21.15.5:3300/0,v1:172.21.15.5:6789/0] -- mon_getmap magic: 0 v1 -- 0x7f18d00790f0 con 0x7f18d0078ce0
2024-02-17T10:09:40.943 INFO:teuthology.orchestra.run.smithi005.stdout:/usr/bin/ceph: stderr
2024-02-17T10:09:40.188+0000 7f18d588b700 1 --2- >> [v2:172.21.15.5:3300/0,v1:172.21.15.5:6789/0] conn(0x7f18d0078ce0 0x7f18d00771f0 unknown :-1 s=BANNER_CONNECTING pgs=0 cs=0 l=0 rev1=0 crypto rx=0 tx=0 comp rx=0 tx=0)._handle_peer_banner_payload supported=3 required=0
2024-02-17T10:09:40.943 INFO:teuthology.orchestra.run.smithi005.stdout:/usr/bin/ceph: stderr
2024-02-17T10:09:40.188+0000 7f18d588b700 1 --2- >> [v2:172.21.15.5:3300/0,v1:172.21.15.5:6789/0] conn(0x7f18d0078ce0 0x7f18d00771f0 unknown :-1 s=HELLO_CONNECTING pgs=0 cs=0 l=0 rev1=1 crypto rx=0 tx=0 comp rx=0 tx=0).handle_hello peer v2:172.21.15.5:3300/0 says I am v2:172.21.15.5:36480/0 (socket says 172.21.15.5:36480)
2024-02-17T10:09:40.943 INFO:teuthology.orchestra.run.smithi005.stdout:/usr/bin/ceph: stderr
2024-02-17T10:09:40.188+0000 7f18d588b700 1 -- 172.21.15.5:0/1828480014 learned_addr learned my addr 172.21.15.5:0/1828480014 (peer_addr_for_me v2:172.21.15.5:0/0)
2024-02-17T10:09:40.943 INFO:teuthology.orchestra.run.smithi005.stdout:/usr/bin/ceph: stderr
2024-02-17T10:09:40.188+0000 7f18d588b700 1 -- 172.21.15.5:0/1828480014 --> [v2:172.21.15.5:3300/0,v1:172.21.15.5:6789/0] -- mon_subscribe({config=0+,monmap=0+}) v3 -- 0x7f18d0077730 con 0x7f18d0078ce0
2024-02-17T10:09:40.943 INFO:teuthology.orchestra.run.smithi005.stdout:/usr/bin/ceph: stderr
2024-02-17T10:09:40.188+0000 7f18d588b700 1 --2- 172.21.15.5:0/1828480014 >> [v2:172.21.15.5:3300/0,v1:172.21.15.5:6789/0] conn(0x7f18d0078ce0 0x7f18d00771f0 secure :-1 s=READY pgs=39 cs=0 l=1 rev1=1 crypto rx=0x7f18c40098e0 tx=0x7f18c4009250 comp rx=0 tx=0).ready entity=mon.0 client_cookie=9207192c57f16db2 server_cookie=0 in_seq=0 out_seq=0
2024-02-17T10:09:40.943 INFO:teuthology.orchestra.run.smithi005.stdout:/usr/bin/ceph: stderr
2024-02-17T10:09:40.188+0000 7f18d4889700 1 -- 172.21.15.5:0/1828480014 <== mon.0 v2:172.21.15.5:3300/0 1 ==== mon_map magic: 0 v1 ==== 229+0+0 (secure 0 0 0) 0x7f18c400b860 con 0x7f18d0078ce0
2024-02-17T10:09:40.943 INFO:teuthology.orchestra.run.smithi005.stdout:/usr/bin/ceph: stderr
2024-02-17T10:09:40.188+0000 7f18d4889700 1 -- 172.21.15.5:0/1828480014 <== mon.0 v2:172.21.15.5:3300/0 2 ==== config(27 keys) v1 ==== 1044+0+0 (secure 0 0 0) 0x7f18c400be50 con 0x7f18d0078ce0
2024-02-17T10:09:40.943 INFO:teuthology.orchestra.run.smithi005.stdout:/usr/bin/ceph: stderr
2024-02-17T10:09:40.188+0000 7f18d4889700 1 -- 172.21.15.5:0/1828480014 <== mon.0 v2:172.21.15.5:3300/0 3 ==== mon_map magic: 0 v1 ==== 229+0+0 (secure 0 0 0) 0x7f18c4010380 con 0x7f18d0078ce0
2024-02-17T10:09:40.943 INFO:teuthology.orchestra.run.smithi005.stdout:/usr/bin/ceph: stderr
2024-02-17T10:09:40.189+0000 7f18d7aef700 1 -- 172.21.15.5:0/1828480014 >> [v2:172.21.15.5:3300/0,v1:172.21.15.5:6789/0] conn(0x7f18d0078ce0 msgr2=0x7f18d00771f0 secure :-1 s=STATE_CONNECTION_ESTABLISHED l=1).mark_down
2024-02-17T10:09:40.944 INFO:teuthology.orchestra.run.smithi005.stdout:/usr/bin/ceph: stderr
2024-02-17T10:09:40.189+0000 7f18d7aef700 1 --2- 172.21.15.5:0/1828480014 >> [v2:172.21.15.5:3300/0,v1:172.21.15.5:6789/0] conn(0x7f18d0078ce0 0x7f18d00771f0 secure :-1 s=READY pgs=39 cs=0 l=1 rev1=1 crypto rx=0x7f18c40098e0 tx=0x7f18c4009250 comp rx=0 tx=0).stop
2024-02-17T10:09:40.944 INFO:teuthology.orchestra.run.smithi005.stdout:/usr/bin/ceph: stderr
2024-02-17T10:09:40.189+0000 7f18d7aef700 1 -- 172.21.15.5:0/1828480014 shutdown_connections
2024-02-17T10:09:40.944 INFO:teuthology.orchestra.run.smithi005.stdout:/usr/bin/ceph: stderr
2024-02-17T10:09:40.189+0000 7f18d7aef700 1 --2- 172.21.15.5:0/1828480014 >> [v2:172.21.15.5:3300/0,v1:172.21.15.5:6789/0] conn(0x7f18d0078ce0 0x7f18d00771f0 unknown :-1 s=CLOSED pgs=39 cs=0 l=1 rev1=1 crypto rx=0 tx=0 comp rx=0 tx=0).stop
2024-02-17T10:09:40.944 INFO:teuthology.orchestra.run.smithi005.stdout:/usr/bin/ceph: stderr
2024-02-17T10:09:40.189+0000 7f18d7aef700 1 -- 172.21.15.5:0/1828480014 >> 172.21.15.5:0/1828480014 conn(0x7f18d00fded0 msgr2=0x7f18d0100300 unknown :-1 s=STATE_NONE l=0).mark_down
2024-02-17T10:09:40.944 INFO:teuthology.orchestra.run.smithi005.stdout:/usr/bin/ceph: stderr
2024-02-17T10:09:40.189+0000 7f18d7aef700 1 -- 172.21.15.5:0/1828480014 shutdown_connections
2024-02-17T10:09:40.944 INFO:teuthology.orchestra.run.smithi005.stdout:/usr/bin/ceph: stderr
2024-02-17T10:09:40.189+0000 7f18d7aef700 1 -- 172.21.15.5:0/1828480014 wait complete.
2024-02-17T10:09:40.944 INFO:teuthology.orchestra.run.smithi005.stdout:/usr/bin/ceph: stderr
2024-02-17T10:09:40.190+0000 7f18d7aef700 1 Processor -- start
2024-02-17T10:09:40.944 INFO:teuthology.orchestra.run.smithi005.stdout:/usr/bin/ceph: stderr
2024-02-17T10:09:40.190+0000 7f18d7aef700 1 -- start start
2024-02-17T10:09:40.944 INFO:teuthology.orchestra.run.smithi005.stdout:/usr/bin/ceph: stderr
2024-02-17T10:09:40.190+0000 7f18d7aef700 1 --2- >> [v2:172.21.15.5:3300/0,v1:172.21.15.5:6789/0] conn(0x7f18d0078ce0 0x7f18d01137e0 unknown :-1 s=NONE pgs=0 cs=0 l=1 rev1=0 crypto rx=0 tx=0 comp rx=0 tx=0).connect
2024-02-17T10:09:40.944 INFO:teuthology.orchestra.run.smithi005.stdout:/usr/bin/ceph: stderr
2024-02-17T10:09:40.190+0000 7f18d7aef700 1 -- --> [v2:172.21.15.5:3300/0,v1:172.21.15.5:6789/0] -- mon_getmap magic: 0 v1 -- 0x7f18d0113d20 con 0x7f18d0078ce0
2024-02-17T10:09:40.944 INFO:teuthology.orchestra.run.smithi005.stdout:/usr/bin/ceph: stderr
2024-02-17T10:09:40.190+0000 7f18d588b700 1 --2- >> [v2:172.21.15.5:3300/0,v1:172.21.15.5:6789/0] conn(0x7f18d0078ce0 0x7f18d01137e0 unknown :-1 s=BANNER_CONNECTING pgs=0 cs=0 l=1 rev1=0 crypto rx=0 tx=0 comp rx=0 tx=0)._handle_peer_banner_payload supported=3 required=0
2024-02-17T10:09:40.944 INFO:teuthology.orchestra.run.smithi005.stdout:/usr/bin/ceph: stderr
2024-02-17T10:09:40.190+0000 7f18d588b700 1 --2- >> [v2:172.21.15.5:3300/0,v1:172.21.15.5:6789/0] conn(0x7f18d0078ce0 0x7f18d01137e0 unknown :-1 s=HELLO_CONNECTING pgs=0 cs=0 l=1 rev1=1 crypto rx=0 tx=0 comp rx=0 tx=0).handle_hello peer v2:172.21.15.5:3300/0 says I am v2:172.21.15.5:36490/0 (socket says 172.21.15.5:36490)
2024-02-17T10:09:40.945 INFO:teuthology.orchestra.run.smithi005.stdout:/usr/bin/ceph: stderr
2024-02-17T10:09:40.190+0000 7f18d588b700 1 -- 172.21.15.5:0/3279581961 learned_addr learned my addr 172.21.15.5:0/3279581961 (peer_addr_for_me v2:172.21.15.5:0/0)
2024-02-17T10:09:40.945 INFO:teuthology.orchestra.run.smithi005.stdout:/usr/bin/ceph: stderr
2024-02-17T10:09:40.190+0000 7f18d588b700 1 -- 172.21.15.5:0/3279581961 --> [v2:172.21.15.5:3300/0,v1:172.21.15.5:6789/0] -- mon_subscribe({config=0+,monmap=0+}) v3 -- 0x7f18c40094f0 con 0x7f18d0078ce0
2024-02-17T10:09:40.945 INFO:teuthology.orchestra.run.smithi005.stdout:/usr/bin/ceph: stderr
2024-02-17T10:09:40.190+0000 7f18d588b700 1 --2- 172.21.15.5:0/3279581961 >> [v2:172.21.15.5:3300/0,v1:172.21.15.5:6789/0] conn(0x7f18d0078ce0 0x7f18d01137e0 secure :-1 s=READY pgs=40 cs=0 l=1 rev1=1 crypto rx=0x7f18c4006fd0 tx=0x7f18c4009250 comp rx=0 tx=0).ready entity=mon.0 client_cookie=0 server_cookie=0 in_seq=0 out_seq=0
2024-02-17T10:09:40.945 INFO:teuthology.orchestra.run.smithi005.stdout:/usr/bin/ceph: stderr
2024-02-17T10:09:40.190+0000 7f18c27fc700 1 -- 172.21.15.5:0/3279581961 <== mon.0 v2:172.21.15.5:3300/0 1 ==== mon_map magic: 0 v1 ==== 229+0+0 (secure 0 0 0) 0x7f18c40107c0 con 0x7f18d0078ce0
2024-02-17T10:09:40.945 INFO:teuthology.orchestra.run.smithi005.stdout:/usr/bin/ceph: stderr
2024-02-17T10:09:40.190+0000 7f18d7aef700 1 -- 172.21.15.5:0/3279581961 --> [v2:172.21.15.5:3300/0,v1:172.21.15.5:6789/0] -- mon_subscribe({mgrmap=0+}) v3 -- 0x7f18d0113f20 con 0x7f18d0078ce0
2024-02-17T10:09:40.945 INFO:teuthology.orchestra.run.smithi005.stdout:/usr/bin/ceph: stderr
2024-02-17T10:09:40.190+0000 7f18c27fc700 1 -- 172.21.15.5:0/3279581961 <== mon.0 v2:172.21.15.5:3300/0 2 ==== config(27 keys) v1 ==== 1044+0+0 (secure 0 0 0) 0x7f18c4010db0 con 0x7f18d0078ce0
2024-02-17T10:09:40.945 INFO:teuthology.orchestra.run.smithi005.stdout:/usr/bin/ceph: stderr
2024-02-17T10:09:40.191+0000 7f18c27fc700 1 -- 172.21.15.5:0/3279581961 <== mon.0 v2:172.21.15.5:3300/0 3 ==== mon_map magic: 0 v1 ==== 229+0+0 (secure 0 0 0) 0x7f18c401ada0 con 0x7f18d0078ce0
2024-02-17T10:09:40.945 INFO:teuthology.orchestra.run.smithi005.stdout:/usr/bin/ceph: stderr
2024-02-17T10:09:40.191+0000 7f18d7aef700 1 -- 172.21.15.5:0/3279581961 --> [v2:172.21.15.5:3300/0,v1:172.21.15.5:6789/0] -- mon_subscribe({osdmap=0}) v3 -- 0x7f18d0114bc0 con 0x7f18d0078ce0
2024-02-17T10:09:40.945 INFO:teuthology.orchestra.run.smithi005.stdout:/usr/bin/ceph: stderr
2024-02-17T10:09:40.191+0000 7f18c27fc700 1 -- 172.21.15.5:0/3279581961 <== mon.0 v2:172.21.15.5:3300/0 4 ==== mgrmap(e 8) v1 ==== 43368+0+0 (secure 0 0 0) 0x7f18c4019450 con 0x7f18d0078ce0
2024-02-17T10:09:40.945 INFO:teuthology.orchestra.run.smithi005.stdout:/usr/bin/ceph: stderr
2024-02-17T10:09:40.191+0000 7f18d7aef700 1 -- 172.21.15.5:0/3279581961 --> [v2:172.21.15.5:3300/0,v1:172.21.15.5:6789/0] -- mon_command({"prefix": "get_command_descriptions"} v 0) v1 -- 0x7f18d005f5c0 con 0x7f18d0078ce0
2024-02-17T10:09:40.945 INFO:teuthology.orchestra.run.smithi005.stdout:/usr/bin/ceph: stderr
2024-02-17T10:09:40.191+0000 7f18c27fc700 1 --2- 172.21.15.5:0/3279581961 >> [v2:172.21.15.5:6800/80842838,v1:172.21.15.5:6801/80842838] conn(0x7f18bc036790 0x7f18bc038c40 unknown :-1 s=NONE pgs=0 cs=0 l=1 rev1=0 crypto rx=0 tx=0 comp rx=0 tx=0).connect
2024-02-17T10:09:40.945 INFO:teuthology.orchestra.run.smithi005.stdout:/usr/bin/ceph: stderr
2024-02-17T10:09:40.192+0000 7f18c27fc700 1 -- 172.21.15.5:0/3279581961 <== mon.0 v2:172.21.15.5:3300/0 5 ==== osd_map(2..2 src has 1..2) v4 ==== 936+0+0 (secure 0 0 0) 0x7f18c4049ec0 con 0x7f18d0078ce0
2024-02-17T10:09:40.945 INFO:teuthology.orchestra.run.smithi005.stdout:/usr/bin/ceph: stderr
2024-02-17T10:09:40.192+0000 7f18d508a700 1 --2- 172.21.15.5:0/3279581961 >> [v2:172.21.15.5:6800/80842838,v1:172.21.15.5:6801/80842838] conn(0x7f18bc036790 0x7f18bc038c40 unknown :-1 s=BANNER_CONNECTING pgs=0 cs=0 l=1 rev1=0 crypto rx=0 tx=0 comp rx=0 tx=0)._handle_peer_banner_payload supported=3 required=0
2024-02-17T10:09:40.945 INFO:teuthology.orchestra.run.smithi005.stdout:/usr/bin/ceph: stderr
2024-02-17T10:09:40.192+0000 7f18d508a700 1 --2- 172.21.15.5:0/3279581961 >> [v2:172.21.15.5:6800/80842838,v1:172.21.15.5:6801/80842838] conn(0x7f18bc036790 0x7f18bc038c40 secure :-1 s=READY pgs=8 cs=0 l=1 rev1=1 crypto rx=0x7f18cc009990 tx=0x7f18cc006e40 comp rx=0 tx=0).ready entity=mgr.14120 client_cookie=0 server_cookie=0 in_seq=0 out_seq=0
2024-02-17T10:09:40.946 INFO:teuthology.orchestra.run.smithi005.stdout:/usr/bin/ceph: stderr
2024-02-17T10:09:40.196+0000 7f18c27fc700 1 -- 172.21.15.5:0/3279581961 <== mon.0 v2:172.21.15.5:3300/0 6 ==== mon_command_ack([{"prefix": "get_command_descriptions"}]=0 v0) v1 ==== 72+0+175031 (secure 0 0 0) 0x7f18c4023cf0 con 0x7f18d0078ce0
2024-02-17T10:09:40.946 INFO:teuthology.orchestra.run.smithi005.stdout:/usr/bin/ceph: stderr
2024-02-17T10:09:40.394+0000 7f18d7aef700 1 -- 172.21.15.5:0/3279581961 --> [v2:172.21.15.5:6800/80842838,v1:172.21.15.5:6801/80842838] -- mgr_command(tid 0: {"prefix": "cephadm set-user", "user": "root", "target": ["mon-mgr", ""]}) v1 -- 0x7f18d01001f0 con 0x7f18bc036790
2024-02-17T10:09:40.946 INFO:teuthology.orchestra.run.smithi005.stdout:/usr/bin/ceph: stderr
2024-02-17T10:09:40.395+0000 7f18c27fc700 1 -- 172.21.15.5:0/3279581961 <== mgr.14120 v2:172.21.15.5:6800/80842838 1 ==== mgr_command_reply(tid 0: 0 ) v1 ==== 8+0+16 (secure 0 0 0) 0x7f18d01001f0 con 0x7f18bc036790
2024-02-17T10:09:40.946 INFO:teuthology.orchestra.run.smithi005.stdout:/usr/bin/ceph: stderr
2024-02-17T10:09:40.397+0000 7f18d7aef700 1 -- 172.21.15.5:0/3279581961 >> [v2:172.21.15.5:6800/80842838,v1:172.21.15.5:6801/80842838] conn(0x7f18bc036790 msgr2=0x7f18bc038c40 secure :-1 s=STATE_CONNECTION_ESTABLISHED l=1).mark_down
2024-02-17T10:09:40.946 INFO:teuthology.orchestra.run.smithi005.stdout:/usr/bin/ceph: stderr
2024-02-17T10:09:40.397+0000 7f18d7aef700 1 --2- 172.21.15.5:0/3279581961 >> [v2:172.21.15.5:6800/80842838,v1:172.21.15.5:6801/80842838] conn(0x7f18bc036790 0x7f18bc038c40 secure :-1 s=READY pgs=8 cs=0 l=1 rev1=1 crypto rx=0x7f18cc009990 tx=0x7f18cc006e40 comp rx=0 tx=0).stop
2024-02-17T10:09:40.946 INFO:teuthology.orchestra.run.smithi005.stdout:/usr/bin/ceph: stderr
2024-02-17T10:09:40.397+0000 7f18d7aef700 1 -- 172.21.15.5:0/3279581961 >> [v2:172.21.15.5:3300/0,v1:172.21.15.5:6789/0] conn(0x7f18d0078ce0 msgr2=0x7f18d01137e0 secure :-1 s=STATE_CONNECTION_ESTABLISHED l=1).mark_down
2024-02-17T10:09:40.946 INFO:teuthology.orchestra.run.smithi005.stdout:/usr/bin/ceph: stderr
2024-02-17T10:09:40.397+0000 7f18d7aef700 1 --2- 172.21.15.5:0/3279581961 >> [v2:172.21.15.5:3300/0,v1:172.21.15.5:6789/0] conn(0x7f18d0078ce0 0x7f18d01137e0 secure :-1 s=READY pgs=40 cs=0 l=1 rev1=1 crypto rx=0x7f18c4006fd0 tx=0x7f18c4009250 comp rx=0 tx=0).stop
2024-02-17T10:09:40.946 INFO:teuthology.orchestra.run.smithi005.stdout:/usr/bin/ceph: stderr
2024-02-17T10:09:40.397+0000 7f18d7aef700 1 -- 172.21.15.5:0/3279581961 shutdown_connections
2024-02-17T10:09:40.946 INFO:teuthology.orchestra.run.smithi005.stdout:/usr/bin/ceph: stderr
2024-02-17T10:09:40.397+0000 7f18d7aef700 1 --2- 172.21.15.5:0/3279581961 >> [v2:172.21.15.5:6800/80842838,v1:172.21.15.5:6801/80842838] conn(0x7f18bc036790 0x7f18bc038c40 unknown :-1 s=CLOSED pgs=8 cs=0 l=1 rev1=1 crypto rx=0 tx=0 comp rx=0 tx=0).stop
2024-02-17T10:09:40.946 INFO:teuthology.orchestra.run.smithi005.stdout:/usr/bin/ceph: stderr
2024-02-17T10:09:40.397+0000 7f18d7aef700 1 --2- 172.21.15.5:0/3279581961 >> [v2:172.21.15.5:3300/0,v1:172.21.15.5:6789/0] conn(0x7f18d0078ce0 0x7f18d01137e0 unknown :-1 s=CLOSED pgs=40 cs=0 l=1 rev1=1 crypto rx=0 tx=0 comp rx=0 tx=0).stop
2024-02-17T10:09:40.946 INFO:teuthology.orchestra.run.smithi005.stdout:/usr/bin/ceph: stderr
2024-02-17T10:09:40.397+0000 7f18d7aef700 1 -- 172.21.15.5:0/3279581961 >> 172.21.15.5:0/3279581961 conn(0x7f18d00fded0 msgr2=0x7f18d00ff5d0 unknown :-1 s=STATE_NONE l=0).mark_down
2024-02-17T10:09:40.946 INFO:teuthology.orchestra.run.smithi005.stdout:/usr/bin/ceph: stderr
2024-02-17T10:09:40.397+0000 7f18d7aef700 1 -- 172.21.15.5:0/3279581961 shutdown_connections
2024-02-17T10:09:40.946 INFO:teuthology.orchestra.run.smithi005.stdout:/usr/bin/ceph: stderr
2024-02-17T10:09:40.397+0000 7f18d7aef700 1 -- 172.21.15.5:0/3279581961 wait complete.
2024-02-17T10:09:40.946 INFO:teuthology.orchestra.run.smithi005.stdout:Generating ssh key...
2024-02-17T10:09:41.603 INFO:journalctl@ceph.mon.smithi005.smithi005.stdout:Feb 17 10:09:41 smithi005 ceph-mon[28904]: from='client.14134 -' entity='client.admin' cmd=[{"prefix": "cephadm set-user", "user": "root", "target": ["mon-mgr", ""]}]: dispatch
2024-02-17T10:09:42.358 INFO:teuthology.orchestra.run.smithi005.stdout:/usr/bin/ceph: stderr
2024-02-17T10:09:41.347+0000 7f934058f700 1 Processor -- start
2024-02-17T10:09:42.358 INFO:teuthology.orchestra.run.smithi005.stdout:/usr/bin/ceph: stderr
2024-02-17T10:09:41.347+0000 7f934058f700 1 -- start start
2024-02-17T10:09:42.358 INFO:teuthology.orchestra.run.smithi005.stdout:/usr/bin/ceph: stderr
2024-02-17T10:09:41.348+0000 7f934058f700 1 --2- >> [v2:172.21.15.5:3300/0,v1:172.21.15.5:6789/0] conn(0x7f9338078cc0 0x7f93380771d0 unknown :-1 s=NONE pgs=0 cs=0 l=0 rev1=0 crypto rx=0 tx=0 comp rx=0 tx=0).connect
2024-02-17T10:09:42.358 INFO:teuthology.orchestra.run.smithi005.stdout:/usr/bin/ceph: stderr
2024-02-17T10:09:41.348+0000 7f934058f700 1 -- --> [v2:172.21.15.5:3300/0,v1:172.21.15.5:6789/0] -- mon_getmap magic: 0 v1 -- 0x7f93380790d0 con 0x7f9338078cc0
2024-02-17T10:09:42.358 INFO:teuthology.orchestra.run.smithi005.stdout:/usr/bin/ceph: stderr
2024-02-17T10:09:41.348+0000 7f933e32b700 1 --2- >> [v2:172.21.15.5:3300/0,v1:172.21.15.5:6789/0] conn(0x7f9338078cc0 0x7f93380771d0 unknown :-1 s=BANNER_CONNECTING pgs=0 cs=0 l=0 rev1=0 crypto rx=0 tx=0 comp rx=0 tx=0)._handle_peer_banner_payload supported=3 required=0
2024-02-17T10:09:42.358 INFO:teuthology.orchestra.run.smithi005.stdout:/usr/bin/ceph: stderr
2024-02-17T10:09:41.348+0000 7f933e32b700 1 --2- >> [v2:172.21.15.5:3300/0,v1:172.21.15.5:6789/0] conn(0x7f9338078cc0 0x7f93380771d0 unknown :-1 s=HELLO_CONNECTING pgs=0 cs=0 l=0 rev1=1 crypto rx=0 tx=0 comp rx=0 tx=0).handle_hello peer v2:172.21.15.5:3300/0 says I am v2:172.21.15.5:36496/0 (socket says 172.21.15.5:36496)
2024-02-17T10:09:42.358 INFO:teuthology.orchestra.run.smithi005.stdout:/usr/bin/ceph: stderr
2024-02-17T10:09:41.348+0000 7f933e32b700 1 -- 172.21.15.5:0/1814646423 learned_addr learned my addr 172.21.15.5:0/1814646423 (peer_addr_for_me v2:172.21.15.5:0/0)
2024-02-17T10:09:42.358 INFO:teuthology.orchestra.run.smithi005.stdout:/usr/bin/ceph: stderr
2024-02-17T10:09:41.348+0000 7f933e32b700 1 -- 172.21.15.5:0/1814646423 --> [v2:172.21.15.5:3300/0,v1:172.21.15.5:6789/0] -- mon_subscribe({config=0+,monmap=0+}) v3 -- 0x7f9338077710 con 0x7f9338078cc0
2024-02-17T10:09:42.358 INFO:teuthology.orchestra.run.smithi005.stdout:/usr/bin/ceph: stderr
2024-02-17T10:09:41.348+0000 7f933e32b700 1 --2- 172.21.15.5:0/1814646423 >> [v2:172.21.15.5:3300/0,v1:172.21.15.5:6789/0] conn(0x7f9338078cc0 0x7f93380771d0 secure :-1 s=READY pgs=41 cs=0 l=1 rev1=1 crypto rx=0x7f93340098e0 tx=0x7f9334009250 comp rx=0 tx=0).ready entity=mon.0 client_cookie=f735b2076fa31c61 server_cookie=0 in_seq=0 out_seq=0
2024-02-17T10:09:42.358 INFO:teuthology.orchestra.run.smithi005.stdout:/usr/bin/ceph: stderr
2024-02-17T10:09:41.349+0000 7f933d329700 1 -- 172.21.15.5:0/1814646423 <== mon.0 v2:172.21.15.5:3300/0 1 ==== mon_map magic: 0 v1 ==== 229+0+0 (secure 0 0 0) 0x7f933400b860 con 0x7f9338078cc0
2024-02-17T10:09:42.359 INFO:teuthology.orchestra.run.smithi005.stdout:/usr/bin/ceph: stderr
2024-02-17T10:09:41.349+0000 7f933d329700 1 -- 172.21.15.5:0/1814646423 <== mon.0 v2:172.21.15.5:3300/0 2 ==== config(27 keys) v1 ==== 1044+0+0 (secure 0 0 0) 0x7f933400be50 con 0x7f9338078cc0
2024-02-17T10:09:42.359 INFO:teuthology.orchestra.run.smithi005.stdout:/usr/bin/ceph: stderr
2024-02-17T10:09:41.349+0000 7f933d329700 1 -- 172.21.15.5:0/1814646423 <== mon.0 v2:172.21.15.5:3300/0 3 ==== mon_map magic: 0 v1 ==== 229+0+0 (secure 0 0 0) 0x7f9334010380 con 0x7f9338078cc0
2024-02-17T10:09:42.359 INFO:teuthology.orchestra.run.smithi005.stdout:/usr/bin/ceph: stderr
2024-02-17T10:09:41.349+0000 7f934058f700 1 -- 172.21.15.5:0/1814646423 >> [v2:172.21.15.5:3300/0,v1:172.21.15.5:6789/0] conn(0x7f9338078cc0 msgr2=0x7f93380771d0 secure :-1 s=STATE_CONNECTION_ESTABLISHED l=1).mark_down
2024-02-17T10:09:42.359 INFO:teuthology.orchestra.run.smithi005.stdout:/usr/bin/ceph: stderr
2024-02-17T10:09:41.349+0000 7f934058f700 1 --2- 172.21.15.5:0/1814646423 >> [v2:172.21.15.5:3300/0,v1:172.21.15.5:6789/0] conn(0x7f9338078cc0 0x7f93380771d0 secure :-1 s=READY pgs=41 cs=0 l=1 rev1=1 crypto rx=0x7f93340098e0 tx=0x7f9334009250 comp rx=0 tx=0).stop
2024-02-17T10:09:42.359 INFO:teuthology.orchestra.run.smithi005.stdout:/usr/bin/ceph: stderr
2024-02-17T10:09:41.349+0000 7f934058f700 1 -- 172.21.15.5:0/1814646423 shutdown_connections
2024-02-17T10:09:42.359 INFO:teuthology.orchestra.run.smithi005.stdout:/usr/bin/ceph: stderr
2024-02-17T10:09:41.349+0000 7f934058f700 1 --2- 172.21.15.5:0/1814646423 >> [v2:172.21.15.5:3300/0,v1:172.21.15.5:6789/0] conn(0x7f9338078cc0 0x7f93380771d0 unknown :-1 s=CLOSED pgs=41 cs=0 l=1 rev1=1 crypto rx=0 tx=0 comp rx=0 tx=0).stop
2024-02-17T10:09:42.359 INFO:teuthology.orchestra.run.smithi005.stdout:/usr/bin/ceph: stderr
2024-02-17T10:09:41.349+0000 7f934058f700 1 -- 172.21.15.5:0/1814646423 >> 172.21.15.5:0/1814646423 conn(0x7f93380fded0 msgr2=0x7f9338100300 unknown :-1 s=STATE_NONE l=0).mark_down
2024-02-17T10:09:42.359 INFO:teuthology.orchestra.run.smithi005.stdout:/usr/bin/ceph: stderr
2024-02-17T10:09:41.349+0000 7f934058f700 1 -- 172.21.15.5:0/1814646423 shutdown_connections
2024-02-17T10:09:42.359 INFO:teuthology.orchestra.run.smithi005.stdout:/usr/bin/ceph: stderr
2024-02-17T10:09:41.349+0000 7f934058f700 1 -- 172.21.15.5:0/1814646423 wait complete.
2024-02-17T10:09:42.359 INFO:teuthology.orchestra.run.smithi005.stdout:/usr/bin/ceph: stderr
2024-02-17T10:09:41.350+0000 7f934058f700 1 Processor -- start
2024-02-17T10:09:42.359 INFO:teuthology.orchestra.run.smithi005.stdout:/usr/bin/ceph: stderr
2024-02-17T10:09:41.350+0000 7f934058f700 1 -- start start
2024-02-17T10:09:42.359 INFO:teuthology.orchestra.run.smithi005.stdout:/usr/bin/ceph: stderr
2024-02-17T10:09:41.350+0000 7f934058f700 1 --2- >> [v2:172.21.15.5:3300/0,v1:172.21.15.5:6789/0] conn(0x7f9338078cc0 0x7f9338113810 unknown :-1 s=NONE pgs=0 cs=0 l=1 rev1=0 crypto rx=0 tx=0 comp rx=0 tx=0).connect
2024-02-17T10:09:42.359 INFO:teuthology.orchestra.run.smithi005.stdout:/usr/bin/ceph: stderr
2024-02-17T10:09:41.350+0000 7f934058f700 1 -- --> [v2:172.21.15.5:3300/0,v1:172.21.15.5:6789/0] -- mon_getmap magic: 0 v1 -- 0x7f9338113d50 con 0x7f9338078cc0
2024-02-17T10:09:42.359 INFO:teuthology.orchestra.run.smithi005.stdout:/usr/bin/ceph: stderr
2024-02-17T10:09:41.350+0000 7f933e32b700 1 --2- >> [v2:172.21.15.5:3300/0,v1:172.21.15.5:6789/0] conn(0x7f9338078cc0 0x7f9338113810 unknown :-1 s=BANNER_CONNECTING pgs=0 cs=0 l=1 rev1=0 crypto rx=0 tx=0 comp rx=0 tx=0)._handle_peer_banner_payload supported=3 required=0
2024-02-17T10:09:42.359 INFO:teuthology.orchestra.run.smithi005.stdout:/usr/bin/ceph: stderr
2024-02-17T10:09:41.350+0000 7f933e32b700 1 --2- >> [v2:172.21.15.5:3300/0,v1:172.21.15.5:6789/0] conn(0x7f9338078cc0 0x7f9338113810 unknown :-1 s=HELLO_CONNECTING pgs=0 cs=0 l=1 rev1=1 crypto rx=0 tx=0 comp rx=0 tx=0).handle_hello peer v2:172.21.15.5:3300/0 says I am v2:172.21.15.5:36506/0 (socket says 172.21.15.5:36506)
2024-02-17T10:09:42.360 INFO:teuthology.orchestra.run.smithi005.stdout:/usr/bin/ceph: stderr
2024-02-17T10:09:41.350+0000 7f933e32b700 1 -- 172.21.15.5:0/3146023245 learned_addr learned my addr 172.21.15.5:0/3146023245 (peer_addr_for_me v2:172.21.15.5:0/0)
2024-02-17T10:09:42.360 INFO:teuthology.orchestra.run.smithi005.stdout:/usr/bin/ceph: stderr
2024-02-17T10:09:41.350+0000 7f933e32b700 1 -- 172.21.15.5:0/3146023245 --> [v2:172.21.15.5:3300/0,v1:172.21.15.5:6789/0] -- mon_subscribe({config=0+,monmap=0+}) v3 -- 0x7f93340094f0 con 0x7f9338078cc0
2024-02-17T10:09:42.360 INFO:teuthology.orchestra.run.smithi005.stdout:/usr/bin/ceph: stderr
2024-02-17T10:09:41.351+0000 7f933e32b700 1 --2- 172.21.15.5:0/3146023245 >> [v2:172.21.15.5:3300/0,v1:172.21.15.5:6789/0] conn(0x7f9338078cc0 0x7f9338113810 secure :-1 s=READY pgs=42 cs=0 l=1 rev1=1 crypto rx=0x7f933400b440 tx=0x7f9334009250 comp rx=0 tx=0).ready entity=mon.0 client_cookie=0 server_cookie=0 in_seq=0 out_seq=0
2024-02-17T10:09:42.360 INFO:teuthology.orchestra.run.smithi005.stdout:/usr/bin/ceph: stderr
2024-02-17T10:09:41.351+0000 7f932affd700 1 -- 172.21.15.5:0/3146023245 <== mon.0 v2:172.21.15.5:3300/0 1 ==== mon_map magic: 0 v1 ==== 229+0+0 (secure 0 0 0) 0x7f9334010760 con 0x7f9338078cc0
2024-02-17T10:09:42.360 INFO:teuthology.orchestra.run.smithi005.stdout:/usr/bin/ceph: stderr
2024-02-17T10:09:41.351+0000 7f932affd700 1 -- 172.21.15.5:0/3146023245 <== mon.0 v2:172.21.15.5:3300/0 2 ==== config(27 keys) v1 ==== 1044+0+0 (secure 0 0 0) 0x7f9334010d50 con 0x7f9338078cc0
2024-02-17T10:09:42.360 INFO:teuthology.orchestra.run.smithi005.stdout:/usr/bin/ceph: stderr
2024-02-17T10:09:41.351+0000 7f934058f700 1 -- 172.21.15.5:0/3146023245 --> [v2:172.21.15.5:3300/0,v1:172.21.15.5:6789/0] -- mon_subscribe({mgrmap=0+}) v3 -- 0x7f9338113f50 con 0x7f9338078cc0
2024-02-17T10:09:42.360 INFO:teuthology.orchestra.run.smithi005.stdout:/usr/bin/ceph: stderr
2024-02-17T10:09:41.351+0000 7f932affd700 1 -- 172.21.15.5:0/3146023245 <== mon.0 v2:172.21.15.5:3300/0 3 ==== mon_map magic: 0 v1 ==== 229+0+0 (secure 0 0 0) 0x7f933401adc0 con 0x7f9338078cc0
2024-02-17T10:09:42.360 INFO:teuthology.orchestra.run.smithi005.stdout:/usr/bin/ceph: stderr
2024-02-17T10:09:41.351+0000 7f934058f700 1 -- 172.21.15.5:0/3146023245 --> [v2:172.21.15.5:3300/0,v1:172.21.15.5:6789/0] -- mon_subscribe({osdmap=0}) v3 -- 0x7f9338114bf0 con 0x7f9338078cc0
2024-02-17T10:09:42.360 INFO:teuthology.orchestra.run.smithi005.stdout:/usr/bin/ceph: stderr
2024-02-17T10:09:41.352+0000 7f932affd700 1 -- 172.21.15.5:0/3146023245 <== mon.0 v2:172.21.15.5:3300/0 4 ==== mgrmap(e 8) v1 ==== 43368+0+0 (secure 0 0 0) 0x7f93340193c0 con 0x7f9338078cc0
2024-02-17T10:09:42.360 INFO:teuthology.orchestra.run.smithi005.stdout:/usr/bin/ceph: stderr
2024-02-17T10:09:41.352+0000 7f932affd700 1 --2- 172.21.15.5:0/3146023245 >> [v2:172.21.15.5:6800/80842838,v1:172.21.15.5:6801/80842838] conn(0x7f93240367e0 0x7f9324038c90 unknown :-1 s=NONE pgs=0 cs=0 l=1 rev1=0 crypto rx=0 tx=0 comp rx=0 tx=0).connect
2024-02-17T10:09:42.360 INFO:teuthology.orchestra.run.smithi005.stdout:/usr/bin/ceph: stderr
2024-02-17T10:09:41.352+0000 7f932affd700 1 -- 172.21.15.5:0/3146023245 <== mon.0 v2:172.21.15.5:3300/0 5 ==== osd_map(2..2 src has 1..2) v4 ==== 936+0+0 (secure 0 0 0) 0x7f9334049fa0 con 0x7f9338078cc0
2024-02-17T10:09:42.360 INFO:teuthology.orchestra.run.smithi005.stdout:/usr/bin/ceph: stderr
2024-02-17T10:09:41.352+0000 7f933db2a700 1 --2- 172.21.15.5:0/3146023245 >> [v2:172.21.15.5:6800/80842838,v1:172.21.15.5:6801/80842838] conn(0x7f93240367e0 0x7f9324038c90 unknown :-1 s=BANNER_CONNECTING pgs=0 cs=0 l=1 rev1=0 crypto rx=0 tx=0 comp rx=0 tx=0)._handle_peer_banner_payload supported=3 required=0
2024-02-17T10:09:42.360 INFO:teuthology.orchestra.run.smithi005.stdout:/usr/bin/ceph: stderr
2024-02-17T10:09:41.352+0000 7f934058f700 1 -- 172.21.15.5:0/3146023245 --> [v2:172.21.15.5:3300/0,v1:172.21.15.5:6789/0] -- mon_command({"prefix": "get_command_descriptions"} v 0) v1 -- 0x7f93381143e0 con 0x7f9338078cc0
2024-02-17T10:09:42.361 INFO:teuthology.orchestra.run.smithi005.stdout:/usr/bin/ceph: stderr
2024-02-17T10:09:41.352+0000 7f933db2a700 1 --2- 172.21.15.5:0/3146023245 >> [v2:172.21.15.5:6800/80842838,v1:172.21.15.5:6801/80842838] conn(0x7f93240367e0 0x7f9324038c90 secure :-1 s=READY pgs=9 cs=0 l=1 rev1=1 crypto rx=0x7f932c009990 tx=0x7f932c006e40 comp rx=0 tx=0).ready entity=mgr.14120 client_cookie=0 server_cookie=0 in_seq=0 out_seq=0
2024-02-17T10:09:42.361 INFO:teuthology.orchestra.run.smithi005.stdout:/usr/bin/ceph: stderr
2024-02-17T10:09:41.357+0000 7f932affd700 1 -- 172.21.15.5:0/3146023245 <== mon.0 v2:172.21.15.5:3300/0 6 ==== mon_command_ack([{"prefix": "get_command_descriptions"}]=0 v0) v1 ==== 72+0+175031 (secure 0 0 0) 0x7f9334023940 con 0x7f9338078cc0
2024-02-17T10:09:42.361 INFO:teuthology.orchestra.run.smithi005.stdout:/usr/bin/ceph: stderr
2024-02-17T10:09:41.552+0000 7f934058f700 1 -- 172.21.15.5:0/3146023245 --> [v2:172.21.15.5:6800/80842838,v1:172.21.15.5:6801/80842838] -- mgr_command(tid 0: {"prefix": "cephadm generate-key", "target": ["mon-mgr", ""]}) v1 -- 0x7f9338100210 con 0x7f93240367e0
2024-02-17T10:09:42.361 INFO:teuthology.orchestra.run.smithi005.stdout:/usr/bin/ceph: stderr
2024-02-17T10:09:41.769+0000 7f932affd700 1 -- 172.21.15.5:0/3146023245 <== mgr.14120 v2:172.21.15.5:6800/80842838 1 ==== mgr_command_reply(tid 0: 0 ) v1 ==== 8+0+0 (secure 0 0 0) 0x7f9338100210 con 0x7f93240367e0
2024-02-17T10:09:42.361 INFO:teuthology.orchestra.run.smithi005.stdout:/usr/bin/ceph: stderr
2024-02-17T10:09:41.771+0000 7f934058f700 1 -- 172.21.15.5:0/3146023245 >> [v2:172.21.15.5:6800/80842838,v1:172.21.15.5:6801/80842838] conn(0x7f93240367e0 msgr2=0x7f9324038c90 secure :-1 s=STATE_CONNECTION_ESTABLISHED l=1).mark_down
2024-02-17T10:09:42.361 INFO:teuthology.orchestra.run.smithi005.stdout:/usr/bin/ceph: stderr
2024-02-17T10:09:41.771+0000 7f934058f700 1 --2- 172.21.15.5:0/3146023245 >> [v2:172.21.15.5:6800/80842838,v1:172.21.15.5:6801/80842838] conn(0x7f93240367e0 0x7f9324038c90 secure :-1 s=READY pgs=9 cs=0 l=1 rev1=1 crypto rx=0x7f932c009990 tx=0x7f932c006e40 comp rx=0 tx=0).stop
2024-02-17T10:09:42.361 INFO:teuthology.orchestra.run.smithi005.stdout:/usr/bin/ceph: stderr
