2024-02-17T11:48:51.043+0000 7fd16659c700 1 --2- 172.21.15.94:0/674223339 >> [v2:172.21.15.94:6800/2384585889,v1:172.21.15.94:6801/2384585889] conn(0x7fd150038ee0 0x7fd15003b3a0 secure :-1 s=READY pgs=16 cs=0 l=1 rev1=1 crypto rx=0x7fd15c006fd0 tx=0x7fd15c006e40 comp rx=0 tx=0).ready entity=mgr.14120 client_cookie=0 server_cookie=0 in_seq=0 out_seq=0
2024-02-17T11:48:52.438 INFO:teuthology.orchestra.run.smithi094.stdout:/usr/bin/ceph: stderr
2024-02-17T11:48:51.047+0000 7fd14ffff700 1 -- 172.21.15.94:0/674223339 <== mon.0 v2:172.21.15.94:3300/0 6 ==== mon_command_ack([{"prefix": "get_command_descriptions"}]=0 v0) v1 ==== 72+0+183564 (secure 0 0 0) 0x7fd158018dc0 con 0x7fd168108130
2024-02-17T11:48:52.438 INFO:teuthology.orchestra.run.smithi094.stdout:/usr/bin/ceph: stderr
2024-02-17T11:48:51.312+0000 7fd16d055700 1 -- 172.21.15.94:0/674223339 --> [v2:172.21.15.94:3300/0,v1:172.21.15.94:6789/0] -- mon_command({"prefix": "mgr module enable", "module": "dashboard"} v 0) v1 -- 0x7fd16810ba70 con 0x7fd168108130
2024-02-17T11:48:52.438 INFO:teuthology.orchestra.run.smithi094.stdout:/usr/bin/ceph: stderr
2024-02-17T11:48:51.666+0000 7fd14ffff700 1 -- 172.21.15.94:0/674223339 <== mon.0 v2:172.21.15.94:3300/0 7 ==== mon_command_ack([{"prefix": "mgr module enable", "module": "dashboard"}]=0 v9) v1 ==== 88+0+0 (secure 0 0 0) 0x7fd158018be0 con 0x7fd168108130
2024-02-17T11:48:52.438 INFO:teuthology.orchestra.run.smithi094.stdout:/usr/bin/ceph: stderr
2024-02-17T11:48:51.667+0000 7fd14ffff700 1 -- 172.21.15.94:0/674223339 <== mon.0 v2:172.21.15.94:3300/0 8 ==== mgrmap(e 9) v1 ==== 45945+0+0 (secure 0 0 0) 0x7fd15802d9b0 con 0x7fd168108130
2024-02-17T11:48:52.438 INFO:teuthology.orchestra.run.smithi094.stdout:/usr/bin/ceph: stderr
2024-02-17T11:48:51.668+0000 7fd16d055700 1 -- 172.21.15.94:0/674223339 >> [v2:172.21.15.94:6800/2384585889,v1:172.21.15.94:6801/2384585889] conn(0x7fd150038ee0 msgr2=0x7fd15003b3a0 secure :-1 s=STATE_CONNECTION_ESTABLISHED l=1).mark_down
2024-02-17T11:48:52.438 INFO:teuthology.orchestra.run.smithi094.stdout:/usr/bin/ceph: stderr
2024-02-17T11:48:51.668+0000 7fd16d055700 1 --2- 172.21.15.94:0/674223339 >> [v2:172.21.15.94:6800/2384585889,v1:172.21.15.94:6801/2384585889] conn(0x7fd150038ee0 0x7fd15003b3a0 secure :-1 s=READY pgs=16 cs=0 l=1 rev1=1 crypto rx=0x7fd15c006fd0 tx=0x7fd15c006e40 comp rx=0 tx=0).stop
2024-02-17T11:48:52.438 INFO:teuthology.orchestra.run.smithi094.stdout:/usr/bin/ceph: stderr
2024-02-17T11:48:51.668+0000 7fd16d055700 1 -- 172.21.15.94:0/674223339 >> [v2:172.21.15.94:3300/0,v1:172.21.15.94:6789/0] conn(0x7fd168108130 msgr2=0x7fd16819d5b0 secure :-1 s=STATE_CONNECTION_ESTABLISHED l=1).mark_down
2024-02-17T11:48:52.438 INFO:teuthology.orchestra.run.smithi094.stdout:/usr/bin/ceph: stderr
2024-02-17T11:48:51.668+0000 7fd16d055700 1 --2- 172.21.15.94:0/674223339 >> [v2:172.21.15.94:3300/0,v1:172.21.15.94:6789/0] conn(0x7fd168108130 0x7fd16819d5b0 secure :-1 s=READY pgs=56 cs=0 l=1 rev1=1 crypto rx=0x7fd158003f20 tx=0x7fd158011b00 comp rx=0 tx=0).stop
2024-02-17T11:48:52.438 INFO:teuthology.orchestra.run.smithi094.stdout:/usr/bin/ceph: stderr
2024-02-17T11:48:51.668+0000 7fd16d055700 1 -- 172.21.15.94:0/674223339 shutdown_connections
2024-02-17T11:48:52.438 INFO:teuthology.orchestra.run.smithi094.stdout:/usr/bin/ceph: stderr
2024-02-17T11:48:51.668+0000 7fd16d055700 1 --2- 172.21.15.94:0/674223339 >> [v2:172.21.15.94:6800/2384585889,v1:172.21.15.94:6801/2384585889] conn(0x7fd150038ee0 0x7fd15003b3a0 unknown :-1 s=CLOSED pgs=16 cs=0 l=1 rev1=1 crypto rx=0 tx=0 comp rx=0 tx=0).stop
2024-02-17T11:48:52.438 INFO:teuthology.orchestra.run.smithi094.stdout:/usr/bin/ceph: stderr
2024-02-17T11:48:51.668+0000 7fd16d055700 1 --2- 172.21.15.94:0/674223339 >> [v2:172.21.15.94:3300/0,v1:172.21.15.94:6789/0] conn(0x7fd168108130 0x7fd16819d5b0 unknown :-1 s=CLOSED pgs=56 cs=0 l=1 rev1=1 crypto rx=0 tx=0 comp rx=0 tx=0).stop
2024-02-17T11:48:52.439 INFO:teuthology.orchestra.run.smithi094.stdout:/usr/bin/ceph: stderr
2024-02-17T11:48:51.668+0000 7fd16d055700 1 -- 172.21.15.94:0/674223339 >> 172.21.15.94:0/674223339 conn(0x7fd168101a80 msgr2=0x7fd168102510 unknown :-1 s=STATE_NONE l=0).mark_down
2024-02-17T11:48:52.439 INFO:teuthology.orchestra.run.smithi094.stdout:/usr/bin/ceph: stderr
2024-02-17T11:48:51.669+0000 7fd16d055700 1 -- 172.21.15.94:0/674223339 shutdown_connections
2024-02-17T11:48:52.439 INFO:teuthology.orchestra.run.smithi094.stdout:/usr/bin/ceph: stderr
2024-02-17T11:48:51.669+0000 7fd16d055700 1 -- 172.21.15.94:0/674223339 wait complete.
2024-02-17T11:48:52.705 INFO:journalctl@ceph.mon.a.smithi094.stdout:Feb 17 11:48:52 smithi094 ceph-mon[32499]: from='client.? 172.21.15.94:0/674223339' entity='client.admin' cmd='[{"prefix": "mgr module enable", "module": "dashboard"}]': finished
2024-02-17T11:48:52.705 INFO:journalctl@ceph.mon.a.smithi094.stdout:Feb 17 11:48:52 smithi094 ceph-mon[32499]: mgrmap e9: x(active, since 19s)
2024-02-17T11:48:53.061 INFO:journalctl@ceph.mgr.x.smithi094.stdout:Feb 17 11:48:52 smithi094 ceph-3bc5cfc8-cd8a-11ee-95ba-87774f69a715-mgr-x[32729]:
2024-02-17T11:48:52.983+0000 7f1c212b4200 -1 mgr[py] Module zabbix has missing NOTIFY_TYPES member
2024-02-17T11:48:53.317 INFO:journalctl@ceph.mgr.x.smithi094.stdout:Feb 17 11:48:53 smithi094 ceph-3bc5cfc8-cd8a-11ee-95ba-87774f69a715-mgr-x[32729]:
2024-02-17T11:48:53.079+0000 7f1c212b4200 -1 mgr[py] Module balancer has missing NOTIFY_TYPES member
2024-02-17T11:48:53.317 INFO:journalctl@ceph.mgr.x.smithi094.stdout:Feb 17 11:48:53 smithi094 ceph-3bc5cfc8-cd8a-11ee-95ba-87774f69a715-mgr-x[32729]:
2024-02-17T11:48:53.225+0000 7f1c212b4200 -1 mgr[py] Module influx has missing NOTIFY_TYPES member
2024-02-17T11:48:53.596 INFO:journalctl@ceph.mgr.x.smithi094.stdout:Feb 17 11:48:53 smithi094 ceph-3bc5cfc8-cd8a-11ee-95ba-87774f69a715-mgr-x[32729]:
2024-02-17T11:48:53.321+0000 7f1c212b4200 -1 mgr[py] Module alerts has missing NOTIFY_TYPES member
2024-02-17T11:48:53.596 INFO:journalctl@ceph.mgr.x.smithi094.stdout:Feb 17 11:48:53 smithi094 ceph-3bc5cfc8-cd8a-11ee-95ba-87774f69a715-mgr-x[32729]:
2024-02-17T11:48:53.403+0000 7f1c212b4200 -1 mgr[py] Module iostat has missing NOTIFY_TYPES member
2024-02-17T11:48:53.862 INFO:journalctl@ceph.mon.a.smithi094.stdout:Feb 17 11:48:53 smithi094 ceph-mon[32499]: from='client.? 172.21.15.94:0/534786361' entity='client.admin' cmd=[{"prefix": "mgr stat"}]: dispatch
2024-02-17T11:48:53.863 INFO:journalctl@ceph.mgr.x.smithi094.stdout:Feb 17 11:48:53 smithi094 ceph-3bc5cfc8-cd8a-11ee-95ba-87774f69a715-mgr-x[32729]:
2024-02-17T11:48:53.667+0000 7f1c212b4200 -1 mgr[py] Module rgw has missing NOTIFY_TYPES member
2024-02-17T11:48:53.863 INFO:journalctl@ceph.mgr.x.smithi094.stdout:Feb 17 11:48:53 smithi094 ceph-3bc5cfc8-cd8a-11ee-95ba-87774f69a715-mgr-x[32729]:
2024-02-17T11:48:53.777+0000 7f1c212b4200 -1 mgr[py] Module rbd_support has missing NOTIFY_TYPES member
2024-02-17T11:48:53.863 INFO:journalctl@ceph.mgr.x.smithi094.stdout:Feb 17 11:48:53 smithi094 ceph-3bc5cfc8-cd8a-11ee-95ba-87774f69a715-mgr-x[32729]:
2024-02-17T11:48:53.863+0000 7f1c212b4200 -1 mgr[py] Module progress has missing NOTIFY_TYPES member
2024-02-17T11:48:53.880 INFO:teuthology.orchestra.run.smithi094.stdout:/usr/bin/ceph: stdout {
2024-02-17T11:48:53.881 INFO:teuthology.orchestra.run.smithi094.stdout:/usr/bin/ceph: stdout "epoch": 9,
2024-02-17T11:48:53.881 INFO:teuthology.orchestra.run.smithi094.stdout:/usr/bin/ceph: stdout "available": true,
2024-02-17T11:48:53.881 INFO:teuthology.orchestra.run.smithi094.stdout:/usr/bin/ceph: stdout "active_name": "x",
2024-02-17T11:48:53.881 INFO:teuthology.orchestra.run.smithi094.stdout:/usr/bin/ceph: stdout "num_standby": 0
2024-02-17T11:48:53.881 INFO:teuthology.orchestra.run.smithi094.stdout:/usr/bin/ceph: stdout }
2024-02-17T11:48:53.881 INFO:teuthology.orchestra.run.smithi094.stdout:/usr/bin/ceph: stderr
2024-02-17T11:48:52.856+0000 7fdd70949700 1 Processor -- start
2024-02-17T11:48:53.881 INFO:teuthology.orchestra.run.smithi094.stdout:/usr/bin/ceph: stderr
2024-02-17T11:48:52.856+0000 7fdd70949700 1 -- start start
2024-02-17T11:48:53.881 INFO:teuthology.orchestra.run.smithi094.stdout:/usr/bin/ceph: stderr
2024-02-17T11:48:52.856+0000 7fdd70949700 1 --2- >> [v2:172.21.15.94:3300/0,v1:172.21.15.94:6789/0] conn(0x7fdd6c1080a0 0x7fdd6c10a490 unknown :-1 s=NONE pgs=0 cs=0 l=0 rev1=0 crypto rx=0 tx=0 comp rx=0 tx=0).connect
2024-02-17T11:48:53.881 INFO:teuthology.orchestra.run.smithi094.stdout:/usr/bin/ceph: stderr
2024-02-17T11:48:52.856+0000 7fdd70949700 1 -- --> [v2:172.21.15.94:3300/0,v1:172.21.15.94:6789/0] -- mon_getmap magic: 0 v1 -- 0x7fdd6c07ae90 con 0x7fdd6c1080a0
2024-02-17T11:48:53.881 INFO:teuthology.orchestra.run.smithi094.stdout:/usr/bin/ceph: stderr
2024-02-17T11:48:52.857+0000 7fdd6a59c700 1 --2- >> [v2:172.21.15.94:3300/0,v1:172.21.15.94:6789/0] conn(0x7fdd6c1080a0 0x7fdd6c10a490 unknown :-1 s=BANNER_CONNECTING pgs=0 cs=0 l=0 rev1=0 crypto rx=0 tx=0 comp rx=0 tx=0)._handle_peer_banner_payload supported=3 required=0
2024-02-17T11:48:53.881 INFO:teuthology.orchestra.run.smithi094.stdout:/usr/bin/ceph: stderr
2024-02-17T11:48:52.857+0000 7fdd6a59c700 1 --2- >> [v2:172.21.15.94:3300/0,v1:172.21.15.94:6789/0] conn(0x7fdd6c1080a0 0x7fdd6c10a490 unknown :-1 s=HELLO_CONNECTING pgs=0 cs=0 l=0 rev1=1 crypto rx=0 tx=0 comp rx=0 tx=0).handle_hello peer v2:172.21.15.94:3300/0 says I am v2:172.21.15.94:35066/0 (socket says 172.21.15.94:35066)
2024-02-17T11:48:53.882 INFO:teuthology.orchestra.run.smithi094.stdout:/usr/bin/ceph: stderr
2024-02-17T11:48:52.857+0000 7fdd6a59c700 1 -- 172.21.15.94:0/4290601562 learned_addr learned my addr 172.21.15.94:0/4290601562 (peer_addr_for_me v2:172.21.15.94:0/0)
2024-02-17T11:48:53.882 INFO:teuthology.orchestra.run.smithi094.stdout:/usr/bin/ceph: stderr
2024-02-17T11:48:52.857+0000 7fdd6a59c700 1 -- 172.21.15.94:0/4290601562 --> [v2:172.21.15.94:3300/0,v1:172.21.15.94:6789/0] -- mon_subscribe({config=0+,monmap=0+}) v3 -- 0x7fdd6c10a9d0 con 0x7fdd6c1080a0
2024-02-17T11:48:53.882 INFO:teuthology.orchestra.run.smithi094.stdout:/usr/bin/ceph: stderr
2024-02-17T11:48:52.857+0000 7fdd6a59c700 1 --2- 172.21.15.94:0/4290601562 >> [v2:172.21.15.94:3300/0,v1:172.21.15.94:6789/0] conn(0x7fdd6c1080a0 0x7fdd6c10a490 secure :-1 s=READY pgs=59 cs=0 l=1 rev1=1 crypto rx=0x7fdd5c0098a0 tx=0x7fdd5c009bb0 comp rx=0 tx=0).ready entity=mon.0 client_cookie=8bda1a04885e2dcc server_cookie=0 in_seq=0 out_seq=0
2024-02-17T11:48:53.882 INFO:teuthology.orchestra.run.smithi094.stdout:/usr/bin/ceph: stderr
2024-02-17T11:48:52.857+0000 7fdd6959a700 1 -- 172.21.15.94:0/4290601562 <== mon.0 v2:172.21.15.94:3300/0 1 ==== mon_map magic: 0 v1 ==== 205+0+0 (secure 0 0 0) 0x7fdd5c004160 con 0x7fdd6c1080a0
2024-02-17T11:48:53.882 INFO:teuthology.orchestra.run.smithi094.stdout:/usr/bin/ceph: stderr
2024-02-17T11:48:52.857+0000 7fdd6959a700 1 -- 172.21.15.94:0/4290601562 <== mon.0 v2:172.21.15.94:3300/0 2 ==== config(27 keys) v1 ==== 1140+0+0 (secure 0 0 0) 0x7fdd5c0042c0 con 0x7fdd6c1080a0
2024-02-17T11:48:53.882 INFO:teuthology.orchestra.run.smithi094.stdout:/usr/bin/ceph: stderr
2024-02-17T11:48:52.857+0000 7fdd6959a700 1 -- 172.21.15.94:0/4290601562 <== mon.0 v2:172.21.15.94:3300/0 3 ==== mon_map magic: 0 v1 ==== 205+0+0 (secure 0 0 0) 0x7fdd5c011a80 con 0x7fdd6c1080a0
2024-02-17T11:48:53.882 INFO:teuthology.orchestra.run.smithi094.stdout:/usr/bin/ceph: stderr
2024-02-17T11:48:52.858+0000 7fdd70949700 1 -- 172.21.15.94:0/4290601562 >> [v2:172.21.15.94:3300/0,v1:172.21.15.94:6789/0] conn(0x7fdd6c1080a0 msgr2=0x7fdd6c10a490 secure :-1 s=STATE_CONNECTION_ESTABLISHED l=1).mark_down
2024-02-17T11:48:53.882 INFO:teuthology.orchestra.run.smithi094.stdout:/usr/bin/ceph: stderr
2024-02-17T11:48:52.858+0000 7fdd70949700 1 --2- 172.21.15.94:0/4290601562 >> [v2:172.21.15.94:3300/0,v1:172.21.15.94:6789/0] conn(0x7fdd6c1080a0 0x7fdd6c10a490 secure :-1 s=READY pgs=59 cs=0 l=1 rev1=1 crypto rx=0x7fdd5c0098a0 tx=0x7fdd5c009bb0 comp rx=0 tx=0).stop
2024-02-17T11:48:53.882 INFO:teuthology.orchestra.run.smithi094.stdout:/usr/bin/ceph: stderr
2024-02-17T11:48:52.858+0000 7fdd70949700 1 -- 172.21.15.94:0/4290601562 shutdown_connections
2024-02-17T11:48:53.883 INFO:teuthology.orchestra.run.smithi094.stdout:/usr/bin/ceph: stderr
2024-02-17T11:48:52.858+0000 7fdd70949700 1 --2- 172.21.15.94:0/4290601562 >> [v2:172.21.15.94:3300/0,v1:172.21.15.94:6789/0] conn(0x7fdd6c1080a0 0x7fdd6c10a490 unknown :-1 s=CLOSED pgs=59 cs=0 l=1 rev1=1 crypto rx=0 tx=0 comp rx=0 tx=0).stop
2024-02-17T11:48:53.883 INFO:teuthology.orchestra.run.smithi094.stdout:/usr/bin/ceph: stderr
2024-02-17T11:48:52.858+0000 7fdd70949700 1 -- 172.21.15.94:0/4290601562 >> 172.21.15.94:0/4290601562 conn(0x7fdd6c101ad0 msgr2=0x7fdd6c103ef0 unknown :-1 s=STATE_NONE l=0).mark_down
2024-02-17T11:48:53.883 INFO:teuthology.orchestra.run.smithi094.stdout:/usr/bin/ceph: stderr
2024-02-17T11:48:52.858+0000 7fdd70949700 1 -- 172.21.15.94:0/4290601562 shutdown_connections
2024-02-17T11:48:53.883 INFO:teuthology.orchestra.run.smithi094.stdout:/usr/bin/ceph: stderr
2024-02-17T11:48:52.858+0000 7fdd70949700 1 -- 172.21.15.94:0/4290601562 wait complete.
2024-02-17T11:48:53.883 INFO:teuthology.orchestra.run.smithi094.stdout:/usr/bin/ceph: stderr
2024-02-17T11:48:52.859+0000 7fdd70949700 1 Processor -- start
2024-02-17T11:48:53.883 INFO:teuthology.orchestra.run.smithi094.stdout:/usr/bin/ceph: stderr
2024-02-17T11:48:52.859+0000 7fdd70949700 1 -- start start
2024-02-17T11:48:53.883 INFO:teuthology.orchestra.run.smithi094.stdout:/usr/bin/ceph: stderr
2024-02-17T11:48:52.859+0000 7fdd70949700 1 --2- >> [v2:172.21.15.94:3300/0,v1:172.21.15.94:6789/0] conn(0x7fdd6c1080a0 0x7fdd6c19b3a0 unknown :-1 s=NONE pgs=0 cs=0 l=1 rev1=0 crypto rx=0 tx=0 comp rx=0 tx=0).connect
2024-02-17T11:48:53.883 INFO:teuthology.orchestra.run.smithi094.stdout:/usr/bin/ceph: stderr
2024-02-17T11:48:52.859+0000 7fdd70949700 1 -- --> [v2:172.21.15.94:3300/0,v1:172.21.15.94:6789/0] -- mon_getmap magic: 0 v1 -- 0x7fdd6c19b8e0 con 0x7fdd6c1080a0
2024-02-17T11:48:53.883 INFO:teuthology.orchestra.run.smithi094.stdout:/usr/bin/ceph: stderr
2024-02-17T11:48:52.859+0000 7fdd6a59c700 1 --2- >> [v2:172.21.15.94:3300/0,v1:172.21.15.94:6789/0] conn(0x7fdd6c1080a0 0x7fdd6c19b3a0 unknown :-1 s=BANNER_CONNECTING pgs=0 cs=0 l=1 rev1=0 crypto rx=0 tx=0 comp rx=0 tx=0)._handle_peer_banner_payload supported=3 required=0
2024-02-17T11:48:53.883 INFO:teuthology.orchestra.run.smithi094.stdout:/usr/bin/ceph: stderr
2024-02-17T11:48:52.859+0000 7fdd6a59c700 1 --2- >> [v2:172.21.15.94:3300/0,v1:172.21.15.94:6789/0] conn(0x7fdd6c1080a0 0x7fdd6c19b3a0 unknown :-1 s=HELLO_CONNECTING pgs=0 cs=0 l=1 rev1=1 crypto rx=0 tx=0 comp rx=0 tx=0).handle_hello peer v2:172.21.15.94:3300/0 says I am v2:172.21.15.94:35070/0 (socket says 172.21.15.94:35070)
2024-02-17T11:48:53.883 INFO:teuthology.orchestra.run.smithi094.stdout:/usr/bin/ceph: stderr
2024-02-17T11:48:52.859+0000 7fdd6a59c700 1 -- 172.21.15.94:0/534786361 learned_addr learned my addr 172.21.15.94:0/534786361 (peer_addr_for_me v2:172.21.15.94:0/0)
2024-02-17T11:48:53.883 INFO:teuthology.orchestra.run.smithi094.stdout:/usr/bin/ceph: stderr
2024-02-17T11:48:52.860+0000 7fdd6a59c700 1 -- 172.21.15.94:0/534786361 --> [v2:172.21.15.94:3300/0,v1:172.21.15.94:6789/0] -- mon_subscribe({config=0+,monmap=0+}) v3 -- 0x7fdd5c009550 con 0x7fdd6c1080a0
2024-02-17T11:48:53.883 INFO:teuthology.orchestra.run.smithi094.stdout:/usr/bin/ceph: stderr
2024-02-17T11:48:52.860+0000 7fdd6a59c700 1 --2- 172.21.15.94:0/534786361 >> [v2:172.21.15.94:3300/0,v1:172.21.15.94:6789/0] conn(0x7fdd6c1080a0 0x7fdd6c19b3a0 secure :-1 s=READY pgs=60 cs=0 l=1 rev1=1 crypto rx=0x7fdd5c003f20 tx=0x7fdd5c011b00 comp rx=0 tx=0).ready entity=mon.0 client_cookie=0 server_cookie=0 in_seq=0 out_seq=0
2024-02-17T11:48:53.884 INFO:teuthology.orchestra.run.smithi094.stdout:/usr/bin/ceph: stderr
2024-02-17T11:48:52.860+0000 7fdd5b7fe700 1 -- 172.21.15.94:0/534786361 <== mon.0 v2:172.21.15.94:3300/0 1 ==== mon_map magic: 0 v1 ==== 205+0+0 (secure 0 0 0) 0x7fdd5c0039f0 con 0x7fdd6c1080a0
2024-02-17T11:48:53.884 INFO:teuthology.orchestra.run.smithi094.stdout:/usr/bin/ceph: stderr
2024-02-17T11:48:52.860+0000 7fdd5b7fe700 1 -- 172.21.15.94:0/534786361 <== mon.0 v2:172.21.15.94:3300/0 2 ==== config(27 keys) v1 ==== 1140+0+0 (secure 0 0 0) 0x7fdd5c003b50 con 0x7fdd6c1080a0
2024-02-17T11:48:53.884 INFO:teuthology.orchestra.run.smithi094.stdout:/usr/bin/ceph: stderr
2024-02-17T11:48:52.860+0000 7fdd70949700 1 -- 172.21.15.94:0/534786361 --> [v2:172.21.15.94:3300/0,v1:172.21.15.94:6789/0] -- mon_subscribe({mgrmap=0+}) v3 -- 0x7fdd6c19bae0 con 0x7fdd6c1080a0
2024-02-17T11:48:53.884 INFO:teuthology.orchestra.run.smithi094.stdout:/usr/bin/ceph: stderr
2024-02-17T11:48:52.860+0000 7fdd5b7fe700 1 -- 172.21.15.94:0/534786361 <== mon.0 v2:172.21.15.94:3300/0 3 ==== mon_map magic: 0 v1 ==== 205+0+0 (secure 0 0 0) 0x7fdd5c01a6d0 con 0x7fdd6c1080a0
2024-02-17T11:48:53.884 INFO:teuthology.orchestra.run.smithi094.stdout:/usr/bin/ceph: stderr
2024-02-17T11:48:52.860+0000 7fdd70949700 1 -- 172.21.15.94:0/534786361 --> [v2:172.21.15.94:3300/0,v1:172.21.15.94:6789/0] -- mon_subscribe({osdmap=0}) v3 -- 0x7fdd6c19bf80 con 0x7fdd6c1080a0
2024-02-17T11:48:53.884 INFO:teuthology.orchestra.run.smithi094.stdout:/usr/bin/ceph: stderr
2024-02-17T11:48:52.861+0000 7fdd5b7fe700 1 -- 172.21.15.94:0/534786361 <== mon.0 v2:172.21.15.94:3300/0 4 ==== mgrmap(e 9) v1 ==== 45945+0+0 (secure 0 0 0) 0x7fdd5c01a9c0 con 0x7fdd6c1080a0
2024-02-17T11:48:53.884 INFO:teuthology.orchestra.run.smithi094.stdout:/usr/bin/ceph: stderr
2024-02-17T11:48:52.861+0000 7fdd70949700 1 -- 172.21.15.94:0/534786361 --> [v2:172.21.15.94:3300/0,v1:172.21.15.94:6789/0] -- mon_command({"prefix": "get_command_descriptions"} v 0) v1 -- 0x7fdd6c10b810 con 0x7fdd6c1080a0
2024-02-17T11:48:53.884 INFO:teuthology.orchestra.run.smithi094.stdout:/usr/bin/ceph: stderr
2024-02-17T11:48:52.861+0000 7fdd5b7fe700 1 --2- 172.21.15.94:0/534786361 >> [v2:172.21.15.94:6800/2384585889,v1:172.21.15.94:6801/2384585889] conn(0x7fdd54038f40 0x7fdd5403b400 unknown :-1 s=NONE pgs=0 cs=0 l=1 rev1=0 crypto rx=0 tx=0 comp rx=0 tx=0).connect
2024-02-17T11:48:53.884 INFO:teuthology.orchestra.run.smithi094.stdout:/usr/bin/ceph: stderr
2024-02-17T11:48:52.861+0000 7fdd5b7fe700 1 -- 172.21.15.94:0/534786361 <== mon.0 v2:172.21.15.94:3300/0 5 ==== osd_map(2..2 src has 1..2) v4 ==== 940+0+0 (secure 0 0 0) 0x7fdd5c04d310 con 0x7fdd6c1080a0
2024-02-17T11:48:53.884 INFO:teuthology.orchestra.run.smithi094.stdout:/usr/bin/ceph: stderr
2024-02-17T11:48:52.861+0000 7fdd69d9b700 1 -- 172.21.15.94:0/534786361 >> [v2:172.21.15.94:6800/2384585889,v1:172.21.15.94:6801/2384585889] conn(0x7fdd54038f40 msgr2=0x7fdd5403b400 unknown :-1 s=STATE_CONNECTING_RE l=1).process reconnect failed to v2:172.21.15.94:6800/2384585889
2024-02-17T11:48:53.884 INFO:teuthology.orchestra.run.smithi094.stdout:/usr/bin/ceph: stderr
2024-02-17T11:48:52.861+0000 7fdd69d9b700 1 --2- 172.21.15.94:0/534786361 >> [v2:172.21.15.94:6800/2384585889,v1:172.21.15.94:6801/2384585889] conn(0x7fdd54038f40 0x7fdd5403b400 unknown :-1 s=START_CONNECT pgs=0 cs=0 l=1 rev1=0 crypto rx=0 tx=0 comp rx=0 tx=0)._fault waiting 0.200000
2024-02-17T11:48:53.884 INFO:teuthology.orchestra.run.smithi094.stdout:/usr/bin/ceph: stderr
2024-02-17T11:48:52.866+0000 7fdd5b7fe700 1 -- 172.21.15.94:0/534786361 <== mon.0 v2:172.21.15.94:3300/0 6 ==== mon_command_ack([{"prefix": "get_command_descriptions"}]=0 v0) v1 ==== 72+0+183564 (secure 0 0 0) 0x7fdd5c022740 con 0x7fdd6c1080a0
2024-02-17T11:48:53.885 INFO:teuthology.orchestra.run.smithi094.stdout:/usr/bin/ceph: stderr
2024-02-17T11:48:53.062+0000 7fdd69d9b700 1 -- 172.21.15.94:0/534786361 >> [v2:172.21.15.94:6800/2384585889,v1:172.21.15.94:6801/2384585889] conn(0x7fdd54038f40 msgr2=0x7fdd5403b400 unknown :-1 s=STATE_CONNECTING_RE l=1).process reconnect failed to v2:172.21.15.94:6800/2384585889
2024-02-17T11:48:53.885 INFO:teuthology.orchestra.run.smithi094.stdout:/usr/bin/ceph: stderr
2024-02-17T11:48:53.062+0000 7fdd69d9b700 1 --2- 172.21.15.94:0/534786361 >> [v2:172.21.15.94:6800/2384585889,v1:172.21.15.94:6801/2384585889] conn(0x7fdd54038f40 0x7fdd5403b400 unknown :-1 s=START_CONNECT pgs=0 cs=0 l=1 rev1=0 crypto rx=0 tx=0 comp rx=0 tx=0)._fault waiting 0.400000
2024-02-17T11:48:53.885 INFO:teuthology.orchestra.run.smithi094.stdout:/usr/bin/ceph: stderr
2024-02-17T11:48:53.125+0000 7fdd70949700 1 -- 172.21.15.94:0/534786361 --> [v2:172.21.15.94:3300/0,v1:172.21.15.94:6789/0] -- mon_command({"prefix": "mgr stat"} v 0) v1 -- 0x7fdd6c19e860 con 0x7fdd6c1080a0
2024-02-17T11:48:53.885 INFO:teuthology.orchestra.run.smithi094.stdout:/usr/bin/ceph: stderr
2024-02-17T11:48:53.126+0000 7fdd5b7fe700 1 -- 172.21.15.94:0/534786361 <== mon.0 v2:172.21.15.94:3300/0 7 ==== mon_command_ack([{"prefix": "mgr stat"}]=0 v9) v1 ==== 56+0+88 (secure 0 0 0) 0x7fdd5c02c350 con 0x7fdd6c1080a0
2024-02-17T11:48:53.885 INFO:teuthology.orchestra.run.smithi094.stdout:/usr/bin/ceph: stderr
2024-02-17T11:48:53.128+0000 7fdd70949700 1 -- 172.21.15.94:0/534786361 >> [v2:172.21.15.94:6800/2384585889,v1:172.21.15.94:6801/2384585889] conn(0x7fdd54038f40 msgr2=0x7fdd5403b400 unknown :-1 s=STATE_CONNECTING l=1).mark_down
2024-02-17T11:48:53.885 INFO:teuthology.orchestra.run.smithi094.stdout:/usr/bin/ceph: stderr
2024-02-17T11:48:53.128+0000 7fdd70949700 1 --2- 172.21.15.94:0/534786361 >> [v2:172.21.15.94:6800/2384585889,v1:172.21.15.94:6801/2384585889] conn(0x7fdd54038f40 0x7fdd5403b400 unknown :-1 s=START_CONNECT pgs=0 cs=0 l=1 rev1=0 crypto rx=0 tx=0 comp rx=0 tx=0).stop
2024-02-17T11:48:53.885 INFO:teuthology.orchestra.run.smithi094.stdout:/usr/bin/ceph: stderr
2024-02-17T11:48:53.128+0000 7fdd70949700 1 -- 172.21.15.94:0/534786361 >> [v2:172.21.15.94:3300/0,v1:172.21.15.94:6789/0] conn(0x7fdd6c1080a0 msgr2=0x7fdd6c19b3a0 secure :-1 s=STATE_CONNECTION_ESTABLISHED l=1).mark_down
2024-02-17T11:48:53.885 INFO:teuthology.orchestra.run.smithi094.stdout:/usr/bin/ceph: stderr
2024-02-17T11:48:53.128+0000 7fdd70949700 1 --2- 172.21.15.94:0/534786361 >> [v2:172.21.15.94:3300/0,v1:172.21.15.94:6789/0] conn(0x7fdd6c1080a0 0x7fdd6c19b3a0 secure :-1 s=READY pgs=60 cs=0 l=1 rev1=1 crypto rx=0x7fdd5c003f20 tx=0x7fdd5c011b00 comp rx=0 tx=0).stop
2024-02-17T11:48:53.885 INFO:teuthology.orchestra.run.smithi094.stdout:/usr/bin/ceph: stderr
2024-02-17T11:48:53.128+0000 7fdd70949700 1 -- 172.21.15.94:0/534786361 shutdown_connections
2024-02-17T11:48:53.885 INFO:teuthology.orchestra.run.smithi094.stdout:/usr/bin/ceph: stderr
2024-02-17T11:48:53.128+0000 7fdd70949700 1 --2- 172.21.15.94:0/534786361 >> [v2:172.21.15.94:6800/2384585889,v1:172.21.15.94:6801/2384585889] conn(0x7fdd54038f40 0x7fdd5403b400 unknown :-1 s=CLOSED pgs=0 cs=0 l=1 rev1=0 crypto rx=0 tx=0 comp rx=0 tx=0).stop
2024-02-17T11:48:53.885 INFO:teuthology.orchestra.run.smithi094.stdout:/usr/bin/ceph: stderr
2024-02-17T11:48:53.128+0000 7fdd70949700 1 --2- 172.21.15.94:0/534786361 >> [v2:172.21.15.94:3300/0,v1:172.21.15.94:6789/0] conn(0x7fdd6c1080a0 0x7fdd6c19b3a0 unknown :-1 s=CLOSED pgs=60 cs=0 l=1 rev1=1 crypto rx=0 tx=0 comp rx=0 tx=0).stop
2024-02-17T11:48:53.885 INFO:teuthology.orchestra.run.smithi094.stdout:/usr/bin/ceph: stderr
2024-02-17T11:48:53.128+0000 7fdd70949700 1 -- 172.21.15.94:0/534786361 >> 172.21.15.94:0/534786361 conn(0x7fdd6c101ad0 msgr2=0x7fdd6c1025a0 unknown :-1 s=STATE_NONE l=0).mark_down
2024-02-17T11:48:53.885 INFO:teuthology.orchestra.run.smithi094.stdout:/usr/bin/ceph: stderr
2024-02-17T11:48:53.128+0000 7fdd70949700 1 -- 172.21.15.94:0/534786361 shutdown_connections
2024-02-17T11:48:53.886 INFO:teuthology.orchestra.run.smithi094.stdout:/usr/bin/ceph: stderr
2024-02-17T11:48:53.128+0000 7fdd70949700 1 -- 172.21.15.94:0/534786361 wait complete.
2024-02-17T11:48:53.886 INFO:teuthology.orchestra.run.smithi094.stdout:Waiting for the mgr to restart...
2024-02-17T11:48:53.886 INFO:teuthology.orchestra.run.smithi094.stdout:Waiting for mgr epoch 9...
2024-02-17T11:48:54.146 INFO:journalctl@ceph.mgr.x.smithi094.stdout:Feb 17 11:48:53 smithi094 ceph-3bc5cfc8-cd8a-11ee-95ba-87774f69a715-mgr-x[32729]:
2024-02-17T11:48:53.967+0000 7f1c212b4200 -1 mgr[py] Module pg_autoscaler has missing NOTIFY_TYPES member
2024-02-17T11:48:54.455 INFO:journalctl@ceph.mgr.x.smithi094.stdout:Feb 17 11:48:54 smithi094 ceph-3bc5cfc8-cd8a-11ee-95ba-87774f69a715-mgr-x[32729]:
2024-02-17T11:48:54.147+0000 7f1c212b4200 -1 mgr[py] Module devicehealth has missing NOTIFY_TYPES member
2024-02-17T11:48:55.205 INFO:journalctl@ceph.mgr.x.smithi094.stdout:Feb 17 11:48:55 smithi094 ceph-3bc5cfc8-cd8a-11ee-95ba-87774f69a715-mgr-x[32729]:
2024-02-17T11:48:55.113+0000 7f1c212b4200 -1 mgr[py] Module rook has missing NOTIFY_TYPES member
2024-02-17T11:48:55.582 INFO:journalctl@ceph.mgr.x.smithi094.stdout:Feb 17 11:48:55 smithi094 ceph-3bc5cfc8-cd8a-11ee-95ba-87774f69a715-mgr-x[32729]:
2024-02-17T11:48:55.242+0000 7f1c212b4200 -1 mgr[py] Module diskprediction_local has missing NOTIFY_TYPES member
2024-02-17T11:48:55.582 INFO:journalctl@ceph.mgr.x.smithi094.stdout:Feb 17 11:48:55 smithi094 ceph-3bc5cfc8-cd8a-11ee-95ba-87774f69a715-mgr-x[32729]:
2024-02-17T11:48:55.582+0000 7f1c212b4200 -1 mgr[py] Module selftest has missing NOTIFY_TYPES member
2024-02-17T11:48:55.871 INFO:journalctl@ceph.mgr.x.smithi094.stdout:Feb 17 11:48:55 smithi094 ceph-3bc5cfc8-cd8a-11ee-95ba-87774f69a715-mgr-x[32729]:
2024-02-17T11:48:55.673+0000 7f1c212b4200 -1 mgr[py] Module telegraf has missing NOTIFY_TYPES member
2024-02-17T11:48:55.871 INFO:journalctl@ceph.mgr.x.smithi094.stdout:Feb 17 11:48:55 smithi094 ceph-3bc5cfc8-cd8a-11ee-95ba-87774f69a715-mgr-x[32729]:
2024-02-17T11:48:55.872+0000 7f1c212b4200 -1 mgr[py] Module test_orchestrator has missing NOTIFY_TYPES member
2024-02-17T11:48:56.205 INFO:journalctl@ceph.mgr.x.smithi094.stdout:Feb 17 11:48:56 smithi094 ceph-3bc5cfc8-cd8a-11ee-95ba-87774f69a715-mgr-x[32729]:
2024-02-17T11:48:56.058+0000 7f1c212b4200 -1 mgr[py] Module crash has missing NOTIFY_TYPES member
2024-02-17T11:48:56.601 INFO:journalctl@ceph.mgr.x.smithi094.stdout:Feb 17 11:48:56 smithi094 ceph-3bc5cfc8-cd8a-11ee-95ba-87774f69a715-mgr-x[32729]:
2024-02-17T11:48:56.345+0000 7f1c212b4200 -1 mgr[py] Module orchestrator has missing NOTIFY_TYPES member
2024-02-17T11:48:56.601 INFO:journalctl@ceph.mgr.x.smithi094.stdout:Feb 17 11:48:56 smithi094 ceph-3bc5cfc8-cd8a-11ee-95ba-87774f69a715-mgr-x[32729]:
2024-02-17T11:48:56.602+0000 7f1c212b4200 -1 mgr[py] Module osd_support has missing NOTIFY_TYPES member
2024-02-17T11:48:56.955 INFO:journalctl@ceph.mgr.x.smithi094.stdout:Feb 17 11:48:56 smithi094 ceph-3bc5cfc8-cd8a-11ee-95ba-87774f69a715-mgr-x[32729]:
2024-02-17T11:48:56.839+0000 7f1c212b4200 -1 mgr[py] Module volumes has missing NOTIFY_TYPES member
2024-02-17T11:48:57.955 INFO:journalctl@ceph.mgr.x.smithi094.stdout:Feb 17 11:48:57 smithi094 ceph-3bc5cfc8-cd8a-11ee-95ba-87774f69a715-mgr-x[32729]:
2024-02-17T11:48:57.650+0000 7f1c212b4200 -1 mgr[py] Module telemetry has missing NOTIFY_TYPES member
2024-02-17T11:48:58.540 INFO:journalctl@ceph.mgr.x.smithi094.stdout:Feb 17 11:48:58 smithi094 ceph-3bc5cfc8-cd8a-11ee-95ba-87774f69a715-mgr-x[32729]:
2024-02-17T11:48:58.220+0000 7f1c212b4200 -1 mgr[py] Module prometheus has missing NOTIFY_TYPES member
2024-02-17T11:48:58.540 INFO:journalctl@ceph.mgr.x.smithi094.stdout:Feb 17 11:48:58 smithi094 ceph-3bc5cfc8-cd8a-11ee-95ba-87774f69a715-mgr-x[32729]:
2024-02-17T11:48:58.320+0000 7f1c212b4200 -1 mgr[py] Module status has missing NOTIFY_TYPES member
2024-02-17T11:48:58.540 INFO:journalctl@ceph.mgr.x.smithi094.stdout:Feb 17 11:48:58 smithi094 ceph-3bc5cfc8-cd8a-11ee-95ba-87774f69a715-mgr-x[32729]:
2024-02-17T11:48:58.540+0000 7f1c212b4200 -1 mgr[py] Module nfs has missing NOTIFY_TYPES member
2024-02-17T11:48:58.955 INFO:journalctl@ceph.mon.a.smithi094.stdout:Feb 17 11:48:58 smithi094 ceph-mon[32499]: Active manager daemon x restarted
2024-02-17T11:48:58.955 INFO:journalctl@ceph.mon.a.smithi094.stdout:Feb 17 11:48:58 smithi094 ceph-mon[32499]: Activating manager daemon x
2024-02-17T11:48:58.956 INFO:journalctl@ceph.mon.a.smithi094.stdout:Feb 17 11:48:58 smithi094 ceph-mon[32499]: osdmap e3: 0 total, 0 up, 0 in
2024-02-17T11:48:58.956 INFO:journalctl@ceph.mon.a.smithi094.stdout:Feb 17 11:48:58 smithi094 ceph-mon[32499]: mgrmap e10: x(active, starting, since 0.00327s)
2024-02-17T11:48:58.956 INFO:journalctl@ceph.mon.a.smithi094.stdout:Feb 17 11:48:58 smithi094 ceph-mon[32499]: from='mgr.14152 172.21.15.94:0/872745640' entity='mgr.x' cmd=[{"prefix": "mon metadata", "id": "a"}]: dispatch
2024-02-17T11:48:58.956 INFO:journalctl@ceph.mon.a.smithi094.stdout:Feb 17 11:48:58 smithi094 ceph-mon[32499]: from='mgr.14152 172.21.15.94:0/872745640' entity='mgr.x' cmd=[{"prefix": "mgr metadata", "who": "x", "id": "x"}]: dispatch
2024-02-17T11:48:58.956 INFO:journalctl@ceph.mon.a.smithi094.stdout:Feb 17 11:48:58 smithi094 ceph-mon[32499]: from='mgr.14152 172.21.15.94:0/872745640' entity='mgr.x' cmd=[{"prefix": "mds metadata"}]: dispatch
2024-02-17T11:48:58.956 INFO:journalctl@ceph.mon.a.smithi094.stdout:Feb 17 11:48:58 smithi094 ceph-mon[32499]: from='mgr.14152 172.21.15.94:0/872745640' entity='mgr.x' cmd=[{"prefix": "osd metadata"}]: dispatch
2024-02-17T11:48:58.956 INFO:journalctl@ceph.mon.a.smithi094.stdout:Feb 17 11:48:58 smithi094 ceph-mon[32499]: from='mgr.14152 172.21.15.94:0/872745640' entity='mgr.x' cmd=[{"prefix": "mon metadata"}]: dispatch
2024-02-17T11:48:58.956 INFO:journalctl@ceph.mon.a.smithi094.stdout:Feb 17 11:48:58 smithi094 ceph-mon[32499]: Manager daemon x is now available
2024-02-17T11:48:58.956 INFO:journalctl@ceph.mon.a.smithi094.stdout:Feb 17 11:48:58 smithi094 ceph-mon[32499]: from='mgr.14152 172.21.15.94:0/872745640' entity='mgr.x' cmd=[{"prefix": "config dump", "format": "json"}]: dispatch
2024-02-17T11:48:58.957 INFO:journalctl@ceph.mon.a.smithi094.stdout:Feb 17 11:48:58 smithi094 ceph-mon[32499]: from='mgr.14152 172.21.15.94:0/872745640' entity='mgr.x' cmd=[{"prefix": "config dump", "format": "json"}]: dispatch
2024-02-17T11:48:59.955 INFO:journalctl@ceph.mon.a.smithi094.stdout:Feb 17 11:48:59 smithi094 ceph-mon[32499]: from='mgr.14152 172.21.15.94:0/872745640' entity='mgr.x' cmd=[{"prefix":"config rm","who":"mgr","name":"mgr/rbd_support/x/mirror_snapshot_schedule"}]: dispatch
2024-02-17T11:48:59.956 INFO:journalctl@ceph.mon.a.smithi094.stdout:Feb 17 11:48:59 smithi094 ceph-mon[32499]: from='mgr.14152 172.21.15.94:0/872745640' entity='mgr.x' cmd=[{"prefix":"config rm","who":"mgr","name":"mgr/rbd_support/x/trash_purge_schedule"}]: dispatch
2024-02-17T11:48:59.956 INFO:journalctl@ceph.mon.a.smithi094.stdout:Feb 17 11:48:59 smithi094 ceph-mon[32499]: mgrmap e11: x(active, since 1.0058s)
2024-02-17T11:49:00.150 INFO:teuthology.orchestra.run.smithi094.stdout:/usr/bin/ceph: stdout {
2024-02-17T11:49:00.150 INFO:teuthology.orchestra.run.smithi094.stdout:/usr/bin/ceph: stdout "mgrmap_epoch": 11,
2024-02-17T11:49:00.150 INFO:teuthology.orchestra.run.smithi094.stdout:/usr/bin/ceph: stdout "initialized": true
2024-02-17T11:49:00.150 INFO:teuthology.orchestra.run.smithi094.stdout:/usr/bin/ceph: stdout }
2024-02-17T11:49:00.150 INFO:teuthology.orchestra.run.smithi094.stdout:/usr/bin/ceph: stderr
2024-02-17T11:48:54.303+0000 7ff1f5d00700 1 Processor -- start
2024-02-17T11:49:00.150 INFO:teuthology.orchestra.run.smithi094.stdout:/usr/bin/ceph: stderr
2024-02-17T11:48:54.303+0000 7ff1f5d00700 1 -- start start
2024-02-17T11:49:00.150 INFO:teuthology.orchestra.run.smithi094.stdout:/usr/bin/ceph: stderr
2024-02-17T11:48:54.304+0000 7ff1f5d00700 1 --2- >> [v2:172.21.15.94:3300/0,v1:172.21.15.94:6789/0] conn(0x7ff1f0105ed0 0x7ff1f01062f0 unknown :-1 s=NONE pgs=0 cs=0 l=0 rev1=0 crypto rx=0 tx=0 comp rx=0 tx=0).connect
2024-02-17T11:49:00.151 INFO:teuthology.orchestra.run.smithi094.stdout:/usr/bin/ceph: stderr
2024-02-17T11:48:54.304+0000 7ff1f5d00700 1 -- --> [v2:172.21.15.94:3300/0,v1:172.21.15.94:6789/0] -- mon_getmap magic: 0 v1 -- 0x7ff1f007ae30 con 0x7ff1f0105ed0
2024-02-17T11:49:00.151 INFO:teuthology.orchestra.run.smithi094.stdout:/usr/bin/ceph: stderr
2024-02-17T11:48:54.304+0000 7ff1ef7fe700 1 --2- >> [v2:172.21.15.94:3300/0,v1:172.21.15.94:6789/0] conn(0x7ff1f0105ed0 0x7ff1f01062f0 unknown :-1 s=BANNER_CONNECTING pgs=0 cs=0 l=0 rev1=0 crypto rx=0 tx=0 comp rx=0 tx=0)._handle_peer_banner_payload supported=3 required=0
2024-02-17T11:49:00.151 INFO:teuthology.orchestra.run.smithi094.stdout:/usr/bin/ceph: stderr
2024-02-17T11:48:54.304+0000 7ff1ef7fe700 1 --2- >> [v2:172.21.15.94:3300/0,v1:172.21.15.94:6789/0] conn(0x7ff1f0105ed0 0x7ff1f01062f0 unknown :-1 s=HELLO_CONNECTING pgs=0 cs=0 l=0 rev1=1 crypto rx=0 tx=0 comp rx=0 tx=0).handle_hello peer v2:172.21.15.94:3300/0 says I am v2:172.21.15.94:35084/0 (socket says 172.21.15.94:35084)
2024-02-17T11:49:00.151 INFO:teuthology.orchestra.run.smithi094.stdout:/usr/bin/ceph: stderr
2024-02-17T11:48:54.304+0000 7ff1ef7fe700 1 -- 172.21.15.94:0/3116215835 learned_addr learned my addr 172.21.15.94:0/3116215835 (peer_addr_for_me v2:172.21.15.94:0/0)
2024-02-17T11:49:00.151 INFO:teuthology.orchestra.run.smithi094.stdout:/usr/bin/ceph: stderr
2024-02-17T11:48:54.304+0000 7ff1ef7fe700 1 -- 172.21.15.94:0/3116215835 --> [v2:172.21.15.94:3300/0,v1:172.21.15.94:6789/0] -- mon_subscribe({config=0+,monmap=0+}) v3 -- 0x7ff1f007af70 con 0x7ff1f0105ed0
2024-02-17T11:49:00.151 INFO:teuthology.orchestra.run.smithi094.stdout:/usr/bin/ceph: stderr
2024-02-17T11:48:54.304+0000 7ff1ef7fe700 1 --2- 172.21.15.94:0/3116215835 >> [v2:172.21.15.94:3300/0,v1:172.21.15.94:6789/0] conn(0x7ff1f0105ed0 0x7ff1f01062f0 secure :-1 s=READY pgs=61 cs=0 l=1 rev1=1 crypto rx=0x7ff1e00098a0 tx=0x7ff1e0009bb0 comp rx=0 tx=0).ready entity=mon.0 client_cookie=6e4bf3623f8139b5 server_cookie=0 in_seq=0 out_seq=0
2024-02-17T11:49:00.151 INFO:teuthology.orchestra.run.smithi094.stdout:/usr/bin/ceph: stderr
2024-02-17T11:48:54.304+0000 7ff1ee7fc700 1 -- 172.21.15.94:0/3116215835 <== mon.0 v2:172.21.15.94:3300/0 1 ==== mon_map magic: 0 v1 ==== 205+0+0 (secure 0 0 0) 0x7ff1e0004160 con 0x7ff1f0105ed0
2024-02-17T11:49:00.151 INFO:teuthology.orchestra.run.smithi094.stdout:/usr/bin/ceph: stderr
2024-02-17T11:48:54.304+0000 7ff1ee7fc700 1 -- 172.21.15.94:0/3116215835 <== mon.0 v2:172.21.15.94:3300/0 2 ==== config(27 keys) v1 ==== 1140+0+0 (secure 0 0 0) 0x7ff1e00042c0 con 0x7ff1f0105ed0
2024-02-17T11:49:00.151 INFO:teuthology.orchestra.run.smithi094.stdout:/usr/bin/ceph: stderr
2024-02-17T11:48:54.304+0000 7ff1ee7fc700 1 -- 172.21.15.94:0/3116215835 <== mon.0 v2:172.21.15.94:3300/0 3 ==== mon_map magic: 0 v1 ==== 205+0+0 (secure 0 0 0) 0x7ff1e0011a80 con 0x7ff1f0105ed0
2024-02-17T11:49:00.151 INFO:teuthology.orchestra.run.smithi094.stdout:/usr/bin/ceph: stderr
2024-02-17T11:48:54.305+0000 7ff1f5d00700 1 -- 172.21.15.94:0/3116215835 >> [v2:172.21.15.94:3300/0,v1:172.21.15.94:6789/0] conn(0x7ff1f0105ed0 msgr2=0x7ff1f01062f0 secure :-1 s=STATE_CONNECTION_ESTABLISHED l=1).mark_down
2024-02-17T11:49:00.151 INFO:teuthology.orchestra.run.smithi094.stdout:/usr/bin/ceph: stderr
2024-02-17T11:48:54.305+0000 7ff1f5d00700 1 --2- 172.21.15.94:0/3116215835 >> [v2:172.21.15.94:3300/0,v1:172.21.15.94:6789/0] conn(0x7ff1f0105ed0 0x7ff1f01062f0 secure :-1 s=READY pgs=61 cs=0 l=1 rev1=1 crypto rx=0x7ff1e00098a0 tx=0x7ff1e0009bb0 comp rx=0 tx=0).stop
2024-02-17T11:49:00.151 INFO:teuthology.orchestra.run.smithi094.stdout:/usr/bin/ceph: stderr
2024-02-17T11:48:54.305+0000 7ff1f5d00700 1 -- 172.21.15.94:0/3116215835 shutdown_connections
2024-02-17T11:49:00.151 INFO:teuthology.orchestra.run.smithi094.stdout:/usr/bin/ceph: stderr
2024-02-17T11:48:54.305+0000 7ff1f5d00700 1 --2- 172.21.15.94:0/3116215835 >> [v2:172.21.15.94:3300/0,v1:172.21.15.94:6789/0] conn(0x7ff1f0105ed0 0x7ff1f01062f0 unknown :-1 s=CLOSED pgs=61 cs=0 l=1 rev1=1 crypto rx=0 tx=0 comp rx=0 tx=0).stop
2024-02-17T11:49:00.152 INFO:teuthology.orchestra.run.smithi094.stdout:/usr/bin/ceph: stderr
2024-02-17T11:48:54.305+0000 7ff1f5d00700 1 -- 172.21.15.94:0/3116215835 >> 172.21.15.94:0/3116215835 conn(0x7ff1f0101ad0 msgr2=0x7ff1f0103ef0 unknown :-1 s=STATE_NONE l=0).mark_down
2024-02-17T11:49:00.152 INFO:teuthology.orchestra.run.smithi094.stdout:/usr/bin/ceph: stderr
2024-02-17T11:48:54.305+0000 7ff1f5d00700 1 -- 172.21.15.94:0/3116215835 shutdown_connections
2024-02-17T11:49:00.152 INFO:teuthology.orchestra.run.smithi094.stdout:/usr/bin/ceph: stderr
2024-02-17T11:48:54.305+0000 7ff1f5d00700 1 -- 172.21.15.94:0/3116215835 wait complete.
2024-02-17T11:49:00.152 INFO:teuthology.orchestra.run.smithi094.stdout:/usr/bin/ceph: stderr
2024-02-17T11:48:54.306+0000 7ff1f5d00700 1 Processor -- start
2024-02-17T11:49:00.152 INFO:teuthology.orchestra.run.smithi094.stdout:/usr/bin/ceph: stderr
2024-02-17T11:48:54.306+0000 7ff1f5d00700 1 -- start start
2024-02-17T11:49:00.152 INFO:teuthology.orchestra.run.smithi094.stdout:/usr/bin/ceph: stderr
2024-02-17T11:48:54.306+0000 7ff1f5d00700 1 --2- >> [v2:172.21.15.94:3300/0,v1:172.21.15.94:6789/0] conn(0x7ff1f0105ed0 0x7ff1f019d5a0 unknown :-1 s=NONE pgs=0 cs=0 l=1 rev1=0 crypto rx=0 tx=0 comp rx=0 tx=0).connect
2024-02-17T11:49:00.152 INFO:teuthology.orchestra.run.smithi094.stdout:/usr/bin/ceph: stderr
2024-02-17T11:48:54.306+0000 7ff1f5d00700 1 -- --> [v2:172.21.15.94:3300/0,v1:172.21.15.94:6789/0] -- mon_getmap magic: 0 v1 -- 0x7ff1f019dae0 con 0x7ff1f0105ed0
2024-02-17T11:49:00.152 INFO:teuthology.orchestra.run.smithi094.stdout:/usr/bin/ceph: stderr
2024-02-17T11:48:54.306+0000 7ff1ef7fe700 1 --2- >> [v2:172.21.15.94:3300/0,v1:172.21.15.94:6789/0] conn(0x7ff1f0105ed0 0x7ff1f019d5a0 unknown :-1 s=BANNER_CONNECTING pgs=0 cs=0 l=1 rev1=0 crypto rx=0 tx=0 comp rx=0 tx=0)._handle_peer_banner_payload supported=3 required=0
2024-02-17T11:49:00.152 INFO:teuthology.orchestra.run.smithi094.stdout:/usr/bin/ceph: stderr
2024-02-17T11:48:54.306+0000 7ff1ef7fe700 1 --2- >> [v2:172.21.15.94:3300/0,v1:172.21.15.94:6789/0] conn(0x7ff1f0105ed0 0x7ff1f019d5a0 unknown :-1 s=HELLO_CONNECTING pgs=0 cs=0 l=1 rev1=1 crypto rx=0 tx=0 comp rx=0 tx=0).handle_hello peer v2:172.21.15.94:3300/0 says I am v2:172.21.15.94:35098/0 (socket says 172.21.15.94:35098)
2024-02-17T11:49:00.152 INFO:teuthology.orchestra.run.smithi094.stdout:/usr/bin/ceph: stderr
2024-02-17T11:48:54.306+0000 7ff1ef7fe700 1 -- 172.21.15.94:0/1504010949 learned_addr learned my addr 172.21.15.94:0/1504010949 (peer_addr_for_me v2:172.21.15.94:0/0)
2024-02-17T11:49:00.152 INFO:teuthology.orchestra.run.smithi094.stdout:/usr/bin/ceph: stderr
2024-02-17T11:48:54.306+0000 7ff1ef7fe700 1 -- 172.21.15.94:0/1504010949 --> [v2:172.21.15.94:3300/0,v1:172.21.15.94:6789/0] -- mon_subscribe({config=0+,monmap=0+}) v3 -- 0x7ff1e0009550 con 0x7ff1f0105ed0
2024-02-17T11:49:00.152 INFO:teuthology.orchestra.run.smithi094.stdout:/usr/bin/ceph: stderr
2024-02-17T11:48:54.306+0000 7ff1ef7fe700 1 --2- 172.21.15.94:0/1504010949 >> [v2:172.21.15.94:3300/0,v1:172.21.15.94:6789/0] conn(0x7ff1f0105ed0 0x7ff1f019d5a0 secure :-1 s=READY pgs=62 cs=0 l=1 rev1=1 crypto rx=0x7ff1e0003f20 tx=0x7ff1e0011b00 comp rx=0 tx=0).ready entity=mon.0 client_cookie=0 server_cookie=0 in_seq=0 out_seq=0
2024-02-17T11:49:00.152 INFO:teuthology.orchestra.run.smithi094.stdout:/usr/bin/ceph: stderr
2024-02-17T11:48:54.307+0000 7ff1ecff9700 1 -- 172.21.15.94:0/1504010949 <== mon.0 v2:172.21.15.94:3300/0 1 ==== mon_map magic: 0 v1 ==== 205+0+0 (secure 0 0 0) 0x7ff1e00039f0 con 0x7ff1f0105ed0
2024-02-17T11:49:00.153 INFO:teuthology.orchestra.run.smithi094.stdout:/usr/bin/ceph: stderr
2024-02-17T11:48:54.307+0000 7ff1ecff9700 1 -- 172.21.15.94:0/1504010949 <== mon.0 v2:172.21.15.94:3300/0 2 ==== config(27 keys) v1 ==== 1140+0+0 (secure 0 0 0) 0x7ff1e0003b50 con 0x7ff1f0105ed0
2024-02-17T11:49:00.153 INFO:teuthology.orchestra.run.smithi094.stdout:/usr/bin/ceph: stderr
2024-02-17T11:48:54.307+0000 7ff1ecff9700 1 -- 172.21.15.94:0/1504010949 <== mon.0 v2:172.21.15.94:3300/0 3 ==== mon_map magic: 0 v1 ==== 205+0+0 (secure 0 0 0) 0x7ff1e001a6d0 con 0x7ff1f0105ed0
2024-02-17T11:49:00.153 INFO:teuthology.orchestra.run.smithi094.stdout:/usr/bin/ceph: stderr
2024-02-17T11:48:54.307+0000 7ff1f5d00700 1 -- 172.21.15.94:0/1504010949 --> [v2:172.21.15.94:3300/0,v1:172.21.15.94:6789/0] -- mon_subscribe({mgrmap=0+}) v3 -- 0x7ff1f019dce0 con 0x7ff1f0105ed0
2024-02-17T11:49:00.153 INFO:teuthology.orchestra.run.smithi094.stdout:/usr/bin/ceph: stderr
2024-02-17T11:48:54.307+0000 7ff1f5d00700 1 -- 172.21.15.94:0/1504010949 --> [v2:172.21.15.94:3300/0,v1:172.21.15.94:6789/0] -- mon_subscribe({osdmap=0}) v3 -- 0x7ff1f019e180 con 0x7ff1f0105ed0
2024-02-17T11:49:00.153 INFO:teuthology.orchestra.run.smithi094.stdout:/usr/bin/ceph: stderr
2024-02-17T11:48:54.308+0000 7ff1ecff9700 1 -- 172.21.15.94:0/1504010949 <== mon.0 v2:172.21.15.94:3300/0 4 ==== mgrmap(e 9) v1 ==== 45945+0+0 (secure 0 0 0) 0x7ff1e001a940 con 0x7ff1f0105ed0
2024-02-17T11:49:00.153 INFO:teuthology.orchestra.run.smithi094.stdout:/usr/bin/ceph: stderr
2024-02-17T11:48:54.308+0000 7ff1ecff9700 1 --2- 172.21.15.94:0/1504010949 >> [v2:172.21.15.94:6800/2384585889,v1:172.21.15.94:6801/2384585889] conn(0x7ff1d8038f40 0x7ff1d803b400 unknown :-1 s=NONE pgs=0 cs=0 l=1 rev1=0 crypto rx=0 tx=0 comp rx=0 tx=0).connect
2024-02-17T11:49:00.153 INFO:teuthology.orchestra.run.smithi094.stdout:/usr/bin/ceph: stderr
2024-02-17T11:48:54.308+0000 7ff1ecff9700 1 -- 172.21.15.94:0/1504010949 --> [v2:172.21.15.94:6800/2384585889,v1:172.21.15.94:6801/2384585889] -- command(tid 0: {"prefix": "get_command_descriptions"}) v1 -- 0x7ff1d803bb10 con 0x7ff1d8038f40
2024-02-17T11:49:00.153 INFO:teuthology.orchestra.run.smithi094.stdout:/usr/bin/ceph: stderr
2024-02-17T11:48:54.308+0000 7ff1ecff9700 1 -- 172.21.15.94:0/1504010949 <== mon.0 v2:172.21.15.94:3300/0 5 ==== osd_map(2..2 src has 1..2) v4 ==== 940+0+0 (secure 0 0 0) 0x7ff1e004d2a0 con 0x7ff1f0105ed0
2024-02-17T11:49:00.153 INFO:teuthology.orchestra.run.smithi094.stdout:/usr/bin/ceph: stderr
2024-02-17T11:48:54.308+0000 7ff1eeffd700 1 -- 172.21.15.94:0/1504010949 >> [v2:172.21.15.94:6800/2384585889,v1:172.21.15.94:6801/2384585889] conn(0x7ff1d8038f40 msgr2=0x7ff1d803b400 unknown :-1 s=STATE_CONNECTING_RE l=1).process reconnect failed to v2:172.21.15.94:6800/2384585889
2024-02-17T11:49:00.153 INFO:teuthology.orchestra.run.smithi094.stdout:/usr/bin/ceph: stderr
2024-02-17T11:48:54.308+0000 7ff1eeffd700 1 --2- 172.21.15.94:0/1504010949 >> [v2:172.21.15.94:6800/2384585889,v1:172.21.15.94:6801/2384585889] conn(0x7ff1d8038f40 0x7ff1d803b400 unknown :-1 s=START_CONNECT pgs=0 cs=0 l=1 rev1=0 crypto rx=0 tx=0 comp rx=0 tx=0)._fault waiting 0.200000
2024-02-17T11:49:00.153 INFO:teuthology.orchestra.run.smithi094.stdout:/usr/bin/ceph: stderr
2024-02-17T11:48:54.509+0000 7ff1eeffd700 1 -- 172.21.15.94:0/1504010949 >> [v2:172.21.15.94:6800/2384585889,v1:172.21.15.94:6801/2384585889] conn(0x7ff1d8038f40 msgr2=0x7ff1d803b400 unknown :-1 s=STATE_CONNECTING_RE l=1).process reconnect failed to v2:172.21.15.94:6800/2384585889
2024-02-17T11:49:00.153 INFO:teuthology.orchestra.run.smithi094.stdout:/usr/bin/ceph: stderr
2024-02-17T11:48:54.509+0000 7ff1eeffd700 1 --2- 172.21.15.94:0/1504010949 >> [v2:172.21.15.94:6800/2384585889,v1:172.21.15.94:6801/2384585889] conn(0x7ff1d8038f40 0x7ff1d803b400 unknown :-1 s=START_CONNECT pgs=0 cs=0 l=1 rev1=0 crypto rx=0 tx=0 comp rx=0 tx=0)._fault waiting 0.400000
2024-02-17T11:49:00.154 INFO:teuthology.orchestra.run.smithi094.stdout:/usr/bin/ceph: stderr
2024-02-17T11:48:54.910+0000 7ff1eeffd700 1 -- 172.21.15.94:0/1504010949 >> [v2:172.21.15.94:6800/2384585889,v1:172.21.15.94:6801/2384585889] conn(0x7ff1d8038f40 msgr2=0x7ff1d803b400 unknown :-1 s=STATE_CONNECTING_RE l=1).process reconnect failed to v2:172.21.15.94:6800/2384585889
2024-02-17T11:49:00.154 INFO:teuthology.orchestra.run.smithi094.stdout:/usr/bin/ceph: stderr
2024-02-17T11:48:54.910+0000 7ff1eeffd700 1 --2- 172.21.15.94:0/1504010949 >> [v2:172.21.15.94:6800/2384585889,v1:172.21.15.94:6801/2384585889] conn(0x7ff1d8038f40 0x7ff1d803b400 unknown :-1 s=START_CONNECT pgs=0 cs=0 l=1 rev1=0 crypto rx=0 tx=0 comp rx=0 tx=0)._fault waiting 0.800000
2024-02-17T11:49:00.154 INFO:teuthology.orchestra.run.smithi094.stdout:/usr/bin/ceph: stderr
2024-02-17T11:48:55.711+0000 7ff1eeffd700 1 -- 172.21.15.94:0/1504010949 >> [v2:172.21.15.94:6800/2384585889,v1:172.21.15.94:6801/2384585889] conn(0x7ff1d8038f40 msgr2=0x7ff1d803b400 unknown :-1 s=STATE_CONNECTING_RE l=1).process reconnect failed to v2:172.21.15.94:6800/2384585889
2024-02-17T11:49:00.154 INFO:teuthology.orchestra.run.smithi094.stdout:/usr/bin/ceph: stderr
2024-02-17T11:48:55.711+0000 7ff1eeffd700 1 --2- 172.21.15.94:0/1504010949 >> [v2:172.21.15.94:6800/2384585889,v1:172.21.15.94:6801/2384585889] conn(0x7ff1d8038f40 0x7ff1d803b400 unknown :-1 s=START_CONNECT pgs=0 cs=0 l=1 rev1=0 crypto rx=0 tx=0 comp rx=0 tx=0)._fault waiting 1.600000
2024-02-17T11:49:00.154 INFO:teuthology.orchestra.run.smithi094.stdout:/usr/bin/ceph: stderr
2024-02-17T11:48:57.312+0000 7ff1eeffd700 1 -- 172.21.15.94:0/1504010949 >> [v2:172.21.15.94:6800/2384585889,v1:172.21.15.94:6801/2384585889] conn(0x7ff1d8038f40 msgr2=0x7ff1d803b400 unknown :-1 s=STATE_CONNECTING_RE l=1).process reconnect failed to v2:172.21.15.94:6800/2384585889
2024-02-17T11:49:00.154 INFO:teuthology.orchestra.run.smithi094.stdout:/usr/bin/ceph: stderr
2024-02-17T11:48:57.312+0000 7ff1eeffd700 1 --2- 172.21.15.94:0/1504010949 >> [v2:172.21.15.94:6800/2384585889,v1:172.21.15.94:6801/2384585889] conn(0x7ff1d8038f40 0x7ff1d803b400 unknown :-1 s=START_CONNECT pgs=0 cs=0 l=1 rev1=0 crypto rx=0 tx=0 comp rx=0 tx=0)._fault waiting 3.200000
2024-02-17T11:49:00.154 INFO:teuthology.orchestra.run.smithi094.stdout:/usr/bin/ceph: stderr
2024-02-17T11:48:58.556+0000 7ff1ecff9700 1 -- 172.21.15.94:0/1504010949 <== mon.0 v2:172.21.15.94:3300/0 6 ==== mgrmap(e 10) v1 ==== 45712+0+0 (secure 0 0 0) 0x7ff1e002da50 con 0x7ff1f0105ed0
2024-02-17T11:49:00.154 INFO:teuthology.orchestra.run.smithi094.stdout:/usr/bin/ceph: stderr
2024-02-17T11:48:58.556+0000 7ff1ecff9700 1 -- 172.21.15.94:0/1504010949 >> [v2:172.21.15.94:6800/2384585889,v1:172.21.15.94:6801/2384585889] conn(0x7ff1d8038f40 msgr2=0x7ff1d803b400 unknown :-1 s=STATE_CONNECTING l=1).mark_down
2024-02-17T11:49:00.154 INFO:teuthology.orchestra.run.smithi094.stdout:/usr/bin/ceph: stderr
2024-02-17T11:48:58.556+0000 7ff1ecff9700 1 --2- 172.21.15.94:0/1504010949 >> [v2:172.21.15.94:6800/2384585889,v1:172.21.15.94:6801/2384585889] conn(0x7ff1d8038f40 0x7ff1d803b400 unknown :-1 s=START_CONNECT pgs=0 cs=0 l=1 rev1=0 crypto rx=0 tx=0 comp rx=0 tx=0).stop
2024-02-17T11:49:00.154 INFO:teuthology.orchestra.run.smithi094.stdout:/usr/bin/ceph: stderr
2024-02-17T11:48:59.557+0000 7ff1ecff9700 1 -- 172.21.15.94:0/1504010949 <== mon.0 v2:172.21.15.94:3300/0 7 ==== mgrmap(e 11) v1 ==== 45839+0+0 (secure 0 0 0) 0x7ff1e004e6c0 con 0x7ff1f0105ed0
2024-02-17T11:49:00.154 INFO:teuthology.orchestra.run.smithi094.stdout:/usr/bin/ceph: stderr
2024-02-17T11:48:59.557+0000 7ff1ecff9700 1 --2- 172.21.15.94:0/1504010949 >> [v2:172.21.15.94:6800/1808883811,v1:172.21.15.94:6801/1808883811] conn(0x7ff1d803c9f0 0x7ff1d803ede0 unknown :-1 s=NONE pgs=0 cs=0 l=1 rev1=0 crypto rx=0 tx=0 comp rx=0 tx=0).connect
2024-02-17T11:49:00.155 INFO:teuthology.orchestra.run.smithi094.stdout:/usr/bin/ceph: stderr
2024-02-17T11:48:59.557+0000 7ff1ecff9700 1 -- 172.21.15.94:0/1504010949 --> [v2:172.21.15.94:6800/1808883811,v1:172.21.15.94:6801/1808883811] -- command(tid 0: {"prefix": "get_command_descriptions"}) v1 -- 0x7ff1d803bb10 con 0x7ff1d803c9f0
2024-02-17T11:49:00.155 INFO:teuthology.orchestra.run.smithi094.stdout:/usr/bin/ceph: stderr
2024-02-17T11:48:59.558+0000 7ff1eeffd700 1 --2- 172.21.15.94:0/1504010949 >> [v2:172.21.15.94:6800/1808883811,v1:172.21.15.94:6801/1808883811] conn(0x7ff1d803c9f0 0x7ff1d803ede0 unknown :-1 s=BANNER_CONNECTING pgs=0 cs=0 l=1 rev1=0 crypto rx=0 tx=0 comp rx=0 tx=0)._handle_peer_banner_payload supported=3 required=0
2024-02-17T11:49:00.155 INFO:teuthology.orchestra.run.smithi094.stdout:/usr/bin/ceph: stderr
2024-02-17T11:48:59.558+0000 7ff1eeffd700 1 --2- 172.21.15.94:0/1504010949 >> [v2:172.21.15.94:6800/1808883811,v1:172.21.15.94:6801/1808883811] conn(0x7ff1d803c9f0 0x7ff1d803ede0 secure :-1 s=READY pgs=1 cs=0 l=1 rev1=1 crypto rx=0x7ff1e4003a10 tx=0x7ff1e4009270 comp rx=0 tx=0).ready entity=mgr.14152 client_cookie=0 server_cookie=0 in_seq=0 out_seq=0
2024-02-17T11:49:00.155 INFO:teuthology.orchestra.run.smithi094.stdout:/usr/bin/ceph: stderr
2024-02-17T11:48:59.559+0000 7ff1ecff9700 1 -- 172.21.15.94:0/1504010949 <== mgr.14152 v2:172.21.15.94:6800/1808883811 1 ==== command_reply(tid 0: 0 ) v1 ==== 8+0+7774 (secure 0 0 0) 0x7ff1d803bb10 con 0x7ff1d803c9f0
2024-02-17T11:49:00.155 INFO:teuthology.orchestra.run.smithi094.stdout:/usr/bin/ceph: stderr
2024-02-17T11:48:59.566+0000 7ff1f5d00700 1 -- 172.21.15.94:0/1504010949 --> [v2:172.21.15.94:6800/1808883811,v1:172.21.15.94:6801/1808883811] -- command(tid 1: {"prefix": "mgr_status"}) v1 -- 0x7ff1f01075b0 con 0x7ff1d803c9f0
2024-02-17T11:49:00.155 INFO:teuthology.orchestra.run.smithi094.stdout:/usr/bin/ceph: stderr
2024-02-17T11:48:59.566+0000 7ff1ecff9700 1 -- 172.21.15.94:0/1504010949 <== mgr.14152 v2:172.21.15.94:6800/1808883811 2 ==== command_reply(tid 1: 0 ) v1 ==== 8+0+52 (secure 0 0 0) 0x7ff1f01075b0 con 0x7ff1d803c9f0
2024-02-17T11:49:00.155 INFO:teuthology.orchestra.run.smithi094.stdout:/usr/bin/ceph: stderr
2024-02-17T11:48:59.566+0000 7ff1f5d00700 1 -- 172.21.15.94:0/1504010949 >> [v2:172.21.15.94:6800/1808883811,v1:172.21.15.94:6801/1808883811] conn(0x7ff1d803c9f0 msgr2=0x7ff1d803ede0 secure :-1 s=STATE_CONNECTION_ESTABLISHED l=1).mark_down
2024-02-17T11:49:00.155 INFO:teuthology.orchestra.run.smithi094.stdout:/usr/bin/ceph: stderr
