2024-02-17T11:49:04.644+0000 7f5b6f67a700 1 -- 172.21.15.94:0/396020527 --> [v2:172.21.15.94:3300/0,v1:172.21.15.94:6789/0] -- mon_command({"prefix": "config get", "who": "mgr", "key": "mgr/dashboard/ssl_server_port"} v 0) v1 -- 0x7f5b6810aac0 con 0x7f5b681064d0
2024-02-17T11:49:05.180 INFO:teuthology.orchestra.run.smithi094.stdout:/usr/bin/ceph: stderr
2024-02-17T11:49:04.644+0000 7f5b5e7fc700 1 -- 172.21.15.94:0/396020527 <== mon.0 v2:172.21.15.94:3300/0 7 ==== mon_command_ack([{"prefix": "config get", "who": "mgr", "key": "mgr/dashboard/ssl_server_port"}]=0 v8) v1 ==== 112+0+5 (secure 0 0 0) 0x7f5b6400f2e0 con 0x7f5b681064d0
2024-02-17T11:49:05.180 INFO:teuthology.orchestra.run.smithi094.stdout:/usr/bin/ceph: stderr
2024-02-17T11:49:04.646+0000 7f5b6f67a700 1 -- 172.21.15.94:0/396020527 >> [v2:172.21.15.94:6800/1808883811,v1:172.21.15.94:6801/1808883811] conn(0x7f5b54038f40 msgr2=0x7f5b5403b400 secure :-1 s=STATE_CONNECTION_ESTABLISHED l=1).mark_down
2024-02-17T11:49:05.180 INFO:teuthology.orchestra.run.smithi094.stdout:/usr/bin/ceph: stderr
2024-02-17T11:49:04.646+0000 7f5b6f67a700 1 --2- 172.21.15.94:0/396020527 >> [v2:172.21.15.94:6800/1808883811,v1:172.21.15.94:6801/1808883811] conn(0x7f5b54038f40 0x7f5b5403b400 secure :-1 s=READY pgs=9 cs=0 l=1 rev1=1 crypto rx=0x7f5b58006fd0 tx=0x7f5b58006e40 comp rx=0 tx=0).stop
2024-02-17T11:49:05.180 INFO:teuthology.orchestra.run.smithi094.stdout:/usr/bin/ceph: stderr
2024-02-17T11:49:04.646+0000 7f5b6f67a700 1 -- 172.21.15.94:0/396020527 >> [v2:172.21.15.94:3300/0,v1:172.21.15.94:6789/0] conn(0x7f5b681064d0 msgr2=0x7f5b6819b480 secure :-1 s=STATE_CONNECTION_ESTABLISHED l=1).mark_down
2024-02-17T11:49:05.181 INFO:teuthology.orchestra.run.smithi094.stdout:/usr/bin/ceph: stderr
2024-02-17T11:49:04.646+0000 7f5b6f67a700 1 --2- 172.21.15.94:0/396020527 >> [v2:172.21.15.94:3300/0,v1:172.21.15.94:6789/0] conn(0x7f5b681064d0 0x7f5b6819b480 secure :-1 s=READY pgs=75 cs=0 l=1 rev1=1 crypto rx=0x7f5b64003f20 tx=0x7f5b64011b00 comp rx=0 tx=0).stop
2024-02-17T11:49:05.181 INFO:teuthology.orchestra.run.smithi094.stdout:/usr/bin/ceph: stderr
2024-02-17T11:49:04.646+0000 7f5b6f67a700 1 -- 172.21.15.94:0/396020527 shutdown_connections
2024-02-17T11:49:05.181 INFO:teuthology.orchestra.run.smithi094.stdout:/usr/bin/ceph: stderr
2024-02-17T11:49:04.646+0000 7f5b6f67a700 1 --2- 172.21.15.94:0/396020527 >> [v2:172.21.15.94:6800/1808883811,v1:172.21.15.94:6801/1808883811] conn(0x7f5b54038f40 0x7f5b5403b400 unknown :-1 s=CLOSED pgs=9 cs=0 l=1 rev1=1 crypto rx=0 tx=0 comp rx=0 tx=0).stop
2024-02-17T11:49:05.181 INFO:teuthology.orchestra.run.smithi094.stdout:/usr/bin/ceph: stderr
2024-02-17T11:49:04.646+0000 7f5b6f67a700 1 --2- 172.21.15.94:0/396020527 >> [v2:172.21.15.94:3300/0,v1:172.21.15.94:6789/0] conn(0x7f5b681064d0 0x7f5b6819b480 unknown :-1 s=CLOSED pgs=75 cs=0 l=1 rev1=1 crypto rx=0 tx=0 comp rx=0 tx=0).stop
2024-02-17T11:49:05.181 INFO:teuthology.orchestra.run.smithi094.stdout:/usr/bin/ceph: stderr
2024-02-17T11:49:04.646+0000 7f5b6f67a700 1 -- 172.21.15.94:0/396020527 >> 172.21.15.94:0/396020527 conn(0x7f5b68101ad0 msgr2=0x7f5b681029b0 unknown :-1 s=STATE_NONE l=0).mark_down
2024-02-17T11:49:05.181 INFO:teuthology.orchestra.run.smithi094.stdout:/usr/bin/ceph: stderr
2024-02-17T11:49:04.647+0000 7f5b6f67a700 1 -- 172.21.15.94:0/396020527 shutdown_connections
2024-02-17T11:49:05.181 INFO:teuthology.orchestra.run.smithi094.stdout:/usr/bin/ceph: stderr
2024-02-17T11:49:04.647+0000 7f5b6f67a700 1 -- 172.21.15.94:0/396020527 wait complete.
2024-02-17T11:49:05.182 INFO:teuthology.orchestra.run.smithi094.stdout:Non-zero exit code 1 from systemctl is-enabled firewalld.service
2024-02-17T11:49:05.182 INFO:teuthology.orchestra.run.smithi094.stdout:systemctl: stdout disabled
2024-02-17T11:49:05.185 INFO:teuthology.orchestra.run.smithi094.stdout:Non-zero exit code 3 from systemctl is-active firewalld.service
2024-02-17T11:49:05.186 INFO:teuthology.orchestra.run.smithi094.stdout:systemctl: stdout inactive
2024-02-17T11:49:05.186 INFO:teuthology.orchestra.run.smithi094.stdout:firewalld.service is not enabled
2024-02-17T11:49:05.186 INFO:teuthology.orchestra.run.smithi094.stdout:Not possible to open ports <[8443]>. firewalld.service is not available
2024-02-17T11:49:05.187 INFO:teuthology.orchestra.run.smithi094.stdout:Ceph Dashboard is now available at:
2024-02-17T11:49:05.187 INFO:teuthology.orchestra.run.smithi094.stdout:
2024-02-17T11:49:05.187 INFO:teuthology.orchestra.run.smithi094.stdout: URL: https://smithi094.front.sepia.ceph.com:8443/
2024-02-17T11:49:05.187 INFO:teuthology.orchestra.run.smithi094.stdout: User: admin
2024-02-17T11:49:05.188 INFO:teuthology.orchestra.run.smithi094.stdout: Password: jgjeh9adys
2024-02-17T11:49:05.188 INFO:teuthology.orchestra.run.smithi094.stdout:
2024-02-17T11:49:05.188 INFO:teuthology.orchestra.run.smithi094.stdout:Saving cluster configuration to /var/lib/ceph/3bc5cfc8-cd8a-11ee-95ba-87774f69a715/config directory
2024-02-17T11:49:05.189 INFO:teuthology.orchestra.run.smithi094.stdout:Enabling autotune for osd_memory_target
2024-02-17T11:49:05.955 INFO:journalctl@ceph.mon.a.smithi094.stdout:Feb 17 11:49:05 smithi094 ceph-mon[32499]: mgrmap e13: x(active, since 6s)
2024-02-17T11:49:06.326 INFO:teuthology.orchestra.run.smithi094.stdout:/usr/bin/ceph: stderr
2024-02-17T11:49:05.610+0000 7f4246183700 1 Processor -- start
2024-02-17T11:49:06.326 INFO:teuthology.orchestra.run.smithi094.stdout:/usr/bin/ceph: stderr
2024-02-17T11:49:05.610+0000 7f4246183700 1 -- start start
2024-02-17T11:49:06.326 INFO:teuthology.orchestra.run.smithi094.stdout:/usr/bin/ceph: stderr
2024-02-17T11:49:05.610+0000 7f4246183700 1 --2- >> [v2:172.21.15.94:3300/0,v1:172.21.15.94:6789/0] conn(0x7f424007ce50 0x7f424007b300 unknown :-1 s=NONE pgs=0 cs=0 l=0 rev1=0 crypto rx=0 tx=0 comp rx=0 tx=0).connect
2024-02-17T11:49:06.326 INFO:teuthology.orchestra.run.smithi094.stdout:/usr/bin/ceph: stderr
2024-02-17T11:49:05.610+0000 7f4246183700 1 -- --> [v2:172.21.15.94:3300/0,v1:172.21.15.94:6789/0] -- mon_getmap magic: 0 v1 -- 0x7f424007b840 con 0x7f424007ce50
2024-02-17T11:49:06.326 INFO:teuthology.orchestra.run.smithi094.stdout:/usr/bin/ceph: stderr
2024-02-17T11:49:05.611+0000 7f423f7fe700 1 --2- >> [v2:172.21.15.94:3300/0,v1:172.21.15.94:6789/0] conn(0x7f424007ce50 0x7f424007b300 unknown :-1 s=BANNER_CONNECTING pgs=0 cs=0 l=0 rev1=0 crypto rx=0 tx=0 comp rx=0 tx=0)._handle_peer_banner_payload supported=3 required=0
2024-02-17T11:49:06.326 INFO:teuthology.orchestra.run.smithi094.stdout:/usr/bin/ceph: stderr
2024-02-17T11:49:05.611+0000 7f423f7fe700 1 --2- >> [v2:172.21.15.94:3300/0,v1:172.21.15.94:6789/0] conn(0x7f424007ce50 0x7f424007b300 unknown :-1 s=HELLO_CONNECTING pgs=0 cs=0 l=0 rev1=1 crypto rx=0 tx=0 comp rx=0 tx=0).handle_hello peer v2:172.21.15.94:3300/0 says I am v2:172.21.15.94:44384/0 (socket says 172.21.15.94:44384)
2024-02-17T11:49:06.327 INFO:teuthology.orchestra.run.smithi094.stdout:/usr/bin/ceph: stderr
2024-02-17T11:49:05.611+0000 7f423f7fe700 1 -- 172.21.15.94:0/3864566101 learned_addr learned my addr 172.21.15.94:0/3864566101 (peer_addr_for_me v2:172.21.15.94:0/0)
2024-02-17T11:49:06.327 INFO:teuthology.orchestra.run.smithi094.stdout:/usr/bin/ceph: stderr
2024-02-17T11:49:05.611+0000 7f423f7fe700 1 -- 172.21.15.94:0/3864566101 --> [v2:172.21.15.94:3300/0,v1:172.21.15.94:6789/0] -- mon_subscribe({config=0+,monmap=0+}) v3 -- 0x7f424007b980 con 0x7f424007ce50
2024-02-17T11:49:06.327 INFO:teuthology.orchestra.run.smithi094.stdout:/usr/bin/ceph: stderr
2024-02-17T11:49:05.611+0000 7f423f7fe700 1 --2- 172.21.15.94:0/3864566101 >> [v2:172.21.15.94:3300/0,v1:172.21.15.94:6789/0] conn(0x7f424007ce50 0x7f424007b300 secure :-1 s=READY pgs=76 cs=0 l=1 rev1=1 crypto rx=0x7f42300098a0 tx=0x7f4230009bb0 comp rx=0 tx=0).ready entity=mon.0 client_cookie=7d3fcd4dda820b44 server_cookie=0 in_seq=0 out_seq=0
2024-02-17T11:49:06.327 INFO:teuthology.orchestra.run.smithi094.stdout:/usr/bin/ceph: stderr
2024-02-17T11:49:05.611+0000 7f423effd700 1 -- 172.21.15.94:0/3864566101 <== mon.0 v2:172.21.15.94:3300/0 1 ==== mon_map magic: 0 v1 ==== 205+0+0 (secure 0 0 0) 0x7f4230004160 con 0x7f424007ce50
2024-02-17T11:49:06.327 INFO:teuthology.orchestra.run.smithi094.stdout:/usr/bin/ceph: stderr
2024-02-17T11:49:05.611+0000 7f423effd700 1 -- 172.21.15.94:0/3864566101 <== mon.0 v2:172.21.15.94:3300/0 2 ==== config(27 keys) v1 ==== 1140+0+0 (secure 0 0 0) 0x7f42300042c0 con 0x7f424007ce50
2024-02-17T11:49:06.327 INFO:teuthology.orchestra.run.smithi094.stdout:/usr/bin/ceph: stderr
2024-02-17T11:49:05.611+0000 7f423effd700 1 -- 172.21.15.94:0/3864566101 <== mon.0 v2:172.21.15.94:3300/0 3 ==== mon_map magic: 0 v1 ==== 205+0+0 (secure 0 0 0) 0x7f4230011a80 con 0x7f424007ce50
2024-02-17T11:49:06.328 INFO:teuthology.orchestra.run.smithi094.stdout:/usr/bin/ceph: stderr
2024-02-17T11:49:05.612+0000 7f4246183700 1 -- 172.21.15.94:0/3864566101 >> [v2:172.21.15.94:3300/0,v1:172.21.15.94:6789/0] conn(0x7f424007ce50 msgr2=0x7f424007b300 secure :-1 s=STATE_CONNECTION_ESTABLISHED l=1).mark_down
2024-02-17T11:49:06.328 INFO:teuthology.orchestra.run.smithi094.stdout:/usr/bin/ceph: stderr
2024-02-17T11:49:05.612+0000 7f4246183700 1 --2- 172.21.15.94:0/3864566101 >> [v2:172.21.15.94:3300/0,v1:172.21.15.94:6789/0] conn(0x7f424007ce50 0x7f424007b300 secure :-1 s=READY pgs=76 cs=0 l=1 rev1=1 crypto rx=0x7f42300098a0 tx=0x7f4230009bb0 comp rx=0 tx=0).stop
2024-02-17T11:49:06.328 INFO:teuthology.orchestra.run.smithi094.stdout:/usr/bin/ceph: stderr
2024-02-17T11:49:05.612+0000 7f4246183700 1 -- 172.21.15.94:0/3864566101 shutdown_connections
2024-02-17T11:49:06.328 INFO:teuthology.orchestra.run.smithi094.stdout:/usr/bin/ceph: stderr
2024-02-17T11:49:05.612+0000 7f4246183700 1 --2- 172.21.15.94:0/3864566101 >> [v2:172.21.15.94:3300/0,v1:172.21.15.94:6789/0] conn(0x7f424007ce50 0x7f424007b300 unknown :-1 s=CLOSED pgs=76 cs=0 l=1 rev1=1 crypto rx=0 tx=0 comp rx=0 tx=0).stop
2024-02-17T11:49:06.328 INFO:teuthology.orchestra.run.smithi094.stdout:/usr/bin/ceph: stderr
2024-02-17T11:49:05.612+0000 7f4246183700 1 -- 172.21.15.94:0/3864566101 >> 172.21.15.94:0/3864566101 conn(0x7f4240102c40 msgr2=0x7f4240105060 unknown :-1 s=STATE_NONE l=0).mark_down
2024-02-17T11:49:06.328 INFO:teuthology.orchestra.run.smithi094.stdout:/usr/bin/ceph: stderr
2024-02-17T11:49:05.612+0000 7f4246183700 1 -- 172.21.15.94:0/3864566101 shutdown_connections
2024-02-17T11:49:06.328 INFO:teuthology.orchestra.run.smithi094.stdout:/usr/bin/ceph: stderr
2024-02-17T11:49:05.612+0000 7f4246183700 1 -- 172.21.15.94:0/3864566101 wait complete.
2024-02-17T11:49:06.329 INFO:teuthology.orchestra.run.smithi094.stdout:/usr/bin/ceph: stderr
2024-02-17T11:49:05.612+0000 7f4246183700 1 Processor -- start
2024-02-17T11:49:06.329 INFO:teuthology.orchestra.run.smithi094.stdout:/usr/bin/ceph: stderr
2024-02-17T11:49:05.612+0000 7f4246183700 1 -- start start
2024-02-17T11:49:06.329 INFO:teuthology.orchestra.run.smithi094.stdout:/usr/bin/ceph: stderr
2024-02-17T11:49:05.613+0000 7f4246183700 1 --2- >> [v2:172.21.15.94:3300/0,v1:172.21.15.94:6789/0] conn(0x7f424007ce50 0x7f424019d570 unknown :-1 s=NONE pgs=0 cs=0 l=1 rev1=0 crypto rx=0 tx=0 comp rx=0 tx=0).connect
2024-02-17T11:49:06.329 INFO:teuthology.orchestra.run.smithi094.stdout:/usr/bin/ceph: stderr
2024-02-17T11:49:05.613+0000 7f4246183700 1 -- --> [v2:172.21.15.94:3300/0,v1:172.21.15.94:6789/0] -- mon_getmap magic: 0 v1 -- 0x7f424019dab0 con 0x7f424007ce50
2024-02-17T11:49:06.329 INFO:teuthology.orchestra.run.smithi094.stdout:/usr/bin/ceph: stderr
2024-02-17T11:49:05.613+0000 7f423f7fe700 1 --2- >> [v2:172.21.15.94:3300/0,v1:172.21.15.94:6789/0] conn(0x7f424007ce50 0x7f424019d570 unknown :-1 s=BANNER_CONNECTING pgs=0 cs=0 l=1 rev1=0 crypto rx=0 tx=0 comp rx=0 tx=0)._handle_peer_banner_payload supported=3 required=0
2024-02-17T11:49:06.329 INFO:teuthology.orchestra.run.smithi094.stdout:/usr/bin/ceph: stderr
2024-02-17T11:49:05.613+0000 7f423f7fe700 1 --2- >> [v2:172.21.15.94:3300/0,v1:172.21.15.94:6789/0] conn(0x7f424007ce50 0x7f424019d570 unknown :-1 s=HELLO_CONNECTING pgs=0 cs=0 l=1 rev1=1 crypto rx=0 tx=0 comp rx=0 tx=0).handle_hello peer v2:172.21.15.94:3300/0 says I am v2:172.21.15.94:44388/0 (socket says 172.21.15.94:44388)
2024-02-17T11:49:06.329 INFO:teuthology.orchestra.run.smithi094.stdout:/usr/bin/ceph: stderr
2024-02-17T11:49:05.613+0000 7f423f7fe700 1 -- 172.21.15.94:0/2864861519 learned_addr learned my addr 172.21.15.94:0/2864861519 (peer_addr_for_me v2:172.21.15.94:0/0)
2024-02-17T11:49:06.329 INFO:teuthology.orchestra.run.smithi094.stdout:/usr/bin/ceph: stderr
2024-02-17T11:49:05.613+0000 7f423f7fe700 1 -- 172.21.15.94:0/2864861519 --> [v2:172.21.15.94:3300/0,v1:172.21.15.94:6789/0] -- mon_subscribe({config=0+,monmap=0+}) v3 -- 0x7f4230009550 con 0x7f424007ce50
2024-02-17T11:49:06.329 INFO:teuthology.orchestra.run.smithi094.stdout:/usr/bin/ceph: stderr
2024-02-17T11:49:05.613+0000 7f423f7fe700 1 --2- 172.21.15.94:0/2864861519 >> [v2:172.21.15.94:3300/0,v1:172.21.15.94:6789/0] conn(0x7f424007ce50 0x7f424019d570 secure :-1 s=READY pgs=77 cs=0 l=1 rev1=1 crypto rx=0x7f4230009130 tx=0x7f4230011b00 comp rx=0 tx=0).ready entity=mon.0 client_cookie=0 server_cookie=0 in_seq=0 out_seq=0
2024-02-17T11:49:06.330 INFO:teuthology.orchestra.run.smithi094.stdout:/usr/bin/ceph: stderr
2024-02-17T11:49:05.613+0000 7f423d7fa700 1 -- 172.21.15.94:0/2864861519 <== mon.0 v2:172.21.15.94:3300/0 1 ==== mon_map magic: 0 v1 ==== 205+0+0 (secure 0 0 0) 0x7f4230003b20 con 0x7f424007ce50
2024-02-17T11:49:06.330 INFO:teuthology.orchestra.run.smithi094.stdout:/usr/bin/ceph: stderr
2024-02-17T11:49:05.613+0000 7f423d7fa700 1 -- 172.21.15.94:0/2864861519 <== mon.0 v2:172.21.15.94:3300/0 2 ==== config(27 keys) v1 ==== 1140+0+0 (secure 0 0 0) 0x7f423001a910 con 0x7f424007ce50
2024-02-17T11:49:06.330 INFO:teuthology.orchestra.run.smithi094.stdout:/usr/bin/ceph: stderr
2024-02-17T11:49:05.613+0000 7f423d7fa700 1 -- 172.21.15.94:0/2864861519 <== mon.0 v2:172.21.15.94:3300/0 3 ==== mon_map magic: 0 v1 ==== 205+0+0 (secure 0 0 0) 0x7f4230024930 con 0x7f424007ce50
2024-02-17T11:49:06.330 INFO:teuthology.orchestra.run.smithi094.stdout:/usr/bin/ceph: stderr
2024-02-17T11:49:05.613+0000 7f4246183700 1 -- 172.21.15.94:0/2864861519 --> [v2:172.21.15.94:3300/0,v1:172.21.15.94:6789/0] -- mon_subscribe({mgrmap=0+}) v3 -- 0x7f424019dcb0 con 0x7f424007ce50
2024-02-17T11:49:06.330 INFO:teuthology.orchestra.run.smithi094.stdout:/usr/bin/ceph: stderr
2024-02-17T11:49:05.613+0000 7f4246183700 1 -- 172.21.15.94:0/2864861519 --> [v2:172.21.15.94:3300/0,v1:172.21.15.94:6789/0] -- mon_subscribe({osdmap=0}) v3 -- 0x7f424019e150 con 0x7f424007ce50
2024-02-17T11:49:06.330 INFO:teuthology.orchestra.run.smithi094.stdout:/usr/bin/ceph: stderr
2024-02-17T11:49:05.614+0000 7f423d7fa700 1 -- 172.21.15.94:0/2864861519 <== mon.0 v2:172.21.15.94:3300/0 4 ==== mgrmap(e 13) v1 ==== 45988+0+0 (secure 0 0 0) 0x7f4230024af0 con 0x7f424007ce50
2024-02-17T11:49:06.330 INFO:teuthology.orchestra.run.smithi094.stdout:/usr/bin/ceph: stderr
2024-02-17T11:49:05.614+0000 7f423d7fa700 1 --2- 172.21.15.94:0/2864861519 >> [v2:172.21.15.94:6800/1808883811,v1:172.21.15.94:6801/1808883811] conn(0x7f422c039030 0x7f422c03b4f0 unknown :-1 s=NONE pgs=0 cs=0 l=1 rev1=0 crypto rx=0 tx=0 comp rx=0 tx=0).connect
2024-02-17T11:49:06.331 INFO:teuthology.orchestra.run.smithi094.stdout:/usr/bin/ceph: stderr
2024-02-17T11:49:05.614+0000 7f423d7fa700 1 -- 172.21.15.94:0/2864861519 <== mon.0 v2:172.21.15.94:3300/0 5 ==== osd_map(3..3 src has 1..3) v4 ==== 1155+0+0 (secure 0 0 0) 0x7f423004d470 con 0x7f424007ce50
2024-02-17T11:49:06.331 INFO:teuthology.orchestra.run.smithi094.stdout:/usr/bin/ceph: stderr
2024-02-17T11:49:05.614+0000 7f4236ffd700 1 --2- 172.21.15.94:0/2864861519 >> [v2:172.21.15.94:6800/1808883811,v1:172.21.15.94:6801/1808883811] conn(0x7f422c039030 0x7f422c03b4f0 unknown :-1 s=BANNER_CONNECTING pgs=0 cs=0 l=1 rev1=0 crypto rx=0 tx=0 comp rx=0 tx=0)._handle_peer_banner_payload supported=3 required=0
2024-02-17T11:49:06.331 INFO:teuthology.orchestra.run.smithi094.stdout:/usr/bin/ceph: stderr
2024-02-17T11:49:05.614+0000 7f4246183700 1 -- 172.21.15.94:0/2864861519 --> [v2:172.21.15.94:3300/0,v1:172.21.15.94:6789/0] -- mon_command({"prefix": "get_command_descriptions"} v 0) v1 -- 0x7f424010d9c0 con 0x7f424007ce50
2024-02-17T11:49:06.331 INFO:teuthology.orchestra.run.smithi094.stdout:/usr/bin/ceph: stderr
2024-02-17T11:49:05.615+0000 7f4236ffd700 1 --2- 172.21.15.94:0/2864861519 >> [v2:172.21.15.94:6800/1808883811,v1:172.21.15.94:6801/1808883811] conn(0x7f422c039030 0x7f422c03b4f0 secure :-1 s=READY pgs=10 cs=0 l=1 rev1=1 crypto rx=0x7f4228006fd0 tx=0x7f4228006e40 comp rx=0 tx=0).ready entity=mgr.14152 client_cookie=0 server_cookie=0 in_seq=0 out_seq=0
2024-02-17T11:49:06.331 INFO:teuthology.orchestra.run.smithi094.stdout:/usr/bin/ceph: stderr
2024-02-17T11:49:05.619+0000 7f423d7fa700 1 -- 172.21.15.94:0/2864861519 <== mon.0 v2:172.21.15.94:3300/0 6 ==== mon_command_ack([{"prefix": "get_command_descriptions"}]=0 v0) v1 ==== 72+0+183564 (secure 0 0 0) 0x7f4230024da0 con 0x7f424007ce50
2024-02-17T11:49:06.331 INFO:teuthology.orchestra.run.smithi094.stdout:/usr/bin/ceph: stderr
2024-02-17T11:49:05.812+0000 7f4246183700 1 -- 172.21.15.94:0/2864861519 --> [v2:172.21.15.94:3300/0,v1:172.21.15.94:6789/0] -- mon_command([{prefix=config set, name=osd_memory_target_autotune}] v 0) v1 -- 0x7f424010dba0 con 0x7f424007ce50
2024-02-17T11:49:06.332 INFO:teuthology.orchestra.run.smithi094.stdout:/usr/bin/ceph: stderr
2024-02-17T11:49:05.813+0000 7f423d7fa700 1 -- 172.21.15.94:0/2864861519 <== mon.0 v2:172.21.15.94:3300/0 7 ==== mon_command_ack([{prefix=config set, name=osd_memory_target_autotune}]=0 v8)=0 v8) v1 ==== 127+0+0 (secure 0 0 0) 0x7f423001adf0 con 0x7f424007ce50
2024-02-17T11:49:06.332 INFO:teuthology.orchestra.run.smithi094.stdout:/usr/bin/ceph: stderr
2024-02-17T11:49:05.815+0000 7f4246183700 1 -- 172.21.15.94:0/2864861519 >> [v2:172.21.15.94:6800/1808883811,v1:172.21.15.94:6801/1808883811] conn(0x7f422c039030 msgr2=0x7f422c03b4f0 secure :-1 s=STATE_CONNECTION_ESTABLISHED l=1).mark_down
2024-02-17T11:49:06.332 INFO:teuthology.orchestra.run.smithi094.stdout:/usr/bin/ceph: stderr
2024-02-17T11:49:05.815+0000 7f4246183700 1 --2- 172.21.15.94:0/2864861519 >> [v2:172.21.15.94:6800/1808883811,v1:172.21.15.94:6801/1808883811] conn(0x7f422c039030 0x7f422c03b4f0 secure :-1 s=READY pgs=10 cs=0 l=1 rev1=1 crypto rx=0x7f4228006fd0 tx=0x7f4228006e40 comp rx=0 tx=0).stop
2024-02-17T11:49:06.332 INFO:teuthology.orchestra.run.smithi094.stdout:/usr/bin/ceph: stderr
2024-02-17T11:49:05.815+0000 7f4246183700 1 -- 172.21.15.94:0/2864861519 >> [v2:172.21.15.94:3300/0,v1:172.21.15.94:6789/0] conn(0x7f424007ce50 msgr2=0x7f424019d570 secure :-1 s=STATE_CONNECTION_ESTABLISHED l=1).mark_down
2024-02-17T11:49:06.332 INFO:teuthology.orchestra.run.smithi094.stdout:/usr/bin/ceph: stderr
2024-02-17T11:49:05.815+0000 7f4246183700 1 --2- 172.21.15.94:0/2864861519 >> [v2:172.21.15.94:3300/0,v1:172.21.15.94:6789/0] conn(0x7f424007ce50 0x7f424019d570 secure :-1 s=READY pgs=77 cs=0 l=1 rev1=1 crypto rx=0x7f4230009130 tx=0x7f4230011b00 comp rx=0 tx=0).stop
2024-02-17T11:49:06.332 INFO:teuthology.orchestra.run.smithi094.stdout:/usr/bin/ceph: stderr
2024-02-17T11:49:05.815+0000 7f4246183700 1 -- 172.21.15.94:0/2864861519 shutdown_connections
2024-02-17T11:49:06.333 INFO:teuthology.orchestra.run.smithi094.stdout:/usr/bin/ceph: stderr
2024-02-17T11:49:05.815+0000 7f4246183700 1 --2- 172.21.15.94:0/2864861519 >> [v2:172.21.15.94:6800/1808883811,v1:172.21.15.94:6801/1808883811] conn(0x7f422c039030 0x7f422c03b4f0 unknown :-1 s=CLOSED pgs=10 cs=0 l=1 rev1=1 crypto rx=0 tx=0 comp rx=0 tx=0).stop
2024-02-17T11:49:06.333 INFO:teuthology.orchestra.run.smithi094.stdout:/usr/bin/ceph: stderr
2024-02-17T11:49:05.815+0000 7f4246183700 1 --2- 172.21.15.94:0/2864861519 >> [v2:172.21.15.94:3300/0,v1:172.21.15.94:6789/0] conn(0x7f424007ce50 0x7f424019d570 unknown :-1 s=CLOSED pgs=77 cs=0 l=1 rev1=1 crypto rx=0 tx=0 comp rx=0 tx=0).stop
2024-02-17T11:49:06.333 INFO:teuthology.orchestra.run.smithi094.stdout:/usr/bin/ceph: stderr
2024-02-17T11:49:05.815+0000 7f4246183700 1 -- 172.21.15.94:0/2864861519 >> 172.21.15.94:0/2864861519 conn(0x7f4240102c40 msgr2=0x7f4240103790 unknown :-1 s=STATE_NONE l=0).mark_down
2024-02-17T11:49:06.333 INFO:teuthology.orchestra.run.smithi094.stdout:/usr/bin/ceph: stderr
2024-02-17T11:49:05.815+0000 7f4246183700 1 -- 172.21.15.94:0/2864861519 shutdown_connections
2024-02-17T11:49:06.333 INFO:teuthology.orchestra.run.smithi094.stdout:/usr/bin/ceph: stderr
2024-02-17T11:49:05.815+0000 7f4246183700 1 -- 172.21.15.94:0/2864861519 wait complete.
2024-02-17T11:49:07.620 INFO:teuthology.orchestra.run.smithi094.stdout:/usr/bin/ceph: stderr
2024-02-17T11:49:06.749+0000 7f97c1654700 1 Processor -- start
2024-02-17T11:49:07.621 INFO:teuthology.orchestra.run.smithi094.stdout:/usr/bin/ceph: stderr
2024-02-17T11:49:06.749+0000 7f97c1654700 1 -- start start
2024-02-17T11:49:07.621 INFO:teuthology.orchestra.run.smithi094.stdout:/usr/bin/ceph: stderr
2024-02-17T11:49:06.750+0000 7f97c1654700 1 --2- >> [v2:172.21.15.94:3300/0,v1:172.21.15.94:6789/0] conn(0x7f97bc1064f0 0x7f97bc106910 unknown :-1 s=NONE pgs=0 cs=0 l=0 rev1=0 crypto rx=0 tx=0 comp rx=0 tx=0).connect
2024-02-17T11:49:07.621 INFO:teuthology.orchestra.run.smithi094.stdout:/usr/bin/ceph: stderr
2024-02-17T11:49:06.750+0000 7f97c1654700 1 -- --> [v2:172.21.15.94:3300/0,v1:172.21.15.94:6789/0] -- mon_getmap magic: 0 v1 -- 0x7f97bc106ee0 con 0x7f97bc1064f0
2024-02-17T11:49:07.621 INFO:teuthology.orchestra.run.smithi094.stdout:/usr/bin/ceph: stderr
2024-02-17T11:49:06.750+0000 7f97baffd700 1 --2- >> [v2:172.21.15.94:3300/0,v1:172.21.15.94:6789/0] conn(0x7f97bc1064f0 0x7f97bc106910 unknown :-1 s=BANNER_CONNECTING pgs=0 cs=0 l=0 rev1=0 crypto rx=0 tx=0 comp rx=0 tx=0)._handle_peer_banner_payload supported=3 required=0
2024-02-17T11:49:07.621 INFO:teuthology.orchestra.run.smithi094.stdout:/usr/bin/ceph: stderr
2024-02-17T11:49:06.750+0000 7f97baffd700 1 --2- >> [v2:172.21.15.94:3300/0,v1:172.21.15.94:6789/0] conn(0x7f97bc1064f0 0x7f97bc106910 unknown :-1 s=HELLO_CONNECTING pgs=0 cs=0 l=0 rev1=1 crypto rx=0 tx=0 comp rx=0 tx=0).handle_hello peer v2:172.21.15.94:3300/0 says I am v2:172.21.15.94:44390/0 (socket says 172.21.15.94:44390)
2024-02-17T11:49:07.621 INFO:teuthology.orchestra.run.smithi094.stdout:/usr/bin/ceph: stderr
2024-02-17T11:49:06.750+0000 7f97baffd700 1 -- 172.21.15.94:0/1491352688 learned_addr learned my addr 172.21.15.94:0/1491352688 (peer_addr_for_me v2:172.21.15.94:0/0)
2024-02-17T11:49:07.621 INFO:teuthology.orchestra.run.smithi094.stdout:/usr/bin/ceph: stderr
2024-02-17T11:49:06.750+0000 7f97baffd700 1 -- 172.21.15.94:0/1491352688 --> [v2:172.21.15.94:3300/0,v1:172.21.15.94:6789/0] -- mon_subscribe({config=0+,monmap=0+}) v3 -- 0x7f97bc1076f0 con 0x7f97bc1064f0
2024-02-17T11:49:07.621 INFO:teuthology.orchestra.run.smithi094.stdout:/usr/bin/ceph: stderr
2024-02-17T11:49:06.750+0000 7f97baffd700 1 --2- 172.21.15.94:0/1491352688 >> [v2:172.21.15.94:3300/0,v1:172.21.15.94:6789/0] conn(0x7f97bc1064f0 0x7f97bc106910 secure :-1 s=READY pgs=78 cs=0 l=1 rev1=1 crypto rx=0x7f97ac0098a0 tx=0x7f97ac009bb0 comp rx=0 tx=0).ready entity=mon.0 client_cookie=7959618550bf45cf server_cookie=0 in_seq=0 out_seq=0
2024-02-17T11:49:07.621 INFO:teuthology.orchestra.run.smithi094.stdout:/usr/bin/ceph: stderr
2024-02-17T11:49:06.750+0000 7f97b9ffb700 1 -- 172.21.15.94:0/1491352688 <== mon.0 v2:172.21.15.94:3300/0 1 ==== mon_map magic: 0 v1 ==== 205+0+0 (secure 0 0 0) 0x7f97ac004160 con 0x7f97bc1064f0
2024-02-17T11:49:07.621 INFO:teuthology.orchestra.run.smithi094.stdout:/usr/bin/ceph: stderr
2024-02-17T11:49:06.750+0000 7f97b9ffb700 1 -- 172.21.15.94:0/1491352688 <== mon.0 v2:172.21.15.94:3300/0 2 ==== config(27 keys) v1 ==== 1140+0+0 (secure 0 0 0) 0x7f97ac0042c0 con 0x7f97bc1064f0
2024-02-17T11:49:07.621 INFO:teuthology.orchestra.run.smithi094.stdout:/usr/bin/ceph: stderr
2024-02-17T11:49:06.750+0000 7f97b9ffb700 1 -- 172.21.15.94:0/1491352688 <== mon.0 v2:172.21.15.94:3300/0 3 ==== mon_map magic: 0 v1 ==== 205+0+0 (secure 0 0 0) 0x7f97ac011a80 con 0x7f97bc1064f0
2024-02-17T11:49:07.621 INFO:teuthology.orchestra.run.smithi094.stdout:/usr/bin/ceph: stderr
2024-02-17T11:49:06.751+0000 7f97c1654700 1 -- 172.21.15.94:0/1491352688 >> [v2:172.21.15.94:3300/0,v1:172.21.15.94:6789/0] conn(0x7f97bc1064f0 msgr2=0x7f97bc106910 secure :-1 s=STATE_CONNECTION_ESTABLISHED l=1).mark_down
2024-02-17T11:49:07.621 INFO:teuthology.orchestra.run.smithi094.stdout:/usr/bin/ceph: stderr
2024-02-17T11:49:06.751+0000 7f97c1654700 1 --2- 172.21.15.94:0/1491352688 >> [v2:172.21.15.94:3300/0,v1:172.21.15.94:6789/0] conn(0x7f97bc1064f0 0x7f97bc106910 secure :-1 s=READY pgs=78 cs=0 l=1 rev1=1 crypto rx=0x7f97ac0098a0 tx=0x7f97ac009bb0 comp rx=0 tx=0).stop
2024-02-17T11:49:07.622 INFO:teuthology.orchestra.run.smithi094.stdout:/usr/bin/ceph: stderr
2024-02-17T11:49:06.751+0000 7f97c1654700 1 -- 172.21.15.94:0/1491352688 shutdown_connections
2024-02-17T11:49:07.622 INFO:teuthology.orchestra.run.smithi094.stdout:/usr/bin/ceph: stderr
2024-02-17T11:49:06.751+0000 7f97c1654700 1 --2- 172.21.15.94:0/1491352688 >> [v2:172.21.15.94:3300/0,v1:172.21.15.94:6789/0] conn(0x7f97bc1064f0 0x7f97bc106910 unknown :-1 s=CLOSED pgs=78 cs=0 l=1 rev1=1 crypto rx=0 tx=0 comp rx=0 tx=0).stop
2024-02-17T11:49:07.622 INFO:teuthology.orchestra.run.smithi094.stdout:/usr/bin/ceph: stderr
2024-02-17T11:49:06.751+0000 7f97c1654700 1 -- 172.21.15.94:0/1491352688 >> 172.21.15.94:0/1491352688 conn(0x7f97bc101ad0 msgr2=0x7f97bc103ef0 unknown :-1 s=STATE_NONE l=0).mark_down
2024-02-17T11:49:07.622 INFO:teuthology.orchestra.run.smithi094.stdout:/usr/bin/ceph: stderr
2024-02-17T11:49:06.751+0000 7f97c1654700 1 -- 172.21.15.94:0/1491352688 shutdown_connections
2024-02-17T11:49:07.622 INFO:teuthology.orchestra.run.smithi094.stdout:/usr/bin/ceph: stderr
2024-02-17T11:49:06.751+0000 7f97c1654700 1 -- 172.21.15.94:0/1491352688 wait complete.
2024-02-17T11:49:07.622 INFO:teuthology.orchestra.run.smithi094.stdout:/usr/bin/ceph: stderr
2024-02-17T11:49:06.752+0000 7f97c1654700 1 Processor -- start
2024-02-17T11:49:07.622 INFO:teuthology.orchestra.run.smithi094.stdout:/usr/bin/ceph: stderr
2024-02-17T11:49:06.752+0000 7f97c1654700 1 -- start start
2024-02-17T11:49:07.622 INFO:teuthology.orchestra.run.smithi094.stdout:/usr/bin/ceph: stderr
2024-02-17T11:49:06.752+0000 7f97c1654700 1 --2- >> [v2:172.21.15.94:3300/0,v1:172.21.15.94:6789/0] conn(0x7f97bc1064f0 0x7f97bc19b420 unknown :-1 s=NONE pgs=0 cs=0 l=1 rev1=0 crypto rx=0 tx=0 comp rx=0 tx=0).connect
2024-02-17T11:49:07.622 INFO:teuthology.orchestra.run.smithi094.stdout:/usr/bin/ceph: stderr
2024-02-17T11:49:06.752+0000 7f97c1654700 1 -- --> [v2:172.21.15.94:3300/0,v1:172.21.15.94:6789/0] -- mon_getmap magic: 0 v1 -- 0x7f97bc19b960 con 0x7f97bc1064f0
2024-02-17T11:49:07.622 INFO:teuthology.orchestra.run.smithi094.stdout:/usr/bin/ceph: stderr
2024-02-17T11:49:06.752+0000 7f97baffd700 1 --2- >> [v2:172.21.15.94:3300/0,v1:172.21.15.94:6789/0] conn(0x7f97bc1064f0 0x7f97bc19b420 unknown :-1 s=BANNER_CONNECTING pgs=0 cs=0 l=1 rev1=0 crypto rx=0 tx=0 comp rx=0 tx=0)._handle_peer_banner_payload supported=3 required=0
2024-02-17T11:49:07.622 INFO:teuthology.orchestra.run.smithi094.stdout:/usr/bin/ceph: stderr
2024-02-17T11:49:06.752+0000 7f97baffd700 1 --2- >> [v2:172.21.15.94:3300/0,v1:172.21.15.94:6789/0] conn(0x7f97bc1064f0 0x7f97bc19b420 unknown :-1 s=HELLO_CONNECTING pgs=0 cs=0 l=1 rev1=1 crypto rx=0 tx=0 comp rx=0 tx=0).handle_hello peer v2:172.21.15.94:3300/0 says I am v2:172.21.15.94:44398/0 (socket says 172.21.15.94:44398)
2024-02-17T11:49:07.622 INFO:teuthology.orchestra.run.smithi094.stdout:/usr/bin/ceph: stderr
2024-02-17T11:49:06.752+0000 7f97baffd700 1 -- 172.21.15.94:0/2267426841 learned_addr learned my addr 172.21.15.94:0/2267426841 (peer_addr_for_me v2:172.21.15.94:0/0)
2024-02-17T11:49:07.622 INFO:teuthology.orchestra.run.smithi094.stdout:/usr/bin/ceph: stderr
2024-02-17T11:49:06.752+0000 7f97baffd700 1 -- 172.21.15.94:0/2267426841 --> [v2:172.21.15.94:3300/0,v1:172.21.15.94:6789/0] -- mon_subscribe({config=0+,monmap=0+}) v3 -- 0x7f97ac009550 con 0x7f97bc1064f0
2024-02-17T11:49:07.623 INFO:teuthology.orchestra.run.smithi094.stdout:/usr/bin/ceph: stderr
2024-02-17T11:49:06.752+0000 7f97baffd700 1 --2- 172.21.15.94:0/2267426841 >> [v2:172.21.15.94:3300/0,v1:172.21.15.94:6789/0] conn(0x7f97bc1064f0 0x7f97bc19b420 secure :-1 s=READY pgs=79 cs=0 l=1 rev1=1 crypto rx=0x7f97ac003f20 tx=0x7f97ac011b00 comp rx=0 tx=0).ready entity=mon.0 client_cookie=0 server_cookie=0 in_seq=0 out_seq=0
2024-02-17T11:49:07.623 INFO:teuthology.orchestra.run.smithi094.stdout:/usr/bin/ceph: stderr
2024-02-17T11:49:06.753+0000 7f97a3fff700 1 -- 172.21.15.94:0/2267426841 <== mon.0 v2:172.21.15.94:3300/0 1 ==== mon_map magic: 0 v1 ==== 205+0+0 (secure 0 0 0) 0x7f97ac0038b0 con 0x7f97bc1064f0
2024-02-17T11:49:07.623 INFO:teuthology.orchestra.run.smithi094.stdout:/usr/bin/ceph: stderr
2024-02-17T11:49:06.753+0000 7f97a3fff700 1 -- 172.21.15.94:0/2267426841 <== mon.0 v2:172.21.15.94:3300/0 2 ==== config(27 keys) v1 ==== 1140+0+0 (secure 0 0 0) 0x7f97ac003a10 con 0x7f97bc1064f0
2024-02-17T11:49:07.623 INFO:teuthology.orchestra.run.smithi094.stdout:/usr/bin/ceph: stderr
2024-02-17T11:49:06.753+0000 7f97c1654700 1 -- 172.21.15.94:0/2267426841 --> [v2:172.21.15.94:3300/0,v1:172.21.15.94:6789/0] -- mon_subscribe({mgrmap=0+}) v3 -- 0x7f97bc19bb60 con 0x7f97bc1064f0
2024-02-17T11:49:07.623 INFO:teuthology.orchestra.run.smithi094.stdout:/usr/bin/ceph: stderr
2024-02-17T11:49:06.753+0000 7f97a3fff700 1 -- 172.21.15.94:0/2267426841 <== mon.0 v2:172.21.15.94:3300/0 3 ==== mon_map magic: 0 v1 ==== 205+0+0 (secure 0 0 0) 0x7f97ac01a5c0 con 0x7f97bc1064f0
2024-02-17T11:49:07.623 INFO:teuthology.orchestra.run.smithi094.stdout:/usr/bin/ceph: stderr
2024-02-17T11:49:06.753+0000 7f97c1654700 1 -- 172.21.15.94:0/2267426841 --> [v2:172.21.15.94:3300/0,v1:172.21.15.94:6789/0] -- mon_subscribe({osdmap=0}) v3 -- 0x7f97bc19c000 con 0x7f97bc1064f0
2024-02-17T11:49:07.623 INFO:teuthology.orchestra.run.smithi094.stdout:/usr/bin/ceph: stderr
2024-02-17T11:49:06.754+0000 7f97a3fff700 1 -- 172.21.15.94:0/2267426841 <== mon.0 v2:172.21.15.94:3300/0 4 ==== mgrmap(e 13) v1 ==== 45988+0+0 (secure 0 0 0) 0x7f97ac01a780 con 0x7f97bc1064f0
2024-02-17T11:49:07.623 INFO:teuthology.orchestra.run.smithi094.stdout:/usr/bin/ceph: stderr
2024-02-17T11:49:06.754+0000 7f97a3fff700 1 --2- 172.21.15.94:0/2267426841 >> [v2:172.21.15.94:6800/1808883811,v1:172.21.15.94:6801/1808883811] conn(0x7f97a4039030 0x7f97a403b4f0 unknown :-1 s=NONE pgs=0 cs=0 l=1 rev1=0 crypto rx=0 tx=0 comp rx=0 tx=0).connect
2024-02-17T11:49:07.623 INFO:teuthology.orchestra.run.smithi094.stdout:/usr/bin/ceph: stderr
2024-02-17T11:49:06.754+0000 7f97c1654700 1 -- 172.21.15.94:0/2267426841 --> [v2:172.21.15.94:3300/0,v1:172.21.15.94:6789/0] -- mon_command({"prefix": "get_command_descriptions"} v 0) v1 -- 0x7f97bc195590 con 0x7f97bc1064f0
2024-02-17T11:49:07.623 INFO:teuthology.orchestra.run.smithi094.stdout:/usr/bin/ceph: stderr
2024-02-17T11:49:06.754+0000 7f97a3fff700 1 -- 172.21.15.94:0/2267426841 <== mon.0 v2:172.21.15.94:3300/0 5 ==== osd_map(3..3 src has 1..3) v4 ==== 1155+0+0 (secure 0 0 0) 0x7f97ac04d250 con 0x7f97bc1064f0
2024-02-17T11:49:07.623 INFO:teuthology.orchestra.run.smithi094.stdout:/usr/bin/ceph: stderr
2024-02-17T11:49:06.754+0000 7f97ba7fc700 1 --2- 172.21.15.94:0/2267426841 >> [v2:172.21.15.94:6800/1808883811,v1:172.21.15.94:6801/1808883811] conn(0x7f97a4039030 0x7f97a403b4f0 unknown :-1 s=BANNER_CONNECTING pgs=0 cs=0 l=1 rev1=0 crypto rx=0 tx=0 comp rx=0 tx=0)._handle_peer_banner_payload supported=3 required=0
2024-02-17T11:49:07.623 INFO:teuthology.orchestra.run.smithi094.stdout:/usr/bin/ceph: stderr
2024-02-17T11:49:06.754+0000 7f97ba7fc700 1 --2- 172.21.15.94:0/2267426841 >> [v2:172.21.15.94:6800/1808883811,v1:172.21.15.94:6801/1808883811] conn(0x7f97a4039030 0x7f97a403b4f0 secure :-1 s=READY pgs=11 cs=0 l=1 rev1=1 crypto rx=0x7f97b0006fd0 tx=0x7f97b0006e40 comp rx=0 tx=0).ready entity=mgr.14152 client_cookie=0 server_cookie=0 in_seq=0 out_seq=0
2024-02-17T11:49:07.623 INFO:teuthology.orchestra.run.smithi094.stdout:/usr/bin/ceph: stderr
2024-02-17T11:49:06.759+0000 7f97a3fff700 1 -- 172.21.15.94:0/2267426841 <== mon.0 v2:172.21.15.94:3300/0 6 ==== mon_command_ack([{"prefix": "get_command_descriptions"}]=0 v0) v1 ==== 72+0+183564 (secure 0 0 0) 0x7f97ac018c20 con 0x7f97bc1064f0
2024-02-17T11:49:07.624 INFO:teuthology.orchestra.run.smithi094.stdout:/usr/bin/ceph: stderr
2024-02-17T11:49:07.056+0000 7f97c1654700 1 -- 172.21.15.94:0/2267426841 --> [v2:172.21.15.94:3300/0,v1:172.21.15.94:6789/0] -- mon_command([{prefix=config-key set, key=mgr/dashboard/cluster/status}] v 0) v1 -- 0x7f97bc10aae0 con 0x7f97bc1064f0
2024-02-17T11:49:07.624 INFO:teuthology.orchestra.run.smithi094.stdout:/usr/bin/ceph: stderr
2024-02-17T11:49:07.058+0000 7f97a3fff700 1 -- 172.21.15.94:0/2267426841 <== mon.0 v2:172.21.15.94:3300/0 7 ==== mon_command_ack([{prefix=config-key set, key=mgr/dashboard/cluster/status}]=0 set mgr/dashboard/cluster/status v28)=0 set mgr/dashboard/cluster/status v28) v1 ==== 153+0+0 (secure 0 0 0) 0x7f97ac018350 con 0x7f97bc1064f0
2024-02-17T11:49:07.624 INFO:teuthology.orchestra.run.smithi094.stdout:/usr/bin/ceph: stderr
2024-02-17T11:49:07.060+0000 7f97c1654700 1 -- 172.21.15.94:0/2267426841 >> [v2:172.21.15.94:6800/1808883811,v1:172.21.15.94:6801/1808883811] conn(0x7f97a4039030 msgr2=0x7f97a403b4f0 secure :-1 s=STATE_CONNECTION_ESTABLISHED l=1).mark_down
2024-02-17T11:49:07.624 INFO:teuthology.orchestra.run.smithi094.stdout:/usr/bin/ceph: stderr
2024-02-17T11:49:07.060+0000 7f97c1654700 1 --2- 172.21.15.94:0/2267426841 >> [v2:172.21.15.94:6800/1808883811,v1:172.21.15.94:6801/1808883811] conn(0x7f97a4039030 0x7f97a403b4f0 secure :-1 s=READY pgs=11 cs=0 l=1 rev1=1 crypto rx=0x7f97b0006fd0 tx=0x7f97b0006e40 comp rx=0 tx=0).stop
2024-02-17T11:49:07.624 INFO:teuthology.orchestra.run.smithi094.stdout:/usr/bin/ceph: stderr
2024-02-17T11:49:07.060+0000 7f97c1654700 1 -- 172.21.15.94:0/2267426841 >> [v2:172.21.15.94:3300/0,v1:172.21.15.94:6789/0] conn(0x7f97bc1064f0 msgr2=0x7f97bc19b420 secure :-1 s=STATE_CONNECTION_ESTABLISHED l=1).mark_down
2024-02-17T11:49:07.624 INFO:teuthology.orchestra.run.smithi094.stdout:/usr/bin/ceph: stderr
2024-02-17T11:49:07.060+0000 7f97c1654700 1 --2- 172.21.15.94:0/2267426841 >> [v2:172.21.15.94:3300/0,v1:172.21.15.94:6789/0] conn(0x7f97bc1064f0 0x7f97bc19b420 secure :-1 s=READY pgs=79 cs=0 l=1 rev1=1 crypto rx=0x7f97ac003f20 tx=0x7f97ac011b00 comp rx=0 tx=0).stop
2024-02-17T11:49:07.624 INFO:teuthology.orchestra.run.smithi094.stdout:/usr/bin/ceph: stderr
2024-02-17T11:49:07.060+0000 7f97c1654700 1 -- 172.21.15.94:0/2267426841 shutdown_connections
2024-02-17T11:49:07.624 INFO:teuthology.orchestra.run.smithi094.stdout:/usr/bin/ceph: stderr
2024-02-17T11:49:07.060+0000 7f97c1654700 1 --2- 172.21.15.94:0/2267426841 >> [v2:172.21.15.94:6800/1808883811,v1:172.21.15.94:6801/1808883811] conn(0x7f97a4039030 0x7f97a403b4f0 unknown :-1 s=CLOSED pgs=11 cs=0 l=1 rev1=1 crypto rx=0 tx=0 comp rx=0 tx=0).stop
2024-02-17T11:49:07.624 INFO:teuthology.orchestra.run.smithi094.stdout:/usr/bin/ceph: stderr
2024-02-17T11:49:07.060+0000 7f97c1654700 1 --2- 172.21.15.94:0/2267426841 >> [v2:172.21.15.94:3300/0,v1:172.21.15.94:6789/0] conn(0x7f97bc1064f0 0x7f97bc19b420 unknown :-1 s=CLOSED pgs=79 cs=0 l=1 rev1=1 crypto rx=0 tx=0 comp rx=0 tx=0).stop
2024-02-17T11:49:07.624 INFO:teuthology.orchestra.run.smithi094.stdout:/usr/bin/ceph: stderr
2024-02-17T11:49:07.060+0000 7f97c1654700 1 -- 172.21.15.94:0/2267426841 >> 172.21.15.94:0/2267426841 conn(0x7f97bc101ad0 msgr2=0x7f97bc102980 unknown :-1 s=STATE_NONE l=0).mark_down
2024-02-17T11:49:07.624 INFO:teuthology.orchestra.run.smithi094.stdout:/usr/bin/ceph: stderr
2024-02-17T11:49:07.060+0000 7f97c1654700 1 -- 172.21.15.94:0/2267426841 shutdown_connections
2024-02-17T11:49:07.624 INFO:teuthology.orchestra.run.smithi094.stdout:/usr/bin/ceph: stderr
2024-02-17T11:49:07.060+0000 7f97c1654700 1 -- 172.21.15.94:0/2267426841 wait complete.
2024-02-17T11:49:07.624 INFO:teuthology.orchestra.run.smithi094.stdout:/usr/bin/ceph: stderr set mgr/dashboard/cluster/status
2024-02-17T11:49:07.625 INFO:teuthology.orchestra.run.smithi094.stdout:You can access the Ceph CLI as following in case of multi-cluster or non-default config:
2024-02-17T11:49:07.625 INFO:teuthology.orchestra.run.smithi094.stdout:
2024-02-17T11:49:07.625 INFO:teuthology.orchestra.run.smithi094.stdout: sudo /home/ubuntu/cephtest/cephadm shell --fsid 3bc5cfc8-cd8a-11ee-95ba-87774f69a715 -c /etc/ceph/ceph.conf -k /etc/ceph/ceph.client.admin.keyring
2024-02-17T11:49:07.625 INFO:teuthology.orchestra.run.smithi094.stdout:
2024-02-17T11:49:07.625 INFO:teuthology.orchestra.run.smithi094.stdout:Or, if you are only running a single cluster on this host:
2024-02-17T11:49:07.625 INFO:teuthology.orchestra.run.smithi094.stdout:
2024-02-17T11:49:07.625 INFO:teuthology.orchestra.run.smithi094.stdout: sudo /home/ubuntu/cephtest/cephadm shell
2024-02-17T11:49:07.625 INFO:teuthology.orchestra.run.smithi094.stdout:
2024-02-17T11:49:07.625 INFO:teuthology.orchestra.run.smithi094.stdout:Please consider enabling telemetry to help improve Ceph:
2024-02-17T11:49:07.625 INFO:teuthology.orchestra.run.smithi094.stdout:
2024-02-17T11:49:07.625 INFO:teuthology.orchestra.run.smithi094.stdout: ceph telemetry on
2024-02-17T11:49:07.625 INFO:teuthology.orchestra.run.smithi094.stdout:
2024-02-17T11:49:07.625 INFO:teuthology.orchestra.run.smithi094.stdout:For more information see:
2024-02-17T11:49:07.625 INFO:teuthology.orchestra.run.smithi094.stdout:
2024-02-17T11:49:07.625 INFO:teuthology.orchestra.run.smithi094.stdout: https://docs.ceph.com/en/latest/mgr/telemetry/
2024-02-17T11:49:07.626 INFO:teuthology.orchestra.run.smithi094.stdout:
2024-02-17T11:49:07.626 INFO:teuthology.orchestra.run.smithi094.stdout:Bootstrap complete.
2024-02-17T11:49:07.657 INFO:tasks.cephadm:Fetching config...
2024-02-17T11:49:07.657 DEBUG:teuthology.orchestra.run.smithi094:> set -ex
2024-02-17T11:49:07.657 DEBUG:teuthology.orchestra.run.smithi094:> dd if=/etc/ceph/ceph.conf of=/dev/stdout
2024-02-17T11:49:07.672 INFO:tasks.cephadm:Fetching client.admin keyring...
2024-02-17T11:49:07.672 DEBUG:teuthology.orchestra.run.smithi094:> set -ex
2024-02-17T11:49:07.672 DEBUG:teuthology.orchestra.run.smithi094:> dd if=/etc/ceph/ceph.client.admin.keyring of=/dev/stdout
2024-02-17T11:49:07.728 INFO:tasks.cephadm:Fetching mon keyring...
2024-02-17T11:49:07.728 DEBUG:teuthology.orchestra.run.smithi094:> set -ex
2024-02-17T11:49:07.728 DEBUG:teuthology.orchestra.run.smithi094:> sudo dd if=/var/lib/ceph/3bc5cfc8-cd8a-11ee-95ba-87774f69a715/mon.a/keyring of=/dev/stdout
2024-02-17T11:49:07.794 INFO:tasks.cephadm:Fetching pub ssh key...
2024-02-17T11:49:07.794 DEBUG:teuthology.orchestra.run.smithi094:> set -ex
2024-02-17T11:49:07.794 DEBUG:teuthology.orchestra.run.smithi094:> dd if=/home/ubuntu/cephtest/ceph.pub of=/dev/stdout
2024-02-17T11:49:07.849 INFO:tasks.cephadm:Installing pub ssh key for root users...
2024-02-17T11:49:07.850 DEBUG:teuthology.orchestra.run.smithi094:> sudo install -d -m 0700 /root/.ssh && echo 'ssh-rsa AAAAB3NzaC1yc2EAAAADAQABAAABgQDMgNM5FW33h6Al09k3y8SyiiGgkOnK3CxNC3Z0JgyBhRzXLQGcm51ODYu2IyozwChiAl0lJ/cDrPyC8fcDkHw2/949919qppPqY+UbFrNsAg5F1jAhtJuCS4843DIPRSS8PnINudVKXoWlsAoSkZgcUf1BJCviz73FnKKyZuWqr9HwpRagc9Z0s7+P19Fc7zp8suUCQ1DHOL/6F3oZlU9Dcv0QPHPq3kwn3/kp/hqIz8mwIxUJYzOLcXVRIeftcJc2FUna52UIo/kYnIqvmvqbaHJPfYwZxlBrz7lCpqutPg1gSXpRfB7pGtimVArqWFUX0QGYOwGE8AXl9RTdkaTm6R6B7x3HoEzoRkwlVJ1klZoj6YA/Pr1j3QWkS54PrvpK2jNgwAcQ9sg/BtOeYB9Hnhw0e8fk4w0i68kVTl1h1nVbHxylBJpv27Yjiro4PU0kUnQU09ydogrYLsx6mVGhH8L/fOQEH+DgJIUMSmpVbh1o5mA0F9Yq0OwEy6eGTgk= ceph-3bc5cfc8-cd8a-11ee-95ba-87774f69a715' | sudo tee -a /root/.ssh/authorized_keys && sudo chmod 0600 /root/.ssh/authorized_keys
2024-02-17T11:49:07.940 INFO:teuthology.orchestra.run.smithi094.stdout:ssh-rsa AAAAB3NzaC1yc2EAAAADAQABAAABgQDMgNM5FW33h6Al09k3y8SyiiGgkOnK3CxNC3Z0JgyBhRzXLQGcm51ODYu2IyozwChiAl0lJ/cDrPyC8fcDkHw2/949919qppPqY+UbFrNsAg5F1jAhtJuCS4843DIPRSS8PnINudVKXoWlsAoSkZgcUf1BJCviz73FnKKyZuWqr9HwpRagc9Z0s7+P19Fc7zp8suUCQ1DHOL/6F3oZlU9Dcv0QPHPq3kwn3/kp/hqIz8mwIxUJYzOLcXVRIeftcJc2FUna52UIo/kYnIqvmvqbaHJPfYwZxlBrz7lCpqutPg1gSXpRfB7pGtimVArqWFUX0QGYOwGE8AXl9RTdkaTm6R6B7x3HoEzoRkwlVJ1klZoj6YA/Pr1j3QWkS54PrvpK2jNgwAcQ9sg/BtOeYB9Hnhw0e8fk4w0i68kVTl1h1nVbHxylBJpv27Yjiro4PU0kUnQU09ydogrYLsx6mVGhH8L/fOQEH+DgJIUMSmpVbh1o5mA0F9Yq0OwEy6eGTgk= ceph-3bc5cfc8-cd8a-11ee-95ba-87774f69a715
2024-02-17T11:49:07.955 DEBUG:teuthology.orchestra.run.smithi125:> sudo install -d -m 0700 /root/.ssh && echo 'ssh-rsa AAAAB3NzaC1yc2EAAAADAQABAAABgQDMgNM5FW33h6Al09k3y8SyiiGgkOnK3CxNC3Z0JgyBhRzXLQGcm51ODYu2IyozwChiAl0lJ/cDrPyC8fcDkHw2/949919qppPqY+UbFrNsAg5F1jAhtJuCS4843DIPRSS8PnINudVKXoWlsAoSkZgcUf1BJCviz73FnKKyZuWqr9HwpRagc9Z0s7+P19Fc7zp8suUCQ1DHOL/6F3oZlU9Dcv0QPHPq3kwn3/kp/hqIz8mwIxUJYzOLcXVRIeftcJc2FUna52UIo/kYnIqvmvqbaHJPfYwZxlBrz7lCpqutPg1gSXpRfB7pGtimVArqWFUX0QGYOwGE8AXl9RTdkaTm6R6B7x3HoEzoRkwlVJ1klZoj6YA/Pr1j3QWkS54PrvpK2jNgwAcQ9sg/BtOeYB9Hnhw0e8fk4w0i68kVTl1h1nVbHxylBJpv27Yjiro4PU0kUnQU09ydogrYLsx6mVGhH8L/fOQEH+DgJIUMSmpVbh1o5mA0F9Yq0OwEy6eGTgk= ceph-3bc5cfc8-cd8a-11ee-95ba-87774f69a715' | sudo tee -a /root/.ssh/authorized_keys && sudo chmod 0600 /root/.ssh/authorized_keys
2024-02-17T11:49:08.002 INFO:teuthology.orchestra.run.smithi125.stdout:ssh-rsa AAAAB3NzaC1yc2EAAAADAQABAAABgQDMgNM5FW33h6Al09k3y8SyiiGgkOnK3CxNC3Z0JgyBhRzXLQGcm51ODYu2IyozwChiAl0lJ/cDrPyC8fcDkHw2/949919qppPqY+UbFrNsAg5F1jAhtJuCS4843DIPRSS8PnINudVKXoWlsAoSkZgcUf1BJCviz73FnKKyZuWqr9HwpRagc9Z0s7+P19Fc7zp8suUCQ1DHOL/6F3oZlU9Dcv0QPHPq3kwn3/kp/hqIz8mwIxUJYzOLcXVRIeftcJc2FUna52UIo/kYnIqvmvqbaHJPfYwZxlBrz7lCpqutPg1gSXpRfB7pGtimVArqWFUX0QGYOwGE8AXl9RTdkaTm6R6B7x3HoEzoRkwlVJ1klZoj6YA/Pr1j3QWkS54PrvpK2jNgwAcQ9sg/BtOeYB9Hnhw0e8fk4w0i68kVTl1h1nVbHxylBJpv27Yjiro4PU0kUnQU09ydogrYLsx6mVGhH8L/fOQEH+DgJIUMSmpVbh1o5mA0F9Yq0OwEy6eGTgk= ceph-3bc5cfc8-cd8a-11ee-95ba-87774f69a715
2024-02-17T11:49:08.018 DEBUG:teuthology.orchestra.run.smithi189:> sudo install -d -m 0700 /root/.ssh && echo 'ssh-rsa AAAAB3NzaC1yc2EAAAADAQABAAABgQDMgNM5FW33h6Al09k3y8SyiiGgkOnK3CxNC3Z0JgyBhRzXLQGcm51ODYu2IyozwChiAl0lJ/cDrPyC8fcDkHw2/949919qppPqY+UbFrNsAg5F1jAhtJuCS4843DIPRSS8PnINudVKXoWlsAoSkZgcUf1BJCviz73FnKKyZuWqr9HwpRagc9Z0s7+P19Fc7zp8suUCQ1DHOL/6F3oZlU9Dcv0QPHPq3kwn3/kp/hqIz8mwIxUJYzOLcXVRIeftcJc2FUna52UIo/kYnIqvmvqbaHJPfYwZxlBrz7lCpqutPg1gSXpRfB7pGtimVArqWFUX0QGYOwGE8AXl9RTdkaTm6R6B7x3HoEzoRkwlVJ1klZoj6YA/Pr1j3QWkS54PrvpK2jNgwAcQ9sg/BtOeYB9Hnhw0e8fk4w0i68kVTl1h1nVbHxylBJpv27Yjiro4PU0kUnQU09ydogrYLsx6mVGhH8L/fOQEH+DgJIUMSmpVbh1o5mA0F9Yq0OwEy6eGTgk= ceph-3bc5cfc8-cd8a-11ee-95ba-87774f69a715' | sudo tee -a /root/.ssh/authorized_keys && sudo chmod 0600 /root/.ssh/authorized_keys
2024-02-17T11:49:08.063 INFO:teuthology.orchestra.run.smithi189.stdout:ssh-rsa AAAAB3NzaC1yc2EAAAADAQABAAABgQDMgNM5FW33h6Al09k3y8SyiiGgkOnK3CxNC3Z0JgyBhRzXLQGcm51ODYu2IyozwChiAl0lJ/cDrPyC8fcDkHw2/949919qppPqY+UbFrNsAg5F1jAhtJuCS4843DIPRSS8PnINudVKXoWlsAoSkZgcUf1BJCviz73FnKKyZuWqr9HwpRagc9Z0s7+P19Fc7zp8suUCQ1DHOL/6F3oZlU9Dcv0QPHPq3kwn3/kp/hqIz8mwIxUJYzOLcXVRIeftcJc2FUna52UIo/kYnIqvmvqbaHJPfYwZxlBrz7lCpqutPg1gSXpRfB7pGtimVArqWFUX0QGYOwGE8AXl9RTdkaTm6R6B7x3HoEzoRkwlVJ1klZoj6YA/Pr1j3QWkS54PrvpK2jNgwAcQ9sg/BtOeYB9Hnhw0e8fk4w0i68kVTl1h1nVbHxylBJpv27Yjiro4PU0kUnQU09ydogrYLsx6mVGhH8L/fOQEH+DgJIUMSmpVbh1o5mA0F9Yq0OwEy6eGTgk= ceph-3bc5cfc8-cd8a-11ee-95ba-87774f69a715
2024-02-17T11:49:08.079 DEBUG:teuthology.orchestra.run.smithi094:> sudo /home/ubuntu/cephtest/cephadm --image quay-quay-quay.apps.os.sepia.ceph.com/ceph-ci/ceph:6822c7b54e949006be7a0802650d01723d834d1d shell -c /etc/ceph/ceph.conf -k /etc/ceph/ceph.client.admin.keyring --fsid 3bc5cfc8-cd8a-11ee-95ba-87774f69a715 -- ceph config set mgr mgr/cephadm/allow_ptrace true
2024-02-17T11:49:08.184 INFO:journalctl@ceph.mon.a.smithi094.stdout:Feb 17 11:49:08 smithi094 ceph-mon[32499]: from='client.? 172.21.15.94:0/2267426841' entity='client.admin'
2024-02-17T11:49:08.314 INFO:teuthology.orchestra.run.smithi094.stderr:Inferring config /var/lib/ceph/3bc5cfc8-cd8a-11ee-95ba-87774f69a715/mon.a/config
2024-02-17T11:49:10.779 INFO:teuthology.orchestra.run.smithi094.stderr:2024-02-17T11:49:10.761+0000 7f273bfbd700 1 -- 172.21.15.94:0/3574468836 >> [v2:172.21.15.94:3300/0,v1:172.21.15.94:6789/0] conn(0x7f27341005a0 msgr2=0x7f27341009c0 secure :-1 s=STATE_CONNECTION_ESTABLISHED l=1).mark_down
2024-02-17T11:49:10.779 INFO:teuthology.orchestra.run.smithi094.stderr:2024-02-17T11:49:10.761+0000 7f273bfbd700 1 --2- 172.21.15.94:0/3574468836 >> [v2:172.21.15.94:3300/0,v1:172.21.15.94:6789/0] conn(0x7f27341005a0 0x7f27341009c0 secure :-1 s=READY pgs=80 cs=0 l=1 rev1=1 crypto rx=0x7f2730009910 tx=0x7f2730009c20 comp rx=0 tx=0).stop
2024-02-17T11:49:10.779 INFO:teuthology.orchestra.run.smithi094.stderr:2024-02-17T11:49:10.761+0000 7f273bfbd700 1 -- 172.21.15.94:0/3574468836 shutdown_connections
2024-02-17T11:49:10.780 INFO:teuthology.orchestra.run.smithi094.stderr:2024-02-17T11:49:10.761+0000 7f273bfbd700 1 --2- 172.21.15.94:0/3574468836 >> [v2:172.21.15.94:3300/0,v1:172.21.15.94:6789/0] conn(0x7f27341005a0 0x7f27341009c0 unknown :-1 s=CLOSED pgs=80 cs=0 l=1 rev1=1 crypto rx=0 tx=0 comp rx=0 tx=0).stop
2024-02-17T11:49:10.780 INFO:teuthology.orchestra.run.smithi094.stderr:2024-02-17T11:49:10.761+0000 7f273bfbd700 1 -- 172.21.15.94:0/3574468836 >> 172.21.15.94:0/3574468836 conn(0x7f27340fbb40 msgr2=0x7f27340fdf80 unknown :-1 s=STATE_NONE l=0).mark_down
2024-02-17T11:49:10.780 INFO:teuthology.orchestra.run.smithi094.stderr:2024-02-17T11:49:10.761+0000 7f273bfbd700 1 -- 172.21.15.94:0/3574468836 shutdown_connections
2024-02-17T11:49:10.780 INFO:teuthology.orchestra.run.smithi094.stderr:2024-02-17T11:49:10.761+0000 7f273bfbd700 1 -- 172.21.15.94:0/3574468836 wait complete.
2024-02-17T11:49:10.780 INFO:teuthology.orchestra.run.smithi094.stderr:2024-02-17T11:49:10.761+0000 7f273bfbd700 1 Processor -- start
2024-02-17T11:49:10.780 INFO:teuthology.orchestra.run.smithi094.stderr:2024-02-17T11:49:10.761+0000 7f273bfbd700 1 -- start start
2024-02-17T11:49:10.780 INFO:teuthology.orchestra.run.smithi094.stderr:2024-02-17T11:49:10.762+0000 7f273bfbd700 1 --2- >> [v2:172.21.15.94:3300/0,v1:172.21.15.94:6789/0] conn(0x7f27341005a0 0x7f27340fda00 unknown :-1 s=NONE pgs=0 cs=0 l=1 rev1=0 crypto rx=0 tx=0 comp rx=0 tx=0).connect
2024-02-17T11:49:10.780 INFO:teuthology.orchestra.run.smithi094.stderr:2024-02-17T11:49:10.762+0000 7f273bfbd700 1 -- --> [v2:172.21.15.94:3300/0,v1:172.21.15.94:6789/0] -- mon_getmap magic: 0 v1 -- 0x7f27340fdf40 con 0x7f27341005a0
2024-02-17T11:49:10.780 INFO:teuthology.orchestra.run.smithi094.stderr:2024-02-17T11:49:10.762+0000 7f2739d59700 1 --2- >> [v2:172.21.15.94:3300/0,v1:172.21.15.94:6789/0] conn(0x7f27341005a0 0x7f27340fda00 unknown :-1 s=BANNER_CONNECTING pgs=0 cs=0 l=1 rev1=0 crypto rx=0 tx=0 comp rx=0 tx=0)._handle_peer_banner_payload supported=3 required=0
2024-02-17T11:49:10.780 INFO:teuthology.orchestra.run.smithi094.stderr:2024-02-17T11:49:10.762+0000 7f2739d59700 1 --2- >> [v2:172.21.15.94:3300/0,v1:172.21.15.94:6789/0] conn(0x7f27341005a0 0x7f27340fda00 unknown :-1 s=HELLO_CONNECTING pgs=0 cs=0 l=1 rev1=1 crypto rx=0 tx=0 comp rx=0 tx=0).handle_hello peer v2:172.21.15.94:3300/0 says I am v2:172.21.15.94:44408/0 (socket says 172.21.15.94:44408)
2024-02-17T11:49:10.780 INFO:teuthology.orchestra.run.smithi094.stderr:2024-02-17T11:49:10.762+0000 7f2739d59700 1 -- 172.21.15.94:0/360359685 learned_addr learned my addr 172.21.15.94:0/360359685 (peer_addr_for_me v2:172.21.15.94:0/0)
2024-02-17T11:49:10.780 INFO:teuthology.orchestra.run.smithi094.stderr:2024-02-17T11:49:10.762+0000 7f2739d59700 1 -- 172.21.15.94:0/360359685 --> [v2:172.21.15.94:3300/0,v1:172.21.15.94:6789/0] -- mon_subscribe({config=0+,monmap=0+}) v3 -- 0x7f27300095f0 con 0x7f27341005a0
2024-02-17T11:49:10.780 INFO:teuthology.orchestra.run.smithi094.stderr:2024-02-17T11:49:10.762+0000 7f2739d59700 1 --2- 172.21.15.94:0/360359685 >> [v2:172.21.15.94:3300/0,v1:172.21.15.94:6789/0] conn(0x7f27341005a0 0x7f27340fda00 secure :-1 s=READY pgs=81 cs=0 l=1 rev1=1 crypto rx=0x7f2730005850 tx=0x7f2730004ff0 comp rx=0 tx=0).ready entity=mon.0 client_cookie=0 server_cookie=0 in_seq=0 out_seq=0
2024-02-17T11:49:10.781 INFO:teuthology.orchestra.run.smithi094.stderr:2024-02-17T11:49:10.762+0000 7f272affd700 1 -- 172.21.15.94:0/360359685 <== mon.0 v2:172.21.15.94:3300/0 1 ==== mon_map magic: 0 v1 ==== 205+0+0 (secure 0 0 0) 0x7f273001d070 con 0x7f27341005a0
2024-02-17T11:49:10.781 INFO:teuthology.orchestra.run.smithi094.stderr:2024-02-17T11:49:10.762+0000 7f272affd700 1 -- 172.21.15.94:0/360359685 <== mon.0 v2:172.21.15.94:3300/0 2 ==== config(27 keys) v1 ==== 1140+0+0 (secure 0 0 0) 0x7f273000be40 con 0x7f27341005a0
2024-02-17T11:49:10.781 INFO:teuthology.orchestra.run.smithi094.stderr:2024-02-17T11:49:10.762+0000 7f273bfbd700 1 -- 172.21.15.94:0/360359685 --> [v2:172.21.15.94:3300/0,v1:172.21.15.94:6789/0] -- mon_subscribe({mgrmap=0+}) v3 -- 0x7f27340fc130 con 0x7f27341005a0
2024-02-17T11:49:10.781 INFO:teuthology.orchestra.run.smithi094.stderr:2024-02-17T11:49:10.762+0000 7f272affd700 1 -- 172.21.15.94:0/360359685 <== mon.0 v2:172.21.15.94:3300/0 3 ==== mon_map magic: 0 v1 ==== 205+0+0 (secure 0 0 0) 0x7f2730022ea0 con 0x7f27341005a0
2024-02-17T11:49:10.781 INFO:teuthology.orchestra.run.smithi094.stderr:2024-02-17T11:49:10.762+0000 7f273bfbd700 1 -- 172.21.15.94:0/360359685 --> [v2:172.21.15.94:3300/0,v1:172.21.15.94:6789/0] -- mon_subscribe({osdmap=0}) v3 -- 0x7f27340fc5d0 con 0x7f27341005a0
