2024-02-17T11:48:34.176+0000 7f2d90f4e700 1 -- 172.21.15.94:0/3555629063 >> [v2:172.21.15.94:6800/2384585889,v1:172.21.15.94:6801/2384585889] conn(0x7f2d74038dd0 msgr2=0x7f2d7403b290 secure :-1 s=STATE_CONNECTION_ESTABLISHED l=1).mark_down
2024-02-17T11:48:34.747 INFO:teuthology.orchestra.run.smithi094.stdout:/usr/bin/ceph: stderr
2024-02-17T11:48:34.176+0000 7f2d90f4e700 1 --2- 172.21.15.94:0/3555629063 >> [v2:172.21.15.94:6800/2384585889,v1:172.21.15.94:6801/2384585889] conn(0x7f2d74038dd0 0x7f2d7403b290 secure :-1 s=READY pgs=7 cs=0 l=1 rev1=1 crypto rx=0x7f2d80006fd0 tx=0x7f2d80006e40 comp rx=0 tx=0).stop
2024-02-17T11:48:34.747 INFO:teuthology.orchestra.run.smithi094.stdout:/usr/bin/ceph: stderr
2024-02-17T11:48:34.176+0000 7f2d90f4e700 1 -- 172.21.15.94:0/3555629063 >> [v2:172.21.15.94:3300/0,v1:172.21.15.94:6789/0] conn(0x7f2d8c107b00 msgr2=0x7f2d8c19d650 secure :-1 s=STATE_CONNECTION_ESTABLISHED l=1).mark_down
2024-02-17T11:48:34.747 INFO:teuthology.orchestra.run.smithi094.stdout:/usr/bin/ceph: stderr
2024-02-17T11:48:34.176+0000 7f2d90f4e700 1 --2- 172.21.15.94:0/3555629063 >> [v2:172.21.15.94:3300/0,v1:172.21.15.94:6789/0] conn(0x7f2d8c107b00 0x7f2d8c19d650 secure :-1 s=READY pgs=38 cs=0 l=1 rev1=1 crypto rx=0x7f2d7c009fb0 tx=0x7f2d7c011b20 comp rx=0 tx=0).stop
2024-02-17T11:48:34.747 INFO:teuthology.orchestra.run.smithi094.stdout:/usr/bin/ceph: stderr
2024-02-17T11:48:34.176+0000 7f2d90f4e700 1 -- 172.21.15.94:0/3555629063 shutdown_connections
2024-02-17T11:48:34.747 INFO:teuthology.orchestra.run.smithi094.stdout:/usr/bin/ceph: stderr
2024-02-17T11:48:34.176+0000 7f2d90f4e700 1 --2- 172.21.15.94:0/3555629063 >> [v2:172.21.15.94:6800/2384585889,v1:172.21.15.94:6801/2384585889] conn(0x7f2d74038dd0 0x7f2d7403b290 unknown :-1 s=CLOSED pgs=7 cs=0 l=1 rev1=1 crypto rx=0 tx=0 comp rx=0 tx=0).stop
2024-02-17T11:48:34.747 INFO:teuthology.orchestra.run.smithi094.stdout:/usr/bin/ceph: stderr
2024-02-17T11:48:34.176+0000 7f2d90f4e700 1 --2- 172.21.15.94:0/3555629063 >> [v2:172.21.15.94:3300/0,v1:172.21.15.94:6789/0] conn(0x7f2d8c107b00 0x7f2d8c19d650 unknown :-1 s=CLOSED pgs=38 cs=0 l=1 rev1=1 crypto rx=0 tx=0 comp rx=0 tx=0).stop
2024-02-17T11:48:34.747 INFO:teuthology.orchestra.run.smithi094.stdout:/usr/bin/ceph: stderr
2024-02-17T11:48:34.176+0000 7f2d90f4e700 1 -- 172.21.15.94:0/3555629063 >> 172.21.15.94:0/3555629063 conn(0x7f2d8c1012d0 msgr2=0x7f2d8c193de0 unknown :-1 s=STATE_NONE l=0).mark_down
2024-02-17T11:48:34.747 INFO:teuthology.orchestra.run.smithi094.stdout:/usr/bin/ceph: stderr
2024-02-17T11:48:34.176+0000 7f2d90f4e700 1 -- 172.21.15.94:0/3555629063 shutdown_connections
2024-02-17T11:48:34.747 INFO:teuthology.orchestra.run.smithi094.stdout:/usr/bin/ceph: stderr
2024-02-17T11:48:34.176+0000 7f2d90f4e700 1 -- 172.21.15.94:0/3555629063 wait complete.
2024-02-17T11:48:35.063 INFO:journalctl@ceph.mon.a.smithi094.stdout:Feb 17 11:48:34 smithi094 ceph-mon[32499]: [17/Feb/2024:11:48:33] ENGINE Bus STARTING
2024-02-17T11:48:35.064 INFO:journalctl@ceph.mon.a.smithi094.stdout:Feb 17 11:48:34 smithi094 ceph-mon[32499]: [17/Feb/2024:11:48:33] ENGINE Serving on https://172.21.15.94:7150
2024-02-17T11:48:35.064 INFO:journalctl@ceph.mon.a.smithi094.stdout:Feb 17 11:48:34 smithi094 ceph-mon[32499]: [17/Feb/2024:11:48:33] ENGINE Serving on http://172.21.15.94:8765
2024-02-17T11:48:35.064 INFO:journalctl@ceph.mon.a.smithi094.stdout:Feb 17 11:48:34 smithi094 ceph-mon[32499]: [17/Feb/2024:11:48:33] ENGINE Bus STARTED
2024-02-17T11:48:35.064 INFO:journalctl@ceph.mon.a.smithi094.stdout:Feb 17 11:48:34 smithi094 ceph-mon[32499]: mgrmap e8: x(active, since 2s)
2024-02-17T11:48:35.064 INFO:journalctl@ceph.mon.a.smithi094.stdout:Feb 17 11:48:34 smithi094 ceph-mon[32499]: from='mgr.14120 172.21.15.94:0/574748499' entity='mgr.x'
2024-02-17T11:48:35.064 INFO:journalctl@ceph.mon.a.smithi094.stdout:Feb 17 11:48:34 smithi094 ceph-mon[32499]: from='mgr.14120 172.21.15.94:0/574748499' entity='mgr.x' cmd=[{"prefix": "config dump", "format": "json"}]: dispatch
2024-02-17T11:48:35.908 INFO:teuthology.orchestra.run.smithi094.stdout:/usr/bin/ceph: stdout value unchanged
2024-02-17T11:48:35.908 INFO:teuthology.orchestra.run.smithi094.stdout:/usr/bin/ceph: stderr
2024-02-17T11:48:35.163+0000 7f0a955af700 1 Processor -- start
2024-02-17T11:48:35.908 INFO:teuthology.orchestra.run.smithi094.stdout:/usr/bin/ceph: stderr
2024-02-17T11:48:35.163+0000 7f0a955af700 1 -- start start
2024-02-17T11:48:35.908 INFO:teuthology.orchestra.run.smithi094.stdout:/usr/bin/ceph: stderr
2024-02-17T11:48:35.163+0000 7f0a955af700 1 --2- >> [v2:172.21.15.94:3300/0,v1:172.21.15.94:6789/0] conn(0x7f0a9007ce70 0x7f0a9007b320 unknown :-1 s=NONE pgs=0 cs=0 l=0 rev1=0 crypto rx=0 tx=0 comp rx=0 tx=0).connect
2024-02-17T11:48:35.908 INFO:teuthology.orchestra.run.smithi094.stdout:/usr/bin/ceph: stderr
2024-02-17T11:48:35.163+0000 7f0a955af700 1 -- --> [v2:172.21.15.94:3300/0,v1:172.21.15.94:6789/0] -- mon_getmap magic: 0 v1 -- 0x7f0a9007b8f0 con 0x7f0a9007ce70
2024-02-17T11:48:35.908 INFO:teuthology.orchestra.run.smithi094.stdout:/usr/bin/ceph: stderr
2024-02-17T11:48:35.163+0000 7f0a8effd700 1 --2- >> [v2:172.21.15.94:3300/0,v1:172.21.15.94:6789/0] conn(0x7f0a9007ce70 0x7f0a9007b320 unknown :-1 s=BANNER_CONNECTING pgs=0 cs=0 l=0 rev1=0 crypto rx=0 tx=0 comp rx=0 tx=0)._handle_peer_banner_payload supported=3 required=0
2024-02-17T11:48:35.909 INFO:teuthology.orchestra.run.smithi094.stdout:/usr/bin/ceph: stderr
2024-02-17T11:48:35.163+0000 7f0a8effd700 1 --2- >> [v2:172.21.15.94:3300/0,v1:172.21.15.94:6789/0] conn(0x7f0a9007ce70 0x7f0a9007b320 unknown :-1 s=HELLO_CONNECTING pgs=0 cs=0 l=0 rev1=1 crypto rx=0 tx=0 comp rx=0 tx=0).handle_hello peer v2:172.21.15.94:3300/0 says I am v2:172.21.15.94:54610/0 (socket says 172.21.15.94:54610)
2024-02-17T11:48:35.909 INFO:teuthology.orchestra.run.smithi094.stdout:/usr/bin/ceph: stderr
2024-02-17T11:48:35.163+0000 7f0a8effd700 1 -- 172.21.15.94:0/2386778073 learned_addr learned my addr 172.21.15.94:0/2386778073 (peer_addr_for_me v2:172.21.15.94:0/0)
2024-02-17T11:48:35.909 INFO:teuthology.orchestra.run.smithi094.stdout:/usr/bin/ceph: stderr
2024-02-17T11:48:35.164+0000 7f0a8effd700 1 -- 172.21.15.94:0/2386778073 --> [v2:172.21.15.94:3300/0,v1:172.21.15.94:6789/0] -- mon_subscribe({config=0+,monmap=0+}) v3 -- 0x7f0a9007ba30 con 0x7f0a9007ce70
2024-02-17T11:48:35.909 INFO:teuthology.orchestra.run.smithi094.stdout:/usr/bin/ceph: stderr
2024-02-17T11:48:35.164+0000 7f0a8effd700 1 --2- 172.21.15.94:0/2386778073 >> [v2:172.21.15.94:3300/0,v1:172.21.15.94:6789/0] conn(0x7f0a9007ce70 0x7f0a9007b320 secure :-1 s=READY pgs=39 cs=0 l=1 rev1=1 crypto rx=0x7f0a800098a0 tx=0x7f0a80009bb0 comp rx=0 tx=0).ready entity=mon.0 client_cookie=9aa042afb475c107 server_cookie=0 in_seq=0 out_seq=0
2024-02-17T11:48:35.909 INFO:teuthology.orchestra.run.smithi094.stdout:/usr/bin/ceph: stderr
2024-02-17T11:48:35.164+0000 7f0a8e7fc700 1 -- 172.21.15.94:0/2386778073 <== mon.0 v2:172.21.15.94:3300/0 1 ==== mon_map magic: 0 v1 ==== 205+0+0 (secure 0 0 0) 0x7f0a80004160 con 0x7f0a9007ce70
2024-02-17T11:48:35.909 INFO:teuthology.orchestra.run.smithi094.stdout:/usr/bin/ceph: stderr
2024-02-17T11:48:35.164+0000 7f0a8e7fc700 1 -- 172.21.15.94:0/2386778073 <== mon.0 v2:172.21.15.94:3300/0 2 ==== config(27 keys) v1 ==== 1109+0+0 (secure 0 0 0) 0x7f0a800042c0 con 0x7f0a9007ce70
2024-02-17T11:48:35.909 INFO:teuthology.orchestra.run.smithi094.stdout:/usr/bin/ceph: stderr
2024-02-17T11:48:35.164+0000 7f0a8e7fc700 1 -- 172.21.15.94:0/2386778073 <== mon.0 v2:172.21.15.94:3300/0 3 ==== mon_map magic: 0 v1 ==== 205+0+0 (secure 0 0 0) 0x7f0a80011ac0 con 0x7f0a9007ce70
2024-02-17T11:48:35.909 INFO:teuthology.orchestra.run.smithi094.stdout:/usr/bin/ceph: stderr
2024-02-17T11:48:35.165+0000 7f0a955af700 1 -- 172.21.15.94:0/2386778073 >> [v2:172.21.15.94:3300/0,v1:172.21.15.94:6789/0] conn(0x7f0a9007ce70 msgr2=0x7f0a9007b320 secure :-1 s=STATE_CONNECTION_ESTABLISHED l=1).mark_down
2024-02-17T11:48:35.909 INFO:teuthology.orchestra.run.smithi094.stdout:/usr/bin/ceph: stderr
2024-02-17T11:48:35.165+0000 7f0a955af700 1 --2- 172.21.15.94:0/2386778073 >> [v2:172.21.15.94:3300/0,v1:172.21.15.94:6789/0] conn(0x7f0a9007ce70 0x7f0a9007b320 secure :-1 s=READY pgs=39 cs=0 l=1 rev1=1 crypto rx=0x7f0a800098a0 tx=0x7f0a80009bb0 comp rx=0 tx=0).stop
2024-02-17T11:48:35.909 INFO:teuthology.orchestra.run.smithi094.stdout:/usr/bin/ceph: stderr
2024-02-17T11:48:35.165+0000 7f0a955af700 1 -- 172.21.15.94:0/2386778073 shutdown_connections
2024-02-17T11:48:35.909 INFO:teuthology.orchestra.run.smithi094.stdout:/usr/bin/ceph: stderr
2024-02-17T11:48:35.165+0000 7f0a955af700 1 --2- 172.21.15.94:0/2386778073 >> [v2:172.21.15.94:3300/0,v1:172.21.15.94:6789/0] conn(0x7f0a9007ce70 0x7f0a9007b320 unknown :-1 s=CLOSED pgs=39 cs=0 l=1 rev1=1 crypto rx=0 tx=0 comp rx=0 tx=0).stop
2024-02-17T11:48:35.909 INFO:teuthology.orchestra.run.smithi094.stdout:/usr/bin/ceph: stderr
2024-02-17T11:48:35.165+0000 7f0a955af700 1 -- 172.21.15.94:0/2386778073 >> 172.21.15.94:0/2386778073 conn(0x7f0a90102c80 msgr2=0x7f0a901050a0 unknown :-1 s=STATE_NONE l=0).mark_down
2024-02-17T11:48:35.909 INFO:teuthology.orchestra.run.smithi094.stdout:/usr/bin/ceph: stderr
2024-02-17T11:48:35.165+0000 7f0a955af700 1 -- 172.21.15.94:0/2386778073 shutdown_connections
2024-02-17T11:48:35.910 INFO:teuthology.orchestra.run.smithi094.stdout:/usr/bin/ceph: stderr
2024-02-17T11:48:35.165+0000 7f0a955af700 1 -- 172.21.15.94:0/2386778073 wait complete.
2024-02-17T11:48:35.910 INFO:teuthology.orchestra.run.smithi094.stdout:/usr/bin/ceph: stderr
2024-02-17T11:48:35.165+0000 7f0a955af700 1 Processor -- start
2024-02-17T11:48:35.910 INFO:teuthology.orchestra.run.smithi094.stdout:/usr/bin/ceph: stderr
2024-02-17T11:48:35.165+0000 7f0a955af700 1 -- start start
2024-02-17T11:48:35.910 INFO:teuthology.orchestra.run.smithi094.stdout:/usr/bin/ceph: stderr
2024-02-17T11:48:35.166+0000 7f0a955af700 1 --2- >> [v2:172.21.15.94:3300/0,v1:172.21.15.94:6789/0] conn(0x7f0a9007ce70 0x7f0a9019d560 unknown :-1 s=NONE pgs=0 cs=0 l=1 rev1=0 crypto rx=0 tx=0 comp rx=0 tx=0).connect
2024-02-17T11:48:35.910 INFO:teuthology.orchestra.run.smithi094.stdout:/usr/bin/ceph: stderr
2024-02-17T11:48:35.166+0000 7f0a955af700 1 -- --> [v2:172.21.15.94:3300/0,v1:172.21.15.94:6789/0] -- mon_getmap magic: 0 v1 -- 0x7f0a9019daa0 con 0x7f0a9007ce70
2024-02-17T11:48:35.910 INFO:teuthology.orchestra.run.smithi094.stdout:/usr/bin/ceph: stderr
2024-02-17T11:48:35.166+0000 7f0a8effd700 1 --2- >> [v2:172.21.15.94:3300/0,v1:172.21.15.94:6789/0] conn(0x7f0a9007ce70 0x7f0a9019d560 unknown :-1 s=BANNER_CONNECTING pgs=0 cs=0 l=1 rev1=0 crypto rx=0 tx=0 comp rx=0 tx=0)._handle_peer_banner_payload supported=3 required=0
2024-02-17T11:48:35.910 INFO:teuthology.orchestra.run.smithi094.stdout:/usr/bin/ceph: stderr
2024-02-17T11:48:35.166+0000 7f0a8effd700 1 --2- >> [v2:172.21.15.94:3300/0,v1:172.21.15.94:6789/0] conn(0x7f0a9007ce70 0x7f0a9019d560 unknown :-1 s=HELLO_CONNECTING pgs=0 cs=0 l=1 rev1=1 crypto rx=0 tx=0 comp rx=0 tx=0).handle_hello peer v2:172.21.15.94:3300/0 says I am v2:172.21.15.94:54620/0 (socket says 172.21.15.94:54620)
2024-02-17T11:48:35.910 INFO:teuthology.orchestra.run.smithi094.stdout:/usr/bin/ceph: stderr
2024-02-17T11:48:35.166+0000 7f0a8effd700 1 -- 172.21.15.94:0/1171553258 learned_addr learned my addr 172.21.15.94:0/1171553258 (peer_addr_for_me v2:172.21.15.94:0/0)
2024-02-17T11:48:35.910 INFO:teuthology.orchestra.run.smithi094.stdout:/usr/bin/ceph: stderr
2024-02-17T11:48:35.166+0000 7f0a8effd700 1 -- 172.21.15.94:0/1171553258 --> [v2:172.21.15.94:3300/0,v1:172.21.15.94:6789/0] -- mon_subscribe({config=0+,monmap=0+}) v3 -- 0x7f0a80009550 con 0x7f0a9007ce70
2024-02-17T11:48:35.910 INFO:teuthology.orchestra.run.smithi094.stdout:/usr/bin/ceph: stderr
2024-02-17T11:48:35.166+0000 7f0a8effd700 1 --2- 172.21.15.94:0/1171553258 >> [v2:172.21.15.94:3300/0,v1:172.21.15.94:6789/0] conn(0x7f0a9007ce70 0x7f0a9019d560 secure :-1 s=READY pgs=40 cs=0 l=1 rev1=1 crypto rx=0x7f0a80009130 tx=0x7f0a80011b40 comp rx=0 tx=0).ready entity=mon.0 client_cookie=0 server_cookie=0 in_seq=0 out_seq=0
2024-02-17T11:48:35.910 INFO:teuthology.orchestra.run.smithi094.stdout:/usr/bin/ceph: stderr
2024-02-17T11:48:35.166+0000 7f0a8cff9700 1 -- 172.21.15.94:0/1171553258 <== mon.0 v2:172.21.15.94:3300/0 1 ==== mon_map magic: 0 v1 ==== 205+0+0 (secure 0 0 0) 0x7f0a80003aa0 con 0x7f0a9007ce70
2024-02-17T11:48:35.910 INFO:teuthology.orchestra.run.smithi094.stdout:/usr/bin/ceph: stderr
2024-02-17T11:48:35.166+0000 7f0a8cff9700 1 -- 172.21.15.94:0/1171553258 <== mon.0 v2:172.21.15.94:3300/0 2 ==== config(27 keys) v1 ==== 1109+0+0 (secure 0 0 0) 0x7f0a80003c00 con 0x7f0a9007ce70
2024-02-17T11:48:35.910 INFO:teuthology.orchestra.run.smithi094.stdout:/usr/bin/ceph: stderr
2024-02-17T11:48:35.166+0000 7f0a955af700 1 -- 172.21.15.94:0/1171553258 --> [v2:172.21.15.94:3300/0,v1:172.21.15.94:6789/0] -- mon_subscribe({mgrmap=0+}) v3 -- 0x7f0a9019dca0 con 0x7f0a9007ce70
2024-02-17T11:48:35.910 INFO:teuthology.orchestra.run.smithi094.stdout:/usr/bin/ceph: stderr
2024-02-17T11:48:35.166+0000 7f0a8cff9700 1 -- 172.21.15.94:0/1171553258 <== mon.0 v2:172.21.15.94:3300/0 3 ==== mon_map magic: 0 v1 ==== 205+0+0 (secure 0 0 0) 0x7f0a80024800 con 0x7f0a9007ce70
2024-02-17T11:48:35.911 INFO:teuthology.orchestra.run.smithi094.stdout:/usr/bin/ceph: stderr
2024-02-17T11:48:35.166+0000 7f0a955af700 1 -- 172.21.15.94:0/1171553258 --> [v2:172.21.15.94:3300/0,v1:172.21.15.94:6789/0] -- mon_subscribe({osdmap=0}) v3 -- 0x7f0a9019e140 con 0x7f0a9007ce70
2024-02-17T11:48:35.911 INFO:teuthology.orchestra.run.smithi094.stdout:/usr/bin/ceph: stderr
2024-02-17T11:48:35.167+0000 7f0a8cff9700 1 -- 172.21.15.94:0/1171553258 <== mon.0 v2:172.21.15.94:3300/0 4 ==== mgrmap(e 8) v1 ==== 45932+0+0 (secure 0 0 0) 0x7f0a8001a430 con 0x7f0a9007ce70
2024-02-17T11:48:35.911 INFO:teuthology.orchestra.run.smithi094.stdout:/usr/bin/ceph: stderr
2024-02-17T11:48:35.167+0000 7f0a8cff9700 1 --2- 172.21.15.94:0/1171553258 >> [v2:172.21.15.94:6800/2384585889,v1:172.21.15.94:6801/2384585889] conn(0x7f0a7c038ee0 0x7f0a7c03b3a0 unknown :-1 s=NONE pgs=0 cs=0 l=1 rev1=0 crypto rx=0 tx=0 comp rx=0 tx=0).connect
2024-02-17T11:48:35.911 INFO:teuthology.orchestra.run.smithi094.stdout:/usr/bin/ceph: stderr
2024-02-17T11:48:35.167+0000 7f0a8cff9700 1 -- 172.21.15.94:0/1171553258 <== mon.0 v2:172.21.15.94:3300/0 5 ==== osd_map(2..2 src has 1..2) v4 ==== 940+0+0 (secure 0 0 0) 0x7f0a8004d1a0 con 0x7f0a9007ce70
2024-02-17T11:48:35.911 INFO:teuthology.orchestra.run.smithi094.stdout:/usr/bin/ceph: stderr
2024-02-17T11:48:35.167+0000 7f0a955af700 1 -- 172.21.15.94:0/1171553258 --> [v2:172.21.15.94:3300/0,v1:172.21.15.94:6789/0] -- mon_command({"prefix": "get_command_descriptions"} v 0) v1 -- 0x7f0a9010d9d0 con 0x7f0a9007ce70
2024-02-17T11:48:35.911 INFO:teuthology.orchestra.run.smithi094.stdout:/usr/bin/ceph: stderr
2024-02-17T11:48:35.167+0000 7f0a867fc700 1 --2- 172.21.15.94:0/1171553258 >> [v2:172.21.15.94:6800/2384585889,v1:172.21.15.94:6801/2384585889] conn(0x7f0a7c038ee0 0x7f0a7c03b3a0 unknown :-1 s=BANNER_CONNECTING pgs=0 cs=0 l=1 rev1=0 crypto rx=0 tx=0 comp rx=0 tx=0)._handle_peer_banner_payload supported=3 required=0
2024-02-17T11:48:35.911 INFO:teuthology.orchestra.run.smithi094.stdout:/usr/bin/ceph: stderr
2024-02-17T11:48:35.168+0000 7f0a867fc700 1 --2- 172.21.15.94:0/1171553258 >> [v2:172.21.15.94:6800/2384585889,v1:172.21.15.94:6801/2384585889] conn(0x7f0a7c038ee0 0x7f0a7c03b3a0 secure :-1 s=READY pgs=8 cs=0 l=1 rev1=1 crypto rx=0x7f0a78006fd0 tx=0x7f0a78006e40 comp rx=0 tx=0).ready entity=mgr.14120 client_cookie=0 server_cookie=0 in_seq=0 out_seq=0
2024-02-17T11:48:35.911 INFO:teuthology.orchestra.run.smithi094.stdout:/usr/bin/ceph: stderr
2024-02-17T11:48:35.172+0000 7f0a8cff9700 1 -- 172.21.15.94:0/1171553258 <== mon.0 v2:172.21.15.94:3300/0 6 ==== mon_command_ack([{"prefix": "get_command_descriptions"}]=0 v0) v1 ==== 72+0+183564 (secure 0 0 0) 0x7f0a8001adb0 con 0x7f0a9007ce70
2024-02-17T11:48:35.911 INFO:teuthology.orchestra.run.smithi094.stdout:/usr/bin/ceph: stderr
2024-02-17T11:48:35.366+0000 7f0a955af700 1 -- 172.21.15.94:0/1171553258 --> [v2:172.21.15.94:6800/2384585889,v1:172.21.15.94:6801/2384585889] -- mgr_command(tid 0: {"prefix": "cephadm set-user", "user": "root", "target": ["mon-mgr", ""]}) v1 -- 0x7f0a90103ea0 con 0x7f0a7c038ee0
2024-02-17T11:48:35.911 INFO:teuthology.orchestra.run.smithi094.stdout:/usr/bin/ceph: stderr
2024-02-17T11:48:35.367+0000 7f0a8cff9700 1 -- 172.21.15.94:0/1171553258 <== mgr.14120 v2:172.21.15.94:6800/2384585889 1 ==== mgr_command_reply(tid 0: 0 ) v1 ==== 8+0+16 (secure 0 0 0) 0x7f0a90103ea0 con 0x7f0a7c038ee0
2024-02-17T11:48:35.911 INFO:teuthology.orchestra.run.smithi094.stdout:/usr/bin/ceph: stderr
2024-02-17T11:48:35.369+0000 7f0a955af700 1 -- 172.21.15.94:0/1171553258 >> [v2:172.21.15.94:6800/2384585889,v1:172.21.15.94:6801/2384585889] conn(0x7f0a7c038ee0 msgr2=0x7f0a7c03b3a0 secure :-1 s=STATE_CONNECTION_ESTABLISHED l=1).mark_down
2024-02-17T11:48:35.911 INFO:teuthology.orchestra.run.smithi094.stdout:/usr/bin/ceph: stderr
2024-02-17T11:48:35.369+0000 7f0a955af700 1 --2- 172.21.15.94:0/1171553258 >> [v2:172.21.15.94:6800/2384585889,v1:172.21.15.94:6801/2384585889] conn(0x7f0a7c038ee0 0x7f0a7c03b3a0 secure :-1 s=READY pgs=8 cs=0 l=1 rev1=1 crypto rx=0x7f0a78006fd0 tx=0x7f0a78006e40 comp rx=0 tx=0).stop
2024-02-17T11:48:35.911 INFO:teuthology.orchestra.run.smithi094.stdout:/usr/bin/ceph: stderr
2024-02-17T11:48:35.369+0000 7f0a955af700 1 -- 172.21.15.94:0/1171553258 >> [v2:172.21.15.94:3300/0,v1:172.21.15.94:6789/0] conn(0x7f0a9007ce70 msgr2=0x7f0a9019d560 secure :-1 s=STATE_CONNECTION_ESTABLISHED l=1).mark_down
2024-02-17T11:48:35.911 INFO:teuthology.orchestra.run.smithi094.stdout:/usr/bin/ceph: stderr
2024-02-17T11:48:35.369+0000 7f0a955af700 1 --2- 172.21.15.94:0/1171553258 >> [v2:172.21.15.94:3300/0,v1:172.21.15.94:6789/0] conn(0x7f0a9007ce70 0x7f0a9019d560 secure :-1 s=READY pgs=40 cs=0 l=1 rev1=1 crypto rx=0x7f0a80009130 tx=0x7f0a80011b40 comp rx=0 tx=0).stop
2024-02-17T11:48:35.912 INFO:teuthology.orchestra.run.smithi094.stdout:/usr/bin/ceph: stderr
2024-02-17T11:48:35.369+0000 7f0a955af700 1 -- 172.21.15.94:0/1171553258 shutdown_connections
2024-02-17T11:48:35.912 INFO:teuthology.orchestra.run.smithi094.stdout:/usr/bin/ceph: stderr
2024-02-17T11:48:35.369+0000 7f0a955af700 1 --2- 172.21.15.94:0/1171553258 >> [v2:172.21.15.94:6800/2384585889,v1:172.21.15.94:6801/2384585889] conn(0x7f0a7c038ee0 0x7f0a7c03b3a0 unknown :-1 s=CLOSED pgs=8 cs=0 l=1 rev1=1 crypto rx=0 tx=0 comp rx=0 tx=0).stop
2024-02-17T11:48:35.912 INFO:teuthology.orchestra.run.smithi094.stdout:/usr/bin/ceph: stderr
2024-02-17T11:48:35.369+0000 7f0a955af700 1 --2- 172.21.15.94:0/1171553258 >> [v2:172.21.15.94:3300/0,v1:172.21.15.94:6789/0] conn(0x7f0a9007ce70 0x7f0a9019d560 unknown :-1 s=CLOSED pgs=40 cs=0 l=1 rev1=1 crypto rx=0 tx=0 comp rx=0 tx=0).stop
2024-02-17T11:48:35.912 INFO:teuthology.orchestra.run.smithi094.stdout:/usr/bin/ceph: stderr
2024-02-17T11:48:35.369+0000 7f0a955af700 1 -- 172.21.15.94:0/1171553258 >> 172.21.15.94:0/1171553258 conn(0x7f0a90102c80 msgr2=0x7f0a90103790 unknown :-1 s=STATE_NONE l=0).mark_down
2024-02-17T11:48:35.912 INFO:teuthology.orchestra.run.smithi094.stdout:/usr/bin/ceph: stderr
2024-02-17T11:48:35.369+0000 7f0a955af700 1 -- 172.21.15.94:0/1171553258 shutdown_connections
2024-02-17T11:48:35.912 INFO:teuthology.orchestra.run.smithi094.stdout:/usr/bin/ceph: stderr
2024-02-17T11:48:35.369+0000 7f0a955af700 1 -- 172.21.15.94:0/1171553258 wait complete.
2024-02-17T11:48:35.912 INFO:teuthology.orchestra.run.smithi094.stdout:Generating ssh key...
2024-02-17T11:48:36.253 INFO:journalctl@ceph.mon.a.smithi094.stdout:Feb 17 11:48:35 smithi094 ceph-mon[32499]: from='client.14132 -' entity='client.admin' cmd=[{"prefix": "orch set backend", "module_name": "cephadm", "target": ["mon-mgr", ""]}]: dispatch
2024-02-17T11:48:36.955 INFO:journalctl@ceph.mgr.x.smithi094.stdout:Feb 17 11:48:36 smithi094 ceph-3bc5cfc8-cd8a-11ee-95ba-87774f69a715-mgr-x[32729]: Generating public/private rsa key pair.
2024-02-17T11:48:36.956 INFO:journalctl@ceph.mgr.x.smithi094.stdout:Feb 17 11:48:36 smithi094 ceph-3bc5cfc8-cd8a-11ee-95ba-87774f69a715-mgr-x[32729]: Your identification has been saved in /tmp/tmpp3d26_dq/key.
2024-02-17T11:48:36.956 INFO:journalctl@ceph.mgr.x.smithi094.stdout:Feb 17 11:48:36 smithi094 ceph-3bc5cfc8-cd8a-11ee-95ba-87774f69a715-mgr-x[32729]: Your public key has been saved in /tmp/tmpp3d26_dq/key.pub.
2024-02-17T11:48:36.956 INFO:journalctl@ceph.mgr.x.smithi094.stdout:Feb 17 11:48:36 smithi094 ceph-3bc5cfc8-cd8a-11ee-95ba-87774f69a715-mgr-x[32729]: The key fingerprint is:
2024-02-17T11:48:36.956 INFO:journalctl@ceph.mgr.x.smithi094.stdout:Feb 17 11:48:36 smithi094 ceph-3bc5cfc8-cd8a-11ee-95ba-87774f69a715-mgr-x[32729]: SHA256:aE8VeJkLxMeRPARdN0FRsxVJq+vssweSKKAReAoE4BQ ceph-3bc5cfc8-cd8a-11ee-95ba-87774f69a715
2024-02-17T11:48:36.956 INFO:journalctl@ceph.mgr.x.smithi094.stdout:Feb 17 11:48:36 smithi094 ceph-3bc5cfc8-cd8a-11ee-95ba-87774f69a715-mgr-x[32729]: The key's randomart image is:
2024-02-17T11:48:36.956 INFO:journalctl@ceph.mgr.x.smithi094.stdout:Feb 17 11:48:36 smithi094 ceph-3bc5cfc8-cd8a-11ee-95ba-87774f69a715-mgr-x[32729]: +---[RSA 3072]----+
2024-02-17T11:48:36.956 INFO:journalctl@ceph.mgr.x.smithi094.stdout:Feb 17 11:48:36 smithi094 ceph-3bc5cfc8-cd8a-11ee-95ba-87774f69a715-mgr-x[32729]: |*Eo ooB+*..BB=|
2024-02-17T11:48:36.956 INFO:journalctl@ceph.mgr.x.smithi094.stdout:Feb 17 11:48:36 smithi094 ceph-3bc5cfc8-cd8a-11ee-95ba-87774f69a715-mgr-x[32729]: |+. o + @. . o=|
2024-02-17T11:48:36.956 INFO:journalctl@ceph.mgr.x.smithi094.stdout:Feb 17 11:48:36 smithi094 ceph-3bc5cfc8-cd8a-11ee-95ba-87774f69a715-mgr-x[32729]: |..o . +.o o |
2024-02-17T11:48:36.956 INFO:journalctl@ceph.mgr.x.smithi094.stdout:Feb 17 11:48:36 smithi094 ceph-3bc5cfc8-cd8a-11ee-95ba-87774f69a715-mgr-x[32729]: | . . . . .. . |
2024-02-17T11:48:36.956 INFO:journalctl@ceph.mgr.x.smithi094.stdout:Feb 17 11:48:36 smithi094 ceph-3bc5cfc8-cd8a-11ee-95ba-87774f69a715-mgr-x[32729]: | o + S . .. |
2024-02-17T11:48:36.956 INFO:journalctl@ceph.mgr.x.smithi094.stdout:Feb 17 11:48:36 smithi094 ceph-3bc5cfc8-cd8a-11ee-95ba-87774f69a715-mgr-x[32729]: | . . + . o .. |
2024-02-17T11:48:36.956 INFO:journalctl@ceph.mgr.x.smithi094.stdout:Feb 17 11:48:36 smithi094 ceph-3bc5cfc8-cd8a-11ee-95ba-87774f69a715-mgr-x[32729]: | o ... |
2024-02-17T11:48:36.957 INFO:journalctl@ceph.mgr.x.smithi094.stdout:Feb 17 11:48:36 smithi094 ceph-3bc5cfc8-cd8a-11ee-95ba-87774f69a715-mgr-x[32729]: | o. . |
2024-02-17T11:48:36.957 INFO:journalctl@ceph.mgr.x.smithi094.stdout:Feb 17 11:48:36 smithi094 ceph-3bc5cfc8-cd8a-11ee-95ba-87774f69a715-mgr-x[32729]: | .=+ |
2024-02-17T11:48:36.957 INFO:journalctl@ceph.mgr.x.smithi094.stdout:Feb 17 11:48:36 smithi094 ceph-3bc5cfc8-cd8a-11ee-95ba-87774f69a715-mgr-x[32729]: +----[SHA256]-----+
2024-02-17T11:48:37.289 INFO:journalctl@ceph.mon.a.smithi094.stdout:Feb 17 11:48:36 smithi094 ceph-mon[32499]: from='client.14134 -' entity='client.admin' cmd=[{"prefix": "cephadm set-user", "user": "root", "target": ["mon-mgr", ""]}]: dispatch
2024-02-17T11:48:37.290 INFO:journalctl@ceph.mon.a.smithi094.stdout:Feb 17 11:48:36 smithi094 ceph-mon[32499]: from='mgr.14120 172.21.15.94:0/574748499' entity='mgr.x'
2024-02-17T11:48:37.290 INFO:journalctl@ceph.mon.a.smithi094.stdout:Feb 17 11:48:36 smithi094 ceph-mon[32499]: from='mgr.14120 172.21.15.94:0/574748499' entity='mgr.x'
2024-02-17T11:48:37.298 INFO:teuthology.orchestra.run.smithi094.stdout:/usr/bin/ceph: stderr
2024-02-17T11:48:36.359+0000 7f1b88510700 1 Processor -- start
2024-02-17T11:48:37.298 INFO:teuthology.orchestra.run.smithi094.stdout:/usr/bin/ceph: stderr
2024-02-17T11:48:36.359+0000 7f1b88510700 1 -- start start
2024-02-17T11:48:37.298 INFO:teuthology.orchestra.run.smithi094.stdout:/usr/bin/ceph: stderr
2024-02-17T11:48:36.359+0000 7f1b88510700 1 --2- >> [v2:172.21.15.94:3300/0,v1:172.21.15.94:6789/0] conn(0x7f1b801080f0 0x7f1b8010a4e0 unknown :-1 s=NONE pgs=0 cs=0 l=0 rev1=0 crypto rx=0 tx=0 comp rx=0 tx=0).connect
2024-02-17T11:48:37.298 INFO:teuthology.orchestra.run.smithi094.stdout:/usr/bin/ceph: stderr
2024-02-17T11:48:36.359+0000 7f1b88510700 1 -- --> [v2:172.21.15.94:3300/0,v1:172.21.15.94:6789/0] -- mon_getmap magic: 0 v1 -- 0x7f1b8007ae70 con 0x7f1b801080f0
2024-02-17T11:48:37.298 INFO:teuthology.orchestra.run.smithi094.stdout:/usr/bin/ceph: stderr
2024-02-17T11:48:36.359+0000 7f1b862ac700 1 --2- >> [v2:172.21.15.94:3300/0,v1:172.21.15.94:6789/0] conn(0x7f1b801080f0 0x7f1b8010a4e0 unknown :-1 s=BANNER_CONNECTING pgs=0 cs=0 l=0 rev1=0 crypto rx=0 tx=0 comp rx=0 tx=0)._handle_peer_banner_payload supported=3 required=0
2024-02-17T11:48:37.298 INFO:teuthology.orchestra.run.smithi094.stdout:/usr/bin/ceph: stderr
2024-02-17T11:48:36.359+0000 7f1b862ac700 1 --2- >> [v2:172.21.15.94:3300/0,v1:172.21.15.94:6789/0] conn(0x7f1b801080f0 0x7f1b8010a4e0 unknown :-1 s=HELLO_CONNECTING pgs=0 cs=0 l=0 rev1=1 crypto rx=0 tx=0 comp rx=0 tx=0).handle_hello peer v2:172.21.15.94:3300/0 says I am v2:172.21.15.94:54624/0 (socket says 172.21.15.94:54624)
2024-02-17T11:48:37.298 INFO:teuthology.orchestra.run.smithi094.stdout:/usr/bin/ceph: stderr
2024-02-17T11:48:36.359+0000 7f1b862ac700 1 -- 172.21.15.94:0/3485163717 learned_addr learned my addr 172.21.15.94:0/3485163717 (peer_addr_for_me v2:172.21.15.94:0/0)
2024-02-17T11:48:37.298 INFO:teuthology.orchestra.run.smithi094.stdout:/usr/bin/ceph: stderr
2024-02-17T11:48:36.360+0000 7f1b862ac700 1 -- 172.21.15.94:0/3485163717 --> [v2:172.21.15.94:3300/0,v1:172.21.15.94:6789/0] -- mon_subscribe({config=0+,monmap=0+}) v3 -- 0x7f1b8010aa20 con 0x7f1b801080f0
2024-02-17T11:48:37.298 INFO:teuthology.orchestra.run.smithi094.stdout:/usr/bin/ceph: stderr
2024-02-17T11:48:36.360+0000 7f1b862ac700 1 --2- 172.21.15.94:0/3485163717 >> [v2:172.21.15.94:3300/0,v1:172.21.15.94:6789/0] conn(0x7f1b801080f0 0x7f1b8010a4e0 secure :-1 s=READY pgs=41 cs=0 l=1 rev1=1 crypto rx=0x7f1b7c0098a0 tx=0x7f1b7c009bb0 comp rx=0 tx=0).ready entity=mon.0 client_cookie=a7b8bf1c85358cf8 server_cookie=0 in_seq=0 out_seq=0
2024-02-17T11:48:37.298 INFO:teuthology.orchestra.run.smithi094.stdout:/usr/bin/ceph: stderr
2024-02-17T11:48:36.360+0000 7f1b852aa700 1 -- 172.21.15.94:0/3485163717 <== mon.0 v2:172.21.15.94:3300/0 1 ==== mon_map magic: 0 v1 ==== 205+0+0 (secure 0 0 0) 0x7f1b7c004160 con 0x7f1b801080f0
2024-02-17T11:48:37.298 INFO:teuthology.orchestra.run.smithi094.stdout:/usr/bin/ceph: stderr
2024-02-17T11:48:36.360+0000 7f1b852aa700 1 -- 172.21.15.94:0/3485163717 <== mon.0 v2:172.21.15.94:3300/0 2 ==== config(27 keys) v1 ==== 1109+0+0 (secure 0 0 0) 0x7f1b7c0042c0 con 0x7f1b801080f0
2024-02-17T11:48:37.298 INFO:teuthology.orchestra.run.smithi094.stdout:/usr/bin/ceph: stderr
2024-02-17T11:48:36.360+0000 7f1b852aa700 1 -- 172.21.15.94:0/3485163717 <== mon.0 v2:172.21.15.94:3300/0 3 ==== mon_map magic: 0 v1 ==== 205+0+0 (secure 0 0 0) 0x7f1b7c011ac0 con 0x7f1b801080f0
2024-02-17T11:48:37.298 INFO:teuthology.orchestra.run.smithi094.stdout:/usr/bin/ceph: stderr
2024-02-17T11:48:36.360+0000 7f1b88510700 1 -- 172.21.15.94:0/3485163717 >> [v2:172.21.15.94:3300/0,v1:172.21.15.94:6789/0] conn(0x7f1b801080f0 msgr2=0x7f1b8010a4e0 secure :-1 s=STATE_CONNECTION_ESTABLISHED l=1).mark_down
2024-02-17T11:48:37.299 INFO:teuthology.orchestra.run.smithi094.stdout:/usr/bin/ceph: stderr
2024-02-17T11:48:36.360+0000 7f1b88510700 1 --2- 172.21.15.94:0/3485163717 >> [v2:172.21.15.94:3300/0,v1:172.21.15.94:6789/0] conn(0x7f1b801080f0 0x7f1b8010a4e0 secure :-1 s=READY pgs=41 cs=0 l=1 rev1=1 crypto rx=0x7f1b7c0098a0 tx=0x7f1b7c009bb0 comp rx=0 tx=0).stop
2024-02-17T11:48:37.299 INFO:teuthology.orchestra.run.smithi094.stdout:/usr/bin/ceph: stderr
2024-02-17T11:48:36.361+0000 7f1b88510700 1 -- 172.21.15.94:0/3485163717 shutdown_connections
2024-02-17T11:48:37.299 INFO:teuthology.orchestra.run.smithi094.stdout:/usr/bin/ceph: stderr
2024-02-17T11:48:36.361+0000 7f1b88510700 1 --2- 172.21.15.94:0/3485163717 >> [v2:172.21.15.94:3300/0,v1:172.21.15.94:6789/0] conn(0x7f1b801080f0 0x7f1b8010a4e0 unknown :-1 s=CLOSED pgs=41 cs=0 l=1 rev1=1 crypto rx=0 tx=0 comp rx=0 tx=0).stop
2024-02-17T11:48:37.299 INFO:teuthology.orchestra.run.smithi094.stdout:/usr/bin/ceph: stderr
2024-02-17T11:48:36.361+0000 7f1b88510700 1 -- 172.21.15.94:0/3485163717 >> 172.21.15.94:0/3485163717 conn(0x7f1b80101b20 msgr2=0x7f1b80103f40 unknown :-1 s=STATE_NONE l=0).mark_down
2024-02-17T11:48:37.299 INFO:teuthology.orchestra.run.smithi094.stdout:/usr/bin/ceph: stderr
2024-02-17T11:48:36.361+0000 7f1b88510700 1 -- 172.21.15.94:0/3485163717 shutdown_connections
2024-02-17T11:48:37.299 INFO:teuthology.orchestra.run.smithi094.stdout:/usr/bin/ceph: stderr
2024-02-17T11:48:36.361+0000 7f1b88510700 1 -- 172.21.15.94:0/3485163717 wait complete.
2024-02-17T11:48:37.299 INFO:teuthology.orchestra.run.smithi094.stdout:/usr/bin/ceph: stderr
2024-02-17T11:48:36.361+0000 7f1b88510700 1 Processor -- start
2024-02-17T11:48:37.299 INFO:teuthology.orchestra.run.smithi094.stdout:/usr/bin/ceph: stderr
2024-02-17T11:48:36.361+0000 7f1b88510700 1 -- start start
2024-02-17T11:48:37.299 INFO:teuthology.orchestra.run.smithi094.stdout:/usr/bin/ceph: stderr
2024-02-17T11:48:36.361+0000 7f1b88510700 1 --2- >> [v2:172.21.15.94:3300/0,v1:172.21.15.94:6789/0] conn(0x7f1b801080f0 0x7f1b8019b400 unknown :-1 s=NONE pgs=0 cs=0 l=1 rev1=0 crypto rx=0 tx=0 comp rx=0 tx=0).connect
2024-02-17T11:48:37.299 INFO:teuthology.orchestra.run.smithi094.stdout:/usr/bin/ceph: stderr
2024-02-17T11:48:36.361+0000 7f1b88510700 1 -- --> [v2:172.21.15.94:3300/0,v1:172.21.15.94:6789/0] -- mon_getmap magic: 0 v1 -- 0x7f1b8019b940 con 0x7f1b801080f0
2024-02-17T11:48:37.301 INFO:teuthology.orchestra.run.smithi094.stdout:/usr/bin/ceph: stderr
2024-02-17T11:48:36.361+0000 7f1b862ac700 1 --2- >> [v2:172.21.15.94:3300/0,v1:172.21.15.94:6789/0] conn(0x7f1b801080f0 0x7f1b8019b400 unknown :-1 s=BANNER_CONNECTING pgs=0 cs=0 l=1 rev1=0 crypto rx=0 tx=0 comp rx=0 tx=0)._handle_peer_banner_payload supported=3 required=0
2024-02-17T11:48:37.301 INFO:teuthology.orchestra.run.smithi094.stdout:/usr/bin/ceph: stderr
2024-02-17T11:48:36.361+0000 7f1b862ac700 1 --2- >> [v2:172.21.15.94:3300/0,v1:172.21.15.94:6789/0] conn(0x7f1b801080f0 0x7f1b8019b400 unknown :-1 s=HELLO_CONNECTING pgs=0 cs=0 l=1 rev1=1 crypto rx=0 tx=0 comp rx=0 tx=0).handle_hello peer v2:172.21.15.94:3300/0 says I am v2:172.21.15.94:54636/0 (socket says 172.21.15.94:54636)
2024-02-17T11:48:37.301 INFO:teuthology.orchestra.run.smithi094.stdout:/usr/bin/ceph: stderr
2024-02-17T11:48:36.361+0000 7f1b862ac700 1 -- 172.21.15.94:0/4288497680 learned_addr learned my addr 172.21.15.94:0/4288497680 (peer_addr_for_me v2:172.21.15.94:0/0)
2024-02-17T11:48:37.301 INFO:teuthology.orchestra.run.smithi094.stdout:/usr/bin/ceph: stderr
2024-02-17T11:48:36.362+0000 7f1b862ac700 1 -- 172.21.15.94:0/4288497680 --> [v2:172.21.15.94:3300/0,v1:172.21.15.94:6789/0] -- mon_subscribe({config=0+,monmap=0+}) v3 -- 0x7f1b7c009550 con 0x7f1b801080f0
2024-02-17T11:48:37.301 INFO:teuthology.orchestra.run.smithi094.stdout:/usr/bin/ceph: stderr
2024-02-17T11:48:36.362+0000 7f1b862ac700 1 --2- 172.21.15.94:0/4288497680 >> [v2:172.21.15.94:3300/0,v1:172.21.15.94:6789/0] conn(0x7f1b801080f0 0x7f1b8019b400 secure :-1 s=READY pgs=42 cs=0 l=1 rev1=1 crypto rx=0x7f1b7c009fb0 tx=0x7f1b7c011b20 comp rx=0 tx=0).ready entity=mon.0 client_cookie=0 server_cookie=0 in_seq=0 out_seq=0
2024-02-17T11:48:37.301 INFO:teuthology.orchestra.run.smithi094.stdout:/usr/bin/ceph: stderr
2024-02-17T11:48:36.362+0000 7f1b777fe700 1 -- 172.21.15.94:0/4288497680 <== mon.0 v2:172.21.15.94:3300/0 1 ==== mon_map magic: 0 v1 ==== 205+0+0 (secure 0 0 0) 0x7f1b7c0038b0 con 0x7f1b801080f0
2024-02-17T11:48:37.301 INFO:teuthology.orchestra.run.smithi094.stdout:/usr/bin/ceph: stderr
2024-02-17T11:48:36.362+0000 7f1b777fe700 1 -- 172.21.15.94:0/4288497680 <== mon.0 v2:172.21.15.94:3300/0 2 ==== config(27 keys) v1 ==== 1109+0+0 (secure 0 0 0) 0x7f1b7c003a10 con 0x7f1b801080f0
2024-02-17T11:48:37.302 INFO:teuthology.orchestra.run.smithi094.stdout:/usr/bin/ceph: stderr
2024-02-17T11:48:36.362+0000 7f1b777fe700 1 -- 172.21.15.94:0/4288497680 <== mon.0 v2:172.21.15.94:3300/0 3 ==== mon_map magic: 0 v1 ==== 205+0+0 (secure 0 0 0) 0x7f1b7c0195e0 con 0x7f1b801080f0
2024-02-17T11:48:37.302 INFO:teuthology.orchestra.run.smithi094.stdout:/usr/bin/ceph: stderr
2024-02-17T11:48:36.362+0000 7f1b88510700 1 -- 172.21.15.94:0/4288497680 --> [v2:172.21.15.94:3300/0,v1:172.21.15.94:6789/0] -- mon_subscribe({mgrmap=0+}) v3 -- 0x7f1b8019bb40 con 0x7f1b801080f0
2024-02-17T11:48:37.302 INFO:teuthology.orchestra.run.smithi094.stdout:/usr/bin/ceph: stderr
2024-02-17T11:48:36.362+0000 7f1b88510700 1 -- 172.21.15.94:0/4288497680 --> [v2:172.21.15.94:3300/0,v1:172.21.15.94:6789/0] -- mon_subscribe({osdmap=0}) v3 -- 0x7f1b8019bfe0 con 0x7f1b801080f0
2024-02-17T11:48:37.302 INFO:teuthology.orchestra.run.smithi094.stdout:/usr/bin/ceph: stderr
2024-02-17T11:48:36.363+0000 7f1b777fe700 1 -- 172.21.15.94:0/4288497680 <== mon.0 v2:172.21.15.94:3300/0 4 ==== mgrmap(e 8) v1 ==== 45932+0+0 (secure 0 0 0) 0x7f1b7c01a9f0 con 0x7f1b801080f0
2024-02-17T11:48:37.302 INFO:teuthology.orchestra.run.smithi094.stdout:/usr/bin/ceph: stderr
2024-02-17T11:48:36.363+0000 7f1b88510700 1 -- 172.21.15.94:0/4288497680 --> [v2:172.21.15.94:3300/0,v1:172.21.15.94:6789/0] -- mon_command({"prefix": "get_command_descriptions"} v 0) v1 -- 0x7f1b8010b820 con 0x7f1b801080f0
2024-02-17T11:48:37.302 INFO:teuthology.orchestra.run.smithi094.stdout:/usr/bin/ceph: stderr
2024-02-17T11:48:36.363+0000 7f1b777fe700 1 --2- 172.21.15.94:0/4288497680 >> [v2:172.21.15.94:6800/2384585889,v1:172.21.15.94:6801/2384585889] conn(0x7f1b6c038ee0 0x7f1b6c03b3a0 unknown :-1 s=NONE pgs=0 cs=0 l=1 rev1=0 crypto rx=0 tx=0 comp rx=0 tx=0).connect
2024-02-17T11:48:37.302 INFO:teuthology.orchestra.run.smithi094.stdout:/usr/bin/ceph: stderr
2024-02-17T11:48:36.363+0000 7f1b777fe700 1 -- 172.21.15.94:0/4288497680 <== mon.0 v2:172.21.15.94:3300/0 5 ==== osd_map(2..2 src has 1..2) v4 ==== 940+0+0 (secure 0 0 0) 0x7f1b7c04d140 con 0x7f1b801080f0
2024-02-17T11:48:37.302 INFO:teuthology.orchestra.run.smithi094.stdout:/usr/bin/ceph: stderr
2024-02-17T11:48:36.363+0000 7f1b85aab700 1 --2- 172.21.15.94:0/4288497680 >> [v2:172.21.15.94:6800/2384585889,v1:172.21.15.94:6801/2384585889] conn(0x7f1b6c038ee0 0x7f1b6c03b3a0 unknown :-1 s=BANNER_CONNECTING pgs=0 cs=0 l=1 rev1=0 crypto rx=0 tx=0 comp rx=0 tx=0)._handle_peer_banner_payload supported=3 required=0
2024-02-17T11:48:37.302 INFO:teuthology.orchestra.run.smithi094.stdout:/usr/bin/ceph: stderr
2024-02-17T11:48:36.364+0000 7f1b85aab700 1 --2- 172.21.15.94:0/4288497680 >> [v2:172.21.15.94:6800/2384585889,v1:172.21.15.94:6801/2384585889] conn(0x7f1b6c038ee0 0x7f1b6c03b3a0 secure :-1 s=READY pgs=9 cs=0 l=1 rev1=1 crypto rx=0x7f1b70006fd0 tx=0x7f1b70006e40 comp rx=0 tx=0).ready entity=mgr.14120 client_cookie=0 server_cookie=0 in_seq=0 out_seq=0
2024-02-17T11:48:37.302 INFO:teuthology.orchestra.run.smithi094.stdout:/usr/bin/ceph: stderr
2024-02-17T11:48:36.368+0000 7f1b777fe700 1 -- 172.21.15.94:0/4288497680 <== mon.0 v2:172.21.15.94:3300/0 6 ==== mon_command_ack([{"prefix": "get_command_descriptions"}]=0 v0) v1 ==== 72+0+183564 (secure 0 0 0) 0x7f1b7c003b80 con 0x7f1b801080f0
2024-02-17T11:48:37.302 INFO:teuthology.orchestra.run.smithi094.stdout:/usr/bin/ceph: stderr
2024-02-17T11:48:36.565+0000 7f1b88510700 1 -- 172.21.15.94:0/4288497680 --> [v2:172.21.15.94:6800/2384585889,v1:172.21.15.94:6801/2384585889] -- mgr_command(tid 0: {"prefix": "cephadm generate-key", "target": ["mon-mgr", ""]}) v1 -- 0x7f1b80102de0 con 0x7f1b6c038ee0
2024-02-17T11:48:37.302 INFO:teuthology.orchestra.run.smithi094.stdout:/usr/bin/ceph: stderr
2024-02-17T11:48:36.760+0000 7f1b777fe700 1 -- 172.21.15.94:0/4288497680 <== mgr.14120 v2:172.21.15.94:6800/2384585889 1 ==== mgr_command_reply(tid 0: 0 ) v1 ==== 8+0+0 (secure 0 0 0) 0x7f1b80102de0 con 0x7f1b6c038ee0
2024-02-17T11:48:37.302 INFO:teuthology.orchestra.run.smithi094.stdout:/usr/bin/ceph: stderr
2024-02-17T11:48:36.762+0000 7f1b88510700 1 -- 172.21.15.94:0/4288497680 >> [v2:172.21.15.94:6800/2384585889,v1:172.21.15.94:6801/2384585889] conn(0x7f1b6c038ee0 msgr2=0x7f1b6c03b3a0 secure :-1 s=STATE_CONNECTION_ESTABLISHED l=1).mark_down
2024-02-17T11:48:37.302 INFO:teuthology.orchestra.run.smithi094.stdout:/usr/bin/ceph: stderr
2024-02-17T11:48:36.762+0000 7f1b88510700 1 --2- 172.21.15.94:0/4288497680 >> [v2:172.21.15.94:6800/2384585889,v1:172.21.15.94:6801/2384585889] conn(0x7f1b6c038ee0 0x7f1b6c03b3a0 secure :-1 s=READY pgs=9 cs=0 l=1 rev1=1 crypto rx=0x7f1b70006fd0 tx=0x7f1b70006e40 comp rx=0 tx=0).stop
2024-02-17T11:48:37.303 INFO:teuthology.orchestra.run.smithi094.stdout:/usr/bin/ceph: stderr
2024-02-17T11:48:36.762+0000 7f1b88510700 1 -- 172.21.15.94:0/4288497680 >> [v2:172.21.15.94:3300/0,v1:172.21.15.94:6789/0] conn(0x7f1b801080f0 msgr2=0x7f1b8019b400 secure :-1 s=STATE_CONNECTION_ESTABLISHED l=1).mark_down
2024-02-17T11:48:37.303 INFO:teuthology.orchestra.run.smithi094.stdout:/usr/bin/ceph: stderr
2024-02-17T11:48:36.762+0000 7f1b88510700 1 --2- 172.21.15.94:0/4288497680 >> [v2:172.21.15.94:3300/0,v1:172.21.15.94:6789/0] conn(0x7f1b801080f0 0x7f1b8019b400 secure :-1 s=READY pgs=42 cs=0 l=1 rev1=1 crypto rx=0x7f1b7c009fb0 tx=0x7f1b7c011b20 comp rx=0 tx=0).stop
2024-02-17T11:48:37.303 INFO:teuthology.orchestra.run.smithi094.stdout:/usr/bin/ceph: stderr
2024-02-17T11:48:36.762+0000 7f1b88510700 1 -- 172.21.15.94:0/4288497680 shutdown_connections
2024-02-17T11:48:37.303 INFO:teuthology.orchestra.run.smithi094.stdout:/usr/bin/ceph: stderr
2024-02-17T11:48:36.762+0000 7f1b88510700 1 --2- 172.21.15.94:0/4288497680 >> [v2:172.21.15.94:6800/2384585889,v1:172.21.15.94:6801/2384585889] conn(0x7f1b6c038ee0 0x7f1b6c03b3a0 unknown :-1 s=CLOSED pgs=9 cs=0 l=1 rev1=1 crypto rx=0 tx=0 comp rx=0 tx=0).stop
2024-02-17T11:48:37.303 INFO:teuthology.orchestra.run.smithi094.stdout:/usr/bin/ceph: stderr
2024-02-17T11:48:36.762+0000 7f1b88510700 1 --2- 172.21.15.94:0/4288497680 >> [v2:172.21.15.94:3300/0,v1:172.21.15.94:6789/0] conn(0x7f1b801080f0 0x7f1b8019b400 unknown :-1 s=CLOSED pgs=42 cs=0 l=1 rev1=1 crypto rx=0 tx=0 comp rx=0 tx=0).stop
2024-02-17T11:48:37.303 INFO:teuthology.orchestra.run.smithi094.stdout:/usr/bin/ceph: stderr
2024-02-17T11:48:36.762+0000 7f1b88510700 1 -- 172.21.15.94:0/4288497680 >> 172.21.15.94:0/4288497680 conn(0x7f1b80101b20 msgr2=0x7f1b801026d0 unknown :-1 s=STATE_NONE l=0).mark_down
2024-02-17T11:48:37.303 INFO:teuthology.orchestra.run.smithi094.stdout:/usr/bin/ceph: stderr
2024-02-17T11:48:36.763+0000 7f1b88510700 1 -- 172.21.15.94:0/4288497680 shutdown_connections
2024-02-17T11:48:37.303 INFO:teuthology.orchestra.run.smithi094.stdout:/usr/bin/ceph: stderr
2024-02-17T11:48:36.763+0000 7f1b88510700 1 -- 172.21.15.94:0/4288497680 wait complete.
2024-02-17T11:48:38.203 INFO:journalctl@ceph.mon.a.smithi094.stdout:Feb 17 11:48:37 smithi094 ceph-mon[32499]: from='client.14136 -' entity='client.admin' cmd=[{"prefix": "cephadm generate-key", "target": ["mon-mgr", ""]}]: dispatch
2024-02-17T11:48:38.203 INFO:journalctl@ceph.mon.a.smithi094.stdout:Feb 17 11:48:37 smithi094 ceph-mon[32499]: Generating ssh key...
2024-02-17T11:48:38.496 INFO:teuthology.orchestra.run.smithi094.stdout:/usr/bin/ceph: stdout ssh-rsa AAAAB3NzaC1yc2EAAAADAQABAAABgQDMgNM5FW33h6Al09k3y8SyiiGgkOnK3CxNC3Z0JgyBhRzXLQGcm51ODYu2IyozwChiAl0lJ/cDrPyC8fcDkHw2/949919qppPqY+UbFrNsAg5F1jAhtJuCS4843DIPRSS8PnINudVKXoWlsAoSkZgcUf1BJCviz73FnKKyZuWqr9HwpRagc9Z0s7+P19Fc7zp8suUCQ1DHOL/6F3oZlU9Dcv0QPHPq3kwn3/kp/hqIz8mwIxUJYzOLcXVRIeftcJc2FUna52UIo/kYnIqvmvqbaHJPfYwZxlBrz7lCpqutPg1gSXpRfB7pGtimVArqWFUX0QGYOwGE8AXl9RTdkaTm6R6B7x3HoEzoRkwlVJ1klZoj6YA/Pr1j3QWkS54PrvpK2jNgwAcQ9sg/BtOeYB9Hnhw0e8fk4w0i68kVTl1h1nVbHxylBJpv27Yjiro4PU0kUnQU09ydogrYLsx6mVGhH8L/fOQEH+DgJIUMSmpVbh1o5mA0F9Yq0OwEy6eGTgk= ceph-3bc5cfc8-cd8a-11ee-95ba-87774f69a715
2024-02-17T11:48:38.496 INFO:teuthology.orchestra.run.smithi094.stdout:/usr/bin/ceph: stderr
2024-02-17T11:48:37.699+0000 7fb86ea25700 1 Processor -- start
2024-02-17T11:48:38.496 INFO:teuthology.orchestra.run.smithi094.stdout:/usr/bin/ceph: stderr
2024-02-17T11:48:37.699+0000 7fb86ea25700 1 -- start start
2024-02-17T11:48:38.496 INFO:teuthology.orchestra.run.smithi094.stdout:/usr/bin/ceph: stderr
2024-02-17T11:48:37.699+0000 7fb86ea25700 1 --2- >> [v2:172.21.15.94:3300/0,v1:172.21.15.94:6789/0] conn(0x7fb8681080f0 0x7fb86810a4e0 unknown :-1 s=NONE pgs=0 cs=0 l=0 rev1=0 crypto rx=0 tx=0 comp rx=0 tx=0).connect
2024-02-17T11:48:38.497 INFO:teuthology.orchestra.run.smithi094.stdout:/usr/bin/ceph: stderr
2024-02-17T11:48:37.699+0000 7fb86ea25700 1 -- --> [v2:172.21.15.94:3300/0,v1:172.21.15.94:6789/0] -- mon_getmap magic: 0 v1 -- 0x7fb86807ae70 con 0x7fb8681080f0
2024-02-17T11:48:38.497 INFO:teuthology.orchestra.run.smithi094.stdout:/usr/bin/ceph: stderr
2024-02-17T11:48:37.699+0000 7fb867fff700 1 --2- >> [v2:172.21.15.94:3300/0,v1:172.21.15.94:6789/0] conn(0x7fb8681080f0 0x7fb86810a4e0 unknown :-1 s=BANNER_CONNECTING pgs=0 cs=0 l=0 rev1=0 crypto rx=0 tx=0 comp rx=0 tx=0)._handle_peer_banner_payload supported=3 required=0
2024-02-17T11:48:38.497 INFO:teuthology.orchestra.run.smithi094.stdout:/usr/bin/ceph: stderr
2024-02-17T11:48:37.699+0000 7fb867fff700 1 --2- >> [v2:172.21.15.94:3300/0,v1:172.21.15.94:6789/0] conn(0x7fb8681080f0 0x7fb86810a4e0 unknown :-1 s=HELLO_CONNECTING pgs=0 cs=0 l=0 rev1=1 crypto rx=0 tx=0 comp rx=0 tx=0).handle_hello peer v2:172.21.15.94:3300/0 says I am v2:172.21.15.94:54640/0 (socket says 172.21.15.94:54640)
2024-02-17T11:48:38.497 INFO:teuthology.orchestra.run.smithi094.stdout:/usr/bin/ceph: stderr
2024-02-17T11:48:37.699+0000 7fb867fff700 1 -- 172.21.15.94:0/179222382 learned_addr learned my addr 172.21.15.94:0/179222382 (peer_addr_for_me v2:172.21.15.94:0/0)
2024-02-17T11:48:38.497 INFO:teuthology.orchestra.run.smithi094.stdout:/usr/bin/ceph: stderr
2024-02-17T11:48:37.699+0000 7fb867fff700 1 -- 172.21.15.94:0/179222382 --> [v2:172.21.15.94:3300/0,v1:172.21.15.94:6789/0] -- mon_subscribe({config=0+,monmap=0+}) v3 -- 0x7fb86810aa20 con 0x7fb8681080f0
2024-02-17T11:48:38.497 INFO:teuthology.orchestra.run.smithi094.stdout:/usr/bin/ceph: stderr
2024-02-17T11:48:37.699+0000 7fb867fff700 1 --2- 172.21.15.94:0/179222382 >> [v2:172.21.15.94:3300/0,v1:172.21.15.94:6789/0] conn(0x7fb8681080f0 0x7fb86810a4e0 secure :-1 s=READY pgs=43 cs=0 l=1 rev1=1 crypto rx=0x7fb8580098a0 tx=0x7fb858009bb0 comp rx=0 tx=0).ready entity=mon.0 client_cookie=adc91a88a4b84468 server_cookie=0 in_seq=0 out_seq=0
2024-02-17T11:48:38.497 INFO:teuthology.orchestra.run.smithi094.stdout:/usr/bin/ceph: stderr
2024-02-17T11:48:37.699+0000 7fb866ffd700 1 -- 172.21.15.94:0/179222382 <== mon.0 v2:172.21.15.94:3300/0 1 ==== mon_map magic: 0 v1 ==== 205+0+0 (secure 0 0 0) 0x7fb858004160 con 0x7fb8681080f0
2024-02-17T11:48:38.497 INFO:teuthology.orchestra.run.smithi094.stdout:/usr/bin/ceph: stderr
2024-02-17T11:48:37.699+0000 7fb866ffd700 1 -- 172.21.15.94:0/179222382 <== mon.0 v2:172.21.15.94:3300/0 2 ==== config(27 keys) v1 ==== 1109+0+0 (secure 0 0 0) 0x7fb8580042c0 con 0x7fb8681080f0
2024-02-17T11:48:38.497 INFO:teuthology.orchestra.run.smithi094.stdout:/usr/bin/ceph: stderr
2024-02-17T11:48:37.699+0000 7fb866ffd700 1 -- 172.21.15.94:0/179222382 <== mon.0 v2:172.21.15.94:3300/0 3 ==== mon_map magic: 0 v1 ==== 205+0+0 (secure 0 0 0) 0x7fb858011ac0 con 0x7fb8681080f0
2024-02-17T11:48:38.497 INFO:teuthology.orchestra.run.smithi094.stdout:/usr/bin/ceph: stderr
2024-02-17T11:48:37.700+0000 7fb86ea25700 1 -- 172.21.15.94:0/179222382 >> [v2:172.21.15.94:3300/0,v1:172.21.15.94:6789/0] conn(0x7fb8681080f0 msgr2=0x7fb86810a4e0 secure :-1 s=STATE_CONNECTION_ESTABLISHED l=1).mark_down
2024-02-17T11:48:38.497 INFO:teuthology.orchestra.run.smithi094.stdout:/usr/bin/ceph: stderr
2024-02-17T11:48:37.700+0000 7fb86ea25700 1 --2- 172.21.15.94:0/179222382 >> [v2:172.21.15.94:3300/0,v1:172.21.15.94:6789/0] conn(0x7fb8681080f0 0x7fb86810a4e0 secure :-1 s=READY pgs=43 cs=0 l=1 rev1=1 crypto rx=0x7fb8580098a0 tx=0x7fb858009bb0 comp rx=0 tx=0).stop
2024-02-17T11:48:38.497 INFO:teuthology.orchestra.run.smithi094.stdout:/usr/bin/ceph: stderr
2024-02-17T11:48:37.700+0000 7fb86ea25700 1 -- 172.21.15.94:0/179222382 shutdown_connections
2024-02-17T11:48:38.498 INFO:teuthology.orchestra.run.smithi094.stdout:/usr/bin/ceph: stderr
2024-02-17T11:48:37.700+0000 7fb86ea25700 1 --2- 172.21.15.94:0/179222382 >> [v2:172.21.15.94:3300/0,v1:172.21.15.94:6789/0] conn(0x7fb8681080f0 0x7fb86810a4e0 unknown :-1 s=CLOSED pgs=43 cs=0 l=1 rev1=1 crypto rx=0 tx=0 comp rx=0 tx=0).stop
2024-02-17T11:48:38.498 INFO:teuthology.orchestra.run.smithi094.stdout:/usr/bin/ceph: stderr
2024-02-17T11:48:37.700+0000 7fb86ea25700 1 -- 172.21.15.94:0/179222382 >> 172.21.15.94:0/179222382 conn(0x7fb868101b20 msgr2=0x7fb868103f40 unknown :-1 s=STATE_NONE l=0).mark_down
2024-02-17T11:48:38.498 INFO:teuthology.orchestra.run.smithi094.stdout:/usr/bin/ceph: stderr
2024-02-17T11:48:37.700+0000 7fb86ea25700 1 -- 172.21.15.94:0/179222382 shutdown_connections
2024-02-17T11:48:38.498 INFO:teuthology.orchestra.run.smithi094.stdout:/usr/bin/ceph: stderr
2024-02-17T11:48:37.700+0000 7fb86ea25700 1 -- 172.21.15.94:0/179222382 wait complete.
2024-02-17T11:48:38.498 INFO:teuthology.orchestra.run.smithi094.stdout:/usr/bin/ceph: stderr
2024-02-17T11:48:37.701+0000 7fb86ea25700 1 Processor -- start
2024-02-17T11:48:38.498 INFO:teuthology.orchestra.run.smithi094.stdout:/usr/bin/ceph: stderr
2024-02-17T11:48:37.701+0000 7fb86ea25700 1 -- start start
2024-02-17T11:48:38.498 INFO:teuthology.orchestra.run.smithi094.stdout:/usr/bin/ceph: stderr
2024-02-17T11:48:37.701+0000 7fb86ea25700 1 --2- >> [v2:172.21.15.94:3300/0,v1:172.21.15.94:6789/0] conn(0x7fb8681080f0 0x7fb86819b400 unknown :-1 s=NONE pgs=0 cs=0 l=1 rev1=0 crypto rx=0 tx=0 comp rx=0 tx=0).connect
2024-02-17T11:48:38.498 INFO:teuthology.orchestra.run.smithi094.stdout:/usr/bin/ceph: stderr
2024-02-17T11:48:37.701+0000 7fb86ea25700 1 -- --> [v2:172.21.15.94:3300/0,v1:172.21.15.94:6789/0] -- mon_getmap magic: 0 v1 -- 0x7fb86819b940 con 0x7fb8681080f0
2024-02-17T11:48:38.498 INFO:teuthology.orchestra.run.smithi094.stdout:/usr/bin/ceph: stderr
2024-02-17T11:48:37.701+0000 7fb867fff700 1 --2- >> [v2:172.21.15.94:3300/0,v1:172.21.15.94:6789/0] conn(0x7fb8681080f0 0x7fb86819b400 unknown :-1 s=BANNER_CONNECTING pgs=0 cs=0 l=1 rev1=0 crypto rx=0 tx=0 comp rx=0 tx=0)._handle_peer_banner_payload supported=3 required=0
2024-02-17T11:48:38.498 INFO:teuthology.orchestra.run.smithi094.stdout:/usr/bin/ceph: stderr
2024-02-17T11:48:37.701+0000 7fb867fff700 1 --2- >> [v2:172.21.15.94:3300/0,v1:172.21.15.94:6789/0] conn(0x7fb8681080f0 0x7fb86819b400 unknown :-1 s=HELLO_CONNECTING pgs=0 cs=0 l=1 rev1=1 crypto rx=0 tx=0 comp rx=0 tx=0).handle_hello peer v2:172.21.15.94:3300/0 says I am v2:172.21.15.94:54656/0 (socket says 172.21.15.94:54656)
2024-02-17T11:48:38.498 INFO:teuthology.orchestra.run.smithi094.stdout:/usr/bin/ceph: stderr
2024-02-17T11:48:37.701+0000 7fb867fff700 1 -- 172.21.15.94:0/2447311252 learned_addr learned my addr 172.21.15.94:0/2447311252 (peer_addr_for_me v2:172.21.15.94:0/0)
2024-02-17T11:48:38.498 INFO:teuthology.orchestra.run.smithi094.stdout:/usr/bin/ceph: stderr
2024-02-17T11:48:37.701+0000 7fb867fff700 1 -- 172.21.15.94:0/2447311252 --> [v2:172.21.15.94:3300/0,v1:172.21.15.94:6789/0] -- mon_subscribe({config=0+,monmap=0+}) v3 -- 0x7fb858009550 con 0x7fb8681080f0
2024-02-17T11:48:38.499 INFO:teuthology.orchestra.run.smithi094.stdout:/usr/bin/ceph: stderr
2024-02-17T11:48:37.701+0000 7fb867fff700 1 --2- 172.21.15.94:0/2447311252 >> [v2:172.21.15.94:3300/0,v1:172.21.15.94:6789/0] conn(0x7fb8681080f0 0x7fb86819b400 secure :-1 s=READY pgs=44 cs=0 l=1 rev1=1 crypto rx=0x7fb858009fb0 tx=0x7fb858011b20 comp rx=0 tx=0).ready entity=mon.0 client_cookie=0 server_cookie=0 in_seq=0 out_seq=0
2024-02-17T11:48:38.499 INFO:teuthology.orchestra.run.smithi094.stdout:/usr/bin/ceph: stderr
2024-02-17T11:48:37.702+0000 7fb8657fa700 1 -- 172.21.15.94:0/2447311252 <== mon.0 v2:172.21.15.94:3300/0 1 ==== mon_map magic: 0 v1 ==== 205+0+0 (secure 0 0 0) 0x7fb8580038b0 con 0x7fb8681080f0
2024-02-17T11:48:38.499 INFO:teuthology.orchestra.run.smithi094.stdout:/usr/bin/ceph: stderr
2024-02-17T11:48:37.702+0000 7fb8657fa700 1 -- 172.21.15.94:0/2447311252 <== mon.0 v2:172.21.15.94:3300/0 2 ==== config(27 keys) v1 ==== 1109+0+0 (secure 0 0 0) 0x7fb858003a10 con 0x7fb8681080f0
2024-02-17T11:48:38.499 INFO:teuthology.orchestra.run.smithi094.stdout:/usr/bin/ceph: stderr
2024-02-17T11:48:37.702+0000 7fb86ea25700 1 -- 172.21.15.94:0/2447311252 --> [v2:172.21.15.94:3300/0,v1:172.21.15.94:6789/0] -- mon_subscribe({mgrmap=0+}) v3 -- 0x7fb86819bb40 con 0x7fb8681080f0
2024-02-17T11:48:38.499 INFO:teuthology.orchestra.run.smithi094.stdout:/usr/bin/ceph: stderr
2024-02-17T11:48:37.702+0000 7fb8657fa700 1 -- 172.21.15.94:0/2447311252 <== mon.0 v2:172.21.15.94:3300/0 3 ==== mon_map magic: 0 v1 ==== 205+0+0 (secure 0 0 0) 0x7fb8580195e0 con 0x7fb8681080f0
2024-02-17T11:48:38.499 INFO:teuthology.orchestra.run.smithi094.stdout:/usr/bin/ceph: stderr
2024-02-17T11:48:37.702+0000 7fb86ea25700 1 -- 172.21.15.94:0/2447311252 --> [v2:172.21.15.94:3300/0,v1:172.21.15.94:6789/0] -- mon_subscribe({osdmap=0}) v3 -- 0x7fb86819bfe0 con 0x7fb8681080f0
2024-02-17T11:48:38.499 INFO:teuthology.orchestra.run.smithi094.stdout:/usr/bin/ceph: stderr
2024-02-17T11:48:37.703+0000 7fb8657fa700 1 -- 172.21.15.94:0/2447311252 <== mon.0 v2:172.21.15.94:3300/0 4 ==== mgrmap(e 8) v1 ==== 45932+0+0 (secure 0 0 0) 0x7fb858019850 con 0x7fb8681080f0
2024-02-17T11:48:38.499 INFO:teuthology.orchestra.run.smithi094.stdout:/usr/bin/ceph: stderr
