2024-02-17T11:48:59.566+0000 7ff1f5d00700 1 --2- 172.21.15.94:0/1504010949 >> [v2:172.21.15.94:6800/1808883811,v1:172.21.15.94:6801/1808883811] conn(0x7ff1d803c9f0 0x7ff1d803ede0 secure :-1 s=READY pgs=1 cs=0 l=1 rev1=1 crypto rx=0x7ff1e4003a10 tx=0x7ff1e4009270 comp rx=0 tx=0).stop
2024-02-17T11:49:00.155 INFO:teuthology.orchestra.run.smithi094.stdout:/usr/bin/ceph: stderr
2024-02-17T11:48:59.566+0000 7ff1f5d00700 1 -- 172.21.15.94:0/1504010949 >> [v2:172.21.15.94:3300/0,v1:172.21.15.94:6789/0] conn(0x7ff1f0105ed0 msgr2=0x7ff1f019d5a0 secure :-1 s=STATE_CONNECTION_ESTABLISHED l=1).mark_down
2024-02-17T11:49:00.155 INFO:teuthology.orchestra.run.smithi094.stdout:/usr/bin/ceph: stderr
2024-02-17T11:48:59.566+0000 7ff1f5d00700 1 --2- 172.21.15.94:0/1504010949 >> [v2:172.21.15.94:3300/0,v1:172.21.15.94:6789/0] conn(0x7ff1f0105ed0 0x7ff1f019d5a0 secure :-1 s=READY pgs=62 cs=0 l=1 rev1=1 crypto rx=0x7ff1e0003f20 tx=0x7ff1e0011b00 comp rx=0 tx=0).stop
2024-02-17T11:49:00.155 INFO:teuthology.orchestra.run.smithi094.stdout:/usr/bin/ceph: stderr
2024-02-17T11:48:59.566+0000 7ff1f5d00700 1 -- 172.21.15.94:0/1504010949 shutdown_connections
2024-02-17T11:49:00.155 INFO:teuthology.orchestra.run.smithi094.stdout:/usr/bin/ceph: stderr
2024-02-17T11:48:59.566+0000 7ff1f5d00700 1 --2- 172.21.15.94:0/1504010949 >> [v2:172.21.15.94:6800/1808883811,v1:172.21.15.94:6801/1808883811] conn(0x7ff1d803c9f0 0x7ff1d803ede0 unknown :-1 s=CLOSED pgs=1 cs=0 l=1 rev1=1 crypto rx=0 tx=0 comp rx=0 tx=0).stop
2024-02-17T11:49:00.155 INFO:teuthology.orchestra.run.smithi094.stdout:/usr/bin/ceph: stderr
2024-02-17T11:48:59.566+0000 7ff1f5d00700 1 --2- 172.21.15.94:0/1504010949 >> [v2:172.21.15.94:3300/0,v1:172.21.15.94:6789/0] conn(0x7ff1f0105ed0 0x7ff1f019d5a0 unknown :-1 s=CLOSED pgs=62 cs=0 l=1 rev1=1 crypto rx=0 tx=0 comp rx=0 tx=0).stop
2024-02-17T11:49:00.156 INFO:teuthology.orchestra.run.smithi094.stdout:/usr/bin/ceph: stderr
2024-02-17T11:48:59.566+0000 7ff1f5d00700 1 --2- 172.21.15.94:0/1504010949 >> [v2:172.21.15.94:6800/2384585889,v1:172.21.15.94:6801/2384585889] conn(0x7ff1d8038f40 0x7ff1d803b400 unknown :-1 s=CLOSED pgs=0 cs=0 l=1 rev1=0 crypto rx=0 tx=0 comp rx=0 tx=0).stop
2024-02-17T11:49:00.156 INFO:teuthology.orchestra.run.smithi094.stdout:/usr/bin/ceph: stderr
2024-02-17T11:48:59.566+0000 7ff1f5d00700 1 -- 172.21.15.94:0/1504010949 >> 172.21.15.94:0/1504010949 conn(0x7ff1f0101ad0 msgr2=0x7ff1f0194330 unknown :-1 s=STATE_NONE l=0).mark_down
2024-02-17T11:49:00.156 INFO:teuthology.orchestra.run.smithi094.stdout:/usr/bin/ceph: stderr
2024-02-17T11:48:59.566+0000 7ff1f5d00700 1 -- 172.21.15.94:0/1504010949 shutdown_connections
2024-02-17T11:49:00.156 INFO:teuthology.orchestra.run.smithi094.stdout:/usr/bin/ceph: stderr
2024-02-17T11:48:59.566+0000 7ff1f5d00700 1 -- 172.21.15.94:0/1504010949 wait complete.
2024-02-17T11:49:00.156 INFO:teuthology.orchestra.run.smithi094.stdout:mgr epoch 9 is available
2024-02-17T11:49:00.156 INFO:teuthology.orchestra.run.smithi094.stdout:Generating a dashboard self-signed certificate...
2024-02-17T11:49:00.928 INFO:journalctl@ceph.mon.a.smithi094.stdout:Feb 17 11:49:00 smithi094 ceph-mon[32499]: [17/Feb/2024:11:48:59] ENGINE Bus STARTING
2024-02-17T11:49:00.929 INFO:journalctl@ceph.mon.a.smithi094.stdout:Feb 17 11:49:00 smithi094 ceph-mon[32499]: from='client.14156 -' entity='client.admin' cmd=[{"prefix": "get_command_descriptions"}]: dispatch
2024-02-17T11:49:00.929 INFO:journalctl@ceph.mon.a.smithi094.stdout:Feb 17 11:49:00 smithi094 ceph-mon[32499]: from='client.14156 -' entity='client.admin' cmd=[{"prefix": "mgr_status"}]: dispatch
2024-02-17T11:49:00.929 INFO:journalctl@ceph.mon.a.smithi094.stdout:Feb 17 11:49:00 smithi094 ceph-mon[32499]: [17/Feb/2024:11:48:59] ENGINE Serving on http://172.21.15.94:8765
2024-02-17T11:49:00.929 INFO:journalctl@ceph.mon.a.smithi094.stdout:Feb 17 11:49:00 smithi094 ceph-mon[32499]: [17/Feb/2024:11:48:59] ENGINE Serving on https://172.21.15.94:7150
2024-02-17T11:49:00.929 INFO:journalctl@ceph.mon.a.smithi094.stdout:Feb 17 11:49:00 smithi094 ceph-mon[32499]: [17/Feb/2024:11:48:59] ENGINE Bus STARTED
2024-02-17T11:49:00.929 INFO:journalctl@ceph.mon.a.smithi094.stdout:Feb 17 11:49:00 smithi094 ceph-mon[32499]: from='mgr.14152 172.21.15.94:0/872745640' entity='mgr.x'
2024-02-17T11:49:01.781 INFO:teuthology.orchestra.run.smithi094.stdout:/usr/bin/ceph: stdout Self-signed certificate created
2024-02-17T11:49:01.781 INFO:teuthology.orchestra.run.smithi094.stdout:/usr/bin/ceph: stderr
2024-02-17T11:49:00.963+0000 7f9c7db39700 1 Processor -- start
2024-02-17T11:49:01.783 INFO:teuthology.orchestra.run.smithi094.stdout:/usr/bin/ceph: stderr
2024-02-17T11:49:00.963+0000 7f9c7db39700 1 -- start start
2024-02-17T11:49:01.783 INFO:teuthology.orchestra.run.smithi094.stdout:/usr/bin/ceph: stderr
2024-02-17T11:49:00.964+0000 7f9c7db39700 1 --2- >> [v2:172.21.15.94:3300/0,v1:172.21.15.94:6789/0] conn(0x7f9c78107640 0x7f9c78107a60 unknown :-1 s=NONE pgs=0 cs=0 l=0 rev1=0 crypto rx=0 tx=0 comp rx=0 tx=0).connect
2024-02-17T11:49:01.783 INFO:teuthology.orchestra.run.smithi094.stdout:/usr/bin/ceph: stderr
2024-02-17T11:49:00.964+0000 7f9c7db39700 1 -- --> [v2:172.21.15.94:3300/0,v1:172.21.15.94:6789/0] -- mon_getmap magic: 0 v1 -- 0x7f9c78108030 con 0x7f9c78107640
2024-02-17T11:49:01.783 INFO:teuthology.orchestra.run.smithi094.stdout:/usr/bin/ceph: stderr
2024-02-17T11:49:00.964+0000 7f9c777fe700 1 --2- >> [v2:172.21.15.94:3300/0,v1:172.21.15.94:6789/0] conn(0x7f9c78107640 0x7f9c78107a60 unknown :-1 s=BANNER_CONNECTING pgs=0 cs=0 l=0 rev1=0 crypto rx=0 tx=0 comp rx=0 tx=0)._handle_peer_banner_payload supported=3 required=0
2024-02-17T11:49:01.783 INFO:teuthology.orchestra.run.smithi094.stdout:/usr/bin/ceph: stderr
2024-02-17T11:49:00.964+0000 7f9c777fe700 1 --2- >> [v2:172.21.15.94:3300/0,v1:172.21.15.94:6789/0] conn(0x7f9c78107640 0x7f9c78107a60 unknown :-1 s=HELLO_CONNECTING pgs=0 cs=0 l=0 rev1=1 crypto rx=0 tx=0 comp rx=0 tx=0).handle_hello peer v2:172.21.15.94:3300/0 says I am v2:172.21.15.94:54502/0 (socket says 172.21.15.94:54502)
2024-02-17T11:49:01.783 INFO:teuthology.orchestra.run.smithi094.stdout:/usr/bin/ceph: stderr
2024-02-17T11:49:00.964+0000 7f9c777fe700 1 -- 172.21.15.94:0/3727566989 learned_addr learned my addr 172.21.15.94:0/3727566989 (peer_addr_for_me v2:172.21.15.94:0/0)
2024-02-17T11:49:01.783 INFO:teuthology.orchestra.run.smithi094.stdout:/usr/bin/ceph: stderr
2024-02-17T11:49:00.964+0000 7f9c777fe700 1 -- 172.21.15.94:0/3727566989 --> [v2:172.21.15.94:3300/0,v1:172.21.15.94:6789/0] -- mon_subscribe({config=0+,monmap=0+}) v3 -- 0x7f9c781087f0 con 0x7f9c78107640
2024-02-17T11:49:01.783 INFO:teuthology.orchestra.run.smithi094.stdout:/usr/bin/ceph: stderr
2024-02-17T11:49:00.964+0000 7f9c777fe700 1 --2- 172.21.15.94:0/3727566989 >> [v2:172.21.15.94:3300/0,v1:172.21.15.94:6789/0] conn(0x7f9c78107640 0x7f9c78107a60 secure :-1 s=READY pgs=70 cs=0 l=1 rev1=1 crypto rx=0x7f9c680098a0 tx=0x7f9c68009bb0 comp rx=0 tx=0).ready entity=mon.0 client_cookie=2b369bfc6f9bfc1d server_cookie=0 in_seq=0 out_seq=0
2024-02-17T11:49:01.783 INFO:teuthology.orchestra.run.smithi094.stdout:/usr/bin/ceph: stderr
2024-02-17T11:49:00.965+0000 7f9c767fc700 1 -- 172.21.15.94:0/3727566989 <== mon.0 v2:172.21.15.94:3300/0 1 ==== mon_map magic: 0 v1 ==== 205+0+0 (secure 0 0 0) 0x7f9c68004160 con 0x7f9c78107640
2024-02-17T11:49:01.783 INFO:teuthology.orchestra.run.smithi094.stdout:/usr/bin/ceph: stderr
2024-02-17T11:49:00.965+0000 7f9c767fc700 1 -- 172.21.15.94:0/3727566989 <== mon.0 v2:172.21.15.94:3300/0 2 ==== config(27 keys) v1 ==== 1140+0+0 (secure 0 0 0) 0x7f9c680042c0 con 0x7f9c78107640
2024-02-17T11:49:01.783 INFO:teuthology.orchestra.run.smithi094.stdout:/usr/bin/ceph: stderr
2024-02-17T11:49:00.965+0000 7f9c767fc700 1 -- 172.21.15.94:0/3727566989 <== mon.0 v2:172.21.15.94:3300/0 3 ==== mon_map magic: 0 v1 ==== 205+0+0 (secure 0 0 0) 0x7f9c68011a80 con 0x7f9c78107640
2024-02-17T11:49:01.784 INFO:teuthology.orchestra.run.smithi094.stdout:/usr/bin/ceph: stderr
2024-02-17T11:49:00.965+0000 7f9c7db39700 1 -- 172.21.15.94:0/3727566989 >> [v2:172.21.15.94:3300/0,v1:172.21.15.94:6789/0] conn(0x7f9c78107640 msgr2=0x7f9c78107a60 secure :-1 s=STATE_CONNECTION_ESTABLISHED l=1).mark_down
2024-02-17T11:49:01.784 INFO:teuthology.orchestra.run.smithi094.stdout:/usr/bin/ceph: stderr
2024-02-17T11:49:00.965+0000 7f9c7db39700 1 --2- 172.21.15.94:0/3727566989 >> [v2:172.21.15.94:3300/0,v1:172.21.15.94:6789/0] conn(0x7f9c78107640 0x7f9c78107a60 secure :-1 s=READY pgs=70 cs=0 l=1 rev1=1 crypto rx=0x7f9c680098a0 tx=0x7f9c68009bb0 comp rx=0 tx=0).stop
2024-02-17T11:49:01.784 INFO:teuthology.orchestra.run.smithi094.stdout:/usr/bin/ceph: stderr
2024-02-17T11:49:00.965+0000 7f9c7db39700 1 -- 172.21.15.94:0/3727566989 shutdown_connections
2024-02-17T11:49:01.784 INFO:teuthology.orchestra.run.smithi094.stdout:/usr/bin/ceph: stderr
2024-02-17T11:49:00.965+0000 7f9c7db39700 1 --2- 172.21.15.94:0/3727566989 >> [v2:172.21.15.94:3300/0,v1:172.21.15.94:6789/0] conn(0x7f9c78107640 0x7f9c78107a60 unknown :-1 s=CLOSED pgs=70 cs=0 l=1 rev1=1 crypto rx=0 tx=0 comp rx=0 tx=0).stop
2024-02-17T11:49:01.785 INFO:teuthology.orchestra.run.smithi094.stdout:/usr/bin/ceph: stderr
2024-02-17T11:49:00.965+0000 7f9c7db39700 1 -- 172.21.15.94:0/3727566989 >> 172.21.15.94:0/3727566989 conn(0x7f9c78102ca0 msgr2=0x7f9c781050c0 unknown :-1 s=STATE_NONE l=0).mark_down
2024-02-17T11:49:01.785 INFO:teuthology.orchestra.run.smithi094.stdout:/usr/bin/ceph: stderr
2024-02-17T11:49:00.965+0000 7f9c7db39700 1 -- 172.21.15.94:0/3727566989 shutdown_connections
2024-02-17T11:49:01.785 INFO:teuthology.orchestra.run.smithi094.stdout:/usr/bin/ceph: stderr
2024-02-17T11:49:00.966+0000 7f9c7db39700 1 -- 172.21.15.94:0/3727566989 wait complete.
2024-02-17T11:49:01.785 INFO:teuthology.orchestra.run.smithi094.stdout:/usr/bin/ceph: stderr
2024-02-17T11:49:00.966+0000 7f9c7db39700 1 Processor -- start
2024-02-17T11:49:01.785 INFO:teuthology.orchestra.run.smithi094.stdout:/usr/bin/ceph: stderr
2024-02-17T11:49:00.967+0000 7f9c7db39700 1 -- start start
2024-02-17T11:49:01.785 INFO:teuthology.orchestra.run.smithi094.stdout:/usr/bin/ceph: stderr
2024-02-17T11:49:00.967+0000 7f9c7db39700 1 --2- >> [v2:172.21.15.94:3300/0,v1:172.21.15.94:6789/0] conn(0x7f9c78107640 0x7f9c7819b3d0 unknown :-1 s=NONE pgs=0 cs=0 l=1 rev1=0 crypto rx=0 tx=0 comp rx=0 tx=0).connect
2024-02-17T11:49:01.785 INFO:teuthology.orchestra.run.smithi094.stdout:/usr/bin/ceph: stderr
2024-02-17T11:49:00.967+0000 7f9c7db39700 1 -- --> [v2:172.21.15.94:3300/0,v1:172.21.15.94:6789/0] -- mon_getmap magic: 0 v1 -- 0x7f9c7819b910 con 0x7f9c78107640
2024-02-17T11:49:01.785 INFO:teuthology.orchestra.run.smithi094.stdout:/usr/bin/ceph: stderr
2024-02-17T11:49:00.967+0000 7f9c777fe700 1 --2- >> [v2:172.21.15.94:3300/0,v1:172.21.15.94:6789/0] conn(0x7f9c78107640 0x7f9c7819b3d0 unknown :-1 s=BANNER_CONNECTING pgs=0 cs=0 l=1 rev1=0 crypto rx=0 tx=0 comp rx=0 tx=0)._handle_peer_banner_payload supported=3 required=0
2024-02-17T11:49:01.785 INFO:teuthology.orchestra.run.smithi094.stdout:/usr/bin/ceph: stderr
2024-02-17T11:49:00.967+0000 7f9c777fe700 1 --2- >> [v2:172.21.15.94:3300/0,v1:172.21.15.94:6789/0] conn(0x7f9c78107640 0x7f9c7819b3d0 unknown :-1 s=HELLO_CONNECTING pgs=0 cs=0 l=1 rev1=1 crypto rx=0 tx=0 comp rx=0 tx=0).handle_hello peer v2:172.21.15.94:3300/0 says I am v2:172.21.15.94:54518/0 (socket says 172.21.15.94:54518)
2024-02-17T11:49:01.785 INFO:teuthology.orchestra.run.smithi094.stdout:/usr/bin/ceph: stderr
2024-02-17T11:49:00.967+0000 7f9c777fe700 1 -- 172.21.15.94:0/843606835 learned_addr learned my addr 172.21.15.94:0/843606835 (peer_addr_for_me v2:172.21.15.94:0/0)
2024-02-17T11:49:01.785 INFO:teuthology.orchestra.run.smithi094.stdout:/usr/bin/ceph: stderr
2024-02-17T11:49:00.967+0000 7f9c777fe700 1 -- 172.21.15.94:0/843606835 --> [v2:172.21.15.94:3300/0,v1:172.21.15.94:6789/0] -- mon_subscribe({config=0+,monmap=0+}) v3 -- 0x7f9c68009550 con 0x7f9c78107640
2024-02-17T11:49:01.785 INFO:teuthology.orchestra.run.smithi094.stdout:/usr/bin/ceph: stderr
2024-02-17T11:49:00.967+0000 7f9c777fe700 1 --2- 172.21.15.94:0/843606835 >> [v2:172.21.15.94:3300/0,v1:172.21.15.94:6789/0] conn(0x7f9c78107640 0x7f9c7819b3d0 secure :-1 s=READY pgs=71 cs=0 l=1 rev1=1 crypto rx=0x7f9c68000c00 tx=0x7f9c68011b00 comp rx=0 tx=0).ready entity=mon.0 client_cookie=0 server_cookie=0 in_seq=0 out_seq=0
2024-02-17T11:49:01.785 INFO:teuthology.orchestra.run.smithi094.stdout:/usr/bin/ceph: stderr
2024-02-17T11:49:00.968+0000 7f9c74ff9700 1 -- 172.21.15.94:0/843606835 <== mon.0 v2:172.21.15.94:3300/0 1 ==== mon_map magic: 0 v1 ==== 205+0+0 (secure 0 0 0) 0x7f9c680039e0 con 0x7f9c78107640
2024-02-17T11:49:01.785 INFO:teuthology.orchestra.run.smithi094.stdout:/usr/bin/ceph: stderr
2024-02-17T11:49:00.968+0000 7f9c7db39700 1 -- 172.21.15.94:0/843606835 --> [v2:172.21.15.94:3300/0,v1:172.21.15.94:6789/0] -- mon_subscribe({mgrmap=0+}) v3 -- 0x7f9c7819bb10 con 0x7f9c78107640
2024-02-17T11:49:01.786 INFO:teuthology.orchestra.run.smithi094.stdout:/usr/bin/ceph: stderr
2024-02-17T11:49:00.968+0000 7f9c74ff9700 1 -- 172.21.15.94:0/843606835 <== mon.0 v2:172.21.15.94:3300/0 2 ==== config(27 keys) v1 ==== 1140+0+0 (secure 0 0 0) 0x7f9c68003b40 con 0x7f9c78107640
2024-02-17T11:49:01.786 INFO:teuthology.orchestra.run.smithi094.stdout:/usr/bin/ceph: stderr
2024-02-17T11:49:00.968+0000 7f9c74ff9700 1 -- 172.21.15.94:0/843606835 <== mon.0 v2:172.21.15.94:3300/0 3 ==== mon_map magic: 0 v1 ==== 205+0+0 (secure 0 0 0) 0x7f9c68024820 con 0x7f9c78107640
2024-02-17T11:49:01.786 INFO:teuthology.orchestra.run.smithi094.stdout:/usr/bin/ceph: stderr
2024-02-17T11:49:00.968+0000 7f9c7db39700 1 -- 172.21.15.94:0/843606835 --> [v2:172.21.15.94:3300/0,v1:172.21.15.94:6789/0] -- mon_subscribe({osdmap=0}) v3 -- 0x7f9c7819bfb0 con 0x7f9c78107640
2024-02-17T11:49:01.786 INFO:teuthology.orchestra.run.smithi094.stdout:/usr/bin/ceph: stderr
2024-02-17T11:49:00.969+0000 7f9c74ff9700 1 -- 172.21.15.94:0/843606835 <== mon.0 v2:172.21.15.94:3300/0 4 ==== mgrmap(e 11) v1 ==== 45839+0+0 (secure 0 0 0) 0x7f9c68024980 con 0x7f9c78107640
2024-02-17T11:49:01.786 INFO:teuthology.orchestra.run.smithi094.stdout:/usr/bin/ceph: stderr
2024-02-17T11:49:00.969+0000 7f9c7db39700 1 -- 172.21.15.94:0/843606835 --> [v2:172.21.15.94:3300/0,v1:172.21.15.94:6789/0] -- mon_command({"prefix": "get_command_descriptions"} v 0) v1 -- 0x7f9c7810ba20 con 0x7f9c78107640
2024-02-17T11:49:01.786 INFO:teuthology.orchestra.run.smithi094.stdout:/usr/bin/ceph: stderr
2024-02-17T11:49:00.969+0000 7f9c74ff9700 1 --2- 172.21.15.94:0/843606835 >> [v2:172.21.15.94:6800/1808883811,v1:172.21.15.94:6801/1808883811] conn(0x7f9c60038e10 0x7f9c6003b2d0 unknown :-1 s=NONE pgs=0 cs=0 l=1 rev1=0 crypto rx=0 tx=0 comp rx=0 tx=0).connect
2024-02-17T11:49:01.786 INFO:teuthology.orchestra.run.smithi094.stdout:/usr/bin/ceph: stderr
2024-02-17T11:49:00.969+0000 7f9c74ff9700 1 -- 172.21.15.94:0/843606835 <== mon.0 v2:172.21.15.94:3300/0 5 ==== osd_map(3..3 src has 1..3) v4 ==== 1155+0+0 (secure 0 0 0) 0x7f9c6804cf70 con 0x7f9c78107640
2024-02-17T11:49:01.786 INFO:teuthology.orchestra.run.smithi094.stdout:/usr/bin/ceph: stderr
2024-02-17T11:49:00.969+0000 7f9c76ffd700 1 --2- 172.21.15.94:0/843606835 >> [v2:172.21.15.94:6800/1808883811,v1:172.21.15.94:6801/1808883811] conn(0x7f9c60038e10 0x7f9c6003b2d0 unknown :-1 s=BANNER_CONNECTING pgs=0 cs=0 l=1 rev1=0 crypto rx=0 tx=0 comp rx=0 tx=0)._handle_peer_banner_payload supported=3 required=0
2024-02-17T11:49:01.786 INFO:teuthology.orchestra.run.smithi094.stdout:/usr/bin/ceph: stderr
2024-02-17T11:49:00.970+0000 7f9c76ffd700 1 --2- 172.21.15.94:0/843606835 >> [v2:172.21.15.94:6800/1808883811,v1:172.21.15.94:6801/1808883811] conn(0x7f9c60038e10 0x7f9c6003b2d0 secure :-1 s=READY pgs=7 cs=0 l=1 rev1=1 crypto rx=0x7f9c6c006fd0 tx=0x7f9c6c006e40 comp rx=0 tx=0).ready entity=mgr.14152 client_cookie=0 server_cookie=0 in_seq=0 out_seq=0
2024-02-17T11:49:01.786 INFO:teuthology.orchestra.run.smithi094.stdout:/usr/bin/ceph: stderr
2024-02-17T11:49:00.974+0000 7f9c74ff9700 1 -- 172.21.15.94:0/843606835 <== mon.0 v2:172.21.15.94:3300/0 6 ==== mon_command_ack([{"prefix": "get_command_descriptions"}]=0 v0) v1 ==== 72+0+183564 (secure 0 0 0) 0x7f9c68080d20 con 0x7f9c78107640
2024-02-17T11:49:01.786 INFO:teuthology.orchestra.run.smithi094.stdout:/usr/bin/ceph: stderr
2024-02-17T11:49:01.180+0000 7f9c7db39700 1 -- 172.21.15.94:0/843606835 --> [v2:172.21.15.94:6800/1808883811,v1:172.21.15.94:6801/1808883811] -- mgr_command(tid 0: {"prefix": "dashboard create-self-signed-cert", "target": ["mon-mgr", ""]}) v1 -- 0x7f9c78103e50 con 0x7f9c60038e10
2024-02-17T11:49:01.786 INFO:teuthology.orchestra.run.smithi094.stdout:/usr/bin/ceph: stderr
2024-02-17T11:49:01.258+0000 7f9c74ff9700 1 -- 172.21.15.94:0/843606835 <== mgr.14152 v2:172.21.15.94:6800/1808883811 1 ==== mgr_command_reply(tid 0: 0 ) v1 ==== 8+0+32 (secure 0 0 0) 0x7f9c78103e50 con 0x7f9c60038e10
2024-02-17T11:49:01.786 INFO:teuthology.orchestra.run.smithi094.stdout:/usr/bin/ceph: stderr
2024-02-17T11:49:01.260+0000 7f9c7db39700 1 -- 172.21.15.94:0/843606835 >> [v2:172.21.15.94:6800/1808883811,v1:172.21.15.94:6801/1808883811] conn(0x7f9c60038e10 msgr2=0x7f9c6003b2d0 secure :-1 s=STATE_CONNECTION_ESTABLISHED l=1).mark_down
2024-02-17T11:49:01.786 INFO:teuthology.orchestra.run.smithi094.stdout:/usr/bin/ceph: stderr
2024-02-17T11:49:01.260+0000 7f9c7db39700 1 --2- 172.21.15.94:0/843606835 >> [v2:172.21.15.94:6800/1808883811,v1:172.21.15.94:6801/1808883811] conn(0x7f9c60038e10 0x7f9c6003b2d0 secure :-1 s=READY pgs=7 cs=0 l=1 rev1=1 crypto rx=0x7f9c6c006fd0 tx=0x7f9c6c006e40 comp rx=0 tx=0).stop
2024-02-17T11:49:01.787 INFO:teuthology.orchestra.run.smithi094.stdout:/usr/bin/ceph: stderr
2024-02-17T11:49:01.260+0000 7f9c7db39700 1 -- 172.21.15.94:0/843606835 >> [v2:172.21.15.94:3300/0,v1:172.21.15.94:6789/0] conn(0x7f9c78107640 msgr2=0x7f9c7819b3d0 secure :-1 s=STATE_CONNECTION_ESTABLISHED l=1).mark_down
2024-02-17T11:49:01.787 INFO:teuthology.orchestra.run.smithi094.stdout:/usr/bin/ceph: stderr
2024-02-17T11:49:01.260+0000 7f9c7db39700 1 --2- 172.21.15.94:0/843606835 >> [v2:172.21.15.94:3300/0,v1:172.21.15.94:6789/0] conn(0x7f9c78107640 0x7f9c7819b3d0 secure :-1 s=READY pgs=71 cs=0 l=1 rev1=1 crypto rx=0x7f9c68000c00 tx=0x7f9c68011b00 comp rx=0 tx=0).stop
2024-02-17T11:49:01.787 INFO:teuthology.orchestra.run.smithi094.stdout:/usr/bin/ceph: stderr
2024-02-17T11:49:01.260+0000 7f9c7db39700 1 -- 172.21.15.94:0/843606835 shutdown_connections
2024-02-17T11:49:01.787 INFO:teuthology.orchestra.run.smithi094.stdout:/usr/bin/ceph: stderr
2024-02-17T11:49:01.260+0000 7f9c7db39700 1 --2- 172.21.15.94:0/843606835 >> [v2:172.21.15.94:6800/1808883811,v1:172.21.15.94:6801/1808883811] conn(0x7f9c60038e10 0x7f9c6003b2d0 unknown :-1 s=CLOSED pgs=7 cs=0 l=1 rev1=1 crypto rx=0 tx=0 comp rx=0 tx=0).stop
2024-02-17T11:49:01.787 INFO:teuthology.orchestra.run.smithi094.stdout:/usr/bin/ceph: stderr
2024-02-17T11:49:01.260+0000 7f9c7db39700 1 --2- 172.21.15.94:0/843606835 >> [v2:172.21.15.94:3300/0,v1:172.21.15.94:6789/0] conn(0x7f9c78107640 0x7f9c7819b3d0 unknown :-1 s=CLOSED pgs=71 cs=0 l=1 rev1=1 crypto rx=0 tx=0 comp rx=0 tx=0).stop
2024-02-17T11:49:01.787 INFO:teuthology.orchestra.run.smithi094.stdout:/usr/bin/ceph: stderr
2024-02-17T11:49:01.260+0000 7f9c7db39700 1 -- 172.21.15.94:0/843606835 >> 172.21.15.94:0/843606835 conn(0x7f9c78102ca0 msgr2=0x7f9c78103740 unknown :-1 s=STATE_NONE l=0).mark_down
2024-02-17T11:49:01.787 INFO:teuthology.orchestra.run.smithi094.stdout:/usr/bin/ceph: stderr
2024-02-17T11:49:01.260+0000 7f9c7db39700 1 -- 172.21.15.94:0/843606835 shutdown_connections
2024-02-17T11:49:01.787 INFO:teuthology.orchestra.run.smithi094.stdout:/usr/bin/ceph: stderr
2024-02-17T11:49:01.260+0000 7f9c7db39700 1 -- 172.21.15.94:0/843606835 wait complete.
2024-02-17T11:49:01.787 INFO:teuthology.orchestra.run.smithi094.stdout:Creating initial admin user...
2024-02-17T11:49:02.454 INFO:journalctl@ceph.mon.a.smithi094.stdout:Feb 17 11:49:02 smithi094 ceph-mon[32499]: from='client.14164 -' entity='client.admin' cmd=[{"prefix": "dashboard create-self-signed-cert", "target": ["mon-mgr", ""]}]: dispatch
2024-02-17T11:49:02.454 INFO:journalctl@ceph.mon.a.smithi094.stdout:Feb 17 11:49:02 smithi094 ceph-mon[32499]: from='mgr.14152 172.21.15.94:0/872745640' entity='mgr.x'
2024-02-17T11:49:02.454 INFO:journalctl@ceph.mon.a.smithi094.stdout:Feb 17 11:49:02 smithi094 ceph-mon[32499]: from='mgr.14152 172.21.15.94:0/872745640' entity='mgr.x'
2024-02-17T11:49:02.454 INFO:journalctl@ceph.mon.a.smithi094.stdout:Feb 17 11:49:02 smithi094 ceph-mon[32499]: mgrmap e12: x(active, since 2s)
2024-02-17T11:49:02.454 INFO:journalctl@ceph.mon.a.smithi094.stdout:Feb 17 11:49:02 smithi094 ceph-mon[32499]: from='mgr.14152 172.21.15.94:0/872745640' entity='mgr.x'
2024-02-17T11:49:03.955 INFO:journalctl@ceph.mon.a.smithi094.stdout:Feb 17 11:49:03 smithi094 ceph-mon[32499]: from='client.14166 -' entity='client.admin' cmd=[{"prefix": "dashboard ac-user-create", "username": "admin", "rolename": "administrator", "force_password": true, "pwd_update_required": true, "target": ["mon-mgr", ""]}]: dispatch
2024-02-17T11:49:03.955 INFO:journalctl@ceph.mon.a.smithi094.stdout:Feb 17 11:49:03 smithi094 ceph-mon[32499]: from='mgr.14152 172.21.15.94:0/872745640' entity='mgr.x'
2024-02-17T11:49:04.010 INFO:teuthology.orchestra.run.smithi094.stdout:/usr/bin/ceph: stdout {"username": "admin", "password": "$2b$12$qVOkxx45YXXe9DQIb9vHJOEq9UadumBUmxYCgbsl6OgmgNCla/aEa", "roles": ["administrator"], "name": null, "email": null, "lastUpdate": 1708170542, "enabled": true, "pwdExpirationDate": null, "pwdUpdateRequired": true}
2024-02-17T11:49:04.010 INFO:teuthology.orchestra.run.smithi094.stdout:/usr/bin/ceph: stderr
2024-02-17T11:49:02.225+0000 7f2446ff3700 1 Processor -- start
2024-02-17T11:49:04.010 INFO:teuthology.orchestra.run.smithi094.stdout:/usr/bin/ceph: stderr
2024-02-17T11:49:02.225+0000 7f2446ff3700 1 -- start start
2024-02-17T11:49:04.010 INFO:teuthology.orchestra.run.smithi094.stdout:/usr/bin/ceph: stderr
2024-02-17T11:49:02.225+0000 7f2446ff3700 1 --2- >> [v2:172.21.15.94:3300/0,v1:172.21.15.94:6789/0] conn(0x7f2440108060 0x7f244010a450 unknown :-1 s=NONE pgs=0 cs=0 l=0 rev1=0 crypto rx=0 tx=0 comp rx=0 tx=0).connect
2024-02-17T11:49:04.010 INFO:teuthology.orchestra.run.smithi094.stdout:/usr/bin/ceph: stderr
2024-02-17T11:49:02.225+0000 7f2446ff3700 1 -- --> [v2:172.21.15.94:3300/0,v1:172.21.15.94:6789/0] -- mon_getmap magic: 0 v1 -- 0x7f244007aed0 con 0x7f2440108060
2024-02-17T11:49:04.010 INFO:teuthology.orchestra.run.smithi094.stdout:/usr/bin/ceph: stderr
2024-02-17T11:49:02.226+0000 7f2444d8f700 1 --2- >> [v2:172.21.15.94:3300/0,v1:172.21.15.94:6789/0] conn(0x7f2440108060 0x7f244010a450 unknown :-1 s=BANNER_CONNECTING pgs=0 cs=0 l=0 rev1=0 crypto rx=0 tx=0 comp rx=0 tx=0)._handle_peer_banner_payload supported=3 required=0
2024-02-17T11:49:04.010 INFO:teuthology.orchestra.run.smithi094.stdout:/usr/bin/ceph: stderr
2024-02-17T11:49:02.226+0000 7f2444d8f700 1 --2- >> [v2:172.21.15.94:3300/0,v1:172.21.15.94:6789/0] conn(0x7f2440108060 0x7f244010a450 unknown :-1 s=HELLO_CONNECTING pgs=0 cs=0 l=0 rev1=1 crypto rx=0 tx=0 comp rx=0 tx=0).handle_hello peer v2:172.21.15.94:3300/0 says I am v2:172.21.15.94:54522/0 (socket says 172.21.15.94:54522)
2024-02-17T11:49:04.010 INFO:teuthology.orchestra.run.smithi094.stdout:/usr/bin/ceph: stderr
2024-02-17T11:49:02.226+0000 7f2444d8f700 1 -- 172.21.15.94:0/3697758626 learned_addr learned my addr 172.21.15.94:0/3697758626 (peer_addr_for_me v2:172.21.15.94:0/0)
2024-02-17T11:49:04.010 INFO:teuthology.orchestra.run.smithi094.stdout:/usr/bin/ceph: stderr
2024-02-17T11:49:02.226+0000 7f2444d8f700 1 -- 172.21.15.94:0/3697758626 --> [v2:172.21.15.94:3300/0,v1:172.21.15.94:6789/0] -- mon_subscribe({config=0+,monmap=0+}) v3 -- 0x7f244010a990 con 0x7f2440108060
2024-02-17T11:49:04.010 INFO:teuthology.orchestra.run.smithi094.stdout:/usr/bin/ceph: stderr
2024-02-17T11:49:02.226+0000 7f2444d8f700 1 --2- 172.21.15.94:0/3697758626 >> [v2:172.21.15.94:3300/0,v1:172.21.15.94:6789/0] conn(0x7f2440108060 0x7f244010a450 secure :-1 s=READY pgs=72 cs=0 l=1 rev1=1 crypto rx=0x7f24340098a0 tx=0x7f2434009bb0 comp rx=0 tx=0).ready entity=mon.0 client_cookie=b161f0aae479d592 server_cookie=0 in_seq=0 out_seq=0
2024-02-17T11:49:04.011 INFO:teuthology.orchestra.run.smithi094.stdout:/usr/bin/ceph: stderr
2024-02-17T11:49:02.226+0000 7f243f7fe700 1 -- 172.21.15.94:0/3697758626 <== mon.0 v2:172.21.15.94:3300/0 1 ==== mon_map magic: 0 v1 ==== 205+0+0 (secure 0 0 0) 0x7f2434004160 con 0x7f2440108060
2024-02-17T11:49:04.011 INFO:teuthology.orchestra.run.smithi094.stdout:/usr/bin/ceph: stderr
2024-02-17T11:49:02.226+0000 7f243f7fe700 1 -- 172.21.15.94:0/3697758626 <== mon.0 v2:172.21.15.94:3300/0 2 ==== config(27 keys) v1 ==== 1140+0+0 (secure 0 0 0) 0x7f24340042c0 con 0x7f2440108060
2024-02-17T11:49:04.011 INFO:teuthology.orchestra.run.smithi094.stdout:/usr/bin/ceph: stderr
2024-02-17T11:49:02.226+0000 7f243f7fe700 1 -- 172.21.15.94:0/3697758626 <== mon.0 v2:172.21.15.94:3300/0 3 ==== mon_map magic: 0 v1 ==== 205+0+0 (secure 0 0 0) 0x7f2434011a80 con 0x7f2440108060
2024-02-17T11:49:04.011 INFO:teuthology.orchestra.run.smithi094.stdout:/usr/bin/ceph: stderr
2024-02-17T11:49:02.227+0000 7f2446ff3700 1 -- 172.21.15.94:0/3697758626 >> [v2:172.21.15.94:3300/0,v1:172.21.15.94:6789/0] conn(0x7f2440108060 msgr2=0x7f244010a450 secure :-1 s=STATE_CONNECTION_ESTABLISHED l=1).mark_down
2024-02-17T11:49:04.011 INFO:teuthology.orchestra.run.smithi094.stdout:/usr/bin/ceph: stderr
2024-02-17T11:49:02.227+0000 7f2446ff3700 1 --2- 172.21.15.94:0/3697758626 >> [v2:172.21.15.94:3300/0,v1:172.21.15.94:6789/0] conn(0x7f2440108060 0x7f244010a450 secure :-1 s=READY pgs=72 cs=0 l=1 rev1=1 crypto rx=0x7f24340098a0 tx=0x7f2434009bb0 comp rx=0 tx=0).stop
2024-02-17T11:49:04.011 INFO:teuthology.orchestra.run.smithi094.stdout:/usr/bin/ceph: stderr
2024-02-17T11:49:02.227+0000 7f2446ff3700 1 -- 172.21.15.94:0/3697758626 shutdown_connections
2024-02-17T11:49:04.011 INFO:teuthology.orchestra.run.smithi094.stdout:/usr/bin/ceph: stderr
2024-02-17T11:49:02.227+0000 7f2446ff3700 1 --2- 172.21.15.94:0/3697758626 >> [v2:172.21.15.94:3300/0,v1:172.21.15.94:6789/0] conn(0x7f2440108060 0x7f244010a450 unknown :-1 s=CLOSED pgs=72 cs=0 l=1 rev1=1 crypto rx=0 tx=0 comp rx=0 tx=0).stop
2024-02-17T11:49:04.012 INFO:teuthology.orchestra.run.smithi094.stdout:/usr/bin/ceph: stderr
2024-02-17T11:49:02.227+0000 7f2446ff3700 1 -- 172.21.15.94:0/3697758626 >> 172.21.15.94:0/3697758626 conn(0x7f2440101ad0 msgr2=0x7f2440103ef0 unknown :-1 s=STATE_NONE l=0).mark_down
2024-02-17T11:49:04.012 INFO:teuthology.orchestra.run.smithi094.stdout:/usr/bin/ceph: stderr
2024-02-17T11:49:02.227+0000 7f2446ff3700 1 -- 172.21.15.94:0/3697758626 shutdown_connections
2024-02-17T11:49:04.012 INFO:teuthology.orchestra.run.smithi094.stdout:/usr/bin/ceph: stderr
2024-02-17T11:49:02.227+0000 7f2446ff3700 1 -- 172.21.15.94:0/3697758626 wait complete.
2024-02-17T11:49:04.012 INFO:teuthology.orchestra.run.smithi094.stdout:/usr/bin/ceph: stderr
2024-02-17T11:49:02.228+0000 7f2446ff3700 1 Processor -- start
2024-02-17T11:49:04.012 INFO:teuthology.orchestra.run.smithi094.stdout:/usr/bin/ceph: stderr
2024-02-17T11:49:02.228+0000 7f2446ff3700 1 -- start start
2024-02-17T11:49:04.012 INFO:teuthology.orchestra.run.smithi094.stdout:/usr/bin/ceph: stderr
2024-02-17T11:49:02.228+0000 7f2446ff3700 1 --2- >> [v2:172.21.15.94:3300/0,v1:172.21.15.94:6789/0] conn(0x7f2440108060 0x7f24401078e0 unknown :-1 s=NONE pgs=0 cs=0 l=1 rev1=0 crypto rx=0 tx=0 comp rx=0 tx=0).connect
2024-02-17T11:49:04.012 INFO:teuthology.orchestra.run.smithi094.stdout:/usr/bin/ceph: stderr
2024-02-17T11:49:02.228+0000 7f2446ff3700 1 -- --> [v2:172.21.15.94:3300/0,v1:172.21.15.94:6789/0] -- mon_getmap magic: 0 v1 -- 0x7f2440107e20 con 0x7f2440108060
2024-02-17T11:49:04.013 INFO:teuthology.orchestra.run.smithi094.stdout:/usr/bin/ceph: stderr
2024-02-17T11:49:02.228+0000 7f2444d8f700 1 --2- >> [v2:172.21.15.94:3300/0,v1:172.21.15.94:6789/0] conn(0x7f2440108060 0x7f24401078e0 unknown :-1 s=BANNER_CONNECTING pgs=0 cs=0 l=1 rev1=0 crypto rx=0 tx=0 comp rx=0 tx=0)._handle_peer_banner_payload supported=3 required=0
2024-02-17T11:49:04.013 INFO:teuthology.orchestra.run.smithi094.stdout:/usr/bin/ceph: stderr
2024-02-17T11:49:02.228+0000 7f2444d8f700 1 --2- >> [v2:172.21.15.94:3300/0,v1:172.21.15.94:6789/0] conn(0x7f2440108060 0x7f24401078e0 unknown :-1 s=HELLO_CONNECTING pgs=0 cs=0 l=1 rev1=1 crypto rx=0 tx=0 comp rx=0 tx=0).handle_hello peer v2:172.21.15.94:3300/0 says I am v2:172.21.15.94:54536/0 (socket says 172.21.15.94:54536)
2024-02-17T11:49:04.013 INFO:teuthology.orchestra.run.smithi094.stdout:/usr/bin/ceph: stderr
2024-02-17T11:49:02.228+0000 7f2444d8f700 1 -- 172.21.15.94:0/3424023583 learned_addr learned my addr 172.21.15.94:0/3424023583 (peer_addr_for_me v2:172.21.15.94:0/0)
2024-02-17T11:49:04.013 INFO:teuthology.orchestra.run.smithi094.stdout:/usr/bin/ceph: stderr
2024-02-17T11:49:02.228+0000 7f2444d8f700 1 -- 172.21.15.94:0/3424023583 --> [v2:172.21.15.94:3300/0,v1:172.21.15.94:6789/0] -- mon_subscribe({config=0+,monmap=0+}) v3 -- 0x7f2434009550 con 0x7f2440108060
2024-02-17T11:49:04.013 INFO:teuthology.orchestra.run.smithi094.stdout:/usr/bin/ceph: stderr
2024-02-17T11:49:02.228+0000 7f2444d8f700 1 --2- 172.21.15.94:0/3424023583 >> [v2:172.21.15.94:3300/0,v1:172.21.15.94:6789/0] conn(0x7f2440108060 0x7f24401078e0 secure :-1 s=READY pgs=73 cs=0 l=1 rev1=1 crypto rx=0x7f2434003f20 tx=0x7f2434011b00 comp rx=0 tx=0).ready entity=mon.0 client_cookie=0 server_cookie=0 in_seq=0 out_seq=0
2024-02-17T11:49:04.013 INFO:teuthology.orchestra.run.smithi094.stdout:/usr/bin/ceph: stderr
2024-02-17T11:49:02.228+0000 7f243dffb700 1 -- 172.21.15.94:0/3424023583 <== mon.0 v2:172.21.15.94:3300/0 1 ==== mon_map magic: 0 v1 ==== 205+0+0 (secure 0 0 0) 0x7f24340039f0 con 0x7f2440108060
2024-02-17T11:49:04.013 INFO:teuthology.orchestra.run.smithi094.stdout:/usr/bin/ceph: stderr
2024-02-17T11:49:02.229+0000 7f243dffb700 1 -- 172.21.15.94:0/3424023583 <== mon.0 v2:172.21.15.94:3300/0 2 ==== config(27 keys) v1 ==== 1140+0+0 (secure 0 0 0) 0x7f2434003b50 con 0x7f2440108060
2024-02-17T11:49:04.014 INFO:teuthology.orchestra.run.smithi094.stdout:/usr/bin/ceph: stderr
2024-02-17T11:49:02.229+0000 7f243dffb700 1 -- 172.21.15.94:0/3424023583 <== mon.0 v2:172.21.15.94:3300/0 3 ==== mon_map magic: 0 v1 ==== 205+0+0 (secure 0 0 0) 0x7f243401a6d0 con 0x7f2440108060
2024-02-17T11:49:04.014 INFO:teuthology.orchestra.run.smithi094.stdout:/usr/bin/ceph: stderr
2024-02-17T11:49:02.229+0000 7f2446ff3700 1 -- 172.21.15.94:0/3424023583 --> [v2:172.21.15.94:3300/0,v1:172.21.15.94:6789/0] -- mon_subscribe({mgrmap=0+}) v3 -- 0x7f2440106010 con 0x7f2440108060
2024-02-17T11:49:04.014 INFO:teuthology.orchestra.run.smithi094.stdout:/usr/bin/ceph: stderr
2024-02-17T11:49:02.229+0000 7f2446ff3700 1 -- 172.21.15.94:0/3424023583 --> [v2:172.21.15.94:3300/0,v1:172.21.15.94:6789/0] -- mon_subscribe({osdmap=0}) v3 -- 0x7f24401064b0 con 0x7f2440108060
2024-02-17T11:49:04.014 INFO:teuthology.orchestra.run.smithi094.stdout:/usr/bin/ceph: stderr
2024-02-17T11:49:02.230+0000 7f243dffb700 1 -- 172.21.15.94:0/3424023583 <== mon.0 v2:172.21.15.94:3300/0 4 ==== mgrmap(e 12) v1 ==== 45945+0+0 (secure 0 0 0) 0x7f2434024430 con 0x7f2440108060
2024-02-17T11:49:04.014 INFO:teuthology.orchestra.run.smithi094.stdout:/usr/bin/ceph: stderr
2024-02-17T11:49:02.230+0000 7f243dffb700 1 --2- 172.21.15.94:0/3424023583 >> [v2:172.21.15.94:6800/1808883811,v1:172.21.15.94:6801/1808883811] conn(0x7f2430038ee0 0x7f243003b3a0 unknown :-1 s=NONE pgs=0 cs=0 l=1 rev1=0 crypto rx=0 tx=0 comp rx=0 tx=0).connect
2024-02-17T11:49:04.014 INFO:teuthology.orchestra.run.smithi094.stdout:/usr/bin/ceph: stderr
2024-02-17T11:49:02.230+0000 7f243dffb700 1 -- 172.21.15.94:0/3424023583 <== mon.0 v2:172.21.15.94:3300/0 5 ==== osd_map(3..3 src has 1..3) v4 ==== 1155+0+0 (secure 0 0 0) 0x7f243404d490 con 0x7f2440108060
2024-02-17T11:49:04.014 INFO:teuthology.orchestra.run.smithi094.stdout:/usr/bin/ceph: stderr
2024-02-17T11:49:02.230+0000 7f243ffff700 1 --2- 172.21.15.94:0/3424023583 >> [v2:172.21.15.94:6800/1808883811,v1:172.21.15.94:6801/1808883811] conn(0x7f2430038ee0 0x7f243003b3a0 unknown :-1 s=BANNER_CONNECTING pgs=0 cs=0 l=1 rev1=0 crypto rx=0 tx=0 comp rx=0 tx=0)._handle_peer_banner_payload supported=3 required=0
2024-02-17T11:49:04.015 INFO:teuthology.orchestra.run.smithi094.stdout:/usr/bin/ceph: stderr
2024-02-17T11:49:02.230+0000 7f243ffff700 1 --2- 172.21.15.94:0/3424023583 >> [v2:172.21.15.94:6800/1808883811,v1:172.21.15.94:6801/1808883811] conn(0x7f2430038ee0 0x7f243003b3a0 secure :-1 s=READY pgs=8 cs=0 l=1 rev1=1 crypto rx=0x7f242c006fd0 tx=0x7f242c006e40 comp rx=0 tx=0).ready entity=mgr.14152 client_cookie=0 server_cookie=0 in_seq=0 out_seq=0
2024-02-17T11:49:04.015 INFO:teuthology.orchestra.run.smithi094.stdout:/usr/bin/ceph: stderr
2024-02-17T11:49:02.230+0000 7f2446ff3700 1 -- 172.21.15.94:0/3424023583 --> [v2:172.21.15.94:3300/0,v1:172.21.15.94:6789/0] -- mon_command({"prefix": "get_command_descriptions"} v 0) v1 -- 0x7f24400632a0 con 0x7f2440108060
2024-02-17T11:49:04.015 INFO:teuthology.orchestra.run.smithi094.stdout:/usr/bin/ceph: stderr
2024-02-17T11:49:02.235+0000 7f243dffb700 1 -- 172.21.15.94:0/3424023583 <== mon.0 v2:172.21.15.94:3300/0 6 ==== mon_command_ack([{"prefix": "get_command_descriptions"}]=0 v0) v1 ==== 72+0+183564 (secure 0 0 0) 0x7f24340249a0 con 0x7f2440108060
2024-02-17T11:49:04.015 INFO:teuthology.orchestra.run.smithi094.stdout:/usr/bin/ceph: stderr
2024-02-17T11:49:02.459+0000 7f2446ff3700 1 -- 172.21.15.94:0/3424023583 --> [v2:172.21.15.94:6800/1808883811,v1:172.21.15.94:6801/1808883811] -- mgr_command(tid 0: {"prefix": "dashboard ac-user-create", "username": "admin", "rolename": "administrator", "force_password": true, "pwd_update_required": true, "target": ["mon-mgr", ""]}) v1 -- 0x7f24400630c0 con 0x7f2430038ee0
2024-02-17T11:49:04.015 INFO:teuthology.orchestra.run.smithi094.stdout:/usr/bin/ceph: stderr
2024-02-17T11:49:02.683+0000 7f243dffb700 1 -- 172.21.15.94:0/3424023583 <== mgr.14152 v2:172.21.15.94:6800/1808883811 1 ==== mgr_command_reply(tid 0: 0 ) v1 ==== 8+0+252 (secure 0 0 0) 0x7f24400630c0 con 0x7f2430038ee0
2024-02-17T11:49:04.015 INFO:teuthology.orchestra.run.smithi094.stdout:/usr/bin/ceph: stderr
2024-02-17T11:49:02.686+0000 7f2446ff3700 1 -- 172.21.15.94:0/3424023583 >> [v2:172.21.15.94:6800/1808883811,v1:172.21.15.94:6801/1808883811] conn(0x7f2430038ee0 msgr2=0x7f243003b3a0 secure :-1 s=STATE_CONNECTION_ESTABLISHED l=1).mark_down
2024-02-17T11:49:04.015 INFO:teuthology.orchestra.run.smithi094.stdout:/usr/bin/ceph: stderr
2024-02-17T11:49:02.686+0000 7f2446ff3700 1 --2- 172.21.15.94:0/3424023583 >> [v2:172.21.15.94:6800/1808883811,v1:172.21.15.94:6801/1808883811] conn(0x7f2430038ee0 0x7f243003b3a0 secure :-1 s=READY pgs=8 cs=0 l=1 rev1=1 crypto rx=0x7f242c006fd0 tx=0x7f242c006e40 comp rx=0 tx=0).stop
2024-02-17T11:49:04.016 INFO:teuthology.orchestra.run.smithi094.stdout:/usr/bin/ceph: stderr
2024-02-17T11:49:02.686+0000 7f2446ff3700 1 -- 172.21.15.94:0/3424023583 >> [v2:172.21.15.94:3300/0,v1:172.21.15.94:6789/0] conn(0x7f2440108060 msgr2=0x7f24401078e0 secure :-1 s=STATE_CONNECTION_ESTABLISHED l=1).mark_down
2024-02-17T11:49:04.016 INFO:teuthology.orchestra.run.smithi094.stdout:/usr/bin/ceph: stderr
2024-02-17T11:49:02.686+0000 7f2446ff3700 1 --2- 172.21.15.94:0/3424023583 >> [v2:172.21.15.94:3300/0,v1:172.21.15.94:6789/0] conn(0x7f2440108060 0x7f24401078e0 secure :-1 s=READY pgs=73 cs=0 l=1 rev1=1 crypto rx=0x7f2434003f20 tx=0x7f2434011b00 comp rx=0 tx=0).stop
2024-02-17T11:49:04.016 INFO:teuthology.orchestra.run.smithi094.stdout:/usr/bin/ceph: stderr
2024-02-17T11:49:02.686+0000 7f2446ff3700 1 -- 172.21.15.94:0/3424023583 shutdown_connections
2024-02-17T11:49:04.016 INFO:teuthology.orchestra.run.smithi094.stdout:/usr/bin/ceph: stderr
2024-02-17T11:49:02.686+0000 7f2446ff3700 1 --2- 172.21.15.94:0/3424023583 >> [v2:172.21.15.94:6800/1808883811,v1:172.21.15.94:6801/1808883811] conn(0x7f2430038ee0 0x7f243003b3a0 unknown :-1 s=CLOSED pgs=8 cs=0 l=1 rev1=1 crypto rx=0 tx=0 comp rx=0 tx=0).stop
2024-02-17T11:49:04.016 INFO:teuthology.orchestra.run.smithi094.stdout:/usr/bin/ceph: stderr
2024-02-17T11:49:02.686+0000 7f2446ff3700 1 --2- 172.21.15.94:0/3424023583 >> [v2:172.21.15.94:3300/0,v1:172.21.15.94:6789/0] conn(0x7f2440108060 0x7f24401078e0 unknown :-1 s=CLOSED pgs=73 cs=0 l=1 rev1=1 crypto rx=0 tx=0 comp rx=0 tx=0).stop
2024-02-17T11:49:04.016 INFO:teuthology.orchestra.run.smithi094.stdout:/usr/bin/ceph: stderr
2024-02-17T11:49:02.686+0000 7f2446ff3700 1 -- 172.21.15.94:0/3424023583 >> 172.21.15.94:0/3424023583 conn(0x7f2440101ad0 msgr2=0x7f24401025c0 unknown :-1 s=STATE_NONE l=0).mark_down
2024-02-17T11:49:04.017 INFO:teuthology.orchestra.run.smithi094.stdout:/usr/bin/ceph: stderr
2024-02-17T11:49:02.686+0000 7f2446ff3700 1 -- 172.21.15.94:0/3424023583 shutdown_connections
2024-02-17T11:49:04.017 INFO:teuthology.orchestra.run.smithi094.stdout:/usr/bin/ceph: stderr
2024-02-17T11:49:02.686+0000 7f2446ff3700 1 -- 172.21.15.94:0/3424023583 wait complete.
2024-02-17T11:49:04.017 INFO:teuthology.orchestra.run.smithi094.stdout:Fetching dashboard port number...
2024-02-17T11:49:04.929 INFO:journalctl@ceph.mon.a.smithi094.stdout:Feb 17 11:49:04 smithi094 ceph-mon[32499]: from='client.? 172.21.15.94:0/396020527' entity='client.admin' cmd=[{"prefix": "config get", "who": "mgr", "key": "mgr/dashboard/ssl_server_port"}]: dispatch
2024-02-17T11:49:05.172 INFO:teuthology.orchestra.run.smithi094.stdout:/usr/bin/ceph: stdout 8443
2024-02-17T11:49:05.173 INFO:teuthology.orchestra.run.smithi094.stdout:/usr/bin/ceph: stderr
2024-02-17T11:49:04.442+0000 7f5b6f67a700 1 Processor -- start
2024-02-17T11:49:05.173 INFO:teuthology.orchestra.run.smithi094.stdout:/usr/bin/ceph: stderr
2024-02-17T11:49:04.442+0000 7f5b6f67a700 1 -- start start
2024-02-17T11:49:05.173 INFO:teuthology.orchestra.run.smithi094.stdout:/usr/bin/ceph: stderr
2024-02-17T11:49:04.443+0000 7f5b6f67a700 1 --2- >> [v2:172.21.15.94:3300/0,v1:172.21.15.94:6789/0] conn(0x7f5b681064d0 0x7f5b681068f0 unknown :-1 s=NONE pgs=0 cs=0 l=0 rev1=0 crypto rx=0 tx=0 comp rx=0 tx=0).connect
2024-02-17T11:49:05.174 INFO:teuthology.orchestra.run.smithi094.stdout:/usr/bin/ceph: stderr
2024-02-17T11:49:04.443+0000 7f5b6f67a700 1 -- --> [v2:172.21.15.94:3300/0,v1:172.21.15.94:6789/0] -- mon_getmap magic: 0 v1 -- 0x7f5b68106ec0 con 0x7f5b681064d0
2024-02-17T11:49:05.174 INFO:teuthology.orchestra.run.smithi094.stdout:/usr/bin/ceph: stderr
2024-02-17T11:49:04.443+0000 7f5b6d416700 1 --2- >> [v2:172.21.15.94:3300/0,v1:172.21.15.94:6789/0] conn(0x7f5b681064d0 0x7f5b681068f0 unknown :-1 s=BANNER_CONNECTING pgs=0 cs=0 l=0 rev1=0 crypto rx=0 tx=0 comp rx=0 tx=0)._handle_peer_banner_payload supported=3 required=0
2024-02-17T11:49:05.174 INFO:teuthology.orchestra.run.smithi094.stdout:/usr/bin/ceph: stderr
2024-02-17T11:49:04.443+0000 7f5b6d416700 1 --2- >> [v2:172.21.15.94:3300/0,v1:172.21.15.94:6789/0] conn(0x7f5b681064d0 0x7f5b681068f0 unknown :-1 s=HELLO_CONNECTING pgs=0 cs=0 l=0 rev1=1 crypto rx=0 tx=0 comp rx=0 tx=0).handle_hello peer v2:172.21.15.94:3300/0 says I am v2:172.21.15.94:44358/0 (socket says 172.21.15.94:44358)
2024-02-17T11:49:05.174 INFO:teuthology.orchestra.run.smithi094.stdout:/usr/bin/ceph: stderr
2024-02-17T11:49:04.443+0000 7f5b6d416700 1 -- 172.21.15.94:0/2944249576 learned_addr learned my addr 172.21.15.94:0/2944249576 (peer_addr_for_me v2:172.21.15.94:0/0)
2024-02-17T11:49:05.174 INFO:teuthology.orchestra.run.smithi094.stdout:/usr/bin/ceph: stderr
2024-02-17T11:49:04.443+0000 7f5b6d416700 1 -- 172.21.15.94:0/2944249576 --> [v2:172.21.15.94:3300/0,v1:172.21.15.94:6789/0] -- mon_subscribe({config=0+,monmap=0+}) v3 -- 0x7f5b681076d0 con 0x7f5b681064d0
2024-02-17T11:49:05.174 INFO:teuthology.orchestra.run.smithi094.stdout:/usr/bin/ceph: stderr
2024-02-17T11:49:04.443+0000 7f5b6d416700 1 --2- 172.21.15.94:0/2944249576 >> [v2:172.21.15.94:3300/0,v1:172.21.15.94:6789/0] conn(0x7f5b681064d0 0x7f5b681068f0 secure :-1 s=READY pgs=74 cs=0 l=1 rev1=1 crypto rx=0x7f5b640098a0 tx=0x7f5b64009bb0 comp rx=0 tx=0).ready entity=mon.0 client_cookie=910597d348517df0 server_cookie=0 in_seq=0 out_seq=0
2024-02-17T11:49:05.175 INFO:teuthology.orchestra.run.smithi094.stdout:/usr/bin/ceph: stderr
2024-02-17T11:49:04.443+0000 7f5b5ffff700 1 -- 172.21.15.94:0/2944249576 <== mon.0 v2:172.21.15.94:3300/0 1 ==== mon_map magic: 0 v1 ==== 205+0+0 (secure 0 0 0) 0x7f5b64004160 con 0x7f5b681064d0
2024-02-17T11:49:05.175 INFO:teuthology.orchestra.run.smithi094.stdout:/usr/bin/ceph: stderr
2024-02-17T11:49:04.443+0000 7f5b5ffff700 1 -- 172.21.15.94:0/2944249576 <== mon.0 v2:172.21.15.94:3300/0 2 ==== config(27 keys) v1 ==== 1140+0+0 (secure 0 0 0) 0x7f5b640042c0 con 0x7f5b681064d0
2024-02-17T11:49:05.175 INFO:teuthology.orchestra.run.smithi094.stdout:/usr/bin/ceph: stderr
2024-02-17T11:49:04.443+0000 7f5b5ffff700 1 -- 172.21.15.94:0/2944249576 <== mon.0 v2:172.21.15.94:3300/0 3 ==== mon_map magic: 0 v1 ==== 205+0+0 (secure 0 0 0) 0x7f5b64011a80 con 0x7f5b681064d0
2024-02-17T11:49:05.175 INFO:teuthology.orchestra.run.smithi094.stdout:/usr/bin/ceph: stderr
2024-02-17T11:49:04.444+0000 7f5b6f67a700 1 -- 172.21.15.94:0/2944249576 >> [v2:172.21.15.94:3300/0,v1:172.21.15.94:6789/0] conn(0x7f5b681064d0 msgr2=0x7f5b681068f0 secure :-1 s=STATE_CONNECTION_ESTABLISHED l=1).mark_down
2024-02-17T11:49:05.175 INFO:teuthology.orchestra.run.smithi094.stdout:/usr/bin/ceph: stderr
2024-02-17T11:49:04.444+0000 7f5b6f67a700 1 --2- 172.21.15.94:0/2944249576 >> [v2:172.21.15.94:3300/0,v1:172.21.15.94:6789/0] conn(0x7f5b681064d0 0x7f5b681068f0 secure :-1 s=READY pgs=74 cs=0 l=1 rev1=1 crypto rx=0x7f5b640098a0 tx=0x7f5b64009bb0 comp rx=0 tx=0).stop
2024-02-17T11:49:05.175 INFO:teuthology.orchestra.run.smithi094.stdout:/usr/bin/ceph: stderr
2024-02-17T11:49:04.444+0000 7f5b6f67a700 1 -- 172.21.15.94:0/2944249576 shutdown_connections
2024-02-17T11:49:05.176 INFO:teuthology.orchestra.run.smithi094.stdout:/usr/bin/ceph: stderr
2024-02-17T11:49:04.444+0000 7f5b6f67a700 1 --2- 172.21.15.94:0/2944249576 >> [v2:172.21.15.94:3300/0,v1:172.21.15.94:6789/0] conn(0x7f5b681064d0 0x7f5b681068f0 unknown :-1 s=CLOSED pgs=74 cs=0 l=1 rev1=1 crypto rx=0 tx=0 comp rx=0 tx=0).stop
2024-02-17T11:49:05.176 INFO:teuthology.orchestra.run.smithi094.stdout:/usr/bin/ceph: stderr
2024-02-17T11:49:04.444+0000 7f5b6f67a700 1 -- 172.21.15.94:0/2944249576 >> 172.21.15.94:0/2944249576 conn(0x7f5b68101ad0 msgr2=0x7f5b68103ef0 unknown :-1 s=STATE_NONE l=0).mark_down
2024-02-17T11:49:05.176 INFO:teuthology.orchestra.run.smithi094.stdout:/usr/bin/ceph: stderr
2024-02-17T11:49:04.444+0000 7f5b6f67a700 1 -- 172.21.15.94:0/2944249576 shutdown_connections
2024-02-17T11:49:05.176 INFO:teuthology.orchestra.run.smithi094.stdout:/usr/bin/ceph: stderr
2024-02-17T11:49:04.444+0000 7f5b6f67a700 1 -- 172.21.15.94:0/2944249576 wait complete.
2024-02-17T11:49:05.176 INFO:teuthology.orchestra.run.smithi094.stdout:/usr/bin/ceph: stderr
2024-02-17T11:49:04.445+0000 7f5b6f67a700 1 Processor -- start
2024-02-17T11:49:05.176 INFO:teuthology.orchestra.run.smithi094.stdout:/usr/bin/ceph: stderr
2024-02-17T11:49:04.445+0000 7f5b6f67a700 1 -- start start
2024-02-17T11:49:05.177 INFO:teuthology.orchestra.run.smithi094.stdout:/usr/bin/ceph: stderr
2024-02-17T11:49:04.445+0000 7f5b6f67a700 1 --2- >> [v2:172.21.15.94:3300/0,v1:172.21.15.94:6789/0] conn(0x7f5b681064d0 0x7f5b6819b480 unknown :-1 s=NONE pgs=0 cs=0 l=1 rev1=0 crypto rx=0 tx=0 comp rx=0 tx=0).connect
2024-02-17T11:49:05.177 INFO:teuthology.orchestra.run.smithi094.stdout:/usr/bin/ceph: stderr
2024-02-17T11:49:04.445+0000 7f5b6f67a700 1 -- --> [v2:172.21.15.94:3300/0,v1:172.21.15.94:6789/0] -- mon_getmap magic: 0 v1 -- 0x7f5b6819b9c0 con 0x7f5b681064d0
2024-02-17T11:49:05.177 INFO:teuthology.orchestra.run.smithi094.stdout:/usr/bin/ceph: stderr
2024-02-17T11:49:04.445+0000 7f5b6d416700 1 --2- >> [v2:172.21.15.94:3300/0,v1:172.21.15.94:6789/0] conn(0x7f5b681064d0 0x7f5b6819b480 unknown :-1 s=BANNER_CONNECTING pgs=0 cs=0 l=1 rev1=0 crypto rx=0 tx=0 comp rx=0 tx=0)._handle_peer_banner_payload supported=3 required=0
2024-02-17T11:49:05.177 INFO:teuthology.orchestra.run.smithi094.stdout:/usr/bin/ceph: stderr
2024-02-17T11:49:04.445+0000 7f5b6d416700 1 --2- >> [v2:172.21.15.94:3300/0,v1:172.21.15.94:6789/0] conn(0x7f5b681064d0 0x7f5b6819b480 unknown :-1 s=HELLO_CONNECTING pgs=0 cs=0 l=1 rev1=1 crypto rx=0 tx=0 comp rx=0 tx=0).handle_hello peer v2:172.21.15.94:3300/0 says I am v2:172.21.15.94:44374/0 (socket says 172.21.15.94:44374)
2024-02-17T11:49:05.177 INFO:teuthology.orchestra.run.smithi094.stdout:/usr/bin/ceph: stderr
2024-02-17T11:49:04.445+0000 7f5b6d416700 1 -- 172.21.15.94:0/396020527 learned_addr learned my addr 172.21.15.94:0/396020527 (peer_addr_for_me v2:172.21.15.94:0/0)
2024-02-17T11:49:05.177 INFO:teuthology.orchestra.run.smithi094.stdout:/usr/bin/ceph: stderr
2024-02-17T11:49:04.445+0000 7f5b6d416700 1 -- 172.21.15.94:0/396020527 --> [v2:172.21.15.94:3300/0,v1:172.21.15.94:6789/0] -- mon_subscribe({config=0+,monmap=0+}) v3 -- 0x7f5b64009550 con 0x7f5b681064d0
2024-02-17T11:49:05.177 INFO:teuthology.orchestra.run.smithi094.stdout:/usr/bin/ceph: stderr
2024-02-17T11:49:04.445+0000 7f5b6d416700 1 --2- 172.21.15.94:0/396020527 >> [v2:172.21.15.94:3300/0,v1:172.21.15.94:6789/0] conn(0x7f5b681064d0 0x7f5b6819b480 secure :-1 s=READY pgs=75 cs=0 l=1 rev1=1 crypto rx=0x7f5b64003f20 tx=0x7f5b64011b00 comp rx=0 tx=0).ready entity=mon.0 client_cookie=0 server_cookie=0 in_seq=0 out_seq=0
2024-02-17T11:49:05.178 INFO:teuthology.orchestra.run.smithi094.stdout:/usr/bin/ceph: stderr
2024-02-17T11:49:04.445+0000 7f5b5e7fc700 1 -- 172.21.15.94:0/396020527 <== mon.0 v2:172.21.15.94:3300/0 1 ==== mon_map magic: 0 v1 ==== 205+0+0 (secure 0 0 0) 0x7f5b640038b0 con 0x7f5b681064d0
2024-02-17T11:49:05.178 INFO:teuthology.orchestra.run.smithi094.stdout:/usr/bin/ceph: stderr
2024-02-17T11:49:04.445+0000 7f5b5e7fc700 1 -- 172.21.15.94:0/396020527 <== mon.0 v2:172.21.15.94:3300/0 2 ==== config(27 keys) v1 ==== 1140+0+0 (secure 0 0 0) 0x7f5b64003a10 con 0x7f5b681064d0
2024-02-17T11:49:05.178 INFO:teuthology.orchestra.run.smithi094.stdout:/usr/bin/ceph: stderr
2024-02-17T11:49:04.445+0000 7f5b6f67a700 1 -- 172.21.15.94:0/396020527 --> [v2:172.21.15.94:3300/0,v1:172.21.15.94:6789/0] -- mon_subscribe({mgrmap=0+}) v3 -- 0x7f5b6819bbc0 con 0x7f5b681064d0
2024-02-17T11:49:05.178 INFO:teuthology.orchestra.run.smithi094.stdout:/usr/bin/ceph: stderr
2024-02-17T11:49:04.445+0000 7f5b5e7fc700 1 -- 172.21.15.94:0/396020527 <== mon.0 v2:172.21.15.94:3300/0 3 ==== mon_map magic: 0 v1 ==== 205+0+0 (secure 0 0 0) 0x7f5b6401a5c0 con 0x7f5b681064d0
2024-02-17T11:49:05.178 INFO:teuthology.orchestra.run.smithi094.stdout:/usr/bin/ceph: stderr
2024-02-17T11:49:04.445+0000 7f5b6f67a700 1 -- 172.21.15.94:0/396020527 --> [v2:172.21.15.94:3300/0,v1:172.21.15.94:6789/0] -- mon_subscribe({osdmap=0}) v3 -- 0x7f5b6819c060 con 0x7f5b681064d0
2024-02-17T11:49:05.178 INFO:teuthology.orchestra.run.smithi094.stdout:/usr/bin/ceph: stderr
2024-02-17T11:49:04.446+0000 7f5b5e7fc700 1 -- 172.21.15.94:0/396020527 <== mon.0 v2:172.21.15.94:3300/0 4 ==== mgrmap(e 12) v1 ==== 45945+0+0 (secure 0 0 0) 0x7f5b6401a800 con 0x7f5b681064d0
2024-02-17T11:49:05.179 INFO:teuthology.orchestra.run.smithi094.stdout:/usr/bin/ceph: stderr
2024-02-17T11:49:04.446+0000 7f5b5e7fc700 1 --2- 172.21.15.94:0/396020527 >> [v2:172.21.15.94:6800/1808883811,v1:172.21.15.94:6801/1808883811] conn(0x7f5b54038f40 0x7f5b5403b400 unknown :-1 s=NONE pgs=0 cs=0 l=1 rev1=0 crypto rx=0 tx=0 comp rx=0 tx=0).connect
2024-02-17T11:49:05.179 INFO:teuthology.orchestra.run.smithi094.stdout:/usr/bin/ceph: stderr
2024-02-17T11:49:04.446+0000 7f5b6f67a700 1 -- 172.21.15.94:0/396020527 --> [v2:172.21.15.94:3300/0,v1:172.21.15.94:6789/0] -- mon_command({"prefix": "get_command_descriptions"} v 0) v1 -- 0x7f5b68195570 con 0x7f5b681064d0
2024-02-17T11:49:05.179 INFO:teuthology.orchestra.run.smithi094.stdout:/usr/bin/ceph: stderr
2024-02-17T11:49:04.446+0000 7f5b5e7fc700 1 -- 172.21.15.94:0/396020527 <== mon.0 v2:172.21.15.94:3300/0 5 ==== osd_map(3..3 src has 1..3) v4 ==== 1155+0+0 (secure 0 0 0) 0x7f5b6404d320 con 0x7f5b681064d0
2024-02-17T11:49:05.179 INFO:teuthology.orchestra.run.smithi094.stdout:/usr/bin/ceph: stderr
2024-02-17T11:49:04.446+0000 7f5b6cc15700 1 --2- 172.21.15.94:0/396020527 >> [v2:172.21.15.94:6800/1808883811,v1:172.21.15.94:6801/1808883811] conn(0x7f5b54038f40 0x7f5b5403b400 unknown :-1 s=BANNER_CONNECTING pgs=0 cs=0 l=1 rev1=0 crypto rx=0 tx=0 comp rx=0 tx=0)._handle_peer_banner_payload supported=3 required=0
2024-02-17T11:49:05.179 INFO:teuthology.orchestra.run.smithi094.stdout:/usr/bin/ceph: stderr
2024-02-17T11:49:04.447+0000 7f5b6cc15700 1 --2- 172.21.15.94:0/396020527 >> [v2:172.21.15.94:6800/1808883811,v1:172.21.15.94:6801/1808883811] conn(0x7f5b54038f40 0x7f5b5403b400 secure :-1 s=READY pgs=9 cs=0 l=1 rev1=1 crypto rx=0x7f5b58006fd0 tx=0x7f5b58006e40 comp rx=0 tx=0).ready entity=mgr.14152 client_cookie=0 server_cookie=0 in_seq=0 out_seq=0
2024-02-17T11:49:05.180 INFO:teuthology.orchestra.run.smithi094.stdout:/usr/bin/ceph: stderr
2024-02-17T11:49:04.451+0000 7f5b5e7fc700 1 -- 172.21.15.94:0/396020527 <== mon.0 v2:172.21.15.94:3300/0 6 ==== mon_command_ack([{"prefix": "get_command_descriptions"}]=0 v0) v1 ==== 72+0+183564 (secure 0 0 0) 0x7f5b64018530 con 0x7f5b681064d0
2024-02-17T11:49:05.180 INFO:teuthology.orchestra.run.smithi094.stdout:/usr/bin/ceph: stderr
