2024-02-17T12:40:52.339+0000 7f40ae05f700 1 --2- 172.21.15.18:0/4070083571 >> [v2:172.21.15.18:3300/0,v1:172.21.15.18:6789/0] conn(0x7f40a8105980 0x7f40a8105da0 secure :-1 s=READY pgs=70 cs=0 l=1 rev1=1 crypto rx=0x7f40a40098a0 tx=0x7f40a4009bb0 comp rx=0 tx=0).ready entity=mon.0 client_cookie=33e23e70c55a982f server_cookie=0 in_seq=0 out_seq=0
2024-02-17T12:40:53.178 INFO:teuthology.orchestra.run.smithi018.stdout:/usr/bin/ceph: stderr
2024-02-17T12:40:52.339+0000 7f40ad05d700 1 -- 172.21.15.18:0/4070083571 <== mon.0 v2:172.21.15.18:3300/0 1 ==== mon_map magic: 0 v1 ==== 205+0+0 (secure 0 0 0) 0x7f40a4004160 con 0x7f40a8105980
2024-02-17T12:40:53.178 INFO:teuthology.orchestra.run.smithi018.stdout:/usr/bin/ceph: stderr
2024-02-17T12:40:52.339+0000 7f40ad05d700 1 -- 172.21.15.18:0/4070083571 <== mon.0 v2:172.21.15.18:3300/0 2 ==== config(27 keys) v1 ==== 1140+0+0 (secure 0 0 0) 0x7f40a40042c0 con 0x7f40a8105980
2024-02-17T12:40:53.178 INFO:teuthology.orchestra.run.smithi018.stdout:/usr/bin/ceph: stderr
2024-02-17T12:40:52.339+0000 7f40ad05d700 1 -- 172.21.15.18:0/4070083571 <== mon.0 v2:172.21.15.18:3300/0 3 ==== mon_map magic: 0 v1 ==== 205+0+0 (secure 0 0 0) 0x7f40a4011a80 con 0x7f40a8105980
2024-02-17T12:40:53.178 INFO:teuthology.orchestra.run.smithi018.stdout:/usr/bin/ceph: stderr
2024-02-17T12:40:52.339+0000 7f40b02c3700 1 -- 172.21.15.18:0/4070083571 >> [v2:172.21.15.18:3300/0,v1:172.21.15.18:6789/0] conn(0x7f40a8105980 msgr2=0x7f40a8105da0 secure :-1 s=STATE_CONNECTION_ESTABLISHED l=1).mark_down
2024-02-17T12:40:53.178 INFO:teuthology.orchestra.run.smithi018.stdout:/usr/bin/ceph: stderr
2024-02-17T12:40:52.339+0000 7f40b02c3700 1 --2- 172.21.15.18:0/4070083571 >> [v2:172.21.15.18:3300/0,v1:172.21.15.18:6789/0] conn(0x7f40a8105980 0x7f40a8105da0 secure :-1 s=READY pgs=70 cs=0 l=1 rev1=1 crypto rx=0x7f40a40098a0 tx=0x7f40a4009bb0 comp rx=0 tx=0).stop
2024-02-17T12:40:53.178 INFO:teuthology.orchestra.run.smithi018.stdout:/usr/bin/ceph: stderr
2024-02-17T12:40:52.340+0000 7f40b02c3700 1 -- 172.21.15.18:0/4070083571 shutdown_connections
2024-02-17T12:40:53.178 INFO:teuthology.orchestra.run.smithi018.stdout:/usr/bin/ceph: stderr
2024-02-17T12:40:52.340+0000 7f40b02c3700 1 --2- 172.21.15.18:0/4070083571 >> [v2:172.21.15.18:3300/0,v1:172.21.15.18:6789/0] conn(0x7f40a8105980 0x7f40a8105da0 unknown :-1 s=CLOSED pgs=70 cs=0 l=1 rev1=1 crypto rx=0 tx=0 comp rx=0 tx=0).stop
2024-02-17T12:40:53.178 INFO:teuthology.orchestra.run.smithi018.stdout:/usr/bin/ceph: stderr
2024-02-17T12:40:52.340+0000 7f40b02c3700 1 -- 172.21.15.18:0/4070083571 >> 172.21.15.18:0/4070083571 conn(0x7f40a8101430 msgr2=0x7f40a8103850 unknown :-1 s=STATE_NONE l=0).mark_down
2024-02-17T12:40:53.178 INFO:teuthology.orchestra.run.smithi018.stdout:/usr/bin/ceph: stderr
2024-02-17T12:40:52.340+0000 7f40b02c3700 1 -- 172.21.15.18:0/4070083571 shutdown_connections
2024-02-17T12:40:53.178 INFO:teuthology.orchestra.run.smithi018.stdout:/usr/bin/ceph: stderr
2024-02-17T12:40:52.340+0000 7f40b02c3700 1 -- 172.21.15.18:0/4070083571 wait complete.
2024-02-17T12:40:53.178 INFO:teuthology.orchestra.run.smithi018.stdout:/usr/bin/ceph: stderr
2024-02-17T12:40:52.340+0000 7f40b02c3700 1 Processor -- start
2024-02-17T12:40:53.178 INFO:teuthology.orchestra.run.smithi018.stdout:/usr/bin/ceph: stderr
2024-02-17T12:40:52.340+0000 7f40b02c3700 1 -- start start
2024-02-17T12:40:53.178 INFO:teuthology.orchestra.run.smithi018.stdout:/usr/bin/ceph: stderr
2024-02-17T12:40:52.340+0000 7f40b02c3700 1 --2- >> [v2:172.21.15.18:3300/0,v1:172.21.15.18:6789/0] conn(0x7f40a8105980 0x7f40a8108270 unknown :-1 s=NONE pgs=0 cs=0 l=1 rev1=0 crypto rx=0 tx=0 comp rx=0 tx=0).connect
2024-02-17T12:40:53.178 INFO:teuthology.orchestra.run.smithi018.stdout:/usr/bin/ceph: stderr
2024-02-17T12:40:52.340+0000 7f40b02c3700 1 -- --> [v2:172.21.15.18:3300/0,v1:172.21.15.18:6789/0] -- mon_getmap magic: 0 v1 -- 0x7f40a81087b0 con 0x7f40a8105980
2024-02-17T12:40:53.179 INFO:teuthology.orchestra.run.smithi018.stdout:/usr/bin/ceph: stderr
2024-02-17T12:40:52.341+0000 7f40ae05f700 1 --2- >> [v2:172.21.15.18:3300/0,v1:172.21.15.18:6789/0] conn(0x7f40a8105980 0x7f40a8108270 unknown :-1 s=BANNER_CONNECTING pgs=0 cs=0 l=1 rev1=0 crypto rx=0 tx=0 comp rx=0 tx=0)._handle_peer_banner_payload supported=3 required=0
2024-02-17T12:40:53.179 INFO:teuthology.orchestra.run.smithi018.stdout:/usr/bin/ceph: stderr
2024-02-17T12:40:52.341+0000 7f40ae05f700 1 --2- >> [v2:172.21.15.18:3300/0,v1:172.21.15.18:6789/0] conn(0x7f40a8105980 0x7f40a8108270 unknown :-1 s=HELLO_CONNECTING pgs=0 cs=0 l=1 rev1=1 crypto rx=0 tx=0 comp rx=0 tx=0).handle_hello peer v2:172.21.15.18:3300/0 says I am v2:172.21.15.18:60956/0 (socket says 172.21.15.18:60956)
2024-02-17T12:40:53.179 INFO:teuthology.orchestra.run.smithi018.stdout:/usr/bin/ceph: stderr
2024-02-17T12:40:52.341+0000 7f40ae05f700 1 -- 172.21.15.18:0/639707235 learned_addr learned my addr 172.21.15.18:0/639707235 (peer_addr_for_me v2:172.21.15.18:0/0)
2024-02-17T12:40:53.179 INFO:teuthology.orchestra.run.smithi018.stdout:/usr/bin/ceph: stderr
2024-02-17T12:40:52.341+0000 7f40ae05f700 1 -- 172.21.15.18:0/639707235 --> [v2:172.21.15.18:3300/0,v1:172.21.15.18:6789/0] -- mon_subscribe({config=0+,monmap=0+}) v3 -- 0x7f40a4009550 con 0x7f40a8105980
2024-02-17T12:40:53.179 INFO:teuthology.orchestra.run.smithi018.stdout:/usr/bin/ceph: stderr
2024-02-17T12:40:52.341+0000 7f40ae05f700 1 --2- 172.21.15.18:0/639707235 >> [v2:172.21.15.18:3300/0,v1:172.21.15.18:6789/0] conn(0x7f40a8105980 0x7f40a8108270 secure :-1 s=READY pgs=71 cs=0 l=1 rev1=1 crypto rx=0x7f40a4003f20 tx=0x7f40a4011b00 comp rx=0 tx=0).ready entity=mon.0 client_cookie=0 server_cookie=0 in_seq=0 out_seq=0
2024-02-17T12:40:53.179 INFO:teuthology.orchestra.run.smithi018.stdout:/usr/bin/ceph: stderr
2024-02-17T12:40:52.341+0000 7f409f7fe700 1 -- 172.21.15.18:0/639707235 <== mon.0 v2:172.21.15.18:3300/0 1 ==== mon_map magic: 0 v1 ==== 205+0+0 (secure 0 0 0) 0x7f40a40039f0 con 0x7f40a8105980
2024-02-17T12:40:53.179 INFO:teuthology.orchestra.run.smithi018.stdout:/usr/bin/ceph: stderr
2024-02-17T12:40:52.341+0000 7f409f7fe700 1 -- 172.21.15.18:0/639707235 <== mon.0 v2:172.21.15.18:3300/0 2 ==== config(27 keys) v1 ==== 1140+0+0 (secure 0 0 0) 0x7f40a4003b50 con 0x7f40a8105980
2024-02-17T12:40:53.179 INFO:teuthology.orchestra.run.smithi018.stdout:/usr/bin/ceph: stderr
2024-02-17T12:40:52.341+0000 7f40b02c3700 1 -- 172.21.15.18:0/639707235 --> [v2:172.21.15.18:3300/0,v1:172.21.15.18:6789/0] -- mon_subscribe({mgrmap=0+}) v3 -- 0x7f40a81069a0 con 0x7f40a8105980
2024-02-17T12:40:53.179 INFO:teuthology.orchestra.run.smithi018.stdout:/usr/bin/ceph: stderr
2024-02-17T12:40:52.341+0000 7f409f7fe700 1 -- 172.21.15.18:0/639707235 <== mon.0 v2:172.21.15.18:3300/0 3 ==== mon_map magic: 0 v1 ==== 205+0+0 (secure 0 0 0) 0x7f40a401a690 con 0x7f40a8105980
2024-02-17T12:40:53.179 INFO:teuthology.orchestra.run.smithi018.stdout:/usr/bin/ceph: stderr
2024-02-17T12:40:52.341+0000 7f40b02c3700 1 -- 172.21.15.18:0/639707235 --> [v2:172.21.15.18:3300/0,v1:172.21.15.18:6789/0] -- mon_subscribe({osdmap=0}) v3 -- 0x7f40a8106e40 con 0x7f40a8105980
2024-02-17T12:40:53.179 INFO:teuthology.orchestra.run.smithi018.stdout:/usr/bin/ceph: stderr
2024-02-17T12:40:52.342+0000 7f409f7fe700 1 -- 172.21.15.18:0/639707235 <== mon.0 v2:172.21.15.18:3300/0 4 ==== mgrmap(e 12) v1 ==== 45945+0+0 (secure 0 0 0) 0x7f40a401a900 con 0x7f40a8105980
2024-02-17T12:40:53.179 INFO:teuthology.orchestra.run.smithi018.stdout:/usr/bin/ceph: stderr
2024-02-17T12:40:52.342+0000 7f409f7fe700 1 --2- 172.21.15.18:0/639707235 >> [v2:172.21.15.18:6800/3026633658,v1:172.21.15.18:6801/3026633658] conn(0x7f4094038f40 0x7f409403b400 unknown :-1 s=NONE pgs=0 cs=0 l=1 rev1=0 crypto rx=0 tx=0 comp rx=0 tx=0).connect
2024-02-17T12:40:53.179 INFO:teuthology.orchestra.run.smithi018.stdout:/usr/bin/ceph: stderr
2024-02-17T12:40:52.342+0000 7f409f7fe700 1 -- 172.21.15.18:0/639707235 <== mon.0 v2:172.21.15.18:3300/0 5 ==== osd_map(3..3 src has 1..3) v4 ==== 1155+0+0 (secure 0 0 0) 0x7f40a404d2f0 con 0x7f40a8105980
2024-02-17T12:40:53.179 INFO:teuthology.orchestra.run.smithi018.stdout:/usr/bin/ceph: stderr
2024-02-17T12:40:52.342+0000 7f40b02c3700 1 -- 172.21.15.18:0/639707235 --> [v2:172.21.15.18:3300/0,v1:172.21.15.18:6789/0] -- mon_command({"prefix": "get_command_descriptions"} v 0) v1 -- 0x7f40a8068d50 con 0x7f40a8105980
2024-02-17T12:40:53.180 INFO:teuthology.orchestra.run.smithi018.stdout:/usr/bin/ceph: stderr
2024-02-17T12:40:52.342+0000 7f40ad85e700 1 --2- 172.21.15.18:0/639707235 >> [v2:172.21.15.18:6800/3026633658,v1:172.21.15.18:6801/3026633658] conn(0x7f4094038f40 0x7f409403b400 unknown :-1 s=BANNER_CONNECTING pgs=0 cs=0 l=1 rev1=0 crypto rx=0 tx=0 comp rx=0 tx=0)._handle_peer_banner_payload supported=3 required=0
2024-02-17T12:40:53.180 INFO:teuthology.orchestra.run.smithi018.stdout:/usr/bin/ceph: stderr
2024-02-17T12:40:52.343+0000 7f40ad85e700 1 --2- 172.21.15.18:0/639707235 >> [v2:172.21.15.18:6800/3026633658,v1:172.21.15.18:6801/3026633658] conn(0x7f4094038f40 0x7f409403b400 secure :-1 s=READY pgs=7 cs=0 l=1 rev1=1 crypto rx=0x7f4098006fd0 tx=0x7f4098006e40 comp rx=0 tx=0).ready entity=mgr.14152 client_cookie=0 server_cookie=0 in_seq=0 out_seq=0
2024-02-17T12:40:53.180 INFO:teuthology.orchestra.run.smithi018.stdout:/usr/bin/ceph: stderr
2024-02-17T12:40:52.347+0000 7f409f7fe700 1 -- 172.21.15.18:0/639707235 <== mon.0 v2:172.21.15.18:3300/0 6 ==== mon_command_ack([{"prefix": "get_command_descriptions"}]=0 v0) v1 ==== 72+0+183564 (secure 0 0 0) 0x7f40a4022330 con 0x7f40a8105980
2024-02-17T12:40:53.180 INFO:teuthology.orchestra.run.smithi018.stdout:/usr/bin/ceph: stderr
2024-02-17T12:40:52.564+0000 7f40b02c3700 1 -- 172.21.15.18:0/639707235 --> [v2:172.21.15.18:6800/3026633658,v1:172.21.15.18:6801/3026633658] -- mgr_command(tid 0: {"prefix": "dashboard create-self-signed-cert", "target": ["mon-mgr", ""]}) v1 -- 0x7f40a8107300 con 0x7f4094038f40
2024-02-17T12:40:53.180 INFO:teuthology.orchestra.run.smithi018.stdout:/usr/bin/ceph: stderr
2024-02-17T12:40:52.675+0000 7f409f7fe700 1 -- 172.21.15.18:0/639707235 <== mgr.14152 v2:172.21.15.18:6800/3026633658 1 ==== mgr_command_reply(tid 0: 0 ) v1 ==== 8+0+32 (secure 0 0 0) 0x7f40a8107300 con 0x7f4094038f40
2024-02-17T12:40:53.180 INFO:teuthology.orchestra.run.smithi018.stdout:/usr/bin/ceph: stderr
2024-02-17T12:40:52.677+0000 7f40b02c3700 1 -- 172.21.15.18:0/639707235 >> [v2:172.21.15.18:6800/3026633658,v1:172.21.15.18:6801/3026633658] conn(0x7f4094038f40 msgr2=0x7f409403b400 secure :-1 s=STATE_CONNECTION_ESTABLISHED l=1).mark_down
2024-02-17T12:40:53.180 INFO:teuthology.orchestra.run.smithi018.stdout:/usr/bin/ceph: stderr
2024-02-17T12:40:52.677+0000 7f40b02c3700 1 --2- 172.21.15.18:0/639707235 >> [v2:172.21.15.18:6800/3026633658,v1:172.21.15.18:6801/3026633658] conn(0x7f4094038f40 0x7f409403b400 secure :-1 s=READY pgs=7 cs=0 l=1 rev1=1 crypto rx=0x7f4098006fd0 tx=0x7f4098006e40 comp rx=0 tx=0).stop
2024-02-17T12:40:53.180 INFO:teuthology.orchestra.run.smithi018.stdout:/usr/bin/ceph: stderr
2024-02-17T12:40:52.677+0000 7f40b02c3700 1 -- 172.21.15.18:0/639707235 >> [v2:172.21.15.18:3300/0,v1:172.21.15.18:6789/0] conn(0x7f40a8105980 msgr2=0x7f40a8108270 secure :-1 s=STATE_CONNECTION_ESTABLISHED l=1).mark_down
2024-02-17T12:40:53.180 INFO:teuthology.orchestra.run.smithi018.stdout:/usr/bin/ceph: stderr
2024-02-17T12:40:52.677+0000 7f40b02c3700 1 --2- 172.21.15.18:0/639707235 >> [v2:172.21.15.18:3300/0,v1:172.21.15.18:6789/0] conn(0x7f40a8105980 0x7f40a8108270 secure :-1 s=READY pgs=71 cs=0 l=1 rev1=1 crypto rx=0x7f40a4003f20 tx=0x7f40a4011b00 comp rx=0 tx=0).stop
2024-02-17T12:40:53.180 INFO:teuthology.orchestra.run.smithi018.stdout:/usr/bin/ceph: stderr
2024-02-17T12:40:52.677+0000 7f40b02c3700 1 -- 172.21.15.18:0/639707235 shutdown_connections
2024-02-17T12:40:53.180 INFO:teuthology.orchestra.run.smithi018.stdout:/usr/bin/ceph: stderr
2024-02-17T12:40:52.677+0000 7f40b02c3700 1 --2- 172.21.15.18:0/639707235 >> [v2:172.21.15.18:6800/3026633658,v1:172.21.15.18:6801/3026633658] conn(0x7f4094038f40 0x7f409403b400 unknown :-1 s=CLOSED pgs=7 cs=0 l=1 rev1=1 crypto rx=0 tx=0 comp rx=0 tx=0).stop
2024-02-17T12:40:53.180 INFO:teuthology.orchestra.run.smithi018.stdout:/usr/bin/ceph: stderr
2024-02-17T12:40:52.677+0000 7f40b02c3700 1 --2- 172.21.15.18:0/639707235 >> [v2:172.21.15.18:3300/0,v1:172.21.15.18:6789/0] conn(0x7f40a8105980 0x7f40a8108270 unknown :-1 s=CLOSED pgs=71 cs=0 l=1 rev1=1 crypto rx=0 tx=0 comp rx=0 tx=0).stop
2024-02-17T12:40:53.180 INFO:teuthology.orchestra.run.smithi018.stdout:/usr/bin/ceph: stderr
2024-02-17T12:40:52.677+0000 7f40b02c3700 1 -- 172.21.15.18:0/639707235 >> 172.21.15.18:0/639707235 conn(0x7f40a8101430 msgr2=0x7f40a8101eb0 unknown :-1 s=STATE_NONE l=0).mark_down
2024-02-17T12:40:53.180 INFO:teuthology.orchestra.run.smithi018.stdout:/usr/bin/ceph: stderr
2024-02-17T12:40:52.677+0000 7f40b02c3700 1 -- 172.21.15.18:0/639707235 shutdown_connections
2024-02-17T12:40:53.181 INFO:teuthology.orchestra.run.smithi018.stdout:/usr/bin/ceph: stderr
2024-02-17T12:40:52.677+0000 7f40b02c3700 1 -- 172.21.15.18:0/639707235 wait complete.
2024-02-17T12:40:53.181 INFO:teuthology.orchestra.run.smithi018.stdout:Creating initial admin user...
2024-02-17T12:40:53.424 INFO:journalctl@ceph.mon.a.smithi018.stdout:Feb 17 12:40:53 smithi018 ceph-mon[32625]: mgrmap e12: x(active, since 2s)
2024-02-17T12:40:53.424 INFO:journalctl@ceph.mon.a.smithi018.stdout:Feb 17 12:40:53 smithi018 ceph-mon[32625]: from='mgr.14152 172.21.15.18:0/653921761' entity='mgr.x'
2024-02-17T12:40:53.424 INFO:journalctl@ceph.mon.a.smithi018.stdout:Feb 17 12:40:53 smithi018 ceph-mon[32625]: from='client.14164 -' entity='client.admin' cmd=[{"prefix": "dashboard create-self-signed-cert", "target": ["mon-mgr", ""]}]: dispatch
2024-02-17T12:40:53.424 INFO:journalctl@ceph.mon.a.smithi018.stdout:Feb 17 12:40:53 smithi018 ceph-mon[32625]: from='mgr.14152 172.21.15.18:0/653921761' entity='mgr.x'
2024-02-17T12:40:53.424 INFO:journalctl@ceph.mon.a.smithi018.stdout:Feb 17 12:40:53 smithi018 ceph-mon[32625]: from='mgr.14152 172.21.15.18:0/653921761' entity='mgr.x'
2024-02-17T12:40:54.701 INFO:teuthology.orchestra.run.smithi018.stdout:/usr/bin/ceph: stdout {"username": "admin", "password": "$2b$12$u/14.0trmuSKTIl4JWTZaug4yTPz9B892AOogD9CJ3aLqx1XHTQmy", "roles": ["administrator"], "name": null, "email": null, "lastUpdate": 1708173654, "enabled": true, "pwdExpirationDate": null, "pwdUpdateRequired": true}
2024-02-17T12:40:54.701 INFO:teuthology.orchestra.run.smithi018.stdout:/usr/bin/ceph: stderr
2024-02-17T12:40:53.658+0000 7ff7e724f700 1 Processor -- start
2024-02-17T12:40:54.701 INFO:teuthology.orchestra.run.smithi018.stdout:/usr/bin/ceph: stderr
2024-02-17T12:40:53.658+0000 7ff7e724f700 1 -- start start
2024-02-17T12:40:54.701 INFO:teuthology.orchestra.run.smithi018.stdout:/usr/bin/ceph: stderr
2024-02-17T12:40:53.658+0000 7ff7e724f700 1 --2- >> [v2:172.21.15.18:3300/0,v1:172.21.15.18:6789/0] conn(0x7ff7e01081c0 0x7ff7e010a5b0 unknown :-1 s=NONE pgs=0 cs=0 l=0 rev1=0 crypto rx=0 tx=0 comp rx=0 tx=0).connect
2024-02-17T12:40:54.701 INFO:teuthology.orchestra.run.smithi018.stdout:/usr/bin/ceph: stderr
2024-02-17T12:40:53.658+0000 7ff7e724f700 1 -- --> [v2:172.21.15.18:3300/0,v1:172.21.15.18:6789/0] -- mon_getmap magic: 0 v1 -- 0x7ff7e0075560 con 0x7ff7e01081c0
2024-02-17T12:40:54.701 INFO:teuthology.orchestra.run.smithi018.stdout:/usr/bin/ceph: stderr
2024-02-17T12:40:53.658+0000 7ff7e4feb700 1 --2- >> [v2:172.21.15.18:3300/0,v1:172.21.15.18:6789/0] conn(0x7ff7e01081c0 0x7ff7e010a5b0 unknown :-1 s=BANNER_CONNECTING pgs=0 cs=0 l=0 rev1=0 crypto rx=0 tx=0 comp rx=0 tx=0)._handle_peer_banner_payload supported=3 required=0
2024-02-17T12:40:54.701 INFO:teuthology.orchestra.run.smithi018.stdout:/usr/bin/ceph: stderr
2024-02-17T12:40:53.658+0000 7ff7e4feb700 1 --2- >> [v2:172.21.15.18:3300/0,v1:172.21.15.18:6789/0] conn(0x7ff7e01081c0 0x7ff7e010a5b0 unknown :-1 s=HELLO_CONNECTING pgs=0 cs=0 l=0 rev1=1 crypto rx=0 tx=0 comp rx=0 tx=0).handle_hello peer v2:172.21.15.18:3300/0 says I am v2:172.21.15.18:60966/0 (socket says 172.21.15.18:60966)
2024-02-17T12:40:54.701 INFO:teuthology.orchestra.run.smithi018.stdout:/usr/bin/ceph: stderr
2024-02-17T12:40:53.658+0000 7ff7e4feb700 1 -- 172.21.15.18:0/907511632 learned_addr learned my addr 172.21.15.18:0/907511632 (peer_addr_for_me v2:172.21.15.18:0/0)
2024-02-17T12:40:54.701 INFO:teuthology.orchestra.run.smithi018.stdout:/usr/bin/ceph: stderr
2024-02-17T12:40:53.659+0000 7ff7e4feb700 1 -- 172.21.15.18:0/907511632 --> [v2:172.21.15.18:3300/0,v1:172.21.15.18:6789/0] -- mon_subscribe({config=0+,monmap=0+}) v3 -- 0x7ff7e00756a0 con 0x7ff7e01081c0
2024-02-17T12:40:54.701 INFO:teuthology.orchestra.run.smithi018.stdout:/usr/bin/ceph: stderr
2024-02-17T12:40:53.659+0000 7ff7e4feb700 1 --2- 172.21.15.18:0/907511632 >> [v2:172.21.15.18:3300/0,v1:172.21.15.18:6789/0] conn(0x7ff7e01081c0 0x7ff7e010a5b0 secure :-1 s=READY pgs=72 cs=0 l=1 rev1=1 crypto rx=0x7ff7d40098a0 tx=0x7ff7d4009bb0 comp rx=0 tx=0).ready entity=mon.0 client_cookie=8d69a93f7228c774 server_cookie=0 in_seq=0 out_seq=0
2024-02-17T12:40:54.701 INFO:teuthology.orchestra.run.smithi018.stdout:/usr/bin/ceph: stderr
2024-02-17T12:40:53.659+0000 7ff7df7fe700 1 -- 172.21.15.18:0/907511632 <== mon.0 v2:172.21.15.18:3300/0 1 ==== mon_map magic: 0 v1 ==== 205+0+0 (secure 0 0 0) 0x7ff7d4004160 con 0x7ff7e01081c0
2024-02-17T12:40:54.701 INFO:teuthology.orchestra.run.smithi018.stdout:/usr/bin/ceph: stderr
2024-02-17T12:40:53.659+0000 7ff7df7fe700 1 -- 172.21.15.18:0/907511632 <== mon.0 v2:172.21.15.18:3300/0 2 ==== config(27 keys) v1 ==== 1140+0+0 (secure 0 0 0) 0x7ff7d40042c0 con 0x7ff7e01081c0
2024-02-17T12:40:54.702 INFO:teuthology.orchestra.run.smithi018.stdout:/usr/bin/ceph: stderr
2024-02-17T12:40:53.659+0000 7ff7df7fe700 1 -- 172.21.15.18:0/907511632 <== mon.0 v2:172.21.15.18:3300/0 3 ==== mon_map magic: 0 v1 ==== 205+0+0 (secure 0 0 0) 0x7ff7d4011a80 con 0x7ff7e01081c0
2024-02-17T12:40:54.702 INFO:teuthology.orchestra.run.smithi018.stdout:/usr/bin/ceph: stderr
2024-02-17T12:40:53.660+0000 7ff7e724f700 1 -- 172.21.15.18:0/907511632 >> [v2:172.21.15.18:3300/0,v1:172.21.15.18:6789/0] conn(0x7ff7e01081c0 msgr2=0x7ff7e010a5b0 secure :-1 s=STATE_CONNECTION_ESTABLISHED l=1).mark_down
2024-02-17T12:40:54.702 INFO:teuthology.orchestra.run.smithi018.stdout:/usr/bin/ceph: stderr
2024-02-17T12:40:53.660+0000 7ff7e724f700 1 --2- 172.21.15.18:0/907511632 >> [v2:172.21.15.18:3300/0,v1:172.21.15.18:6789/0] conn(0x7ff7e01081c0 0x7ff7e010a5b0 secure :-1 s=READY pgs=72 cs=0 l=1 rev1=1 crypto rx=0x7ff7d40098a0 tx=0x7ff7d4009bb0 comp rx=0 tx=0).stop
2024-02-17T12:40:54.702 INFO:teuthology.orchestra.run.smithi018.stdout:/usr/bin/ceph: stderr
2024-02-17T12:40:53.660+0000 7ff7e724f700 1 -- 172.21.15.18:0/907511632 shutdown_connections
2024-02-17T12:40:54.702 INFO:teuthology.orchestra.run.smithi018.stdout:/usr/bin/ceph: stderr
2024-02-17T12:40:53.660+0000 7ff7e724f700 1 --2- 172.21.15.18:0/907511632 >> [v2:172.21.15.18:3300/0,v1:172.21.15.18:6789/0] conn(0x7ff7e01081c0 0x7ff7e010a5b0 unknown :-1 s=CLOSED pgs=72 cs=0 l=1 rev1=1 crypto rx=0 tx=0 comp rx=0 tx=0).stop
2024-02-17T12:40:54.702 INFO:teuthology.orchestra.run.smithi018.stdout:/usr/bin/ceph: stderr
2024-02-17T12:40:53.660+0000 7ff7e724f700 1 -- 172.21.15.18:0/907511632 >> 172.21.15.18:0/907511632 conn(0x7ff7e0101b90 msgr2=0x7ff7e0103fb0 unknown :-1 s=STATE_NONE l=0).mark_down
2024-02-17T12:40:54.702 INFO:teuthology.orchestra.run.smithi018.stdout:/usr/bin/ceph: stderr
2024-02-17T12:40:53.660+0000 7ff7e724f700 1 -- 172.21.15.18:0/907511632 shutdown_connections
2024-02-17T12:40:54.702 INFO:teuthology.orchestra.run.smithi018.stdout:/usr/bin/ceph: stderr
2024-02-17T12:40:53.660+0000 7ff7e724f700 1 -- 172.21.15.18:0/907511632 wait complete.
2024-02-17T12:40:54.702 INFO:teuthology.orchestra.run.smithi018.stdout:/usr/bin/ceph: stderr
2024-02-17T12:40:53.660+0000 7ff7e724f700 1 Processor -- start
2024-02-17T12:40:54.702 INFO:teuthology.orchestra.run.smithi018.stdout:/usr/bin/ceph: stderr
2024-02-17T12:40:53.660+0000 7ff7e724f700 1 -- start start
2024-02-17T12:40:54.702 INFO:teuthology.orchestra.run.smithi018.stdout:/usr/bin/ceph: stderr
2024-02-17T12:40:53.661+0000 7ff7e724f700 1 --2- >> [v2:172.21.15.18:3300/0,v1:172.21.15.18:6789/0] conn(0x7ff7e01081c0 0x7ff7e0107a40 unknown :-1 s=NONE pgs=0 cs=0 l=1 rev1=0 crypto rx=0 tx=0 comp rx=0 tx=0).connect
2024-02-17T12:40:54.702 INFO:teuthology.orchestra.run.smithi018.stdout:/usr/bin/ceph: stderr
2024-02-17T12:40:53.661+0000 7ff7e724f700 1 -- --> [v2:172.21.15.18:3300/0,v1:172.21.15.18:6789/0] -- mon_getmap magic: 0 v1 -- 0x7ff7e0107f80 con 0x7ff7e01081c0
2024-02-17T12:40:54.702 INFO:teuthology.orchestra.run.smithi018.stdout:/usr/bin/ceph: stderr
2024-02-17T12:40:53.661+0000 7ff7e4feb700 1 --2- >> [v2:172.21.15.18:3300/0,v1:172.21.15.18:6789/0] conn(0x7ff7e01081c0 0x7ff7e0107a40 unknown :-1 s=BANNER_CONNECTING pgs=0 cs=0 l=1 rev1=0 crypto rx=0 tx=0 comp rx=0 tx=0)._handle_peer_banner_payload supported=3 required=0
2024-02-17T12:40:54.702 INFO:teuthology.orchestra.run.smithi018.stdout:/usr/bin/ceph: stderr
2024-02-17T12:40:53.661+0000 7ff7e4feb700 1 --2- >> [v2:172.21.15.18:3300/0,v1:172.21.15.18:6789/0] conn(0x7ff7e01081c0 0x7ff7e0107a40 unknown :-1 s=HELLO_CONNECTING pgs=0 cs=0 l=1 rev1=1 crypto rx=0 tx=0 comp rx=0 tx=0).handle_hello peer v2:172.21.15.18:3300/0 says I am v2:172.21.15.18:60968/0 (socket says 172.21.15.18:60968)
2024-02-17T12:40:54.703 INFO:teuthology.orchestra.run.smithi018.stdout:/usr/bin/ceph: stderr
2024-02-17T12:40:53.661+0000 7ff7e4feb700 1 -- 172.21.15.18:0/676615873 learned_addr learned my addr 172.21.15.18:0/676615873 (peer_addr_for_me v2:172.21.15.18:0/0)
2024-02-17T12:40:54.703 INFO:teuthology.orchestra.run.smithi018.stdout:/usr/bin/ceph: stderr
2024-02-17T12:40:53.661+0000 7ff7e4feb700 1 -- 172.21.15.18:0/676615873 --> [v2:172.21.15.18:3300/0,v1:172.21.15.18:6789/0] -- mon_subscribe({config=0+,monmap=0+}) v3 -- 0x7ff7d4009550 con 0x7ff7e01081c0
2024-02-17T12:40:54.703 INFO:teuthology.orchestra.run.smithi018.stdout:/usr/bin/ceph: stderr
2024-02-17T12:40:53.661+0000 7ff7e4feb700 1 --2- 172.21.15.18:0/676615873 >> [v2:172.21.15.18:3300/0,v1:172.21.15.18:6789/0] conn(0x7ff7e01081c0 0x7ff7e0107a40 secure :-1 s=READY pgs=73 cs=0 l=1 rev1=1 crypto rx=0x7ff7d4011740 tx=0x7ff7d4011a50 comp rx=0 tx=0).ready entity=mon.0 client_cookie=0 server_cookie=0 in_seq=0 out_seq=0
2024-02-17T12:40:54.703 INFO:teuthology.orchestra.run.smithi018.stdout:/usr/bin/ceph: stderr
2024-02-17T12:40:53.661+0000 7ff7ddffb700 1 -- 172.21.15.18:0/676615873 <== mon.0 v2:172.21.15.18:3300/0 1 ==== mon_map magic: 0 v1 ==== 205+0+0 (secure 0 0 0) 0x7ff7d4003b20 con 0x7ff7e01081c0
2024-02-17T12:40:54.703 INFO:teuthology.orchestra.run.smithi018.stdout:/usr/bin/ceph: stderr
2024-02-17T12:40:53.661+0000 7ff7ddffb700 1 -- 172.21.15.18:0/676615873 <== mon.0 v2:172.21.15.18:3300/0 2 ==== config(27 keys) v1 ==== 1140+0+0 (secure 0 0 0) 0x7ff7d401a910 con 0x7ff7e01081c0
2024-02-17T12:40:54.703 INFO:teuthology.orchestra.run.smithi018.stdout:/usr/bin/ceph: stderr
2024-02-17T12:40:53.661+0000 7ff7ddffb700 1 -- 172.21.15.18:0/676615873 <== mon.0 v2:172.21.15.18:3300/0 3 ==== mon_map magic: 0 v1 ==== 205+0+0 (secure 0 0 0) 0x7ff7d4024900 con 0x7ff7e01081c0
2024-02-17T12:40:54.703 INFO:teuthology.orchestra.run.smithi018.stdout:/usr/bin/ceph: stderr
2024-02-17T12:40:53.661+0000 7ff7e724f700 1 -- 172.21.15.18:0/676615873 --> [v2:172.21.15.18:3300/0,v1:172.21.15.18:6789/0] -- mon_subscribe({mgrmap=0+}) v3 -- 0x7ff7e0106170 con 0x7ff7e01081c0
2024-02-17T12:40:54.703 INFO:teuthology.orchestra.run.smithi018.stdout:/usr/bin/ceph: stderr
2024-02-17T12:40:53.662+0000 7ff7e724f700 1 -- 172.21.15.18:0/676615873 --> [v2:172.21.15.18:3300/0,v1:172.21.15.18:6789/0] -- mon_subscribe({osdmap=0}) v3 -- 0x7ff7e0106610 con 0x7ff7e01081c0
2024-02-17T12:40:54.703 INFO:teuthology.orchestra.run.smithi018.stdout:/usr/bin/ceph: stderr
2024-02-17T12:40:53.662+0000 7ff7ddffb700 1 -- 172.21.15.18:0/676615873 <== mon.0 v2:172.21.15.18:3300/0 4 ==== mgrmap(e 12) v1 ==== 45945+0+0 (secure 0 0 0) 0x7ff7d4024a60 con 0x7ff7e01081c0
2024-02-17T12:40:54.703 INFO:teuthology.orchestra.run.smithi018.stdout:/usr/bin/ceph: stderr
2024-02-17T12:40:53.662+0000 7ff7e724f700 1 -- 172.21.15.18:0/676615873 --> [v2:172.21.15.18:3300/0,v1:172.21.15.18:6789/0] -- mon_command({"prefix": "get_command_descriptions"} v 0) v1 -- 0x7ff7e010b8c0 con 0x7ff7e01081c0
2024-02-17T12:40:54.703 INFO:teuthology.orchestra.run.smithi018.stdout:/usr/bin/ceph: stderr
2024-02-17T12:40:53.663+0000 7ff7ddffb700 1 --2- 172.21.15.18:0/676615873 >> [v2:172.21.15.18:6800/3026633658,v1:172.21.15.18:6801/3026633658] conn(0x7ff7d0038f40 0x7ff7d003b400 unknown :-1 s=NONE pgs=0 cs=0 l=1 rev1=0 crypto rx=0 tx=0 comp rx=0 tx=0).connect
2024-02-17T12:40:54.703 INFO:teuthology.orchestra.run.smithi018.stdout:/usr/bin/ceph: stderr
2024-02-17T12:40:53.663+0000 7ff7ddffb700 1 -- 172.21.15.18:0/676615873 <== mon.0 v2:172.21.15.18:3300/0 5 ==== osd_map(3..3 src has 1..3) v4 ==== 1155+0+0 (secure 0 0 0) 0x7ff7d404d440 con 0x7ff7e01081c0
2024-02-17T12:40:54.703 INFO:teuthology.orchestra.run.smithi018.stdout:/usr/bin/ceph: stderr
2024-02-17T12:40:53.663+0000 7ff7dffff700 1 --2- 172.21.15.18:0/676615873 >> [v2:172.21.15.18:6800/3026633658,v1:172.21.15.18:6801/3026633658] conn(0x7ff7d0038f40 0x7ff7d003b400 unknown :-1 s=BANNER_CONNECTING pgs=0 cs=0 l=1 rev1=0 crypto rx=0 tx=0 comp rx=0 tx=0)._handle_peer_banner_payload supported=3 required=0
2024-02-17T12:40:54.703 INFO:teuthology.orchestra.run.smithi018.stdout:/usr/bin/ceph: stderr
2024-02-17T12:40:53.663+0000 7ff7dffff700 1 --2- 172.21.15.18:0/676615873 >> [v2:172.21.15.18:6800/3026633658,v1:172.21.15.18:6801/3026633658] conn(0x7ff7d0038f40 0x7ff7d003b400 secure :-1 s=READY pgs=8 cs=0 l=1 rev1=1 crypto rx=0x7ff7cc006fd0 tx=0x7ff7cc006e40 comp rx=0 tx=0).ready entity=mgr.14152 client_cookie=0 server_cookie=0 in_seq=0 out_seq=0
2024-02-17T12:40:54.704 INFO:teuthology.orchestra.run.smithi018.stdout:/usr/bin/ceph: stderr
2024-02-17T12:40:53.668+0000 7ff7ddffb700 1 -- 172.21.15.18:0/676615873 <== mon.0 v2:172.21.15.18:3300/0 6 ==== mon_command_ack([{"prefix": "get_command_descriptions"}]=0 v0) v1 ==== 72+0+183564 (secure 0 0 0) 0x7ff7d4018a40 con 0x7ff7e01081c0
2024-02-17T12:40:54.704 INFO:teuthology.orchestra.run.smithi018.stdout:/usr/bin/ceph: stderr
2024-02-17T12:40:53.890+0000 7ff7e724f700 1 -- 172.21.15.18:0/676615873 --> [v2:172.21.15.18:6800/3026633658,v1:172.21.15.18:6801/3026633658] -- mgr_command(tid 0: {"prefix": "dashboard ac-user-create", "username": "admin", "rolename": "administrator", "force_password": true, "pwd_update_required": true, "target": ["mon-mgr", ""]}) v1 -- 0x7ff7e00630c0 con 0x7ff7d0038f40
2024-02-17T12:40:54.704 INFO:teuthology.orchestra.run.smithi018.stdout:/usr/bin/ceph: stderr
2024-02-17T12:40:54.136+0000 7ff7ddffb700 1 -- 172.21.15.18:0/676615873 <== mgr.14152 v2:172.21.15.18:6800/3026633658 1 ==== mgr_command_reply(tid 0: 0 ) v1 ==== 8+0+252 (secure 0 0 0) 0x7ff7e00630c0 con 0x7ff7d0038f40
2024-02-17T12:40:54.704 INFO:teuthology.orchestra.run.smithi018.stdout:/usr/bin/ceph: stderr
2024-02-17T12:40:54.139+0000 7ff7e724f700 1 -- 172.21.15.18:0/676615873 >> [v2:172.21.15.18:6800/3026633658,v1:172.21.15.18:6801/3026633658] conn(0x7ff7d0038f40 msgr2=0x7ff7d003b400 secure :-1 s=STATE_CONNECTION_ESTABLISHED l=1).mark_down
2024-02-17T12:40:54.704 INFO:teuthology.orchestra.run.smithi018.stdout:/usr/bin/ceph: stderr
2024-02-17T12:40:54.139+0000 7ff7e724f700 1 --2- 172.21.15.18:0/676615873 >> [v2:172.21.15.18:6800/3026633658,v1:172.21.15.18:6801/3026633658] conn(0x7ff7d0038f40 0x7ff7d003b400 secure :-1 s=READY pgs=8 cs=0 l=1 rev1=1 crypto rx=0x7ff7cc006fd0 tx=0x7ff7cc006e40 comp rx=0 tx=0).stop
2024-02-17T12:40:54.704 INFO:teuthology.orchestra.run.smithi018.stdout:/usr/bin/ceph: stderr
2024-02-17T12:40:54.139+0000 7ff7e724f700 1 -- 172.21.15.18:0/676615873 >> [v2:172.21.15.18:3300/0,v1:172.21.15.18:6789/0] conn(0x7ff7e01081c0 msgr2=0x7ff7e0107a40 secure :-1 s=STATE_CONNECTION_ESTABLISHED l=1).mark_down
2024-02-17T12:40:54.704 INFO:teuthology.orchestra.run.smithi018.stdout:/usr/bin/ceph: stderr
2024-02-17T12:40:54.139+0000 7ff7e724f700 1 --2- 172.21.15.18:0/676615873 >> [v2:172.21.15.18:3300/0,v1:172.21.15.18:6789/0] conn(0x7ff7e01081c0 0x7ff7e0107a40 secure :-1 s=READY pgs=73 cs=0 l=1 rev1=1 crypto rx=0x7ff7d4011740 tx=0x7ff7d4011a50 comp rx=0 tx=0).stop
2024-02-17T12:40:54.704 INFO:teuthology.orchestra.run.smithi018.stdout:/usr/bin/ceph: stderr
2024-02-17T12:40:54.139+0000 7ff7e724f700 1 -- 172.21.15.18:0/676615873 shutdown_connections
2024-02-17T12:40:54.704 INFO:teuthology.orchestra.run.smithi018.stdout:/usr/bin/ceph: stderr
2024-02-17T12:40:54.139+0000 7ff7e724f700 1 --2- 172.21.15.18:0/676615873 >> [v2:172.21.15.18:6800/3026633658,v1:172.21.15.18:6801/3026633658] conn(0x7ff7d0038f40 0x7ff7d003b400 unknown :-1 s=CLOSED pgs=8 cs=0 l=1 rev1=1 crypto rx=0 tx=0 comp rx=0 tx=0).stop
2024-02-17T12:40:54.704 INFO:teuthology.orchestra.run.smithi018.stdout:/usr/bin/ceph: stderr
2024-02-17T12:40:54.139+0000 7ff7e724f700 1 --2- 172.21.15.18:0/676615873 >> [v2:172.21.15.18:3300/0,v1:172.21.15.18:6789/0] conn(0x7ff7e01081c0 0x7ff7e0107a40 unknown :-1 s=CLOSED pgs=73 cs=0 l=1 rev1=1 crypto rx=0 tx=0 comp rx=0 tx=0).stop
2024-02-17T12:40:54.704 INFO:teuthology.orchestra.run.smithi018.stdout:/usr/bin/ceph: stderr
2024-02-17T12:40:54.139+0000 7ff7e724f700 1 -- 172.21.15.18:0/676615873 >> 172.21.15.18:0/676615873 conn(0x7ff7e0101b90 msgr2=0x7ff7e0102660 unknown :-1 s=STATE_NONE l=0).mark_down
2024-02-17T12:40:54.704 INFO:teuthology.orchestra.run.smithi018.stdout:/usr/bin/ceph: stderr
2024-02-17T12:40:54.139+0000 7ff7e724f700 1 -- 172.21.15.18:0/676615873 shutdown_connections
2024-02-17T12:40:54.704 INFO:teuthology.orchestra.run.smithi018.stdout:/usr/bin/ceph: stderr
2024-02-17T12:40:54.139+0000 7ff7e724f700 1 -- 172.21.15.18:0/676615873 wait complete.
2024-02-17T12:40:54.705 INFO:teuthology.orchestra.run.smithi018.stdout:Fetching dashboard port number...
2024-02-17T12:40:54.962 INFO:journalctl@ceph.mon.a.smithi018.stdout:Feb 17 12:40:54 smithi018 ceph-mon[32625]: from='mgr.14152 172.21.15.18:0/653921761' entity='mgr.x'
2024-02-17T12:40:54.962 INFO:journalctl@ceph.mon.a.smithi018.stdout:Feb 17 12:40:54 smithi018 ceph-mon[32625]: from='client.14166 -' entity='client.admin' cmd=[{"prefix": "dashboard ac-user-create", "username": "admin", "rolename": "administrator", "force_password": true, "pwd_update_required": true, "target": ["mon-mgr", ""]}]: dispatch
2024-02-17T12:40:54.962 INFO:journalctl@ceph.mon.a.smithi018.stdout:Feb 17 12:40:54 smithi018 ceph-mon[32625]: from='mgr.14152 172.21.15.18:0/653921761' entity='mgr.x'
2024-02-17T12:40:55.879 INFO:teuthology.orchestra.run.smithi018.stdout:/usr/bin/ceph: stdout 8443
2024-02-17T12:40:55.879 INFO:teuthology.orchestra.run.smithi018.stdout:/usr/bin/ceph: stderr
2024-02-17T12:40:55.068+0000 7f861e59f700 1 Processor -- start
2024-02-17T12:40:55.879 INFO:teuthology.orchestra.run.smithi018.stdout:/usr/bin/ceph: stderr
2024-02-17T12:40:55.068+0000 7f861e59f700 1 -- start start
2024-02-17T12:40:55.879 INFO:teuthology.orchestra.run.smithi018.stdout:/usr/bin/ceph: stderr
2024-02-17T12:40:55.068+0000 7f861e59f700 1 --2- >> [v2:172.21.15.18:3300/0,v1:172.21.15.18:6789/0] conn(0x7f86181081d0 0x7f861810a5c0 unknown :-1 s=NONE pgs=0 cs=0 l=0 rev1=0 crypto rx=0 tx=0 comp rx=0 tx=0).connect
2024-02-17T12:40:55.879 INFO:teuthology.orchestra.run.smithi018.stdout:/usr/bin/ceph: stderr
2024-02-17T12:40:55.068+0000 7f861e59f700 1 -- --> [v2:172.21.15.18:3300/0,v1:172.21.15.18:6789/0] -- mon_getmap magic: 0 v1 -- 0x7f8618075560 con 0x7f86181081d0
2024-02-17T12:40:55.879 INFO:teuthology.orchestra.run.smithi018.stdout:/usr/bin/ceph: stderr
2024-02-17T12:40:55.068+0000 7f8617fff700 1 --2- >> [v2:172.21.15.18:3300/0,v1:172.21.15.18:6789/0] conn(0x7f86181081d0 0x7f861810a5c0 unknown :-1 s=BANNER_CONNECTING pgs=0 cs=0 l=0 rev1=0 crypto rx=0 tx=0 comp rx=0 tx=0)._handle_peer_banner_payload supported=3 required=0
2024-02-17T12:40:55.879 INFO:teuthology.orchestra.run.smithi018.stdout:/usr/bin/ceph: stderr
2024-02-17T12:40:55.068+0000 7f8617fff700 1 --2- >> [v2:172.21.15.18:3300/0,v1:172.21.15.18:6789/0] conn(0x7f86181081d0 0x7f861810a5c0 unknown :-1 s=HELLO_CONNECTING pgs=0 cs=0 l=0 rev1=1 crypto rx=0 tx=0 comp rx=0 tx=0).handle_hello peer v2:172.21.15.18:3300/0 says I am v2:172.21.15.18:60970/0 (socket says 172.21.15.18:60970)
2024-02-17T12:40:55.880 INFO:teuthology.orchestra.run.smithi018.stdout:/usr/bin/ceph: stderr
2024-02-17T12:40:55.068+0000 7f8617fff700 1 -- 172.21.15.18:0/2657078391 learned_addr learned my addr 172.21.15.18:0/2657078391 (peer_addr_for_me v2:172.21.15.18:0/0)
2024-02-17T12:40:55.880 INFO:teuthology.orchestra.run.smithi018.stdout:/usr/bin/ceph: stderr
2024-02-17T12:40:55.069+0000 7f8617fff700 1 -- 172.21.15.18:0/2657078391 --> [v2:172.21.15.18:3300/0,v1:172.21.15.18:6789/0] -- mon_subscribe({config=0+,monmap=0+}) v3 -- 0x7f86180756a0 con 0x7f86181081d0
2024-02-17T12:40:55.880 INFO:teuthology.orchestra.run.smithi018.stdout:/usr/bin/ceph: stderr
2024-02-17T12:40:55.069+0000 7f8617fff700 1 --2- 172.21.15.18:0/2657078391 >> [v2:172.21.15.18:3300/0,v1:172.21.15.18:6789/0] conn(0x7f86181081d0 0x7f861810a5c0 secure :-1 s=READY pgs=74 cs=0 l=1 rev1=1 crypto rx=0x7f86080098a0 tx=0x7f8608009bb0 comp rx=0 tx=0).ready entity=mon.0 client_cookie=e305a9490547051b server_cookie=0 in_seq=0 out_seq=0
2024-02-17T12:40:55.880 INFO:teuthology.orchestra.run.smithi018.stdout:/usr/bin/ceph: stderr
2024-02-17T12:40:55.069+0000 7f8616ffd700 1 -- 172.21.15.18:0/2657078391 <== mon.0 v2:172.21.15.18:3300/0 1 ==== mon_map magic: 0 v1 ==== 205+0+0 (secure 0 0 0) 0x7f8608004160 con 0x7f86181081d0
2024-02-17T12:40:55.880 INFO:teuthology.orchestra.run.smithi018.stdout:/usr/bin/ceph: stderr
2024-02-17T12:40:55.069+0000 7f8616ffd700 1 -- 172.21.15.18:0/2657078391 <== mon.0 v2:172.21.15.18:3300/0 2 ==== config(27 keys) v1 ==== 1140+0+0 (secure 0 0 0) 0x7f86080042c0 con 0x7f86181081d0
2024-02-17T12:40:55.880 INFO:teuthology.orchestra.run.smithi018.stdout:/usr/bin/ceph: stderr
2024-02-17T12:40:55.069+0000 7f8616ffd700 1 -- 172.21.15.18:0/2657078391 <== mon.0 v2:172.21.15.18:3300/0 3 ==== mon_map magic: 0 v1 ==== 205+0+0 (secure 0 0 0) 0x7f8608011a80 con 0x7f86181081d0
2024-02-17T12:40:55.880 INFO:teuthology.orchestra.run.smithi018.stdout:/usr/bin/ceph: stderr
2024-02-17T12:40:55.069+0000 7f861e59f700 1 -- 172.21.15.18:0/2657078391 >> [v2:172.21.15.18:3300/0,v1:172.21.15.18:6789/0] conn(0x7f86181081d0 msgr2=0x7f861810a5c0 secure :-1 s=STATE_CONNECTION_ESTABLISHED l=1).mark_down
2024-02-17T12:40:55.880 INFO:teuthology.orchestra.run.smithi018.stdout:/usr/bin/ceph: stderr
2024-02-17T12:40:55.069+0000 7f861e59f700 1 --2- 172.21.15.18:0/2657078391 >> [v2:172.21.15.18:3300/0,v1:172.21.15.18:6789/0] conn(0x7f86181081d0 0x7f861810a5c0 secure :-1 s=READY pgs=74 cs=0 l=1 rev1=1 crypto rx=0x7f86080098a0 tx=0x7f8608009bb0 comp rx=0 tx=0).stop
2024-02-17T12:40:55.880 INFO:teuthology.orchestra.run.smithi018.stdout:/usr/bin/ceph: stderr
2024-02-17T12:40:55.069+0000 7f861e59f700 1 -- 172.21.15.18:0/2657078391 shutdown_connections
2024-02-17T12:40:55.880 INFO:teuthology.orchestra.run.smithi018.stdout:/usr/bin/ceph: stderr
2024-02-17T12:40:55.069+0000 7f861e59f700 1 --2- 172.21.15.18:0/2657078391 >> [v2:172.21.15.18:3300/0,v1:172.21.15.18:6789/0] conn(0x7f86181081d0 0x7f861810a5c0 unknown :-1 s=CLOSED pgs=74 cs=0 l=1 rev1=1 crypto rx=0 tx=0 comp rx=0 tx=0).stop
2024-02-17T12:40:55.880 INFO:teuthology.orchestra.run.smithi018.stdout:/usr/bin/ceph: stderr
2024-02-17T12:40:55.069+0000 7f861e59f700 1 -- 172.21.15.18:0/2657078391 >> 172.21.15.18:0/2657078391 conn(0x7f8618101ba0 msgr2=0x7f8618103fc0 unknown :-1 s=STATE_NONE l=0).mark_down
2024-02-17T12:40:55.880 INFO:teuthology.orchestra.run.smithi018.stdout:/usr/bin/ceph: stderr
2024-02-17T12:40:55.070+0000 7f861e59f700 1 -- 172.21.15.18:0/2657078391 shutdown_connections
2024-02-17T12:40:55.881 INFO:teuthology.orchestra.run.smithi018.stdout:/usr/bin/ceph: stderr
2024-02-17T12:40:55.070+0000 7f861e59f700 1 -- 172.21.15.18:0/2657078391 wait complete.
2024-02-17T12:40:55.881 INFO:teuthology.orchestra.run.smithi018.stdout:/usr/bin/ceph: stderr
2024-02-17T12:40:55.070+0000 7f861e59f700 1 Processor -- start
2024-02-17T12:40:55.881 INFO:teuthology.orchestra.run.smithi018.stdout:/usr/bin/ceph: stderr
2024-02-17T12:40:55.070+0000 7f861e59f700 1 -- start start
2024-02-17T12:40:55.881 INFO:teuthology.orchestra.run.smithi018.stdout:/usr/bin/ceph: stderr
2024-02-17T12:40:55.070+0000 7f861e59f700 1 --2- >> [v2:172.21.15.18:3300/0,v1:172.21.15.18:6789/0] conn(0x7f86181081d0 0x7f8618107a50 unknown :-1 s=NONE pgs=0 cs=0 l=1 rev1=0 crypto rx=0 tx=0 comp rx=0 tx=0).connect
2024-02-17T12:40:55.881 INFO:teuthology.orchestra.run.smithi018.stdout:/usr/bin/ceph: stderr
2024-02-17T12:40:55.070+0000 7f861e59f700 1 -- --> [v2:172.21.15.18:3300/0,v1:172.21.15.18:6789/0] -- mon_getmap magic: 0 v1 -- 0x7f8618107f90 con 0x7f86181081d0
2024-02-17T12:40:55.881 INFO:teuthology.orchestra.run.smithi018.stdout:/usr/bin/ceph: stderr
2024-02-17T12:40:55.071+0000 7f8617fff700 1 --2- >> [v2:172.21.15.18:3300/0,v1:172.21.15.18:6789/0] conn(0x7f86181081d0 0x7f8618107a50 unknown :-1 s=BANNER_CONNECTING pgs=0 cs=0 l=1 rev1=0 crypto rx=0 tx=0 comp rx=0 tx=0)._handle_peer_banner_payload supported=3 required=0
2024-02-17T12:40:55.881 INFO:teuthology.orchestra.run.smithi018.stdout:/usr/bin/ceph: stderr
2024-02-17T12:40:55.071+0000 7f8617fff700 1 --2- >> [v2:172.21.15.18:3300/0,v1:172.21.15.18:6789/0] conn(0x7f86181081d0 0x7f8618107a50 unknown :-1 s=HELLO_CONNECTING pgs=0 cs=0 l=1 rev1=1 crypto rx=0 tx=0 comp rx=0 tx=0).handle_hello peer v2:172.21.15.18:3300/0 says I am v2:172.21.15.18:60982/0 (socket says 172.21.15.18:60982)
2024-02-17T12:40:55.881 INFO:teuthology.orchestra.run.smithi018.stdout:/usr/bin/ceph: stderr
2024-02-17T12:40:55.071+0000 7f8617fff700 1 -- 172.21.15.18:0/992565896 learned_addr learned my addr 172.21.15.18:0/992565896 (peer_addr_for_me v2:172.21.15.18:0/0)
2024-02-17T12:40:55.881 INFO:teuthology.orchestra.run.smithi018.stdout:/usr/bin/ceph: stderr
2024-02-17T12:40:55.071+0000 7f8617fff700 1 -- 172.21.15.18:0/992565896 --> [v2:172.21.15.18:3300/0,v1:172.21.15.18:6789/0] -- mon_subscribe({config=0+,monmap=0+}) v3 -- 0x7f8608009550 con 0x7f86181081d0
2024-02-17T12:40:55.881 INFO:teuthology.orchestra.run.smithi018.stdout:/usr/bin/ceph: stderr
2024-02-17T12:40:55.071+0000 7f8617fff700 1 --2- 172.21.15.18:0/992565896 >> [v2:172.21.15.18:3300/0,v1:172.21.15.18:6789/0] conn(0x7f86181081d0 0x7f8618107a50 secure :-1 s=READY pgs=75 cs=0 l=1 rev1=1 crypto rx=0x7f8608003f20 tx=0x7f8608011b00 comp rx=0 tx=0).ready entity=mon.0 client_cookie=0 server_cookie=0 in_seq=0 out_seq=0
2024-02-17T12:40:55.881 INFO:teuthology.orchestra.run.smithi018.stdout:/usr/bin/ceph: stderr
2024-02-17T12:40:55.071+0000 7f86157fa700 1 -- 172.21.15.18:0/992565896 <== mon.0 v2:172.21.15.18:3300/0 1 ==== mon_map magic: 0 v1 ==== 205+0+0 (secure 0 0 0) 0x7f86080039f0 con 0x7f86181081d0
2024-02-17T12:40:55.881 INFO:teuthology.orchestra.run.smithi018.stdout:/usr/bin/ceph: stderr
2024-02-17T12:40:55.071+0000 7f86157fa700 1 -- 172.21.15.18:0/992565896 <== mon.0 v2:172.21.15.18:3300/0 2 ==== config(27 keys) v1 ==== 1140+0+0 (secure 0 0 0) 0x7f8608003b50 con 0x7f86181081d0
2024-02-17T12:40:55.881 INFO:teuthology.orchestra.run.smithi018.stdout:/usr/bin/ceph: stderr
2024-02-17T12:40:55.071+0000 7f86157fa700 1 -- 172.21.15.18:0/992565896 <== mon.0 v2:172.21.15.18:3300/0 3 ==== mon_map magic: 0 v1 ==== 205+0+0 (secure 0 0 0) 0x7f860801a6d0 con 0x7f86181081d0
2024-02-17T12:40:55.881 INFO:teuthology.orchestra.run.smithi018.stdout:/usr/bin/ceph: stderr
2024-02-17T12:40:55.071+0000 7f861e59f700 1 -- 172.21.15.18:0/992565896 --> [v2:172.21.15.18:3300/0,v1:172.21.15.18:6789/0] -- mon_subscribe({mgrmap=0+}) v3 -- 0x7f8618106180 con 0x7f86181081d0
2024-02-17T12:40:55.882 INFO:teuthology.orchestra.run.smithi018.stdout:/usr/bin/ceph: stderr
2024-02-17T12:40:55.071+0000 7f861e59f700 1 -- 172.21.15.18:0/992565896 --> [v2:172.21.15.18:3300/0,v1:172.21.15.18:6789/0] -- mon_subscribe({osdmap=0}) v3 -- 0x7f8618106620 con 0x7f86181081d0
2024-02-17T12:40:55.882 INFO:teuthology.orchestra.run.smithi018.stdout:/usr/bin/ceph: stderr
2024-02-17T12:40:55.072+0000 7f86157fa700 1 -- 172.21.15.18:0/992565896 <== mon.0 v2:172.21.15.18:3300/0 4 ==== mgrmap(e 12) v1 ==== 45945+0+0 (secure 0 0 0) 0x7f860801a940 con 0x7f86181081d0
2024-02-17T12:40:55.882 INFO:teuthology.orchestra.run.smithi018.stdout:/usr/bin/ceph: stderr
2024-02-17T12:40:55.072+0000 7f861e59f700 1 -- 172.21.15.18:0/992565896 --> [v2:172.21.15.18:3300/0,v1:172.21.15.18:6789/0] -- mon_command({"prefix": "get_command_descriptions"} v 0) v1 -- 0x7f861810b8d0 con 0x7f86181081d0
2024-02-17T12:40:55.882 INFO:teuthology.orchestra.run.smithi018.stdout:/usr/bin/ceph: stderr
2024-02-17T12:40:55.072+0000 7f86157fa700 1 --2- 172.21.15.18:0/992565896 >> [v2:172.21.15.18:6800/3026633658,v1:172.21.15.18:6801/3026633658] conn(0x7f8600038f90 0x7f860003b450 unknown :-1 s=NONE pgs=0 cs=0 l=1 rev1=0 crypto rx=0 tx=0 comp rx=0 tx=0).connect
2024-02-17T12:40:55.882 INFO:teuthology.orchestra.run.smithi018.stdout:/usr/bin/ceph: stderr
2024-02-17T12:40:55.072+0000 7f86157fa700 1 -- 172.21.15.18:0/992565896 <== mon.0 v2:172.21.15.18:3300/0 5 ==== osd_map(3..3 src has 1..3) v4 ==== 1155+0+0 (secure 0 0 0) 0x7f860804d590 con 0x7f86181081d0
2024-02-17T12:40:55.882 INFO:teuthology.orchestra.run.smithi018.stdout:/usr/bin/ceph: stderr
2024-02-17T12:40:55.072+0000 7f86177fe700 1 --2- 172.21.15.18:0/992565896 >> [v2:172.21.15.18:6800/3026633658,v1:172.21.15.18:6801/3026633658] conn(0x7f8600038f90 0x7f860003b450 unknown :-1 s=BANNER_CONNECTING pgs=0 cs=0 l=1 rev1=0 crypto rx=0 tx=0 comp rx=0 tx=0)._handle_peer_banner_payload supported=3 required=0
2024-02-17T12:40:55.882 INFO:teuthology.orchestra.run.smithi018.stdout:/usr/bin/ceph: stderr
2024-02-17T12:40:55.073+0000 7f86177fe700 1 --2- 172.21.15.18:0/992565896 >> [v2:172.21.15.18:6800/3026633658,v1:172.21.15.18:6801/3026633658] conn(0x7f8600038f90 0x7f860003b450 secure :-1 s=READY pgs=9 cs=0 l=1 rev1=1 crypto rx=0x7f860c006fd0 tx=0x7f860c006e40 comp rx=0 tx=0).ready entity=mgr.14152 client_cookie=0 server_cookie=0 in_seq=0 out_seq=0
2024-02-17T12:40:55.882 INFO:teuthology.orchestra.run.smithi018.stdout:/usr/bin/ceph: stderr
2024-02-17T12:40:55.077+0000 7f86157fa700 1 -- 172.21.15.18:0/992565896 <== mon.0 v2:172.21.15.18:3300/0 6 ==== mon_command_ack([{"prefix": "get_command_descriptions"}]=0 v0) v1 ==== 72+0+183564 (secure 0 0 0) 0x7f8608018530 con 0x7f86181081d0
2024-02-17T12:40:55.882 INFO:teuthology.orchestra.run.smithi018.stdout:/usr/bin/ceph: stderr
2024-02-17T12:40:55.298+0000 7f861e59f700 1 -- 172.21.15.18:0/992565896 --> [v2:172.21.15.18:3300/0,v1:172.21.15.18:6789/0] -- mon_command({"prefix": "config get", "who": "mgr", "key": "mgr/dashboard/ssl_server_port"} v 0) v1 -- 0x7f861810bae0 con 0x7f86181081d0
2024-02-17T12:40:55.882 INFO:teuthology.orchestra.run.smithi018.stdout:/usr/bin/ceph: stderr
2024-02-17T12:40:55.299+0000 7f86157fa700 1 -- 172.21.15.18:0/992565896 <== mon.0 v2:172.21.15.18:3300/0 7 ==== mon_command_ack([{"prefix": "config get", "who": "mgr", "key": "mgr/dashboard/ssl_server_port"}]=0 v8) v1 ==== 112+0+5 (secure 0 0 0) 0x7f8608018350 con 0x7f86181081d0
2024-02-17T12:40:55.882 INFO:teuthology.orchestra.run.smithi018.stdout:/usr/bin/ceph: stderr
2024-02-17T12:40:55.301+0000 7f861e59f700 1 -- 172.21.15.18:0/992565896 >> [v2:172.21.15.18:6800/3026633658,v1:172.21.15.18:6801/3026633658] conn(0x7f8600038f90 msgr2=0x7f860003b450 secure :-1 s=STATE_CONNECTION_ESTABLISHED l=1).mark_down
2024-02-17T12:40:55.882 INFO:teuthology.orchestra.run.smithi018.stdout:/usr/bin/ceph: stderr
2024-02-17T12:40:55.301+0000 7f861e59f700 1 --2- 172.21.15.18:0/992565896 >> [v2:172.21.15.18:6800/3026633658,v1:172.21.15.18:6801/3026633658] conn(0x7f8600038f90 0x7f860003b450 secure :-1 s=READY pgs=9 cs=0 l=1 rev1=1 crypto rx=0x7f860c006fd0 tx=0x7f860c006e40 comp rx=0 tx=0).stop
2024-02-17T12:40:55.882 INFO:teuthology.orchestra.run.smithi018.stdout:/usr/bin/ceph: stderr
2024-02-17T12:40:55.301+0000 7f861e59f700 1 -- 172.21.15.18:0/992565896 >> [v2:172.21.15.18:3300/0,v1:172.21.15.18:6789/0] conn(0x7f86181081d0 msgr2=0x7f8618107a50 secure :-1 s=STATE_CONNECTION_ESTABLISHED l=1).mark_down
2024-02-17T12:40:55.883 INFO:teuthology.orchestra.run.smithi018.stdout:/usr/bin/ceph: stderr
2024-02-17T12:40:55.301+0000 7f861e59f700 1 --2- 172.21.15.18:0/992565896 >> [v2:172.21.15.18:3300/0,v1:172.21.15.18:6789/0] conn(0x7f86181081d0 0x7f8618107a50 secure :-1 s=READY pgs=75 cs=0 l=1 rev1=1 crypto rx=0x7f8608003f20 tx=0x7f8608011b00 comp rx=0 tx=0).stop
2024-02-17T12:40:55.883 INFO:teuthology.orchestra.run.smithi018.stdout:/usr/bin/ceph: stderr
2024-02-17T12:40:55.301+0000 7f861e59f700 1 -- 172.21.15.18:0/992565896 shutdown_connections
2024-02-17T12:40:55.883 INFO:teuthology.orchestra.run.smithi018.stdout:/usr/bin/ceph: stderr
2024-02-17T12:40:55.301+0000 7f861e59f700 1 --2- 172.21.15.18:0/992565896 >> [v2:172.21.15.18:6800/3026633658,v1:172.21.15.18:6801/3026633658] conn(0x7f8600038f90 0x7f860003b450 unknown :-1 s=CLOSED pgs=9 cs=0 l=1 rev1=1 crypto rx=0 tx=0 comp rx=0 tx=0).stop
2024-02-17T12:40:55.883 INFO:teuthology.orchestra.run.smithi018.stdout:/usr/bin/ceph: stderr
2024-02-17T12:40:55.301+0000 7f861e59f700 1 --2- 172.21.15.18:0/992565896 >> [v2:172.21.15.18:3300/0,v1:172.21.15.18:6789/0] conn(0x7f86181081d0 0x7f8618107a50 unknown :-1 s=CLOSED pgs=75 cs=0 l=1 rev1=1 crypto rx=0 tx=0 comp rx=0 tx=0).stop
2024-02-17T12:40:55.883 INFO:teuthology.orchestra.run.smithi018.stdout:/usr/bin/ceph: stderr
2024-02-17T12:40:55.301+0000 7f861e59f700 1 -- 172.21.15.18:0/992565896 >> 172.21.15.18:0/992565896 conn(0x7f8618101ba0 msgr2=0x7f8618102730 unknown :-1 s=STATE_NONE l=0).mark_down
2024-02-17T12:40:55.883 INFO:teuthology.orchestra.run.smithi018.stdout:/usr/bin/ceph: stderr
2024-02-17T12:40:55.301+0000 7f861e59f700 1 -- 172.21.15.18:0/992565896 shutdown_connections
2024-02-17T12:40:55.883 INFO:teuthology.orchestra.run.smithi018.stdout:/usr/bin/ceph: stderr
2024-02-17T12:40:55.301+0000 7f861e59f700 1 -- 172.21.15.18:0/992565896 wait complete.
2024-02-17T12:40:55.885 INFO:teuthology.orchestra.run.smithi018.stdout:Non-zero exit code 1 from systemctl is-enabled firewalld.service
2024-02-17T12:40:55.885 INFO:teuthology.orchestra.run.smithi018.stdout:systemctl: stdout disabled
2024-02-17T12:40:55.892 INFO:teuthology.orchestra.run.smithi018.stdout:Non-zero exit code 3 from systemctl is-active firewalld.service
2024-02-17T12:40:55.892 INFO:teuthology.orchestra.run.smithi018.stdout:systemctl: stdout inactive
2024-02-17T12:40:55.892 INFO:teuthology.orchestra.run.smithi018.stdout:firewalld.service is not enabled
2024-02-17T12:40:55.892 INFO:teuthology.orchestra.run.smithi018.stdout:Not possible to open ports <[8443]>. firewalld.service is not available
2024-02-17T12:40:55.893 INFO:teuthology.orchestra.run.smithi018.stdout:Ceph Dashboard is now available at:
2024-02-17T12:40:55.893 INFO:teuthology.orchestra.run.smithi018.stdout:
2024-02-17T12:40:55.894 INFO:teuthology.orchestra.run.smithi018.stdout: URL: https://smithi018.front.sepia.ceph.com:8443/
2024-02-17T12:40:55.894 INFO:teuthology.orchestra.run.smithi018.stdout: User: admin
2024-02-17T12:40:55.894 INFO:teuthology.orchestra.run.smithi018.stdout: Password: nbq0ccxjgk
2024-02-17T12:40:55.894 INFO:teuthology.orchestra.run.smithi018.stdout:
2024-02-17T12:40:55.894 INFO:teuthology.orchestra.run.smithi018.stdout:Saving cluster configuration to /var/lib/ceph/7fca71fe-cd91-11ee-95ba-87774f69a715/config directory
2024-02-17T12:40:55.894 INFO:teuthology.orchestra.run.smithi018.stdout:Enabling autotune for osd_memory_target
2024-02-17T12:40:56.012 INFO:journalctl@ceph.mon.a.smithi018.stdout:Feb 17 12:40:55 smithi018 ceph-mon[32625]: from='client.? 172.21.15.18:0/992565896' entity='client.admin' cmd=[{"prefix": "config get", "who": "mgr", "key": "mgr/dashboard/ssl_server_port"}]: dispatch
2024-02-17T12:40:57.897 INFO:journalctl@ceph.mon.a.smithi018.stdout:Feb 17 12:40:57 smithi018 ceph-mon[32625]: mgrmap e13: x(active, since 6s)
2024-02-17T12:40:57.905 INFO:teuthology.orchestra.run.smithi018.stdout:/usr/bin/ceph: stderr
2024-02-17T12:40:57.103+0000 7f7cd9356700 1 Processor -- start
2024-02-17T12:40:57.905 INFO:teuthology.orchestra.run.smithi018.stdout:/usr/bin/ceph: stderr
2024-02-17T12:40:57.103+0000 7f7cd9356700 1 -- start start
2024-02-17T12:40:57.905 INFO:teuthology.orchestra.run.smithi018.stdout:/usr/bin/ceph: stderr
2024-02-17T12:40:57.104+0000 7f7cd9356700 1 --2- >> [v2:172.21.15.18:3300/0,v1:172.21.15.18:6789/0] conn(0x7f7cd407ce70 0x7f7cd407b320 unknown :-1 s=NONE pgs=0 cs=0 l=0 rev1=0 crypto rx=0 tx=0 comp rx=0 tx=0).connect
2024-02-17T12:40:57.906 INFO:teuthology.orchestra.run.smithi018.stdout:/usr/bin/ceph: stderr
2024-02-17T12:40:57.104+0000 7f7cd9356700 1 -- --> [v2:172.21.15.18:3300/0,v1:172.21.15.18:6789/0] -- mon_getmap magic: 0 v1 -- 0x7f7cd407b8f0 con 0x7f7cd407ce70
2024-02-17T12:40:57.906 INFO:teuthology.orchestra.run.smithi018.stdout:/usr/bin/ceph: stderr
2024-02-17T12:40:57.104+0000 7f7cd2ffd700 1 --2- >> [v2:172.21.15.18:3300/0,v1:172.21.15.18:6789/0] conn(0x7f7cd407ce70 0x7f7cd407b320 unknown :-1 s=BANNER_CONNECTING pgs=0 cs=0 l=0 rev1=0 crypto rx=0 tx=0 comp rx=0 tx=0)._handle_peer_banner_payload supported=3 required=0
2024-02-17T12:40:57.906 INFO:teuthology.orchestra.run.smithi018.stdout:/usr/bin/ceph: stderr
