2024-02-17T12:40:57.104+0000 7f7cd2ffd700 1 --2- >> [v2:172.21.15.18:3300/0,v1:172.21.15.18:6789/0] conn(0x7f7cd407ce70 0x7f7cd407b320 unknown :-1 s=HELLO_CONNECTING pgs=0 cs=0 l=0 rev1=1 crypto rx=0 tx=0 comp rx=0 tx=0).handle_hello peer v2:172.21.15.18:3300/0 says I am v2:172.21.15.18:60994/0 (socket says 172.21.15.18:60994)
2024-02-17T12:40:57.906 INFO:teuthology.orchestra.run.smithi018.stdout:/usr/bin/ceph: stderr
2024-02-17T12:40:57.104+0000 7f7cd2ffd700 1 -- 172.21.15.18:0/718784602 learned_addr learned my addr 172.21.15.18:0/718784602 (peer_addr_for_me v2:172.21.15.18:0/0)
2024-02-17T12:40:57.906 INFO:teuthology.orchestra.run.smithi018.stdout:/usr/bin/ceph: stderr
2024-02-17T12:40:57.104+0000 7f7cd2ffd700 1 -- 172.21.15.18:0/718784602 --> [v2:172.21.15.18:3300/0,v1:172.21.15.18:6789/0] -- mon_subscribe({config=0+,monmap=0+}) v3 -- 0x7f7cd407ba30 con 0x7f7cd407ce70
2024-02-17T12:40:57.906 INFO:teuthology.orchestra.run.smithi018.stdout:/usr/bin/ceph: stderr
2024-02-17T12:40:57.104+0000 7f7cd2ffd700 1 --2- 172.21.15.18:0/718784602 >> [v2:172.21.15.18:3300/0,v1:172.21.15.18:6789/0] conn(0x7f7cd407ce70 0x7f7cd407b320 secure :-1 s=READY pgs=76 cs=0 l=1 rev1=1 crypto rx=0x7f7cc40098a0 tx=0x7f7cc4009bb0 comp rx=0 tx=0).ready entity=mon.0 client_cookie=ee857c58413ac03c server_cookie=0 in_seq=0 out_seq=0
2024-02-17T12:40:57.906 INFO:teuthology.orchestra.run.smithi018.stdout:/usr/bin/ceph: stderr
2024-02-17T12:40:57.104+0000 7f7cd1ffb700 1 -- 172.21.15.18:0/718784602 <== mon.0 v2:172.21.15.18:3300/0 1 ==== mon_map magic: 0 v1 ==== 205+0+0 (secure 0 0 0) 0x7f7cc4004160 con 0x7f7cd407ce70
2024-02-17T12:40:57.906 INFO:teuthology.orchestra.run.smithi018.stdout:/usr/bin/ceph: stderr
2024-02-17T12:40:57.104+0000 7f7cd1ffb700 1 -- 172.21.15.18:0/718784602 <== mon.0 v2:172.21.15.18:3300/0 2 ==== config(27 keys) v1 ==== 1140+0+0 (secure 0 0 0) 0x7f7cc40042c0 con 0x7f7cd407ce70
2024-02-17T12:40:57.906 INFO:teuthology.orchestra.run.smithi018.stdout:/usr/bin/ceph: stderr
2024-02-17T12:40:57.104+0000 7f7cd1ffb700 1 -- 172.21.15.18:0/718784602 <== mon.0 v2:172.21.15.18:3300/0 3 ==== mon_map magic: 0 v1 ==== 205+0+0 (secure 0 0 0) 0x7f7cc4011a80 con 0x7f7cd407ce70
2024-02-17T12:40:57.906 INFO:teuthology.orchestra.run.smithi018.stdout:/usr/bin/ceph: stderr
2024-02-17T12:40:57.105+0000 7f7cd9356700 1 -- 172.21.15.18:0/718784602 >> [v2:172.21.15.18:3300/0,v1:172.21.15.18:6789/0] conn(0x7f7cd407ce70 msgr2=0x7f7cd407b320 secure :-1 s=STATE_CONNECTION_ESTABLISHED l=1).mark_down
2024-02-17T12:40:57.906 INFO:teuthology.orchestra.run.smithi018.stdout:/usr/bin/ceph: stderr
2024-02-17T12:40:57.105+0000 7f7cd9356700 1 --2- 172.21.15.18:0/718784602 >> [v2:172.21.15.18:3300/0,v1:172.21.15.18:6789/0] conn(0x7f7cd407ce70 0x7f7cd407b320 secure :-1 s=READY pgs=76 cs=0 l=1 rev1=1 crypto rx=0x7f7cc40098a0 tx=0x7f7cc4009bb0 comp rx=0 tx=0).stop
2024-02-17T12:40:57.906 INFO:teuthology.orchestra.run.smithi018.stdout:/usr/bin/ceph: stderr
2024-02-17T12:40:57.105+0000 7f7cd9356700 1 -- 172.21.15.18:0/718784602 shutdown_connections
2024-02-17T12:40:57.906 INFO:teuthology.orchestra.run.smithi018.stdout:/usr/bin/ceph: stderr
2024-02-17T12:40:57.105+0000 7f7cd9356700 1 --2- 172.21.15.18:0/718784602 >> [v2:172.21.15.18:3300/0,v1:172.21.15.18:6789/0] conn(0x7f7cd407ce70 0x7f7cd407b320 unknown :-1 s=CLOSED pgs=76 cs=0 l=1 rev1=1 crypto rx=0 tx=0 comp rx=0 tx=0).stop
2024-02-17T12:40:57.906 INFO:teuthology.orchestra.run.smithi018.stdout:/usr/bin/ceph: stderr
2024-02-17T12:40:57.105+0000 7f7cd9356700 1 -- 172.21.15.18:0/718784602 >> 172.21.15.18:0/718784602 conn(0x7f7cd4102d80 msgr2=0x7f7cd41051a0 unknown :-1 s=STATE_NONE l=0).mark_down
2024-02-17T12:40:57.907 INFO:teuthology.orchestra.run.smithi018.stdout:/usr/bin/ceph: stderr
2024-02-17T12:40:57.105+0000 7f7cd9356700 1 -- 172.21.15.18:0/718784602 shutdown_connections
2024-02-17T12:40:57.907 INFO:teuthology.orchestra.run.smithi018.stdout:/usr/bin/ceph: stderr
2024-02-17T12:40:57.105+0000 7f7cd9356700 1 -- 172.21.15.18:0/718784602 wait complete.
2024-02-17T12:40:57.907 INFO:teuthology.orchestra.run.smithi018.stdout:/usr/bin/ceph: stderr
2024-02-17T12:40:57.106+0000 7f7cd9356700 1 Processor -- start
2024-02-17T12:40:57.907 INFO:teuthology.orchestra.run.smithi018.stdout:/usr/bin/ceph: stderr
2024-02-17T12:40:57.106+0000 7f7cd9356700 1 -- start start
2024-02-17T12:40:57.907 INFO:teuthology.orchestra.run.smithi018.stdout:/usr/bin/ceph: stderr
2024-02-17T12:40:57.106+0000 7f7cd9356700 1 --2- >> [v2:172.21.15.18:3300/0,v1:172.21.15.18:6789/0] conn(0x7f7cd407ce70 0x7f7cd419d600 unknown :-1 s=NONE pgs=0 cs=0 l=1 rev1=0 crypto rx=0 tx=0 comp rx=0 tx=0).connect
2024-02-17T12:40:57.907 INFO:teuthology.orchestra.run.smithi018.stdout:/usr/bin/ceph: stderr
2024-02-17T12:40:57.106+0000 7f7cd9356700 1 -- --> [v2:172.21.15.18:3300/0,v1:172.21.15.18:6789/0] -- mon_getmap magic: 0 v1 -- 0x7f7cd419db40 con 0x7f7cd407ce70
2024-02-17T12:40:57.907 INFO:teuthology.orchestra.run.smithi018.stdout:/usr/bin/ceph: stderr
2024-02-17T12:40:57.106+0000 7f7cd2ffd700 1 --2- >> [v2:172.21.15.18:3300/0,v1:172.21.15.18:6789/0] conn(0x7f7cd407ce70 0x7f7cd419d600 unknown :-1 s=BANNER_CONNECTING pgs=0 cs=0 l=1 rev1=0 crypto rx=0 tx=0 comp rx=0 tx=0)._handle_peer_banner_payload supported=3 required=0
2024-02-17T12:40:57.907 INFO:teuthology.orchestra.run.smithi018.stdout:/usr/bin/ceph: stderr
2024-02-17T12:40:57.106+0000 7f7cd2ffd700 1 --2- >> [v2:172.21.15.18:3300/0,v1:172.21.15.18:6789/0] conn(0x7f7cd407ce70 0x7f7cd419d600 unknown :-1 s=HELLO_CONNECTING pgs=0 cs=0 l=1 rev1=1 crypto rx=0 tx=0 comp rx=0 tx=0).handle_hello peer v2:172.21.15.18:3300/0 says I am v2:172.21.15.18:32772/0 (socket says 172.21.15.18:32772)
2024-02-17T12:40:57.907 INFO:teuthology.orchestra.run.smithi018.stdout:/usr/bin/ceph: stderr
2024-02-17T12:40:57.106+0000 7f7cd2ffd700 1 -- 172.21.15.18:0/439298309 learned_addr learned my addr 172.21.15.18:0/439298309 (peer_addr_for_me v2:172.21.15.18:0/0)
2024-02-17T12:40:57.907 INFO:teuthology.orchestra.run.smithi018.stdout:/usr/bin/ceph: stderr
2024-02-17T12:40:57.106+0000 7f7cd2ffd700 1 -- 172.21.15.18:0/439298309 --> [v2:172.21.15.18:3300/0,v1:172.21.15.18:6789/0] -- mon_subscribe({config=0+,monmap=0+}) v3 -- 0x7f7cc4009550 con 0x7f7cd407ce70
2024-02-17T12:40:57.907 INFO:teuthology.orchestra.run.smithi018.stdout:/usr/bin/ceph: stderr
2024-02-17T12:40:57.107+0000 7f7cd2ffd700 1 --2- 172.21.15.18:0/439298309 >> [v2:172.21.15.18:3300/0,v1:172.21.15.18:6789/0] conn(0x7f7cd407ce70 0x7f7cd419d600 secure :-1 s=READY pgs=77 cs=0 l=1 rev1=1 crypto rx=0x7f7cc4009130 tx=0x7f7cc4011b00 comp rx=0 tx=0).ready entity=mon.0 client_cookie=0 server_cookie=0 in_seq=0 out_seq=0
2024-02-17T12:40:57.907 INFO:teuthology.orchestra.run.smithi018.stdout:/usr/bin/ceph: stderr
2024-02-17T12:40:57.107+0000 7f7cbbfff700 1 -- 172.21.15.18:0/439298309 <== mon.0 v2:172.21.15.18:3300/0 1 ==== mon_map magic: 0 v1 ==== 205+0+0 (secure 0 0 0) 0x7f7cc4003aa0 con 0x7f7cd407ce70
2024-02-17T12:40:57.907 INFO:teuthology.orchestra.run.smithi018.stdout:/usr/bin/ceph: stderr
2024-02-17T12:40:57.107+0000 7f7cbbfff700 1 -- 172.21.15.18:0/439298309 <== mon.0 v2:172.21.15.18:3300/0 2 ==== config(27 keys) v1 ==== 1140+0+0 (secure 0 0 0) 0x7f7cc4003c00 con 0x7f7cd407ce70
2024-02-17T12:40:57.907 INFO:teuthology.orchestra.run.smithi018.stdout:/usr/bin/ceph: stderr
2024-02-17T12:40:57.107+0000 7f7cd9356700 1 -- 172.21.15.18:0/439298309 --> [v2:172.21.15.18:3300/0,v1:172.21.15.18:6789/0] -- mon_subscribe({mgrmap=0+}) v3 -- 0x7f7cd419dd40 con 0x7f7cd407ce70
2024-02-17T12:40:57.907 INFO:teuthology.orchestra.run.smithi018.stdout:/usr/bin/ceph: stderr
2024-02-17T12:40:57.107+0000 7f7cbbfff700 1 -- 172.21.15.18:0/439298309 <== mon.0 v2:172.21.15.18:3300/0 3 ==== mon_map magic: 0 v1 ==== 205+0+0 (secure 0 0 0) 0x7f7cc40248a0 con 0x7f7cd407ce70
2024-02-17T12:40:57.908 INFO:teuthology.orchestra.run.smithi018.stdout:/usr/bin/ceph: stderr
2024-02-17T12:40:57.107+0000 7f7cd9356700 1 -- 172.21.15.18:0/439298309 --> [v2:172.21.15.18:3300/0,v1:172.21.15.18:6789/0] -- mon_subscribe({osdmap=0}) v3 -- 0x7f7cd419e1e0 con 0x7f7cd407ce70
2024-02-17T12:40:57.908 INFO:teuthology.orchestra.run.smithi018.stdout:/usr/bin/ceph: stderr
2024-02-17T12:40:57.108+0000 7f7cbbfff700 1 -- 172.21.15.18:0/439298309 <== mon.0 v2:172.21.15.18:3300/0 4 ==== mgrmap(e 13) v1 ==== 45988+0+0 (secure 0 0 0) 0x7f7cc401ac10 con 0x7f7cd407ce70
2024-02-17T12:40:57.908 INFO:teuthology.orchestra.run.smithi018.stdout:/usr/bin/ceph: stderr
2024-02-17T12:40:57.108+0000 7f7cd9356700 1 -- 172.21.15.18:0/439298309 --> [v2:172.21.15.18:3300/0,v1:172.21.15.18:6789/0] -- mon_command({"prefix": "get_command_descriptions"} v 0) v1 -- 0x7f7cd410dac0 con 0x7f7cd407ce70
2024-02-17T12:40:57.908 INFO:teuthology.orchestra.run.smithi018.stdout:/usr/bin/ceph: stderr
2024-02-17T12:40:57.108+0000 7f7cbbfff700 1 --2- 172.21.15.18:0/439298309 >> [v2:172.21.15.18:6800/3026633658,v1:172.21.15.18:6801/3026633658] conn(0x7f7cbc038fd0 0x7f7cbc03b490 unknown :-1 s=NONE pgs=0 cs=0 l=1 rev1=0 crypto rx=0 tx=0 comp rx=0 tx=0).connect
2024-02-17T12:40:57.908 INFO:teuthology.orchestra.run.smithi018.stdout:/usr/bin/ceph: stderr
2024-02-17T12:40:57.108+0000 7f7cbbfff700 1 -- 172.21.15.18:0/439298309 <== mon.0 v2:172.21.15.18:3300/0 5 ==== osd_map(3..3 src has 1..3) v4 ==== 1155+0+0 (secure 0 0 0) 0x7f7cc404d370 con 0x7f7cd407ce70
2024-02-17T12:40:57.908 INFO:teuthology.orchestra.run.smithi018.stdout:/usr/bin/ceph: stderr
2024-02-17T12:40:57.108+0000 7f7cd27fc700 1 --2- 172.21.15.18:0/439298309 >> [v2:172.21.15.18:6800/3026633658,v1:172.21.15.18:6801/3026633658] conn(0x7f7cbc038fd0 0x7f7cbc03b490 unknown :-1 s=BANNER_CONNECTING pgs=0 cs=0 l=1 rev1=0 crypto rx=0 tx=0 comp rx=0 tx=0)._handle_peer_banner_payload supported=3 required=0
2024-02-17T12:40:57.908 INFO:teuthology.orchestra.run.smithi018.stdout:/usr/bin/ceph: stderr
2024-02-17T12:40:57.109+0000 7f7cd27fc700 1 --2- 172.21.15.18:0/439298309 >> [v2:172.21.15.18:6800/3026633658,v1:172.21.15.18:6801/3026633658] conn(0x7f7cbc038fd0 0x7f7cbc03b490 secure :-1 s=READY pgs=10 cs=0 l=1 rev1=1 crypto rx=0x7f7cc8006fd0 tx=0x7f7cc8006e40 comp rx=0 tx=0).ready entity=mgr.14152 client_cookie=0 server_cookie=0 in_seq=0 out_seq=0
2024-02-17T12:40:57.908 INFO:teuthology.orchestra.run.smithi018.stdout:/usr/bin/ceph: stderr
2024-02-17T12:40:57.113+0000 7f7cbbfff700 1 -- 172.21.15.18:0/439298309 <== mon.0 v2:172.21.15.18:3300/0 6 ==== mon_command_ack([{"prefix": "get_command_descriptions"}]=0 v0) v1 ==== 72+0+183564 (secure 0 0 0) 0x7f7cc4018760 con 0x7f7cd407ce70
2024-02-17T12:40:57.908 INFO:teuthology.orchestra.run.smithi018.stdout:/usr/bin/ceph: stderr
2024-02-17T12:40:57.313+0000 7f7cd9356700 1 -- 172.21.15.18:0/439298309 --> [v2:172.21.15.18:3300/0,v1:172.21.15.18:6789/0] -- mon_command([{prefix=config set, name=osd_memory_target_autotune}] v 0) v1 -- 0x7f7cd41a0ac0 con 0x7f7cd407ce70
2024-02-17T12:40:57.908 INFO:teuthology.orchestra.run.smithi018.stdout:/usr/bin/ceph: stderr
2024-02-17T12:40:57.313+0000 7f7cbbfff700 1 -- 172.21.15.18:0/439298309 <== mon.0 v2:172.21.15.18:3300/0 7 ==== mon_command_ack([{prefix=config set, name=osd_memory_target_autotune}]=0 v8)=0 v8) v1 ==== 127+0+0 (secure 0 0 0) 0x7f7cc400b3e0 con 0x7f7cd407ce70
2024-02-17T12:40:57.908 INFO:teuthology.orchestra.run.smithi018.stdout:/usr/bin/ceph: stderr
2024-02-17T12:40:57.315+0000 7f7cd9356700 1 -- 172.21.15.18:0/439298309 >> [v2:172.21.15.18:6800/3026633658,v1:172.21.15.18:6801/3026633658] conn(0x7f7cbc038fd0 msgr2=0x7f7cbc03b490 secure :-1 s=STATE_CONNECTION_ESTABLISHED l=1).mark_down
2024-02-17T12:40:57.908 INFO:teuthology.orchestra.run.smithi018.stdout:/usr/bin/ceph: stderr
2024-02-17T12:40:57.315+0000 7f7cd9356700 1 --2- 172.21.15.18:0/439298309 >> [v2:172.21.15.18:6800/3026633658,v1:172.21.15.18:6801/3026633658] conn(0x7f7cbc038fd0 0x7f7cbc03b490 secure :-1 s=READY pgs=10 cs=0 l=1 rev1=1 crypto rx=0x7f7cc8006fd0 tx=0x7f7cc8006e40 comp rx=0 tx=0).stop
2024-02-17T12:40:57.908 INFO:teuthology.orchestra.run.smithi018.stdout:/usr/bin/ceph: stderr
2024-02-17T12:40:57.315+0000 7f7cd9356700 1 -- 172.21.15.18:0/439298309 >> [v2:172.21.15.18:3300/0,v1:172.21.15.18:6789/0] conn(0x7f7cd407ce70 msgr2=0x7f7cd419d600 secure :-1 s=STATE_CONNECTION_ESTABLISHED l=1).mark_down
2024-02-17T12:40:57.909 INFO:teuthology.orchestra.run.smithi018.stdout:/usr/bin/ceph: stderr
2024-02-17T12:40:57.315+0000 7f7cd9356700 1 --2- 172.21.15.18:0/439298309 >> [v2:172.21.15.18:3300/0,v1:172.21.15.18:6789/0] conn(0x7f7cd407ce70 0x7f7cd419d600 secure :-1 s=READY pgs=77 cs=0 l=1 rev1=1 crypto rx=0x7f7cc4009130 tx=0x7f7cc4011b00 comp rx=0 tx=0).stop
2024-02-17T12:40:57.909 INFO:teuthology.orchestra.run.smithi018.stdout:/usr/bin/ceph: stderr
2024-02-17T12:40:57.315+0000 7f7cd9356700 1 -- 172.21.15.18:0/439298309 shutdown_connections
2024-02-17T12:40:57.909 INFO:teuthology.orchestra.run.smithi018.stdout:/usr/bin/ceph: stderr
2024-02-17T12:40:57.315+0000 7f7cd9356700 1 --2- 172.21.15.18:0/439298309 >> [v2:172.21.15.18:6800/3026633658,v1:172.21.15.18:6801/3026633658] conn(0x7f7cbc038fd0 0x7f7cbc03b490 unknown :-1 s=CLOSED pgs=10 cs=0 l=1 rev1=1 crypto rx=0 tx=0 comp rx=0 tx=0).stop
2024-02-17T12:40:57.909 INFO:teuthology.orchestra.run.smithi018.stdout:/usr/bin/ceph: stderr
2024-02-17T12:40:57.315+0000 7f7cd9356700 1 --2- 172.21.15.18:0/439298309 >> [v2:172.21.15.18:3300/0,v1:172.21.15.18:6789/0] conn(0x7f7cd407ce70 0x7f7cd419d600 unknown :-1 s=CLOSED pgs=77 cs=0 l=1 rev1=1 crypto rx=0 tx=0 comp rx=0 tx=0).stop
2024-02-17T12:40:57.909 INFO:teuthology.orchestra.run.smithi018.stdout:/usr/bin/ceph: stderr
2024-02-17T12:40:57.315+0000 7f7cd9356700 1 -- 172.21.15.18:0/439298309 >> 172.21.15.18:0/439298309 conn(0x7f7cd4102d80 msgr2=0x7f7cd4103860 unknown :-1 s=STATE_NONE l=0).mark_down
2024-02-17T12:40:57.909 INFO:teuthology.orchestra.run.smithi018.stdout:/usr/bin/ceph: stderr
2024-02-17T12:40:57.316+0000 7f7cd9356700 1 -- 172.21.15.18:0/439298309 shutdown_connections
2024-02-17T12:40:57.909 INFO:teuthology.orchestra.run.smithi018.stdout:/usr/bin/ceph: stderr
2024-02-17T12:40:57.316+0000 7f7cd9356700 1 -- 172.21.15.18:0/439298309 wait complete.
2024-02-17T12:40:59.147 INFO:teuthology.orchestra.run.smithi018.stdout:/usr/bin/ceph: stderr
2024-02-17T12:40:58.354+0000 7f9a6f3ad700 1 Processor -- start
2024-02-17T12:40:59.147 INFO:teuthology.orchestra.run.smithi018.stdout:/usr/bin/ceph: stderr
2024-02-17T12:40:58.354+0000 7f9a6f3ad700 1 -- start start
2024-02-17T12:40:59.147 INFO:teuthology.orchestra.run.smithi018.stdout:/usr/bin/ceph: stderr
2024-02-17T12:40:58.354+0000 7f9a6f3ad700 1 --2- >> [v2:172.21.15.18:3300/0,v1:172.21.15.18:6789/0] conn(0x7f9a68107760 0x7f9a68107b80 unknown :-1 s=NONE pgs=0 cs=0 l=0 rev1=0 crypto rx=0 tx=0 comp rx=0 tx=0).connect
2024-02-17T12:40:59.148 INFO:teuthology.orchestra.run.smithi018.stdout:/usr/bin/ceph: stderr
2024-02-17T12:40:58.354+0000 7f9a6f3ad700 1 -- --> [v2:172.21.15.18:3300/0,v1:172.21.15.18:6789/0] -- mon_getmap magic: 0 v1 -- 0x7f9a68108150 con 0x7f9a68107760
2024-02-17T12:40:59.148 INFO:teuthology.orchestra.run.smithi018.stdout:/usr/bin/ceph: stderr
2024-02-17T12:40:58.355+0000 7f9a6d149700 1 --2- >> [v2:172.21.15.18:3300/0,v1:172.21.15.18:6789/0] conn(0x7f9a68107760 0x7f9a68107b80 unknown :-1 s=BANNER_CONNECTING pgs=0 cs=0 l=0 rev1=0 crypto rx=0 tx=0 comp rx=0 tx=0)._handle_peer_banner_payload supported=3 required=0
2024-02-17T12:40:59.148 INFO:teuthology.orchestra.run.smithi018.stdout:/usr/bin/ceph: stderr
2024-02-17T12:40:58.355+0000 7f9a6d149700 1 --2- >> [v2:172.21.15.18:3300/0,v1:172.21.15.18:6789/0] conn(0x7f9a68107760 0x7f9a68107b80 unknown :-1 s=HELLO_CONNECTING pgs=0 cs=0 l=0 rev1=1 crypto rx=0 tx=0 comp rx=0 tx=0).handle_hello peer v2:172.21.15.18:3300/0 says I am v2:172.21.15.18:32776/0 (socket says 172.21.15.18:32776)
2024-02-17T12:40:59.148 INFO:teuthology.orchestra.run.smithi018.stdout:/usr/bin/ceph: stderr
2024-02-17T12:40:58.355+0000 7f9a6d149700 1 -- 172.21.15.18:0/2584038535 learned_addr learned my addr 172.21.15.18:0/2584038535 (peer_addr_for_me v2:172.21.15.18:0/0)
2024-02-17T12:40:59.148 INFO:teuthology.orchestra.run.smithi018.stdout:/usr/bin/ceph: stderr
2024-02-17T12:40:58.355+0000 7f9a6d149700 1 -- 172.21.15.18:0/2584038535 --> [v2:172.21.15.18:3300/0,v1:172.21.15.18:6789/0] -- mon_subscribe({config=0+,monmap=0+}) v3 -- 0x7f9a681088c0 con 0x7f9a68107760
2024-02-17T12:40:59.148 INFO:teuthology.orchestra.run.smithi018.stdout:/usr/bin/ceph: stderr
2024-02-17T12:40:58.355+0000 7f9a6d149700 1 --2- 172.21.15.18:0/2584038535 >> [v2:172.21.15.18:3300/0,v1:172.21.15.18:6789/0] conn(0x7f9a68107760 0x7f9a68107b80 secure :-1 s=READY pgs=78 cs=0 l=1 rev1=1 crypto rx=0x7f9a60009e80 tx=0x7f9a6000b330 comp rx=0 tx=0).ready entity=mon.0 client_cookie=3abbd6921919bd65 server_cookie=0 in_seq=0 out_seq=0
2024-02-17T12:40:59.148 INFO:teuthology.orchestra.run.smithi018.stdout:/usr/bin/ceph: stderr
2024-02-17T12:40:58.355+0000 7f9a67fff700 1 -- 172.21.15.18:0/2584038535 <== mon.0 v2:172.21.15.18:3300/0 1 ==== mon_map magic: 0 v1 ==== 205+0+0 (secure 0 0 0) 0x7f9a6000e070 con 0x7f9a68107760
2024-02-17T12:40:59.148 INFO:teuthology.orchestra.run.smithi018.stdout:/usr/bin/ceph: stderr
2024-02-17T12:40:58.355+0000 7f9a67fff700 1 -- 172.21.15.18:0/2584038535 <== mon.0 v2:172.21.15.18:3300/0 2 ==== config(27 keys) v1 ==== 1140+0+0 (secure 0 0 0) 0x7f9a6000b8c0 con 0x7f9a68107760
2024-02-17T12:40:59.148 INFO:teuthology.orchestra.run.smithi018.stdout:/usr/bin/ceph: stderr
2024-02-17T12:40:58.355+0000 7f9a67fff700 1 -- 172.21.15.18:0/2584038535 <== mon.0 v2:172.21.15.18:3300/0 3 ==== mon_map magic: 0 v1 ==== 205+0+0 (secure 0 0 0) 0x7f9a600044a0 con 0x7f9a68107760
2024-02-17T12:40:59.148 INFO:teuthology.orchestra.run.smithi018.stdout:/usr/bin/ceph: stderr
2024-02-17T12:40:58.356+0000 7f9a6f3ad700 1 -- 172.21.15.18:0/2584038535 >> [v2:172.21.15.18:3300/0,v1:172.21.15.18:6789/0] conn(0x7f9a68107760 msgr2=0x7f9a68107b80 secure :-1 s=STATE_CONNECTION_ESTABLISHED l=1).mark_down
2024-02-17T12:40:59.148 INFO:teuthology.orchestra.run.smithi018.stdout:/usr/bin/ceph: stderr
2024-02-17T12:40:58.356+0000 7f9a6f3ad700 1 --2- 172.21.15.18:0/2584038535 >> [v2:172.21.15.18:3300/0,v1:172.21.15.18:6789/0] conn(0x7f9a68107760 0x7f9a68107b80 secure :-1 s=READY pgs=78 cs=0 l=1 rev1=1 crypto rx=0x7f9a60009e80 tx=0x7f9a6000b330 comp rx=0 tx=0).stop
2024-02-17T12:40:59.148 INFO:teuthology.orchestra.run.smithi018.stdout:/usr/bin/ceph: stderr
2024-02-17T12:40:58.356+0000 7f9a6f3ad700 1 -- 172.21.15.18:0/2584038535 shutdown_connections
2024-02-17T12:40:59.148 INFO:teuthology.orchestra.run.smithi018.stdout:/usr/bin/ceph: stderr
2024-02-17T12:40:58.356+0000 7f9a6f3ad700 1 --2- 172.21.15.18:0/2584038535 >> [v2:172.21.15.18:3300/0,v1:172.21.15.18:6789/0] conn(0x7f9a68107760 0x7f9a68107b80 unknown :-1 s=CLOSED pgs=78 cs=0 l=1 rev1=1 crypto rx=0 tx=0 comp rx=0 tx=0).stop
2024-02-17T12:40:59.149 INFO:teuthology.orchestra.run.smithi018.stdout:/usr/bin/ceph: stderr
2024-02-17T12:40:58.356+0000 7f9a6f3ad700 1 -- 172.21.15.18:0/2584038535 >> 172.21.15.18:0/2584038535 conn(0x7f9a68102de0 msgr2=0x7f9a68105200 unknown :-1 s=STATE_NONE l=0).mark_down
2024-02-17T12:40:59.149 INFO:teuthology.orchestra.run.smithi018.stdout:/usr/bin/ceph: stderr
2024-02-17T12:40:58.356+0000 7f9a6f3ad700 1 -- 172.21.15.18:0/2584038535 shutdown_connections
2024-02-17T12:40:59.149 INFO:teuthology.orchestra.run.smithi018.stdout:/usr/bin/ceph: stderr
2024-02-17T12:40:58.356+0000 7f9a6f3ad700 1 -- 172.21.15.18:0/2584038535 wait complete.
2024-02-17T12:40:59.149 INFO:teuthology.orchestra.run.smithi018.stdout:/usr/bin/ceph: stderr
2024-02-17T12:40:58.357+0000 7f9a6f3ad700 1 Processor -- start
2024-02-17T12:40:59.149 INFO:teuthology.orchestra.run.smithi018.stdout:/usr/bin/ceph: stderr
2024-02-17T12:40:58.357+0000 7f9a6f3ad700 1 -- start start
2024-02-17T12:40:59.149 INFO:teuthology.orchestra.run.smithi018.stdout:/usr/bin/ceph: stderr
2024-02-17T12:40:58.357+0000 7f9a6f3ad700 1 --2- >> [v2:172.21.15.18:3300/0,v1:172.21.15.18:6789/0] conn(0x7f9a68107760 0x7f9a6819b390 unknown :-1 s=NONE pgs=0 cs=0 l=1 rev1=0 crypto rx=0 tx=0 comp rx=0 tx=0).connect
2024-02-17T12:40:59.149 INFO:teuthology.orchestra.run.smithi018.stdout:/usr/bin/ceph: stderr
2024-02-17T12:40:58.357+0000 7f9a6f3ad700 1 -- --> [v2:172.21.15.18:3300/0,v1:172.21.15.18:6789/0] -- mon_getmap magic: 0 v1 -- 0x7f9a6819b8d0 con 0x7f9a68107760
2024-02-17T12:40:59.149 INFO:teuthology.orchestra.run.smithi018.stdout:/usr/bin/ceph: stderr
2024-02-17T12:40:58.357+0000 7f9a6d149700 1 --2- >> [v2:172.21.15.18:3300/0,v1:172.21.15.18:6789/0] conn(0x7f9a68107760 0x7f9a6819b390 unknown :-1 s=BANNER_CONNECTING pgs=0 cs=0 l=1 rev1=0 crypto rx=0 tx=0 comp rx=0 tx=0)._handle_peer_banner_payload supported=3 required=0
2024-02-17T12:40:59.149 INFO:teuthology.orchestra.run.smithi018.stdout:/usr/bin/ceph: stderr
2024-02-17T12:40:58.357+0000 7f9a6d149700 1 --2- >> [v2:172.21.15.18:3300/0,v1:172.21.15.18:6789/0] conn(0x7f9a68107760 0x7f9a6819b390 unknown :-1 s=HELLO_CONNECTING pgs=0 cs=0 l=1 rev1=1 crypto rx=0 tx=0 comp rx=0 tx=0).handle_hello peer v2:172.21.15.18:3300/0 says I am v2:172.21.15.18:32790/0 (socket says 172.21.15.18:32790)
2024-02-17T12:40:59.149 INFO:teuthology.orchestra.run.smithi018.stdout:/usr/bin/ceph: stderr
2024-02-17T12:40:58.357+0000 7f9a6d149700 1 -- 172.21.15.18:0/569796345 learned_addr learned my addr 172.21.15.18:0/569796345 (peer_addr_for_me v2:172.21.15.18:0/0)
2024-02-17T12:40:59.149 INFO:teuthology.orchestra.run.smithi018.stdout:/usr/bin/ceph: stderr
2024-02-17T12:40:58.357+0000 7f9a6d149700 1 -- 172.21.15.18:0/569796345 --> [v2:172.21.15.18:3300/0,v1:172.21.15.18:6789/0] -- mon_subscribe({config=0+,monmap=0+}) v3 -- 0x7f9a60009b30 con 0x7f9a68107760
2024-02-17T12:40:59.149 INFO:teuthology.orchestra.run.smithi018.stdout:/usr/bin/ceph: stderr
2024-02-17T12:40:58.357+0000 7f9a6d149700 1 --2- 172.21.15.18:0/569796345 >> [v2:172.21.15.18:3300/0,v1:172.21.15.18:6789/0] conn(0x7f9a68107760 0x7f9a6819b390 secure :-1 s=READY pgs=79 cs=0 l=1 rev1=1 crypto rx=0x7f9a60009fd0 tx=0x7f9a6000bcf0 comp rx=0 tx=0).ready entity=mon.0 client_cookie=0 server_cookie=0 in_seq=0 out_seq=0
2024-02-17T12:40:59.149 INFO:teuthology.orchestra.run.smithi018.stdout:/usr/bin/ceph: stderr
2024-02-17T12:40:58.357+0000 7f9a667fc700 1 -- 172.21.15.18:0/569796345 <== mon.0 v2:172.21.15.18:3300/0 1 ==== mon_map magic: 0 v1 ==== 205+0+0 (secure 0 0 0) 0x7f9a6000e040 con 0x7f9a68107760
2024-02-17T12:40:59.149 INFO:teuthology.orchestra.run.smithi018.stdout:/usr/bin/ceph: stderr
2024-02-17T12:40:58.358+0000 7f9a667fc700 1 -- 172.21.15.18:0/569796345 <== mon.0 v2:172.21.15.18:3300/0 2 ==== config(27 keys) v1 ==== 1140+0+0 (secure 0 0 0) 0x7f9a60003e20 con 0x7f9a68107760
2024-02-17T12:40:59.150 INFO:teuthology.orchestra.run.smithi018.stdout:/usr/bin/ceph: stderr
2024-02-17T12:40:58.358+0000 7f9a6f3ad700 1 -- 172.21.15.18:0/569796345 --> [v2:172.21.15.18:3300/0,v1:172.21.15.18:6789/0] -- mon_subscribe({mgrmap=0+}) v3 -- 0x7f9a6819bad0 con 0x7f9a68107760
2024-02-17T12:40:59.150 INFO:teuthology.orchestra.run.smithi018.stdout:/usr/bin/ceph: stderr
2024-02-17T12:40:58.358+0000 7f9a667fc700 1 -- 172.21.15.18:0/569796345 <== mon.0 v2:172.21.15.18:3300/0 3 ==== mon_map magic: 0 v1 ==== 205+0+0 (secure 0 0 0) 0x7f9a6001c6f0 con 0x7f9a68107760
2024-02-17T12:40:59.150 INFO:teuthology.orchestra.run.smithi018.stdout:/usr/bin/ceph: stderr
2024-02-17T12:40:58.358+0000 7f9a6f3ad700 1 -- 172.21.15.18:0/569796345 --> [v2:172.21.15.18:3300/0,v1:172.21.15.18:6789/0] -- mon_subscribe({osdmap=0}) v3 -- 0x7f9a6819bfd0 con 0x7f9a68107760
2024-02-17T12:40:59.150 INFO:teuthology.orchestra.run.smithi018.stdout:/usr/bin/ceph: stderr
2024-02-17T12:40:58.358+0000 7f9a667fc700 1 -- 172.21.15.18:0/569796345 <== mon.0 v2:172.21.15.18:3300/0 4 ==== mgrmap(e 13) v1 ==== 45988+0+0 (secure 0 0 0) 0x7f9a6001c960 con 0x7f9a68107760
2024-02-17T12:40:59.150 INFO:teuthology.orchestra.run.smithi018.stdout:/usr/bin/ceph: stderr
2024-02-17T12:40:58.359+0000 7f9a667fc700 1 --2- 172.21.15.18:0/569796345 >> [v2:172.21.15.18:6800/3026633658,v1:172.21.15.18:6801/3026633658] conn(0x7f9a50038fd0 0x7f9a5003b490 unknown :-1 s=NONE pgs=0 cs=0 l=1 rev1=0 crypto rx=0 tx=0 comp rx=0 tx=0).connect
2024-02-17T12:40:59.150 INFO:teuthology.orchestra.run.smithi018.stdout:/usr/bin/ceph: stderr
2024-02-17T12:40:58.359+0000 7f9a667fc700 1 -- 172.21.15.18:0/569796345 <== mon.0 v2:172.21.15.18:3300/0 5 ==== osd_map(3..3 src has 1..3) v4 ==== 1155+0+0 (secure 0 0 0) 0x7f9a6004d140 con 0x7f9a68107760
2024-02-17T12:40:59.150 INFO:teuthology.orchestra.run.smithi018.stdout:/usr/bin/ceph: stderr
2024-02-17T12:40:58.359+0000 7f9a6f3ad700 1 -- 172.21.15.18:0/569796345 --> [v2:172.21.15.18:3300/0,v1:172.21.15.18:6789/0] -- mon_command({"prefix": "get_command_descriptions"} v 0) v1 -- 0x7f9a6810baf0 con 0x7f9a68107760
2024-02-17T12:40:59.150 INFO:teuthology.orchestra.run.smithi018.stdout:/usr/bin/ceph: stderr
2024-02-17T12:40:58.359+0000 7f9a6c948700 1 --2- 172.21.15.18:0/569796345 >> [v2:172.21.15.18:6800/3026633658,v1:172.21.15.18:6801/3026633658] conn(0x7f9a50038fd0 0x7f9a5003b490 unknown :-1 s=BANNER_CONNECTING pgs=0 cs=0 l=1 rev1=0 crypto rx=0 tx=0 comp rx=0 tx=0)._handle_peer_banner_payload supported=3 required=0
2024-02-17T12:40:59.150 INFO:teuthology.orchestra.run.smithi018.stdout:/usr/bin/ceph: stderr
2024-02-17T12:40:58.359+0000 7f9a6c948700 1 --2- 172.21.15.18:0/569796345 >> [v2:172.21.15.18:6800/3026633658,v1:172.21.15.18:6801/3026633658] conn(0x7f9a50038fd0 0x7f9a5003b490 secure :-1 s=READY pgs=11 cs=0 l=1 rev1=1 crypto rx=0x7f9a5c006fd0 tx=0x7f9a5c006e40 comp rx=0 tx=0).ready entity=mgr.14152 client_cookie=0 server_cookie=0 in_seq=0 out_seq=0
2024-02-17T12:40:59.150 INFO:teuthology.orchestra.run.smithi018.stdout:/usr/bin/ceph: stderr
2024-02-17T12:40:58.364+0000 7f9a667fc700 1 -- 172.21.15.18:0/569796345 <== mon.0 v2:172.21.15.18:3300/0 6 ==== mon_command_ack([{"prefix": "get_command_descriptions"}]=0 v0) v1 ==== 72+0+183564 (secure 0 0 0) 0x7f9a60017070 con 0x7f9a68107760
2024-02-17T12:40:59.150 INFO:teuthology.orchestra.run.smithi018.stdout:/usr/bin/ceph: stderr
2024-02-17T12:40:58.678+0000 7f9a6f3ad700 1 -- 172.21.15.18:0/569796345 --> [v2:172.21.15.18:3300/0,v1:172.21.15.18:6789/0] -- mon_command([{prefix=config-key set, key=mgr/dashboard/cluster/status}] v 0) v1 -- 0x7f9a6819ea90 con 0x7f9a68107760
2024-02-17T12:40:59.150 INFO:teuthology.orchestra.run.smithi018.stdout:/usr/bin/ceph: stderr
2024-02-17T12:40:58.680+0000 7f9a667fc700 1 -- 172.21.15.18:0/569796345 <== mon.0 v2:172.21.15.18:3300/0 7 ==== mon_command_ack([{prefix=config-key set, key=mgr/dashboard/cluster/status}]=0 set mgr/dashboard/cluster/status v28)=0 set mgr/dashboard/cluster/status v28) v1 ==== 153+0+0 (secure 0 0 0) 0x7f9a60020030 con 0x7f9a68107760
2024-02-17T12:40:59.150 INFO:teuthology.orchestra.run.smithi018.stdout:/usr/bin/ceph: stderr
2024-02-17T12:40:58.682+0000 7f9a6f3ad700 1 -- 172.21.15.18:0/569796345 >> [v2:172.21.15.18:6800/3026633658,v1:172.21.15.18:6801/3026633658] conn(0x7f9a50038fd0 msgr2=0x7f9a5003b490 secure :-1 s=STATE_CONNECTION_ESTABLISHED l=1).mark_down
2024-02-17T12:40:59.151 INFO:teuthology.orchestra.run.smithi018.stdout:/usr/bin/ceph: stderr
2024-02-17T12:40:58.682+0000 7f9a6f3ad700 1 --2- 172.21.15.18:0/569796345 >> [v2:172.21.15.18:6800/3026633658,v1:172.21.15.18:6801/3026633658] conn(0x7f9a50038fd0 0x7f9a5003b490 secure :-1 s=READY pgs=11 cs=0 l=1 rev1=1 crypto rx=0x7f9a5c006fd0 tx=0x7f9a5c006e40 comp rx=0 tx=0).stop
2024-02-17T12:40:59.151 INFO:teuthology.orchestra.run.smithi018.stdout:/usr/bin/ceph: stderr
2024-02-17T12:40:58.682+0000 7f9a6f3ad700 1 -- 172.21.15.18:0/569796345 >> [v2:172.21.15.18:3300/0,v1:172.21.15.18:6789/0] conn(0x7f9a68107760 msgr2=0x7f9a6819b390 secure :-1 s=STATE_CONNECTION_ESTABLISHED l=1).mark_down
2024-02-17T12:40:59.151 INFO:teuthology.orchestra.run.smithi018.stdout:/usr/bin/ceph: stderr
2024-02-17T12:40:58.682+0000 7f9a6f3ad700 1 --2- 172.21.15.18:0/569796345 >> [v2:172.21.15.18:3300/0,v1:172.21.15.18:6789/0] conn(0x7f9a68107760 0x7f9a6819b390 secure :-1 s=READY pgs=79 cs=0 l=1 rev1=1 crypto rx=0x7f9a60009fd0 tx=0x7f9a6000bcf0 comp rx=0 tx=0).stop
2024-02-17T12:40:59.151 INFO:teuthology.orchestra.run.smithi018.stdout:/usr/bin/ceph: stderr
2024-02-17T12:40:58.682+0000 7f9a6f3ad700 1 -- 172.21.15.18:0/569796345 shutdown_connections
2024-02-17T12:40:59.151 INFO:teuthology.orchestra.run.smithi018.stdout:/usr/bin/ceph: stderr
2024-02-17T12:40:58.682+0000 7f9a6f3ad700 1 --2- 172.21.15.18:0/569796345 >> [v2:172.21.15.18:6800/3026633658,v1:172.21.15.18:6801/3026633658] conn(0x7f9a50038fd0 0x7f9a5003b490 unknown :-1 s=CLOSED pgs=11 cs=0 l=1 rev1=1 crypto rx=0 tx=0 comp rx=0 tx=0).stop
2024-02-17T12:40:59.151 INFO:teuthology.orchestra.run.smithi018.stdout:/usr/bin/ceph: stderr
2024-02-17T12:40:58.682+0000 7f9a6f3ad700 1 --2- 172.21.15.18:0/569796345 >> [v2:172.21.15.18:3300/0,v1:172.21.15.18:6789/0] conn(0x7f9a68107760 0x7f9a6819b390 unknown :-1 s=CLOSED pgs=79 cs=0 l=1 rev1=1 crypto rx=0 tx=0 comp rx=0 tx=0).stop
2024-02-17T12:40:59.151 INFO:teuthology.orchestra.run.smithi018.stdout:/usr/bin/ceph: stderr
2024-02-17T12:40:58.682+0000 7f9a6f3ad700 1 -- 172.21.15.18:0/569796345 >> 172.21.15.18:0/569796345 conn(0x7f9a68102de0 msgr2=0x7f9a68103800 unknown :-1 s=STATE_NONE l=0).mark_down
2024-02-17T12:40:59.151 INFO:teuthology.orchestra.run.smithi018.stdout:/usr/bin/ceph: stderr
2024-02-17T12:40:58.682+0000 7f9a6f3ad700 1 -- 172.21.15.18:0/569796345 shutdown_connections
2024-02-17T12:40:59.151 INFO:teuthology.orchestra.run.smithi018.stdout:/usr/bin/ceph: stderr
2024-02-17T12:40:58.682+0000 7f9a6f3ad700 1 -- 172.21.15.18:0/569796345 wait complete.
2024-02-17T12:40:59.151 INFO:teuthology.orchestra.run.smithi018.stdout:/usr/bin/ceph: stderr set mgr/dashboard/cluster/status
2024-02-17T12:40:59.151 INFO:teuthology.orchestra.run.smithi018.stdout:You can access the Ceph CLI as following in case of multi-cluster or non-default config:
2024-02-17T12:40:59.151 INFO:teuthology.orchestra.run.smithi018.stdout:
2024-02-17T12:40:59.151 INFO:teuthology.orchestra.run.smithi018.stdout: sudo /home/ubuntu/cephtest/cephadm shell --fsid 7fca71fe-cd91-11ee-95ba-87774f69a715 -c /etc/ceph/ceph.conf -k /etc/ceph/ceph.client.admin.keyring
2024-02-17T12:40:59.151 INFO:teuthology.orchestra.run.smithi018.stdout:
2024-02-17T12:40:59.152 INFO:teuthology.orchestra.run.smithi018.stdout:Or, if you are only running a single cluster on this host:
2024-02-17T12:40:59.152 INFO:teuthology.orchestra.run.smithi018.stdout:
2024-02-17T12:40:59.152 INFO:teuthology.orchestra.run.smithi018.stdout: sudo /home/ubuntu/cephtest/cephadm shell
2024-02-17T12:40:59.152 INFO:teuthology.orchestra.run.smithi018.stdout:
2024-02-17T12:40:59.152 INFO:teuthology.orchestra.run.smithi018.stdout:Please consider enabling telemetry to help improve Ceph:
2024-02-17T12:40:59.152 INFO:teuthology.orchestra.run.smithi018.stdout:
2024-02-17T12:40:59.152 INFO:teuthology.orchestra.run.smithi018.stdout: ceph telemetry on
2024-02-17T12:40:59.152 INFO:teuthology.orchestra.run.smithi018.stdout:
2024-02-17T12:40:59.152 INFO:teuthology.orchestra.run.smithi018.stdout:For more information see:
2024-02-17T12:40:59.152 INFO:teuthology.orchestra.run.smithi018.stdout:
2024-02-17T12:40:59.152 INFO:teuthology.orchestra.run.smithi018.stdout: https://docs.ceph.com/en/latest/mgr/telemetry/
2024-02-17T12:40:59.152 INFO:teuthology.orchestra.run.smithi018.stdout:
2024-02-17T12:40:59.152 INFO:teuthology.orchestra.run.smithi018.stdout:Bootstrap complete.
2024-02-17T12:40:59.183 INFO:tasks.cephadm:Fetching config...
2024-02-17T12:40:59.183 DEBUG:teuthology.orchestra.run.smithi018:> set -ex
2024-02-17T12:40:59.184 DEBUG:teuthology.orchestra.run.smithi018:> dd if=/etc/ceph/ceph.conf of=/dev/stdout
2024-02-17T12:40:59.199 INFO:tasks.cephadm:Fetching client.admin keyring...
2024-02-17T12:40:59.199 DEBUG:teuthology.orchestra.run.smithi018:> set -ex
2024-02-17T12:40:59.199 DEBUG:teuthology.orchestra.run.smithi018:> dd if=/etc/ceph/ceph.client.admin.keyring of=/dev/stdout
2024-02-17T12:40:59.254 INFO:tasks.cephadm:Fetching mon keyring...
2024-02-17T12:40:59.254 DEBUG:teuthology.orchestra.run.smithi018:> set -ex
2024-02-17T12:40:59.254 DEBUG:teuthology.orchestra.run.smithi018:> sudo dd if=/var/lib/ceph/7fca71fe-cd91-11ee-95ba-87774f69a715/mon.a/keyring of=/dev/stdout
2024-02-17T12:40:59.321 INFO:tasks.cephadm:Fetching pub ssh key...
2024-02-17T12:40:59.321 DEBUG:teuthology.orchestra.run.smithi018:> set -ex
2024-02-17T12:40:59.322 DEBUG:teuthology.orchestra.run.smithi018:> dd if=/home/ubuntu/cephtest/ceph.pub of=/dev/stdout
2024-02-17T12:40:59.376 INFO:tasks.cephadm:Installing pub ssh key for root users...
2024-02-17T12:40:59.377 DEBUG:teuthology.orchestra.run.smithi018:> sudo install -d -m 0700 /root/.ssh && echo 'ssh-rsa AAAAB3NzaC1yc2EAAAADAQABAAABgQC6wbvMwhwV/V6fyysXGUhkixH+DgA8ZH4x+AxNE4N3m5tcifNSvoxgqYHIZA/hFe0hRMgetzSNNniPNWfcaqEtJL3pOjufnPTeGjbUP1j2WWkI6gd1U0YnYvCSxfd6Pz3vls6upQ0ImodTn5Uste0J8d0WarWTw0oqIq5RSULiFh8Dnlbe4ejUUDeMFMy91rX1qdnHkvgfoubbm6g4803wyxzb05u9MQzhLHVay7rv2eu6GE2fQXOjAq4gXUa2LViMLvdYg/ZvtqgPZFQbRcy5c33bneTFEImpCbyO4/MEiDAJ+VjK9WaA/AiPbcAxjJC6g/2DaTCxv04MkWUTw52t+Uc5+lvYtthiKY3Y6dCR0aYXZW2+qf1S5V4h/7IbkxtBkAki9c52nMCvPLVeXe13FNvDAVshgAF5yV5ktQCTVY6tjjr9gkZPiDa76ObbpyMr0HNPqIr6zSz6+Q5SYOSoFDMSdwXrPa6l4rV/lVaje2gPcABFp8ttVvZ8OpTmoK8= ceph-7fca71fe-cd91-11ee-95ba-87774f69a715' | sudo tee -a /root/.ssh/authorized_keys && sudo chmod 0600 /root/.ssh/authorized_keys
2024-02-17T12:40:59.455 INFO:teuthology.orchestra.run.smithi018.stdout:ssh-rsa AAAAB3NzaC1yc2EAAAADAQABAAABgQC6wbvMwhwV/V6fyysXGUhkixH+DgA8ZH4x+AxNE4N3m5tcifNSvoxgqYHIZA/hFe0hRMgetzSNNniPNWfcaqEtJL3pOjufnPTeGjbUP1j2WWkI6gd1U0YnYvCSxfd6Pz3vls6upQ0ImodTn5Uste0J8d0WarWTw0oqIq5RSULiFh8Dnlbe4ejUUDeMFMy91rX1qdnHkvgfoubbm6g4803wyxzb05u9MQzhLHVay7rv2eu6GE2fQXOjAq4gXUa2LViMLvdYg/ZvtqgPZFQbRcy5c33bneTFEImpCbyO4/MEiDAJ+VjK9WaA/AiPbcAxjJC6g/2DaTCxv04MkWUTw52t+Uc5+lvYtthiKY3Y6dCR0aYXZW2+qf1S5V4h/7IbkxtBkAki9c52nMCvPLVeXe13FNvDAVshgAF5yV5ktQCTVY6tjjr9gkZPiDa76ObbpyMr0HNPqIr6zSz6+Q5SYOSoFDMSdwXrPa6l4rV/lVaje2gPcABFp8ttVvZ8OpTmoK8= ceph-7fca71fe-cd91-11ee-95ba-87774f69a715
2024-02-17T12:40:59.469 DEBUG:teuthology.orchestra.run.smithi119:> sudo install -d -m 0700 /root/.ssh && echo 'ssh-rsa AAAAB3NzaC1yc2EAAAADAQABAAABgQC6wbvMwhwV/V6fyysXGUhkixH+DgA8ZH4x+AxNE4N3m5tcifNSvoxgqYHIZA/hFe0hRMgetzSNNniPNWfcaqEtJL3pOjufnPTeGjbUP1j2WWkI6gd1U0YnYvCSxfd6Pz3vls6upQ0ImodTn5Uste0J8d0WarWTw0oqIq5RSULiFh8Dnlbe4ejUUDeMFMy91rX1qdnHkvgfoubbm6g4803wyxzb05u9MQzhLHVay7rv2eu6GE2fQXOjAq4gXUa2LViMLvdYg/ZvtqgPZFQbRcy5c33bneTFEImpCbyO4/MEiDAJ+VjK9WaA/AiPbcAxjJC6g/2DaTCxv04MkWUTw52t+Uc5+lvYtthiKY3Y6dCR0aYXZW2+qf1S5V4h/7IbkxtBkAki9c52nMCvPLVeXe13FNvDAVshgAF5yV5ktQCTVY6tjjr9gkZPiDa76ObbpyMr0HNPqIr6zSz6+Q5SYOSoFDMSdwXrPa6l4rV/lVaje2gPcABFp8ttVvZ8OpTmoK8= ceph-7fca71fe-cd91-11ee-95ba-87774f69a715' | sudo tee -a /root/.ssh/authorized_keys && sudo chmod 0600 /root/.ssh/authorized_keys
2024-02-17T12:40:59.517 INFO:teuthology.orchestra.run.smithi119.stdout:ssh-rsa AAAAB3NzaC1yc2EAAAADAQABAAABgQC6wbvMwhwV/V6fyysXGUhkixH+DgA8ZH4x+AxNE4N3m5tcifNSvoxgqYHIZA/hFe0hRMgetzSNNniPNWfcaqEtJL3pOjufnPTeGjbUP1j2WWkI6gd1U0YnYvCSxfd6Pz3vls6upQ0ImodTn5Uste0J8d0WarWTw0oqIq5RSULiFh8Dnlbe4ejUUDeMFMy91rX1qdnHkvgfoubbm6g4803wyxzb05u9MQzhLHVay7rv2eu6GE2fQXOjAq4gXUa2LViMLvdYg/ZvtqgPZFQbRcy5c33bneTFEImpCbyO4/MEiDAJ+VjK9WaA/AiPbcAxjJC6g/2DaTCxv04MkWUTw52t+Uc5+lvYtthiKY3Y6dCR0aYXZW2+qf1S5V4h/7IbkxtBkAki9c52nMCvPLVeXe13FNvDAVshgAF5yV5ktQCTVY6tjjr9gkZPiDa76ObbpyMr0HNPqIr6zSz6+Q5SYOSoFDMSdwXrPa6l4rV/lVaje2gPcABFp8ttVvZ8OpTmoK8= ceph-7fca71fe-cd91-11ee-95ba-87774f69a715
2024-02-17T12:40:59.532 DEBUG:teuthology.orchestra.run.smithi146:> sudo install -d -m 0700 /root/.ssh && echo 'ssh-rsa AAAAB3NzaC1yc2EAAAADAQABAAABgQC6wbvMwhwV/V6fyysXGUhkixH+DgA8ZH4x+AxNE4N3m5tcifNSvoxgqYHIZA/hFe0hRMgetzSNNniPNWfcaqEtJL3pOjufnPTeGjbUP1j2WWkI6gd1U0YnYvCSxfd6Pz3vls6upQ0ImodTn5Uste0J8d0WarWTw0oqIq5RSULiFh8Dnlbe4ejUUDeMFMy91rX1qdnHkvgfoubbm6g4803wyxzb05u9MQzhLHVay7rv2eu6GE2fQXOjAq4gXUa2LViMLvdYg/ZvtqgPZFQbRcy5c33bneTFEImpCbyO4/MEiDAJ+VjK9WaA/AiPbcAxjJC6g/2DaTCxv04MkWUTw52t+Uc5+lvYtthiKY3Y6dCR0aYXZW2+qf1S5V4h/7IbkxtBkAki9c52nMCvPLVeXe13FNvDAVshgAF5yV5ktQCTVY6tjjr9gkZPiDa76ObbpyMr0HNPqIr6zSz6+Q5SYOSoFDMSdwXrPa6l4rV/lVaje2gPcABFp8ttVvZ8OpTmoK8= ceph-7fca71fe-cd91-11ee-95ba-87774f69a715' | sudo tee -a /root/.ssh/authorized_keys && sudo chmod 0600 /root/.ssh/authorized_keys
2024-02-17T12:40:59.578 INFO:teuthology.orchestra.run.smithi146.stdout:ssh-rsa AAAAB3NzaC1yc2EAAAADAQABAAABgQC6wbvMwhwV/V6fyysXGUhkixH+DgA8ZH4x+AxNE4N3m5tcifNSvoxgqYHIZA/hFe0hRMgetzSNNniPNWfcaqEtJL3pOjufnPTeGjbUP1j2WWkI6gd1U0YnYvCSxfd6Pz3vls6upQ0ImodTn5Uste0J8d0WarWTw0oqIq5RSULiFh8Dnlbe4ejUUDeMFMy91rX1qdnHkvgfoubbm6g4803wyxzb05u9MQzhLHVay7rv2eu6GE2fQXOjAq4gXUa2LViMLvdYg/ZvtqgPZFQbRcy5c33bneTFEImpCbyO4/MEiDAJ+VjK9WaA/AiPbcAxjJC6g/2DaTCxv04MkWUTw52t+Uc5+lvYtthiKY3Y6dCR0aYXZW2+qf1S5V4h/7IbkxtBkAki9c52nMCvPLVeXe13FNvDAVshgAF5yV5ktQCTVY6tjjr9gkZPiDa76ObbpyMr0HNPqIr6zSz6+Q5SYOSoFDMSdwXrPa6l4rV/lVaje2gPcABFp8ttVvZ8OpTmoK8= ceph-7fca71fe-cd91-11ee-95ba-87774f69a715
2024-02-17T12:40:59.593 DEBUG:teuthology.orchestra.run.smithi018:> sudo /home/ubuntu/cephtest/cephadm --image quay-quay-quay.apps.os.sepia.ceph.com/ceph-ci/ceph:6822c7b54e949006be7a0802650d01723d834d1d shell -c /etc/ceph/ceph.conf -k /etc/ceph/ceph.client.admin.keyring --fsid 7fca71fe-cd91-11ee-95ba-87774f69a715 -- ceph config set mgr mgr/cephadm/allow_ptrace true
2024-02-17T12:40:59.778 INFO:journalctl@ceph.mon.a.smithi018.stdout:Feb 17 12:40:59 smithi018 ceph-mon[32625]: from='client.? 172.21.15.18:0/569796345' entity='client.admin'
2024-02-17T12:40:59.835 INFO:teuthology.orchestra.run.smithi018.stderr:Inferring config /var/lib/ceph/7fca71fe-cd91-11ee-95ba-87774f69a715/mon.a/config
2024-02-17T12:41:01.352 INFO:teuthology.orchestra.run.smithi018.stderr:2024-02-17T12:41:01.353+0000 7f9e43507700 1 -- 172.21.15.18:0/4026946667 >> [v2:172.21.15.18:3300/0,v1:172.21.15.18:6789/0] conn(0x7f9e3c1021a0 msgr2=0x7f9e3c104590 secure :-1 s=STATE_CONNECTION_ESTABLISHED l=1).mark_down
2024-02-17T12:41:01.352 INFO:teuthology.orchestra.run.smithi018.stderr:2024-02-17T12:41:01.353+0000 7f9e43507700 1 --2- 172.21.15.18:0/4026946667 >> [v2:172.21.15.18:3300/0,v1:172.21.15.18:6789/0] conn(0x7f9e3c1021a0 0x7f9e3c104590 secure :-1 s=READY pgs=80 cs=0 l=1 rev1=1 crypto rx=0x7f9e38009910 tx=0x7f9e38009c20 comp rx=0 tx=0).stop
2024-02-17T12:41:01.352 INFO:teuthology.orchestra.run.smithi018.stderr:2024-02-17T12:41:01.353+0000 7f9e43507700 1 -- 172.21.15.18:0/4026946667 shutdown_connections
2024-02-17T12:41:01.352 INFO:teuthology.orchestra.run.smithi018.stderr:2024-02-17T12:41:01.353+0000 7f9e43507700 1 --2- 172.21.15.18:0/4026946667 >> [v2:172.21.15.18:3300/0,v1:172.21.15.18:6789/0] conn(0x7f9e3c1021a0 0x7f9e3c104590 unknown :-1 s=CLOSED pgs=80 cs=0 l=1 rev1=1 crypto rx=0 tx=0 comp rx=0 tx=0).stop
2024-02-17T12:41:01.353 INFO:teuthology.orchestra.run.smithi018.stderr:2024-02-17T12:41:01.353+0000 7f9e43507700 1 -- 172.21.15.18:0/4026946667 >> 172.21.15.18:0/4026946667 conn(0x7f9e3c0fbb70 msgr2=0x7f9e3c0fdf90 unknown :-1 s=STATE_NONE l=0).mark_down
2024-02-17T12:41:01.353 INFO:teuthology.orchestra.run.smithi018.stderr:2024-02-17T12:41:01.353+0000 7f9e43507700 1 -- 172.21.15.18:0/4026946667 shutdown_connections
2024-02-17T12:41:01.353 INFO:teuthology.orchestra.run.smithi018.stderr:2024-02-17T12:41:01.353+0000 7f9e43507700 1 -- 172.21.15.18:0/4026946667 wait complete.
2024-02-17T12:41:01.353 INFO:teuthology.orchestra.run.smithi018.stderr:2024-02-17T12:41:01.354+0000 7f9e43507700 1 Processor -- start
2024-02-17T12:41:01.353 INFO:teuthology.orchestra.run.smithi018.stderr:2024-02-17T12:41:01.354+0000 7f9e43507700 1 -- start start
2024-02-17T12:41:01.353 INFO:teuthology.orchestra.run.smithi018.stderr:2024-02-17T12:41:01.354+0000 7f9e43507700 1 --2- >> [v2:172.21.15.18:3300/0,v1:172.21.15.18:6789/0] conn(0x7f9e3c1021a0 0x7f9e3c101a20 unknown :-1 s=NONE pgs=0 cs=0 l=1 rev1=0 crypto rx=0 tx=0 comp rx=0 tx=0).connect
2024-02-17T12:41:01.353 INFO:teuthology.orchestra.run.smithi018.stderr:2024-02-17T12:41:01.354+0000 7f9e43507700 1 -- --> [v2:172.21.15.18:3300/0,v1:172.21.15.18:6789/0] -- mon_getmap magic: 0 v1 -- 0x7f9e3c101f60 con 0x7f9e3c1021a0
2024-02-17T12:41:01.353 INFO:teuthology.orchestra.run.smithi018.stderr:2024-02-17T12:41:01.354+0000 7f9e412a3700 1 --2- >> [v2:172.21.15.18:3300/0,v1:172.21.15.18:6789/0] conn(0x7f9e3c1021a0 0x7f9e3c101a20 unknown :-1 s=BANNER_CONNECTING pgs=0 cs=0 l=1 rev1=0 crypto rx=0 tx=0 comp rx=0 tx=0)._handle_peer_banner_payload supported=3 required=0
2024-02-17T12:41:01.353 INFO:teuthology.orchestra.run.smithi018.stderr:2024-02-17T12:41:01.354+0000 7f9e412a3700 1 --2- >> [v2:172.21.15.18:3300/0,v1:172.21.15.18:6789/0] conn(0x7f9e3c1021a0 0x7f9e3c101a20 unknown :-1 s=HELLO_CONNECTING pgs=0 cs=0 l=1 rev1=1 crypto rx=0 tx=0 comp rx=0 tx=0).handle_hello peer v2:172.21.15.18:3300/0 says I am v2:172.21.15.18:58722/0 (socket says 172.21.15.18:58722)
2024-02-17T12:41:01.353 INFO:teuthology.orchestra.run.smithi018.stderr:2024-02-17T12:41:01.354+0000 7f9e412a3700 1 -- 172.21.15.18:0/1580349548 learned_addr learned my addr 172.21.15.18:0/1580349548 (peer_addr_for_me v2:172.21.15.18:0/0)
2024-02-17T12:41:01.353 INFO:teuthology.orchestra.run.smithi018.stderr:2024-02-17T12:41:01.354+0000 7f9e412a3700 1 -- 172.21.15.18:0/1580349548 --> [v2:172.21.15.18:3300/0,v1:172.21.15.18:6789/0] -- mon_subscribe({config=0+,monmap=0+}) v3 -- 0x7f9e380095f0 con 0x7f9e3c1021a0
2024-02-17T12:41:01.353 INFO:teuthology.orchestra.run.smithi018.stderr:2024-02-17T12:41:01.355+0000 7f9e412a3700 1 --2- 172.21.15.18:0/1580349548 >> [v2:172.21.15.18:3300/0,v1:172.21.15.18:6789/0] conn(0x7f9e3c1021a0 0x7f9e3c101a20 secure :-1 s=READY pgs=81 cs=0 l=1 rev1=1 crypto rx=0x7f9e38005950 tx=0x7f9e38004ff0 comp rx=0 tx=0).ready entity=mon.0 client_cookie=0 server_cookie=0 in_seq=0 out_seq=0
2024-02-17T12:41:01.354 INFO:teuthology.orchestra.run.smithi018.stderr:2024-02-17T12:41:01.355+0000 7f9e327fc700 1 -- 172.21.15.18:0/1580349548 <== mon.0 v2:172.21.15.18:3300/0 1 ==== mon_map magic: 0 v1 ==== 205+0+0 (secure 0 0 0) 0x7f9e3801d070 con 0x7f9e3c1021a0
2024-02-17T12:41:01.354 INFO:teuthology.orchestra.run.smithi018.stderr:2024-02-17T12:41:01.355+0000 7f9e43507700 1 -- 172.21.15.18:0/1580349548 --> [v2:172.21.15.18:3300/0,v1:172.21.15.18:6789/0] -- mon_subscribe({mgrmap=0+}) v3 -- 0x7f9e3c100150 con 0x7f9e3c1021a0
2024-02-17T12:41:01.354 INFO:teuthology.orchestra.run.smithi018.stderr:2024-02-17T12:41:01.355+0000 7f9e327fc700 1 -- 172.21.15.18:0/1580349548 <== mon.0 v2:172.21.15.18:3300/0 2 ==== config(27 keys) v1 ==== 1140+0+0 (secure 0 0 0) 0x7f9e3800bc30 con 0x7f9e3c1021a0
2024-02-17T12:41:01.354 INFO:teuthology.orchestra.run.smithi018.stderr:2024-02-17T12:41:01.355+0000 7f9e327fc700 1 -- 172.21.15.18:0/1580349548 <== mon.0 v2:172.21.15.18:3300/0 3 ==== mon_map magic: 0 v1 ==== 205+0+0 (secure 0 0 0) 0x7f9e38003ac0 con 0x7f9e3c1021a0
2024-02-17T12:41:01.354 INFO:teuthology.orchestra.run.smithi018.stderr:2024-02-17T12:41:01.355+0000 7f9e43507700 1 -- 172.21.15.18:0/1580349548 --> [v2:172.21.15.18:3300/0,v1:172.21.15.18:6789/0] -- mon_subscribe({osdmap=0}) v3 -- 0x7f9e3c1005f0 con 0x7f9e3c1021a0
2024-02-17T12:41:01.354 INFO:teuthology.orchestra.run.smithi018.stderr:2024-02-17T12:41:01.356+0000 7f9e327fc700 1 -- 172.21.15.18:0/1580349548 <== mon.0 v2:172.21.15.18:3300/0 4 ==== mgrmap(e 13) v1 ==== 45988+0+0 (secure 0 0 0) 0x7f9e3800b6f0 con 0x7f9e3c1021a0
2024-02-17T12:41:01.354 INFO:teuthology.orchestra.run.smithi018.stderr:2024-02-17T12:41:01.356+0000 7f9e43507700 1 -- 172.21.15.18:0/1580349548 --> [v2:172.21.15.18:3300/0,v1:172.21.15.18:6789/0] -- mon_command({"prefix": "get_command_descriptions"} v 0) v1 -- 0x7f9e3c107e40 con 0x7f9e3c1021a0
2024-02-17T12:41:01.354 INFO:teuthology.orchestra.run.smithi018.stderr:2024-02-17T12:41:01.356+0000 7f9e327fc700 1 --2- 172.21.15.18:0/1580349548 >> [v2:172.21.15.18:6800/3026633658,v1:172.21.15.18:6801/3026633658] conn(0x7f9e28038f80 0x7f9e2803b440 unknown :-1 s=NONE pgs=0 cs=0 l=1 rev1=0 crypto rx=0 tx=0 comp rx=0 tx=0).connect
2024-02-17T12:41:01.354 INFO:teuthology.orchestra.run.smithi018.stderr:2024-02-17T12:41:01.356+0000 7f9e327fc700 1 -- 172.21.15.18:0/1580349548 <== mon.0 v2:172.21.15.18:3300/0 5 ==== osd_map(3..3 src has 1..3) v4 ==== 1155+0+0 (secure 0 0 0) 0x7f9e3804ceb0 con 0x7f9e3c1021a0
2024-02-17T12:41:01.354 INFO:teuthology.orchestra.run.smithi018.stderr:2024-02-17T12:41:01.356+0000 7f9e40aa2700 1 --2- 172.21.15.18:0/1580349548 >> [v2:172.21.15.18:6800/3026633658,v1:172.21.15.18:6801/3026633658] conn(0x7f9e28038f80 0x7f9e2803b440 unknown :-1 s=BANNER_CONNECTING pgs=0 cs=0 l=1 rev1=0 crypto rx=0 tx=0 comp rx=0 tx=0)._handle_peer_banner_payload supported=3 required=0
2024-02-17T12:41:01.354 INFO:teuthology.orchestra.run.smithi018.stderr:2024-02-17T12:41:01.356+0000 7f9e40aa2700 1 --2- 172.21.15.18:0/1580349548 >> [v2:172.21.15.18:6800/3026633658,v1:172.21.15.18:6801/3026633658] conn(0x7f9e28038f80 0x7f9e2803b440 secure :-1 s=READY pgs=12 cs=0 l=1 rev1=1 crypto rx=0x7f9e2c006fd0 tx=0x7f9e2c006e40 comp rx=0 tx=0).ready entity=mgr.14152 client_cookie=0 server_cookie=0 in_seq=0 out_seq=0
2024-02-17T12:41:01.357 INFO:teuthology.orchestra.run.smithi018.stderr:2024-02-17T12:41:01.361+0000 7f9e327fc700 1 -- 172.21.15.18:0/1580349548 <== mon.0 v2:172.21.15.18:3300/0 6 ==== mon_command_ack([{"prefix": "get_command_descriptions"}]=0 v0) v1 ==== 72+0+183564 (secure 0 0 0) 0x7f9e3802ace0 con 0x7f9e3c1021a0
2024-02-17T12:41:01.560 INFO:teuthology.orchestra.run.smithi018.stderr:2024-02-17T12:41:01.564+0000 7f9e43507700 1 -- 172.21.15.18:0/1580349548 --> [v2:172.21.15.18:3300/0,v1:172.21.15.18:6789/0] -- mon_command([{prefix=config set, name=mgr/cephadm/allow_ptrace}] v 0) v1 -- 0x7f9e3c0632a0 con 0x7f9e3c1021a0
2024-02-17T12:41:01.562 INFO:teuthology.orchestra.run.smithi018.stderr:2024-02-17T12:41:01.566+0000 7f9e327fc700 1 -- 172.21.15.18:0/1580349548 <== mon.0 v2:172.21.15.18:3300/0 7 ==== mon_command_ack([{prefix=config set, name=mgr/cephadm/allow_ptrace}]=0 v9)=0 v9) v1 ==== 125+0+0 (secure 0 0 0) 0x7f9e38026070 con 0x7f9e3c1021a0
2024-02-17T12:41:01.564 INFO:teuthology.orchestra.run.smithi018.stderr:2024-02-17T12:41:01.568+0000 7f9e43507700 1 -- 172.21.15.18:0/1580349548 >> [v2:172.21.15.18:6800/3026633658,v1:172.21.15.18:6801/3026633658] conn(0x7f9e28038f80 msgr2=0x7f9e2803b440 secure :-1 s=STATE_CONNECTION_ESTABLISHED l=1).mark_down
2024-02-17T12:41:01.564 INFO:teuthology.orchestra.run.smithi018.stderr:2024-02-17T12:41:01.568+0000 7f9e43507700 1 --2- 172.21.15.18:0/1580349548 >> [v2:172.21.15.18:6800/3026633658,v1:172.21.15.18:6801/3026633658] conn(0x7f9e28038f80 0x7f9e2803b440 secure :-1 s=READY pgs=12 cs=0 l=1 rev1=1 crypto rx=0x7f9e2c006fd0 tx=0x7f9e2c006e40 comp rx=0 tx=0).stop
2024-02-17T12:41:01.564 INFO:teuthology.orchestra.run.smithi018.stderr:2024-02-17T12:41:01.568+0000 7f9e43507700 1 -- 172.21.15.18:0/1580349548 >> [v2:172.21.15.18:3300/0,v1:172.21.15.18:6789/0] conn(0x7f9e3c1021a0 msgr2=0x7f9e3c101a20 secure :-1 s=STATE_CONNECTION_ESTABLISHED l=1).mark_down
2024-02-17T12:41:01.564 INFO:teuthology.orchestra.run.smithi018.stderr:2024-02-17T12:41:01.568+0000 7f9e43507700 1 --2- 172.21.15.18:0/1580349548 >> [v2:172.21.15.18:3300/0,v1:172.21.15.18:6789/0] conn(0x7f9e3c1021a0 0x7f9e3c101a20 secure :-1 s=READY pgs=81 cs=0 l=1 rev1=1 crypto rx=0x7f9e38005950 tx=0x7f9e38004ff0 comp rx=0 tx=0).stop
2024-02-17T12:41:01.565 INFO:teuthology.orchestra.run.smithi018.stderr:2024-02-17T12:41:01.568+0000 7f9e43507700 1 -- 172.21.15.18:0/1580349548 shutdown_connections
2024-02-17T12:41:01.565 INFO:teuthology.orchestra.run.smithi018.stderr:2024-02-17T12:41:01.568+0000 7f9e43507700 1 --2- 172.21.15.18:0/1580349548 >> [v2:172.21.15.18:6800/3026633658,v1:172.21.15.18:6801/3026633658] conn(0x7f9e28038f80 0x7f9e2803b440 unknown :-1 s=CLOSED pgs=12 cs=0 l=1 rev1=1 crypto rx=0 tx=0 comp rx=0 tx=0).stop
2024-02-17T12:41:01.565 INFO:teuthology.orchestra.run.smithi018.stderr:2024-02-17T12:41:01.568+0000 7f9e43507700 1 --2- 172.21.15.18:0/1580349548 >> [v2:172.21.15.18:3300/0,v1:172.21.15.18:6789/0] conn(0x7f9e3c1021a0 0x7f9e3c101a20 unknown :-1 s=CLOSED pgs=81 cs=0 l=1 rev1=1 crypto rx=0 tx=0 comp rx=0 tx=0).stop
2024-02-17T12:41:01.565 INFO:teuthology.orchestra.run.smithi018.stderr:2024-02-17T12:41:01.568+0000 7f9e43507700 1 -- 172.21.15.18:0/1580349548 >> 172.21.15.18:0/1580349548 conn(0x7f9e3c0fbb70 msgr2=0x7f9e3c0fc550 unknown :-1 s=STATE_NONE l=0).mark_down
2024-02-17T12:41:01.565 INFO:teuthology.orchestra.run.smithi018.stderr:2024-02-17T12:41:01.568+0000 7f9e43507700 1 -- 172.21.15.18:0/1580349548 shutdown_connections
2024-02-17T12:41:01.565 INFO:teuthology.orchestra.run.smithi018.stderr:2024-02-17T12:41:01.568+0000 7f9e43507700 1 -- 172.21.15.18:0/1580349548 wait complete.
2024-02-17T12:41:02.778 INFO:journalctl@ceph.mon.a.smithi018.stdout:Feb 17 12:41:02 smithi018 ceph-mon[32625]: from='client.? 172.21.15.18:0/1580349548' entity='client.admin'
2024-02-17T12:41:02.779 INFO:journalctl@ceph.mon.a.smithi018.stdout:Feb 17 12:41:02 smithi018 ceph-mon[32625]: from='mgr.14152 172.21.15.18:0/653921761' entity='mgr.x'
2024-02-17T12:41:02.779 INFO:journalctl@ceph.mon.a.smithi018.stdout:Feb 17 12:41:02 smithi018 ceph-mon[32625]: from='mgr.14152 172.21.15.18:0/653921761' entity='mgr.x'
2024-02-17T12:41:02.779 INFO:journalctl@ceph.mon.a.smithi018.stdout:Feb 17 12:41:02 smithi018 ceph-mon[32625]: from='mgr.14152 172.21.15.18:0/653921761' entity='mgr.x' cmd=[{"prefix": "config rm", "who": "osd/host:smithi018", "name": "osd_memory_target"}]: dispatch
2024-02-17T12:41:02.779 INFO:journalctl@ceph.mon.a.smithi018.stdout:Feb 17 12:41:02 smithi018 ceph-mon[32625]: from='mgr.14152 172.21.15.18:0/653921761' entity='mgr.x'
