2024-02-17T16:25:08.314 INFO:teuthology.orchestra.run.smithi073.stdout:/usr/bin/ceph: stderr
2024-02-17T16:25:07.556+0000 7fc129043700 1 -- 172.21.15.73:0/2764362709 shutdown_connections
2024-02-17T16:25:08.314 INFO:teuthology.orchestra.run.smithi073.stdout:/usr/bin/ceph: stderr
2024-02-17T16:25:07.556+0000 7fc129043700 1 -- 172.21.15.73:0/2764362709 wait complete.
2024-02-17T16:25:08.314 INFO:teuthology.orchestra.run.smithi073.stdout:/usr/bin/ceph: stderr
2024-02-17T16:25:07.557+0000 7fc129043700 1 Processor -- start
2024-02-17T16:25:08.314 INFO:teuthology.orchestra.run.smithi073.stdout:/usr/bin/ceph: stderr
2024-02-17T16:25:07.557+0000 7fc129043700 1 -- start start
2024-02-17T16:25:08.314 INFO:teuthology.orchestra.run.smithi073.stdout:/usr/bin/ceph: stderr
2024-02-17T16:25:07.557+0000 7fc129043700 1 --2- >> [v2:172.21.15.73:3300/0,v1:172.21.15.73:6789/0] conn(0x7fc124076be0 0x7fc124111840 unknown :-1 s=NONE pgs=0 cs=0 l=1 rev1=0 crypto rx=0 tx=0 comp rx=0 tx=0).connect
2024-02-17T16:25:08.315 INFO:teuthology.orchestra.run.smithi073.stdout:/usr/bin/ceph: stderr
2024-02-17T16:25:07.557+0000 7fc129043700 1 -- --> [v2:172.21.15.73:3300/0,v1:172.21.15.73:6789/0] -- mon_getmap magic: 0 v1 -- 0x7fc124111d80 con 0x7fc124076be0
2024-02-17T16:25:08.315 INFO:teuthology.orchestra.run.smithi073.stdout:/usr/bin/ceph: stderr
2024-02-17T16:25:07.557+0000 7fc122d9d700 1 --2- >> [v2:172.21.15.73:3300/0,v1:172.21.15.73:6789/0] conn(0x7fc124076be0 0x7fc124111840 unknown :-1 s=BANNER_CONNECTING pgs=0 cs=0 l=1 rev1=0 crypto rx=0 tx=0 comp rx=0 tx=0)._handle_peer_banner_payload supported=3 required=0
2024-02-17T16:25:08.315 INFO:teuthology.orchestra.run.smithi073.stdout:/usr/bin/ceph: stderr
2024-02-17T16:25:07.557+0000 7fc122d9d700 1 --2- >> [v2:172.21.15.73:3300/0,v1:172.21.15.73:6789/0] conn(0x7fc124076be0 0x7fc124111840 unknown :-1 s=HELLO_CONNECTING pgs=0 cs=0 l=1 rev1=1 crypto rx=0 tx=0 comp rx=0 tx=0).handle_hello peer v2:172.21.15.73:3300/0 says I am v2:172.21.15.73:48864/0 (socket says 172.21.15.73:48864)
2024-02-17T16:25:08.315 INFO:teuthology.orchestra.run.smithi073.stdout:/usr/bin/ceph: stderr
2024-02-17T16:25:07.557+0000 7fc122d9d700 1 -- 172.21.15.73:0/1855958344 learned_addr learned my addr 172.21.15.73:0/1855958344 (peer_addr_for_me v2:172.21.15.73:0/0)
2024-02-17T16:25:08.315 INFO:teuthology.orchestra.run.smithi073.stdout:/usr/bin/ceph: stderr
2024-02-17T16:25:07.558+0000 7fc122d9d700 1 -- 172.21.15.73:0/1855958344 --> [v2:172.21.15.73:3300/0,v1:172.21.15.73:6789/0] -- mon_subscribe({config=0+,monmap=0+}) v3 -- 0x7fc1140094f0 con 0x7fc124076be0
2024-02-17T16:25:08.315 INFO:teuthology.orchestra.run.smithi073.stdout:/usr/bin/ceph: stderr
2024-02-17T16:25:07.558+0000 7fc122d9d700 1 --2- 172.21.15.73:0/1855958344 >> [v2:172.21.15.73:3300/0,v1:172.21.15.73:6789/0] conn(0x7fc124076be0 0x7fc124111840 secure :-1 s=READY pgs=87 cs=0 l=1 rev1=1 crypto rx=0x7fc1140090b0 tx=0x7fc114009250 comp rx=0 tx=0).ready entity=mon.0 client_cookie=0 server_cookie=0 in_seq=0 out_seq=0
2024-02-17T16:25:08.315 INFO:teuthology.orchestra.run.smithi073.stdout:/usr/bin/ceph: stderr
2024-02-17T16:25:07.558+0000 7fc10b7fe700 1 -- 172.21.15.73:0/1855958344 <== mon.0 v2:172.21.15.73:3300/0 1 ==== mon_map magic: 0 v1 ==== 229+0+0 (secure 0 0 0) 0x7fc1140118f0 con 0x7fc124076be0
2024-02-17T16:25:08.315 INFO:teuthology.orchestra.run.smithi073.stdout:/usr/bin/ceph: stderr
2024-02-17T16:25:07.558+0000 7fc129043700 1 -- 172.21.15.73:0/1855958344 --> [v2:172.21.15.73:3300/0,v1:172.21.15.73:6789/0] -- mon_subscribe({mgrmap=0+}) v3 -- 0x7fc124111f80 con 0x7fc124076be0
2024-02-17T16:25:08.315 INFO:teuthology.orchestra.run.smithi073.stdout:/usr/bin/ceph: stderr
2024-02-17T16:25:07.558+0000 7fc10b7fe700 1 -- 172.21.15.73:0/1855958344 <== mon.0 v2:172.21.15.73:3300/0 2 ==== config(27 keys) v1 ==== 1109+0+0 (secure 0 0 0) 0x7fc114010d10 con 0x7fc124076be0
2024-02-17T16:25:08.315 INFO:teuthology.orchestra.run.smithi073.stdout:/usr/bin/ceph: stderr
2024-02-17T16:25:07.558+0000 7fc10b7fe700 1 -- 172.21.15.73:0/1855958344 <== mon.0 v2:172.21.15.73:3300/0 3 ==== mon_map magic: 0 v1 ==== 229+0+0 (secure 0 0 0) 0x7fc1140193c0 con 0x7fc124076be0
2024-02-17T16:25:08.315 INFO:teuthology.orchestra.run.smithi073.stdout:/usr/bin/ceph: stderr
2024-02-17T16:25:07.558+0000 7fc129043700 1 -- 172.21.15.73:0/1855958344 --> [v2:172.21.15.73:3300/0,v1:172.21.15.73:6789/0] -- mon_subscribe({osdmap=0}) v3 -- 0x7fc124112c20 con 0x7fc124076be0
2024-02-17T16:25:08.315 INFO:teuthology.orchestra.run.smithi073.stdout:/usr/bin/ceph: stderr
2024-02-17T16:25:07.559+0000 7fc10b7fe700 1 -- 172.21.15.73:0/1855958344 <== mon.0 v2:172.21.15.73:3300/0 4 ==== mgrmap(e 13) v1 ==== 43424+0+0 (secure 0 0 0) 0x7fc114019630 con 0x7fc124076be0
2024-02-17T16:25:08.315 INFO:teuthology.orchestra.run.smithi073.stdout:/usr/bin/ceph: stderr
2024-02-17T16:25:07.559+0000 7fc10b7fe700 1 --2- 172.21.15.73:0/1855958344 >> [v2:172.21.15.73:6800/1219496234,v1:172.21.15.73:6801/1219496234] conn(0x7fc10c036880 0x7fc10c038d30 unknown :-1 s=NONE pgs=0 cs=0 l=1 rev1=0 crypto rx=0 tx=0 comp rx=0 tx=0).connect
2024-02-17T16:25:08.316 INFO:teuthology.orchestra.run.smithi073.stdout:/usr/bin/ceph: stderr
2024-02-17T16:25:07.559+0000 7fc129043700 1 -- 172.21.15.73:0/1855958344 --> [v2:172.21.15.73:3300/0,v1:172.21.15.73:6789/0] -- mon_command({"prefix": "get_command_descriptions"} v 0) v1 -- 0x7fc12405f5c0 con 0x7fc124076be0
2024-02-17T16:25:08.316 INFO:teuthology.orchestra.run.smithi073.stdout:/usr/bin/ceph: stderr
2024-02-17T16:25:07.559+0000 7fc10b7fe700 1 -- 172.21.15.73:0/1855958344 <== mon.0 v2:172.21.15.73:3300/0 5 ==== osd_map(3..3 src has 1..3) v4 ==== 1151+0+0 (secure 0 0 0) 0x7fc11404aac0 con 0x7fc124076be0
2024-02-17T16:25:08.316 INFO:teuthology.orchestra.run.smithi073.stdout:/usr/bin/ceph: stderr
2024-02-17T16:25:07.559+0000 7fc12259c700 1 --2- 172.21.15.73:0/1855958344 >> [v2:172.21.15.73:6800/1219496234,v1:172.21.15.73:6801/1219496234] conn(0x7fc10c036880 0x7fc10c038d30 unknown :-1 s=BANNER_CONNECTING pgs=0 cs=0 l=1 rev1=0 crypto rx=0 tx=0 comp rx=0 tx=0)._handle_peer_banner_payload supported=3 required=0
2024-02-17T16:25:08.316 INFO:teuthology.orchestra.run.smithi073.stdout:/usr/bin/ceph: stderr
2024-02-17T16:25:07.559+0000 7fc12259c700 1 --2- 172.21.15.73:0/1855958344 >> [v2:172.21.15.73:6800/1219496234,v1:172.21.15.73:6801/1219496234] conn(0x7fc10c036880 0x7fc10c038d30 secure :-1 s=READY pgs=10 cs=0 l=1 rev1=1 crypto rx=0x7fc118009990 tx=0x7fc118006e40 comp rx=0 tx=0).ready entity=mgr.14162 client_cookie=0 server_cookie=0 in_seq=0 out_seq=0
2024-02-17T16:25:08.316 INFO:teuthology.orchestra.run.smithi073.stdout:/usr/bin/ceph: stderr
2024-02-17T16:25:07.563+0000 7fc10b7fe700 1 -- 172.21.15.73:0/1855958344 <== mon.0 v2:172.21.15.73:3300/0 6 ==== mon_command_ack([{"prefix": "get_command_descriptions"}]=0 v0) v1 ==== 72+0+175031 (secure 0 0 0) 0x7fc114022d70 con 0x7fc124076be0
2024-02-17T16:25:08.316 INFO:teuthology.orchestra.run.smithi073.stdout:/usr/bin/ceph: stderr
2024-02-17T16:25:07.745+0000 7fc129043700 1 -- 172.21.15.73:0/1855958344 --> [v2:172.21.15.73:3300/0,v1:172.21.15.73:6789/0] -- mon_command([{prefix=config set, name=osd_memory_target_autotune}] v 0) v1 -- 0x7fc124106930 con 0x7fc124076be0
2024-02-17T16:25:08.316 INFO:teuthology.orchestra.run.smithi073.stdout:/usr/bin/ceph: stderr
2024-02-17T16:25:07.746+0000 7fc10b7fe700 1 -- 172.21.15.73:0/1855958344 <== mon.0 v2:172.21.15.73:3300/0 7 ==== mon_command_ack([{prefix=config set, name=osd_memory_target_autotune}]=0 v8)=0 v8) v1 ==== 127+0+0 (secure 0 0 0) 0x7fc114020240 con 0x7fc124076be0
2024-02-17T16:25:08.316 INFO:teuthology.orchestra.run.smithi073.stdout:/usr/bin/ceph: stderr
2024-02-17T16:25:07.747+0000 7fc129043700 1 -- 172.21.15.73:0/1855958344 >> [v2:172.21.15.73:6800/1219496234,v1:172.21.15.73:6801/1219496234] conn(0x7fc10c036880 msgr2=0x7fc10c038d30 secure :-1 s=STATE_CONNECTION_ESTABLISHED l=1).mark_down
2024-02-17T16:25:08.316 INFO:teuthology.orchestra.run.smithi073.stdout:/usr/bin/ceph: stderr
2024-02-17T16:25:07.747+0000 7fc129043700 1 --2- 172.21.15.73:0/1855958344 >> [v2:172.21.15.73:6800/1219496234,v1:172.21.15.73:6801/1219496234] conn(0x7fc10c036880 0x7fc10c038d30 secure :-1 s=READY pgs=10 cs=0 l=1 rev1=1 crypto rx=0x7fc118009990 tx=0x7fc118006e40 comp rx=0 tx=0).stop
2024-02-17T16:25:08.316 INFO:teuthology.orchestra.run.smithi073.stdout:/usr/bin/ceph: stderr
2024-02-17T16:25:07.747+0000 7fc129043700 1 -- 172.21.15.73:0/1855958344 >> [v2:172.21.15.73:3300/0,v1:172.21.15.73:6789/0] conn(0x7fc124076be0 msgr2=0x7fc124111840 secure :-1 s=STATE_CONNECTION_ESTABLISHED l=1).mark_down
2024-02-17T16:25:08.316 INFO:teuthology.orchestra.run.smithi073.stdout:/usr/bin/ceph: stderr
2024-02-17T16:25:07.747+0000 7fc129043700 1 --2- 172.21.15.73:0/1855958344 >> [v2:172.21.15.73:3300/0,v1:172.21.15.73:6789/0] conn(0x7fc124076be0 0x7fc124111840 secure :-1 s=READY pgs=87 cs=0 l=1 rev1=1 crypto rx=0x7fc1140090b0 tx=0x7fc114009250 comp rx=0 tx=0).stop
2024-02-17T16:25:08.316 INFO:teuthology.orchestra.run.smithi073.stdout:/usr/bin/ceph: stderr
2024-02-17T16:25:07.748+0000 7fc129043700 1 -- 172.21.15.73:0/1855958344 shutdown_connections
2024-02-17T16:25:08.316 INFO:teuthology.orchestra.run.smithi073.stdout:/usr/bin/ceph: stderr
2024-02-17T16:25:07.748+0000 7fc129043700 1 --2- 172.21.15.73:0/1855958344 >> [v2:172.21.15.73:6800/1219496234,v1:172.21.15.73:6801/1219496234] conn(0x7fc10c036880 0x7fc10c038d30 unknown :-1 s=CLOSED pgs=10 cs=0 l=1 rev1=1 crypto rx=0 tx=0 comp rx=0 tx=0).stop
2024-02-17T16:25:08.317 INFO:teuthology.orchestra.run.smithi073.stdout:/usr/bin/ceph: stderr
2024-02-17T16:25:07.748+0000 7fc129043700 1 --2- 172.21.15.73:0/1855958344 >> [v2:172.21.15.73:3300/0,v1:172.21.15.73:6789/0] conn(0x7fc124076be0 0x7fc124111840 unknown :-1 s=CLOSED pgs=87 cs=0 l=1 rev1=1 crypto rx=0 tx=0 comp rx=0 tx=0).stop
2024-02-17T16:25:08.317 INFO:teuthology.orchestra.run.smithi073.stdout:/usr/bin/ceph: stderr
2024-02-17T16:25:07.748+0000 7fc129043700 1 -- 172.21.15.73:0/1855958344 >> 172.21.15.73:0/1855958344 conn(0x7fc1240fcdd0 msgr2=0x7fc1240ff090 unknown :-1 s=STATE_NONE l=0).mark_down
2024-02-17T16:25:08.317 INFO:teuthology.orchestra.run.smithi073.stdout:/usr/bin/ceph: stderr
2024-02-17T16:25:07.748+0000 7fc129043700 1 -- 172.21.15.73:0/1855958344 shutdown_connections
2024-02-17T16:25:08.317 INFO:teuthology.orchestra.run.smithi073.stdout:/usr/bin/ceph: stderr
2024-02-17T16:25:07.748+0000 7fc129043700 1 -- 172.21.15.73:0/1855958344 wait complete.
2024-02-17T16:25:09.581 INFO:teuthology.orchestra.run.smithi073.stdout:/usr/bin/ceph: stderr
2024-02-17T16:25:08.707+0000 7fb9f467d700 1 Processor -- start
2024-02-17T16:25:09.581 INFO:teuthology.orchestra.run.smithi073.stdout:/usr/bin/ceph: stderr
2024-02-17T16:25:08.707+0000 7fb9f467d700 1 -- start start
2024-02-17T16:25:09.581 INFO:teuthology.orchestra.run.smithi073.stdout:/usr/bin/ceph: stderr
2024-02-17T16:25:08.707+0000 7fb9f467d700 1 --2- >> [v2:172.21.15.73:3300/0,v1:172.21.15.73:6789/0] conn(0x7fb9ec102770 0x7fb9ec102b80 unknown :-1 s=NONE pgs=0 cs=0 l=0 rev1=0 crypto rx=0 tx=0 comp rx=0 tx=0).connect
2024-02-17T16:25:09.581 INFO:teuthology.orchestra.run.smithi073.stdout:/usr/bin/ceph: stderr
2024-02-17T16:25:08.707+0000 7fb9f467d700 1 -- --> [v2:172.21.15.73:3300/0,v1:172.21.15.73:6789/0] -- mon_getmap magic: 0 v1 -- 0x7fb9ec1030c0 con 0x7fb9ec102770
2024-02-17T16:25:09.581 INFO:teuthology.orchestra.run.smithi073.stdout:/usr/bin/ceph: stderr
2024-02-17T16:25:08.707+0000 7fb9f2419700 1 --2- >> [v2:172.21.15.73:3300/0,v1:172.21.15.73:6789/0] conn(0x7fb9ec102770 0x7fb9ec102b80 unknown :-1 s=BANNER_CONNECTING pgs=0 cs=0 l=0 rev1=0 crypto rx=0 tx=0 comp rx=0 tx=0)._handle_peer_banner_payload supported=3 required=0
2024-02-17T16:25:09.581 INFO:teuthology.orchestra.run.smithi073.stdout:/usr/bin/ceph: stderr
2024-02-17T16:25:08.707+0000 7fb9f2419700 1 --2- >> [v2:172.21.15.73:3300/0,v1:172.21.15.73:6789/0] conn(0x7fb9ec102770 0x7fb9ec102b80 unknown :-1 s=HELLO_CONNECTING pgs=0 cs=0 l=0 rev1=1 crypto rx=0 tx=0 comp rx=0 tx=0).handle_hello peer v2:172.21.15.73:3300/0 says I am v2:172.21.15.73:53872/0 (socket says 172.21.15.73:53872)
2024-02-17T16:25:09.581 INFO:teuthology.orchestra.run.smithi073.stdout:/usr/bin/ceph: stderr
2024-02-17T16:25:08.707+0000 7fb9f2419700 1 -- 172.21.15.73:0/1462862140 learned_addr learned my addr 172.21.15.73:0/1462862140 (peer_addr_for_me v2:172.21.15.73:0/0)
2024-02-17T16:25:09.581 INFO:teuthology.orchestra.run.smithi073.stdout:/usr/bin/ceph: stderr
2024-02-17T16:25:08.707+0000 7fb9f2419700 1 -- 172.21.15.73:0/1462862140 --> [v2:172.21.15.73:3300/0,v1:172.21.15.73:6789/0] -- mon_subscribe({config=0+,monmap=0+}) v3 -- 0x7fb9ec103200 con 0x7fb9ec102770
2024-02-17T16:25:09.581 INFO:teuthology.orchestra.run.smithi073.stdout:/usr/bin/ceph: stderr
2024-02-17T16:25:08.708+0000 7fb9f2419700 1 --2- 172.21.15.73:0/1462862140 >> [v2:172.21.15.73:3300/0,v1:172.21.15.73:6789/0] conn(0x7fb9ec102770 0x7fb9ec102b80 secure :-1 s=READY pgs=88 cs=0 l=1 rev1=1 crypto rx=0x7fb9e80098e0 tx=0x7fb9e8009250 comp rx=0 tx=0).ready entity=mon.0 client_cookie=eeb9381ac943cfd0 server_cookie=0 in_seq=0 out_seq=0
2024-02-17T16:25:09.581 INFO:teuthology.orchestra.run.smithi073.stdout:/usr/bin/ceph: stderr
2024-02-17T16:25:08.708+0000 7fb9f1417700 1 -- 172.21.15.73:0/1462862140 <== mon.0 v2:172.21.15.73:3300/0 1 ==== mon_map magic: 0 v1 ==== 229+0+0 (secure 0 0 0) 0x7fb9e800b860 con 0x7fb9ec102770
2024-02-17T16:25:09.581 INFO:teuthology.orchestra.run.smithi073.stdout:/usr/bin/ceph: stderr
2024-02-17T16:25:08.708+0000 7fb9f1417700 1 -- 172.21.15.73:0/1462862140 <== mon.0 v2:172.21.15.73:3300/0 2 ==== config(27 keys) v1 ==== 1109+0+0 (secure 0 0 0) 0x7fb9e800be90 con 0x7fb9ec102770
2024-02-17T16:25:09.582 INFO:teuthology.orchestra.run.smithi073.stdout:/usr/bin/ceph: stderr
2024-02-17T16:25:08.708+0000 7fb9f1417700 1 -- 172.21.15.73:0/1462862140 <== mon.0 v2:172.21.15.73:3300/0 3 ==== mon_map magic: 0 v1 ==== 229+0+0 (secure 0 0 0) 0x7fb9e80103c0 con 0x7fb9ec102770
2024-02-17T16:25:09.582 INFO:teuthology.orchestra.run.smithi073.stdout:/usr/bin/ceph: stderr
2024-02-17T16:25:08.708+0000 7fb9f467d700 1 -- 172.21.15.73:0/1462862140 >> [v2:172.21.15.73:3300/0,v1:172.21.15.73:6789/0] conn(0x7fb9ec102770 msgr2=0x7fb9ec102b80 secure :-1 s=STATE_CONNECTION_ESTABLISHED l=1).mark_down
2024-02-17T16:25:09.582 INFO:teuthology.orchestra.run.smithi073.stdout:/usr/bin/ceph: stderr
2024-02-17T16:25:08.708+0000 7fb9f467d700 1 --2- 172.21.15.73:0/1462862140 >> [v2:172.21.15.73:3300/0,v1:172.21.15.73:6789/0] conn(0x7fb9ec102770 0x7fb9ec102b80 secure :-1 s=READY pgs=88 cs=0 l=1 rev1=1 crypto rx=0x7fb9e80098e0 tx=0x7fb9e8009250 comp rx=0 tx=0).stop
2024-02-17T16:25:09.582 INFO:teuthology.orchestra.run.smithi073.stdout:/usr/bin/ceph: stderr
2024-02-17T16:25:08.708+0000 7fb9f467d700 1 -- 172.21.15.73:0/1462862140 shutdown_connections
2024-02-17T16:25:09.582 INFO:teuthology.orchestra.run.smithi073.stdout:/usr/bin/ceph: stderr
2024-02-17T16:25:08.708+0000 7fb9f467d700 1 --2- 172.21.15.73:0/1462862140 >> [v2:172.21.15.73:3300/0,v1:172.21.15.73:6789/0] conn(0x7fb9ec102770 0x7fb9ec102b80 unknown :-1 s=CLOSED pgs=88 cs=0 l=1 rev1=1 crypto rx=0 tx=0 comp rx=0 tx=0).stop
2024-02-17T16:25:09.582 INFO:teuthology.orchestra.run.smithi073.stdout:/usr/bin/ceph: stderr
2024-02-17T16:25:08.708+0000 7fb9f467d700 1 -- 172.21.15.73:0/1462862140 >> 172.21.15.73:0/1462862140 conn(0x7fb9ec0fded0 msgr2=0x7fb9ec100300 unknown :-1 s=STATE_NONE l=0).mark_down
2024-02-17T16:25:09.582 INFO:teuthology.orchestra.run.smithi073.stdout:/usr/bin/ceph: stderr
2024-02-17T16:25:08.708+0000 7fb9f467d700 1 -- 172.21.15.73:0/1462862140 shutdown_connections
2024-02-17T16:25:09.582 INFO:teuthology.orchestra.run.smithi073.stdout:/usr/bin/ceph: stderr
2024-02-17T16:25:08.709+0000 7fb9f467d700 1 -- 172.21.15.73:0/1462862140 wait complete.
2024-02-17T16:25:09.582 INFO:teuthology.orchestra.run.smithi073.stdout:/usr/bin/ceph: stderr
2024-02-17T16:25:08.709+0000 7fb9f467d700 1 Processor -- start
2024-02-17T16:25:09.582 INFO:teuthology.orchestra.run.smithi073.stdout:/usr/bin/ceph: stderr
2024-02-17T16:25:08.709+0000 7fb9f467d700 1 -- start start
2024-02-17T16:25:09.582 INFO:teuthology.orchestra.run.smithi073.stdout:/usr/bin/ceph: stderr
2024-02-17T16:25:08.709+0000 7fb9f467d700 1 --2- >> [v2:172.21.15.73:3300/0,v1:172.21.15.73:6789/0] conn(0x7fb9ec102770 0x7fb9ec1115c0 unknown :-1 s=NONE pgs=0 cs=0 l=1 rev1=0 crypto rx=0 tx=0 comp rx=0 tx=0).connect
2024-02-17T16:25:09.582 INFO:teuthology.orchestra.run.smithi073.stdout:/usr/bin/ceph: stderr
2024-02-17T16:25:08.709+0000 7fb9f467d700 1 -- --> [v2:172.21.15.73:3300/0,v1:172.21.15.73:6789/0] -- mon_getmap magic: 0 v1 -- 0x7fb9ec111b00 con 0x7fb9ec102770
2024-02-17T16:25:09.582 INFO:teuthology.orchestra.run.smithi073.stdout:/usr/bin/ceph: stderr
2024-02-17T16:25:08.709+0000 7fb9f2419700 1 --2- >> [v2:172.21.15.73:3300/0,v1:172.21.15.73:6789/0] conn(0x7fb9ec102770 0x7fb9ec1115c0 unknown :-1 s=BANNER_CONNECTING pgs=0 cs=0 l=1 rev1=0 crypto rx=0 tx=0 comp rx=0 tx=0)._handle_peer_banner_payload supported=3 required=0
2024-02-17T16:25:09.583 INFO:teuthology.orchestra.run.smithi073.stdout:/usr/bin/ceph: stderr
2024-02-17T16:25:08.709+0000 7fb9f2419700 1 --2- >> [v2:172.21.15.73:3300/0,v1:172.21.15.73:6789/0] conn(0x7fb9ec102770 0x7fb9ec1115c0 unknown :-1 s=HELLO_CONNECTING pgs=0 cs=0 l=1 rev1=1 crypto rx=0 tx=0 comp rx=0 tx=0).handle_hello peer v2:172.21.15.73:3300/0 says I am v2:172.21.15.73:53884/0 (socket says 172.21.15.73:53884)
2024-02-17T16:25:09.583 INFO:teuthology.orchestra.run.smithi073.stdout:/usr/bin/ceph: stderr
2024-02-17T16:25:08.709+0000 7fb9f2419700 1 -- 172.21.15.73:0/4245831701 learned_addr learned my addr 172.21.15.73:0/4245831701 (peer_addr_for_me v2:172.21.15.73:0/0)
2024-02-17T16:25:09.583 INFO:teuthology.orchestra.run.smithi073.stdout:/usr/bin/ceph: stderr
2024-02-17T16:25:08.709+0000 7fb9f2419700 1 -- 172.21.15.73:0/4245831701 --> [v2:172.21.15.73:3300/0,v1:172.21.15.73:6789/0] -- mon_subscribe({config=0+,monmap=0+}) v3 -- 0x7fb9e80094f0 con 0x7fb9ec102770
2024-02-17T16:25:09.583 INFO:teuthology.orchestra.run.smithi073.stdout:/usr/bin/ceph: stderr
2024-02-17T16:25:08.710+0000 7fb9f2419700 1 --2- 172.21.15.73:0/4245831701 >> [v2:172.21.15.73:3300/0,v1:172.21.15.73:6789/0] conn(0x7fb9ec102770 0x7fb9ec1115c0 secure :-1 s=READY pgs=89 cs=0 l=1 rev1=1 crypto rx=0x7fb9e80090b0 tx=0x7fb9e8009250 comp rx=0 tx=0).ready entity=mon.0 client_cookie=0 server_cookie=0 in_seq=0 out_seq=0
2024-02-17T16:25:09.583 INFO:teuthology.orchestra.run.smithi073.stdout:/usr/bin/ceph: stderr
2024-02-17T16:25:08.710+0000 7fb9e2ffd700 1 -- 172.21.15.73:0/4245831701 <== mon.0 v2:172.21.15.73:3300/0 1 ==== mon_map magic: 0 v1 ==== 229+0+0 (secure 0 0 0) 0x7fb9e8010840 con 0x7fb9ec102770
2024-02-17T16:25:09.583 INFO:teuthology.orchestra.run.smithi073.stdout:/usr/bin/ceph: stderr
2024-02-17T16:25:08.710+0000 7fb9e2ffd700 1 -- 172.21.15.73:0/4245831701 <== mon.0 v2:172.21.15.73:3300/0 2 ==== config(27 keys) v1 ==== 1109+0+0 (secure 0 0 0) 0x7fb9e8010e70 con 0x7fb9ec102770
2024-02-17T16:25:09.583 INFO:teuthology.orchestra.run.smithi073.stdout:/usr/bin/ceph: stderr
2024-02-17T16:25:08.710+0000 7fb9f467d700 1 -- 172.21.15.73:0/4245831701 --> [v2:172.21.15.73:3300/0,v1:172.21.15.73:6789/0] -- mon_subscribe({mgrmap=0+}) v3 -- 0x7fb9ec111d00 con 0x7fb9ec102770
2024-02-17T16:25:09.583 INFO:teuthology.orchestra.run.smithi073.stdout:/usr/bin/ceph: stderr
2024-02-17T16:25:08.710+0000 7fb9e2ffd700 1 -- 172.21.15.73:0/4245831701 <== mon.0 v2:172.21.15.73:3300/0 3 ==== mon_map magic: 0 v1 ==== 229+0+0 (secure 0 0 0) 0x7fb9e8024e40 con 0x7fb9ec102770
2024-02-17T16:25:09.583 INFO:teuthology.orchestra.run.smithi073.stdout:/usr/bin/ceph: stderr
2024-02-17T16:25:08.710+0000 7fb9f467d700 1 -- 172.21.15.73:0/4245831701 --> [v2:172.21.15.73:3300/0,v1:172.21.15.73:6789/0] -- mon_subscribe({osdmap=0}) v3 -- 0x7fb9ec1129a0 con 0x7fb9ec102770
2024-02-17T16:25:09.583 INFO:teuthology.orchestra.run.smithi073.stdout:/usr/bin/ceph: stderr
2024-02-17T16:25:08.711+0000 7fb9e2ffd700 1 -- 172.21.15.73:0/4245831701 <== mon.0 v2:172.21.15.73:3300/0 4 ==== mgrmap(e 13) v1 ==== 43424+0+0 (secure 0 0 0) 0x7fb9e801a4c0 con 0x7fb9ec102770
2024-02-17T16:25:09.583 INFO:teuthology.orchestra.run.smithi073.stdout:/usr/bin/ceph: stderr
2024-02-17T16:25:08.711+0000 7fb9f467d700 1 -- 172.21.15.73:0/4245831701 --> [v2:172.21.15.73:3300/0,v1:172.21.15.73:6789/0] -- mon_command({"prefix": "get_command_descriptions"} v 0) v1 -- 0x7fb9ec05f5c0 con 0x7fb9ec102770
2024-02-17T16:25:09.583 INFO:teuthology.orchestra.run.smithi073.stdout:/usr/bin/ceph: stderr
2024-02-17T16:25:08.711+0000 7fb9e2ffd700 1 --2- 172.21.15.73:0/4245831701 >> [v2:172.21.15.73:6800/1219496234,v1:172.21.15.73:6801/1219496234] conn(0x7fb9d8036880 0x7fb9d8038d30 unknown :-1 s=NONE pgs=0 cs=0 l=1 rev1=0 crypto rx=0 tx=0 comp rx=0 tx=0).connect
2024-02-17T16:25:09.583 INFO:teuthology.orchestra.run.smithi073.stdout:/usr/bin/ceph: stderr
2024-02-17T16:25:08.711+0000 7fb9e2ffd700 1 -- 172.21.15.73:0/4245831701 <== mon.0 v2:172.21.15.73:3300/0 5 ==== osd_map(3..3 src has 1..3) v4 ==== 1151+0+0 (secure 0 0 0) 0x7fb9e804aa60 con 0x7fb9ec102770
2024-02-17T16:25:09.584 INFO:teuthology.orchestra.run.smithi073.stdout:/usr/bin/ceph: stderr
2024-02-17T16:25:08.711+0000 7fb9f1c18700 1 --2- 172.21.15.73:0/4245831701 >> [v2:172.21.15.73:6800/1219496234,v1:172.21.15.73:6801/1219496234] conn(0x7fb9d8036880 0x7fb9d8038d30 unknown :-1 s=BANNER_CONNECTING pgs=0 cs=0 l=1 rev1=0 crypto rx=0 tx=0 comp rx=0 tx=0)._handle_peer_banner_payload supported=3 required=0
2024-02-17T16:25:09.584 INFO:teuthology.orchestra.run.smithi073.stdout:/usr/bin/ceph: stderr
2024-02-17T16:25:08.711+0000 7fb9f1c18700 1 --2- 172.21.15.73:0/4245831701 >> [v2:172.21.15.73:6800/1219496234,v1:172.21.15.73:6801/1219496234] conn(0x7fb9d8036880 0x7fb9d8038d30 secure :-1 s=READY pgs=11 cs=0 l=1 rev1=1 crypto rx=0x7fb9dc009990 tx=0x7fb9dc006e40 comp rx=0 tx=0).ready entity=mgr.14162 client_cookie=0 server_cookie=0 in_seq=0 out_seq=0
2024-02-17T16:25:09.584 INFO:teuthology.orchestra.run.smithi073.stdout:/usr/bin/ceph: stderr
2024-02-17T16:25:08.715+0000 7fb9e2ffd700 1 -- 172.21.15.73:0/4245831701 <== mon.0 v2:172.21.15.73:3300/0 6 ==== mon_command_ack([{"prefix": "get_command_descriptions"}]=0 v0) v1 ==== 72+0+175031 (secure 0 0 0) 0x7fb9e8018940 con 0x7fb9ec102770
2024-02-17T16:25:09.584 INFO:teuthology.orchestra.run.smithi073.stdout:/usr/bin/ceph: stderr
2024-02-17T16:25:08.999+0000 7fb9f467d700 1 -- 172.21.15.73:0/4245831701 --> [v2:172.21.15.73:3300/0,v1:172.21.15.73:6789/0] -- mon_command([{prefix=config-key set, key=mgr/dashboard/cluster/status}] v 0) v1 -- 0x7fb9ec04bed0 con 0x7fb9ec102770
2024-02-17T16:25:09.584 INFO:teuthology.orchestra.run.smithi073.stdout:/usr/bin/ceph: stderr
2024-02-17T16:25:09.001+0000 7fb9e2ffd700 1 -- 172.21.15.73:0/4245831701 <== mon.0 v2:172.21.15.73:3300/0 7 ==== mon_command_ack([{prefix=config-key set, key=mgr/dashboard/cluster/status}]=0 set mgr/dashboard/cluster/status v33)=0 set mgr/dashboard/cluster/status v33) v1 ==== 153+0+0 (secure 0 0 0) 0x7fb9e8018350 con 0x7fb9ec102770
2024-02-17T16:25:09.584 INFO:teuthology.orchestra.run.smithi073.stdout:/usr/bin/ceph: stderr
2024-02-17T16:25:09.003+0000 7fb9f467d700 1 -- 172.21.15.73:0/4245831701 >> [v2:172.21.15.73:6800/1219496234,v1:172.21.15.73:6801/1219496234] conn(0x7fb9d8036880 msgr2=0x7fb9d8038d30 secure :-1 s=STATE_CONNECTION_ESTABLISHED l=1).mark_down
2024-02-17T16:25:09.584 INFO:teuthology.orchestra.run.smithi073.stdout:/usr/bin/ceph: stderr
2024-02-17T16:25:09.003+0000 7fb9f467d700 1 --2- 172.21.15.73:0/4245831701 >> [v2:172.21.15.73:6800/1219496234,v1:172.21.15.73:6801/1219496234] conn(0x7fb9d8036880 0x7fb9d8038d30 secure :-1 s=READY pgs=11 cs=0 l=1 rev1=1 crypto rx=0x7fb9dc009990 tx=0x7fb9dc006e40 comp rx=0 tx=0).stop
2024-02-17T16:25:09.584 INFO:teuthology.orchestra.run.smithi073.stdout:/usr/bin/ceph: stderr
2024-02-17T16:25:09.003+0000 7fb9f467d700 1 -- 172.21.15.73:0/4245831701 >> [v2:172.21.15.73:3300/0,v1:172.21.15.73:6789/0] conn(0x7fb9ec102770 msgr2=0x7fb9ec1115c0 secure :-1 s=STATE_CONNECTION_ESTABLISHED l=1).mark_down
2024-02-17T16:25:09.584 INFO:teuthology.orchestra.run.smithi073.stdout:/usr/bin/ceph: stderr
2024-02-17T16:25:09.003+0000 7fb9f467d700 1 --2- 172.21.15.73:0/4245831701 >> [v2:172.21.15.73:3300/0,v1:172.21.15.73:6789/0] conn(0x7fb9ec102770 0x7fb9ec1115c0 secure :-1 s=READY pgs=89 cs=0 l=1 rev1=1 crypto rx=0x7fb9e80090b0 tx=0x7fb9e8009250 comp rx=0 tx=0).stop
2024-02-17T16:25:09.584 INFO:teuthology.orchestra.run.smithi073.stdout:/usr/bin/ceph: stderr
2024-02-17T16:25:09.003+0000 7fb9f467d700 1 -- 172.21.15.73:0/4245831701 shutdown_connections
2024-02-17T16:25:09.584 INFO:teuthology.orchestra.run.smithi073.stdout:/usr/bin/ceph: stderr
2024-02-17T16:25:09.003+0000 7fb9f467d700 1 --2- 172.21.15.73:0/4245831701 >> [v2:172.21.15.73:6800/1219496234,v1:172.21.15.73:6801/1219496234] conn(0x7fb9d8036880 0x7fb9d8038d30 unknown :-1 s=CLOSED pgs=11 cs=0 l=1 rev1=1 crypto rx=0 tx=0 comp rx=0 tx=0).stop
2024-02-17T16:25:09.584 INFO:teuthology.orchestra.run.smithi073.stdout:/usr/bin/ceph: stderr
2024-02-17T16:25:09.003+0000 7fb9f467d700 1 --2- 172.21.15.73:0/4245831701 >> [v2:172.21.15.73:3300/0,v1:172.21.15.73:6789/0] conn(0x7fb9ec102770 0x7fb9ec1115c0 unknown :-1 s=CLOSED pgs=89 cs=0 l=1 rev1=1 crypto rx=0 tx=0 comp rx=0 tx=0).stop
2024-02-17T16:25:09.585 INFO:teuthology.orchestra.run.smithi073.stdout:/usr/bin/ceph: stderr
2024-02-17T16:25:09.003+0000 7fb9f467d700 1 -- 172.21.15.73:0/4245831701 >> 172.21.15.73:0/4245831701 conn(0x7fb9ec0fded0 msgr2=0x7fb9ec0ff5b0 unknown :-1 s=STATE_NONE l=0).mark_down
2024-02-17T16:25:09.585 INFO:teuthology.orchestra.run.smithi073.stdout:/usr/bin/ceph: stderr
2024-02-17T16:25:09.003+0000 7fb9f467d700 1 -- 172.21.15.73:0/4245831701 shutdown_connections
2024-02-17T16:25:09.585 INFO:teuthology.orchestra.run.smithi073.stdout:/usr/bin/ceph: stderr
2024-02-17T16:25:09.003+0000 7fb9f467d700 1 -- 172.21.15.73:0/4245831701 wait complete.
2024-02-17T16:25:09.585 INFO:teuthology.orchestra.run.smithi073.stdout:/usr/bin/ceph: stderr set mgr/dashboard/cluster/status
2024-02-17T16:25:09.585 INFO:teuthology.orchestra.run.smithi073.stdout:You can access the Ceph CLI as following in case of multi-cluster or non-default config:
2024-02-17T16:25:09.585 INFO:teuthology.orchestra.run.smithi073.stdout:
2024-02-17T16:25:09.585 INFO:teuthology.orchestra.run.smithi073.stdout: sudo /home/ubuntu/cephtest/cephadm shell --fsid dc09c748-cdb0-11ee-95ba-87774f69a715 -c /etc/ceph/ceph.conf -k /etc/ceph/ceph.client.admin.keyring
2024-02-17T16:25:09.585 INFO:teuthology.orchestra.run.smithi073.stdout:
2024-02-17T16:25:09.585 INFO:teuthology.orchestra.run.smithi073.stdout:Or, if you are only running a single cluster on this host:
2024-02-17T16:25:09.585 INFO:teuthology.orchestra.run.smithi073.stdout:
2024-02-17T16:25:09.585 INFO:teuthology.orchestra.run.smithi073.stdout: sudo /home/ubuntu/cephtest/cephadm shell
2024-02-17T16:25:09.585 INFO:teuthology.orchestra.run.smithi073.stdout:
2024-02-17T16:25:09.585 INFO:teuthology.orchestra.run.smithi073.stdout:Please consider enabling telemetry to help improve Ceph:
2024-02-17T16:25:09.585 INFO:teuthology.orchestra.run.smithi073.stdout:
2024-02-17T16:25:09.586 INFO:teuthology.orchestra.run.smithi073.stdout: ceph telemetry on
2024-02-17T16:25:09.586 INFO:teuthology.orchestra.run.smithi073.stdout:
2024-02-17T16:25:09.586 INFO:teuthology.orchestra.run.smithi073.stdout:For more information see:
2024-02-17T16:25:09.586 INFO:teuthology.orchestra.run.smithi073.stdout:
2024-02-17T16:25:09.586 INFO:teuthology.orchestra.run.smithi073.stdout: https://docs.ceph.com/docs/master/mgr/telemetry/
2024-02-17T16:25:09.586 INFO:teuthology.orchestra.run.smithi073.stdout:
2024-02-17T16:25:09.586 INFO:teuthology.orchestra.run.smithi073.stdout:Bootstrap complete.
2024-02-17T16:25:09.616 INFO:tasks.cephadm:Fetching config...
2024-02-17T16:25:09.616 DEBUG:teuthology.orchestra.run.smithi073:> set -ex
2024-02-17T16:25:09.616 DEBUG:teuthology.orchestra.run.smithi073:> dd if=/etc/ceph/ceph.conf of=/dev/stdout
2024-02-17T16:25:09.672 INFO:tasks.cephadm:Fetching client.admin keyring...
2024-02-17T16:25:09.672 DEBUG:teuthology.orchestra.run.smithi073:> set -ex
2024-02-17T16:25:09.672 DEBUG:teuthology.orchestra.run.smithi073:> dd if=/etc/ceph/ceph.client.admin.keyring of=/dev/stdout
2024-02-17T16:25:09.727 INFO:tasks.cephadm:Fetching mon keyring...
2024-02-17T16:25:09.727 DEBUG:teuthology.orchestra.run.smithi073:> set -ex
2024-02-17T16:25:09.727 DEBUG:teuthology.orchestra.run.smithi073:> sudo dd if=/var/lib/ceph/dc09c748-cdb0-11ee-95ba-87774f69a715/mon.smithi073/keyring of=/dev/stdout
2024-02-17T16:25:09.801 INFO:tasks.cephadm:Fetching pub ssh key...
2024-02-17T16:25:09.801 DEBUG:teuthology.orchestra.run.smithi073:> set -ex
2024-02-17T16:25:09.802 DEBUG:teuthology.orchestra.run.smithi073:> dd if=/home/ubuntu/cephtest/ceph.pub of=/dev/stdout
2024-02-17T16:25:09.857 INFO:tasks.cephadm:Installing pub ssh key for root users...
2024-02-17T16:25:09.858 DEBUG:teuthology.orchestra.run.smithi073:> sudo install -d -m 0700 /root/.ssh && echo 'ssh-rsa AAAAB3NzaC1yc2EAAAADAQABAAABgQDRjJX5gwnGE1a6G1Hvv7WIXAPZcwLjU+57AdWmYuWvPvcs19LCpqmyBYWFlgPHEb9Rvhsg47ipPH9r+LWWFzXLCcVP8jHZxstJUg1rsclagLYisjdeYgDCyT9pnsy2u/O8E49AJNn4Y1/GjVpQTWhsrknI2rFWALG1jsPIniHLtNT65hIcu9npb819dhdJgsF8dW8AE1r9SzfWjCSN7KSBLJu8Ef3v5HA5szb2tZzOlbYdfeReW1dKGIwLuxFgyoJTQahEQc4XM8Uqf0osozyQErhfIlaH8E4YyF8faK7BZTvYdokv4ORi4XgQIIYrCDcrHlF6XG5Ercgcp7l5tPysgl2WbwFMyr0SPgFnbtERolSOY6DwNQfES1KjgCsis39+GMbIJqaWqcx6V0qcKvTCfdrSHKEa6x3RBYIygbTfbXE/acZxo7az2Wwf895COGfdfA6qNC57P0LNzpDGzN8NNo2/e10V91FbaWshjFsrE+h8d2VgdygHtJkWorWYZg8= ceph-dc09c748-cdb0-11ee-95ba-87774f69a715' | sudo tee -a /root/.ssh/authorized_keys && sudo chmod 0600 /root/.ssh/authorized_keys
2024-02-17T16:25:09.938 INFO:teuthology.orchestra.run.smithi073.stdout:ssh-rsa AAAAB3NzaC1yc2EAAAADAQABAAABgQDRjJX5gwnGE1a6G1Hvv7WIXAPZcwLjU+57AdWmYuWvPvcs19LCpqmyBYWFlgPHEb9Rvhsg47ipPH9r+LWWFzXLCcVP8jHZxstJUg1rsclagLYisjdeYgDCyT9pnsy2u/O8E49AJNn4Y1/GjVpQTWhsrknI2rFWALG1jsPIniHLtNT65hIcu9npb819dhdJgsF8dW8AE1r9SzfWjCSN7KSBLJu8Ef3v5HA5szb2tZzOlbYdfeReW1dKGIwLuxFgyoJTQahEQc4XM8Uqf0osozyQErhfIlaH8E4YyF8faK7BZTvYdokv4ORi4XgQIIYrCDcrHlF6XG5Ercgcp7l5tPysgl2WbwFMyr0SPgFnbtERolSOY6DwNQfES1KjgCsis39+GMbIJqaWqcx6V0qcKvTCfdrSHKEa6x3RBYIygbTfbXE/acZxo7az2Wwf895COGfdfA6qNC57P0LNzpDGzN8NNo2/e10V91FbaWshjFsrE+h8d2VgdygHtJkWorWYZg8= ceph-dc09c748-cdb0-11ee-95ba-87774f69a715
2024-02-17T16:25:09.952 DEBUG:teuthology.orchestra.run.smithi103:> sudo install -d -m 0700 /root/.ssh && echo 'ssh-rsa AAAAB3NzaC1yc2EAAAADAQABAAABgQDRjJX5gwnGE1a6G1Hvv7WIXAPZcwLjU+57AdWmYuWvPvcs19LCpqmyBYWFlgPHEb9Rvhsg47ipPH9r+LWWFzXLCcVP8jHZxstJUg1rsclagLYisjdeYgDCyT9pnsy2u/O8E49AJNn4Y1/GjVpQTWhsrknI2rFWALG1jsPIniHLtNT65hIcu9npb819dhdJgsF8dW8AE1r9SzfWjCSN7KSBLJu8Ef3v5HA5szb2tZzOlbYdfeReW1dKGIwLuxFgyoJTQahEQc4XM8Uqf0osozyQErhfIlaH8E4YyF8faK7BZTvYdokv4ORi4XgQIIYrCDcrHlF6XG5Ercgcp7l5tPysgl2WbwFMyr0SPgFnbtERolSOY6DwNQfES1KjgCsis39+GMbIJqaWqcx6V0qcKvTCfdrSHKEa6x3RBYIygbTfbXE/acZxo7az2Wwf895COGfdfA6qNC57P0LNzpDGzN8NNo2/e10V91FbaWshjFsrE+h8d2VgdygHtJkWorWYZg8= ceph-dc09c748-cdb0-11ee-95ba-87774f69a715' | sudo tee -a /root/.ssh/authorized_keys && sudo chmod 0600 /root/.ssh/authorized_keys
2024-02-17T16:25:10.000 INFO:teuthology.orchestra.run.smithi103.stdout:ssh-rsa AAAAB3NzaC1yc2EAAAADAQABAAABgQDRjJX5gwnGE1a6G1Hvv7WIXAPZcwLjU+57AdWmYuWvPvcs19LCpqmyBYWFlgPHEb9Rvhsg47ipPH9r+LWWFzXLCcVP8jHZxstJUg1rsclagLYisjdeYgDCyT9pnsy2u/O8E49AJNn4Y1/GjVpQTWhsrknI2rFWALG1jsPIniHLtNT65hIcu9npb819dhdJgsF8dW8AE1r9SzfWjCSN7KSBLJu8Ef3v5HA5szb2tZzOlbYdfeReW1dKGIwLuxFgyoJTQahEQc4XM8Uqf0osozyQErhfIlaH8E4YyF8faK7BZTvYdokv4ORi4XgQIIYrCDcrHlF6XG5Ercgcp7l5tPysgl2WbwFMyr0SPgFnbtERolSOY6DwNQfES1KjgCsis39+GMbIJqaWqcx6V0qcKvTCfdrSHKEa6x3RBYIygbTfbXE/acZxo7az2Wwf895COGfdfA6qNC57P0LNzpDGzN8NNo2/e10V91FbaWshjFsrE+h8d2VgdygHtJkWorWYZg8= ceph-dc09c748-cdb0-11ee-95ba-87774f69a715
2024-02-17T16:25:10.017 DEBUG:teuthology.orchestra.run.smithi073:> sudo /home/ubuntu/cephtest/cephadm --image quay.ceph.io/ceph-ci/ceph:quincy shell -c /etc/ceph/ceph.conf -k /etc/ceph/ceph.client.admin.keyring --fsid dc09c748-cdb0-11ee-95ba-87774f69a715 -- ceph config set mgr mgr/cephadm/allow_ptrace true
2024-02-17T16:25:10.272 INFO:teuthology.orchestra.run.smithi073.stderr:Inferring config /var/lib/ceph/dc09c748-cdb0-11ee-95ba-87774f69a715/mon.smithi073/config
2024-02-17T16:25:10.394 INFO:journalctl@ceph.mon.smithi073.smithi073.stdout:Feb 17 16:25:10 smithi073 ceph-mon[29600]: from='client.? 172.21.15.73:0/4245831701' entity='client.admin'
2024-02-17T16:25:12.773 INFO:teuthology.orchestra.run.smithi073.stderr:2024-02-17T16:25:12.769+0000 7f19c5dbe700 1 -- 172.21.15.73:0/76634058 >> [v2:172.21.15.73:3300/0,v1:172.21.15.73:6789/0] conn(0x7f19c00fbac0 msgr2=0x7f19c00fbed0 secure :-1 s=STATE_CONNECTION_ESTABLISHED l=1).mark_down
2024-02-17T16:25:12.773 INFO:teuthology.orchestra.run.smithi073.stderr:2024-02-17T16:25:12.769+0000 7f19c5dbe700 1 --2- 172.21.15.73:0/76634058 >> [v2:172.21.15.73:3300/0,v1:172.21.15.73:6789/0] conn(0x7f19c00fbac0 0x7f19c00fbed0 secure :-1 s=READY pgs=90 cs=0 l=1 rev1=1 crypto rx=0x7f19b00048c0 tx=0x7f19b0009e30 comp rx=0 tx=0).stop
2024-02-17T16:25:12.774 INFO:teuthology.orchestra.run.smithi073.stderr:2024-02-17T16:25:12.769+0000 7f19c5dbe700 1 -- 172.21.15.73:0/76634058 shutdown_connections
2024-02-17T16:25:12.774 INFO:teuthology.orchestra.run.smithi073.stderr:2024-02-17T16:25:12.769+0000 7f19c5dbe700 1 --2- 172.21.15.73:0/76634058 >> [v2:172.21.15.73:3300/0,v1:172.21.15.73:6789/0] conn(0x7f19c00fbac0 0x7f19c00fbed0 unknown :-1 s=CLOSED pgs=90 cs=0 l=1 rev1=1 crypto rx=0 tx=0 comp rx=0 tx=0).stop
2024-02-17T16:25:12.774 INFO:teuthology.orchestra.run.smithi073.stderr:2024-02-17T16:25:12.769+0000 7f19c5dbe700 1 -- 172.21.15.73:0/76634058 >> 172.21.15.73:0/76634058 conn(0x7f19c00f71a0 msgr2=0x7f19c00f95b0 unknown :-1 s=STATE_NONE l=0).mark_down
2024-02-17T16:25:12.774 INFO:teuthology.orchestra.run.smithi073.stderr:2024-02-17T16:25:12.769+0000 7f19c5dbe700 1 -- 172.21.15.73:0/76634058 shutdown_connections
2024-02-17T16:25:12.774 INFO:teuthology.orchestra.run.smithi073.stderr:2024-02-17T16:25:12.769+0000 7f19c5dbe700 1 -- 172.21.15.73:0/76634058 wait complete.
2024-02-17T16:25:12.774 INFO:teuthology.orchestra.run.smithi073.stderr:2024-02-17T16:25:12.769+0000 7f19c5dbe700 1 Processor -- start
2024-02-17T16:25:12.774 INFO:teuthology.orchestra.run.smithi073.stderr:2024-02-17T16:25:12.770+0000 7f19c5dbe700 1 -- start start
2024-02-17T16:25:12.774 INFO:teuthology.orchestra.run.smithi073.stderr:2024-02-17T16:25:12.770+0000 7f19c5dbe700 1 --2- >> [v2:172.21.15.73:3300/0,v1:172.21.15.73:6789/0] conn(0x7f19c00fbac0 0x7f19c010be30 unknown :-1 s=NONE pgs=0 cs=0 l=1 rev1=0 crypto rx=0 tx=0 comp rx=0 tx=0).connect
2024-02-17T16:25:12.774 INFO:teuthology.orchestra.run.smithi073.stderr:2024-02-17T16:25:12.770+0000 7f19c5dbe700 1 -- --> [v2:172.21.15.73:3300/0,v1:172.21.15.73:6789/0] -- mon_getmap magic: 0 v1 -- 0x7f19c010c370 con 0x7f19c00fbac0
2024-02-17T16:25:12.774 INFO:teuthology.orchestra.run.smithi073.stderr:2024-02-17T16:25:12.770+0000 7f19bf7fe700 1 --2- >> [v2:172.21.15.73:3300/0,v1:172.21.15.73:6789/0] conn(0x7f19c00fbac0 0x7f19c010be30 unknown :-1 s=BANNER_CONNECTING pgs=0 cs=0 l=1 rev1=0 crypto rx=0 tx=0 comp rx=0 tx=0)._handle_peer_banner_payload supported=3 required=0
2024-02-17T16:25:12.774 INFO:teuthology.orchestra.run.smithi073.stderr:2024-02-17T16:25:12.770+0000 7f19bf7fe700 1 --2- >> [v2:172.21.15.73:3300/0,v1:172.21.15.73:6789/0] conn(0x7f19c00fbac0 0x7f19c010be30 unknown :-1 s=HELLO_CONNECTING pgs=0 cs=0 l=1 rev1=1 crypto rx=0 tx=0 comp rx=0 tx=0).handle_hello peer v2:172.21.15.73:3300/0 says I am v2:172.21.15.73:53892/0 (socket says 172.21.15.73:53892)
2024-02-17T16:25:12.774 INFO:teuthology.orchestra.run.smithi073.stderr:2024-02-17T16:25:12.770+0000 7f19bf7fe700 1 -- 172.21.15.73:0/658868328 learned_addr learned my addr 172.21.15.73:0/658868328 (peer_addr_for_me v2:172.21.15.73:0/0)
2024-02-17T16:25:12.774 INFO:teuthology.orchestra.run.smithi073.stderr:2024-02-17T16:25:12.770+0000 7f19bf7fe700 1 -- 172.21.15.73:0/658868328 --> [v2:172.21.15.73:3300/0,v1:172.21.15.73:6789/0] -- mon_subscribe({config=0+,monmap=0+}) v3 -- 0x7f19b0005040 con 0x7f19c00fbac0
2024-02-17T16:25:12.774 INFO:teuthology.orchestra.run.smithi073.stderr:2024-02-17T16:25:12.771+0000 7f19bf7fe700 1 --2- 172.21.15.73:0/658868328 >> [v2:172.21.15.73:3300/0,v1:172.21.15.73:6789/0] conn(0x7f19c00fbac0 0x7f19c010be30 secure :-1 s=READY pgs=91 cs=0 l=1 rev1=1 crypto rx=0x7f19b0009680 tx=0x7f19b0009e30 comp rx=0 tx=0).ready entity=mon.0 client_cookie=0 server_cookie=0 in_seq=0 out_seq=0
2024-02-17T16:25:12.775 INFO:teuthology.orchestra.run.smithi073.stderr:2024-02-17T16:25:12.771+0000 7f19a7fff700 1 -- 172.21.15.73:0/658868328 <== mon.0 v2:172.21.15.73:3300/0 1 ==== mon_map magic: 0 v1 ==== 229+0+0 (secure 0 0 0) 0x7f19b000b5c0 con 0x7f19c00fbac0
2024-02-17T16:25:12.775 INFO:teuthology.orchestra.run.smithi073.stderr:2024-02-17T16:25:12.771+0000 7f19a7fff700 1 -- 172.21.15.73:0/658868328 <== mon.0 v2:172.21.15.73:3300/0 2 ==== config(27 keys) v1 ==== 1109+0+0 (secure 0 0 0) 0x7f19b0004e60 con 0x7f19c00fbac0
2024-02-17T16:25:12.775 INFO:teuthology.orchestra.run.smithi073.stderr:2024-02-17T16:25:12.771+0000 7f19c5dbe700 1 -- 172.21.15.73:0/658868328 --> [v2:172.21.15.73:3300/0,v1:172.21.15.73:6789/0] -- mon_subscribe({mgrmap=0+}) v3 -- 0x7f19c010c570 con 0x7f19c00fbac0
2024-02-17T16:25:12.775 INFO:teuthology.orchestra.run.smithi073.stderr:2024-02-17T16:25:12.771+0000 7f19a7fff700 1 -- 172.21.15.73:0/658868328 <== mon.0 v2:172.21.15.73:3300/0 3 ==== mon_map magic: 0 v1 ==== 229+0+0 (secure 0 0 0) 0x7f19b001e7a0 con 0x7f19c00fbac0
2024-02-17T16:25:12.775 INFO:teuthology.orchestra.run.smithi073.stderr:2024-02-17T16:25:12.771+0000 7f19c5dbe700 1 -- 172.21.15.73:0/658868328 --> [v2:172.21.15.73:3300/0,v1:172.21.15.73:6789/0] -- mon_subscribe({osdmap=0}) v3 -- 0x7f19c010d130 con 0x7f19c00fbac0
2024-02-17T16:25:12.776 INFO:teuthology.orchestra.run.smithi073.stderr:2024-02-17T16:25:12.772+0000 7f19a7fff700 1 -- 172.21.15.73:0/658868328 <== mon.0 v2:172.21.15.73:3300/0 4 ==== mgrmap(e 13) v1 ==== 43424+0+0 (secure 0 0 0) 0x7f19b001ea10 con 0x7f19c00fbac0
2024-02-17T16:25:12.776 INFO:teuthology.orchestra.run.smithi073.stderr:2024-02-17T16:25:12.772+0000 7f19c5dbe700 1 -- 172.21.15.73:0/658868328 --> [v2:172.21.15.73:3300/0,v1:172.21.15.73:6789/0] -- mon_command({"prefix": "get_command_descriptions"} v 0) v1 -- 0x7f19c005f5c0 con 0x7f19c00fbac0
2024-02-17T16:25:12.776 INFO:teuthology.orchestra.run.smithi073.stderr:2024-02-17T16:25:12.772+0000 7f19a7fff700 1 --2- 172.21.15.73:0/658868328 >> [v2:172.21.15.73:6800/1219496234,v1:172.21.15.73:6801/1219496234] conn(0x7f19a80368c0 0x7f19a8038d70 unknown :-1 s=NONE pgs=0 cs=0 l=1 rev1=0 crypto rx=0 tx=0 comp rx=0 tx=0).connect
2024-02-17T16:25:12.776 INFO:teuthology.orchestra.run.smithi073.stderr:2024-02-17T16:25:12.772+0000 7f19a7fff700 1 -- 172.21.15.73:0/658868328 <== mon.0 v2:172.21.15.73:3300/0 5 ==== osd_map(3..3 src has 1..3) v4 ==== 1151+0+0 (secure 0 0 0) 0x7f19b0013c00 con 0x7f19c00fbac0
2024-02-17T16:25:12.776 INFO:teuthology.orchestra.run.smithi073.stderr:2024-02-17T16:25:12.772+0000 7f19beffd700 1 --2- 172.21.15.73:0/658868328 >> [v2:172.21.15.73:6800/1219496234,v1:172.21.15.73:6801/1219496234] conn(0x7f19a80368c0 0x7f19a8038d70 unknown :-1 s=BANNER_CONNECTING pgs=0 cs=0 l=1 rev1=0 crypto rx=0 tx=0 comp rx=0 tx=0)._handle_peer_banner_payload supported=3 required=0
2024-02-17T16:25:12.776 INFO:teuthology.orchestra.run.smithi073.stderr:2024-02-17T16:25:12.773+0000 7f19beffd700 1 --2- 172.21.15.73:0/658868328 >> [v2:172.21.15.73:6800/1219496234,v1:172.21.15.73:6801/1219496234] conn(0x7f19a80368c0 0x7f19a8038d70 secure :-1 s=READY pgs=12 cs=0 l=1 rev1=1 crypto rx=0x7f19b4009990 tx=0x7f19b4006e40 comp rx=0 tx=0).ready entity=mgr.14162 client_cookie=0 server_cookie=0 in_seq=0 out_seq=0
2024-02-17T16:25:12.779 INFO:teuthology.orchestra.run.smithi073.stderr:2024-02-17T16:25:12.777+0000 7f19a7fff700 1 -- 172.21.15.73:0/658868328 <== mon.0 v2:172.21.15.73:3300/0 6 ==== mon_command_ack([{"prefix": "get_command_descriptions"}]=0 v0) v1 ==== 72+0+175031 (secure 0 0 0) 0x7f19b0052020 con 0x7f19c00fbac0
2024-02-17T16:25:12.970 INFO:teuthology.orchestra.run.smithi073.stderr:2024-02-17T16:25:12.967+0000 7f19c5dbe700 1 -- 172.21.15.73:0/658868328 --> [v2:172.21.15.73:3300/0,v1:172.21.15.73:6789/0] -- mon_command([{prefix=config set, name=mgr/cephadm/allow_ptrace}] v 0) v1 -- 0x7f19c004bed0 con 0x7f19c00fbac0
2024-02-17T16:25:12.973 INFO:teuthology.orchestra.run.smithi073.stderr:2024-02-17T16:25:12.971+0000 7f19a7fff700 1 -- 172.21.15.73:0/658868328 <== mon.0 v2:172.21.15.73:3300/0 7 ==== mon_command_ack([{prefix=config set, name=mgr/cephadm/allow_ptrace}]=0 v9)=0 v9) v1 ==== 125+0+0 (secure 0 0 0) 0x7f19b00273c0 con 0x7f19c00fbac0
2024-02-17T16:25:12.975 INFO:teuthology.orchestra.run.smithi073.stderr:2024-02-17T16:25:12.973+0000 7f19c5dbe700 1 -- 172.21.15.73:0/658868328 >> [v2:172.21.15.73:6800/1219496234,v1:172.21.15.73:6801/1219496234] conn(0x7f19a80368c0 msgr2=0x7f19a8038d70 secure :-1 s=STATE_CONNECTION_ESTABLISHED l=1).mark_down
2024-02-17T16:25:12.975 INFO:teuthology.orchestra.run.smithi073.stderr:2024-02-17T16:25:12.973+0000 7f19c5dbe700 1 --2- 172.21.15.73:0/658868328 >> [v2:172.21.15.73:6800/1219496234,v1:172.21.15.73:6801/1219496234] conn(0x7f19a80368c0 0x7f19a8038d70 secure :-1 s=READY pgs=12 cs=0 l=1 rev1=1 crypto rx=0x7f19b4009990 tx=0x7f19b4006e40 comp rx=0 tx=0).stop
2024-02-17T16:25:12.975 INFO:teuthology.orchestra.run.smithi073.stderr:2024-02-17T16:25:12.973+0000 7f19c5dbe700 1 -- 172.21.15.73:0/658868328 >> [v2:172.21.15.73:3300/0,v1:172.21.15.73:6789/0] conn(0x7f19c00fbac0 msgr2=0x7f19c010be30 secure :-1 s=STATE_CONNECTION_ESTABLISHED l=1).mark_down
2024-02-17T16:25:12.976 INFO:teuthology.orchestra.run.smithi073.stderr:2024-02-17T16:25:12.973+0000 7f19c5dbe700 1 --2- 172.21.15.73:0/658868328 >> [v2:172.21.15.73:3300/0,v1:172.21.15.73:6789/0] conn(0x7f19c00fbac0 0x7f19c010be30 secure :-1 s=READY pgs=91 cs=0 l=1 rev1=1 crypto rx=0x7f19b0009680 tx=0x7f19b0009e30 comp rx=0 tx=0).stop
2024-02-17T16:25:12.976 INFO:teuthology.orchestra.run.smithi073.stderr:2024-02-17T16:25:12.973+0000 7f19c5dbe700 1 -- 172.21.15.73:0/658868328 shutdown_connections
2024-02-17T16:25:12.976 INFO:teuthology.orchestra.run.smithi073.stderr:2024-02-17T16:25:12.973+0000 7f19c5dbe700 1 --2- 172.21.15.73:0/658868328 >> [v2:172.21.15.73:6800/1219496234,v1:172.21.15.73:6801/1219496234] conn(0x7f19a80368c0 0x7f19a8038d70 unknown :-1 s=CLOSED pgs=12 cs=0 l=1 rev1=1 crypto rx=0 tx=0 comp rx=0 tx=0).stop
2024-02-17T16:25:12.976 INFO:teuthology.orchestra.run.smithi073.stderr:2024-02-17T16:25:12.973+0000 7f19c5dbe700 1 --2- 172.21.15.73:0/658868328 >> [v2:172.21.15.73:3300/0,v1:172.21.15.73:6789/0] conn(0x7f19c00fbac0 0x7f19c010be30 unknown :-1 s=CLOSED pgs=91 cs=0 l=1 rev1=1 crypto rx=0 tx=0 comp rx=0 tx=0).stop
2024-02-17T16:25:12.976 INFO:teuthology.orchestra.run.smithi073.stderr:2024-02-17T16:25:12.973+0000 7f19c5dbe700 1 -- 172.21.15.73:0/658868328 >> 172.21.15.73:0/658868328 conn(0x7f19c00f71a0 msgr2=0x7f19c00f7ee0 unknown :-1 s=STATE_NONE l=0).mark_down
2024-02-17T16:25:12.976 INFO:teuthology.orchestra.run.smithi073.stderr:2024-02-17T16:25:12.973+0000 7f19c5dbe700 1 -- 172.21.15.73:0/658868328 shutdown_connections
2024-02-17T16:25:12.976 INFO:teuthology.orchestra.run.smithi073.stderr:2024-02-17T16:25:12.973+0000 7f19c5dbe700 1 -- 172.21.15.73:0/658868328 wait complete.
2024-02-17T16:25:13.702 INFO:tasks.cephadm:Distributing conf and client.admin keyring to all hosts + 0755
2024-02-17T16:25:13.702 DEBUG:teuthology.orchestra.run.smithi073:> sudo /home/ubuntu/cephtest/cephadm --image quay.ceph.io/ceph-ci/ceph:quincy shell -c /etc/ceph/ceph.conf -k /etc/ceph/ceph.client.admin.keyring --fsid dc09c748-cdb0-11ee-95ba-87774f69a715 -- ceph orch client-keyring set client.admin '*' --mode 0755
2024-02-17T16:25:14.140 INFO:teuthology.orchestra.run.smithi073.stderr:Inferring config /var/lib/ceph/dc09c748-cdb0-11ee-95ba-87774f69a715/mon.smithi073/config
2024-02-17T16:25:14.235 INFO:journalctl@ceph.mon.smithi073.smithi073.stdout:Feb 17 16:25:13 smithi073 ceph-mon[29600]: from='client.? 172.21.15.73:0/658868328' entity='client.admin'
2024-02-17T16:25:15.235 INFO:journalctl@ceph.mon.smithi073.smithi073.stdout:Feb 17 16:25:15 smithi073 ceph-mon[29600]: from='mgr.14162 172.21.15.73:0/3915982420' entity='mgr.smithi073.sqyyfm'
2024-02-17T16:25:15.235 INFO:journalctl@ceph.mon.smithi073.smithi073.stdout:Feb 17 16:25:15 smithi073 ceph-mon[29600]: from='mgr.14162 172.21.15.73:0/3915982420' entity='mgr.smithi073.sqyyfm'
2024-02-17T16:25:15.235 INFO:journalctl@ceph.mon.smithi073.smithi073.stdout:Feb 17 16:25:15 smithi073 ceph-mon[29600]: from='mgr.14162 172.21.15.73:0/3915982420' entity='mgr.smithi073.sqyyfm' cmd=[{"prefix": "config rm", "who": "osd/host:smithi073", "name": "osd_memory_target"}]: dispatch
2024-02-17T16:25:15.235 INFO:journalctl@ceph.mon.smithi073.smithi073.stdout:Feb 17 16:25:15 smithi073 ceph-mon[29600]: from='mgr.14162 172.21.15.73:0/3915982420' entity='mgr.smithi073.sqyyfm'
2024-02-17T16:25:15.235 INFO:journalctl@ceph.mon.smithi073.smithi073.stdout:Feb 17 16:25:15 smithi073 ceph-mon[29600]: from='mgr.14162 172.21.15.73:0/3915982420' entity='mgr.smithi073.sqyyfm' cmd=[{"prefix": "auth get-or-create", "entity": "client.crash.smithi073", "caps": ["mon", "profile crash", "mgr", "profile crash"]}]: dispatch
2024-02-17T16:25:15.235 INFO:journalctl@ceph.mon.smithi073.smithi073.stdout:Feb 17 16:25:15 smithi073 ceph-mon[29600]: from='mgr.14162 172.21.15.73:0/3915982420' entity='mgr.smithi073.sqyyfm' cmd='[{"prefix": "auth get-or-create", "entity": "client.crash.smithi073", "caps": ["mon", "profile crash", "mgr", "profile crash"]}]': finished
2024-02-17T16:25:15.235 INFO:journalctl@ceph.mon.smithi073.smithi073.stdout:Feb 17 16:25:15 smithi073 ceph-mon[29600]: from='mgr.14162 172.21.15.73:0/3915982420' entity='mgr.smithi073.sqyyfm' cmd=[{"prefix": "config generate-minimal-conf"}]: dispatch
2024-02-17T16:25:15.235 INFO:journalctl@ceph.mon.smithi073.smithi073.stdout:Feb 17 16:25:15 smithi073 ceph-mon[29600]: Deploying daemon crash.smithi073 on smithi073
2024-02-17T16:25:15.635 INFO:teuthology.orchestra.run.smithi073.stderr:2024-02-17T16:25:15.628+0000 7fed75a54700 1 -- 172.21.15.73:0/3635203760 >> [v2:172.21.15.73:3300/0,v1:172.21.15.73:6789/0] conn(0x7fed700fcbc0 msgr2=0x7fed700fcfd0 secure :-1 s=STATE_CONNECTION_ESTABLISHED l=1).mark_down
2024-02-17T16:25:15.635 INFO:teuthology.orchestra.run.smithi073.stderr:2024-02-17T16:25:15.628+0000 7fed75a54700 1 --2- 172.21.15.73:0/3635203760 >> [v2:172.21.15.73:3300/0,v1:172.21.15.73:6789/0] conn(0x7fed700fcbc0 0x7fed700fcfd0 secure :-1 s=READY pgs=92 cs=0 l=1 rev1=1 crypto rx=0x7fed600048c0 tx=0x7fed60009e30 comp rx=0 tx=0).stop
2024-02-17T16:25:15.635 INFO:teuthology.orchestra.run.smithi073.stderr:2024-02-17T16:25:15.628+0000 7fed75a54700 1 -- 172.21.15.73:0/3635203760 shutdown_connections
2024-02-17T16:25:15.635 INFO:teuthology.orchestra.run.smithi073.stderr:2024-02-17T16:25:15.628+0000 7fed75a54700 1 --2- 172.21.15.73:0/3635203760 >> [v2:172.21.15.73:3300/0,v1:172.21.15.73:6789/0] conn(0x7fed700fcbc0 0x7fed700fcfd0 unknown :-1 s=CLOSED pgs=92 cs=0 l=1 rev1=1 crypto rx=0 tx=0 comp rx=0 tx=0).stop
2024-02-17T16:25:15.636 INFO:teuthology.orchestra.run.smithi073.stderr:2024-02-17T16:25:15.628+0000 7fed75a54700 1 -- 172.21.15.73:0/3635203760 >> 172.21.15.73:0/3635203760 conn(0x7fed700f82a0 msgr2=0x7fed700fa6b0 unknown :-1 s=STATE_NONE l=0).mark_down
2024-02-17T16:25:15.636 INFO:teuthology.orchestra.run.smithi073.stderr:2024-02-17T16:25:15.628+0000 7fed75a54700 1 -- 172.21.15.73:0/3635203760 shutdown_connections
2024-02-17T16:25:15.636 INFO:teuthology.orchestra.run.smithi073.stderr:2024-02-17T16:25:15.628+0000 7fed75a54700 1 -- 172.21.15.73:0/3635203760 wait complete.
2024-02-17T16:25:15.636 INFO:teuthology.orchestra.run.smithi073.stderr:2024-02-17T16:25:15.629+0000 7fed75a54700 1 Processor -- start
2024-02-17T16:25:15.636 INFO:teuthology.orchestra.run.smithi073.stderr:2024-02-17T16:25:15.629+0000 7fed75a54700 1 -- start start
2024-02-17T16:25:15.636 INFO:teuthology.orchestra.run.smithi073.stderr:2024-02-17T16:25:15.629+0000 7fed75a54700 1 --2- >> [v2:172.21.15.73:3300/0,v1:172.21.15.73:6789/0] conn(0x7fed700fcbc0 0x7fed7010cee0 unknown :-1 s=NONE pgs=0 cs=0 l=1 rev1=0 crypto rx=0 tx=0 comp rx=0 tx=0).connect
2024-02-17T16:25:15.636 INFO:teuthology.orchestra.run.smithi073.stderr:2024-02-17T16:25:15.629+0000 7fed75a54700 1 -- --> [v2:172.21.15.73:3300/0,v1:172.21.15.73:6789/0] -- mon_getmap magic: 0 v1 -- 0x7fed7010d420 con 0x7fed700fcbc0
2024-02-17T16:25:15.636 INFO:teuthology.orchestra.run.smithi073.stderr:2024-02-17T16:25:15.630+0000 7fed6effd700 1 --2- >> [v2:172.21.15.73:3300/0,v1:172.21.15.73:6789/0] conn(0x7fed700fcbc0 0x7fed7010cee0 unknown :-1 s=BANNER_CONNECTING pgs=0 cs=0 l=1 rev1=0 crypto rx=0 tx=0 comp rx=0 tx=0)._handle_peer_banner_payload supported=3 required=0
2024-02-17T16:25:15.637 INFO:teuthology.orchestra.run.smithi073.stderr:2024-02-17T16:25:15.630+0000 7fed6effd700 1 --2- >> [v2:172.21.15.73:3300/0,v1:172.21.15.73:6789/0] conn(0x7fed700fcbc0 0x7fed7010cee0 unknown :-1 s=HELLO_CONNECTING pgs=0 cs=0 l=1 rev1=1 crypto rx=0 tx=0 comp rx=0 tx=0).handle_hello peer v2:172.21.15.73:3300/0 says I am v2:172.21.15.73:53918/0 (socket says 172.21.15.73:53918)
2024-02-17T16:25:15.637 INFO:teuthology.orchestra.run.smithi073.stderr:2024-02-17T16:25:15.630+0000 7fed6effd700 1 -- 172.21.15.73:0/2688933813 learned_addr learned my addr 172.21.15.73:0/2688933813 (peer_addr_for_me v2:172.21.15.73:0/0)
