2024-02-17T16:24:31.493+0000 7fb1f389c700 1 --2- 172.21.15.73:0/2648927077 >> [v2:172.21.15.73:6800/693044671,v1:172.21.15.73:6801/693044671] conn(0x7fb1d8039ff0 0x7fb1d803c3d0 secure :-1 s=READY pgs=2 cs=0 l=1 rev1=1 crypto rx=0x7fb1dc0039d0 tx=0x7fb1dc009350 comp rx=0 tx=0).stop
2024-02-17T16:24:32.056 INFO:teuthology.orchestra.run.smithi073.stdout:/usr/bin/ceph: stderr
2024-02-17T16:24:31.493+0000 7fb1f389c700 1 -- 172.21.15.73:0/2648927077 >> [v2:172.21.15.73:3300/0,v1:172.21.15.73:6789/0] conn(0x7fb1ec101670 msgr2=0x7fb1ec10f300 secure :-1 s=STATE_CONNECTION_ESTABLISHED l=1).mark_down
2024-02-17T16:24:32.057 INFO:teuthology.orchestra.run.smithi073.stdout:/usr/bin/ceph: stderr
2024-02-17T16:24:31.493+0000 7fb1f389c700 1 --2- 172.21.15.73:0/2648927077 >> [v2:172.21.15.73:3300/0,v1:172.21.15.73:6789/0] conn(0x7fb1ec101670 0x7fb1ec10f300 secure :-1 s=READY pgs=29 cs=0 l=1 rev1=1 crypto rx=0x7fb1e800d650 tx=0x7fb1e800b4f0 comp rx=0 tx=0).stop
2024-02-17T16:24:32.057 INFO:teuthology.orchestra.run.smithi073.stdout:/usr/bin/ceph: stderr
2024-02-17T16:24:31.493+0000 7fb1f389c700 1 -- 172.21.15.73:0/2648927077 shutdown_connections
2024-02-17T16:24:32.057 INFO:teuthology.orchestra.run.smithi073.stdout:/usr/bin/ceph: stderr
2024-02-17T16:24:31.493+0000 7fb1f389c700 1 --2- 172.21.15.73:0/2648927077 >> [v2:172.21.15.73:6800/693044671,v1:172.21.15.73:6801/693044671] conn(0x7fb1d8039ff0 0x7fb1d803c3d0 unknown :-1 s=CLOSED pgs=2 cs=0 l=1 rev1=1 crypto rx=0 tx=0 comp rx=0 tx=0).stop
2024-02-17T16:24:32.057 INFO:teuthology.orchestra.run.smithi073.stdout:/usr/bin/ceph: stderr
2024-02-17T16:24:31.493+0000 7fb1f389c700 1 --2- 172.21.15.73:0/2648927077 >> [v2:172.21.15.73:3300/0,v1:172.21.15.73:6789/0] conn(0x7fb1ec101670 0x7fb1ec10f300 unknown :-1 s=CLOSED pgs=29 cs=0 l=1 rev1=1 crypto rx=0 tx=0 comp rx=0 tx=0).stop
2024-02-17T16:24:32.057 INFO:teuthology.orchestra.run.smithi073.stdout:/usr/bin/ceph: stderr
2024-02-17T16:24:31.493+0000 7fb1f389c700 1 --2- 172.21.15.73:0/2648927077 >> [v2:172.21.15.73:6800/1915547504,v1:172.21.15.73:6801/1915547504] conn(0x7fb1d8036770 0x7fb1d8038c20 unknown :-1 s=CLOSED pgs=0 cs=0 l=1 rev1=0 crypto rx=0 tx=0 comp rx=0 tx=0).stop
2024-02-17T16:24:32.057 INFO:teuthology.orchestra.run.smithi073.stdout:/usr/bin/ceph: stderr
2024-02-17T16:24:31.493+0000 7fb1f389c700 1 -- 172.21.15.73:0/2648927077 >> 172.21.15.73:0/2648927077 conn(0x7fb1ec0fcdd0 msgr2=0x7fb1ec0ff180 unknown :-1 s=STATE_NONE l=0).mark_down
2024-02-17T16:24:32.057 INFO:teuthology.orchestra.run.smithi073.stdout:/usr/bin/ceph: stderr
2024-02-17T16:24:31.493+0000 7fb1f389c700 1 -- 172.21.15.73:0/2648927077 shutdown_connections
2024-02-17T16:24:32.057 INFO:teuthology.orchestra.run.smithi073.stdout:/usr/bin/ceph: stderr
2024-02-17T16:24:31.493+0000 7fb1f389c700 1 -- 172.21.15.73:0/2648927077 wait complete.
2024-02-17T16:24:32.057 INFO:teuthology.orchestra.run.smithi073.stdout:mgr epoch 5 is available
2024-02-17T16:24:32.057 INFO:teuthology.orchestra.run.smithi073.stdout:Setting orchestrator backend to cephadm...
2024-02-17T16:24:32.735 INFO:journalctl@ceph.mon.smithi073.smithi073.stdout:Feb 17 16:24:32 smithi073 ceph-mon[29600]: [17/Feb/2024:16:24:31] ENGINE Serving on https://172.21.15.73:7150
2024-02-17T16:24:32.735 INFO:journalctl@ceph.mon.smithi073.smithi073.stdout:Feb 17 16:24:32 smithi073 ceph-mon[29600]: [17/Feb/2024:16:24:31] ENGINE Bus STARTED
2024-02-17T16:24:32.735 INFO:journalctl@ceph.mon.smithi073.smithi073.stdout:Feb 17 16:24:32 smithi073 ceph-mon[29600]: from='client.14124 -' entity='client.admin' cmd=[{"prefix": "get_command_descriptions"}]: dispatch
2024-02-17T16:24:32.735 INFO:journalctl@ceph.mon.smithi073.smithi073.stdout:Feb 17 16:24:32 smithi073 ceph-mon[29600]: from='client.14124 -' entity='client.admin' cmd=[{"prefix": "mgr_status"}]: dispatch
2024-02-17T16:24:33.207 INFO:teuthology.orchestra.run.smithi073.stdout:/usr/bin/ceph: stderr
2024-02-17T16:24:32.432+0000 7f71aceb5700 1 Processor -- start
2024-02-17T16:24:33.207 INFO:teuthology.orchestra.run.smithi073.stdout:/usr/bin/ceph: stderr
2024-02-17T16:24:32.432+0000 7f71aceb5700 1 -- start start
2024-02-17T16:24:33.207 INFO:teuthology.orchestra.run.smithi073.stdout:/usr/bin/ceph: stderr
2024-02-17T16:24:32.432+0000 7f71aceb5700 1 --2- >> [v2:172.21.15.73:3300/0,v1:172.21.15.73:6789/0] conn(0x7f71a8078ce0 0x7f71a80771f0 unknown :-1 s=NONE pgs=0 cs=0 l=0 rev1=0 crypto rx=0 tx=0 comp rx=0 tx=0).connect
2024-02-17T16:24:33.207 INFO:teuthology.orchestra.run.smithi073.stdout:/usr/bin/ceph: stderr
2024-02-17T16:24:32.432+0000 7f71aceb5700 1 -- --> [v2:172.21.15.73:3300/0,v1:172.21.15.73:6789/0] -- mon_getmap magic: 0 v1 -- 0x7f71a80790f0 con 0x7f71a8078ce0
2024-02-17T16:24:33.207 INFO:teuthology.orchestra.run.smithi073.stdout:/usr/bin/ceph: stderr
2024-02-17T16:24:32.432+0000 7f71a659c700 1 --2- >> [v2:172.21.15.73:3300/0,v1:172.21.15.73:6789/0] conn(0x7f71a8078ce0 0x7f71a80771f0 unknown :-1 s=BANNER_CONNECTING pgs=0 cs=0 l=0 rev1=0 crypto rx=0 tx=0 comp rx=0 tx=0)._handle_peer_banner_payload supported=3 required=0
2024-02-17T16:24:33.207 INFO:teuthology.orchestra.run.smithi073.stdout:/usr/bin/ceph: stderr
2024-02-17T16:24:32.432+0000 7f71a659c700 1 --2- >> [v2:172.21.15.73:3300/0,v1:172.21.15.73:6789/0] conn(0x7f71a8078ce0 0x7f71a80771f0 unknown :-1 s=HELLO_CONNECTING pgs=0 cs=0 l=0 rev1=1 crypto rx=0 tx=0 comp rx=0 tx=0).handle_hello peer v2:172.21.15.73:3300/0 says I am v2:172.21.15.73:57234/0 (socket says 172.21.15.73:57234)
2024-02-17T16:24:33.208 INFO:teuthology.orchestra.run.smithi073.stdout:/usr/bin/ceph: stderr
2024-02-17T16:24:32.432+0000 7f71a659c700 1 -- 172.21.15.73:0/155627078 learned_addr learned my addr 172.21.15.73:0/155627078 (peer_addr_for_me v2:172.21.15.73:0/0)
2024-02-17T16:24:33.208 INFO:teuthology.orchestra.run.smithi073.stdout:/usr/bin/ceph: stderr
2024-02-17T16:24:32.433+0000 7f71a659c700 1 -- 172.21.15.73:0/155627078 --> [v2:172.21.15.73:3300/0,v1:172.21.15.73:6789/0] -- mon_subscribe({config=0+,monmap=0+}) v3 -- 0x7f71a8077730 con 0x7f71a8078ce0
2024-02-17T16:24:33.208 INFO:teuthology.orchestra.run.smithi073.stdout:/usr/bin/ceph: stderr
2024-02-17T16:24:32.433+0000 7f71a659c700 1 --2- 172.21.15.73:0/155627078 >> [v2:172.21.15.73:3300/0,v1:172.21.15.73:6789/0] conn(0x7f71a8078ce0 0x7f71a80771f0 secure :-1 s=READY pgs=37 cs=0 l=1 rev1=1 crypto rx=0x7f71980098e0 tx=0x7f7198009250 comp rx=0 tx=0).ready entity=mon.0 client_cookie=2c5bc17546857b9e server_cookie=0 in_seq=0 out_seq=0
2024-02-17T16:24:33.208 INFO:teuthology.orchestra.run.smithi073.stdout:/usr/bin/ceph: stderr
2024-02-17T16:24:32.433+0000 7f71a559a700 1 -- 172.21.15.73:0/155627078 <== mon.0 v2:172.21.15.73:3300/0 1 ==== mon_map magic: 0 v1 ==== 229+0+0 (secure 0 0 0) 0x7f719800b860 con 0x7f71a8078ce0
2024-02-17T16:24:33.208 INFO:teuthology.orchestra.run.smithi073.stdout:/usr/bin/ceph: stderr
2024-02-17T16:24:32.433+0000 7f71a559a700 1 -- 172.21.15.73:0/155627078 <== mon.0 v2:172.21.15.73:3300/0 2 ==== config(27 keys) v1 ==== 1044+0+0 (secure 0 0 0) 0x7f719800be50 con 0x7f71a8078ce0
2024-02-17T16:24:33.208 INFO:teuthology.orchestra.run.smithi073.stdout:/usr/bin/ceph: stderr
2024-02-17T16:24:32.433+0000 7f71a559a700 1 -- 172.21.15.73:0/155627078 <== mon.0 v2:172.21.15.73:3300/0 3 ==== mon_map magic: 0 v1 ==== 229+0+0 (secure 0 0 0) 0x7f7198010380 con 0x7f71a8078ce0
2024-02-17T16:24:33.208 INFO:teuthology.orchestra.run.smithi073.stdout:/usr/bin/ceph: stderr
2024-02-17T16:24:32.433+0000 7f71aceb5700 1 -- 172.21.15.73:0/155627078 >> [v2:172.21.15.73:3300/0,v1:172.21.15.73:6789/0] conn(0x7f71a8078ce0 msgr2=0x7f71a80771f0 secure :-1 s=STATE_CONNECTION_ESTABLISHED l=1).mark_down
2024-02-17T16:24:33.208 INFO:teuthology.orchestra.run.smithi073.stdout:/usr/bin/ceph: stderr
2024-02-17T16:24:32.433+0000 7f71aceb5700 1 --2- 172.21.15.73:0/155627078 >> [v2:172.21.15.73:3300/0,v1:172.21.15.73:6789/0] conn(0x7f71a8078ce0 0x7f71a80771f0 secure :-1 s=READY pgs=37 cs=0 l=1 rev1=1 crypto rx=0x7f71980098e0 tx=0x7f7198009250 comp rx=0 tx=0).stop
2024-02-17T16:24:33.208 INFO:teuthology.orchestra.run.smithi073.stdout:/usr/bin/ceph: stderr
2024-02-17T16:24:32.434+0000 7f71aceb5700 1 -- 172.21.15.73:0/155627078 shutdown_connections
2024-02-17T16:24:33.208 INFO:teuthology.orchestra.run.smithi073.stdout:/usr/bin/ceph: stderr
2024-02-17T16:24:32.434+0000 7f71aceb5700 1 --2- 172.21.15.73:0/155627078 >> [v2:172.21.15.73:3300/0,v1:172.21.15.73:6789/0] conn(0x7f71a8078ce0 0x7f71a80771f0 unknown :-1 s=CLOSED pgs=37 cs=0 l=1 rev1=1 crypto rx=0 tx=0 comp rx=0 tx=0).stop
2024-02-17T16:24:33.208 INFO:teuthology.orchestra.run.smithi073.stdout:/usr/bin/ceph: stderr
2024-02-17T16:24:32.434+0000 7f71aceb5700 1 -- 172.21.15.73:0/155627078 >> 172.21.15.73:0/155627078 conn(0x7f71a80fded0 msgr2=0x7f71a8100300 unknown :-1 s=STATE_NONE l=0).mark_down
2024-02-17T16:24:33.208 INFO:teuthology.orchestra.run.smithi073.stdout:/usr/bin/ceph: stderr
2024-02-17T16:24:32.434+0000 7f71aceb5700 1 -- 172.21.15.73:0/155627078 shutdown_connections
2024-02-17T16:24:33.208 INFO:teuthology.orchestra.run.smithi073.stdout:/usr/bin/ceph: stderr
2024-02-17T16:24:32.434+0000 7f71aceb5700 1 -- 172.21.15.73:0/155627078 wait complete.
2024-02-17T16:24:33.209 INFO:teuthology.orchestra.run.smithi073.stdout:/usr/bin/ceph: stderr
2024-02-17T16:24:32.434+0000 7f71aceb5700 1 Processor -- start
2024-02-17T16:24:33.209 INFO:teuthology.orchestra.run.smithi073.stdout:/usr/bin/ceph: stderr
2024-02-17T16:24:32.434+0000 7f71aceb5700 1 -- start start
2024-02-17T16:24:33.209 INFO:teuthology.orchestra.run.smithi073.stdout:/usr/bin/ceph: stderr
2024-02-17T16:24:32.434+0000 7f71aceb5700 1 --2- >> [v2:172.21.15.73:3300/0,v1:172.21.15.73:6789/0] conn(0x7f71a8078ce0 0x7f71a8113820 unknown :-1 s=NONE pgs=0 cs=0 l=1 rev1=0 crypto rx=0 tx=0 comp rx=0 tx=0).connect
2024-02-17T16:24:33.209 INFO:teuthology.orchestra.run.smithi073.stdout:/usr/bin/ceph: stderr
2024-02-17T16:24:32.434+0000 7f71aceb5700 1 -- --> [v2:172.21.15.73:3300/0,v1:172.21.15.73:6789/0] -- mon_getmap magic: 0 v1 -- 0x7f71a8113d60 con 0x7f71a8078ce0
2024-02-17T16:24:33.209 INFO:teuthology.orchestra.run.smithi073.stdout:/usr/bin/ceph: stderr
2024-02-17T16:24:32.434+0000 7f71a659c700 1 --2- >> [v2:172.21.15.73:3300/0,v1:172.21.15.73:6789/0] conn(0x7f71a8078ce0 0x7f71a8113820 unknown :-1 s=BANNER_CONNECTING pgs=0 cs=0 l=1 rev1=0 crypto rx=0 tx=0 comp rx=0 tx=0)._handle_peer_banner_payload supported=3 required=0
2024-02-17T16:24:33.209 INFO:teuthology.orchestra.run.smithi073.stdout:/usr/bin/ceph: stderr
2024-02-17T16:24:32.434+0000 7f71a659c700 1 --2- >> [v2:172.21.15.73:3300/0,v1:172.21.15.73:6789/0] conn(0x7f71a8078ce0 0x7f71a8113820 unknown :-1 s=HELLO_CONNECTING pgs=0 cs=0 l=1 rev1=1 crypto rx=0 tx=0 comp rx=0 tx=0).handle_hello peer v2:172.21.15.73:3300/0 says I am v2:172.21.15.73:57238/0 (socket says 172.21.15.73:57238)
2024-02-17T16:24:33.209 INFO:teuthology.orchestra.run.smithi073.stdout:/usr/bin/ceph: stderr
2024-02-17T16:24:32.435+0000 7f71a659c700 1 -- 172.21.15.73:0/4087200249 learned_addr learned my addr 172.21.15.73:0/4087200249 (peer_addr_for_me v2:172.21.15.73:0/0)
2024-02-17T16:24:33.209 INFO:teuthology.orchestra.run.smithi073.stdout:/usr/bin/ceph: stderr
2024-02-17T16:24:32.435+0000 7f71a659c700 1 -- 172.21.15.73:0/4087200249 --> [v2:172.21.15.73:3300/0,v1:172.21.15.73:6789/0] -- mon_subscribe({config=0+,monmap=0+}) v3 -- 0x7f71980094f0 con 0x7f71a8078ce0
2024-02-17T16:24:33.209 INFO:teuthology.orchestra.run.smithi073.stdout:/usr/bin/ceph: stderr
2024-02-17T16:24:32.435+0000 7f71a659c700 1 --2- 172.21.15.73:0/4087200249 >> [v2:172.21.15.73:3300/0,v1:172.21.15.73:6789/0] conn(0x7f71a8078ce0 0x7f71a8113820 secure :-1 s=READY pgs=38 cs=0 l=1 rev1=1 crypto rx=0x7f719800b440 tx=0x7f7198009250 comp rx=0 tx=0).ready entity=mon.0 client_cookie=0 server_cookie=0 in_seq=0 out_seq=0
2024-02-17T16:24:33.209 INFO:teuthology.orchestra.run.smithi073.stdout:/usr/bin/ceph: stderr
2024-02-17T16:24:32.435+0000 7f7196ffd700 1 -- 172.21.15.73:0/4087200249 <== mon.0 v2:172.21.15.73:3300/0 1 ==== mon_map magic: 0 v1 ==== 229+0+0 (secure 0 0 0) 0x7f7198010760 con 0x7f71a8078ce0
2024-02-17T16:24:33.209 INFO:teuthology.orchestra.run.smithi073.stdout:/usr/bin/ceph: stderr
2024-02-17T16:24:32.435+0000 7f7196ffd700 1 -- 172.21.15.73:0/4087200249 <== mon.0 v2:172.21.15.73:3300/0 2 ==== config(27 keys) v1 ==== 1044+0+0 (secure 0 0 0) 0x7f7198010d50 con 0x7f71a8078ce0
2024-02-17T16:24:33.209 INFO:teuthology.orchestra.run.smithi073.stdout:/usr/bin/ceph: stderr
2024-02-17T16:24:32.435+0000 7f71aceb5700 1 -- 172.21.15.73:0/4087200249 --> [v2:172.21.15.73:3300/0,v1:172.21.15.73:6789/0] -- mon_subscribe({mgrmap=0+}) v3 -- 0x7f71a8113f60 con 0x7f71a8078ce0
2024-02-17T16:24:33.209 INFO:teuthology.orchestra.run.smithi073.stdout:/usr/bin/ceph: stderr
2024-02-17T16:24:32.435+0000 7f7196ffd700 1 -- 172.21.15.73:0/4087200249 <== mon.0 v2:172.21.15.73:3300/0 3 ==== mon_map magic: 0 v1 ==== 229+0+0 (secure 0 0 0) 0x7f719801adc0 con 0x7f71a8078ce0
2024-02-17T16:24:33.209 INFO:teuthology.orchestra.run.smithi073.stdout:/usr/bin/ceph: stderr
2024-02-17T16:24:32.435+0000 7f71aceb5700 1 -- 172.21.15.73:0/4087200249 --> [v2:172.21.15.73:3300/0,v1:172.21.15.73:6789/0] -- mon_subscribe({osdmap=0}) v3 -- 0x7f71a8114c00 con 0x7f71a8078ce0
2024-02-17T16:24:33.209 INFO:teuthology.orchestra.run.smithi073.stdout:/usr/bin/ceph: stderr
2024-02-17T16:24:32.436+0000 7f7196ffd700 1 -- 172.21.15.73:0/4087200249 <== mon.0 v2:172.21.15.73:3300/0 4 ==== mgrmap(e 7) v1 ==== 43262+0+0 (secure 0 0 0) 0x7f71980193c0 con 0x7f71a8078ce0
2024-02-17T16:24:33.210 INFO:teuthology.orchestra.run.smithi073.stdout:/usr/bin/ceph: stderr
2024-02-17T16:24:32.436+0000 7f7196ffd700 1 --2- 172.21.15.73:0/4087200249 >> [v2:172.21.15.73:6800/693044671,v1:172.21.15.73:6801/693044671] conn(0x7f71900366b0 0x7f7190038b60 unknown :-1 s=NONE pgs=0 cs=0 l=1 rev1=0 crypto rx=0 tx=0 comp rx=0 tx=0).connect
2024-02-17T16:24:33.210 INFO:teuthology.orchestra.run.smithi073.stdout:/usr/bin/ceph: stderr
2024-02-17T16:24:32.436+0000 7f7196ffd700 1 -- 172.21.15.73:0/4087200249 <== mon.0 v2:172.21.15.73:3300/0 5 ==== osd_map(2..2 src has 1..2) v4 ==== 936+0+0 (secure 0 0 0) 0x7f719804acf0 con 0x7f71a8078ce0
2024-02-17T16:24:33.210 INFO:teuthology.orchestra.run.smithi073.stdout:/usr/bin/ceph: stderr
2024-02-17T16:24:32.436+0000 7f71a5d9b700 1 --2- 172.21.15.73:0/4087200249 >> [v2:172.21.15.73:6800/693044671,v1:172.21.15.73:6801/693044671] conn(0x7f71900366b0 0x7f7190038b60 unknown :-1 s=BANNER_CONNECTING pgs=0 cs=0 l=1 rev1=0 crypto rx=0 tx=0 comp rx=0 tx=0)._handle_peer_banner_payload supported=3 required=0
2024-02-17T16:24:33.210 INFO:teuthology.orchestra.run.smithi073.stdout:/usr/bin/ceph: stderr
2024-02-17T16:24:32.436+0000 7f71aceb5700 1 -- 172.21.15.73:0/4087200249 --> [v2:172.21.15.73:3300/0,v1:172.21.15.73:6789/0] -- mon_command({"prefix": "get_command_descriptions"} v 0) v1 -- 0x7f71a81143f0 con 0x7f71a8078ce0
2024-02-17T16:24:33.210 INFO:teuthology.orchestra.run.smithi073.stdout:/usr/bin/ceph: stderr
2024-02-17T16:24:32.436+0000 7f71a5d9b700 1 --2- 172.21.15.73:0/4087200249 >> [v2:172.21.15.73:6800/693044671,v1:172.21.15.73:6801/693044671] conn(0x7f71900366b0 0x7f7190038b60 secure :-1 s=READY pgs=7 cs=0 l=1 rev1=1 crypto rx=0x7f719c009990 tx=0x7f719c006e40 comp rx=0 tx=0).ready entity=mgr.14120 client_cookie=0 server_cookie=0 in_seq=0 out_seq=0
2024-02-17T16:24:33.210 INFO:teuthology.orchestra.run.smithi073.stdout:/usr/bin/ceph: stderr
2024-02-17T16:24:32.441+0000 7f7196ffd700 1 -- 172.21.15.73:0/4087200249 <== mon.0 v2:172.21.15.73:3300/0 6 ==== mon_command_ack([{"prefix": "get_command_descriptions"}]=0 v0) v1 ==== 72+0+175031 (secure 0 0 0) 0x7f7198023940 con 0x7f71a8078ce0
2024-02-17T16:24:33.210 INFO:teuthology.orchestra.run.smithi073.stdout:/usr/bin/ceph: stderr
2024-02-17T16:24:32.536+0000 7f7196ffd700 1 -- 172.21.15.73:0/4087200249 <== mon.0 v2:172.21.15.73:3300/0 7 ==== mgrmap(e 8) v1 ==== 43368+0+0 (secure 0 0 0) 0x7f719802c350 con 0x7f71a8078ce0
2024-02-17T16:24:33.210 INFO:teuthology.orchestra.run.smithi073.stdout:/usr/bin/ceph: stderr
2024-02-17T16:24:32.638+0000 7f71aceb5700 1 -- 172.21.15.73:0/4087200249 --> [v2:172.21.15.73:6800/693044671,v1:172.21.15.73:6801/693044671] -- mgr_command(tid 0: {"prefix": "orch set backend", "module_name": "cephadm", "target": ["mon-mgr", ""]}) v1 -- 0x7f71a8100230 con 0x7f71900366b0
2024-02-17T16:24:33.210 INFO:teuthology.orchestra.run.smithi073.stdout:/usr/bin/ceph: stderr
2024-02-17T16:24:32.644+0000 7f7196ffd700 1 -- 172.21.15.73:0/4087200249 <== mgr.14120 v2:172.21.15.73:6800/693044671 1 ==== mgr_command_reply(tid 0: 0 ) v1 ==== 8+0+0 (secure 0 0 0) 0x7f71a8100230 con 0x7f71900366b0
2024-02-17T16:24:33.210 INFO:teuthology.orchestra.run.smithi073.stdout:/usr/bin/ceph: stderr
2024-02-17T16:24:32.646+0000 7f71aceb5700 1 -- 172.21.15.73:0/4087200249 >> [v2:172.21.15.73:6800/693044671,v1:172.21.15.73:6801/693044671] conn(0x7f71900366b0 msgr2=0x7f7190038b60 secure :-1 s=STATE_CONNECTION_ESTABLISHED l=1).mark_down
2024-02-17T16:24:33.210 INFO:teuthology.orchestra.run.smithi073.stdout:/usr/bin/ceph: stderr
2024-02-17T16:24:32.646+0000 7f71aceb5700 1 --2- 172.21.15.73:0/4087200249 >> [v2:172.21.15.73:6800/693044671,v1:172.21.15.73:6801/693044671] conn(0x7f71900366b0 0x7f7190038b60 secure :-1 s=READY pgs=7 cs=0 l=1 rev1=1 crypto rx=0x7f719c009990 tx=0x7f719c006e40 comp rx=0 tx=0).stop
2024-02-17T16:24:33.210 INFO:teuthology.orchestra.run.smithi073.stdout:/usr/bin/ceph: stderr
2024-02-17T16:24:32.646+0000 7f71aceb5700 1 -- 172.21.15.73:0/4087200249 >> [v2:172.21.15.73:3300/0,v1:172.21.15.73:6789/0] conn(0x7f71a8078ce0 msgr2=0x7f71a8113820 secure :-1 s=STATE_CONNECTION_ESTABLISHED l=1).mark_down
2024-02-17T16:24:33.211 INFO:teuthology.orchestra.run.smithi073.stdout:/usr/bin/ceph: stderr
2024-02-17T16:24:32.646+0000 7f71aceb5700 1 --2- 172.21.15.73:0/4087200249 >> [v2:172.21.15.73:3300/0,v1:172.21.15.73:6789/0] conn(0x7f71a8078ce0 0x7f71a8113820 secure :-1 s=READY pgs=38 cs=0 l=1 rev1=1 crypto rx=0x7f719800b440 tx=0x7f7198009250 comp rx=0 tx=0).stop
2024-02-17T16:24:33.211 INFO:teuthology.orchestra.run.smithi073.stdout:/usr/bin/ceph: stderr
2024-02-17T16:24:32.646+0000 7f71aceb5700 1 -- 172.21.15.73:0/4087200249 shutdown_connections
2024-02-17T16:24:33.211 INFO:teuthology.orchestra.run.smithi073.stdout:/usr/bin/ceph: stderr
2024-02-17T16:24:32.646+0000 7f71aceb5700 1 --2- 172.21.15.73:0/4087200249 >> [v2:172.21.15.73:6800/693044671,v1:172.21.15.73:6801/693044671] conn(0x7f71900366b0 0x7f7190038b60 unknown :-1 s=CLOSED pgs=7 cs=0 l=1 rev1=1 crypto rx=0 tx=0 comp rx=0 tx=0).stop
2024-02-17T16:24:33.211 INFO:teuthology.orchestra.run.smithi073.stdout:/usr/bin/ceph: stderr
2024-02-17T16:24:32.646+0000 7f71aceb5700 1 --2- 172.21.15.73:0/4087200249 >> [v2:172.21.15.73:3300/0,v1:172.21.15.73:6789/0] conn(0x7f71a8078ce0 0x7f71a8113820 unknown :-1 s=CLOSED pgs=38 cs=0 l=1 rev1=1 crypto rx=0 tx=0 comp rx=0 tx=0).stop
2024-02-17T16:24:33.211 INFO:teuthology.orchestra.run.smithi073.stdout:/usr/bin/ceph: stderr
2024-02-17T16:24:32.646+0000 7f71aceb5700 1 -- 172.21.15.73:0/4087200249 >> 172.21.15.73:0/4087200249 conn(0x7f71a80fded0 msgr2=0x7f71a80ff610 unknown :-1 s=STATE_NONE l=0).mark_down
2024-02-17T16:24:33.211 INFO:teuthology.orchestra.run.smithi073.stdout:/usr/bin/ceph: stderr
2024-02-17T16:24:32.646+0000 7f71aceb5700 1 -- 172.21.15.73:0/4087200249 shutdown_connections
2024-02-17T16:24:33.211 INFO:teuthology.orchestra.run.smithi073.stdout:/usr/bin/ceph: stderr
2024-02-17T16:24:32.646+0000 7f71aceb5700 1 -- 172.21.15.73:0/4087200249 wait complete.
2024-02-17T16:24:33.782 INFO:journalctl@ceph.mon.smithi073.smithi073.stdout:Feb 17 16:24:33 smithi073 ceph-mon[29600]: mgrmap e8: smithi073.sqyyfm(active, since 2s)
2024-02-17T16:24:33.782 INFO:journalctl@ceph.mon.smithi073.smithi073.stdout:Feb 17 16:24:33 smithi073 ceph-mon[29600]: from='client.14132 -' entity='client.admin' cmd=[{"prefix": "orch set backend", "module_name": "cephadm", "target": ["mon-mgr", ""]}]: dispatch
2024-02-17T16:24:33.782 INFO:journalctl@ceph.mon.smithi073.smithi073.stdout:Feb 17 16:24:33 smithi073 ceph-mon[29600]: from='mgr.14120 172.21.15.73:0/3891363721' entity='mgr.smithi073.sqyyfm'
2024-02-17T16:24:33.782 INFO:journalctl@ceph.mon.smithi073.smithi073.stdout:Feb 17 16:24:33 smithi073 ceph-mon[29600]: from='mgr.14120 172.21.15.73:0/3891363721' entity='mgr.smithi073.sqyyfm' cmd=[{"prefix": "config dump", "format": "json"}]: dispatch
2024-02-17T16:24:34.330 INFO:teuthology.orchestra.run.smithi073.stdout:/usr/bin/ceph: stdout value unchanged
2024-02-17T16:24:34.331 INFO:teuthology.orchestra.run.smithi073.stdout:/usr/bin/ceph: stderr
2024-02-17T16:24:33.587+0000 7fda762a4700 1 Processor -- start
2024-02-17T16:24:34.331 INFO:teuthology.orchestra.run.smithi073.stdout:/usr/bin/ceph: stderr
2024-02-17T16:24:33.587+0000 7fda762a4700 1 -- start start
2024-02-17T16:24:34.331 INFO:teuthology.orchestra.run.smithi073.stdout:/usr/bin/ceph: stderr
2024-02-17T16:24:33.588+0000 7fda762a4700 1 --2- >> [v2:172.21.15.73:3300/0,v1:172.21.15.73:6789/0] conn(0x7fda70078ce0 0x7fda700771f0 unknown :-1 s=NONE pgs=0 cs=0 l=0 rev1=0 crypto rx=0 tx=0 comp rx=0 tx=0).connect
2024-02-17T16:24:34.331 INFO:teuthology.orchestra.run.smithi073.stdout:/usr/bin/ceph: stderr
2024-02-17T16:24:33.588+0000 7fda762a4700 1 -- --> [v2:172.21.15.73:3300/0,v1:172.21.15.73:6789/0] -- mon_getmap magic: 0 v1 -- 0x7fda700790f0 con 0x7fda70078ce0
2024-02-17T16:24:34.331 INFO:teuthology.orchestra.run.smithi073.stdout:/usr/bin/ceph: stderr
2024-02-17T16:24:33.588+0000 7fda6ffff700 1 --2- >> [v2:172.21.15.73:3300/0,v1:172.21.15.73:6789/0] conn(0x7fda70078ce0 0x7fda700771f0 unknown :-1 s=BANNER_CONNECTING pgs=0 cs=0 l=0 rev1=0 crypto rx=0 tx=0 comp rx=0 tx=0)._handle_peer_banner_payload supported=3 required=0
2024-02-17T16:24:34.331 INFO:teuthology.orchestra.run.smithi073.stdout:/usr/bin/ceph: stderr
2024-02-17T16:24:33.588+0000 7fda6ffff700 1 --2- >> [v2:172.21.15.73:3300/0,v1:172.21.15.73:6789/0] conn(0x7fda70078ce0 0x7fda700771f0 unknown :-1 s=HELLO_CONNECTING pgs=0 cs=0 l=0 rev1=1 crypto rx=0 tx=0 comp rx=0 tx=0).handle_hello peer v2:172.21.15.73:3300/0 says I am v2:172.21.15.73:57242/0 (socket says 172.21.15.73:57242)
2024-02-17T16:24:34.331 INFO:teuthology.orchestra.run.smithi073.stdout:/usr/bin/ceph: stderr
2024-02-17T16:24:33.588+0000 7fda6ffff700 1 -- 172.21.15.73:0/2761694877 learned_addr learned my addr 172.21.15.73:0/2761694877 (peer_addr_for_me v2:172.21.15.73:0/0)
2024-02-17T16:24:34.331 INFO:teuthology.orchestra.run.smithi073.stdout:/usr/bin/ceph: stderr
2024-02-17T16:24:33.588+0000 7fda6ffff700 1 -- 172.21.15.73:0/2761694877 --> [v2:172.21.15.73:3300/0,v1:172.21.15.73:6789/0] -- mon_subscribe({config=0+,monmap=0+}) v3 -- 0x7fda70077730 con 0x7fda70078ce0
2024-02-17T16:24:34.331 INFO:teuthology.orchestra.run.smithi073.stdout:/usr/bin/ceph: stderr
2024-02-17T16:24:33.588+0000 7fda6ffff700 1 --2- 172.21.15.73:0/2761694877 >> [v2:172.21.15.73:3300/0,v1:172.21.15.73:6789/0] conn(0x7fda70078ce0 0x7fda700771f0 secure :-1 s=READY pgs=39 cs=0 l=1 rev1=1 crypto rx=0x7fda600098e0 tx=0x7fda60009250 comp rx=0 tx=0).ready entity=mon.0 client_cookie=481eee84ad001060 server_cookie=0 in_seq=0 out_seq=0
2024-02-17T16:24:34.331 INFO:teuthology.orchestra.run.smithi073.stdout:/usr/bin/ceph: stderr
2024-02-17T16:24:33.588+0000 7fda6effd700 1 -- 172.21.15.73:0/2761694877 <== mon.0 v2:172.21.15.73:3300/0 1 ==== mon_map magic: 0 v1 ==== 229+0+0 (secure 0 0 0) 0x7fda6000b860 con 0x7fda70078ce0
2024-02-17T16:24:34.331 INFO:teuthology.orchestra.run.smithi073.stdout:/usr/bin/ceph: stderr
2024-02-17T16:24:33.588+0000 7fda6effd700 1 -- 172.21.15.73:0/2761694877 <== mon.0 v2:172.21.15.73:3300/0 2 ==== config(27 keys) v1 ==== 1044+0+0 (secure 0 0 0) 0x7fda6000be50 con 0x7fda70078ce0
2024-02-17T16:24:34.331 INFO:teuthology.orchestra.run.smithi073.stdout:/usr/bin/ceph: stderr
2024-02-17T16:24:33.588+0000 7fda6effd700 1 -- 172.21.15.73:0/2761694877 <== mon.0 v2:172.21.15.73:3300/0 3 ==== mon_map magic: 0 v1 ==== 229+0+0 (secure 0 0 0) 0x7fda60010380 con 0x7fda70078ce0
2024-02-17T16:24:34.331 INFO:teuthology.orchestra.run.smithi073.stdout:/usr/bin/ceph: stderr
2024-02-17T16:24:33.589+0000 7fda762a4700 1 -- 172.21.15.73:0/2761694877 >> [v2:172.21.15.73:3300/0,v1:172.21.15.73:6789/0] conn(0x7fda70078ce0 msgr2=0x7fda700771f0 secure :-1 s=STATE_CONNECTION_ESTABLISHED l=1).mark_down
2024-02-17T16:24:34.332 INFO:teuthology.orchestra.run.smithi073.stdout:/usr/bin/ceph: stderr
2024-02-17T16:24:33.589+0000 7fda762a4700 1 --2- 172.21.15.73:0/2761694877 >> [v2:172.21.15.73:3300/0,v1:172.21.15.73:6789/0] conn(0x7fda70078ce0 0x7fda700771f0 secure :-1 s=READY pgs=39 cs=0 l=1 rev1=1 crypto rx=0x7fda600098e0 tx=0x7fda60009250 comp rx=0 tx=0).stop
2024-02-17T16:24:34.332 INFO:teuthology.orchestra.run.smithi073.stdout:/usr/bin/ceph: stderr
2024-02-17T16:24:33.589+0000 7fda762a4700 1 -- 172.21.15.73:0/2761694877 shutdown_connections
2024-02-17T16:24:34.332 INFO:teuthology.orchestra.run.smithi073.stdout:/usr/bin/ceph: stderr
2024-02-17T16:24:33.589+0000 7fda762a4700 1 --2- 172.21.15.73:0/2761694877 >> [v2:172.21.15.73:3300/0,v1:172.21.15.73:6789/0] conn(0x7fda70078ce0 0x7fda700771f0 unknown :-1 s=CLOSED pgs=39 cs=0 l=1 rev1=1 crypto rx=0 tx=0 comp rx=0 tx=0).stop
2024-02-17T16:24:34.332 INFO:teuthology.orchestra.run.smithi073.stdout:/usr/bin/ceph: stderr
2024-02-17T16:24:33.589+0000 7fda762a4700 1 -- 172.21.15.73:0/2761694877 >> 172.21.15.73:0/2761694877 conn(0x7fda700fded0 msgr2=0x7fda70100300 unknown :-1 s=STATE_NONE l=0).mark_down
2024-02-17T16:24:34.332 INFO:teuthology.orchestra.run.smithi073.stdout:/usr/bin/ceph: stderr
2024-02-17T16:24:33.589+0000 7fda762a4700 1 -- 172.21.15.73:0/2761694877 shutdown_connections
2024-02-17T16:24:34.332 INFO:teuthology.orchestra.run.smithi073.stdout:/usr/bin/ceph: stderr
2024-02-17T16:24:33.589+0000 7fda762a4700 1 -- 172.21.15.73:0/2761694877 wait complete.
2024-02-17T16:24:34.332 INFO:teuthology.orchestra.run.smithi073.stdout:/usr/bin/ceph: stderr
2024-02-17T16:24:33.589+0000 7fda762a4700 1 Processor -- start
2024-02-17T16:24:34.332 INFO:teuthology.orchestra.run.smithi073.stdout:/usr/bin/ceph: stderr
2024-02-17T16:24:33.590+0000 7fda762a4700 1 -- start start
2024-02-17T16:24:34.332 INFO:teuthology.orchestra.run.smithi073.stdout:/usr/bin/ceph: stderr
2024-02-17T16:24:33.590+0000 7fda762a4700 1 --2- >> [v2:172.21.15.73:3300/0,v1:172.21.15.73:6789/0] conn(0x7fda70078ce0 0x7fda701137e0 unknown :-1 s=NONE pgs=0 cs=0 l=1 rev1=0 crypto rx=0 tx=0 comp rx=0 tx=0).connect
2024-02-17T16:24:34.332 INFO:teuthology.orchestra.run.smithi073.stdout:/usr/bin/ceph: stderr
2024-02-17T16:24:33.590+0000 7fda762a4700 1 -- --> [v2:172.21.15.73:3300/0,v1:172.21.15.73:6789/0] -- mon_getmap magic: 0 v1 -- 0x7fda70113d20 con 0x7fda70078ce0
2024-02-17T16:24:34.332 INFO:teuthology.orchestra.run.smithi073.stdout:/usr/bin/ceph: stderr
2024-02-17T16:24:33.590+0000 7fda6ffff700 1 --2- >> [v2:172.21.15.73:3300/0,v1:172.21.15.73:6789/0] conn(0x7fda70078ce0 0x7fda701137e0 unknown :-1 s=BANNER_CONNECTING pgs=0 cs=0 l=1 rev1=0 crypto rx=0 tx=0 comp rx=0 tx=0)._handle_peer_banner_payload supported=3 required=0
2024-02-17T16:24:34.332 INFO:teuthology.orchestra.run.smithi073.stdout:/usr/bin/ceph: stderr
2024-02-17T16:24:33.590+0000 7fda6ffff700 1 --2- >> [v2:172.21.15.73:3300/0,v1:172.21.15.73:6789/0] conn(0x7fda70078ce0 0x7fda701137e0 unknown :-1 s=HELLO_CONNECTING pgs=0 cs=0 l=1 rev1=1 crypto rx=0 tx=0 comp rx=0 tx=0).handle_hello peer v2:172.21.15.73:3300/0 says I am v2:172.21.15.73:57258/0 (socket says 172.21.15.73:57258)
2024-02-17T16:24:34.332 INFO:teuthology.orchestra.run.smithi073.stdout:/usr/bin/ceph: stderr
2024-02-17T16:24:33.590+0000 7fda6ffff700 1 -- 172.21.15.73:0/1861778349 learned_addr learned my addr 172.21.15.73:0/1861778349 (peer_addr_for_me v2:172.21.15.73:0/0)
2024-02-17T16:24:34.332 INFO:teuthology.orchestra.run.smithi073.stdout:/usr/bin/ceph: stderr
2024-02-17T16:24:33.590+0000 7fda6ffff700 1 -- 172.21.15.73:0/1861778349 --> [v2:172.21.15.73:3300/0,v1:172.21.15.73:6789/0] -- mon_subscribe({config=0+,monmap=0+}) v3 -- 0x7fda600094f0 con 0x7fda70078ce0
2024-02-17T16:24:34.333 INFO:teuthology.orchestra.run.smithi073.stdout:/usr/bin/ceph: stderr
2024-02-17T16:24:33.590+0000 7fda6ffff700 1 --2- 172.21.15.73:0/1861778349 >> [v2:172.21.15.73:3300/0,v1:172.21.15.73:6789/0] conn(0x7fda70078ce0 0x7fda701137e0 secure :-1 s=READY pgs=40 cs=0 l=1 rev1=1 crypto rx=0x7fda6000b440 tx=0x7fda60009250 comp rx=0 tx=0).ready entity=mon.0 client_cookie=0 server_cookie=0 in_seq=0 out_seq=0
2024-02-17T16:24:34.333 INFO:teuthology.orchestra.run.smithi073.stdout:/usr/bin/ceph: stderr
2024-02-17T16:24:33.590+0000 7fda6cff9700 1 -- 172.21.15.73:0/1861778349 <== mon.0 v2:172.21.15.73:3300/0 1 ==== mon_map magic: 0 v1 ==== 229+0+0 (secure 0 0 0) 0x7fda60010760 con 0x7fda70078ce0
2024-02-17T16:24:34.333 INFO:teuthology.orchestra.run.smithi073.stdout:/usr/bin/ceph: stderr
2024-02-17T16:24:33.590+0000 7fda6cff9700 1 -- 172.21.15.73:0/1861778349 <== mon.0 v2:172.21.15.73:3300/0 2 ==== config(27 keys) v1 ==== 1044+0+0 (secure 0 0 0) 0x7fda60010d50 con 0x7fda70078ce0
2024-02-17T16:24:34.333 INFO:teuthology.orchestra.run.smithi073.stdout:/usr/bin/ceph: stderr
2024-02-17T16:24:33.590+0000 7fda762a4700 1 -- 172.21.15.73:0/1861778349 --> [v2:172.21.15.73:3300/0,v1:172.21.15.73:6789/0] -- mon_subscribe({mgrmap=0+}) v3 -- 0x7fda70113f20 con 0x7fda70078ce0
2024-02-17T16:24:34.333 INFO:teuthology.orchestra.run.smithi073.stdout:/usr/bin/ceph: stderr
2024-02-17T16:24:33.590+0000 7fda6cff9700 1 -- 172.21.15.73:0/1861778349 <== mon.0 v2:172.21.15.73:3300/0 3 ==== mon_map magic: 0 v1 ==== 229+0+0 (secure 0 0 0) 0x7fda6001adc0 con 0x7fda70078ce0
2024-02-17T16:24:34.333 INFO:teuthology.orchestra.run.smithi073.stdout:/usr/bin/ceph: stderr
2024-02-17T16:24:33.591+0000 7fda762a4700 1 -- 172.21.15.73:0/1861778349 --> [v2:172.21.15.73:3300/0,v1:172.21.15.73:6789/0] -- mon_subscribe({osdmap=0}) v3 -- 0x7fda70114bc0 con 0x7fda70078ce0
2024-02-17T16:24:34.333 INFO:teuthology.orchestra.run.smithi073.stdout:/usr/bin/ceph: stderr
2024-02-17T16:24:33.591+0000 7fda6cff9700 1 -- 172.21.15.73:0/1861778349 <== mon.0 v2:172.21.15.73:3300/0 4 ==== mgrmap(e 8) v1 ==== 43368+0+0 (secure 0 0 0) 0x7fda600193c0 con 0x7fda70078ce0
2024-02-17T16:24:34.333 INFO:teuthology.orchestra.run.smithi073.stdout:/usr/bin/ceph: stderr
2024-02-17T16:24:33.591+0000 7fda6cff9700 1 --2- 172.21.15.73:0/1861778349 >> [v2:172.21.15.73:6800/693044671,v1:172.21.15.73:6801/693044671] conn(0x7fda580367e0 0x7fda58038c90 unknown :-1 s=NONE pgs=0 cs=0 l=1 rev1=0 crypto rx=0 tx=0 comp rx=0 tx=0).connect
2024-02-17T16:24:34.333 INFO:teuthology.orchestra.run.smithi073.stdout:/usr/bin/ceph: stderr
2024-02-17T16:24:33.591+0000 7fda762a4700 1 -- 172.21.15.73:0/1861778349 --> [v2:172.21.15.73:3300/0,v1:172.21.15.73:6789/0] -- mon_command({"prefix": "get_command_descriptions"} v 0) v1 -- 0x7fda7005f5c0 con 0x7fda70078ce0
2024-02-17T16:24:34.333 INFO:teuthology.orchestra.run.smithi073.stdout:/usr/bin/ceph: stderr
2024-02-17T16:24:33.592+0000 7fda6cff9700 1 -- 172.21.15.73:0/1861778349 <== mon.0 v2:172.21.15.73:3300/0 5 ==== osd_map(2..2 src has 1..2) v4 ==== 936+0+0 (secure 0 0 0) 0x7fda60049f50 con 0x7fda70078ce0
2024-02-17T16:24:34.333 INFO:teuthology.orchestra.run.smithi073.stdout:/usr/bin/ceph: stderr
2024-02-17T16:24:33.592+0000 7fda6f7fe700 1 --2- 172.21.15.73:0/1861778349 >> [v2:172.21.15.73:6800/693044671,v1:172.21.15.73:6801/693044671] conn(0x7fda580367e0 0x7fda58038c90 unknown :-1 s=BANNER_CONNECTING pgs=0 cs=0 l=1 rev1=0 crypto rx=0 tx=0 comp rx=0 tx=0)._handle_peer_banner_payload supported=3 required=0
2024-02-17T16:24:34.333 INFO:teuthology.orchestra.run.smithi073.stdout:/usr/bin/ceph: stderr
2024-02-17T16:24:33.592+0000 7fda6f7fe700 1 --2- 172.21.15.73:0/1861778349 >> [v2:172.21.15.73:6800/693044671,v1:172.21.15.73:6801/693044671] conn(0x7fda580367e0 0x7fda58038c90 secure :-1 s=READY pgs=8 cs=0 l=1 rev1=1 crypto rx=0x7fda64009990 tx=0x7fda64006e40 comp rx=0 tx=0).ready entity=mgr.14120 client_cookie=0 server_cookie=0 in_seq=0 out_seq=0
2024-02-17T16:24:34.333 INFO:teuthology.orchestra.run.smithi073.stdout:/usr/bin/ceph: stderr
2024-02-17T16:24:33.596+0000 7fda6cff9700 1 -- 172.21.15.73:0/1861778349 <== mon.0 v2:172.21.15.73:3300/0 6 ==== mon_command_ack([{"prefix": "get_command_descriptions"}]=0 v0) v1 ==== 72+0+175031 (secure 0 0 0) 0x7fda60023940 con 0x7fda70078ce0
2024-02-17T16:24:34.333 INFO:teuthology.orchestra.run.smithi073.stdout:/usr/bin/ceph: stderr
2024-02-17T16:24:33.779+0000 7fda762a4700 1 -- 172.21.15.73:0/1861778349 --> [v2:172.21.15.73:6800/693044671,v1:172.21.15.73:6801/693044671] -- mgr_command(tid 0: {"prefix": "cephadm set-user", "user": "root", "target": ["mon-mgr", ""]}) v1 -- 0x7fda701001f0 con 0x7fda580367e0
2024-02-17T16:24:34.333 INFO:teuthology.orchestra.run.smithi073.stdout:/usr/bin/ceph: stderr
2024-02-17T16:24:33.780+0000 7fda6cff9700 1 -- 172.21.15.73:0/1861778349 <== mgr.14120 v2:172.21.15.73:6800/693044671 1 ==== mgr_command_reply(tid 0: 0 ) v1 ==== 8+0+16 (secure 0 0 0) 0x7fda701001f0 con 0x7fda580367e0
2024-02-17T16:24:34.334 INFO:teuthology.orchestra.run.smithi073.stdout:/usr/bin/ceph: stderr
2024-02-17T16:24:33.782+0000 7fda762a4700 1 -- 172.21.15.73:0/1861778349 >> [v2:172.21.15.73:6800/693044671,v1:172.21.15.73:6801/693044671] conn(0x7fda580367e0 msgr2=0x7fda58038c90 secure :-1 s=STATE_CONNECTION_ESTABLISHED l=1).mark_down
2024-02-17T16:24:34.334 INFO:teuthology.orchestra.run.smithi073.stdout:/usr/bin/ceph: stderr
2024-02-17T16:24:33.782+0000 7fda762a4700 1 --2- 172.21.15.73:0/1861778349 >> [v2:172.21.15.73:6800/693044671,v1:172.21.15.73:6801/693044671] conn(0x7fda580367e0 0x7fda58038c90 secure :-1 s=READY pgs=8 cs=0 l=1 rev1=1 crypto rx=0x7fda64009990 tx=0x7fda64006e40 comp rx=0 tx=0).stop
2024-02-17T16:24:34.334 INFO:teuthology.orchestra.run.smithi073.stdout:/usr/bin/ceph: stderr
2024-02-17T16:24:33.782+0000 7fda762a4700 1 -- 172.21.15.73:0/1861778349 >> [v2:172.21.15.73:3300/0,v1:172.21.15.73:6789/0] conn(0x7fda70078ce0 msgr2=0x7fda701137e0 secure :-1 s=STATE_CONNECTION_ESTABLISHED l=1).mark_down
2024-02-17T16:24:34.334 INFO:teuthology.orchestra.run.smithi073.stdout:/usr/bin/ceph: stderr
2024-02-17T16:24:33.782+0000 7fda762a4700 1 --2- 172.21.15.73:0/1861778349 >> [v2:172.21.15.73:3300/0,v1:172.21.15.73:6789/0] conn(0x7fda70078ce0 0x7fda701137e0 secure :-1 s=READY pgs=40 cs=0 l=1 rev1=1 crypto rx=0x7fda6000b440 tx=0x7fda60009250 comp rx=0 tx=0).stop
2024-02-17T16:24:34.334 INFO:teuthology.orchestra.run.smithi073.stdout:/usr/bin/ceph: stderr
2024-02-17T16:24:33.782+0000 7fda762a4700 1 -- 172.21.15.73:0/1861778349 shutdown_connections
2024-02-17T16:24:34.334 INFO:teuthology.orchestra.run.smithi073.stdout:/usr/bin/ceph: stderr
2024-02-17T16:24:33.782+0000 7fda762a4700 1 --2- 172.21.15.73:0/1861778349 >> [v2:172.21.15.73:6800/693044671,v1:172.21.15.73:6801/693044671] conn(0x7fda580367e0 0x7fda58038c90 unknown :-1 s=CLOSED pgs=8 cs=0 l=1 rev1=1 crypto rx=0 tx=0 comp rx=0 tx=0).stop
2024-02-17T16:24:34.334 INFO:teuthology.orchestra.run.smithi073.stdout:/usr/bin/ceph: stderr
2024-02-17T16:24:33.782+0000 7fda762a4700 1 --2- 172.21.15.73:0/1861778349 >> [v2:172.21.15.73:3300/0,v1:172.21.15.73:6789/0] conn(0x7fda70078ce0 0x7fda701137e0 unknown :-1 s=CLOSED pgs=40 cs=0 l=1 rev1=1 crypto rx=0 tx=0 comp rx=0 tx=0).stop
2024-02-17T16:24:34.334 INFO:teuthology.orchestra.run.smithi073.stdout:/usr/bin/ceph: stderr
2024-02-17T16:24:33.782+0000 7fda762a4700 1 -- 172.21.15.73:0/1861778349 >> 172.21.15.73:0/1861778349 conn(0x7fda700fded0 msgr2=0x7fda700ff5d0 unknown :-1 s=STATE_NONE l=0).mark_down
2024-02-17T16:24:34.334 INFO:teuthology.orchestra.run.smithi073.stdout:/usr/bin/ceph: stderr
2024-02-17T16:24:33.782+0000 7fda762a4700 1 -- 172.21.15.73:0/1861778349 shutdown_connections
2024-02-17T16:24:34.334 INFO:teuthology.orchestra.run.smithi073.stdout:/usr/bin/ceph: stderr
2024-02-17T16:24:33.782+0000 7fda762a4700 1 -- 172.21.15.73:0/1861778349 wait complete.
2024-02-17T16:24:34.334 INFO:teuthology.orchestra.run.smithi073.stdout:Generating ssh key...
2024-02-17T16:24:34.711 INFO:journalctl@ceph.mon.smithi073.smithi073.stdout:Feb 17 16:24:34 smithi073 ceph-mon[29600]: from='client.14134 -' entity='client.admin' cmd=[{"prefix": "cephadm set-user", "user": "root", "target": ["mon-mgr", ""]}]: dispatch
2024-02-17T16:24:35.688 INFO:journalctl@ceph.mon.smithi073.smithi073.stdout:Feb 17 16:24:35 smithi073 ceph-mon[29600]: from='client.14136 -' entity='client.admin' cmd=[{"prefix": "cephadm generate-key", "target": ["mon-mgr", ""]}]: dispatch
2024-02-17T16:24:35.688 INFO:journalctl@ceph.mon.smithi073.smithi073.stdout:Feb 17 16:24:35 smithi073 ceph-mon[29600]: Generating ssh key...
2024-02-17T16:24:35.688 INFO:journalctl@ceph.mon.smithi073.smithi073.stdout:Feb 17 16:24:35 smithi073 ceph-mon[29600]: from='mgr.14120 172.21.15.73:0/3891363721' entity='mgr.smithi073.sqyyfm'
2024-02-17T16:24:35.689 INFO:journalctl@ceph.mon.smithi073.smithi073.stdout:Feb 17 16:24:35 smithi073 ceph-mon[29600]: from='mgr.14120 172.21.15.73:0/3891363721' entity='mgr.smithi073.sqyyfm'
2024-02-17T16:24:35.696 INFO:teuthology.orchestra.run.smithi073.stdout:/usr/bin/ceph: stderr
2024-02-17T16:24:34.709+0000 7f9bc095c700 1 Processor -- start
2024-02-17T16:24:35.696 INFO:teuthology.orchestra.run.smithi073.stdout:/usr/bin/ceph: stderr
2024-02-17T16:24:34.709+0000 7f9bc095c700 1 -- start start
2024-02-17T16:24:35.696 INFO:teuthology.orchestra.run.smithi073.stdout:/usr/bin/ceph: stderr
2024-02-17T16:24:34.709+0000 7f9bc095c700 1 --2- >> [v2:172.21.15.73:3300/0,v1:172.21.15.73:6789/0] conn(0x7f9bbc102770 0x7f9bbc102b80 unknown :-1 s=NONE pgs=0 cs=0 l=0 rev1=0 crypto rx=0 tx=0 comp rx=0 tx=0).connect
2024-02-17T16:24:35.696 INFO:teuthology.orchestra.run.smithi073.stdout:/usr/bin/ceph: stderr
2024-02-17T16:24:34.709+0000 7f9bc095c700 1 -- --> [v2:172.21.15.73:3300/0,v1:172.21.15.73:6789/0] -- mon_getmap magic: 0 v1 -- 0x7f9bbc1030c0 con 0x7f9bbc102770
2024-02-17T16:24:35.696 INFO:teuthology.orchestra.run.smithi073.stdout:/usr/bin/ceph: stderr
2024-02-17T16:24:34.709+0000 7f9bba59c700 1 --2- >> [v2:172.21.15.73:3300/0,v1:172.21.15.73:6789/0] conn(0x7f9bbc102770 0x7f9bbc102b80 unknown :-1 s=BANNER_CONNECTING pgs=0 cs=0 l=0 rev1=0 crypto rx=0 tx=0 comp rx=0 tx=0)._handle_peer_banner_payload supported=3 required=0
2024-02-17T16:24:35.696 INFO:teuthology.orchestra.run.smithi073.stdout:/usr/bin/ceph: stderr
2024-02-17T16:24:34.709+0000 7f9bba59c700 1 --2- >> [v2:172.21.15.73:3300/0,v1:172.21.15.73:6789/0] conn(0x7f9bbc102770 0x7f9bbc102b80 unknown :-1 s=HELLO_CONNECTING pgs=0 cs=0 l=0 rev1=1 crypto rx=0 tx=0 comp rx=0 tx=0).handle_hello peer v2:172.21.15.73:3300/0 says I am v2:172.21.15.73:57272/0 (socket says 172.21.15.73:57272)
2024-02-17T16:24:35.696 INFO:teuthology.orchestra.run.smithi073.stdout:/usr/bin/ceph: stderr
2024-02-17T16:24:34.709+0000 7f9bba59c700 1 -- 172.21.15.73:0/2914863458 learned_addr learned my addr 172.21.15.73:0/2914863458 (peer_addr_for_me v2:172.21.15.73:0/0)
2024-02-17T16:24:35.696 INFO:teuthology.orchestra.run.smithi073.stdout:/usr/bin/ceph: stderr
2024-02-17T16:24:34.709+0000 7f9bba59c700 1 -- 172.21.15.73:0/2914863458 --> [v2:172.21.15.73:3300/0,v1:172.21.15.73:6789/0] -- mon_subscribe({config=0+,monmap=0+}) v3 -- 0x7f9bbc103200 con 0x7f9bbc102770
2024-02-17T16:24:35.696 INFO:teuthology.orchestra.run.smithi073.stdout:/usr/bin/ceph: stderr
2024-02-17T16:24:34.710+0000 7f9bba59c700 1 --2- 172.21.15.73:0/2914863458 >> [v2:172.21.15.73:3300/0,v1:172.21.15.73:6789/0] conn(0x7f9bbc102770 0x7f9bbc102b80 secure :-1 s=READY pgs=41 cs=0 l=1 rev1=1 crypto rx=0x7f9bac0098e0 tx=0x7f9bac009250 comp rx=0 tx=0).ready entity=mon.0 client_cookie=aca7e8ae549d4c3c server_cookie=0 in_seq=0 out_seq=0
2024-02-17T16:24:35.697 INFO:teuthology.orchestra.run.smithi073.stdout:/usr/bin/ceph: stderr
2024-02-17T16:24:34.710+0000 7f9bb959a700 1 -- 172.21.15.73:0/2914863458 <== mon.0 v2:172.21.15.73:3300/0 1 ==== mon_map magic: 0 v1 ==== 229+0+0 (secure 0 0 0) 0x7f9bac00b860 con 0x7f9bbc102770
2024-02-17T16:24:35.697 INFO:teuthology.orchestra.run.smithi073.stdout:/usr/bin/ceph: stderr
2024-02-17T16:24:34.710+0000 7f9bb959a700 1 -- 172.21.15.73:0/2914863458 <== mon.0 v2:172.21.15.73:3300/0 2 ==== config(27 keys) v1 ==== 1044+0+0 (secure 0 0 0) 0x7f9bac00be50 con 0x7f9bbc102770
2024-02-17T16:24:35.697 INFO:teuthology.orchestra.run.smithi073.stdout:/usr/bin/ceph: stderr
2024-02-17T16:24:34.710+0000 7f9bb959a700 1 -- 172.21.15.73:0/2914863458 <== mon.0 v2:172.21.15.73:3300/0 3 ==== mon_map magic: 0 v1 ==== 229+0+0 (secure 0 0 0) 0x7f9bac010380 con 0x7f9bbc102770
2024-02-17T16:24:35.697 INFO:teuthology.orchestra.run.smithi073.stdout:/usr/bin/ceph: stderr
2024-02-17T16:24:34.710+0000 7f9bc095c700 1 -- 172.21.15.73:0/2914863458 >> [v2:172.21.15.73:3300/0,v1:172.21.15.73:6789/0] conn(0x7f9bbc102770 msgr2=0x7f9bbc102b80 secure :-1 s=STATE_CONNECTION_ESTABLISHED l=1).mark_down
2024-02-17T16:24:35.697 INFO:teuthology.orchestra.run.smithi073.stdout:/usr/bin/ceph: stderr
2024-02-17T16:24:34.710+0000 7f9bc095c700 1 --2- 172.21.15.73:0/2914863458 >> [v2:172.21.15.73:3300/0,v1:172.21.15.73:6789/0] conn(0x7f9bbc102770 0x7f9bbc102b80 secure :-1 s=READY pgs=41 cs=0 l=1 rev1=1 crypto rx=0x7f9bac0098e0 tx=0x7f9bac009250 comp rx=0 tx=0).stop
2024-02-17T16:24:35.697 INFO:teuthology.orchestra.run.smithi073.stdout:/usr/bin/ceph: stderr
2024-02-17T16:24:34.711+0000 7f9bc095c700 1 -- 172.21.15.73:0/2914863458 shutdown_connections
2024-02-17T16:24:35.697 INFO:teuthology.orchestra.run.smithi073.stdout:/usr/bin/ceph: stderr
2024-02-17T16:24:34.711+0000 7f9bc095c700 1 --2- 172.21.15.73:0/2914863458 >> [v2:172.21.15.73:3300/0,v1:172.21.15.73:6789/0] conn(0x7f9bbc102770 0x7f9bbc102b80 unknown :-1 s=CLOSED pgs=41 cs=0 l=1 rev1=1 crypto rx=0 tx=0 comp rx=0 tx=0).stop
2024-02-17T16:24:35.697 INFO:teuthology.orchestra.run.smithi073.stdout:/usr/bin/ceph: stderr
2024-02-17T16:24:34.711+0000 7f9bc095c700 1 -- 172.21.15.73:0/2914863458 >> 172.21.15.73:0/2914863458 conn(0x7f9bbc0fded0 msgr2=0x7f9bbc100300 unknown :-1 s=STATE_NONE l=0).mark_down
2024-02-17T16:24:35.697 INFO:teuthology.orchestra.run.smithi073.stdout:/usr/bin/ceph: stderr
2024-02-17T16:24:34.711+0000 7f9bc095c700 1 -- 172.21.15.73:0/2914863458 shutdown_connections
2024-02-17T16:24:35.697 INFO:teuthology.orchestra.run.smithi073.stdout:/usr/bin/ceph: stderr
2024-02-17T16:24:34.711+0000 7f9bc095c700 1 -- 172.21.15.73:0/2914863458 wait complete.
2024-02-17T16:24:35.697 INFO:teuthology.orchestra.run.smithi073.stdout:/usr/bin/ceph: stderr
2024-02-17T16:24:34.711+0000 7f9bc095c700 1 Processor -- start
2024-02-17T16:24:35.697 INFO:teuthology.orchestra.run.smithi073.stdout:/usr/bin/ceph: stderr
2024-02-17T16:24:34.711+0000 7f9bc095c700 1 -- start start
2024-02-17T16:24:35.697 INFO:teuthology.orchestra.run.smithi073.stdout:/usr/bin/ceph: stderr
2024-02-17T16:24:34.711+0000 7f9bc095c700 1 --2- >> [v2:172.21.15.73:3300/0,v1:172.21.15.73:6789/0] conn(0x7f9bbc102770 0x7f9bbc111560 unknown :-1 s=NONE pgs=0 cs=0 l=1 rev1=0 crypto rx=0 tx=0 comp rx=0 tx=0).connect
2024-02-17T16:24:35.697 INFO:teuthology.orchestra.run.smithi073.stdout:/usr/bin/ceph: stderr
2024-02-17T16:24:34.711+0000 7f9bc095c700 1 -- --> [v2:172.21.15.73:3300/0,v1:172.21.15.73:6789/0] -- mon_getmap magic: 0 v1 -- 0x7f9bbc111aa0 con 0x7f9bbc102770
2024-02-17T16:24:35.697 INFO:teuthology.orchestra.run.smithi073.stdout:/usr/bin/ceph: stderr
2024-02-17T16:24:34.711+0000 7f9bba59c700 1 --2- >> [v2:172.21.15.73:3300/0,v1:172.21.15.73:6789/0] conn(0x7f9bbc102770 0x7f9bbc111560 unknown :-1 s=BANNER_CONNECTING pgs=0 cs=0 l=1 rev1=0 crypto rx=0 tx=0 comp rx=0 tx=0)._handle_peer_banner_payload supported=3 required=0
2024-02-17T16:24:35.697 INFO:teuthology.orchestra.run.smithi073.stdout:/usr/bin/ceph: stderr
2024-02-17T16:24:34.711+0000 7f9bba59c700 1 --2- >> [v2:172.21.15.73:3300/0,v1:172.21.15.73:6789/0] conn(0x7f9bbc102770 0x7f9bbc111560 unknown :-1 s=HELLO_CONNECTING pgs=0 cs=0 l=1 rev1=1 crypto rx=0 tx=0 comp rx=0 tx=0).handle_hello peer v2:172.21.15.73:3300/0 says I am v2:172.21.15.73:57288/0 (socket says 172.21.15.73:57288)
2024-02-17T16:24:35.698 INFO:teuthology.orchestra.run.smithi073.stdout:/usr/bin/ceph: stderr
2024-02-17T16:24:34.711+0000 7f9bba59c700 1 -- 172.21.15.73:0/3920033967 learned_addr learned my addr 172.21.15.73:0/3920033967 (peer_addr_for_me v2:172.21.15.73:0/0)
2024-02-17T16:24:35.698 INFO:teuthology.orchestra.run.smithi073.stdout:/usr/bin/ceph: stderr
2024-02-17T16:24:34.712+0000 7f9bba59c700 1 -- 172.21.15.73:0/3920033967 --> [v2:172.21.15.73:3300/0,v1:172.21.15.73:6789/0] -- mon_subscribe({config=0+,monmap=0+}) v3 -- 0x7f9bac0094f0 con 0x7f9bbc102770
2024-02-17T16:24:35.698 INFO:teuthology.orchestra.run.smithi073.stdout:/usr/bin/ceph: stderr
2024-02-17T16:24:34.712+0000 7f9bba59c700 1 --2- 172.21.15.73:0/3920033967 >> [v2:172.21.15.73:3300/0,v1:172.21.15.73:6789/0] conn(0x7f9bbc102770 0x7f9bbc111560 secure :-1 s=READY pgs=42 cs=0 l=1 rev1=1 crypto rx=0x7f9bac000c00 tx=0x7f9bac009250 comp rx=0 tx=0).ready entity=mon.0 client_cookie=0 server_cookie=0 in_seq=0 out_seq=0
2024-02-17T16:24:35.698 INFO:teuthology.orchestra.run.smithi073.stdout:/usr/bin/ceph: stderr
2024-02-17T16:24:34.712+0000 7f9baaffd700 1 -- 172.21.15.73:0/3920033967 <== mon.0 v2:172.21.15.73:3300/0 1 ==== mon_map magic: 0 v1 ==== 229+0+0 (secure 0 0 0) 0x7f9bac0107c0 con 0x7f9bbc102770
2024-02-17T16:24:35.698 INFO:teuthology.orchestra.run.smithi073.stdout:/usr/bin/ceph: stderr
2024-02-17T16:24:34.712+0000 7f9baaffd700 1 -- 172.21.15.73:0/3920033967 <== mon.0 v2:172.21.15.73:3300/0 2 ==== config(27 keys) v1 ==== 1044+0+0 (secure 0 0 0) 0x7f9bac010db0 con 0x7f9bbc102770
2024-02-17T16:24:35.698 INFO:teuthology.orchestra.run.smithi073.stdout:/usr/bin/ceph: stderr
2024-02-17T16:24:34.712+0000 7f9bc095c700 1 -- 172.21.15.73:0/3920033967 --> [v2:172.21.15.73:3300/0,v1:172.21.15.73:6789/0] -- mon_subscribe({mgrmap=0+}) v3 -- 0x7f9bbc111ca0 con 0x7f9bbc102770
2024-02-17T16:24:35.698 INFO:teuthology.orchestra.run.smithi073.stdout:/usr/bin/ceph: stderr
2024-02-17T16:24:34.712+0000 7f9baaffd700 1 -- 172.21.15.73:0/3920033967 <== mon.0 v2:172.21.15.73:3300/0 3 ==== mon_map magic: 0 v1 ==== 229+0+0 (secure 0 0 0) 0x7f9bac01ad00 con 0x7f9bbc102770
2024-02-17T16:24:35.698 INFO:teuthology.orchestra.run.smithi073.stdout:/usr/bin/ceph: stderr
2024-02-17T16:24:34.712+0000 7f9bc095c700 1 -- 172.21.15.73:0/3920033967 --> [v2:172.21.15.73:3300/0,v1:172.21.15.73:6789/0] -- mon_subscribe({osdmap=0}) v3 -- 0x7f9bbc112940 con 0x7f9bbc102770
2024-02-17T16:24:35.698 INFO:teuthology.orchestra.run.smithi073.stdout:/usr/bin/ceph: stderr
2024-02-17T16:24:34.713+0000 7f9baaffd700 1 -- 172.21.15.73:0/3920033967 <== mon.0 v2:172.21.15.73:3300/0 4 ==== mgrmap(e 8) v1 ==== 43368+0+0 (secure 0 0 0) 0x7f9bac0193c0 con 0x7f9bbc102770
2024-02-17T16:24:35.698 INFO:teuthology.orchestra.run.smithi073.stdout:/usr/bin/ceph: stderr
2024-02-17T16:24:34.713+0000 7f9baaffd700 1 --2- 172.21.15.73:0/3920033967 >> [v2:172.21.15.73:6800/693044671,v1:172.21.15.73:6801/693044671] conn(0x7f9ba4036790 0x7f9ba4038c40 unknown :-1 s=NONE pgs=0 cs=0 l=1 rev1=0 crypto rx=0 tx=0 comp rx=0 tx=0).connect
2024-02-17T16:24:35.698 INFO:teuthology.orchestra.run.smithi073.stdout:/usr/bin/ceph: stderr
2024-02-17T16:24:34.713+0000 7f9baaffd700 1 -- 172.21.15.73:0/3920033967 <== mon.0 v2:172.21.15.73:3300/0 5 ==== osd_map(2..2 src has 1..2) v4 ==== 936+0+0 (secure 0 0 0) 0x7f9bac04a6c0 con 0x7f9bbc102770
2024-02-17T16:24:35.698 INFO:teuthology.orchestra.run.smithi073.stdout:/usr/bin/ceph: stderr
2024-02-17T16:24:34.713+0000 7f9bc095c700 1 -- 172.21.15.73:0/3920033967 --> [v2:172.21.15.73:3300/0,v1:172.21.15.73:6789/0] -- mon_command({"prefix": "get_command_descriptions"} v 0) v1 -- 0x7f9bbc05f5c0 con 0x7f9bbc102770
2024-02-17T16:24:35.698 INFO:teuthology.orchestra.run.smithi073.stdout:/usr/bin/ceph: stderr
2024-02-17T16:24:34.713+0000 7f9bb9d9b700 1 --2- 172.21.15.73:0/3920033967 >> [v2:172.21.15.73:6800/693044671,v1:172.21.15.73:6801/693044671] conn(0x7f9ba4036790 0x7f9ba4038c40 unknown :-1 s=BANNER_CONNECTING pgs=0 cs=0 l=1 rev1=0 crypto rx=0 tx=0 comp rx=0 tx=0)._handle_peer_banner_payload supported=3 required=0
2024-02-17T16:24:35.698 INFO:teuthology.orchestra.run.smithi073.stdout:/usr/bin/ceph: stderr
2024-02-17T16:24:34.713+0000 7f9bb9d9b700 1 --2- 172.21.15.73:0/3920033967 >> [v2:172.21.15.73:6800/693044671,v1:172.21.15.73:6801/693044671] conn(0x7f9ba4036790 0x7f9ba4038c40 secure :-1 s=READY pgs=9 cs=0 l=1 rev1=1 crypto rx=0x7f9bb0009990 tx=0x7f9bb0006e40 comp rx=0 tx=0).ready entity=mgr.14120 client_cookie=0 server_cookie=0 in_seq=0 out_seq=0
2024-02-17T16:24:35.698 INFO:teuthology.orchestra.run.smithi073.stdout:/usr/bin/ceph: stderr
2024-02-17T16:24:34.718+0000 7f9baaffd700 1 -- 172.21.15.73:0/3920033967 <== mon.0 v2:172.21.15.73:3300/0 6 ==== mon_command_ack([{"prefix": "get_command_descriptions"}]=0 v0) v1 ==== 72+0+175031 (secure 0 0 0) 0x7f9bac0196c0 con 0x7f9bbc102770
2024-02-17T16:24:35.698 INFO:teuthology.orchestra.run.smithi073.stdout:/usr/bin/ceph: stderr
2024-02-17T16:24:34.902+0000 7f9bc095c700 1 -- 172.21.15.73:0/3920033967 --> [v2:172.21.15.73:6800/693044671,v1:172.21.15.73:6801/693044671] -- mgr_command(tid 0: {"prefix": "cephadm generate-key", "target": ["mon-mgr", ""]}) v1 -- 0x7f9bbc100190 con 0x7f9ba4036790
2024-02-17T16:24:35.699 INFO:teuthology.orchestra.run.smithi073.stdout:/usr/bin/ceph: stderr
2024-02-17T16:24:35.058+0000 7f9baaffd700 1 -- 172.21.15.73:0/3920033967 <== mgr.14120 v2:172.21.15.73:6800/693044671 1 ==== mgr_command_reply(tid 0: 0 ) v1 ==== 8+0+0 (secure 0 0 0) 0x7f9bbc100190 con 0x7f9ba4036790
2024-02-17T16:24:35.699 INFO:teuthology.orchestra.run.smithi073.stdout:/usr/bin/ceph: stderr
