2024-02-17T16:24:48.999+0000 7f7a4bcac700 1 --2- 172.21.15.73:0/1571920122 >> [v2:172.21.15.73:3300/0,v1:172.21.15.73:6789/0] conn(0x7f7a44101670 0x7f7a4410f600 secure :-1 s=READY pgs=60 cs=0 l=1 rev1=1 crypto rx=0x7f7a40007010 tx=0x7f7a4000b4f0 comp rx=0 tx=0).stop
2024-02-17T16:24:50.259 INFO:teuthology.orchestra.run.smithi073.stdout:/usr/bin/ceph: stderr
2024-02-17T16:24:48.999+0000 7f7a4bcac700 1 -- 172.21.15.73:0/1571920122 shutdown_connections
2024-02-17T16:24:50.259 INFO:teuthology.orchestra.run.smithi073.stdout:/usr/bin/ceph: stderr
2024-02-17T16:24:48.999+0000 7f7a4bcac700 1 --2- 172.21.15.73:0/1571920122 >> [v2:172.21.15.73:6800/693044671,v1:172.21.15.73:6801/693044671] conn(0x7f7a300367e0 0x7f7a30038c90 unknown :-1 s=CLOSED pgs=18 cs=0 l=1 rev1=1 crypto rx=0 tx=0 comp rx=0 tx=0).stop
2024-02-17T16:24:50.259 INFO:teuthology.orchestra.run.smithi073.stdout:/usr/bin/ceph: stderr
2024-02-17T16:24:48.999+0000 7f7a4bcac700 1 --2- 172.21.15.73:0/1571920122 >> [v2:172.21.15.73:3300/0,v1:172.21.15.73:6789/0] conn(0x7f7a44101670 0x7f7a4410f600 unknown :-1 s=CLOSED pgs=60 cs=0 l=1 rev1=1 crypto rx=0 tx=0 comp rx=0 tx=0).stop
2024-02-17T16:24:50.259 INFO:teuthology.orchestra.run.smithi073.stdout:/usr/bin/ceph: stderr
2024-02-17T16:24:48.999+0000 7f7a4bcac700 1 -- 172.21.15.73:0/1571920122 >> 172.21.15.73:0/1571920122 conn(0x7f7a440fcdd0 msgr2=0x7f7a441063e0 unknown :-1 s=STATE_NONE l=0).mark_down
2024-02-17T16:24:50.259 INFO:teuthology.orchestra.run.smithi073.stdout:/usr/bin/ceph: stderr
2024-02-17T16:24:48.999+0000 7f7a4bcac700 1 -- 172.21.15.73:0/1571920122 shutdown_connections
2024-02-17T16:24:50.259 INFO:teuthology.orchestra.run.smithi073.stdout:/usr/bin/ceph: stderr
2024-02-17T16:24:48.999+0000 7f7a4bcac700 1 -- 172.21.15.73:0/1571920122 wait complete.
2024-02-17T16:24:51.454 INFO:teuthology.orchestra.run.smithi073.stdout:/usr/bin/ceph: stderr
2024-02-17T16:24:50.681+0000 7fe7d2ea5700 1 Processor -- start
2024-02-17T16:24:51.455 INFO:teuthology.orchestra.run.smithi073.stdout:/usr/bin/ceph: stderr
2024-02-17T16:24:50.681+0000 7fe7d2ea5700 1 -- start start
2024-02-17T16:24:51.455 INFO:teuthology.orchestra.run.smithi073.stdout:/usr/bin/ceph: stderr
2024-02-17T16:24:50.681+0000 7fe7d2ea5700 1 --2- >> [v2:172.21.15.73:3300/0,v1:172.21.15.73:6789/0] conn(0x7fe7cc102d70 0x7fe7cc103180 unknown :-1 s=NONE pgs=0 cs=0 l=0 rev1=0 crypto rx=0 tx=0 comp rx=0 tx=0).connect
2024-02-17T16:24:51.455 INFO:teuthology.orchestra.run.smithi073.stdout:/usr/bin/ceph: stderr
2024-02-17T16:24:50.681+0000 7fe7d2ea5700 1 -- --> [v2:172.21.15.73:3300/0,v1:172.21.15.73:6789/0] -- mon_getmap magic: 0 v1 -- 0x7fe7cc1036c0 con 0x7fe7cc102d70
2024-02-17T16:24:51.455 INFO:teuthology.orchestra.run.smithi073.stdout:/usr/bin/ceph: stderr
2024-02-17T16:24:50.682+0000 7fe7d0c41700 1 --2- >> [v2:172.21.15.73:3300/0,v1:172.21.15.73:6789/0] conn(0x7fe7cc102d70 0x7fe7cc103180 unknown :-1 s=BANNER_CONNECTING pgs=0 cs=0 l=0 rev1=0 crypto rx=0 tx=0 comp rx=0 tx=0)._handle_peer_banner_payload supported=3 required=0
2024-02-17T16:24:51.455 INFO:teuthology.orchestra.run.smithi073.stdout:/usr/bin/ceph: stderr
2024-02-17T16:24:50.682+0000 7fe7d0c41700 1 --2- >> [v2:172.21.15.73:3300/0,v1:172.21.15.73:6789/0] conn(0x7fe7cc102d70 0x7fe7cc103180 unknown :-1 s=HELLO_CONNECTING pgs=0 cs=0 l=0 rev1=1 crypto rx=0 tx=0 comp rx=0 tx=0).handle_hello peer v2:172.21.15.73:3300/0 says I am v2:172.21.15.73:43322/0 (socket says 172.21.15.73:43322)
2024-02-17T16:24:51.455 INFO:teuthology.orchestra.run.smithi073.stdout:/usr/bin/ceph: stderr
2024-02-17T16:24:50.682+0000 7fe7d0c41700 1 -- 172.21.15.73:0/74609491 learned_addr learned my addr 172.21.15.73:0/74609491 (peer_addr_for_me v2:172.21.15.73:0/0)
2024-02-17T16:24:51.455 INFO:teuthology.orchestra.run.smithi073.stdout:/usr/bin/ceph: stderr
2024-02-17T16:24:50.682+0000 7fe7d0c41700 1 -- 172.21.15.73:0/74609491 --> [v2:172.21.15.73:3300/0,v1:172.21.15.73:6789/0] -- mon_subscribe({config=0+,monmap=0+}) v3 -- 0x7fe7cc103800 con 0x7fe7cc102d70
2024-02-17T16:24:51.455 INFO:teuthology.orchestra.run.smithi073.stdout:/usr/bin/ceph: stderr
2024-02-17T16:24:50.682+0000 7fe7d0c41700 1 --2- 172.21.15.73:0/74609491 >> [v2:172.21.15.73:3300/0,v1:172.21.15.73:6789/0] conn(0x7fe7cc102d70 0x7fe7cc103180 secure :-1 s=READY pgs=61 cs=0 l=1 rev1=1 crypto rx=0x7fe7c00098e0 tx=0x7fe7c0009250 comp rx=0 tx=0).ready entity=mon.0 client_cookie=f88ae87eed2402ca server_cookie=0 in_seq=0 out_seq=0
2024-02-17T16:24:51.455 INFO:teuthology.orchestra.run.smithi073.stdout:/usr/bin/ceph: stderr
2024-02-17T16:24:50.682+0000 7fe7cb7fe700 1 -- 172.21.15.73:0/74609491 <== mon.0 v2:172.21.15.73:3300/0 1 ==== mon_map magic: 0 v1 ==== 229+0+0 (secure 0 0 0) 0x7fe7c000b8f0 con 0x7fe7cc102d70
2024-02-17T16:24:51.455 INFO:teuthology.orchestra.run.smithi073.stdout:/usr/bin/ceph: stderr
2024-02-17T16:24:50.682+0000 7fe7cb7fe700 1 -- 172.21.15.73:0/74609491 <== mon.0 v2:172.21.15.73:3300/0 2 ==== config(27 keys) v1 ==== 1109+0+0 (secure 0 0 0) 0x7fe7c0011420 con 0x7fe7cc102d70
2024-02-17T16:24:51.455 INFO:teuthology.orchestra.run.smithi073.stdout:/usr/bin/ceph: stderr
2024-02-17T16:24:50.682+0000 7fe7cb7fe700 1 -- 172.21.15.73:0/74609491 <== mon.0 v2:172.21.15.73:3300/0 3 ==== mon_map magic: 0 v1 ==== 229+0+0 (secure 0 0 0) 0x7fe7c0010540 con 0x7fe7cc102d70
2024-02-17T16:24:51.455 INFO:teuthology.orchestra.run.smithi073.stdout:/usr/bin/ceph: stderr
2024-02-17T16:24:50.683+0000 7fe7d2ea5700 1 -- 172.21.15.73:0/74609491 >> [v2:172.21.15.73:3300/0,v1:172.21.15.73:6789/0] conn(0x7fe7cc102d70 msgr2=0x7fe7cc103180 secure :-1 s=STATE_CONNECTION_ESTABLISHED l=1).mark_down
2024-02-17T16:24:51.456 INFO:teuthology.orchestra.run.smithi073.stdout:/usr/bin/ceph: stderr
2024-02-17T16:24:50.683+0000 7fe7d2ea5700 1 --2- 172.21.15.73:0/74609491 >> [v2:172.21.15.73:3300/0,v1:172.21.15.73:6789/0] conn(0x7fe7cc102d70 0x7fe7cc103180 secure :-1 s=READY pgs=61 cs=0 l=1 rev1=1 crypto rx=0x7fe7c00098e0 tx=0x7fe7c0009250 comp rx=0 tx=0).stop
2024-02-17T16:24:51.456 INFO:teuthology.orchestra.run.smithi073.stdout:/usr/bin/ceph: stderr
2024-02-17T16:24:50.683+0000 7fe7d2ea5700 1 -- 172.21.15.73:0/74609491 shutdown_connections
2024-02-17T16:24:51.456 INFO:teuthology.orchestra.run.smithi073.stdout:/usr/bin/ceph: stderr
2024-02-17T16:24:50.683+0000 7fe7d2ea5700 1 --2- 172.21.15.73:0/74609491 >> [v2:172.21.15.73:3300/0,v1:172.21.15.73:6789/0] conn(0x7fe7cc102d70 0x7fe7cc103180 unknown :-1 s=CLOSED pgs=61 cs=0 l=1 rev1=1 crypto rx=0 tx=0 comp rx=0 tx=0).stop
2024-02-17T16:24:51.456 INFO:teuthology.orchestra.run.smithi073.stdout:/usr/bin/ceph: stderr
2024-02-17T16:24:50.683+0000 7fe7d2ea5700 1 -- 172.21.15.73:0/74609491 >> 172.21.15.73:0/74609491 conn(0x7fe7cc0fc580 msgr2=0x7fe7cc0fe990 unknown :-1 s=STATE_NONE l=0).mark_down
2024-02-17T16:24:51.456 INFO:teuthology.orchestra.run.smithi073.stdout:/usr/bin/ceph: stderr
2024-02-17T16:24:50.683+0000 7fe7d2ea5700 1 -- 172.21.15.73:0/74609491 shutdown_connections
2024-02-17T16:24:51.456 INFO:teuthology.orchestra.run.smithi073.stdout:/usr/bin/ceph: stderr
2024-02-17T16:24:50.683+0000 7fe7d2ea5700 1 -- 172.21.15.73:0/74609491 wait complete.
2024-02-17T16:24:51.456 INFO:teuthology.orchestra.run.smithi073.stdout:/usr/bin/ceph: stderr
2024-02-17T16:24:50.684+0000 7fe7d2ea5700 1 Processor -- start
2024-02-17T16:24:51.456 INFO:teuthology.orchestra.run.smithi073.stdout:/usr/bin/ceph: stderr
2024-02-17T16:24:50.684+0000 7fe7d2ea5700 1 -- start start
2024-02-17T16:24:51.456 INFO:teuthology.orchestra.run.smithi073.stdout:/usr/bin/ceph: stderr
2024-02-17T16:24:50.684+0000 7fe7d2ea5700 1 --2- >> [v2:172.21.15.73:3300/0,v1:172.21.15.73:6789/0] conn(0x7fe7cc102d70 0x7fe7cc113a60 unknown :-1 s=NONE pgs=0 cs=0 l=1 rev1=0 crypto rx=0 tx=0 comp rx=0 tx=0).connect
2024-02-17T16:24:51.456 INFO:teuthology.orchestra.run.smithi073.stdout:/usr/bin/ceph: stderr
2024-02-17T16:24:50.684+0000 7fe7d2ea5700 1 -- --> [v2:172.21.15.73:3300/0,v1:172.21.15.73:6789/0] -- mon_getmap magic: 0 v1 -- 0x7fe7cc113fa0 con 0x7fe7cc102d70
2024-02-17T16:24:51.456 INFO:teuthology.orchestra.run.smithi073.stdout:/usr/bin/ceph: stderr
2024-02-17T16:24:50.684+0000 7fe7d0c41700 1 --2- >> [v2:172.21.15.73:3300/0,v1:172.21.15.73:6789/0] conn(0x7fe7cc102d70 0x7fe7cc113a60 unknown :-1 s=BANNER_CONNECTING pgs=0 cs=0 l=1 rev1=0 crypto rx=0 tx=0 comp rx=0 tx=0)._handle_peer_banner_payload supported=3 required=0
2024-02-17T16:24:51.456 INFO:teuthology.orchestra.run.smithi073.stdout:/usr/bin/ceph: stderr
2024-02-17T16:24:50.684+0000 7fe7d0c41700 1 --2- >> [v2:172.21.15.73:3300/0,v1:172.21.15.73:6789/0] conn(0x7fe7cc102d70 0x7fe7cc113a60 unknown :-1 s=HELLO_CONNECTING pgs=0 cs=0 l=1 rev1=1 crypto rx=0 tx=0 comp rx=0 tx=0).handle_hello peer v2:172.21.15.73:3300/0 says I am v2:172.21.15.73:43336/0 (socket says 172.21.15.73:43336)
2024-02-17T16:24:51.456 INFO:teuthology.orchestra.run.smithi073.stdout:/usr/bin/ceph: stderr
2024-02-17T16:24:50.684+0000 7fe7d0c41700 1 -- 172.21.15.73:0/3619400157 learned_addr learned my addr 172.21.15.73:0/3619400157 (peer_addr_for_me v2:172.21.15.73:0/0)
2024-02-17T16:24:51.456 INFO:teuthology.orchestra.run.smithi073.stdout:/usr/bin/ceph: stderr
2024-02-17T16:24:50.684+0000 7fe7d0c41700 1 -- 172.21.15.73:0/3619400157 --> [v2:172.21.15.73:3300/0,v1:172.21.15.73:6789/0] -- mon_subscribe({config=0+,monmap=0+}) v3 -- 0x7fe7c00094f0 con 0x7fe7cc102d70
2024-02-17T16:24:51.457 INFO:teuthology.orchestra.run.smithi073.stdout:/usr/bin/ceph: stderr
2024-02-17T16:24:50.684+0000 7fe7d0c41700 1 --2- 172.21.15.73:0/3619400157 >> [v2:172.21.15.73:3300/0,v1:172.21.15.73:6789/0] conn(0x7fe7cc102d70 0x7fe7cc113a60 secure :-1 s=READY pgs=62 cs=0 l=1 rev1=1 crypto rx=0x7fe7c0006b00 tx=0x7fe7c0009250 comp rx=0 tx=0).ready entity=mon.0 client_cookie=0 server_cookie=0 in_seq=0 out_seq=0
2024-02-17T16:24:51.457 INFO:teuthology.orchestra.run.smithi073.stdout:/usr/bin/ceph: stderr
2024-02-17T16:24:50.685+0000 7fe7c97fa700 1 -- 172.21.15.73:0/3619400157 <== mon.0 v2:172.21.15.73:3300/0 1 ==== mon_map magic: 0 v1 ==== 229+0+0 (secure 0 0 0) 0x7fe7c0010800 con 0x7fe7cc102d70
2024-02-17T16:24:51.457 INFO:teuthology.orchestra.run.smithi073.stdout:/usr/bin/ceph: stderr
2024-02-17T16:24:50.685+0000 7fe7c97fa700 1 -- 172.21.15.73:0/3619400157 <== mon.0 v2:172.21.15.73:3300/0 2 ==== config(27 keys) v1 ==== 1109+0+0 (secure 0 0 0) 0x7fe7c0010e30 con 0x7fe7cc102d70
2024-02-17T16:24:51.457 INFO:teuthology.orchestra.run.smithi073.stdout:/usr/bin/ceph: stderr
2024-02-17T16:24:50.685+0000 7fe7c97fa700 1 -- 172.21.15.73:0/3619400157 <== mon.0 v2:172.21.15.73:3300/0 3 ==== mon_map magic: 0 v1 ==== 229+0+0 (secure 0 0 0) 0x7fe7c00243f0 con 0x7fe7cc102d70
2024-02-17T16:24:51.457 INFO:teuthology.orchestra.run.smithi073.stdout:/usr/bin/ceph: stderr
2024-02-17T16:24:50.685+0000 7fe7d2ea5700 1 -- 172.21.15.73:0/3619400157 --> [v2:172.21.15.73:3300/0,v1:172.21.15.73:6789/0] -- mon_subscribe({mgrmap=0+}) v3 -- 0x7fe7cc1141a0 con 0x7fe7cc102d70
2024-02-17T16:24:51.457 INFO:teuthology.orchestra.run.smithi073.stdout:/usr/bin/ceph: stderr
2024-02-17T16:24:50.685+0000 7fe7d2ea5700 1 -- 172.21.15.73:0/3619400157 --> [v2:172.21.15.73:3300/0,v1:172.21.15.73:6789/0] -- mon_subscribe({osdmap=0}) v3 -- 0x7fe7cc114e40 con 0x7fe7cc102d70
2024-02-17T16:24:51.457 INFO:teuthology.orchestra.run.smithi073.stdout:/usr/bin/ceph: stderr
2024-02-17T16:24:50.685+0000 7fe7c97fa700 1 -- 172.21.15.73:0/3619400157 <== mon.0 v2:172.21.15.73:3300/0 4 ==== mgrmap(e 8) v1 ==== 43368+0+0 (secure 0 0 0) 0x7fe7c002d3f0 con 0x7fe7cc102d70
2024-02-17T16:24:51.457 INFO:teuthology.orchestra.run.smithi073.stdout:/usr/bin/ceph: stderr
2024-02-17T16:24:50.686+0000 7fe7d2ea5700 1 -- 172.21.15.73:0/3619400157 --> [v2:172.21.15.73:3300/0,v1:172.21.15.73:6789/0] -- mon_command({"prefix": "get_command_descriptions"} v 0) v1 -- 0x7fe7cc05f5c0 con 0x7fe7cc102d70
2024-02-17T16:24:51.457 INFO:teuthology.orchestra.run.smithi073.stdout:/usr/bin/ceph: stderr
2024-02-17T16:24:50.686+0000 7fe7c97fa700 1 --2- 172.21.15.73:0/3619400157 >> [v2:172.21.15.73:6800/693044671,v1:172.21.15.73:6801/693044671] conn(0x7fe7bc0367e0 0x7fe7bc038c90 unknown :-1 s=NONE pgs=0 cs=0 l=1 rev1=0 crypto rx=0 tx=0 comp rx=0 tx=0).connect
2024-02-17T16:24:51.457 INFO:teuthology.orchestra.run.smithi073.stdout:/usr/bin/ceph: stderr
2024-02-17T16:24:50.686+0000 7fe7c97fa700 1 -- 172.21.15.73:0/3619400157 <== mon.0 v2:172.21.15.73:3300/0 5 ==== osd_map(2..2 src has 1..2) v4 ==== 936+0+0 (secure 0 0 0) 0x7fe7c004a3a0 con 0x7fe7cc102d70
2024-02-17T16:24:51.457 INFO:teuthology.orchestra.run.smithi073.stdout:/usr/bin/ceph: stderr
2024-02-17T16:24:50.686+0000 7fe7cbfff700 1 --2- 172.21.15.73:0/3619400157 >> [v2:172.21.15.73:6800/693044671,v1:172.21.15.73:6801/693044671] conn(0x7fe7bc0367e0 0x7fe7bc038c90 unknown :-1 s=BANNER_CONNECTING pgs=0 cs=0 l=1 rev1=0 crypto rx=0 tx=0 comp rx=0 tx=0)._handle_peer_banner_payload supported=3 required=0
2024-02-17T16:24:51.457 INFO:teuthology.orchestra.run.smithi073.stdout:/usr/bin/ceph: stderr
2024-02-17T16:24:50.686+0000 7fe7cbfff700 1 --2- 172.21.15.73:0/3619400157 >> [v2:172.21.15.73:6800/693044671,v1:172.21.15.73:6801/693044671] conn(0x7fe7bc0367e0 0x7fe7bc038c90 secure :-1 s=READY pgs=19 cs=0 l=1 rev1=1 crypto rx=0x7fe7b8009990 tx=0x7fe7b8006e40 comp rx=0 tx=0).ready entity=mgr.14120 client_cookie=0 server_cookie=0 in_seq=0 out_seq=0
2024-02-17T16:24:51.457 INFO:teuthology.orchestra.run.smithi073.stdout:/usr/bin/ceph: stderr
2024-02-17T16:24:50.690+0000 7fe7c97fa700 1 -- 172.21.15.73:0/3619400157 <== mon.0 v2:172.21.15.73:3300/0 6 ==== mon_command_ack([{"prefix": "get_command_descriptions"}]=0 v0) v1 ==== 72+0+175031 (secure 0 0 0) 0x7fe7c0018e20 con 0x7fe7cc102d70
2024-02-17T16:24:51.457 INFO:teuthology.orchestra.run.smithi073.stdout:/usr/bin/ceph: stderr
2024-02-17T16:24:50.873+0000 7fe7d2ea5700 1 -- 172.21.15.73:0/3619400157 --> [v2:172.21.15.73:3300/0,v1:172.21.15.73:6789/0] -- mon_command([{prefix=config set, name=mgr/cephadm/container_init}] v 0) v1 -- 0x7fe7cc108b10 con 0x7fe7cc102d70
2024-02-17T16:24:51.458 INFO:teuthology.orchestra.run.smithi073.stdout:/usr/bin/ceph: stderr
2024-02-17T16:24:50.877+0000 7fe7c97fa700 1 -- 172.21.15.73:0/3619400157 <== mon.0 v2:172.21.15.73:3300/0 7 ==== mon_command_ack([{prefix=config set, name=mgr/cephadm/container_init}]=0 v7)=0 v7) v1 ==== 142+0+0 (secure 0 0 0) 0x7fe7c0018c40 con 0x7fe7cc102d70
2024-02-17T16:24:51.458 INFO:teuthology.orchestra.run.smithi073.stdout:/usr/bin/ceph: stderr
2024-02-17T16:24:50.879+0000 7fe7d2ea5700 1 -- 172.21.15.73:0/3619400157 >> [v2:172.21.15.73:6800/693044671,v1:172.21.15.73:6801/693044671] conn(0x7fe7bc0367e0 msgr2=0x7fe7bc038c90 secure :-1 s=STATE_CONNECTION_ESTABLISHED l=1).mark_down
2024-02-17T16:24:51.458 INFO:teuthology.orchestra.run.smithi073.stdout:/usr/bin/ceph: stderr
2024-02-17T16:24:50.879+0000 7fe7d2ea5700 1 --2- 172.21.15.73:0/3619400157 >> [v2:172.21.15.73:6800/693044671,v1:172.21.15.73:6801/693044671] conn(0x7fe7bc0367e0 0x7fe7bc038c90 secure :-1 s=READY pgs=19 cs=0 l=1 rev1=1 crypto rx=0x7fe7b8009990 tx=0x7fe7b8006e40 comp rx=0 tx=0).stop
2024-02-17T16:24:51.458 INFO:teuthology.orchestra.run.smithi073.stdout:/usr/bin/ceph: stderr
2024-02-17T16:24:50.879+0000 7fe7d2ea5700 1 -- 172.21.15.73:0/3619400157 >> [v2:172.21.15.73:3300/0,v1:172.21.15.73:6789/0] conn(0x7fe7cc102d70 msgr2=0x7fe7cc113a60 secure :-1 s=STATE_CONNECTION_ESTABLISHED l=1).mark_down
2024-02-17T16:24:51.458 INFO:teuthology.orchestra.run.smithi073.stdout:/usr/bin/ceph: stderr
2024-02-17T16:24:50.879+0000 7fe7d2ea5700 1 --2- 172.21.15.73:0/3619400157 >> [v2:172.21.15.73:3300/0,v1:172.21.15.73:6789/0] conn(0x7fe7cc102d70 0x7fe7cc113a60 secure :-1 s=READY pgs=62 cs=0 l=1 rev1=1 crypto rx=0x7fe7c0006b00 tx=0x7fe7c0009250 comp rx=0 tx=0).stop
2024-02-17T16:24:51.458 INFO:teuthology.orchestra.run.smithi073.stdout:/usr/bin/ceph: stderr
2024-02-17T16:24:50.879+0000 7fe7d2ea5700 1 -- 172.21.15.73:0/3619400157 shutdown_connections
2024-02-17T16:24:51.458 INFO:teuthology.orchestra.run.smithi073.stdout:/usr/bin/ceph: stderr
2024-02-17T16:24:50.879+0000 7fe7d2ea5700 1 --2- 172.21.15.73:0/3619400157 >> [v2:172.21.15.73:6800/693044671,v1:172.21.15.73:6801/693044671] conn(0x7fe7bc0367e0 0x7fe7bc038c90 unknown :-1 s=CLOSED pgs=19 cs=0 l=1 rev1=1 crypto rx=0 tx=0 comp rx=0 tx=0).stop
2024-02-17T16:24:51.458 INFO:teuthology.orchestra.run.smithi073.stdout:/usr/bin/ceph: stderr
2024-02-17T16:24:50.879+0000 7fe7d2ea5700 1 --2- 172.21.15.73:0/3619400157 >> [v2:172.21.15.73:3300/0,v1:172.21.15.73:6789/0] conn(0x7fe7cc102d70 0x7fe7cc113a60 unknown :-1 s=CLOSED pgs=62 cs=0 l=1 rev1=1 crypto rx=0 tx=0 comp rx=0 tx=0).stop
2024-02-17T16:24:51.458 INFO:teuthology.orchestra.run.smithi073.stdout:/usr/bin/ceph: stderr
2024-02-17T16:24:50.879+0000 7fe7d2ea5700 1 -- 172.21.15.73:0/3619400157 >> 172.21.15.73:0/3619400157 conn(0x7fe7cc0fc580 msgr2=0x7fe7cc0fd440 unknown :-1 s=STATE_NONE l=0).mark_down
2024-02-17T16:24:51.458 INFO:teuthology.orchestra.run.smithi073.stdout:/usr/bin/ceph: stderr
2024-02-17T16:24:50.879+0000 7fe7d2ea5700 1 -- 172.21.15.73:0/3619400157 shutdown_connections
2024-02-17T16:24:51.458 INFO:teuthology.orchestra.run.smithi073.stdout:/usr/bin/ceph: stderr
2024-02-17T16:24:50.879+0000 7fe7d2ea5700 1 -- 172.21.15.73:0/3619400157 wait complete.
2024-02-17T16:24:52.100 INFO:journalctl@ceph.mon.smithi073.smithi073.stdout:Feb 17 16:24:51 smithi073 ceph-mon[29600]: pgmap v3: 0 pgs: ; 0 B data, 0 B used, 0 B / 0 B avail
2024-02-17T16:24:52.100 INFO:journalctl@ceph.mon.smithi073.smithi073.stdout:Feb 17 16:24:51 smithi073 ceph-mon[29600]: from='client.? 172.21.15.73:0/3619400157' entity='client.admin'
2024-02-17T16:24:52.706 INFO:teuthology.orchestra.run.smithi073.stdout:/usr/bin/ceph: stderr
2024-02-17T16:24:51.864+0000 7fccdcfe3700 1 Processor -- start
2024-02-17T16:24:52.711 INFO:teuthology.orchestra.run.smithi073.stdout:/usr/bin/ceph: stderr
2024-02-17T16:24:51.864+0000 7fccdcfe3700 1 -- start start
2024-02-17T16:24:52.711 INFO:teuthology.orchestra.run.smithi073.stdout:/usr/bin/ceph: stderr
2024-02-17T16:24:51.864+0000 7fccdcfe3700 1 --2- >> [v2:172.21.15.73:3300/0,v1:172.21.15.73:6789/0] conn(0x7fccd8076c20 0x7fccd8105380 unknown :-1 s=NONE pgs=0 cs=0 l=0 rev1=0 crypto rx=0 tx=0 comp rx=0 tx=0).connect
2024-02-17T16:24:52.711 INFO:teuthology.orchestra.run.smithi073.stdout:/usr/bin/ceph: stderr
2024-02-17T16:24:51.864+0000 7fccdcfe3700 1 -- --> [v2:172.21.15.73:3300/0,v1:172.21.15.73:6789/0] -- mon_getmap magic: 0 v1 -- 0x7fccd81058c0 con 0x7fccd8076c20
2024-02-17T16:24:52.711 INFO:teuthology.orchestra.run.smithi073.stdout:/usr/bin/ceph: stderr
2024-02-17T16:24:51.865+0000 7fccd659c700 1 --2- >> [v2:172.21.15.73:3300/0,v1:172.21.15.73:6789/0] conn(0x7fccd8076c20 0x7fccd8105380 unknown :-1 s=BANNER_CONNECTING pgs=0 cs=0 l=0 rev1=0 crypto rx=0 tx=0 comp rx=0 tx=0)._handle_peer_banner_payload supported=3 required=0
2024-02-17T16:24:52.711 INFO:teuthology.orchestra.run.smithi073.stdout:/usr/bin/ceph: stderr
2024-02-17T16:24:51.865+0000 7fccd659c700 1 --2- >> [v2:172.21.15.73:3300/0,v1:172.21.15.73:6789/0] conn(0x7fccd8076c20 0x7fccd8105380 unknown :-1 s=HELLO_CONNECTING pgs=0 cs=0 l=0 rev1=1 crypto rx=0 tx=0 comp rx=0 tx=0).handle_hello peer v2:172.21.15.73:3300/0 says I am v2:172.21.15.73:43350/0 (socket says 172.21.15.73:43350)
2024-02-17T16:24:52.711 INFO:teuthology.orchestra.run.smithi073.stdout:/usr/bin/ceph: stderr
2024-02-17T16:24:51.865+0000 7fccd659c700 1 -- 172.21.15.73:0/681453425 learned_addr learned my addr 172.21.15.73:0/681453425 (peer_addr_for_me v2:172.21.15.73:0/0)
2024-02-17T16:24:52.711 INFO:teuthology.orchestra.run.smithi073.stdout:/usr/bin/ceph: stderr
2024-02-17T16:24:51.865+0000 7fccd659c700 1 -- 172.21.15.73:0/681453425 --> [v2:172.21.15.73:3300/0,v1:172.21.15.73:6789/0] -- mon_subscribe({config=0+,monmap=0+}) v3 -- 0x7fccd8105a00 con 0x7fccd8076c20
2024-02-17T16:24:52.712 INFO:teuthology.orchestra.run.smithi073.stdout:/usr/bin/ceph: stderr
2024-02-17T16:24:51.865+0000 7fccd659c700 1 --2- 172.21.15.73:0/681453425 >> [v2:172.21.15.73:3300/0,v1:172.21.15.73:6789/0] conn(0x7fccd8076c20 0x7fccd8105380 secure :-1 s=READY pgs=63 cs=0 l=1 rev1=1 crypto rx=0x7fccc80098e0 tx=0x7fccc8009250 comp rx=0 tx=0).ready entity=mon.0 client_cookie=2a997de85bcd0db4 server_cookie=0 in_seq=0 out_seq=0
2024-02-17T16:24:52.712 INFO:teuthology.orchestra.run.smithi073.stdout:/usr/bin/ceph: stderr
2024-02-17T16:24:51.865+0000 7fccd559a700 1 -- 172.21.15.73:0/681453425 <== mon.0 v2:172.21.15.73:3300/0 1 ==== mon_map magic: 0 v1 ==== 229+0+0 (secure 0 0 0) 0x7fccc800b860 con 0x7fccd8076c20
2024-02-17T16:24:52.712 INFO:teuthology.orchestra.run.smithi073.stdout:/usr/bin/ceph: stderr
2024-02-17T16:24:51.865+0000 7fccd559a700 1 -- 172.21.15.73:0/681453425 <== mon.0 v2:172.21.15.73:3300/0 2 ==== config(27 keys) v1 ==== 1109+0+0 (secure 0 0 0) 0x7fccc800be90 con 0x7fccd8076c20
2024-02-17T16:24:52.712 INFO:teuthology.orchestra.run.smithi073.stdout:/usr/bin/ceph: stderr
2024-02-17T16:24:51.865+0000 7fccd559a700 1 -- 172.21.15.73:0/681453425 <== mon.0 v2:172.21.15.73:3300/0 3 ==== mon_map magic: 0 v1 ==== 229+0+0 (secure 0 0 0) 0x7fccc80103c0 con 0x7fccd8076c20
2024-02-17T16:24:52.712 INFO:teuthology.orchestra.run.smithi073.stdout:/usr/bin/ceph: stderr
2024-02-17T16:24:51.866+0000 7fccdcfe3700 1 -- 172.21.15.73:0/681453425 >> [v2:172.21.15.73:3300/0,v1:172.21.15.73:6789/0] conn(0x7fccd8076c20 msgr2=0x7fccd8105380 secure :-1 s=STATE_CONNECTION_ESTABLISHED l=1).mark_down
2024-02-17T16:24:52.712 INFO:teuthology.orchestra.run.smithi073.stdout:/usr/bin/ceph: stderr
2024-02-17T16:24:51.866+0000 7fccdcfe3700 1 --2- 172.21.15.73:0/681453425 >> [v2:172.21.15.73:3300/0,v1:172.21.15.73:6789/0] conn(0x7fccd8076c20 0x7fccd8105380 secure :-1 s=READY pgs=63 cs=0 l=1 rev1=1 crypto rx=0x7fccc80098e0 tx=0x7fccc8009250 comp rx=0 tx=0).stop
2024-02-17T16:24:52.712 INFO:teuthology.orchestra.run.smithi073.stdout:/usr/bin/ceph: stderr
2024-02-17T16:24:51.866+0000 7fccdcfe3700 1 -- 172.21.15.73:0/681453425 shutdown_connections
2024-02-17T16:24:52.712 INFO:teuthology.orchestra.run.smithi073.stdout:/usr/bin/ceph: stderr
2024-02-17T16:24:51.866+0000 7fccdcfe3700 1 --2- 172.21.15.73:0/681453425 >> [v2:172.21.15.73:3300/0,v1:172.21.15.73:6789/0] conn(0x7fccd8076c20 0x7fccd8105380 unknown :-1 s=CLOSED pgs=63 cs=0 l=1 rev1=1 crypto rx=0 tx=0 comp rx=0 tx=0).stop
2024-02-17T16:24:52.712 INFO:teuthology.orchestra.run.smithi073.stdout:/usr/bin/ceph: stderr
2024-02-17T16:24:51.866+0000 7fccdcfe3700 1 -- 172.21.15.73:0/681453425 >> 172.21.15.73:0/681453425 conn(0x7fccd80fcdd0 msgr2=0x7fccd80ff200 unknown :-1 s=STATE_NONE l=0).mark_down
2024-02-17T16:24:52.712 INFO:teuthology.orchestra.run.smithi073.stdout:/usr/bin/ceph: stderr
2024-02-17T16:24:51.866+0000 7fccdcfe3700 1 -- 172.21.15.73:0/681453425 shutdown_connections
2024-02-17T16:24:52.712 INFO:teuthology.orchestra.run.smithi073.stdout:/usr/bin/ceph: stderr
2024-02-17T16:24:51.866+0000 7fccdcfe3700 1 -- 172.21.15.73:0/681453425 wait complete.
2024-02-17T16:24:52.712 INFO:teuthology.orchestra.run.smithi073.stdout:/usr/bin/ceph: stderr
2024-02-17T16:24:51.867+0000 7fccdcfe3700 1 Processor -- start
2024-02-17T16:24:52.712 INFO:teuthology.orchestra.run.smithi073.stdout:/usr/bin/ceph: stderr
2024-02-17T16:24:51.867+0000 7fccdcfe3700 1 -- start start
2024-02-17T16:24:52.712 INFO:teuthology.orchestra.run.smithi073.stdout:/usr/bin/ceph: stderr
2024-02-17T16:24:51.867+0000 7fccdcfe3700 1 --2- >> [v2:172.21.15.73:3300/0,v1:172.21.15.73:6789/0] conn(0x7fccd8076c20 0x7fccd81115c0 unknown :-1 s=NONE pgs=0 cs=0 l=1 rev1=0 crypto rx=0 tx=0 comp rx=0 tx=0).connect
2024-02-17T16:24:52.713 INFO:teuthology.orchestra.run.smithi073.stdout:/usr/bin/ceph: stderr
2024-02-17T16:24:51.867+0000 7fccdcfe3700 1 -- --> [v2:172.21.15.73:3300/0,v1:172.21.15.73:6789/0] -- mon_getmap magic: 0 v1 -- 0x7fccd8111b00 con 0x7fccd8076c20
2024-02-17T16:24:52.713 INFO:teuthology.orchestra.run.smithi073.stdout:/usr/bin/ceph: stderr
2024-02-17T16:24:51.867+0000 7fccd659c700 1 --2- >> [v2:172.21.15.73:3300/0,v1:172.21.15.73:6789/0] conn(0x7fccd8076c20 0x7fccd81115c0 unknown :-1 s=BANNER_CONNECTING pgs=0 cs=0 l=1 rev1=0 crypto rx=0 tx=0 comp rx=0 tx=0)._handle_peer_banner_payload supported=3 required=0
2024-02-17T16:24:52.713 INFO:teuthology.orchestra.run.smithi073.stdout:/usr/bin/ceph: stderr
2024-02-17T16:24:51.868+0000 7fccd659c700 1 --2- >> [v2:172.21.15.73:3300/0,v1:172.21.15.73:6789/0] conn(0x7fccd8076c20 0x7fccd81115c0 unknown :-1 s=HELLO_CONNECTING pgs=0 cs=0 l=1 rev1=1 crypto rx=0 tx=0 comp rx=0 tx=0).handle_hello peer v2:172.21.15.73:3300/0 says I am v2:172.21.15.73:43364/0 (socket says 172.21.15.73:43364)
2024-02-17T16:24:52.713 INFO:teuthology.orchestra.run.smithi073.stdout:/usr/bin/ceph: stderr
2024-02-17T16:24:51.868+0000 7fccd659c700 1 -- 172.21.15.73:0/910434458 learned_addr learned my addr 172.21.15.73:0/910434458 (peer_addr_for_me v2:172.21.15.73:0/0)
2024-02-17T16:24:52.713 INFO:teuthology.orchestra.run.smithi073.stdout:/usr/bin/ceph: stderr
2024-02-17T16:24:51.868+0000 7fccd659c700 1 -- 172.21.15.73:0/910434458 --> [v2:172.21.15.73:3300/0,v1:172.21.15.73:6789/0] -- mon_subscribe({config=0+,monmap=0+}) v3 -- 0x7fccc80094f0 con 0x7fccd8076c20
2024-02-17T16:24:52.713 INFO:teuthology.orchestra.run.smithi073.stdout:/usr/bin/ceph: stderr
2024-02-17T16:24:51.868+0000 7fccd659c700 1 --2- 172.21.15.73:0/910434458 >> [v2:172.21.15.73:3300/0,v1:172.21.15.73:6789/0] conn(0x7fccd8076c20 0x7fccd81115c0 secure :-1 s=READY pgs=64 cs=0 l=1 rev1=1 crypto rx=0x7fccc8003080 tx=0x7fccc8009250 comp rx=0 tx=0).ready entity=mon.0 client_cookie=0 server_cookie=0 in_seq=0 out_seq=0
2024-02-17T16:24:52.713 INFO:teuthology.orchestra.run.smithi073.stdout:/usr/bin/ceph: stderr
2024-02-17T16:24:51.868+0000 7fccc6ffd700 1 -- 172.21.15.73:0/910434458 <== mon.0 v2:172.21.15.73:3300/0 1 ==== mon_map magic: 0 v1 ==== 229+0+0 (secure 0 0 0) 0x7fccc8011920 con 0x7fccd8076c20
2024-02-17T16:24:52.713 INFO:teuthology.orchestra.run.smithi073.stdout:/usr/bin/ceph: stderr
2024-02-17T16:24:51.868+0000 7fccdcfe3700 1 -- 172.21.15.73:0/910434458 --> [v2:172.21.15.73:3300/0,v1:172.21.15.73:6789/0] -- mon_subscribe({mgrmap=0+}) v3 -- 0x7fccd8111d00 con 0x7fccd8076c20
2024-02-17T16:24:52.713 INFO:teuthology.orchestra.run.smithi073.stdout:/usr/bin/ceph: stderr
2024-02-17T16:24:51.868+0000 7fccc6ffd700 1 -- 172.21.15.73:0/910434458 <== mon.0 v2:172.21.15.73:3300/0 2 ==== config(27 keys) v1 ==== 1109+0+0 (secure 0 0 0) 0x7fccc8010d60 con 0x7fccd8076c20
2024-02-17T16:24:52.713 INFO:teuthology.orchestra.run.smithi073.stdout:/usr/bin/ceph: stderr
2024-02-17T16:24:51.868+0000 7fccc6ffd700 1 -- 172.21.15.73:0/910434458 <== mon.0 v2:172.21.15.73:3300/0 3 ==== mon_map magic: 0 v1 ==== 229+0+0 (secure 0 0 0) 0x7fccc80243f0 con 0x7fccd8076c20
2024-02-17T16:24:52.713 INFO:teuthology.orchestra.run.smithi073.stdout:/usr/bin/ceph: stderr
2024-02-17T16:24:51.868+0000 7fccdcfe3700 1 -- 172.21.15.73:0/910434458 --> [v2:172.21.15.73:3300/0,v1:172.21.15.73:6789/0] -- mon_subscribe({osdmap=0}) v3 -- 0x7fccd81129a0 con 0x7fccd8076c20
2024-02-17T16:24:52.713 INFO:teuthology.orchestra.run.smithi073.stdout:/usr/bin/ceph: stderr
2024-02-17T16:24:51.869+0000 7fccc6ffd700 1 -- 172.21.15.73:0/910434458 <== mon.0 v2:172.21.15.73:3300/0 4 ==== mgrmap(e 8) v1 ==== 43368+0+0 (secure 0 0 0) 0x7fccc8010890 con 0x7fccd8076c20
2024-02-17T16:24:52.713 INFO:teuthology.orchestra.run.smithi073.stdout:/usr/bin/ceph: stderr
2024-02-17T16:24:51.869+0000 7fccdcfe3700 1 -- 172.21.15.73:0/910434458 --> [v2:172.21.15.73:3300/0,v1:172.21.15.73:6789/0] -- mon_command({"prefix": "get_command_descriptions"} v 0) v1 -- 0x7fccd805f5c0 con 0x7fccd8076c20
2024-02-17T16:24:52.713 INFO:teuthology.orchestra.run.smithi073.stdout:/usr/bin/ceph: stderr
2024-02-17T16:24:51.869+0000 7fccc6ffd700 1 --2- 172.21.15.73:0/910434458 >> [v2:172.21.15.73:6800/693044671,v1:172.21.15.73:6801/693044671] conn(0x7fccc0036790 0x7fccc0038c40 unknown :-1 s=NONE pgs=0 cs=0 l=1 rev1=0 crypto rx=0 tx=0 comp rx=0 tx=0).connect
2024-02-17T16:24:52.714 INFO:teuthology.orchestra.run.smithi073.stdout:/usr/bin/ceph: stderr
2024-02-17T16:24:51.869+0000 7fccc6ffd700 1 -- 172.21.15.73:0/910434458 <== mon.0 v2:172.21.15.73:3300/0 5 ==== osd_map(2..2 src has 1..2) v4 ==== 936+0+0 (secure 0 0 0) 0x7fccc804a320 con 0x7fccd8076c20
2024-02-17T16:24:52.714 INFO:teuthology.orchestra.run.smithi073.stdout:/usr/bin/ceph: stderr
2024-02-17T16:24:51.869+0000 7fccd5d9b700 1 --2- 172.21.15.73:0/910434458 >> [v2:172.21.15.73:6800/693044671,v1:172.21.15.73:6801/693044671] conn(0x7fccc0036790 0x7fccc0038c40 unknown :-1 s=BANNER_CONNECTING pgs=0 cs=0 l=1 rev1=0 crypto rx=0 tx=0 comp rx=0 tx=0)._handle_peer_banner_payload supported=3 required=0
2024-02-17T16:24:52.714 INFO:teuthology.orchestra.run.smithi073.stdout:/usr/bin/ceph: stderr
2024-02-17T16:24:51.870+0000 7fccd5d9b700 1 --2- 172.21.15.73:0/910434458 >> [v2:172.21.15.73:6800/693044671,v1:172.21.15.73:6801/693044671] conn(0x7fccc0036790 0x7fccc0038c40 secure :-1 s=READY pgs=20 cs=0 l=1 rev1=1 crypto rx=0x7fcccc009990 tx=0x7fcccc006e40 comp rx=0 tx=0).ready entity=mgr.14120 client_cookie=0 server_cookie=0 in_seq=0 out_seq=0
2024-02-17T16:24:52.714 INFO:teuthology.orchestra.run.smithi073.stdout:/usr/bin/ceph: stderr
2024-02-17T16:24:51.874+0000 7fccc6ffd700 1 -- 172.21.15.73:0/910434458 <== mon.0 v2:172.21.15.73:3300/0 6 ==== mon_command_ack([{"prefix": "get_command_descriptions"}]=0 v0) v1 ==== 72+0+175031 (secure 0 0 0) 0x7fccc8009350 con 0x7fccd8076c20
2024-02-17T16:24:52.714 INFO:teuthology.orchestra.run.smithi073.stdout:/usr/bin/ceph: stderr
2024-02-17T16:24:52.080+0000 7fccdcfe3700 1 -- 172.21.15.73:0/910434458 --> [v2:172.21.15.73:3300/0,v1:172.21.15.73:6789/0] -- mon_command([{prefix=config set, name=mgr/dashboard/ssl_server_port}] v 0) v1 -- 0x7fccd804bed0 con 0x7fccd8076c20
2024-02-17T16:24:52.714 INFO:teuthology.orchestra.run.smithi073.stdout:/usr/bin/ceph: stderr
2024-02-17T16:24:52.083+0000 7fccc6ffd700 1 -- 172.21.15.73:0/910434458 <== mon.0 v2:172.21.15.73:3300/0 7 ==== mon_command_ack([{prefix=config set, name=mgr/dashboard/ssl_server_port}]=0 v8)=0 v8) v1 ==== 130+0+0 (secure 0 0 0) 0x7fccc8009350 con 0x7fccd8076c20
2024-02-17T16:24:52.714 INFO:teuthology.orchestra.run.smithi073.stdout:/usr/bin/ceph: stderr
2024-02-17T16:24:52.085+0000 7fccdcfe3700 1 -- 172.21.15.73:0/910434458 >> [v2:172.21.15.73:6800/693044671,v1:172.21.15.73:6801/693044671] conn(0x7fccc0036790 msgr2=0x7fccc0038c40 secure :-1 s=STATE_CONNECTION_ESTABLISHED l=1).mark_down
2024-02-17T16:24:52.714 INFO:teuthology.orchestra.run.smithi073.stdout:/usr/bin/ceph: stderr
2024-02-17T16:24:52.085+0000 7fccdcfe3700 1 --2- 172.21.15.73:0/910434458 >> [v2:172.21.15.73:6800/693044671,v1:172.21.15.73:6801/693044671] conn(0x7fccc0036790 0x7fccc0038c40 secure :-1 s=READY pgs=20 cs=0 l=1 rev1=1 crypto rx=0x7fcccc009990 tx=0x7fcccc006e40 comp rx=0 tx=0).stop
2024-02-17T16:24:52.714 INFO:teuthology.orchestra.run.smithi073.stdout:/usr/bin/ceph: stderr
2024-02-17T16:24:52.085+0000 7fccdcfe3700 1 -- 172.21.15.73:0/910434458 >> [v2:172.21.15.73:3300/0,v1:172.21.15.73:6789/0] conn(0x7fccd8076c20 msgr2=0x7fccd81115c0 secure :-1 s=STATE_CONNECTION_ESTABLISHED l=1).mark_down
2024-02-17T16:24:52.714 INFO:teuthology.orchestra.run.smithi073.stdout:/usr/bin/ceph: stderr
2024-02-17T16:24:52.085+0000 7fccdcfe3700 1 --2- 172.21.15.73:0/910434458 >> [v2:172.21.15.73:3300/0,v1:172.21.15.73:6789/0] conn(0x7fccd8076c20 0x7fccd81115c0 secure :-1 s=READY pgs=64 cs=0 l=1 rev1=1 crypto rx=0x7fccc8003080 tx=0x7fccc8009250 comp rx=0 tx=0).stop
2024-02-17T16:24:52.714 INFO:teuthology.orchestra.run.smithi073.stdout:/usr/bin/ceph: stderr
2024-02-17T16:24:52.086+0000 7fccdcfe3700 1 -- 172.21.15.73:0/910434458 shutdown_connections
2024-02-17T16:24:52.714 INFO:teuthology.orchestra.run.smithi073.stdout:/usr/bin/ceph: stderr
2024-02-17T16:24:52.086+0000 7fccdcfe3700 1 --2- 172.21.15.73:0/910434458 >> [v2:172.21.15.73:6800/693044671,v1:172.21.15.73:6801/693044671] conn(0x7fccc0036790 0x7fccc0038c40 unknown :-1 s=CLOSED pgs=20 cs=0 l=1 rev1=1 crypto rx=0 tx=0 comp rx=0 tx=0).stop
2024-02-17T16:24:52.714 INFO:teuthology.orchestra.run.smithi073.stdout:/usr/bin/ceph: stderr
2024-02-17T16:24:52.086+0000 7fccdcfe3700 1 --2- 172.21.15.73:0/910434458 >> [v2:172.21.15.73:3300/0,v1:172.21.15.73:6789/0] conn(0x7fccd8076c20 0x7fccd81115c0 unknown :-1 s=CLOSED pgs=64 cs=0 l=1 rev1=1 crypto rx=0 tx=0 comp rx=0 tx=0).stop
2024-02-17T16:24:52.714 INFO:teuthology.orchestra.run.smithi073.stdout:/usr/bin/ceph: stderr
2024-02-17T16:24:52.086+0000 7fccdcfe3700 1 -- 172.21.15.73:0/910434458 >> 172.21.15.73:0/910434458 conn(0x7fccd80fcdd0 msgr2=0x7fccd80fe4e0 unknown :-1 s=STATE_NONE l=0).mark_down
2024-02-17T16:24:52.715 INFO:teuthology.orchestra.run.smithi073.stdout:/usr/bin/ceph: stderr
2024-02-17T16:24:52.086+0000 7fccdcfe3700 1 -- 172.21.15.73:0/910434458 shutdown_connections
2024-02-17T16:24:52.715 INFO:teuthology.orchestra.run.smithi073.stdout:/usr/bin/ceph: stderr
2024-02-17T16:24:52.086+0000 7fccdcfe3700 1 -- 172.21.15.73:0/910434458 wait complete.
2024-02-17T16:24:52.715 INFO:teuthology.orchestra.run.smithi073.stdout:Enabling the dashboard module...
2024-02-17T16:24:53.362 INFO:journalctl@ceph.mon.smithi073.smithi073.stdout:Feb 17 16:24:53 smithi073 ceph-mon[29600]: from='client.? 172.21.15.73:0/910434458' entity='client.admin'
2024-02-17T16:24:53.362 INFO:journalctl@ceph.mon.smithi073.smithi073.stdout:Feb 17 16:24:53 smithi073 ceph-mon[29600]: pgmap v4: 0 pgs: ; 0 B data, 0 B used, 0 B / 0 B avail
2024-02-17T16:24:54.427 INFO:journalctl@ceph.mon.smithi073.smithi073.stdout:Feb 17 16:24:54 smithi073 ceph-mon[29600]: from='client.? 172.21.15.73:0/717271541' entity='client.admin' cmd=[{"prefix": "mgr module enable", "module": "dashboard"}]: dispatch
2024-02-17T16:24:54.778 INFO:teuthology.orchestra.run.smithi073.stdout:/usr/bin/ceph: stderr
2024-02-17T16:24:53.118+0000 7f85d531d700 1 Processor -- start
2024-02-17T16:24:54.778 INFO:teuthology.orchestra.run.smithi073.stdout:/usr/bin/ceph: stderr
2024-02-17T16:24:53.118+0000 7f85d531d700 1 -- start start
2024-02-17T16:24:54.779 INFO:teuthology.orchestra.run.smithi073.stdout:/usr/bin/ceph: stderr
2024-02-17T16:24:53.118+0000 7f85d531d700 1 --2- >> [v2:172.21.15.73:3300/0,v1:172.21.15.73:6789/0] conn(0x7f85d0103da0 0x7f85d01041b0 unknown :-1 s=NONE pgs=0 cs=0 l=0 rev1=0 crypto rx=0 tx=0 comp rx=0 tx=0).connect
2024-02-17T16:24:54.779 INFO:teuthology.orchestra.run.smithi073.stdout:/usr/bin/ceph: stderr
2024-02-17T16:24:53.118+0000 7f85d531d700 1 -- --> [v2:172.21.15.73:3300/0,v1:172.21.15.73:6789/0] -- mon_getmap magic: 0 v1 -- 0x7f85d01046f0 con 0x7f85d0103da0
2024-02-17T16:24:54.779 INFO:teuthology.orchestra.run.smithi073.stdout:/usr/bin/ceph: stderr
2024-02-17T16:24:53.118+0000 7f85ceffd700 1 --2- >> [v2:172.21.15.73:3300/0,v1:172.21.15.73:6789/0] conn(0x7f85d0103da0 0x7f85d01041b0 unknown :-1 s=BANNER_CONNECTING pgs=0 cs=0 l=0 rev1=0 crypto rx=0 tx=0 comp rx=0 tx=0)._handle_peer_banner_payload supported=3 required=0
2024-02-17T16:24:54.779 INFO:teuthology.orchestra.run.smithi073.stdout:/usr/bin/ceph: stderr
2024-02-17T16:24:53.119+0000 7f85ceffd700 1 --2- >> [v2:172.21.15.73:3300/0,v1:172.21.15.73:6789/0] conn(0x7f85d0103da0 0x7f85d01041b0 unknown :-1 s=HELLO_CONNECTING pgs=0 cs=0 l=0 rev1=1 crypto rx=0 tx=0 comp rx=0 tx=0).handle_hello peer v2:172.21.15.73:3300/0 says I am v2:172.21.15.73:43368/0 (socket says 172.21.15.73:43368)
2024-02-17T16:24:54.779 INFO:teuthology.orchestra.run.smithi073.stdout:/usr/bin/ceph: stderr
2024-02-17T16:24:53.119+0000 7f85ceffd700 1 -- 172.21.15.73:0/479792643 learned_addr learned my addr 172.21.15.73:0/479792643 (peer_addr_for_me v2:172.21.15.73:0/0)
2024-02-17T16:24:54.779 INFO:teuthology.orchestra.run.smithi073.stdout:/usr/bin/ceph: stderr
2024-02-17T16:24:53.119+0000 7f85ceffd700 1 -- 172.21.15.73:0/479792643 --> [v2:172.21.15.73:3300/0,v1:172.21.15.73:6789/0] -- mon_subscribe({config=0+,monmap=0+}) v3 -- 0x7f85d0104830 con 0x7f85d0103da0
2024-02-17T16:24:54.779 INFO:teuthology.orchestra.run.smithi073.stdout:/usr/bin/ceph: stderr
2024-02-17T16:24:53.119+0000 7f85ceffd700 1 --2- 172.21.15.73:0/479792643 >> [v2:172.21.15.73:3300/0,v1:172.21.15.73:6789/0] conn(0x7f85d0103da0 0x7f85d01041b0 secure :-1 s=READY pgs=65 cs=0 l=1 rev1=1 crypto rx=0x7f85c0009e50 tx=0x7f85c0009840 comp rx=0 tx=0).ready entity=mon.0 client_cookie=a4e8a815b9464d0f server_cookie=0 in_seq=0 out_seq=0
2024-02-17T16:24:54.779 INFO:teuthology.orchestra.run.smithi073.stdout:/usr/bin/ceph: stderr
2024-02-17T16:24:53.119+0000 7f85cdffb700 1 -- 172.21.15.73:0/479792643 <== mon.0 v2:172.21.15.73:3300/0 1 ==== mon_map magic: 0 v1 ==== 229+0+0 (secure 0 0 0) 0x7f85c00092e0 con 0x7f85d0103da0
2024-02-17T16:24:54.779 INFO:teuthology.orchestra.run.smithi073.stdout:/usr/bin/ceph: stderr
2024-02-17T16:24:53.119+0000 7f85cdffb700 1 -- 172.21.15.73:0/479792643 <== mon.0 v2:172.21.15.73:3300/0 2 ==== config(27 keys) v1 ==== 1109+0+0 (secure 0 0 0) 0x7f85c0012430 con 0x7f85d0103da0
2024-02-17T16:24:54.779 INFO:teuthology.orchestra.run.smithi073.stdout:/usr/bin/ceph: stderr
2024-02-17T16:24:53.119+0000 7f85cdffb700 1 -- 172.21.15.73:0/479792643 <== mon.0 v2:172.21.15.73:3300/0 3 ==== mon_map magic: 0 v1 ==== 229+0+0 (secure 0 0 0) 0x7f85c00075a0 con 0x7f85d0103da0
2024-02-17T16:24:54.780 INFO:teuthology.orchestra.run.smithi073.stdout:/usr/bin/ceph: stderr
2024-02-17T16:24:53.120+0000 7f85d531d700 1 -- 172.21.15.73:0/479792643 >> [v2:172.21.15.73:3300/0,v1:172.21.15.73:6789/0] conn(0x7f85d0103da0 msgr2=0x7f85d01041b0 secure :-1 s=STATE_CONNECTION_ESTABLISHED l=1).mark_down
2024-02-17T16:24:54.780 INFO:teuthology.orchestra.run.smithi073.stdout:/usr/bin/ceph: stderr
2024-02-17T16:24:53.120+0000 7f85d531d700 1 --2- 172.21.15.73:0/479792643 >> [v2:172.21.15.73:3300/0,v1:172.21.15.73:6789/0] conn(0x7f85d0103da0 0x7f85d01041b0 secure :-1 s=READY pgs=65 cs=0 l=1 rev1=1 crypto rx=0x7f85c0009e50 tx=0x7f85c0009840 comp rx=0 tx=0).stop
2024-02-17T16:24:54.780 INFO:teuthology.orchestra.run.smithi073.stdout:/usr/bin/ceph: stderr
2024-02-17T16:24:53.120+0000 7f85d531d700 1 -- 172.21.15.73:0/479792643 shutdown_connections
2024-02-17T16:24:54.780 INFO:teuthology.orchestra.run.smithi073.stdout:/usr/bin/ceph: stderr
2024-02-17T16:24:53.120+0000 7f85d531d700 1 --2- 172.21.15.73:0/479792643 >> [v2:172.21.15.73:3300/0,v1:172.21.15.73:6789/0] conn(0x7f85d0103da0 0x7f85d01041b0 unknown :-1 s=CLOSED pgs=65 cs=0 l=1 rev1=1 crypto rx=0 tx=0 comp rx=0 tx=0).stop
2024-02-17T16:24:54.780 INFO:teuthology.orchestra.run.smithi073.stdout:/usr/bin/ceph: stderr
2024-02-17T16:24:53.120+0000 7f85d531d700 1 -- 172.21.15.73:0/479792643 >> 172.21.15.73:0/479792643 conn(0x7f85d00fc580 msgr2=0x7f85d00fe990 unknown :-1 s=STATE_NONE l=0).mark_down
2024-02-17T16:24:54.780 INFO:teuthology.orchestra.run.smithi073.stdout:/usr/bin/ceph: stderr
2024-02-17T16:24:53.120+0000 7f85d531d700 1 -- 172.21.15.73:0/479792643 shutdown_connections
2024-02-17T16:24:54.780 INFO:teuthology.orchestra.run.smithi073.stdout:/usr/bin/ceph: stderr
2024-02-17T16:24:53.120+0000 7f85d531d700 1 -- 172.21.15.73:0/479792643 wait complete.
2024-02-17T16:24:54.780 INFO:teuthology.orchestra.run.smithi073.stdout:/usr/bin/ceph: stderr
2024-02-17T16:24:53.120+0000 7f85d531d700 1 Processor -- start
2024-02-17T16:24:54.780 INFO:teuthology.orchestra.run.smithi073.stdout:/usr/bin/ceph: stderr
2024-02-17T16:24:53.120+0000 7f85d531d700 1 -- start start
2024-02-17T16:24:54.780 INFO:teuthology.orchestra.run.smithi073.stdout:/usr/bin/ceph: stderr
2024-02-17T16:24:53.121+0000 7f85d531d700 1 --2- >> [v2:172.21.15.73:3300/0,v1:172.21.15.73:6789/0] conn(0x7f85d0103da0 0x7f85d0111610 unknown :-1 s=NONE pgs=0 cs=0 l=1 rev1=0 crypto rx=0 tx=0 comp rx=0 tx=0).connect
2024-02-17T16:24:54.780 INFO:teuthology.orchestra.run.smithi073.stdout:/usr/bin/ceph: stderr
2024-02-17T16:24:53.121+0000 7f85d531d700 1 -- --> [v2:172.21.15.73:3300/0,v1:172.21.15.73:6789/0] -- mon_getmap magic: 0 v1 -- 0x7f85d0111b50 con 0x7f85d0103da0
2024-02-17T16:24:54.780 INFO:teuthology.orchestra.run.smithi073.stdout:/usr/bin/ceph: stderr
2024-02-17T16:24:53.121+0000 7f85ceffd700 1 --2- >> [v2:172.21.15.73:3300/0,v1:172.21.15.73:6789/0] conn(0x7f85d0103da0 0x7f85d0111610 unknown :-1 s=BANNER_CONNECTING pgs=0 cs=0 l=1 rev1=0 crypto rx=0 tx=0 comp rx=0 tx=0)._handle_peer_banner_payload supported=3 required=0
2024-02-17T16:24:54.781 INFO:teuthology.orchestra.run.smithi073.stdout:/usr/bin/ceph: stderr
2024-02-17T16:24:53.121+0000 7f85ceffd700 1 --2- >> [v2:172.21.15.73:3300/0,v1:172.21.15.73:6789/0] conn(0x7f85d0103da0 0x7f85d0111610 unknown :-1 s=HELLO_CONNECTING pgs=0 cs=0 l=1 rev1=1 crypto rx=0 tx=0 comp rx=0 tx=0).handle_hello peer v2:172.21.15.73:3300/0 says I am v2:172.21.15.73:43384/0 (socket says 172.21.15.73:43384)
2024-02-17T16:24:54.781 INFO:teuthology.orchestra.run.smithi073.stdout:/usr/bin/ceph: stderr
2024-02-17T16:24:53.121+0000 7f85ceffd700 1 -- 172.21.15.73:0/717271541 learned_addr learned my addr 172.21.15.73:0/717271541 (peer_addr_for_me v2:172.21.15.73:0/0)
2024-02-17T16:24:54.781 INFO:teuthology.orchestra.run.smithi073.stdout:/usr/bin/ceph: stderr
2024-02-17T16:24:53.121+0000 7f85ceffd700 1 -- 172.21.15.73:0/717271541 --> [v2:172.21.15.73:3300/0,v1:172.21.15.73:6789/0] -- mon_subscribe({config=0+,monmap=0+}) v3 -- 0x7f85c0009ae0 con 0x7f85d0103da0
2024-02-17T16:24:54.781 INFO:teuthology.orchestra.run.smithi073.stdout:/usr/bin/ceph: stderr
2024-02-17T16:24:53.121+0000 7f85ceffd700 1 --2- 172.21.15.73:0/717271541 >> [v2:172.21.15.73:3300/0,v1:172.21.15.73:6789/0] conn(0x7f85d0103da0 0x7f85d0111610 secure :-1 s=READY pgs=66 cs=0 l=1 rev1=1 crypto rx=0x7f85c0015040 tx=0x7f85c0009840 comp rx=0 tx=0).ready entity=mon.0 client_cookie=0 server_cookie=0 in_seq=0 out_seq=0
2024-02-17T16:24:54.781 INFO:teuthology.orchestra.run.smithi073.stdout:/usr/bin/ceph: stderr
2024-02-17T16:24:53.121+0000 7f85c77fe700 1 -- 172.21.15.73:0/717271541 <== mon.0 v2:172.21.15.73:3300/0 1 ==== mon_map magic: 0 v1 ==== 229+0+0 (secure 0 0 0) 0x7f85c00092e0 con 0x7f85d0103da0
2024-02-17T16:24:54.781 INFO:teuthology.orchestra.run.smithi073.stdout:/usr/bin/ceph: stderr
2024-02-17T16:24:53.121+0000 7f85c77fe700 1 -- 172.21.15.73:0/717271541 <== mon.0 v2:172.21.15.73:3300/0 2 ==== config(27 keys) v1 ==== 1109+0+0 (secure 0 0 0) 0x7f85c0007d30 con 0x7f85d0103da0
2024-02-17T16:24:54.781 INFO:teuthology.orchestra.run.smithi073.stdout:/usr/bin/ceph: stderr
2024-02-17T16:24:53.121+0000 7f85c77fe700 1 -- 172.21.15.73:0/717271541 <== mon.0 v2:172.21.15.73:3300/0 3 ==== mon_map magic: 0 v1 ==== 229+0+0 (secure 0 0 0) 0x7f85c001ea40 con 0x7f85d0103da0
2024-02-17T16:24:54.781 INFO:teuthology.orchestra.run.smithi073.stdout:/usr/bin/ceph: stderr
2024-02-17T16:24:53.121+0000 7f85d531d700 1 -- 172.21.15.73:0/717271541 --> [v2:172.21.15.73:3300/0,v1:172.21.15.73:6789/0] -- mon_subscribe({mgrmap=0+}) v3 -- 0x7f85d0111d50 con 0x7f85d0103da0
2024-02-17T16:24:54.781 INFO:teuthology.orchestra.run.smithi073.stdout:/usr/bin/ceph: stderr
2024-02-17T16:24:53.121+0000 7f85d531d700 1 -- 172.21.15.73:0/717271541 --> [v2:172.21.15.73:3300/0,v1:172.21.15.73:6789/0] -- mon_subscribe({osdmap=0}) v3 -- 0x7f85d01129f0 con 0x7f85d0103da0
2024-02-17T16:24:54.781 INFO:teuthology.orchestra.run.smithi073.stdout:/usr/bin/ceph: stderr
2024-02-17T16:24:53.122+0000 7f85c77fe700 1 -- 172.21.15.73:0/717271541 <== mon.0 v2:172.21.15.73:3300/0 4 ==== mgrmap(e 8) v1 ==== 43368+0+0 (secure 0 0 0) 0x7f85c001ebf0 con 0x7f85d0103da0
2024-02-17T16:24:54.781 INFO:teuthology.orchestra.run.smithi073.stdout:/usr/bin/ceph: stderr
2024-02-17T16:24:53.122+0000 7f85d531d700 1 -- 172.21.15.73:0/717271541 --> [v2:172.21.15.73:3300/0,v1:172.21.15.73:6789/0] -- mon_command({"prefix": "get_command_descriptions"} v 0) v1 -- 0x7f85d005f5c0 con 0x7f85d0103da0
2024-02-17T16:24:54.781 INFO:teuthology.orchestra.run.smithi073.stdout:/usr/bin/ceph: stderr
2024-02-17T16:24:53.122+0000 7f85c77fe700 1 --2- 172.21.15.73:0/717271541 >> [v2:172.21.15.73:6800/693044671,v1:172.21.15.73:6801/693044671] conn(0x7f85bc0367e0 0x7f85bc038c90 unknown :-1 s=NONE pgs=0 cs=0 l=1 rev1=0 crypto rx=0 tx=0 comp rx=0 tx=0).connect
2024-02-17T16:24:54.782 INFO:teuthology.orchestra.run.smithi073.stdout:/usr/bin/ceph: stderr
2024-02-17T16:24:53.122+0000 7f85c77fe700 1 -- 172.21.15.73:0/717271541 <== mon.0 v2:172.21.15.73:3300/0 5 ==== osd_map(2..2 src has 1..2) v4 ==== 936+0+0 (secure 0 0 0) 0x7f85c004a790 con 0x7f85d0103da0
2024-02-17T16:24:54.782 INFO:teuthology.orchestra.run.smithi073.stdout:/usr/bin/ceph: stderr
2024-02-17T16:24:53.122+0000 7f85ce7fc700 1 --2- 172.21.15.73:0/717271541 >> [v2:172.21.15.73:6800/693044671,v1:172.21.15.73:6801/693044671] conn(0x7f85bc0367e0 0x7f85bc038c90 unknown :-1 s=BANNER_CONNECTING pgs=0 cs=0 l=1 rev1=0 crypto rx=0 tx=0 comp rx=0 tx=0)._handle_peer_banner_payload supported=3 required=0
2024-02-17T16:24:54.782 INFO:teuthology.orchestra.run.smithi073.stdout:/usr/bin/ceph: stderr
2024-02-17T16:24:53.123+0000 7f85ce7fc700 1 --2- 172.21.15.73:0/717271541 >> [v2:172.21.15.73:6800/693044671,v1:172.21.15.73:6801/693044671] conn(0x7f85bc0367e0 0x7f85bc038c90 secure :-1 s=READY pgs=21 cs=0 l=1 rev1=1 crypto rx=0x7f85b8009990 tx=0x7f85b8006e40 comp rx=0 tx=0).ready entity=mgr.14120 client_cookie=0 server_cookie=0 in_seq=0 out_seq=0
2024-02-17T16:24:54.782 INFO:teuthology.orchestra.run.smithi073.stdout:/usr/bin/ceph: stderr
2024-02-17T16:24:53.127+0000 7f85c77fe700 1 -- 172.21.15.73:0/717271541 <== mon.0 v2:172.21.15.73:3300/0 6 ==== mon_command_ack([{"prefix": "get_command_descriptions"}]=0 v0) v1 ==== 72+0+175031 (secure 0 0 0) 0x7f85c002fce0 con 0x7f85d0103da0
2024-02-17T16:24:54.782 INFO:teuthology.orchestra.run.smithi073.stdout:/usr/bin/ceph: stderr
2024-02-17T16:24:53.360+0000 7f85d531d700 1 -- 172.21.15.73:0/717271541 --> [v2:172.21.15.73:3300/0,v1:172.21.15.73:6789/0] -- mon_command({"prefix": "mgr module enable", "module": "dashboard"} v 0) v1 -- 0x7f85d0112d10 con 0x7f85d0103da0
2024-02-17T16:24:54.782 INFO:teuthology.orchestra.run.smithi073.stdout:/usr/bin/ceph: stderr
2024-02-17T16:24:54.090+0000 7f85c77fe700 1 -- 172.21.15.73:0/717271541 <== mon.0 v2:172.21.15.73:3300/0 7 ==== mgrmap(e 9) v1 ==== 43381+0+0 (secure 0 0 0) 0x7f85c0027920 con 0x7f85d0103da0
2024-02-17T16:24:54.782 INFO:teuthology.orchestra.run.smithi073.stdout:/usr/bin/ceph: stderr
2024-02-17T16:24:54.092+0000 7f85c77fe700 1 -- 172.21.15.73:0/717271541 <== mon.0 v2:172.21.15.73:3300/0 8 ==== mon_command_ack([{"prefix": "mgr module enable", "module": "dashboard"}]=0 v9) v1 ==== 88+0+0 (secure 0 0 0) 0x7f85c002fb00 con 0x7f85d0103da0
2024-02-17T16:24:54.782 INFO:teuthology.orchestra.run.smithi073.stdout:/usr/bin/ceph: stderr
2024-02-17T16:24:54.095+0000 7f85d531d700 1 -- 172.21.15.73:0/717271541 >> [v2:172.21.15.73:6800/693044671,v1:172.21.15.73:6801/693044671] conn(0x7f85bc0367e0 msgr2=0x7f85bc038c90 secure :-1 s=STATE_CONNECTION_ESTABLISHED l=1).mark_down
2024-02-17T16:24:54.782 INFO:teuthology.orchestra.run.smithi073.stdout:/usr/bin/ceph: stderr
2024-02-17T16:24:54.095+0000 7f85d531d700 1 --2- 172.21.15.73:0/717271541 >> [v2:172.21.15.73:6800/693044671,v1:172.21.15.73:6801/693044671] conn(0x7f85bc0367e0 0x7f85bc038c90 secure :-1 s=READY pgs=21 cs=0 l=1 rev1=1 crypto rx=0x7f85b8009990 tx=0x7f85b8006e40 comp rx=0 tx=0).stop
2024-02-17T16:24:54.782 INFO:teuthology.orchestra.run.smithi073.stdout:/usr/bin/ceph: stderr
2024-02-17T16:24:54.095+0000 7f85d531d700 1 -- 172.21.15.73:0/717271541 >> [v2:172.21.15.73:3300/0,v1:172.21.15.73:6789/0] conn(0x7f85d0103da0 msgr2=0x7f85d0111610 secure :-1 s=STATE_CONNECTION_ESTABLISHED l=1).mark_down
2024-02-17T16:24:54.782 INFO:teuthology.orchestra.run.smithi073.stdout:/usr/bin/ceph: stderr
2024-02-17T16:24:54.095+0000 7f85d531d700 1 --2- 172.21.15.73:0/717271541 >> [v2:172.21.15.73:3300/0,v1:172.21.15.73:6789/0] conn(0x7f85d0103da0 0x7f85d0111610 secure :-1 s=READY pgs=66 cs=0 l=1 rev1=1 crypto rx=0x7f85c0015040 tx=0x7f85c0009840 comp rx=0 tx=0).stop
2024-02-17T16:24:54.782 INFO:teuthology.orchestra.run.smithi073.stdout:/usr/bin/ceph: stderr
2024-02-17T16:24:54.095+0000 7f85d531d700 1 -- 172.21.15.73:0/717271541 shutdown_connections
2024-02-17T16:24:54.783 INFO:teuthology.orchestra.run.smithi073.stdout:/usr/bin/ceph: stderr
2024-02-17T16:24:54.095+0000 7f85d531d700 1 --2- 172.21.15.73:0/717271541 >> [v2:172.21.15.73:6800/693044671,v1:172.21.15.73:6801/693044671] conn(0x7f85bc0367e0 0x7f85bc038c90 unknown :-1 s=CLOSED pgs=21 cs=0 l=1 rev1=1 crypto rx=0 tx=0 comp rx=0 tx=0).stop
2024-02-17T16:24:54.783 INFO:teuthology.orchestra.run.smithi073.stdout:/usr/bin/ceph: stderr
2024-02-17T16:24:54.095+0000 7f85d531d700 1 --2- 172.21.15.73:0/717271541 >> [v2:172.21.15.73:3300/0,v1:172.21.15.73:6789/0] conn(0x7f85d0103da0 0x7f85d0111610 unknown :-1 s=CLOSED pgs=66 cs=0 l=1 rev1=1 crypto rx=0 tx=0 comp rx=0 tx=0).stop
2024-02-17T16:24:54.783 INFO:teuthology.orchestra.run.smithi073.stdout:/usr/bin/ceph: stderr
2024-02-17T16:24:54.095+0000 7f85d531d700 1 -- 172.21.15.73:0/717271541 >> 172.21.15.73:0/717271541 conn(0x7f85d00fc580 msgr2=0x7f85d00fdc50 unknown :-1 s=STATE_NONE l=0).mark_down
2024-02-17T16:24:54.783 INFO:teuthology.orchestra.run.smithi073.stdout:/usr/bin/ceph: stderr
2024-02-17T16:24:54.095+0000 7f85d531d700 1 -- 172.21.15.73:0/717271541 shutdown_connections
2024-02-17T16:24:54.783 INFO:teuthology.orchestra.run.smithi073.stdout:/usr/bin/ceph: stderr
2024-02-17T16:24:54.095+0000 7f85d531d700 1 -- 172.21.15.73:0/717271541 wait complete.
2024-02-17T16:24:55.235 INFO:journalctl@ceph.mon.smithi073.smithi073.stdout:Feb 17 16:24:55 smithi073 ceph-mon[29600]: from='client.? 172.21.15.73:0/717271541' entity='client.admin' cmd='[{"prefix": "mgr module enable", "module": "dashboard"}]': finished
2024-02-17T16:24:55.235 INFO:journalctl@ceph.mon.smithi073.smithi073.stdout:Feb 17 16:24:55 smithi073 ceph-mon[29600]: mgrmap e9: smithi073.sqyyfm(active, since 23s)
2024-02-17T16:24:56.003 INFO:teuthology.orchestra.run.smithi073.stdout:/usr/bin/ceph: stdout {
