2024-02-18T01:51:01.011 INFO:teuthology.orchestra.run.smithi190.stderr:/usr/bin/ceph:
2024-02-18T01:51:01.009+0000 7f2daa431700 1 -- 172.21.15.190:0/3099887696 wait complete.
2024-02-18T01:51:01.011 INFO:teuthology.orchestra.run.smithi190.stderr:/usr/bin/ceph:
2024-02-18T01:51:01.009+0000 7f2daa431700 1 Processor -- start
2024-02-18T01:51:01.011 INFO:teuthology.orchestra.run.smithi190.stderr:/usr/bin/ceph:
2024-02-18T01:51:01.009+0000 7f2daa431700 1 -- start start
2024-02-18T01:51:01.012 INFO:teuthology.orchestra.run.smithi190.stderr:/usr/bin/ceph:
2024-02-18T01:51:01.009+0000 7f2daa431700 1 --2- >> [v2:172.21.15.190:3300/0,v1:172.21.15.190:6789/0] conn(0x7f2da40fab30 0x7f2da4108750 unknown :-1 s=NONE pgs=0 cs=0 l=1 rev1=0 rx=0 tx=0).connect
2024-02-18T01:51:01.012 INFO:teuthology.orchestra.run.smithi190.stderr:/usr/bin/ceph:
2024-02-18T01:51:01.009+0000 7f2daa431700 1 -- --> [v2:172.21.15.190:3300/0,v1:172.21.15.190:6789/0] -- mon_getmap magic: 0 v1 -- 0x7f2da4108c40 con 0x7f2da40fab30
2024-02-18T01:51:01.012 INFO:teuthology.orchestra.run.smithi190.stderr:/usr/bin/ceph:
2024-02-18T01:51:01.009+0000 7f2da942f700 1 --2- >> [v2:172.21.15.190:3300/0,v1:172.21.15.190:6789/0] conn(0x7f2da40fab30 0x7f2da4108750 unknown :-1 s=BANNER_CONNECTING pgs=0 cs=0 l=1 rev1=0 rx=0 tx=0)._handle_peer_banner_payload supported=1 required=0
2024-02-18T01:51:01.012 INFO:teuthology.orchestra.run.smithi190.stderr:/usr/bin/ceph:
2024-02-18T01:51:01.009+0000 7f2da942f700 1 --2- >> [v2:172.21.15.190:3300/0,v1:172.21.15.190:6789/0] conn(0x7f2da40fab30 0x7f2da4108750 unknown :-1 s=HELLO_CONNECTING pgs=0 cs=0 l=1 rev1=1 rx=0 tx=0).handle_hello peer v2:172.21.15.190:3300/0 says I am v2:172.21.15.190:37330/0 (socket says 172.21.15.190:37330)
2024-02-18T01:51:01.012 INFO:teuthology.orchestra.run.smithi190.stderr:/usr/bin/ceph:
2024-02-18T01:51:01.009+0000 7f2da942f700 1 -- 172.21.15.190:0/461309678 learned_addr learned my addr 172.21.15.190:0/461309678 (peer_addr_for_me v2:172.21.15.190:0/0)
2024-02-18T01:51:01.012 INFO:teuthology.orchestra.run.smithi190.stderr:/usr/bin/ceph:
2024-02-18T01:51:01.010+0000 7f2da942f700 1 -- 172.21.15.190:0/461309678 --> [v2:172.21.15.190:3300/0,v1:172.21.15.190:6789/0] -- mon_subscribe({config=0+,monmap=0+}) v3 -- 0x7f2da000b200 con 0x7f2da40fab30
2024-02-18T01:51:01.012 INFO:teuthology.orchestra.run.smithi190.stderr:/usr/bin/ceph:
2024-02-18T01:51:01.010+0000 7f2da942f700 1 --2- 172.21.15.190:0/461309678 >> [v2:172.21.15.190:3300/0,v1:172.21.15.190:6789/0] conn(0x7f2da40fab30 0x7f2da4108750 secure :-1 s=READY pgs=59 cs=0 l=1 rev1=1 rx=0x7f2da0011ea0 tx=0x7f2da0006ee0).ready entity=mon.0 client_cookie=0 server_cookie=0 in_seq=0 out_seq=0
2024-02-18T01:51:01.012 INFO:teuthology.orchestra.run.smithi190.stderr:/usr/bin/ceph:
2024-02-18T01:51:01.010+0000 7f2d95ffb700 1 -- 172.21.15.190:0/461309678 <== mon.0 v2:172.21.15.190:3300/0 1 ==== mon_map magic: 0 v1 ==== 229+0+0 (secure 0 0 0) 0x7f2da001b570 con 0x7f2da40fab30
2024-02-18T01:51:01.013 INFO:teuthology.orchestra.run.smithi190.stderr:/usr/bin/ceph:
2024-02-18T01:51:01.010+0000 7f2d95ffb700 1 -- 172.21.15.190:0/461309678 <== mon.0 v2:172.21.15.190:3300/0 2 ==== config(26 keys) v1 ==== 1045+0+0 (secure 0 0 0) 0x7f2da001bb60 con 0x7f2da40fab30
2024-02-18T01:51:01.013 INFO:teuthology.orchestra.run.smithi190.stderr:/usr/bin/ceph:
2024-02-18T01:51:01.010+0000 7f2daa431700 1 -- 172.21.15.190:0/461309678 --> [v2:172.21.15.190:3300/0,v1:172.21.15.190:6789/0] -- mon_subscribe({mgrmap=0+}) v3 -- 0x7f2da4108e40 con 0x7f2da40fab30
2024-02-18T01:51:01.013 INFO:teuthology.orchestra.run.smithi190.stderr:/usr/bin/ceph:
2024-02-18T01:51:01.010+0000 7f2d95ffb700 1 -- 172.21.15.190:0/461309678 <== mon.0 v2:172.21.15.190:3300/0 3 ==== mon_map magic: 0 v1 ==== 229+0+0 (secure 0 0 0) 0x7f2da001a8d0 con 0x7f2da40fab30
2024-02-18T01:51:01.013 INFO:teuthology.orchestra.run.smithi190.stderr:/usr/bin/ceph:
2024-02-18T01:51:01.010+0000 7f2daa431700 1 -- 172.21.15.190:0/461309678 --> [v2:172.21.15.190:3300/0,v1:172.21.15.190:6789/0] -- mon_subscribe({osdmap=0}) v3 -- 0x7f2da41092d0 con 0x7f2da40fab30
2024-02-18T01:51:01.013 INFO:teuthology.orchestra.run.smithi190.stderr:/usr/bin/ceph:
2024-02-18T01:51:01.011+0000 7f2d95ffb700 1 -- 172.21.15.190:0/461309678 <== mon.0 v2:172.21.15.190:3300/0 4 ==== mgrmap(e 12) v1 ==== 36195+0+0 (secure 0 0 0) 0x7f2da000f070 con 0x7f2da40fab30
2024-02-18T01:51:01.013 INFO:teuthology.orchestra.run.smithi190.stderr:/usr/bin/ceph:
2024-02-18T01:51:01.011+0000 7f2d95ffb700 1 --2- 172.21.15.190:0/461309678 >> [v2:172.21.15.190:6800/3363098491,v1:172.21.15.190:6801/3363098491] conn(0x7f2d8c0321c0 0x7f2d8c034680 unknown :-1 s=NONE pgs=0 cs=0 l=1 rev1=0 rx=0 tx=0).connect
2024-02-18T01:51:01.013 INFO:teuthology.orchestra.run.smithi190.stderr:/usr/bin/ceph:
2024-02-18T01:51:01.011+0000 7f2d95ffb700 1 -- 172.21.15.190:0/461309678 <== mon.0 v2:172.21.15.190:3300/0 5 ==== osd_map(3..3 src has 1..3) v4 ==== 1098+0+0 (secure 0 0 0) 0x7f2da001bcd0 con 0x7f2da40fab30
2024-02-18T01:51:01.013 INFO:teuthology.orchestra.run.smithi190.stderr:/usr/bin/ceph:
2024-02-18T01:51:01.011+0000 7f2da8c2e700 1 --2- 172.21.15.190:0/461309678 >> [v2:172.21.15.190:6800/3363098491,v1:172.21.15.190:6801/3363098491] conn(0x7f2d8c0321c0 0x7f2d8c034680 unknown :-1 s=BANNER_CONNECTING pgs=0 cs=0 l=1 rev1=0 rx=0 tx=0)._handle_peer_banner_payload supported=1 required=0
2024-02-18T01:51:01.014 INFO:teuthology.orchestra.run.smithi190.stderr:/usr/bin/ceph:
2024-02-18T01:51:01.011+0000 7f2daa431700 1 -- 172.21.15.190:0/461309678 --> [v2:172.21.15.190:3300/0,v1:172.21.15.190:6789/0] -- mon_command({"prefix": "get_command_descriptions"} v 0) v1 -- 0x7f2da4045ad0 con 0x7f2da40fab30
2024-02-18T01:51:01.014 INFO:teuthology.orchestra.run.smithi190.stderr:/usr/bin/ceph:
2024-02-18T01:51:01.012+0000 7f2da8c2e700 1 --2- 172.21.15.190:0/461309678 >> [v2:172.21.15.190:6800/3363098491,v1:172.21.15.190:6801/3363098491] conn(0x7f2d8c0321c0 0x7f2d8c034680 secure :-1 s=READY pgs=7 cs=0 l=1 rev1=1 rx=0x7f2d980096a0 tx=0x7f2d98006b40).ready entity=mgr.14142 client_cookie=0 server_cookie=0 in_seq=0 out_seq=0
2024-02-18T01:51:01.015 INFO:teuthology.orchestra.run.smithi190.stderr:/usr/bin/ceph:
2024-02-18T01:51:01.015+0000 7f2d95ffb700 1 -- 172.21.15.190:0/461309678 <== mon.0 v2:172.21.15.190:3300/0 6 ==== mon_command_ack([{"prefix": "get_command_descriptions"}]=0 v0) v1 ==== 72+0+152212 (secure 0 0 0) 0x7f2da0016070 con 0x7f2da40fab30
2024-02-18T01:51:01.189 INFO:teuthology.orchestra.run.smithi190.stderr:/usr/bin/ceph:
2024-02-18T01:51:01.191+0000 7f2daa431700 1 -- 172.21.15.190:0/461309678 --> [v2:172.21.15.190:6800/3363098491,v1:172.21.15.190:6801/3363098491] -- mgr_command(tid 0: {"prefix": "orch apply", "service_type": "node-exporter", "target": ["mon-mgr", ""]}) v1 -- 0x7f2da410a880 con 0x7f2d8c0321c0
2024-02-18T01:51:01.193 INFO:teuthology.orchestra.run.smithi190.stderr:/usr/bin/ceph:
2024-02-18T01:51:01.195+0000 7f2d95ffb700 1 -- 172.21.15.190:0/461309678 <== mgr.14142 v2:172.21.15.190:6800/3363098491 1 ==== mgr_command_reply(tid 0: 0 ) v1 ==== 8+0+34 (secure 0 0 0) 0x7f2da410a880 con 0x7f2d8c0321c0
2024-02-18T01:51:01.193 INFO:teuthology.orchestra.run.smithi190.stderr:/usr/bin/ceph: Scheduled node-exporter update...
2024-02-18T01:51:01.195 INFO:teuthology.orchestra.run.smithi190.stderr:/usr/bin/ceph:
2024-02-18T01:51:01.197+0000 7f2daa431700 1 -- 172.21.15.190:0/461309678 >> [v2:172.21.15.190:6800/3363098491,v1:172.21.15.190:6801/3363098491] conn(0x7f2d8c0321c0 msgr2=0x7f2d8c034680 secure :-1 s=STATE_CONNECTION_ESTABLISHED l=1).mark_down
2024-02-18T01:51:01.196 INFO:teuthology.orchestra.run.smithi190.stderr:/usr/bin/ceph:
2024-02-18T01:51:01.197+0000 7f2daa431700 1 --2- 172.21.15.190:0/461309678 >> [v2:172.21.15.190:6800/3363098491,v1:172.21.15.190:6801/3363098491] conn(0x7f2d8c0321c0 0x7f2d8c034680 secure :-1 s=READY pgs=7 cs=0 l=1 rev1=1 rx=0x7f2d980096a0 tx=0x7f2d98006b40).stop
2024-02-18T01:51:01.196 INFO:teuthology.orchestra.run.smithi190.stderr:/usr/bin/ceph:
2024-02-18T01:51:01.197+0000 7f2daa431700 1 -- 172.21.15.190:0/461309678 >> [v2:172.21.15.190:3300/0,v1:172.21.15.190:6789/0] conn(0x7f2da40fab30 msgr2=0x7f2da4108750 secure :-1 s=STATE_CONNECTION_ESTABLISHED l=1).mark_down
2024-02-18T01:51:01.196 INFO:teuthology.orchestra.run.smithi190.stderr:/usr/bin/ceph:
2024-02-18T01:51:01.197+0000 7f2daa431700 1 --2- 172.21.15.190:0/461309678 >> [v2:172.21.15.190:3300/0,v1:172.21.15.190:6789/0] conn(0x7f2da40fab30 0x7f2da4108750 secure :-1 s=READY pgs=59 cs=0 l=1 rev1=1 rx=0x7f2da0011ea0 tx=0x7f2da0006ee0).stop
2024-02-18T01:51:01.196 INFO:teuthology.orchestra.run.smithi190.stderr:/usr/bin/ceph:
2024-02-18T01:51:01.197+0000 7f2daa431700 1 -- 172.21.15.190:0/461309678 shutdown_connections
2024-02-18T01:51:01.196 INFO:teuthology.orchestra.run.smithi190.stderr:/usr/bin/ceph:
2024-02-18T01:51:01.197+0000 7f2daa431700 1 --2- 172.21.15.190:0/461309678 >> [v2:172.21.15.190:6800/3363098491,v1:172.21.15.190:6801/3363098491] conn(0x7f2d8c0321c0 0x7f2d8c034680 unknown :-1 s=CLOSED pgs=7 cs=0 l=1 rev1=1 rx=0 tx=0).stop
2024-02-18T01:51:01.196 INFO:teuthology.orchestra.run.smithi190.stderr:/usr/bin/ceph:
2024-02-18T01:51:01.197+0000 7f2daa431700 1 --2- 172.21.15.190:0/461309678 >> [v2:172.21.15.190:3300/0,v1:172.21.15.190:6789/0] conn(0x7f2da40fab30 0x7f2da4108750 unknown :-1 s=CLOSED pgs=59 cs=0 l=1 rev1=1 rx=0 tx=0).stop
2024-02-18T01:51:01.196 INFO:teuthology.orchestra.run.smithi190.stderr:/usr/bin/ceph:
2024-02-18T01:51:01.197+0000 7f2daa431700 1 -- 172.21.15.190:0/461309678 >> 172.21.15.190:0/461309678 conn(0x7f2da40f6390 msgr2=0x7f2da40ff8c0 unknown :-1 s=STATE_NONE l=0).mark_down
2024-02-18T01:51:01.196 INFO:teuthology.orchestra.run.smithi190.stderr:/usr/bin/ceph:
2024-02-18T01:51:01.198+0000 7f2daa431700 1 -- 172.21.15.190:0/461309678 shutdown_connections
2024-02-18T01:51:01.196 INFO:teuthology.orchestra.run.smithi190.stderr:/usr/bin/ceph:
2024-02-18T01:51:01.198+0000 7f2daa431700 1 -- 172.21.15.190:0/461309678 wait complete.
2024-02-18T01:51:01.823 INFO:teuthology.orchestra.run.smithi190.stderr:Deploying alertmanager service with default placement...
2024-02-18T01:51:01.823 INFO:teuthology.orchestra.run.smithi190.stderr:Running command: /bin/podman run --rm --ipc=host --no-hosts --net=host --entrypoint /usr/bin/ceph --init -e CONTAINER_IMAGE=docker.io/ceph/ceph:v16.2.4 -e NODE_NAME=smithi190 -e CEPH_USE_RANDOM_NONCE=1 -v /var/log/ceph/fa647342-cdff-11ee-95ba-87774f69a715:/var/log/ceph:z -v /tmp/ceph-tmprgsm10dt:/etc/ceph/ceph.client.admin.keyring:z -v /tmp/ceph-tmpvmazfkcy:/etc/ceph/ceph.conf:z docker.io/ceph/ceph:v16.2.4 orch apply alertmanager
2024-02-18T01:51:02.371 INFO:teuthology.orchestra.run.smithi190.stderr:/usr/bin/ceph:
2024-02-18T01:51:02.371+0000 7f732e39a700 1 Processor -- start
2024-02-18T01:51:02.372 INFO:teuthology.orchestra.run.smithi190.stderr:/usr/bin/ceph:
2024-02-18T01:51:02.371+0000 7f732e39a700 1 -- start start
2024-02-18T01:51:02.372 INFO:teuthology.orchestra.run.smithi190.stderr:/usr/bin/ceph:
2024-02-18T01:51:02.371+0000 7f732e39a700 1 --2- >> [v2:172.21.15.190:3300/0,v1:172.21.15.190:6789/0] conn(0x7f73280fc4d0 0x7f73280fc8f0 unknown :-1 s=NONE pgs=0 cs=0 l=0 rev1=0 rx=0 tx=0).connect
2024-02-18T01:51:02.372 INFO:teuthology.orchestra.run.smithi190.stderr:/usr/bin/ceph:
2024-02-18T01:51:02.371+0000 7f732e39a700 1 -- --> [v2:172.21.15.190:3300/0,v1:172.21.15.190:6789/0] -- mon_getmap magic: 0 v1 -- 0x7f73280fcde0 con 0x7f73280fc4d0
2024-02-18T01:51:02.372 INFO:teuthology.orchestra.run.smithi190.stderr:/usr/bin/ceph:
2024-02-18T01:51:02.371+0000 7f7327fff700 1 --2- >> [v2:172.21.15.190:3300/0,v1:172.21.15.190:6789/0] conn(0x7f73280fc4d0 0x7f73280fc8f0 unknown :-1 s=BANNER_CONNECTING pgs=0 cs=0 l=0 rev1=0 rx=0 tx=0)._handle_peer_banner_payload supported=1 required=0
2024-02-18T01:51:02.372 INFO:teuthology.orchestra.run.smithi190.stderr:/usr/bin/ceph:
2024-02-18T01:51:02.372+0000 7f7327fff700 1 --2- >> [v2:172.21.15.190:3300/0,v1:172.21.15.190:6789/0] conn(0x7f73280fc4d0 0x7f73280fc8f0 unknown :-1 s=HELLO_CONNECTING pgs=0 cs=0 l=0 rev1=1 rx=0 tx=0).handle_hello peer v2:172.21.15.190:3300/0 says I am v2:172.21.15.190:48220/0 (socket says 172.21.15.190:48220)
2024-02-18T01:51:02.372 INFO:teuthology.orchestra.run.smithi190.stderr:/usr/bin/ceph:
2024-02-18T01:51:02.372+0000 7f7327fff700 1 -- 172.21.15.190:0/1399174145 learned_addr learned my addr 172.21.15.190:0/1399174145 (peer_addr_for_me v2:172.21.15.190:0/0)
2024-02-18T01:51:02.372 INFO:teuthology.orchestra.run.smithi190.stderr:/usr/bin/ceph:
2024-02-18T01:51:02.372+0000 7f7327fff700 1 -- 172.21.15.190:0/1399174145 --> [v2:172.21.15.190:3300/0,v1:172.21.15.190:6789/0] -- mon_subscribe({config=0+,monmap=0+}) v3 -- 0x7f73280fcf20 con 0x7f73280fc4d0
2024-02-18T01:51:02.372 INFO:teuthology.orchestra.run.smithi190.stderr:/usr/bin/ceph:
2024-02-18T01:51:02.372+0000 7f7327fff700 1 --2- 172.21.15.190:0/1399174145 >> [v2:172.21.15.190:3300/0,v1:172.21.15.190:6789/0] conn(0x7f73280fc4d0 0x7f73280fc8f0 secure :-1 s=READY pgs=60 cs=0 l=1 rev1=1 rx=0x7f731000b5f0 tx=0x7f7310006ee0).ready entity=mon.0 client_cookie=f0d67ed1e0e9e7e1 server_cookie=0 in_seq=0 out_seq=0
2024-02-18T01:51:02.372 INFO:teuthology.orchestra.run.smithi190.stderr:/usr/bin/ceph:
2024-02-18T01:51:02.372+0000 7f7326ffd700 1 -- 172.21.15.190:0/1399174145 <== mon.0 v2:172.21.15.190:3300/0 1 ==== mon_map magic: 0 v1 ==== 229+0+0 (secure 0 0 0) 0x7f731000d600 con 0x7f73280fc4d0
2024-02-18T01:51:02.372 INFO:teuthology.orchestra.run.smithi190.stderr:/usr/bin/ceph:
2024-02-18T01:51:02.372+0000 7f7326ffd700 1 -- 172.21.15.190:0/1399174145 <== mon.0 v2:172.21.15.190:3300/0 2 ==== config(26 keys) v1 ==== 1045+0+0 (secure 0 0 0) 0x7f731000dbf0 con 0x7f73280fc4d0
2024-02-18T01:51:02.372 INFO:teuthology.orchestra.run.smithi190.stderr:/usr/bin/ceph:
2024-02-18T01:51:02.372+0000 7f7326ffd700 1 -- 172.21.15.190:0/1399174145 <== mon.0 v2:172.21.15.190:3300/0 3 ==== mon_map magic: 0 v1 ==== 229+0+0 (secure 0 0 0) 0x7f7310011cb0 con 0x7f73280fc4d0
2024-02-18T01:51:02.373 INFO:teuthology.orchestra.run.smithi190.stderr:/usr/bin/ceph:
2024-02-18T01:51:02.373+0000 7f732e39a700 1 -- 172.21.15.190:0/1399174145 >> [v2:172.21.15.190:3300/0,v1:172.21.15.190:6789/0] conn(0x7f73280fc4d0 msgr2=0x7f73280fc8f0 secure :-1 s=STATE_CONNECTION_ESTABLISHED l=1).mark_down
2024-02-18T01:51:02.373 INFO:teuthology.orchestra.run.smithi190.stderr:/usr/bin/ceph:
2024-02-18T01:51:02.373+0000 7f732e39a700 1 --2- 172.21.15.190:0/1399174145 >> [v2:172.21.15.190:3300/0,v1:172.21.15.190:6789/0] conn(0x7f73280fc4d0 0x7f73280fc8f0 secure :-1 s=READY pgs=60 cs=0 l=1 rev1=1 rx=0x7f731000b5f0 tx=0x7f7310006ee0).stop
2024-02-18T01:51:02.373 INFO:teuthology.orchestra.run.smithi190.stderr:/usr/bin/ceph:
2024-02-18T01:51:02.373+0000 7f732e39a700 1 -- 172.21.15.190:0/1399174145 shutdown_connections
2024-02-18T01:51:02.373 INFO:teuthology.orchestra.run.smithi190.stderr:/usr/bin/ceph:
2024-02-18T01:51:02.373+0000 7f732e39a700 1 --2- 172.21.15.190:0/1399174145 >> [v2:172.21.15.190:3300/0,v1:172.21.15.190:6789/0] conn(0x7f73280fc4d0 0x7f73280fc8f0 unknown :-1 s=CLOSED pgs=60 cs=0 l=1 rev1=1 rx=0 tx=0).stop
2024-02-18T01:51:02.373 INFO:teuthology.orchestra.run.smithi190.stderr:/usr/bin/ceph:
2024-02-18T01:51:02.373+0000 7f732e39a700 1 -- 172.21.15.190:0/1399174145 >> 172.21.15.190:0/1399174145 conn(0x7f73280f5d20 msgr2=0x7f73280f8140 unknown :-1 s=STATE_NONE l=0).mark_down
2024-02-18T01:51:02.373 INFO:teuthology.orchestra.run.smithi190.stderr:/usr/bin/ceph:
2024-02-18T01:51:02.373+0000 7f732e39a700 1 -- 172.21.15.190:0/1399174145 shutdown_connections
2024-02-18T01:51:02.373 INFO:teuthology.orchestra.run.smithi190.stderr:/usr/bin/ceph:
2024-02-18T01:51:02.373+0000 7f732e39a700 1 -- 172.21.15.190:0/1399174145 wait complete.
2024-02-18T01:51:02.373 INFO:teuthology.orchestra.run.smithi190.stderr:/usr/bin/ceph:
2024-02-18T01:51:02.373+0000 7f732e39a700 1 Processor -- start
2024-02-18T01:51:02.373 INFO:teuthology.orchestra.run.smithi190.stderr:/usr/bin/ceph:
2024-02-18T01:51:02.373+0000 7f732e39a700 1 -- start start
2024-02-18T01:51:02.373 INFO:teuthology.orchestra.run.smithi190.stderr:/usr/bin/ceph:
2024-02-18T01:51:02.373+0000 7f732e39a700 1 --2- >> [v2:172.21.15.190:3300/0,v1:172.21.15.190:6789/0] conn(0x7f73280fc4d0 0x7f732810cd90 unknown :-1 s=NONE pgs=0 cs=0 l=1 rev1=0 rx=0 tx=0).connect
2024-02-18T01:51:02.373 INFO:teuthology.orchestra.run.smithi190.stderr:/usr/bin/ceph:
2024-02-18T01:51:02.374+0000 7f732e39a700 1 -- --> [v2:172.21.15.190:3300/0,v1:172.21.15.190:6789/0] -- mon_getmap magic: 0 v1 -- 0x7f732810d280 con 0x7f73280fc4d0
2024-02-18T01:51:02.373 INFO:teuthology.orchestra.run.smithi190.stderr:/usr/bin/ceph:
2024-02-18T01:51:02.374+0000 7f7327fff700 1 --2- >> [v2:172.21.15.190:3300/0,v1:172.21.15.190:6789/0] conn(0x7f73280fc4d0 0x7f732810cd90 unknown :-1 s=BANNER_CONNECTING pgs=0 cs=0 l=1 rev1=0 rx=0 tx=0)._handle_peer_banner_payload supported=1 required=0
2024-02-18T01:51:02.373 INFO:teuthology.orchestra.run.smithi190.stderr:/usr/bin/ceph:
2024-02-18T01:51:02.374+0000 7f7327fff700 1 --2- >> [v2:172.21.15.190:3300/0,v1:172.21.15.190:6789/0] conn(0x7f73280fc4d0 0x7f732810cd90 unknown :-1 s=HELLO_CONNECTING pgs=0 cs=0 l=1 rev1=1 rx=0 tx=0).handle_hello peer v2:172.21.15.190:3300/0 says I am v2:172.21.15.190:48224/0 (socket says 172.21.15.190:48224)
2024-02-18T01:51:02.373 INFO:teuthology.orchestra.run.smithi190.stderr:/usr/bin/ceph:
2024-02-18T01:51:02.374+0000 7f7327fff700 1 -- 172.21.15.190:0/3918404779 learned_addr learned my addr 172.21.15.190:0/3918404779 (peer_addr_for_me v2:172.21.15.190:0/0)
2024-02-18T01:51:02.375 INFO:teuthology.orchestra.run.smithi190.stderr:/usr/bin/ceph:
2024-02-18T01:51:02.374+0000 7f7327fff700 1 -- 172.21.15.190:0/3918404779 --> [v2:172.21.15.190:3300/0,v1:172.21.15.190:6789/0] -- mon_subscribe({config=0+,monmap=0+}) v3 -- 0x7f731000b200 con 0x7f73280fc4d0
2024-02-18T01:51:02.375 INFO:teuthology.orchestra.run.smithi190.stderr:/usr/bin/ceph:
2024-02-18T01:51:02.374+0000 7f7327fff700 1 --2- 172.21.15.190:0/3918404779 >> [v2:172.21.15.190:3300/0,v1:172.21.15.190:6789/0] conn(0x7f73280fc4d0 0x7f732810cd90 secure :-1 s=READY pgs=61 cs=0 l=1 rev1=1 rx=0x7f731000bf40 tx=0x7f7310006ee0).ready entity=mon.0 client_cookie=0 server_cookie=0 in_seq=0 out_seq=0
2024-02-18T01:51:02.375 INFO:teuthology.orchestra.run.smithi190.stderr:/usr/bin/ceph:
2024-02-18T01:51:02.374+0000 7f7324ff9700 1 -- 172.21.15.190:0/3918404779 <== mon.0 v2:172.21.15.190:3300/0 1 ==== mon_map magic: 0 v1 ==== 229+0+0 (secure 0 0 0) 0x7f731001b570 con 0x7f73280fc4d0
2024-02-18T01:51:02.375 INFO:teuthology.orchestra.run.smithi190.stderr:/usr/bin/ceph:
2024-02-18T01:51:02.374+0000 7f732e39a700 1 -- 172.21.15.190:0/3918404779 --> [v2:172.21.15.190:3300/0,v1:172.21.15.190:6789/0] -- mon_subscribe({mgrmap=0+}) v3 -- 0x7f732810d480 con 0x7f73280fc4d0
2024-02-18T01:51:02.375 INFO:teuthology.orchestra.run.smithi190.stderr:/usr/bin/ceph:
2024-02-18T01:51:02.374+0000 7f7324ff9700 1 -- 172.21.15.190:0/3918404779 <== mon.0 v2:172.21.15.190:3300/0 2 ==== config(26 keys) v1 ==== 1045+0+0 (secure 0 0 0) 0x7f731001bb60 con 0x7f73280fc4d0
2024-02-18T01:51:02.375 INFO:teuthology.orchestra.run.smithi190.stderr:/usr/bin/ceph:
2024-02-18T01:51:02.374+0000 7f7324ff9700 1 -- 172.21.15.190:0/3918404779 <== mon.0 v2:172.21.15.190:3300/0 3 ==== mon_map magic: 0 v1 ==== 229+0+0 (secure 0 0 0) 0x7f731001aa20 con 0x7f73280fc4d0
2024-02-18T01:51:02.375 INFO:teuthology.orchestra.run.smithi190.stderr:/usr/bin/ceph:
2024-02-18T01:51:02.374+0000 7f732e39a700 1 -- 172.21.15.190:0/3918404779 --> [v2:172.21.15.190:3300/0,v1:172.21.15.190:6789/0] -- mon_subscribe({osdmap=0}) v3 -- 0x7f732810e0c0 con 0x7f73280fc4d0
2024-02-18T01:51:02.375 INFO:teuthology.orchestra.run.smithi190.stderr:/usr/bin/ceph:
2024-02-18T01:51:02.375+0000 7f7324ff9700 1 -- 172.21.15.190:0/3918404779 <== mon.0 v2:172.21.15.190:3300/0 4 ==== mgrmap(e 12) v1 ==== 36195+0+0 (secure 0 0 0) 0x7f731000f070 con 0x7f73280fc4d0
2024-02-18T01:51:02.375 INFO:teuthology.orchestra.run.smithi190.stderr:/usr/bin/ceph:
2024-02-18T01:51:02.375+0000 7f7324ff9700 1 --2- 172.21.15.190:0/3918404779 >> [v2:172.21.15.190:6800/3363098491,v1:172.21.15.190:6801/3363098491] conn(0x7f730802ff20 0x7f73080323e0 unknown :-1 s=NONE pgs=0 cs=0 l=1 rev1=0 rx=0 tx=0).connect
2024-02-18T01:51:02.376 INFO:teuthology.orchestra.run.smithi190.stderr:/usr/bin/ceph:
2024-02-18T01:51:02.375+0000 7f7324ff9700 1 -- 172.21.15.190:0/3918404779 <== mon.0 v2:172.21.15.190:3300/0 5 ==== osd_map(3..3 src has 1..3) v4 ==== 1098+0+0 (secure 0 0 0) 0x7f7310041720 con 0x7f73280fc4d0
2024-02-18T01:51:02.376 INFO:teuthology.orchestra.run.smithi190.stderr:/usr/bin/ceph:
2024-02-18T01:51:02.375+0000 7f73277fe700 1 --2- 172.21.15.190:0/3918404779 >> [v2:172.21.15.190:6800/3363098491,v1:172.21.15.190:6801/3363098491] conn(0x7f730802ff20 0x7f73080323e0 unknown :-1 s=BANNER_CONNECTING pgs=0 cs=0 l=1 rev1=0 rx=0 tx=0)._handle_peer_banner_payload supported=1 required=0
2024-02-18T01:51:02.376 INFO:teuthology.orchestra.run.smithi190.stderr:/usr/bin/ceph:
2024-02-18T01:51:02.375+0000 7f732e39a700 1 -- 172.21.15.190:0/3918404779 --> [v2:172.21.15.190:3300/0,v1:172.21.15.190:6789/0] -- mon_command({"prefix": "get_command_descriptions"} v 0) v1 -- 0x7f732810d910 con 0x7f73280fc4d0
2024-02-18T01:51:02.376 INFO:teuthology.orchestra.run.smithi190.stderr:/usr/bin/ceph:
2024-02-18T01:51:02.376+0000 7f73277fe700 1 --2- 172.21.15.190:0/3918404779 >> [v2:172.21.15.190:6800/3363098491,v1:172.21.15.190:6801/3363098491] conn(0x7f730802ff20 0x7f73080323e0 secure :-1 s=READY pgs=8 cs=0 l=1 rev1=1 rx=0x7f73180096a0 tx=0x7f7318006b40).ready entity=mgr.14142 client_cookie=0 server_cookie=0 in_seq=0 out_seq=0
2024-02-18T01:51:02.377 INFO:teuthology.orchestra.run.smithi190.stderr:/usr/bin/ceph:
2024-02-18T01:51:02.380+0000 7f7324ff9700 1 -- 172.21.15.190:0/3918404779 <== mon.0 v2:172.21.15.190:3300/0 6 ==== mon_command_ack([{"prefix": "get_command_descriptions"}]=0 v0) v1 ==== 72+0+152212 (secure 0 0 0) 0x7f7310016070 con 0x7f73280fc4d0
2024-02-18T01:51:02.379 INFO:journalctl@ceph.mon.smithi190.smithi190.stdout:Feb 18 01:51:02 smithi190 ceph-fa647342-cdff-11ee-95ba-87774f69a715-mon.smithi190[38239]: audit
2024-02-18T01:51:01.193411+0000 mgr.smithi190.lbneze (mgr.14142) 5 : audit [DBG] from='client.14152 -' entity='client.admin' cmd=[{"prefix": "orch apply", "service_type": "node-exporter", "target": ["mon-mgr", ""]}]: dispatch
2024-02-18T01:51:02.379 INFO:journalctl@ceph.mon.smithi190.smithi190.stdout:Feb 18 01:51:02 smithi190 ceph-fa647342-cdff-11ee-95ba-87774f69a715-mon.smithi190[38239]: cephadm
2024-02-18T01:51:01.194034+0000 mgr.smithi190.lbneze (mgr.14142) 6 : cephadm [INF] Saving service node-exporter spec with placement *
2024-02-18T01:51:02.379 INFO:journalctl@ceph.mon.smithi190.smithi190.stdout:Feb 18 01:51:02 smithi190 ceph-fa647342-cdff-11ee-95ba-87774f69a715-mon.smithi190[38239]: audit
2024-02-18T01:51:01.196405+0000 mon.smithi190 (mon.0) 80 : audit [INF] from='mgr.14142 172.21.15.190:0/4115741546' entity='mgr.smithi190.lbneze'
2024-02-18T01:51:02.553 INFO:teuthology.orchestra.run.smithi190.stderr:/usr/bin/ceph:
2024-02-18T01:51:02.555+0000 7f732e39a700 1 -- 172.21.15.190:0/3918404779 --> [v2:172.21.15.190:6800/3363098491,v1:172.21.15.190:6801/3363098491] -- mgr_command(tid 0: {"prefix": "orch apply", "service_type": "alertmanager", "target": ["mon-mgr", ""]}) v1 -- 0x7f7328102210 con 0x7f730802ff20
2024-02-18T01:51:02.556 INFO:teuthology.orchestra.run.smithi190.stderr:/usr/bin/ceph:
2024-02-18T01:51:02.558+0000 7f7324ff9700 1 -- 172.21.15.190:0/3918404779 <== mgr.14142 v2:172.21.15.190:6800/3363098491 1 ==== mgr_command_reply(tid 0: 0 ) v1 ==== 8+0+33 (secure 0 0 0) 0x7f7328102210 con 0x7f730802ff20
2024-02-18T01:51:02.556 INFO:teuthology.orchestra.run.smithi190.stderr:/usr/bin/ceph: Scheduled alertmanager update...
2024-02-18T01:51:02.559 INFO:teuthology.orchestra.run.smithi190.stderr:/usr/bin/ceph:
2024-02-18T01:51:02.561+0000 7f732e39a700 1 -- 172.21.15.190:0/3918404779 >> [v2:172.21.15.190:6800/3363098491,v1:172.21.15.190:6801/3363098491] conn(0x7f730802ff20 msgr2=0x7f73080323e0 secure :-1 s=STATE_CONNECTION_ESTABLISHED l=1).mark_down
2024-02-18T01:51:02.560 INFO:teuthology.orchestra.run.smithi190.stderr:/usr/bin/ceph:
2024-02-18T01:51:02.561+0000 7f732e39a700 1 --2- 172.21.15.190:0/3918404779 >> [v2:172.21.15.190:6800/3363098491,v1:172.21.15.190:6801/3363098491] conn(0x7f730802ff20 0x7f73080323e0 secure :-1 s=READY pgs=8 cs=0 l=1 rev1=1 rx=0x7f73180096a0 tx=0x7f7318006b40).stop
2024-02-18T01:51:02.560 INFO:teuthology.orchestra.run.smithi190.stderr:/usr/bin/ceph:
2024-02-18T01:51:02.561+0000 7f732e39a700 1 -- 172.21.15.190:0/3918404779 >> [v2:172.21.15.190:3300/0,v1:172.21.15.190:6789/0] conn(0x7f73280fc4d0 msgr2=0x7f732810cd90 secure :-1 s=STATE_CONNECTION_ESTABLISHED l=1).mark_down
2024-02-18T01:51:02.560 INFO:teuthology.orchestra.run.smithi190.stderr:/usr/bin/ceph:
2024-02-18T01:51:02.561+0000 7f732e39a700 1 --2- 172.21.15.190:0/3918404779 >> [v2:172.21.15.190:3300/0,v1:172.21.15.190:6789/0] conn(0x7f73280fc4d0 0x7f732810cd90 secure :-1 s=READY pgs=61 cs=0 l=1 rev1=1 rx=0x7f731000bf40 tx=0x7f7310006ee0).stop
2024-02-18T01:51:02.560 INFO:teuthology.orchestra.run.smithi190.stderr:/usr/bin/ceph:
2024-02-18T01:51:02.561+0000 7f732e39a700 1 -- 172.21.15.190:0/3918404779 shutdown_connections
2024-02-18T01:51:02.560 INFO:teuthology.orchestra.run.smithi190.stderr:/usr/bin/ceph:
2024-02-18T01:51:02.561+0000 7f732e39a700 1 --2- 172.21.15.190:0/3918404779 >> [v2:172.21.15.190:6800/3363098491,v1:172.21.15.190:6801/3363098491] conn(0x7f730802ff20 0x7f73080323e0 unknown :-1 s=CLOSED pgs=8 cs=0 l=1 rev1=1 rx=0 tx=0).stop
2024-02-18T01:51:02.560 INFO:teuthology.orchestra.run.smithi190.stderr:/usr/bin/ceph:
2024-02-18T01:51:02.561+0000 7f732e39a700 1 --2- 172.21.15.190:0/3918404779 >> [v2:172.21.15.190:3300/0,v1:172.21.15.190:6789/0] conn(0x7f73280fc4d0 0x7f732810cd90 unknown :-1 s=CLOSED pgs=61 cs=0 l=1 rev1=1 rx=0 tx=0).stop
2024-02-18T01:51:02.560 INFO:teuthology.orchestra.run.smithi190.stderr:/usr/bin/ceph:
2024-02-18T01:51:02.561+0000 7f732e39a700 1 -- 172.21.15.190:0/3918404779 >> 172.21.15.190:0/3918404779 conn(0x7f73280f5d20 msgr2=0x7f73280f76e0 unknown :-1 s=STATE_NONE l=0).mark_down
2024-02-18T01:51:02.560 INFO:teuthology.orchestra.run.smithi190.stderr:/usr/bin/ceph:
2024-02-18T01:51:02.561+0000 7f732e39a700 1 -- 172.21.15.190:0/3918404779 shutdown_connections
2024-02-18T01:51:02.560 INFO:teuthology.orchestra.run.smithi190.stderr:/usr/bin/ceph:
2024-02-18T01:51:02.561+0000 7f732e39a700 1 -- 172.21.15.190:0/3918404779 wait complete.
2024-02-18T01:51:03.196 INFO:teuthology.orchestra.run.smithi190.stderr:Running command: /bin/podman run --rm --ipc=host --no-hosts --net=host --entrypoint /usr/bin/ceph --init -e CONTAINER_IMAGE=docker.io/ceph/ceph:v16.2.4 -e NODE_NAME=smithi190 -e CEPH_USE_RANDOM_NONCE=1 -v /var/log/ceph/fa647342-cdff-11ee-95ba-87774f69a715:/var/log/ceph:z -v /tmp/ceph-tmprgsm10dt:/etc/ceph/ceph.client.admin.keyring:z -v /tmp/ceph-tmpvmazfkcy:/etc/ceph/ceph.conf:z docker.io/ceph/ceph:v16.2.4 config set mgr mgr/cephadm/container_init True --force
2024-02-18T01:51:03.696 INFO:teuthology.orchestra.run.smithi190.stderr:/usr/bin/ceph:
2024-02-18T01:51:03.693+0000 7fdea18c8700 1 Processor -- start
2024-02-18T01:51:03.696 INFO:teuthology.orchestra.run.smithi190.stderr:/usr/bin/ceph:
2024-02-18T01:51:03.693+0000 7fdea18c8700 1 -- start start
2024-02-18T01:51:03.696 INFO:teuthology.orchestra.run.smithi190.stderr:/usr/bin/ceph:
2024-02-18T01:51:03.693+0000 7fdea18c8700 1 --2- >> [v2:172.21.15.190:3300/0,v1:172.21.15.190:6789/0] conn(0x7fde9c0fab30 0x7fde9c0faf50 unknown :-1 s=NONE pgs=0 cs=0 l=0 rev1=0 rx=0 tx=0).connect
2024-02-18T01:51:03.697 INFO:teuthology.orchestra.run.smithi190.stderr:/usr/bin/ceph:
2024-02-18T01:51:03.693+0000 7fdea18c8700 1 -- --> [v2:172.21.15.190:3300/0,v1:172.21.15.190:6789/0] -- mon_getmap magic: 0 v1 -- 0x7fde9c0fb440 con 0x7fde9c0fab30
2024-02-18T01:51:03.697 INFO:teuthology.orchestra.run.smithi190.stderr:/usr/bin/ceph:
2024-02-18T01:51:03.693+0000 7fdea08c6700 1 --2- >> [v2:172.21.15.190:3300/0,v1:172.21.15.190:6789/0] conn(0x7fde9c0fab30 0x7fde9c0faf50 unknown :-1 s=BANNER_CONNECTING pgs=0 cs=0 l=0 rev1=0 rx=0 tx=0)._handle_peer_banner_payload supported=1 required=0
2024-02-18T01:51:03.697 INFO:teuthology.orchestra.run.smithi190.stderr:/usr/bin/ceph:
2024-02-18T01:51:03.693+0000 7fdea08c6700 1 --2- >> [v2:172.21.15.190:3300/0,v1:172.21.15.190:6789/0] conn(0x7fde9c0fab30 0x7fde9c0faf50 unknown :-1 s=HELLO_CONNECTING pgs=0 cs=0 l=0 rev1=1 rx=0 tx=0).handle_hello peer v2:172.21.15.190:3300/0 says I am v2:172.21.15.190:48230/0 (socket says 172.21.15.190:48230)
2024-02-18T01:51:03.697 INFO:teuthology.orchestra.run.smithi190.stderr:/usr/bin/ceph:
2024-02-18T01:51:03.693+0000 7fdea08c6700 1 -- 172.21.15.190:0/1772992626 learned_addr learned my addr 172.21.15.190:0/1772992626 (peer_addr_for_me v2:172.21.15.190:0/0)
2024-02-18T01:51:03.697 INFO:teuthology.orchestra.run.smithi190.stderr:/usr/bin/ceph:
2024-02-18T01:51:03.693+0000 7fdea08c6700 1 -- 172.21.15.190:0/1772992626 --> [v2:172.21.15.190:3300/0,v1:172.21.15.190:6789/0] -- mon_subscribe({config=0+,monmap=0+}) v3 -- 0x7fde9c0fb580 con 0x7fde9c0fab30
2024-02-18T01:51:03.697 INFO:teuthology.orchestra.run.smithi190.stderr:/usr/bin/ceph:
2024-02-18T01:51:03.693+0000 7fdea08c6700 1 --2- 172.21.15.190:0/1772992626 >> [v2:172.21.15.190:3300/0,v1:172.21.15.190:6789/0] conn(0x7fde9c0fab30 0x7fde9c0faf50 secure :-1 s=READY pgs=62 cs=0 l=1 rev1=1 rx=0x7fde9000b5f0 tx=0x7fde90006ee0).ready entity=mon.0 client_cookie=57efe1712bb7ef0 server_cookie=0 in_seq=0 out_seq=0
2024-02-18T01:51:03.698 INFO:teuthology.orchestra.run.smithi190.stderr:/usr/bin/ceph:
2024-02-18T01:51:03.694+0000 7fde9b7fe700 1 -- 172.21.15.190:0/1772992626 <== mon.0 v2:172.21.15.190:3300/0 1 ==== mon_map magic: 0 v1 ==== 229+0+0 (secure 0 0 0) 0x7fde9000d600 con 0x7fde9c0fab30
2024-02-18T01:51:03.698 INFO:teuthology.orchestra.run.smithi190.stderr:/usr/bin/ceph:
2024-02-18T01:51:03.694+0000 7fde9b7fe700 1 -- 172.21.15.190:0/1772992626 <== mon.0 v2:172.21.15.190:3300/0 2 ==== config(26 keys) v1 ==== 1045+0+0 (secure 0 0 0) 0x7fde9000dbf0 con 0x7fde9c0fab30
2024-02-18T01:51:03.698 INFO:teuthology.orchestra.run.smithi190.stderr:/usr/bin/ceph:
2024-02-18T01:51:03.694+0000 7fde9b7fe700 1 -- 172.21.15.190:0/1772992626 <== mon.0 v2:172.21.15.190:3300/0 3 ==== mon_map magic: 0 v1 ==== 229+0+0 (secure 0 0 0) 0x7fde90011cb0 con 0x7fde9c0fab30
2024-02-18T01:51:03.699 INFO:teuthology.orchestra.run.smithi190.stderr:/usr/bin/ceph:
2024-02-18T01:51:03.694+0000 7fdea18c8700 1 -- 172.21.15.190:0/1772992626 >> [v2:172.21.15.190:3300/0,v1:172.21.15.190:6789/0] conn(0x7fde9c0fab30 msgr2=0x7fde9c0faf50 secure :-1 s=STATE_CONNECTION_ESTABLISHED l=1).mark_down
2024-02-18T01:51:03.699 INFO:teuthology.orchestra.run.smithi190.stderr:/usr/bin/ceph:
2024-02-18T01:51:03.694+0000 7fdea18c8700 1 --2- 172.21.15.190:0/1772992626 >> [v2:172.21.15.190:3300/0,v1:172.21.15.190:6789/0] conn(0x7fde9c0fab30 0x7fde9c0faf50 secure :-1 s=READY pgs=62 cs=0 l=1 rev1=1 rx=0x7fde9000b5f0 tx=0x7fde90006ee0).stop
2024-02-18T01:51:03.699 INFO:teuthology.orchestra.run.smithi190.stderr:/usr/bin/ceph:
2024-02-18T01:51:03.694+0000 7fdea18c8700 1 -- 172.21.15.190:0/1772992626 shutdown_connections
2024-02-18T01:51:03.699 INFO:teuthology.orchestra.run.smithi190.stderr:/usr/bin/ceph:
2024-02-18T01:51:03.694+0000 7fdea18c8700 1 --2- 172.21.15.190:0/1772992626 >> [v2:172.21.15.190:3300/0,v1:172.21.15.190:6789/0] conn(0x7fde9c0fab30 0x7fde9c0faf50 unknown :-1 s=CLOSED pgs=62 cs=0 l=1 rev1=1 rx=0 tx=0).stop
2024-02-18T01:51:03.699 INFO:teuthology.orchestra.run.smithi190.stderr:/usr/bin/ceph:
2024-02-18T01:51:03.694+0000 7fdea18c8700 1 -- 172.21.15.190:0/1772992626 >> 172.21.15.190:0/1772992626 conn(0x7fde9c0f6390 msgr2=0x7fde9c0f87b0 unknown :-1 s=STATE_NONE l=0).mark_down
2024-02-18T01:51:03.699 INFO:teuthology.orchestra.run.smithi190.stderr:/usr/bin/ceph:
2024-02-18T01:51:03.694+0000 7fdea18c8700 1 -- 172.21.15.190:0/1772992626 shutdown_connections
2024-02-18T01:51:03.699 INFO:teuthology.orchestra.run.smithi190.stderr:/usr/bin/ceph:
2024-02-18T01:51:03.694+0000 7fdea18c8700 1 -- 172.21.15.190:0/1772992626 wait complete.
2024-02-18T01:51:03.699 INFO:teuthology.orchestra.run.smithi190.stderr:/usr/bin/ceph:
2024-02-18T01:51:03.695+0000 7fdea18c8700 1 Processor -- start
2024-02-18T01:51:03.700 INFO:teuthology.orchestra.run.smithi190.stderr:/usr/bin/ceph:
2024-02-18T01:51:03.695+0000 7fdea18c8700 1 -- start start
2024-02-18T01:51:03.700 INFO:teuthology.orchestra.run.smithi190.stderr:/usr/bin/ceph:
2024-02-18T01:51:03.695+0000 7fdea18c8700 1 --2- >> [v2:172.21.15.190:3300/0,v1:172.21.15.190:6789/0] conn(0x7fde9c0fab30 0x7fde9c10d700 unknown :-1 s=NONE pgs=0 cs=0 l=1 rev1=0 rx=0 tx=0).connect
2024-02-18T01:51:03.700 INFO:teuthology.orchestra.run.smithi190.stderr:/usr/bin/ceph:
2024-02-18T01:51:03.695+0000 7fdea18c8700 1 -- --> [v2:172.21.15.190:3300/0,v1:172.21.15.190:6789/0] -- mon_getmap magic: 0 v1 -- 0x7fde9c070450 con 0x7fde9c0fab30
2024-02-18T01:51:03.700 INFO:teuthology.orchestra.run.smithi190.stderr:/usr/bin/ceph:
2024-02-18T01:51:03.695+0000 7fdea08c6700 1 --2- >> [v2:172.21.15.190:3300/0,v1:172.21.15.190:6789/0] conn(0x7fde9c0fab30 0x7fde9c10d700 unknown :-1 s=BANNER_CONNECTING pgs=0 cs=0 l=1 rev1=0 rx=0 tx=0)._handle_peer_banner_payload supported=1 required=0
2024-02-18T01:51:03.700 INFO:teuthology.orchestra.run.smithi190.stderr:/usr/bin/ceph:
2024-02-18T01:51:03.695+0000 7fdea08c6700 1 --2- >> [v2:172.21.15.190:3300/0,v1:172.21.15.190:6789/0] conn(0x7fde9c0fab30 0x7fde9c10d700 unknown :-1 s=HELLO_CONNECTING pgs=0 cs=0 l=1 rev1=1 rx=0 tx=0).handle_hello peer v2:172.21.15.190:3300/0 says I am v2:172.21.15.190:48238/0 (socket says 172.21.15.190:48238)
2024-02-18T01:51:03.700 INFO:teuthology.orchestra.run.smithi190.stderr:/usr/bin/ceph:
2024-02-18T01:51:03.695+0000 7fdea08c6700 1 -- 172.21.15.190:0/4095116900 learned_addr learned my addr 172.21.15.190:0/4095116900 (peer_addr_for_me v2:172.21.15.190:0/0)
2024-02-18T01:51:03.700 INFO:teuthology.orchestra.run.smithi190.stderr:/usr/bin/ceph:
2024-02-18T01:51:03.696+0000 7fdea08c6700 1 -- 172.21.15.190:0/4095116900 --> [v2:172.21.15.190:3300/0,v1:172.21.15.190:6789/0] -- mon_subscribe({config=0+,monmap=0+}) v3 -- 0x7fde9000b200 con 0x7fde9c0fab30
2024-02-18T01:51:03.700 INFO:teuthology.orchestra.run.smithi190.stderr:/usr/bin/ceph:
2024-02-18T01:51:03.696+0000 7fdea08c6700 1 --2- 172.21.15.190:0/4095116900 >> [v2:172.21.15.190:3300/0,v1:172.21.15.190:6789/0] conn(0x7fde9c0fab30 0x7fde9c10d700 secure :-1 s=READY pgs=63 cs=0 l=1 rev1=1 rx=0x7fde90002f40 tx=0x7fde90006ee0).ready entity=mon.0 client_cookie=0 server_cookie=0 in_seq=0 out_seq=0
2024-02-18T01:51:03.700 INFO:teuthology.orchestra.run.smithi190.stderr:/usr/bin/ceph:
2024-02-18T01:51:03.696+0000 7fde997fa700 1 -- 172.21.15.190:0/4095116900 <== mon.0 v2:172.21.15.190:3300/0 1 ==== mon_map magic: 0 v1 ==== 229+0+0 (secure 0 0 0) 0x7fde9001b410 con 0x7fde9c0fab30
2024-02-18T01:51:03.700 INFO:teuthology.orchestra.run.smithi190.stderr:/usr/bin/ceph:
2024-02-18T01:51:03.696+0000 7fde997fa700 1 -- 172.21.15.190:0/4095116900 <== mon.0 v2:172.21.15.190:3300/0 2 ==== config(26 keys) v1 ==== 1045+0+0 (secure 0 0 0) 0x7fde9001ba00 con 0x7fde9c0fab30
2024-02-18T01:51:03.700 INFO:teuthology.orchestra.run.smithi190.stderr:/usr/bin/ceph:
2024-02-18T01:51:03.696+0000 7fde997fa700 1 -- 172.21.15.190:0/4095116900 <== mon.0 v2:172.21.15.190:3300/0 3 ==== mon_map magic: 0 v1 ==== 229+0+0 (secure 0 0 0) 0x7fde9001a900 con 0x7fde9c0fab30
2024-02-18T01:51:03.700 INFO:teuthology.orchestra.run.smithi190.stderr:/usr/bin/ceph:
2024-02-18T01:51:03.696+0000 7fdea18c8700 1 -- 172.21.15.190:0/4095116900 --> [v2:172.21.15.190:3300/0,v1:172.21.15.190:6789/0] -- mon_subscribe({mgrmap=0+}) v3 -- 0x7fde9c070650 con 0x7fde9c0fab30
2024-02-18T01:51:03.700 INFO:teuthology.orchestra.run.smithi190.stderr:/usr/bin/ceph:
2024-02-18T01:51:03.696+0000 7fdea18c8700 1 -- 172.21.15.190:0/4095116900 --> [v2:172.21.15.190:3300/0,v1:172.21.15.190:6789/0] -- mon_subscribe({osdmap=0}) v3 -- 0x7fde9c10ddb0 con 0x7fde9c0fab30
2024-02-18T01:51:03.701 INFO:teuthology.orchestra.run.smithi190.stderr:/usr/bin/ceph:
2024-02-18T01:51:03.697+0000 7fde997fa700 1 -- 172.21.15.190:0/4095116900 <== mon.0 v2:172.21.15.190:3300/0 4 ==== mgrmap(e 12) v1 ==== 36195+0+0 (secure 0 0 0) 0x7fde9000f070 con 0x7fde9c0fab30
2024-02-18T01:51:03.701 INFO:teuthology.orchestra.run.smithi190.stderr:/usr/bin/ceph:
2024-02-18T01:51:03.697+0000 7fde997fa700 1 --2- 172.21.15.190:0/4095116900 >> [v2:172.21.15.190:6800/3363098491,v1:172.21.15.190:6801/3363098491] conn(0x7fde8002ff70 0x7fde80032430 unknown :-1 s=NONE pgs=0 cs=0 l=1 rev1=0 rx=0 tx=0).connect
2024-02-18T01:51:03.701 INFO:teuthology.orchestra.run.smithi190.stderr:/usr/bin/ceph:
2024-02-18T01:51:03.697+0000 7fde997fa700 1 -- 172.21.15.190:0/4095116900 <== mon.0 v2:172.21.15.190:3300/0 5 ==== osd_map(3..3 src has 1..3) v4 ==== 1098+0+0 (secure 0 0 0) 0x7fde90041450 con 0x7fde9c0fab30
2024-02-18T01:51:03.701 INFO:teuthology.orchestra.run.smithi190.stderr:/usr/bin/ceph:
2024-02-18T01:51:03.697+0000 7fde9bfff700 1 --2- 172.21.15.190:0/4095116900 >> [v2:172.21.15.190:6800/3363098491,v1:172.21.15.190:6801/3363098491] conn(0x7fde8002ff70 0x7fde80032430 unknown :-1 s=BANNER_CONNECTING pgs=0 cs=0 l=1 rev1=0 rx=0 tx=0)._handle_peer_banner_payload supported=1 required=0
2024-02-18T01:51:03.701 INFO:teuthology.orchestra.run.smithi190.stderr:/usr/bin/ceph:
2024-02-18T01:51:03.697+0000 7fdea18c8700 1 -- 172.21.15.190:0/4095116900 --> [v2:172.21.15.190:3300/0,v1:172.21.15.190:6789/0] -- mon_command({"prefix": "get_command_descriptions"} v 0) v1 -- 0x7fde9c045ad0 con 0x7fde9c0fab30
2024-02-18T01:51:03.701 INFO:teuthology.orchestra.run.smithi190.stderr:/usr/bin/ceph:
2024-02-18T01:51:03.697+0000 7fde9bfff700 1 --2- 172.21.15.190:0/4095116900 >> [v2:172.21.15.190:6800/3363098491,v1:172.21.15.190:6801/3363098491] conn(0x7fde8002ff70 0x7fde80032430 secure :-1 s=READY pgs=9 cs=0 l=1 rev1=1 rx=0x7fde880096a0 tx=0x7fde88006b40).ready entity=mgr.14142 client_cookie=0 server_cookie=0 in_seq=0 out_seq=0
2024-02-18T01:51:03.701 INFO:teuthology.orchestra.run.smithi190.stderr:/usr/bin/ceph:
2024-02-18T01:51:03.701+0000 7fde997fa700 1 -- 172.21.15.190:0/4095116900 <== mon.0 v2:172.21.15.190:3300/0 6 ==== mon_command_ack([{"prefix": "get_command_descriptions"}]=0 v0) v1 ==== 72+0+152212 (secure 0 0 0) 0x7fde90016070 con 0x7fde9c0fab30
2024-02-18T01:51:03.848 INFO:teuthology.orchestra.run.smithi190.stderr:/usr/bin/ceph:
2024-02-18T01:51:03.850+0000 7fdea18c8700 1 -- 172.21.15.190:0/4095116900 --> [v2:172.21.15.190:3300/0,v1:172.21.15.190:6789/0] -- mon_command([{prefix=config set, name=mgr/cephadm/container_init}] v 0) v1 -- 0x7fde9c0fc930 con 0x7fde9c0fab30
2024-02-18T01:51:03.851 INFO:teuthology.orchestra.run.smithi190.stderr:/usr/bin/ceph:
2024-02-18T01:51:03.853+0000 7fde997fa700 1 -- 172.21.15.190:0/4095116900 <== mon.0 v2:172.21.15.190:3300/0 7 ==== mon_command_ack([{prefix=config set, name=mgr/cephadm/container_init}]=0 v8)=0 v8) v1 ==== 142+0+0 (secure 0 0 0) 0x7fde90010360 con 0x7fde9c0fab30
2024-02-18T01:51:03.853 INFO:teuthology.orchestra.run.smithi190.stderr:/usr/bin/ceph:
2024-02-18T01:51:03.855+0000 7fdea18c8700 1 -- 172.21.15.190:0/4095116900 >> [v2:172.21.15.190:6800/3363098491,v1:172.21.15.190:6801/3363098491] conn(0x7fde8002ff70 msgr2=0x7fde80032430 secure :-1 s=STATE_CONNECTION_ESTABLISHED l=1).mark_down
2024-02-18T01:51:03.854 INFO:teuthology.orchestra.run.smithi190.stderr:/usr/bin/ceph:
2024-02-18T01:51:03.855+0000 7fdea18c8700 1 --2- 172.21.15.190:0/4095116900 >> [v2:172.21.15.190:6800/3363098491,v1:172.21.15.190:6801/3363098491] conn(0x7fde8002ff70 0x7fde80032430 secure :-1 s=READY pgs=9 cs=0 l=1 rev1=1 rx=0x7fde880096a0 tx=0x7fde88006b40).stop
2024-02-18T01:51:03.854 INFO:teuthology.orchestra.run.smithi190.stderr:/usr/bin/ceph:
2024-02-18T01:51:03.855+0000 7fdea18c8700 1 -- 172.21.15.190:0/4095116900 >> [v2:172.21.15.190:3300/0,v1:172.21.15.190:6789/0] conn(0x7fde9c0fab30 msgr2=0x7fde9c10d700 secure :-1 s=STATE_CONNECTION_ESTABLISHED l=1).mark_down
2024-02-18T01:51:03.854 INFO:teuthology.orchestra.run.smithi190.stderr:/usr/bin/ceph:
2024-02-18T01:51:03.855+0000 7fdea18c8700 1 --2- 172.21.15.190:0/4095116900 >> [v2:172.21.15.190:3300/0,v1:172.21.15.190:6789/0] conn(0x7fde9c0fab30 0x7fde9c10d700 secure :-1 s=READY pgs=63 cs=0 l=1 rev1=1 rx=0x7fde90002f40 tx=0x7fde90006ee0).stop
2024-02-18T01:51:03.854 INFO:teuthology.orchestra.run.smithi190.stderr:/usr/bin/ceph:
2024-02-18T01:51:03.855+0000 7fdea18c8700 1 -- 172.21.15.190:0/4095116900 shutdown_connections
2024-02-18T01:51:03.854 INFO:teuthology.orchestra.run.smithi190.stderr:/usr/bin/ceph:
2024-02-18T01:51:03.855+0000 7fdea18c8700 1 --2- 172.21.15.190:0/4095116900 >> [v2:172.21.15.190:6800/3363098491,v1:172.21.15.190:6801/3363098491] conn(0x7fde8002ff70 0x7fde80032430 unknown :-1 s=CLOSED pgs=9 cs=0 l=1 rev1=1 rx=0 tx=0).stop
2024-02-18T01:51:03.854 INFO:teuthology.orchestra.run.smithi190.stderr:/usr/bin/ceph:
2024-02-18T01:51:03.855+0000 7fdea18c8700 1 --2- 172.21.15.190:0/4095116900 >> [v2:172.21.15.190:3300/0,v1:172.21.15.190:6789/0] conn(0x7fde9c0fab30 0x7fde9c10d700 unknown :-1 s=CLOSED pgs=63 cs=0 l=1 rev1=1 rx=0 tx=0).stop
2024-02-18T01:51:03.854 INFO:teuthology.orchestra.run.smithi190.stderr:/usr/bin/ceph:
2024-02-18T01:51:03.855+0000 7fdea18c8700 1 -- 172.21.15.190:0/4095116900 >> 172.21.15.190:0/4095116900 conn(0x7fde9c0f6390 msgr2=0x7fde9c0f7e30 unknown :-1 s=STATE_NONE l=0).mark_down
2024-02-18T01:51:03.854 INFO:teuthology.orchestra.run.smithi190.stderr:/usr/bin/ceph:
2024-02-18T01:51:03.855+0000 7fdea18c8700 1 -- 172.21.15.190:0/4095116900 shutdown_connections
2024-02-18T01:51:03.854 INFO:teuthology.orchestra.run.smithi190.stderr:/usr/bin/ceph:
2024-02-18T01:51:03.855+0000 7fdea18c8700 1 -- 172.21.15.190:0/4095116900 wait complete.
2024-02-18T01:51:03.872 INFO:journalctl@ceph.mon.smithi190.smithi190.stdout:Feb 18 01:51:03 smithi190 ceph-fa647342-cdff-11ee-95ba-87774f69a715-mon.smithi190[38239]: audit
2024-02-18T01:51:02.556872+0000 mgr.smithi190.lbneze (mgr.14142) 7 : audit [DBG] from='client.14154 -' entity='client.admin' cmd=[{"prefix": "orch apply", "service_type": "alertmanager", "target": ["mon-mgr", ""]}]: dispatch
2024-02-18T01:51:03.872 INFO:journalctl@ceph.mon.smithi190.smithi190.stdout:Feb 18 01:51:03 smithi190 ceph-fa647342-cdff-11ee-95ba-87774f69a715-mon.smithi190[38239]: cephadm
2024-02-18T01:51:02.557383+0000 mgr.smithi190.lbneze (mgr.14142) 8 : cephadm [INF] Saving service alertmanager spec with placement count:1
2024-02-18T01:51:03.872 INFO:journalctl@ceph.mon.smithi190.smithi190.stdout:Feb 18 01:51:03 smithi190 ceph-fa647342-cdff-11ee-95ba-87774f69a715-mon.smithi190[38239]: audit
2024-02-18T01:51:02.559639+0000 mon.smithi190 (mon.0) 81 : audit [INF] from='mgr.14142 172.21.15.190:0/4115741546' entity='mgr.smithi190.lbneze'
2024-02-18T01:51:04.586 INFO:teuthology.orchestra.run.smithi190.stderr:Running command: /bin/podman run --rm --ipc=host --no-hosts --net=host --entrypoint /usr/bin/ceph --init -e CONTAINER_IMAGE=docker.io/ceph/ceph:v16.2.4 -e NODE_NAME=smithi190 -e CEPH_USE_RANDOM_NONCE=1 -v /var/log/ceph/fa647342-cdff-11ee-95ba-87774f69a715:/var/log/ceph:z -v /tmp/ceph-tmprgsm10dt:/etc/ceph/ceph.client.admin.keyring:z -v /tmp/ceph-tmpvmazfkcy:/etc/ceph/ceph.conf:z docker.io/ceph/ceph:v16.2.4 config set mgr mgr/dashboard/ssl_server_port 8443
2024-02-18T01:51:05.103 INFO:journalctl@ceph.mon.smithi190.smithi190.stdout:Feb 18 01:51:04 smithi190 ceph-fa647342-cdff-11ee-95ba-87774f69a715-mon.smithi190[38239]: audit
2024-02-18T01:51:03.854557+0000 mon.smithi190 (mon.0) 82 : audit [INF] from='client.? 172.21.15.190:0/4095116900' entity='client.admin'
2024-02-18T01:51:05.296 INFO:teuthology.orchestra.run.smithi190.stderr:/usr/bin/ceph:
2024-02-18T01:51:05.295+0000 7f8ea1e12700 1 Processor -- start
2024-02-18T01:51:05.296 INFO:teuthology.orchestra.run.smithi190.stderr:/usr/bin/ceph:
2024-02-18T01:51:05.295+0000 7f8ea1e12700 1 -- start start
2024-02-18T01:51:05.297 INFO:teuthology.orchestra.run.smithi190.stderr:/usr/bin/ceph:
2024-02-18T01:51:05.295+0000 7f8ea1e12700 1 --2- >> [v2:172.21.15.190:3300/0,v1:172.21.15.190:6789/0] conn(0x7f8e9c0fbea0 0x7f8e9c0fc2c0 unknown :-1 s=NONE pgs=0 cs=0 l=0 rev1=0 rx=0 tx=0).connect
2024-02-18T01:51:05.297 INFO:teuthology.orchestra.run.smithi190.stderr:/usr/bin/ceph:
2024-02-18T01:51:05.295+0000 7f8ea1e12700 1 -- --> [v2:172.21.15.190:3300/0,v1:172.21.15.190:6789/0] -- mon_getmap magic: 0 v1 -- 0x7f8e9c0fc7b0 con 0x7f8e9c0fbea0
2024-02-18T01:51:05.297 INFO:teuthology.orchestra.run.smithi190.stderr:/usr/bin/ceph:
2024-02-18T01:51:05.296+0000 7f8e9b7fe700 1 --2- >> [v2:172.21.15.190:3300/0,v1:172.21.15.190:6789/0] conn(0x7f8e9c0fbea0 0x7f8e9c0fc2c0 unknown :-1 s=BANNER_CONNECTING pgs=0 cs=0 l=0 rev1=0 rx=0 tx=0)._handle_peer_banner_payload supported=1 required=0
2024-02-18T01:51:05.297 INFO:teuthology.orchestra.run.smithi190.stderr:/usr/bin/ceph:
2024-02-18T01:51:05.296+0000 7f8e9b7fe700 1 --2- >> [v2:172.21.15.190:3300/0,v1:172.21.15.190:6789/0] conn(0x7f8e9c0fbea0 0x7f8e9c0fc2c0 unknown :-1 s=HELLO_CONNECTING pgs=0 cs=0 l=0 rev1=1 rx=0 tx=0).handle_hello peer v2:172.21.15.190:3300/0 says I am v2:172.21.15.190:48240/0 (socket says 172.21.15.190:48240)
2024-02-18T01:51:05.297 INFO:teuthology.orchestra.run.smithi190.stderr:/usr/bin/ceph:
2024-02-18T01:51:05.296+0000 7f8e9b7fe700 1 -- 172.21.15.190:0/1764274741 learned_addr learned my addr 172.21.15.190:0/1764274741 (peer_addr_for_me v2:172.21.15.190:0/0)
2024-02-18T01:51:05.297 INFO:teuthology.orchestra.run.smithi190.stderr:/usr/bin/ceph:
2024-02-18T01:51:05.296+0000 7f8e9b7fe700 1 -- 172.21.15.190:0/1764274741 --> [v2:172.21.15.190:3300/0,v1:172.21.15.190:6789/0] -- mon_subscribe({config=0+,monmap=0+}) v3 -- 0x7f8e9c0fc8f0 con 0x7f8e9c0fbea0
2024-02-18T01:51:05.297 INFO:teuthology.orchestra.run.smithi190.stderr:/usr/bin/ceph:
2024-02-18T01:51:05.296+0000 7f8e9b7fe700 1 --2- 172.21.15.190:0/1764274741 >> [v2:172.21.15.190:3300/0,v1:172.21.15.190:6789/0] conn(0x7f8e9c0fbea0 0x7f8e9c0fc2c0 secure :-1 s=READY pgs=64 cs=0 l=1 rev1=1 rx=0x7f8e9000b5f0 tx=0x7f8e90006ee0).ready entity=mon.0 client_cookie=67587e4b283694ee server_cookie=0 in_seq=0 out_seq=0
2024-02-18T01:51:05.297 INFO:teuthology.orchestra.run.smithi190.stderr:/usr/bin/ceph:
2024-02-18T01:51:05.296+0000 7f8e9a7fc700 1 -- 172.21.15.190:0/1764274741 <== mon.0 v2:172.21.15.190:3300/0 1 ==== mon_map magic: 0 v1 ==== 229+0+0 (secure 0 0 0) 0x7f8e9000d600 con 0x7f8e9c0fbea0
2024-02-18T01:51:05.297 INFO:teuthology.orchestra.run.smithi190.stderr:/usr/bin/ceph:
2024-02-18T01:51:05.296+0000 7f8e9a7fc700 1 -- 172.21.15.190:0/1764274741 <== mon.0 v2:172.21.15.190:3300/0 2 ==== config(26 keys) v1 ==== 1045+0+0 (secure 0 0 0) 0x7f8e9000dbf0 con 0x7f8e9c0fbea0
2024-02-18T01:51:05.297 INFO:teuthology.orchestra.run.smithi190.stderr:/usr/bin/ceph:
2024-02-18T01:51:05.296+0000 7f8e9a7fc700 1 -- 172.21.15.190:0/1764274741 <== mon.0 v2:172.21.15.190:3300/0 3 ==== mon_map magic: 0 v1 ==== 229+0+0 (secure 0 0 0) 0x7f8e90011cb0 con 0x7f8e9c0fbea0
2024-02-18T01:51:05.297 INFO:teuthology.orchestra.run.smithi190.stderr:/usr/bin/ceph:
2024-02-18T01:51:05.297+0000 7f8ea1e12700 1 -- 172.21.15.190:0/1764274741 >> [v2:172.21.15.190:3300/0,v1:172.21.15.190:6789/0] conn(0x7f8e9c0fbea0 msgr2=0x7f8e9c0fc2c0 secure :-1 s=STATE_CONNECTION_ESTABLISHED l=1).mark_down
2024-02-18T01:51:05.297 INFO:teuthology.orchestra.run.smithi190.stderr:/usr/bin/ceph:
2024-02-18T01:51:05.297+0000 7f8ea1e12700 1 --2- 172.21.15.190:0/1764274741 >> [v2:172.21.15.190:3300/0,v1:172.21.15.190:6789/0] conn(0x7f8e9c0fbea0 0x7f8e9c0fc2c0 secure :-1 s=READY pgs=64 cs=0 l=1 rev1=1 rx=0x7f8e9000b5f0 tx=0x7f8e90006ee0).stop
2024-02-18T01:51:05.297 INFO:teuthology.orchestra.run.smithi190.stderr:/usr/bin/ceph:
2024-02-18T01:51:05.297+0000 7f8ea1e12700 1 -- 172.21.15.190:0/1764274741 shutdown_connections
2024-02-18T01:51:05.297 INFO:teuthology.orchestra.run.smithi190.stderr:/usr/bin/ceph:
2024-02-18T01:51:05.297+0000 7f8ea1e12700 1 --2- 172.21.15.190:0/1764274741 >> [v2:172.21.15.190:3300/0,v1:172.21.15.190:6789/0] conn(0x7f8e9c0fbea0 0x7f8e9c0fc2c0 unknown :-1 s=CLOSED pgs=64 cs=0 l=1 rev1=1 rx=0 tx=0).stop
2024-02-18T01:51:05.298 INFO:teuthology.orchestra.run.smithi190.stderr:/usr/bin/ceph:
2024-02-18T01:51:05.297+0000 7f8ea1e12700 1 -- 172.21.15.190:0/1764274741 >> 172.21.15.190:0/1764274741 conn(0x7f8e9c0f76a0 msgr2=0x7f8e9c0f9ac0 unknown :-1 s=STATE_NONE l=0).mark_down
2024-02-18T01:51:05.298 INFO:teuthology.orchestra.run.smithi190.stderr:/usr/bin/ceph:
2024-02-18T01:51:05.297+0000 7f8ea1e12700 1 -- 172.21.15.190:0/1764274741 shutdown_connections
2024-02-18T01:51:05.298 INFO:teuthology.orchestra.run.smithi190.stderr:/usr/bin/ceph:
2024-02-18T01:51:05.297+0000 7f8ea1e12700 1 -- 172.21.15.190:0/1764274741 wait complete.
2024-02-18T01:51:05.298 INFO:teuthology.orchestra.run.smithi190.stderr:/usr/bin/ceph:
2024-02-18T01:51:05.297+0000 7f8ea1e12700 1 Processor -- start
2024-02-18T01:51:05.298 INFO:teuthology.orchestra.run.smithi190.stderr:/usr/bin/ceph:
2024-02-18T01:51:05.297+0000 7f8ea1e12700 1 -- start start
2024-02-18T01:51:05.298 INFO:teuthology.orchestra.run.smithi190.stderr:/usr/bin/ceph:
2024-02-18T01:51:05.298+0000 7f8ea1e12700 1 --2- >> [v2:172.21.15.190:3300/0,v1:172.21.15.190:6789/0] conn(0x7f8e9c0fbea0 0x7f8e9c10ab90 unknown :-1 s=NONE pgs=0 cs=0 l=1 rev1=0 rx=0 tx=0).connect
2024-02-18T01:51:05.298 INFO:teuthology.orchestra.run.smithi190.stderr:/usr/bin/ceph:
2024-02-18T01:51:05.298+0000 7f8ea1e12700 1 -- --> [v2:172.21.15.190:3300/0,v1:172.21.15.190:6789/0] -- mon_getmap magic: 0 v1 -- 0x7f8e9c10b080 con 0x7f8e9c0fbea0
2024-02-18T01:51:05.298 INFO:teuthology.orchestra.run.smithi190.stderr:/usr/bin/ceph:
