2024-02-18T02:29:42.506+0000 7f6411ffb700 1 --2- 172.21.15.156:0/1259662804 >> v2:172.21.15.156:6800/3974766391 conn(0x7f64040325c0 0x7f6404034a80 unknown :-1 s=NONE pgs=0 cs=0 l=1 rev1=0 rx=0 tx=0).connect
2024-02-18T02:29:42.502 INFO:teuthology.orchestra.run.smithi156.stderr:/usr/bin/ceph:
2024-02-18T02:29:42.506+0000 7f6411ffb700 1 -- 172.21.15.156:0/1259662804 <== mon.0 v2:172.21.15.156:3300/0 5 ==== osd_map(3..3 src has 1..3) v4 ==== 1012+0+0 (secure 0 0 0) 0x7f64080449d0 con 0x7f641406fba0
2024-02-18T02:29:42.502 INFO:teuthology.orchestra.run.smithi156.stderr:/usr/bin/ceph:
2024-02-18T02:29:42.506+0000 7f6413fff700 1 --2- 172.21.15.156:0/1259662804 >> v2:172.21.15.156:6800/3974766391 conn(0x7f64040325c0 0x7f6404034a80 unknown :-1 s=BANNER_CONNECTING pgs=0 cs=0 l=1 rev1=0 rx=0 tx=0)._handle_peer_banner_payload supported=1 required=0
2024-02-18T02:29:42.502 INFO:teuthology.orchestra.run.smithi156.stderr:/usr/bin/ceph:
2024-02-18T02:29:42.507+0000 7f6413fff700 1 --2- 172.21.15.156:0/1259662804 >> v2:172.21.15.156:6800/3974766391 conn(0x7f64040325c0 0x7f6404034a80 secure :-1 s=READY pgs=8 cs=0 l=1 rev1=1 rx=0x7f6400009780 tx=0x7f6400006cc0).ready entity=mgr.14146 client_cookie=0 server_cookie=0 in_seq=0 out_seq=0
2024-02-18T02:29:42.504 INFO:teuthology.orchestra.run.smithi156.stderr:/usr/bin/ceph:
2024-02-18T02:29:42.511+0000 7f6411ffb700 1 -- 172.21.15.156:0/1259662804 <== mon.0 v2:172.21.15.156:3300/0 6 ==== mon_command_ack([{"prefix": "get_command_descriptions"}]=0 v0) v1 ==== 72+0+163658 (secure 0 0 0) 0x7f640801add0 con 0x7f641406fba0
2024-02-18T02:29:42.669 INFO:teuthology.orchestra.run.smithi156.stderr:/usr/bin/ceph:
2024-02-18T02:29:42.675+0000 7f641ae78700 1 -- 172.21.15.156:0/1259662804 --> [v2:172.21.15.156:3300/0,v1:172.21.15.156:6789/0] -- mon_command({"prefix": "config get", "who": "mgr", "key": "mgr/dashboard/ssl_server_port"} v 0) v1 -- 0x7f641405ec00 con 0x7f641406fba0
2024-02-18T02:29:42.669 INFO:teuthology.orchestra.run.smithi156.stderr:/usr/bin/ceph:
2024-02-18T02:29:42.675+0000 7f6411ffb700 1 -- 172.21.15.156:0/1259662804 <== mon.0 v2:172.21.15.156:3300/0 7 ==== mon_command_ack([{"prefix": "config get", "who": "mgr", "key": "mgr/dashboard/ssl_server_port"}]=0 v8) v1 ==== 112+0+5 (secure 0 0 0) 0x7f6408019b40 con 0x7f641406fba0
2024-02-18T02:29:42.669 INFO:teuthology.orchestra.run.smithi156.stderr:/usr/bin/ceph: 8443
2024-02-18T02:29:42.672 INFO:teuthology.orchestra.run.smithi156.stderr:/usr/bin/ceph:
2024-02-18T02:29:42.677+0000 7f641ae78700 1 -- 172.21.15.156:0/1259662804 >> v2:172.21.15.156:6800/3974766391 conn(0x7f64040325c0 msgr2=0x7f6404034a80 secure :-1 s=STATE_CONNECTION_ESTABLISHED l=1).mark_down
2024-02-18T02:29:42.672 INFO:teuthology.orchestra.run.smithi156.stderr:/usr/bin/ceph:
2024-02-18T02:29:42.677+0000 7f641ae78700 1 --2- 172.21.15.156:0/1259662804 >> v2:172.21.15.156:6800/3974766391 conn(0x7f64040325c0 0x7f6404034a80 secure :-1 s=READY pgs=8 cs=0 l=1 rev1=1 rx=0x7f6400009780 tx=0x7f6400006cc0).stop
2024-02-18T02:29:42.672 INFO:teuthology.orchestra.run.smithi156.stderr:/usr/bin/ceph:
2024-02-18T02:29:42.677+0000 7f641ae78700 1 -- 172.21.15.156:0/1259662804 >> [v2:172.21.15.156:3300/0,v1:172.21.15.156:6789/0] conn(0x7f641406fba0 msgr2=0x7f641410cb20 secure :-1 s=STATE_CONNECTION_ESTABLISHED l=1).mark_down
2024-02-18T02:29:42.672 INFO:teuthology.orchestra.run.smithi156.stderr:/usr/bin/ceph:
2024-02-18T02:29:42.677+0000 7f641ae78700 1 --2- 172.21.15.156:0/1259662804 >> [v2:172.21.15.156:3300/0,v1:172.21.15.156:6789/0] conn(0x7f641406fba0 0x7f641410cb20 secure :-1 s=READY pgs=67 cs=0 l=1 rev1=1 rx=0x7f6408012fd0 tx=0x7f64080090f0).stop
2024-02-18T02:29:42.672 INFO:teuthology.orchestra.run.smithi156.stderr:/usr/bin/ceph:
2024-02-18T02:29:42.678+0000 7f641ae78700 1 -- 172.21.15.156:0/1259662804 shutdown_connections
2024-02-18T02:29:42.672 INFO:teuthology.orchestra.run.smithi156.stderr:/usr/bin/ceph:
2024-02-18T02:29:42.678+0000 7f641ae78700 1 --2- 172.21.15.156:0/1259662804 >> v2:172.21.15.156:6800/3974766391 conn(0x7f64040325c0 0x7f6404034a80 unknown :-1 s=CLOSED pgs=8 cs=0 l=1 rev1=1 rx=0 tx=0).stop
2024-02-18T02:29:42.672 INFO:teuthology.orchestra.run.smithi156.stderr:/usr/bin/ceph:
2024-02-18T02:29:42.678+0000 7f641ae78700 1 --2- 172.21.15.156:0/1259662804 >> [v2:172.21.15.156:3300/0,v1:172.21.15.156:6789/0] conn(0x7f641406fba0 0x7f641410cb20 unknown :-1 s=CLOSED pgs=67 cs=0 l=1 rev1=1 rx=0 tx=0).stop
2024-02-18T02:29:42.672 INFO:teuthology.orchestra.run.smithi156.stderr:/usr/bin/ceph:
2024-02-18T02:29:42.678+0000 7f641ae78700 1 -- 172.21.15.156:0/1259662804 >> 172.21.15.156:0/1259662804 conn(0x7f64140f5f90 msgr2=0x7f64140f7880 unknown :-1 s=STATE_NONE l=0).mark_down
2024-02-18T02:29:42.672 INFO:teuthology.orchestra.run.smithi156.stderr:/usr/bin/ceph:
2024-02-18T02:29:42.678+0000 7f641ae78700 1 -- 172.21.15.156:0/1259662804 shutdown_connections
2024-02-18T02:29:42.672 INFO:teuthology.orchestra.run.smithi156.stderr:/usr/bin/ceph:
2024-02-18T02:29:42.678+0000 7f641ae78700 1 -- 172.21.15.156:0/1259662804 wait complete.
2024-02-18T02:29:42.960 INFO:journalctl@ceph.mon.a.smithi156.stdout:Feb 18 02:29:42 smithi156 ceph-6221606c-ce05-11ee-95ba-87774f69a715-mon-a[37490]: audit
2024-02-18T02:29:41.560073+0000 mgr.y (mgr.14146) 4 : audit [DBG] from='client.14158 -' entity='client.admin' cmd=[{"prefix": "dashboard ac-user-create", "username": "admin", "rolename": "administrator", "force_password": true, "pwd_update_required": true, "target": ["mon-mgr", ""]}]: dispatch
2024-02-18T02:29:42.960 INFO:journalctl@ceph.mon.a.smithi156.stdout:Feb 18 02:29:42 smithi156 ceph-6221606c-ce05-11ee-95ba-87774f69a715-mon-a[37490]: audit
2024-02-18T02:29:41.775616+0000 mon.a (mon.0) 85 : audit [INF] from='mgr.14146 172.21.15.156:0/3673990498' entity='mgr.y'
2024-02-18T02:29:42.960 INFO:journalctl@ceph.mon.a.smithi156.stdout:Feb 18 02:29:42 smithi156 ceph-6221606c-ce05-11ee-95ba-87774f69a715-mon-a[37490]: audit
2024-02-18T02:29:42.676196+0000 mon.a (mon.0) 86 : audit [DBG] from='client.? 172.21.15.156:0/1259662804' entity='client.admin' cmd=[{"prefix": "config get", "who": "mgr", "key": "mgr/dashboard/ssl_server_port"}]: dispatch
2024-02-18T02:29:43.042 INFO:teuthology.orchestra.run.smithi156.stderr:systemctl: disabled
2024-02-18T02:29:43.048 INFO:teuthology.orchestra.run.smithi156.stderr:systemctl: inactive
2024-02-18T02:29:43.049 INFO:teuthology.orchestra.run.smithi156.stderr:firewalld.service is not enabled
2024-02-18T02:29:43.049 INFO:teuthology.orchestra.run.smithi156.stderr:Not possible to open ports <[8443]>. firewalld.service is not available
2024-02-18T02:29:43.050 INFO:teuthology.orchestra.run.smithi156.stderr:Ceph Dashboard is now available at:
2024-02-18T02:29:43.050 INFO:teuthology.orchestra.run.smithi156.stderr:
2024-02-18T02:29:43.050 INFO:teuthology.orchestra.run.smithi156.stderr: URL: https://smithi156.front.sepia.ceph.com:8443/
2024-02-18T02:29:43.051 INFO:teuthology.orchestra.run.smithi156.stderr: User: admin
2024-02-18T02:29:43.051 INFO:teuthology.orchestra.run.smithi156.stderr: Password: tob2cw3ndz
2024-02-18T02:29:43.051 INFO:teuthology.orchestra.run.smithi156.stderr:
2024-02-18T02:29:43.051 INFO:teuthology.orchestra.run.smithi156.stderr:Enabling autotune for osd_memory_target
2024-02-18T02:29:43.410 INFO:teuthology.orchestra.run.smithi156.stderr:/usr/bin/ceph:
2024-02-18T02:29:43.414+0000 7f441aab3700 1 Processor -- start
2024-02-18T02:29:43.410 INFO:teuthology.orchestra.run.smithi156.stderr:/usr/bin/ceph:
2024-02-18T02:29:43.414+0000 7f441aab3700 1 -- start start
2024-02-18T02:29:43.410 INFO:teuthology.orchestra.run.smithi156.stderr:/usr/bin/ceph:
2024-02-18T02:29:43.415+0000 7f441aab3700 1 --2- >> [v2:172.21.15.156:3300/0,v1:172.21.15.156:6789/0] conn(0x7f441406fbe0 0x7f4414100990 unknown :-1 s=NONE pgs=0 cs=0 l=0 rev1=0 rx=0 tx=0).connect
2024-02-18T02:29:43.410 INFO:teuthology.orchestra.run.smithi156.stderr:/usr/bin/ceph:
2024-02-18T02:29:43.415+0000 7f441aab3700 1 -- --> [v2:172.21.15.156:3300/0,v1:172.21.15.156:6789/0] -- mon_getmap magic: 0 v1 -- 0x7f44140fc380 con 0x7f441406fbe0
2024-02-18T02:29:43.411 INFO:teuthology.orchestra.run.smithi156.stderr:/usr/bin/ceph:
2024-02-18T02:29:43.415+0000 7f441884f700 1 --2- >> [v2:172.21.15.156:3300/0,v1:172.21.15.156:6789/0] conn(0x7f441406fbe0 0x7f4414100990 unknown :-1 s=BANNER_CONNECTING pgs=0 cs=0 l=0 rev1=0 rx=0 tx=0)._handle_peer_banner_payload supported=1 required=0
2024-02-18T02:29:43.411 INFO:teuthology.orchestra.run.smithi156.stderr:/usr/bin/ceph:
2024-02-18T02:29:43.415+0000 7f441884f700 1 --2- >> [v2:172.21.15.156:3300/0,v1:172.21.15.156:6789/0] conn(0x7f441406fbe0 0x7f4414100990 unknown :-1 s=HELLO_CONNECTING pgs=0 cs=0 l=0 rev1=1 rx=0 tx=0).handle_hello peer v2:172.21.15.156:3300/0 says I am v2:172.21.15.156:45476/0 (socket says 172.21.15.156:45476)
2024-02-18T02:29:43.411 INFO:teuthology.orchestra.run.smithi156.stderr:/usr/bin/ceph:
2024-02-18T02:29:43.415+0000 7f441884f700 1 -- 172.21.15.156:0/1911566004 learned_addr learned my addr 172.21.15.156:0/1911566004 (peer_addr_for_me v2:172.21.15.156:0/0)
2024-02-18T02:29:43.411 INFO:teuthology.orchestra.run.smithi156.stderr:/usr/bin/ceph:
2024-02-18T02:29:43.415+0000 7f441884f700 1 -- 172.21.15.156:0/1911566004 --> [v2:172.21.15.156:3300/0,v1:172.21.15.156:6789/0] -- mon_subscribe({config=0+,monmap=0+}) v3 -- 0x7f4414100e80 con 0x7f441406fbe0
2024-02-18T02:29:43.411 INFO:teuthology.orchestra.run.smithi156.stderr:/usr/bin/ceph:
2024-02-18T02:29:43.415+0000 7f441884f700 1 --2- 172.21.15.156:0/1911566004 >> [v2:172.21.15.156:3300/0,v1:172.21.15.156:6789/0] conn(0x7f441406fbe0 0x7f4414100990 secure :-1 s=READY pgs=68 cs=0 l=1 rev1=1 rx=0x7f4408009730 tx=0x7f44080090f0).ready entity=mon.0 client_cookie=c1308d52305d265b server_cookie=0 in_seq=0 out_seq=0
2024-02-18T02:29:43.411 INFO:teuthology.orchestra.run.smithi156.stderr:/usr/bin/ceph:
2024-02-18T02:29:43.415+0000 7f44137fe700 1 -- 172.21.15.156:0/1911566004 <== mon.0 v2:172.21.15.156:3300/0 1 ==== mon_map magic: 0 v1 ==== 205+0+0 (secure 0 0 0) 0x7f440800b580 con 0x7f441406fbe0
2024-02-18T02:29:43.411 INFO:teuthology.orchestra.run.smithi156.stderr:/usr/bin/ceph:
2024-02-18T02:29:43.415+0000 7f44137fe700 1 -- 172.21.15.156:0/1911566004 <== mon.0 v2:172.21.15.156:3300/0 2 ==== config(25 keys) v1 ==== 1092+0+0 (secure 0 0 0) 0x7f440800bba0 con 0x7f441406fbe0
2024-02-18T02:29:43.411 INFO:teuthology.orchestra.run.smithi156.stderr:/usr/bin/ceph:
2024-02-18T02:29:43.415+0000 7f44137fe700 1 -- 172.21.15.156:0/1911566004 <== mon.0 v2:172.21.15.156:3300/0 3 ==== mon_map magic: 0 v1 ==== 205+0+0 (secure 0 0 0) 0x7f4408011b50 con 0x7f441406fbe0
2024-02-18T02:29:43.411 INFO:teuthology.orchestra.run.smithi156.stderr:/usr/bin/ceph:
2024-02-18T02:29:43.416+0000 7f441aab3700 1 -- 172.21.15.156:0/1911566004 >> [v2:172.21.15.156:3300/0,v1:172.21.15.156:6789/0] conn(0x7f441406fbe0 msgr2=0x7f4414100990 secure :-1 s=STATE_CONNECTION_ESTABLISHED l=1).mark_down
2024-02-18T02:29:43.411 INFO:teuthology.orchestra.run.smithi156.stderr:/usr/bin/ceph:
2024-02-18T02:29:43.416+0000 7f441aab3700 1 --2- 172.21.15.156:0/1911566004 >> [v2:172.21.15.156:3300/0,v1:172.21.15.156:6789/0] conn(0x7f441406fbe0 0x7f4414100990 secure :-1 s=READY pgs=68 cs=0 l=1 rev1=1 rx=0x7f4408009730 tx=0x7f44080090f0).stop
2024-02-18T02:29:43.411 INFO:teuthology.orchestra.run.smithi156.stderr:/usr/bin/ceph:
2024-02-18T02:29:43.416+0000 7f441aab3700 1 -- 172.21.15.156:0/1911566004 shutdown_connections
2024-02-18T02:29:43.411 INFO:teuthology.orchestra.run.smithi156.stderr:/usr/bin/ceph:
2024-02-18T02:29:43.416+0000 7f441aab3700 1 --2- 172.21.15.156:0/1911566004 >> [v2:172.21.15.156:3300/0,v1:172.21.15.156:6789/0] conn(0x7f441406fbe0 0x7f4414100990 unknown :-1 s=CLOSED pgs=68 cs=0 l=1 rev1=1 rx=0 tx=0).stop
2024-02-18T02:29:43.411 INFO:teuthology.orchestra.run.smithi156.stderr:/usr/bin/ceph:
2024-02-18T02:29:43.416+0000 7f441aab3700 1 -- 172.21.15.156:0/1911566004 >> 172.21.15.156:0/1911566004 conn(0x7f44140f5f90 msgr2=0x7f44140f83f0 unknown :-1 s=STATE_NONE l=0).mark_down
2024-02-18T02:29:43.412 INFO:teuthology.orchestra.run.smithi156.stderr:/usr/bin/ceph:
2024-02-18T02:29:43.416+0000 7f441aab3700 1 -- 172.21.15.156:0/1911566004 shutdown_connections
2024-02-18T02:29:43.412 INFO:teuthology.orchestra.run.smithi156.stderr:/usr/bin/ceph:
2024-02-18T02:29:43.416+0000 7f441aab3700 1 -- 172.21.15.156:0/1911566004 wait complete.
2024-02-18T02:29:43.412 INFO:teuthology.orchestra.run.smithi156.stderr:/usr/bin/ceph:
2024-02-18T02:29:43.417+0000 7f441aab3700 1 Processor -- start
2024-02-18T02:29:43.413 INFO:teuthology.orchestra.run.smithi156.stderr:/usr/bin/ceph:
2024-02-18T02:29:43.417+0000 7f441aab3700 1 -- start start
2024-02-18T02:29:43.414 INFO:teuthology.orchestra.run.smithi156.stderr:/usr/bin/ceph:
2024-02-18T02:29:43.417+0000 7f441aab3700 1 --2- >> [v2:172.21.15.156:3300/0,v1:172.21.15.156:6789/0] conn(0x7f441406fbe0 0x7f441410cb00 unknown :-1 s=NONE pgs=0 cs=0 l=1 rev1=0 rx=0 tx=0).connect
2024-02-18T02:29:43.414 INFO:teuthology.orchestra.run.smithi156.stderr:/usr/bin/ceph:
2024-02-18T02:29:43.417+0000 7f441aab3700 1 -- --> [v2:172.21.15.156:3300/0,v1:172.21.15.156:6789/0] -- mon_getmap magic: 0 v1 -- 0x7f441410cff0 con 0x7f441406fbe0
2024-02-18T02:29:43.414 INFO:teuthology.orchestra.run.smithi156.stderr:/usr/bin/ceph:
2024-02-18T02:29:43.417+0000 7f441884f700 1 --2- >> [v2:172.21.15.156:3300/0,v1:172.21.15.156:6789/0] conn(0x7f441406fbe0 0x7f441410cb00 unknown :-1 s=BANNER_CONNECTING pgs=0 cs=0 l=1 rev1=0 rx=0 tx=0)._handle_peer_banner_payload supported=1 required=0
2024-02-18T02:29:43.414 INFO:teuthology.orchestra.run.smithi156.stderr:/usr/bin/ceph:
2024-02-18T02:29:43.417+0000 7f441884f700 1 --2- >> [v2:172.21.15.156:3300/0,v1:172.21.15.156:6789/0] conn(0x7f441406fbe0 0x7f441410cb00 unknown :-1 s=HELLO_CONNECTING pgs=0 cs=0 l=1 rev1=1 rx=0 tx=0).handle_hello peer v2:172.21.15.156:3300/0 says I am v2:172.21.15.156:45486/0 (socket says 172.21.15.156:45486)
2024-02-18T02:29:43.414 INFO:teuthology.orchestra.run.smithi156.stderr:/usr/bin/ceph:
2024-02-18T02:29:43.417+0000 7f441884f700 1 -- 172.21.15.156:0/177545807 learned_addr learned my addr 172.21.15.156:0/177545807 (peer_addr_for_me v2:172.21.15.156:0/0)
2024-02-18T02:29:43.414 INFO:teuthology.orchestra.run.smithi156.stderr:/usr/bin/ceph:
2024-02-18T02:29:43.418+0000 7f441884f700 1 -- 172.21.15.156:0/177545807 --> [v2:172.21.15.156:3300/0,v1:172.21.15.156:6789/0] -- mon_subscribe({config=0+,monmap=0+}) v3 -- 0x7f4408009370 con 0x7f441406fbe0
2024-02-18T02:29:43.414 INFO:teuthology.orchestra.run.smithi156.stderr:/usr/bin/ceph:
2024-02-18T02:29:43.418+0000 7f441884f700 1 --2- 172.21.15.156:0/177545807 >> [v2:172.21.15.156:3300/0,v1:172.21.15.156:6789/0] conn(0x7f441406fbe0 0x7f441410cb00 secure :-1 s=READY pgs=69 cs=0 l=1 rev1=1 rx=0x7f4408012fd0 tx=0x7f44080090f0).ready entity=mon.0 client_cookie=0 server_cookie=0 in_seq=0 out_seq=0
2024-02-18T02:29:43.414 INFO:teuthology.orchestra.run.smithi156.stderr:/usr/bin/ceph:
2024-02-18T02:29:43.418+0000 7f4411f76700 1 -- 172.21.15.156:0/177545807 <== mon.0 v2:172.21.15.156:3300/0 1 ==== mon_map magic: 0 v1 ==== 205+0+0 (secure 0 0 0) 0x7f440801a640 con 0x7f441406fbe0
2024-02-18T02:29:43.414 INFO:teuthology.orchestra.run.smithi156.stderr:/usr/bin/ceph:
2024-02-18T02:29:43.418+0000 7f4411f76700 1 -- 172.21.15.156:0/177545807 <== mon.0 v2:172.21.15.156:3300/0 2 ==== config(25 keys) v1 ==== 1092+0+0 (secure 0 0 0) 0x7f440801ac60 con 0x7f441406fbe0
2024-02-18T02:29:43.414 INFO:teuthology.orchestra.run.smithi156.stderr:/usr/bin/ceph:
2024-02-18T02:29:43.418+0000 7f441aab3700 1 -- 172.21.15.156:0/177545807 --> [v2:172.21.15.156:3300/0,v1:172.21.15.156:6789/0] -- mon_subscribe({mgrmap=0+}) v3 -- 0x7f441410d1f0 con 0x7f441406fbe0
2024-02-18T02:29:43.414 INFO:teuthology.orchestra.run.smithi156.stderr:/usr/bin/ceph:
2024-02-18T02:29:43.418+0000 7f4411f76700 1 -- 172.21.15.156:0/177545807 <== mon.0 v2:172.21.15.156:3300/0 3 ==== mon_map magic: 0 v1 ==== 205+0+0 (secure 0 0 0) 0x7f4408022b30 con 0x7f441406fbe0
2024-02-18T02:29:43.414 INFO:teuthology.orchestra.run.smithi156.stderr:/usr/bin/ceph:
2024-02-18T02:29:43.418+0000 7f441aab3700 1 -- 172.21.15.156:0/177545807 --> [v2:172.21.15.156:3300/0,v1:172.21.15.156:6789/0] -- mon_subscribe({osdmap=0}) v3 -- 0x7f441410d600 con 0x7f441406fbe0
2024-02-18T02:29:43.414 INFO:teuthology.orchestra.run.smithi156.stderr:/usr/bin/ceph:
2024-02-18T02:29:43.419+0000 7f4411f76700 1 -- 172.21.15.156:0/177545807 <== mon.0 v2:172.21.15.156:3300/0 4 ==== mgrmap(e 12) v1 ==== 38595+0+0 (secure 0 0 0) 0x7f4408019390 con 0x7f441406fbe0
2024-02-18T02:29:43.415 INFO:teuthology.orchestra.run.smithi156.stderr:/usr/bin/ceph:
2024-02-18T02:29:43.419+0000 7f441aab3700 1 -- 172.21.15.156:0/177545807 --> [v2:172.21.15.156:3300/0,v1:172.21.15.156:6789/0] -- mon_command({"prefix": "get_command_descriptions"} v 0) v1 -- 0x7f4414046ce0 con 0x7f441406fbe0
2024-02-18T02:29:43.415 INFO:teuthology.orchestra.run.smithi156.stderr:/usr/bin/ceph:
2024-02-18T02:29:43.420+0000 7f4411f76700 1 --2- 172.21.15.156:0/177545807 >> v2:172.21.15.156:6800/3974766391 conn(0x7f44040325c0 0x7f4404034a80 unknown :-1 s=NONE pgs=0 cs=0 l=1 rev1=0 rx=0 tx=0).connect
2024-02-18T02:29:43.415 INFO:teuthology.orchestra.run.smithi156.stderr:/usr/bin/ceph:
2024-02-18T02:29:43.420+0000 7f4411f76700 1 -- 172.21.15.156:0/177545807 <== mon.0 v2:172.21.15.156:3300/0 5 ==== osd_map(3..3 src has 1..3) v4 ==== 1012+0+0 (secure 0 0 0) 0x7f44080449a0 con 0x7f441406fbe0
2024-02-18T02:29:43.415 INFO:teuthology.orchestra.run.smithi156.stderr:/usr/bin/ceph:
2024-02-18T02:29:43.420+0000 7f4413fff700 1 --2- 172.21.15.156:0/177545807 >> v2:172.21.15.156:6800/3974766391 conn(0x7f44040325c0 0x7f4404034a80 unknown :-1 s=BANNER_CONNECTING pgs=0 cs=0 l=1 rev1=0 rx=0 tx=0)._handle_peer_banner_payload supported=1 required=0
2024-02-18T02:29:43.415 INFO:teuthology.orchestra.run.smithi156.stderr:/usr/bin/ceph:
2024-02-18T02:29:43.420+0000 7f4413fff700 1 --2- 172.21.15.156:0/177545807 >> v2:172.21.15.156:6800/3974766391 conn(0x7f44040325c0 0x7f4404034a80 secure :-1 s=READY pgs=9 cs=0 l=1 rev1=1 rx=0x7f4400009780 tx=0x7f4400006cc0).ready entity=mgr.14146 client_cookie=0 server_cookie=0 in_seq=0 out_seq=0
2024-02-18T02:29:43.421 INFO:teuthology.orchestra.run.smithi156.stderr:/usr/bin/ceph:
2024-02-18T02:29:43.428+0000 7f4411f76700 1 -- 172.21.15.156:0/177545807 <== mon.0 v2:172.21.15.156:3300/0 6 ==== mon_command_ack([{"prefix": "get_command_descriptions"}]=0 v0) v1 ==== 72+0+163658 (secure 0 0 0) 0x7f4408018ad0 con 0x7f441406fbe0
2024-02-18T02:29:43.586 INFO:teuthology.orchestra.run.smithi156.stderr:/usr/bin/ceph:
2024-02-18T02:29:43.592+0000 7f441aab3700 1 -- 172.21.15.156:0/177545807 --> [v2:172.21.15.156:3300/0,v1:172.21.15.156:6789/0] -- mon_command([{prefix=config set, name=osd_memory_target_autotune}] v 0) v1 -- 0x7f441405ec00 con 0x7f441406fbe0
2024-02-18T02:29:43.586 INFO:teuthology.orchestra.run.smithi156.stderr:/usr/bin/ceph:
2024-02-18T02:29:43.593+0000 7f4411f76700 1 -- 172.21.15.156:0/177545807 <== mon.0 v2:172.21.15.156:3300/0 7 ==== mon_command_ack([{prefix=config set, name=osd_memory_target_autotune}]=0 v8)=0 v8) v1 ==== 127+0+0 (secure 0 0 0) 0x7f440801e030 con 0x7f441406fbe0
2024-02-18T02:29:43.589 INFO:teuthology.orchestra.run.smithi156.stderr:/usr/bin/ceph:
2024-02-18T02:29:43.595+0000 7f441aab3700 1 -- 172.21.15.156:0/177545807 >> v2:172.21.15.156:6800/3974766391 conn(0x7f44040325c0 msgr2=0x7f4404034a80 secure :-1 s=STATE_CONNECTION_ESTABLISHED l=1).mark_down
2024-02-18T02:29:43.589 INFO:teuthology.orchestra.run.smithi156.stderr:/usr/bin/ceph:
2024-02-18T02:29:43.595+0000 7f441aab3700 1 --2- 172.21.15.156:0/177545807 >> v2:172.21.15.156:6800/3974766391 conn(0x7f44040325c0 0x7f4404034a80 secure :-1 s=READY pgs=9 cs=0 l=1 rev1=1 rx=0x7f4400009780 tx=0x7f4400006cc0).stop
2024-02-18T02:29:43.589 INFO:teuthology.orchestra.run.smithi156.stderr:/usr/bin/ceph:
2024-02-18T02:29:43.595+0000 7f441aab3700 1 -- 172.21.15.156:0/177545807 >> [v2:172.21.15.156:3300/0,v1:172.21.15.156:6789/0] conn(0x7f441406fbe0 msgr2=0x7f441410cb00 secure :-1 s=STATE_CONNECTION_ESTABLISHED l=1).mark_down
2024-02-18T02:29:43.589 INFO:teuthology.orchestra.run.smithi156.stderr:/usr/bin/ceph:
2024-02-18T02:29:43.595+0000 7f441aab3700 1 --2- 172.21.15.156:0/177545807 >> [v2:172.21.15.156:3300/0,v1:172.21.15.156:6789/0] conn(0x7f441406fbe0 0x7f441410cb00 secure :-1 s=READY pgs=69 cs=0 l=1 rev1=1 rx=0x7f4408012fd0 tx=0x7f44080090f0).stop
2024-02-18T02:29:43.589 INFO:teuthology.orchestra.run.smithi156.stderr:/usr/bin/ceph:
2024-02-18T02:29:43.595+0000 7f441aab3700 1 -- 172.21.15.156:0/177545807 shutdown_connections
2024-02-18T02:29:43.589 INFO:teuthology.orchestra.run.smithi156.stderr:/usr/bin/ceph:
2024-02-18T02:29:43.595+0000 7f441aab3700 1 --2- 172.21.15.156:0/177545807 >> v2:172.21.15.156:6800/3974766391 conn(0x7f44040325c0 0x7f4404034a80 unknown :-1 s=CLOSED pgs=9 cs=0 l=1 rev1=1 rx=0 tx=0).stop
2024-02-18T02:29:43.589 INFO:teuthology.orchestra.run.smithi156.stderr:/usr/bin/ceph:
2024-02-18T02:29:43.595+0000 7f441aab3700 1 --2- 172.21.15.156:0/177545807 >> [v2:172.21.15.156:3300/0,v1:172.21.15.156:6789/0] conn(0x7f441406fbe0 0x7f441410cb00 unknown :-1 s=CLOSED pgs=69 cs=0 l=1 rev1=1 rx=0 tx=0).stop
2024-02-18T02:29:43.589 INFO:teuthology.orchestra.run.smithi156.stderr:/usr/bin/ceph:
2024-02-18T02:29:43.595+0000 7f441aab3700 1 -- 172.21.15.156:0/177545807 >> 172.21.15.156:0/177545807 conn(0x7f44140f5f90 msgr2=0x7f44140f7860 unknown :-1 s=STATE_NONE l=0).mark_down
2024-02-18T02:29:43.590 INFO:teuthology.orchestra.run.smithi156.stderr:/usr/bin/ceph:
2024-02-18T02:29:43.595+0000 7f441aab3700 1 -- 172.21.15.156:0/177545807 shutdown_connections
2024-02-18T02:29:43.590 INFO:teuthology.orchestra.run.smithi156.stderr:/usr/bin/ceph:
2024-02-18T02:29:43.595+0000 7f441aab3700 1 -- 172.21.15.156:0/177545807 wait complete.
2024-02-18T02:29:44.331 INFO:teuthology.orchestra.run.smithi156.stderr:/usr/bin/ceph:
2024-02-18T02:29:44.336+0000 7f3af2004700 1 Processor -- start
2024-02-18T02:29:44.332 INFO:teuthology.orchestra.run.smithi156.stderr:/usr/bin/ceph:
2024-02-18T02:29:44.336+0000 7f3af2004700 1 -- start start
2024-02-18T02:29:44.332 INFO:teuthology.orchestra.run.smithi156.stderr:/usr/bin/ceph:
2024-02-18T02:29:44.336+0000 7f3af2004700 1 --2- >> [v2:172.21.15.156:3300/0,v1:172.21.15.156:6789/0] conn(0x7f3aec0fa7d0 0x7f3aec0fabf0 unknown :-1 s=NONE pgs=0 cs=0 l=0 rev1=0 rx=0 tx=0).connect
2024-02-18T02:29:44.332 INFO:teuthology.orchestra.run.smithi156.stderr:/usr/bin/ceph:
2024-02-18T02:29:44.336+0000 7f3af2004700 1 -- --> [v2:172.21.15.156:3300/0,v1:172.21.15.156:6789/0] -- mon_getmap magic: 0 v1 -- 0x7f3aec0fb0e0 con 0x7f3aec0fa7d0
2024-02-18T02:29:44.332 INFO:teuthology.orchestra.run.smithi156.stderr:/usr/bin/ceph:
2024-02-18T02:29:44.336+0000 7f3aeb7fe700 1 --2- >> [v2:172.21.15.156:3300/0,v1:172.21.15.156:6789/0] conn(0x7f3aec0fa7d0 0x7f3aec0fabf0 unknown :-1 s=BANNER_CONNECTING pgs=0 cs=0 l=0 rev1=0 rx=0 tx=0)._handle_peer_banner_payload supported=1 required=0
2024-02-18T02:29:44.332 INFO:teuthology.orchestra.run.smithi156.stderr:/usr/bin/ceph:
2024-02-18T02:29:44.336+0000 7f3aeb7fe700 1 --2- >> [v2:172.21.15.156:3300/0,v1:172.21.15.156:6789/0] conn(0x7f3aec0fa7d0 0x7f3aec0fabf0 unknown :-1 s=HELLO_CONNECTING pgs=0 cs=0 l=0 rev1=1 rx=0 tx=0).handle_hello peer v2:172.21.15.156:3300/0 says I am v2:172.21.15.156:45488/0 (socket says 172.21.15.156:45488)
2024-02-18T02:29:44.332 INFO:teuthology.orchestra.run.smithi156.stderr:/usr/bin/ceph:
2024-02-18T02:29:44.336+0000 7f3aeb7fe700 1 -- 172.21.15.156:0/2806022285 learned_addr learned my addr 172.21.15.156:0/2806022285 (peer_addr_for_me v2:172.21.15.156:0/0)
2024-02-18T02:29:44.332 INFO:teuthology.orchestra.run.smithi156.stderr:/usr/bin/ceph:
2024-02-18T02:29:44.337+0000 7f3aeb7fe700 1 -- 172.21.15.156:0/2806022285 --> [v2:172.21.15.156:3300/0,v1:172.21.15.156:6789/0] -- mon_subscribe({config=0+,monmap=0+}) v3 -- 0x7f3aec0fb220 con 0x7f3aec0fa7d0
2024-02-18T02:29:44.332 INFO:teuthology.orchestra.run.smithi156.stderr:/usr/bin/ceph:
2024-02-18T02:29:44.337+0000 7f3aeb7fe700 1 --2- 172.21.15.156:0/2806022285 >> [v2:172.21.15.156:3300/0,v1:172.21.15.156:6789/0] conn(0x7f3aec0fa7d0 0x7f3aec0fabf0 secure :-1 s=READY pgs=70 cs=0 l=1 rev1=1 rx=0x7f3adc009730 tx=0x7f3adc0090f0).ready entity=mon.0 client_cookie=b24c0e217539fe43 server_cookie=0 in_seq=0 out_seq=0
2024-02-18T02:29:44.332 INFO:teuthology.orchestra.run.smithi156.stderr:/usr/bin/ceph:
2024-02-18T02:29:44.337+0000 7f3aea7fc700 1 -- 172.21.15.156:0/2806022285 <== mon.0 v2:172.21.15.156:3300/0 1 ==== mon_map magic: 0 v1 ==== 205+0+0 (secure 0 0 0) 0x7f3adc00b580 con 0x7f3aec0fa7d0
2024-02-18T02:29:44.332 INFO:teuthology.orchestra.run.smithi156.stderr:/usr/bin/ceph:
2024-02-18T02:29:44.337+0000 7f3aea7fc700 1 -- 172.21.15.156:0/2806022285 <== mon.0 v2:172.21.15.156:3300/0 2 ==== config(25 keys) v1 ==== 1092+0+0 (secure 0 0 0) 0x7f3adc00bba0 con 0x7f3aec0fa7d0
2024-02-18T02:29:44.332 INFO:teuthology.orchestra.run.smithi156.stderr:/usr/bin/ceph:
2024-02-18T02:29:44.337+0000 7f3aea7fc700 1 -- 172.21.15.156:0/2806022285 <== mon.0 v2:172.21.15.156:3300/0 3 ==== mon_map magic: 0 v1 ==== 205+0+0 (secure 0 0 0) 0x7f3adc011b50 con 0x7f3aec0fa7d0
2024-02-18T02:29:44.332 INFO:teuthology.orchestra.run.smithi156.stderr:/usr/bin/ceph:
2024-02-18T02:29:44.337+0000 7f3af2004700 1 -- 172.21.15.156:0/2806022285 >> [v2:172.21.15.156:3300/0,v1:172.21.15.156:6789/0] conn(0x7f3aec0fa7d0 msgr2=0x7f3aec0fabf0 secure :-1 s=STATE_CONNECTION_ESTABLISHED l=1).mark_down
2024-02-18T02:29:44.332 INFO:teuthology.orchestra.run.smithi156.stderr:/usr/bin/ceph:
2024-02-18T02:29:44.337+0000 7f3af2004700 1 --2- 172.21.15.156:0/2806022285 >> [v2:172.21.15.156:3300/0,v1:172.21.15.156:6789/0] conn(0x7f3aec0fa7d0 0x7f3aec0fabf0 secure :-1 s=READY pgs=70 cs=0 l=1 rev1=1 rx=0x7f3adc009730 tx=0x7f3adc0090f0).stop
2024-02-18T02:29:44.333 INFO:teuthology.orchestra.run.smithi156.stderr:/usr/bin/ceph:
2024-02-18T02:29:44.337+0000 7f3af2004700 1 -- 172.21.15.156:0/2806022285 shutdown_connections
2024-02-18T02:29:44.333 INFO:teuthology.orchestra.run.smithi156.stderr:/usr/bin/ceph:
2024-02-18T02:29:44.337+0000 7f3af2004700 1 --2- 172.21.15.156:0/2806022285 >> [v2:172.21.15.156:3300/0,v1:172.21.15.156:6789/0] conn(0x7f3aec0fa7d0 0x7f3aec0fabf0 unknown :-1 s=CLOSED pgs=70 cs=0 l=1 rev1=1 rx=0 tx=0).stop
2024-02-18T02:29:44.333 INFO:teuthology.orchestra.run.smithi156.stderr:/usr/bin/ceph:
2024-02-18T02:29:44.337+0000 7f3af2004700 1 -- 172.21.15.156:0/2806022285 >> 172.21.15.156:0/2806022285 conn(0x7f3aec0f5f90 msgr2=0x7f3aec0f83f0 unknown :-1 s=STATE_NONE l=0).mark_down
2024-02-18T02:29:44.333 INFO:teuthology.orchestra.run.smithi156.stderr:/usr/bin/ceph:
2024-02-18T02:29:44.337+0000 7f3af2004700 1 -- 172.21.15.156:0/2806022285 shutdown_connections
2024-02-18T02:29:44.333 INFO:teuthology.orchestra.run.smithi156.stderr:/usr/bin/ceph:
2024-02-18T02:29:44.338+0000 7f3af2004700 1 -- 172.21.15.156:0/2806022285 wait complete.
2024-02-18T02:29:44.333 INFO:teuthology.orchestra.run.smithi156.stderr:/usr/bin/ceph:
2024-02-18T02:29:44.338+0000 7f3af2004700 1 Processor -- start
2024-02-18T02:29:44.333 INFO:teuthology.orchestra.run.smithi156.stderr:/usr/bin/ceph:
2024-02-18T02:29:44.338+0000 7f3af2004700 1 -- start start
2024-02-18T02:29:44.335 INFO:teuthology.orchestra.run.smithi156.stderr:/usr/bin/ceph:
2024-02-18T02:29:44.338+0000 7f3af2004700 1 --2- >> [v2:172.21.15.156:3300/0,v1:172.21.15.156:6789/0] conn(0x7f3aec0fa7d0 0x7f3aec10d610 unknown :-1 s=NONE pgs=0 cs=0 l=1 rev1=0 rx=0 tx=0).connect
2024-02-18T02:29:44.335 INFO:teuthology.orchestra.run.smithi156.stderr:/usr/bin/ceph:
2024-02-18T02:29:44.338+0000 7f3af2004700 1 -- --> [v2:172.21.15.156:3300/0,v1:172.21.15.156:6789/0] -- mon_getmap magic: 0 v1 -- 0x7f3aec06fc80 con 0x7f3aec0fa7d0
2024-02-18T02:29:44.335 INFO:teuthology.orchestra.run.smithi156.stderr:/usr/bin/ceph:
2024-02-18T02:29:44.339+0000 7f3aeb7fe700 1 --2- >> [v2:172.21.15.156:3300/0,v1:172.21.15.156:6789/0] conn(0x7f3aec0fa7d0 0x7f3aec10d610 unknown :-1 s=BANNER_CONNECTING pgs=0 cs=0 l=1 rev1=0 rx=0 tx=0)._handle_peer_banner_payload supported=1 required=0
2024-02-18T02:29:44.335 INFO:teuthology.orchestra.run.smithi156.stderr:/usr/bin/ceph:
2024-02-18T02:29:44.339+0000 7f3aeb7fe700 1 --2- >> [v2:172.21.15.156:3300/0,v1:172.21.15.156:6789/0] conn(0x7f3aec0fa7d0 0x7f3aec10d610 unknown :-1 s=HELLO_CONNECTING pgs=0 cs=0 l=1 rev1=1 rx=0 tx=0).handle_hello peer v2:172.21.15.156:3300/0 says I am v2:172.21.15.156:45500/0 (socket says 172.21.15.156:45500)
2024-02-18T02:29:44.335 INFO:teuthology.orchestra.run.smithi156.stderr:/usr/bin/ceph:
2024-02-18T02:29:44.339+0000 7f3aeb7fe700 1 -- 172.21.15.156:0/358762714 learned_addr learned my addr 172.21.15.156:0/358762714 (peer_addr_for_me v2:172.21.15.156:0/0)
2024-02-18T02:29:44.335 INFO:teuthology.orchestra.run.smithi156.stderr:/usr/bin/ceph:
2024-02-18T02:29:44.339+0000 7f3aeb7fe700 1 -- 172.21.15.156:0/358762714 --> [v2:172.21.15.156:3300/0,v1:172.21.15.156:6789/0] -- mon_subscribe({config=0+,monmap=0+}) v3 -- 0x7f3adc009370 con 0x7f3aec0fa7d0
2024-02-18T02:29:44.335 INFO:teuthology.orchestra.run.smithi156.stderr:/usr/bin/ceph:
2024-02-18T02:29:44.339+0000 7f3aeb7fe700 1 --2- 172.21.15.156:0/358762714 >> [v2:172.21.15.156:3300/0,v1:172.21.15.156:6789/0] conn(0x7f3aec0fa7d0 0x7f3aec10d610 secure :-1 s=READY pgs=71 cs=0 l=1 rev1=1 rx=0x7f3adc011440 tx=0x7f3adc0090f0).ready entity=mon.0 client_cookie=0 server_cookie=0 in_seq=0 out_seq=0
2024-02-18T02:29:44.336 INFO:teuthology.orchestra.run.smithi156.stderr:/usr/bin/ceph:
2024-02-18T02:29:44.339+0000 7f3ae8ff9700 1 -- 172.21.15.156:0/358762714 <== mon.0 v2:172.21.15.156:3300/0 1 ==== mon_map magic: 0 v1 ==== 205+0+0 (secure 0 0 0) 0x7f3adc011af0 con 0x7f3aec0fa7d0
2024-02-18T02:29:44.336 INFO:teuthology.orchestra.run.smithi156.stderr:/usr/bin/ceph:
2024-02-18T02:29:44.339+0000 7f3af2004700 1 -- 172.21.15.156:0/358762714 --> [v2:172.21.15.156:3300/0,v1:172.21.15.156:6789/0] -- mon_subscribe({mgrmap=0+}) v3 -- 0x7f3aec06fe80 con 0x7f3aec0fa7d0
2024-02-18T02:29:44.336 INFO:teuthology.orchestra.run.smithi156.stderr:/usr/bin/ceph:
2024-02-18T02:29:44.339+0000 7f3ae8ff9700 1 -- 172.21.15.156:0/358762714 <== mon.0 v2:172.21.15.156:3300/0 2 ==== config(25 keys) v1 ==== 1092+0+0 (secure 0 0 0) 0x7f3adc011c50 con 0x7f3aec0fa7d0
2024-02-18T02:29:44.336 INFO:teuthology.orchestra.run.smithi156.stderr:/usr/bin/ceph:
2024-02-18T02:29:44.339+0000 7f3ae8ff9700 1 -- 172.21.15.156:0/358762714 <== mon.0 v2:172.21.15.156:3300/0 3 ==== mon_map magic: 0 v1 ==== 205+0+0 (secure 0 0 0) 0x7f3adc0122a0 con 0x7f3aec0fa7d0
2024-02-18T02:29:44.336 INFO:teuthology.orchestra.run.smithi156.stderr:/usr/bin/ceph:
2024-02-18T02:29:44.339+0000 7f3af2004700 1 -- 172.21.15.156:0/358762714 --> [v2:172.21.15.156:3300/0,v1:172.21.15.156:6789/0] -- mon_subscribe({osdmap=0}) v3 -- 0x7f3aec10dcc0 con 0x7f3aec0fa7d0
2024-02-18T02:29:44.336 INFO:teuthology.orchestra.run.smithi156.stderr:/usr/bin/ceph:
2024-02-18T02:29:44.340+0000 7f3ae8ff9700 1 -- 172.21.15.156:0/358762714 <== mon.0 v2:172.21.15.156:3300/0 4 ==== mgrmap(e 13) v1 ==== 38639+0+0 (secure 0 0 0) 0x7f3adc012510 con 0x7f3aec0fa7d0
2024-02-18T02:29:44.336 INFO:teuthology.orchestra.run.smithi156.stderr:/usr/bin/ceph:
2024-02-18T02:29:44.340+0000 7f3ae8ff9700 1 --2- 172.21.15.156:0/358762714 >> v2:172.21.15.156:6800/3974766391 conn(0x7f3ad4032690 0x7f3ad4034b50 unknown :-1 s=NONE pgs=0 cs=0 l=1 rev1=0 rx=0 tx=0).connect
2024-02-18T02:29:44.336 INFO:teuthology.orchestra.run.smithi156.stderr:/usr/bin/ceph:
2024-02-18T02:29:44.340+0000 7f3ae8ff9700 1 -- 172.21.15.156:0/358762714 <== mon.0 v2:172.21.15.156:3300/0 5 ==== osd_map(3..3 src has 1..3) v4 ==== 1012+0+0 (secure 0 0 0) 0x7f3adc044b20 con 0x7f3aec0fa7d0
2024-02-18T02:29:44.336 INFO:teuthology.orchestra.run.smithi156.stderr:/usr/bin/ceph:
2024-02-18T02:29:44.340+0000 7f3aeaffd700 1 --2- 172.21.15.156:0/358762714 >> v2:172.21.15.156:6800/3974766391 conn(0x7f3ad4032690 0x7f3ad4034b50 unknown :-1 s=BANNER_CONNECTING pgs=0 cs=0 l=1 rev1=0 rx=0 tx=0)._handle_peer_banner_payload supported=1 required=0
2024-02-18T02:29:44.336 INFO:teuthology.orchestra.run.smithi156.stderr:/usr/bin/ceph:
2024-02-18T02:29:44.340+0000 7f3af2004700 1 -- 172.21.15.156:0/358762714 --> [v2:172.21.15.156:3300/0,v1:172.21.15.156:6789/0] -- mon_command({"prefix": "get_command_descriptions"} v 0) v1 -- 0x7f3aec05a310 con 0x7f3aec0fa7d0
2024-02-18T02:29:44.336 INFO:teuthology.orchestra.run.smithi156.stderr:/usr/bin/ceph:
2024-02-18T02:29:44.340+0000 7f3aeaffd700 1 --2- 172.21.15.156:0/358762714 >> v2:172.21.15.156:6800/3974766391 conn(0x7f3ad4032690 0x7f3ad4034b50 secure :-1 s=READY pgs=10 cs=0 l=1 rev1=1 rx=0x7f3ae0009780 tx=0x7f3ae0006cc0).ready entity=mgr.14146 client_cookie=0 server_cookie=0 in_seq=0 out_seq=0
2024-02-18T02:29:44.339 INFO:teuthology.orchestra.run.smithi156.stderr:/usr/bin/ceph:
2024-02-18T02:29:44.345+0000 7f3ae8ff9700 1 -- 172.21.15.156:0/358762714 <== mon.0 v2:172.21.15.156:3300/0 6 ==== mon_command_ack([{"prefix": "get_command_descriptions"}]=0 v0) v1 ==== 72+0+163658 (secure 0 0 0) 0x7f3adc01e020 con 0x7f3aec0fa7d0
2024-02-18T02:29:44.589 INFO:teuthology.orchestra.run.smithi156.stderr:/usr/bin/ceph:
2024-02-18T02:29:44.596+0000 7f3af2004700 1 -- 172.21.15.156:0/358762714 --> [v2:172.21.15.156:3300/0,v1:172.21.15.156:6789/0] -- mon_command([{prefix=config-key set, key=mgr/dashboard/cluster/status}] v 0) v1 -- 0x7f3aec046ce0 con 0x7f3aec0fa7d0
2024-02-18T02:29:44.591 INFO:teuthology.orchestra.run.smithi156.stderr:/usr/bin/ceph:
2024-02-18T02:29:44.598+0000 7f3ae8ff9700 1 -- 172.21.15.156:0/358762714 <== mon.0 v2:172.21.15.156:3300/0 7 ==== mon_command_ack([{prefix=config-key set, key=mgr/dashboard/cluster/status}]=0 set mgr/dashboard/cluster/status v24)=0 set mgr/dashboard/cluster/status v24) v1 ==== 153+0+0 (secure 0 0 0) 0x7f3adc0223c0 con 0x7f3aec0fa7d0
2024-02-18T02:29:44.594 INFO:teuthology.orchestra.run.smithi156.stderr:/usr/bin/ceph:
2024-02-18T02:29:44.600+0000 7f3af2004700 1 -- 172.21.15.156:0/358762714 >> v2:172.21.15.156:6800/3974766391 conn(0x7f3ad4032690 msgr2=0x7f3ad4034b50 secure :-1 s=STATE_CONNECTION_ESTABLISHED l=1).mark_down
2024-02-18T02:29:44.594 INFO:teuthology.orchestra.run.smithi156.stderr:/usr/bin/ceph:
2024-02-18T02:29:44.600+0000 7f3af2004700 1 --2- 172.21.15.156:0/358762714 >> v2:172.21.15.156:6800/3974766391 conn(0x7f3ad4032690 0x7f3ad4034b50 secure :-1 s=READY pgs=10 cs=0 l=1 rev1=1 rx=0x7f3ae0009780 tx=0x7f3ae0006cc0).stop
2024-02-18T02:29:44.594 INFO:teuthology.orchestra.run.smithi156.stderr:/usr/bin/ceph:
2024-02-18T02:29:44.600+0000 7f3af2004700 1 -- 172.21.15.156:0/358762714 >> [v2:172.21.15.156:3300/0,v1:172.21.15.156:6789/0] conn(0x7f3aec0fa7d0 msgr2=0x7f3aec10d610 secure :-1 s=STATE_CONNECTION_ESTABLISHED l=1).mark_down
2024-02-18T02:29:44.594 INFO:teuthology.orchestra.run.smithi156.stderr:/usr/bin/ceph:
2024-02-18T02:29:44.600+0000 7f3af2004700 1 --2- 172.21.15.156:0/358762714 >> [v2:172.21.15.156:3300/0,v1:172.21.15.156:6789/0] conn(0x7f3aec0fa7d0 0x7f3aec10d610 secure :-1 s=READY pgs=71 cs=0 l=1 rev1=1 rx=0x7f3adc011440 tx=0x7f3adc0090f0).stop
2024-02-18T02:29:44.595 INFO:teuthology.orchestra.run.smithi156.stderr:/usr/bin/ceph:
2024-02-18T02:29:44.600+0000 7f3af2004700 1 -- 172.21.15.156:0/358762714 shutdown_connections
2024-02-18T02:29:44.595 INFO:teuthology.orchestra.run.smithi156.stderr:/usr/bin/ceph:
2024-02-18T02:29:44.600+0000 7f3af2004700 1 --2- 172.21.15.156:0/358762714 >> v2:172.21.15.156:6800/3974766391 conn(0x7f3ad4032690 0x7f3ad4034b50 unknown :-1 s=CLOSED pgs=10 cs=0 l=1 rev1=1 rx=0 tx=0).stop
2024-02-18T02:29:44.595 INFO:teuthology.orchestra.run.smithi156.stderr:/usr/bin/ceph:
2024-02-18T02:29:44.600+0000 7f3af2004700 1 --2- 172.21.15.156:0/358762714 >> [v2:172.21.15.156:3300/0,v1:172.21.15.156:6789/0] conn(0x7f3aec0fa7d0 0x7f3aec10d610 unknown :-1 s=CLOSED pgs=71 cs=0 l=1 rev1=1 rx=0 tx=0).stop
2024-02-18T02:29:44.595 INFO:teuthology.orchestra.run.smithi156.stderr:/usr/bin/ceph:
2024-02-18T02:29:44.600+0000 7f3af2004700 1 -- 172.21.15.156:0/358762714 >> 172.21.15.156:0/358762714 conn(0x7f3aec0f5f90 msgr2=0x7f3aec0f78c0 unknown :-1 s=STATE_NONE l=0).mark_down
2024-02-18T02:29:44.595 INFO:teuthology.orchestra.run.smithi156.stderr:/usr/bin/ceph:
2024-02-18T02:29:44.600+0000 7f3af2004700 1 -- 172.21.15.156:0/358762714 shutdown_connections
2024-02-18T02:29:44.595 INFO:teuthology.orchestra.run.smithi156.stderr:/usr/bin/ceph:
2024-02-18T02:29:44.600+0000 7f3af2004700 1 -- 172.21.15.156:0/358762714 wait complete.
2024-02-18T02:29:44.595 INFO:teuthology.orchestra.run.smithi156.stderr:/usr/bin/ceph: set mgr/dashboard/cluster/status
2024-02-18T02:29:44.959 INFO:teuthology.orchestra.run.smithi156.stderr:You can access the Ceph CLI as following in case of multi-cluster or non-default config:
2024-02-18T02:29:44.959 INFO:teuthology.orchestra.run.smithi156.stderr:
2024-02-18T02:29:44.959 INFO:teuthology.orchestra.run.smithi156.stderr: sudo /sbin/cephadm shell --fsid 6221606c-ce05-11ee-95ba-87774f69a715 -c /etc/ceph/ceph.conf -k /etc/ceph/ceph.client.admin.keyring
2024-02-18T02:29:44.959 INFO:teuthology.orchestra.run.smithi156.stderr:
2024-02-18T02:29:44.959 INFO:teuthology.orchestra.run.smithi156.stderr:Or, if you are only running a single cluster on this host:
2024-02-18T02:29:44.959 INFO:teuthology.orchestra.run.smithi156.stderr:
2024-02-18T02:29:44.959 INFO:teuthology.orchestra.run.smithi156.stderr: sudo /sbin/cephadm shell
2024-02-18T02:29:44.959 INFO:teuthology.orchestra.run.smithi156.stderr:
2024-02-18T02:29:44.959 INFO:teuthology.orchestra.run.smithi156.stderr:Please consider enabling telemetry to help improve Ceph:
2024-02-18T02:29:44.959 INFO:teuthology.orchestra.run.smithi156.stderr:
2024-02-18T02:29:44.960 INFO:teuthology.orchestra.run.smithi156.stderr: ceph telemetry on
2024-02-18T02:29:44.960 INFO:teuthology.orchestra.run.smithi156.stderr:
2024-02-18T02:29:44.960 INFO:teuthology.orchestra.run.smithi156.stderr:For more information see:
2024-02-18T02:29:44.960 INFO:teuthology.orchestra.run.smithi156.stderr:
2024-02-18T02:29:44.960 INFO:teuthology.orchestra.run.smithi156.stderr: https://docs.ceph.com/en/pacific/mgr/telemetry/
2024-02-18T02:29:44.960 INFO:teuthology.orchestra.run.smithi156.stderr:
2024-02-18T02:29:44.960 INFO:teuthology.orchestra.run.smithi156.stderr:Bootstrap complete.
2024-02-18T02:29:45.004 INFO:tasks.cephadm:Fetching config...
2024-02-18T02:29:45.005 DEBUG:teuthology.orchestra.run.smithi156:> set -ex
2024-02-18T02:29:45.005 DEBUG:teuthology.orchestra.run.smithi156:> dd if=/etc/ceph/ceph.conf of=/dev/stdout
2024-02-18T02:29:45.063 INFO:tasks.cephadm:Fetching client.admin keyring...
2024-02-18T02:29:45.063 DEBUG:teuthology.orchestra.run.smithi156:> set -ex
2024-02-18T02:29:45.064 DEBUG:teuthology.orchestra.run.smithi156:> dd if=/etc/ceph/ceph.client.admin.keyring of=/dev/stdout
2024-02-18T02:29:45.120 INFO:tasks.cephadm:Fetching mon keyring...
2024-02-18T02:29:45.120 DEBUG:teuthology.orchestra.run.smithi156:> set -ex
2024-02-18T02:29:45.120 DEBUG:teuthology.orchestra.run.smithi156:> sudo dd if=/var/lib/ceph/6221606c-ce05-11ee-95ba-87774f69a715/mon.a/keyring of=/dev/stdout
2024-02-18T02:29:45.191 INFO:tasks.cephadm:Fetching pub ssh key...
2024-02-18T02:29:45.191 DEBUG:teuthology.orchestra.run.smithi156:> set -ex
2024-02-18T02:29:45.191 DEBUG:teuthology.orchestra.run.smithi156:> dd if=/home/ubuntu/cephtest/ceph.pub of=/dev/stdout
2024-02-18T02:29:45.248 INFO:tasks.cephadm:Installing pub ssh key for root users...
2024-02-18T02:29:45.249 DEBUG:teuthology.orchestra.run.smithi156:> sudo install -d -m 0700 /root/.ssh && echo 'ssh-rsa AAAAB3NzaC1yc2EAAAADAQABAAABgQCwAz6AcKgMY8IzWA/CF5o9S+uicmwv8EA4zoSeZt1W5QtLdG/d3qDVqTtsmBpoNZH0Bj1CLdb7J6eFIAj68bKFxjzebl1+fLFt5acFEnXn2z3LkGmAdGZ9V6MJ6Sl1CF1AZuZBx+HHfiZc6xday1q3RWSMy1FbpD+hQ0SheJGeJ4E728i7u5KGA7vZJ3h61mXEHuJgwlp/sdZ++jcNSftp3hanO0G/rVjZCDN1Wz83ReVfE/Ic2bAC8hTaes3JitVTwkkgmdmJc8rJ4Te31+kuGUJ+rqzAzh6R5M/xOpgQYmhxDAZwdN8OB+05xQl4azmw7DU+KBU9xsbilkrRIx6rx8YZW5gxbHsZnzurGSiwnetBBqEx5I3UGZtv6iVDNG+uyNMJKQhn7gmETndHgVVs3paMxD0AW6NGYRB5i3W/sYEZEjGcCC2eu4VWteJ5VgbaLTda3x6X/Dg5yFp7Wa2dxKdDz/qm9acp4wa7qIyRldnxZ94nkYky0kIgyxTHXlE= ceph-6221606c-ce05-11ee-95ba-87774f69a715' | sudo tee -a /root/.ssh/authorized_keys && sudo chmod 0600 /root/.ssh/authorized_keys
2024-02-18T02:29:45.326 INFO:teuthology.orchestra.run.smithi156.stdout:ssh-rsa AAAAB3NzaC1yc2EAAAADAQABAAABgQCwAz6AcKgMY8IzWA/CF5o9S+uicmwv8EA4zoSeZt1W5QtLdG/d3qDVqTtsmBpoNZH0Bj1CLdb7J6eFIAj68bKFxjzebl1+fLFt5acFEnXn2z3LkGmAdGZ9V6MJ6Sl1CF1AZuZBx+HHfiZc6xday1q3RWSMy1FbpD+hQ0SheJGeJ4E728i7u5KGA7vZJ3h61mXEHuJgwlp/sdZ++jcNSftp3hanO0G/rVjZCDN1Wz83ReVfE/Ic2bAC8hTaes3JitVTwkkgmdmJc8rJ4Te31+kuGUJ+rqzAzh6R5M/xOpgQYmhxDAZwdN8OB+05xQl4azmw7DU+KBU9xsbilkrRIx6rx8YZW5gxbHsZnzurGSiwnetBBqEx5I3UGZtv6iVDNG+uyNMJKQhn7gmETndHgVVs3paMxD0AW6NGYRB5i3W/sYEZEjGcCC2eu4VWteJ5VgbaLTda3x6X/Dg5yFp7Wa2dxKdDz/qm9acp4wa7qIyRldnxZ94nkYky0kIgyxTHXlE= ceph-6221606c-ce05-11ee-95ba-87774f69a715
2024-02-18T02:29:45.339 DEBUG:teuthology.orchestra.run.smithi174:> sudo install -d -m 0700 /root/.ssh && echo 'ssh-rsa AAAAB3NzaC1yc2EAAAADAQABAAABgQCwAz6AcKgMY8IzWA/CF5o9S+uicmwv8EA4zoSeZt1W5QtLdG/d3qDVqTtsmBpoNZH0Bj1CLdb7J6eFIAj68bKFxjzebl1+fLFt5acFEnXn2z3LkGmAdGZ9V6MJ6Sl1CF1AZuZBx+HHfiZc6xday1q3RWSMy1FbpD+hQ0SheJGeJ4E728i7u5KGA7vZJ3h61mXEHuJgwlp/sdZ++jcNSftp3hanO0G/rVjZCDN1Wz83ReVfE/Ic2bAC8hTaes3JitVTwkkgmdmJc8rJ4Te31+kuGUJ+rqzAzh6R5M/xOpgQYmhxDAZwdN8OB+05xQl4azmw7DU+KBU9xsbilkrRIx6rx8YZW5gxbHsZnzurGSiwnetBBqEx5I3UGZtv6iVDNG+uyNMJKQhn7gmETndHgVVs3paMxD0AW6NGYRB5i3W/sYEZEjGcCC2eu4VWteJ5VgbaLTda3x6X/Dg5yFp7Wa2dxKdDz/qm9acp4wa7qIyRldnxZ94nkYky0kIgyxTHXlE= ceph-6221606c-ce05-11ee-95ba-87774f69a715' | sudo tee -a /root/.ssh/authorized_keys && sudo chmod 0600 /root/.ssh/authorized_keys
2024-02-18T02:29:45.397 INFO:teuthology.orchestra.run.smithi174.stdout:ssh-rsa AAAAB3NzaC1yc2EAAAADAQABAAABgQCwAz6AcKgMY8IzWA/CF5o9S+uicmwv8EA4zoSeZt1W5QtLdG/d3qDVqTtsmBpoNZH0Bj1CLdb7J6eFIAj68bKFxjzebl1+fLFt5acFEnXn2z3LkGmAdGZ9V6MJ6Sl1CF1AZuZBx+HHfiZc6xday1q3RWSMy1FbpD+hQ0SheJGeJ4E728i7u5KGA7vZJ3h61mXEHuJgwlp/sdZ++jcNSftp3hanO0G/rVjZCDN1Wz83ReVfE/Ic2bAC8hTaes3JitVTwkkgmdmJc8rJ4Te31+kuGUJ+rqzAzh6R5M/xOpgQYmhxDAZwdN8OB+05xQl4azmw7DU+KBU9xsbilkrRIx6rx8YZW5gxbHsZnzurGSiwnetBBqEx5I3UGZtv6iVDNG+uyNMJKQhn7gmETndHgVVs3paMxD0AW6NGYRB5i3W/sYEZEjGcCC2eu4VWteJ5VgbaLTda3x6X/Dg5yFp7Wa2dxKdDz/qm9acp4wa7qIyRldnxZ94nkYky0kIgyxTHXlE= ceph-6221606c-ce05-11ee-95ba-87774f69a715
2024-02-18T02:29:45.409 DEBUG:teuthology.orchestra.run.smithi156:> sudo cephadm --image quay-quay-quay.apps.os.sepia.ceph.com/ceph-ci/ceph:81bd20d634209c7cb82c18be12b4b5a05643ebf1 shell -c /etc/ceph/ceph.conf -k /etc/ceph/ceph.client.admin.keyring --fsid 6221606c-ce05-11ee-95ba-87774f69a715 -- ceph config set mgr mgr/cephadm/allow_ptrace true
2024-02-18T02:29:45.433 INFO:journalctl@ceph.mon.a.smithi156.stdout:Feb 18 02:29:45 smithi156 ceph-6221606c-ce05-11ee-95ba-87774f69a715-mon-a[37490]: cluster
2024-02-18T02:29:44.271994+0000 mon.a (mon.0) 87 : cluster [DBG] mgrmap e13: y(active, since 6s)
2024-02-18T02:29:45.433 INFO:journalctl@ceph.mon.a.smithi156.stdout:Feb 18 02:29:45 smithi156 ceph-6221606c-ce05-11ee-95ba-87774f69a715-mon-a[37490]: audit
2024-02-18T02:29:44.598822+0000 mon.a (mon.0) 88 : audit [INF] from='client.? 172.21.15.156:0/358762714' entity='client.admin'
2024-02-18T02:29:47.108 INFO:teuthology.orchestra.run.smithi156.stderr:2024-02-18T02:29:47.113+0000 7fc4c5ae8700 1 -- 172.21.15.156:0/3564821090 >> [v2:172.21.15.156:3300/0,v1:172.21.15.156:6789/0] conn(0x7fc4c00f75c0 msgr2=0x7fc4c00f79e0 secure :-1 s=STATE_CONNECTION_ESTABLISHED l=1).mark_down
2024-02-18T02:29:47.108 INFO:teuthology.orchestra.run.smithi156.stderr:2024-02-18T02:29:47.113+0000 7fc4c5ae8700 1 --2- 172.21.15.156:0/3564821090 >> [v2:172.21.15.156:3300/0,v1:172.21.15.156:6789/0] conn(0x7fc4c00f75c0 0x7fc4c00f79e0 secure :-1 s=READY pgs=72 cs=0 l=1 rev1=1 rx=0x7fc4b0004770 tx=0x7fc4b0009cb0).stop
2024-02-18T02:29:47.108 INFO:teuthology.orchestra.run.smithi156.stderr:2024-02-18T02:29:47.113+0000 7fc4c5ae8700 1 -- 172.21.15.156:0/3564821090 shutdown_connections
2024-02-18T02:29:47.109 INFO:teuthology.orchestra.run.smithi156.stderr:2024-02-18T02:29:47.113+0000 7fc4c5ae8700 1 --2- 172.21.15.156:0/3564821090 >> [v2:172.21.15.156:3300/0,v1:172.21.15.156:6789/0] conn(0x7fc4c00f75c0 0x7fc4c00f79e0 unknown :-1 s=CLOSED pgs=72 cs=0 l=1 rev1=1 rx=0 tx=0).stop
2024-02-18T02:29:47.109 INFO:teuthology.orchestra.run.smithi156.stderr:2024-02-18T02:29:47.113+0000 7fc4c5ae8700 1 -- 172.21.15.156:0/3564821090 >> 172.21.15.156:0/3564821090 conn(0x7fc4c00f2d40 msgr2=0x7fc4c00f5160 unknown :-1 s=STATE_NONE l=0).mark_down
2024-02-18T02:29:47.109 INFO:teuthology.orchestra.run.smithi156.stderr:2024-02-18T02:29:47.113+0000 7fc4c5ae8700 1 -- 172.21.15.156:0/3564821090 shutdown_connections
2024-02-18T02:29:47.109 INFO:teuthology.orchestra.run.smithi156.stderr:2024-02-18T02:29:47.113+0000 7fc4c5ae8700 1 -- 172.21.15.156:0/3564821090 wait complete.
2024-02-18T02:29:47.109 INFO:teuthology.orchestra.run.smithi156.stderr:2024-02-18T02:29:47.114+0000 7fc4c5ae8700 1 Processor -- start
2024-02-18T02:29:47.110 INFO:teuthology.orchestra.run.smithi156.stderr:2024-02-18T02:29:47.114+0000 7fc4c5ae8700 1 -- start start
2024-02-18T02:29:47.110 INFO:teuthology.orchestra.run.smithi156.stderr:2024-02-18T02:29:47.115+0000 7fc4c5ae8700 1 --2- >> [v2:172.21.15.156:3300/0,v1:172.21.15.156:6789/0] conn(0x7fc4c00f75c0 0x7fc4c0106ec0 unknown :-1 s=NONE pgs=0 cs=0 l=1 rev1=0 rx=0 tx=0).connect
2024-02-18T02:29:47.110 INFO:teuthology.orchestra.run.smithi156.stderr:2024-02-18T02:29:47.115+0000 7fc4c5ae8700 1 -- --> [v2:172.21.15.156:3300/0,v1:172.21.15.156:6789/0] -- mon_getmap magic: 0 v1 -- 0x7fc4c01073b0 con 0x7fc4c00f75c0
2024-02-18T02:29:47.110 INFO:teuthology.orchestra.run.smithi156.stderr:2024-02-18T02:29:47.115+0000 7fc4bf7fe700 1 --2- >> [v2:172.21.15.156:3300/0,v1:172.21.15.156:6789/0] conn(0x7fc4c00f75c0 0x7fc4c0106ec0 unknown :-1 s=BANNER_CONNECTING pgs=0 cs=0 l=1 rev1=0 rx=0 tx=0)._handle_peer_banner_payload supported=1 required=0
2024-02-18T02:29:47.110 INFO:teuthology.orchestra.run.smithi156.stderr:2024-02-18T02:29:47.115+0000 7fc4bf7fe700 1 --2- >> [v2:172.21.15.156:3300/0,v1:172.21.15.156:6789/0] conn(0x7fc4c00f75c0 0x7fc4c0106ec0 unknown :-1 s=HELLO_CONNECTING pgs=0 cs=0 l=1 rev1=1 rx=0 tx=0).handle_hello peer v2:172.21.15.156:3300/0 says I am v2:172.21.15.156:45526/0 (socket says 172.21.15.156:45526)
2024-02-18T02:29:47.110 INFO:teuthology.orchestra.run.smithi156.stderr:2024-02-18T02:29:47.115+0000 7fc4bf7fe700 1 -- 172.21.15.156:0/2025119405 learned_addr learned my addr 172.21.15.156:0/2025119405 (peer_addr_for_me v2:172.21.15.156:0/0)
2024-02-18T02:29:47.110 INFO:teuthology.orchestra.run.smithi156.stderr:2024-02-18T02:29:47.115+0000 7fc4bf7fe700 1 -- 172.21.15.156:0/2025119405 --> [v2:172.21.15.156:3300/0,v1:172.21.15.156:6789/0] -- mon_subscribe({config=0+,monmap=0+}) v3 -- 0x7fc4b0005040 con 0x7fc4c00f75c0
2024-02-18T02:29:47.110 INFO:teuthology.orchestra.run.smithi156.stderr:2024-02-18T02:29:47.115+0000 7fc4bf7fe700 1 --2- 172.21.15.156:0/2025119405 >> [v2:172.21.15.156:3300/0,v1:172.21.15.156:6789/0] conn(0x7fc4c00f75c0 0x7fc4c0106ec0 secure :-1 s=READY pgs=73 cs=0 l=1 rev1=1 rx=0x7fc4b0013560 tx=0x7fc4b0009cb0).ready entity=mon.0 client_cookie=0 server_cookie=0 in_seq=0 out_seq=0
2024-02-18T02:29:47.110 INFO:teuthology.orchestra.run.smithi156.stderr:2024-02-18T02:29:47.115+0000 7fc4bcff9700 1 -- 172.21.15.156:0/2025119405 <== mon.0 v2:172.21.15.156:3300/0 1 ==== mon_map magic: 0 v1 ==== 205+0+0 (secure 0 0 0) 0x7fc4b000e030 con 0x7fc4c00f75c0
2024-02-18T02:29:47.110 INFO:teuthology.orchestra.run.smithi156.stderr:2024-02-18T02:29:47.115+0000 7fc4bcff9700 1 -- 172.21.15.156:0/2025119405 <== mon.0 v2:172.21.15.156:3300/0 2 ==== config(25 keys) v1 ==== 1092+0+0 (secure 0 0 0) 0x7fc4b0013e80 con 0x7fc4c00f75c0
2024-02-18T02:29:47.111 INFO:teuthology.orchestra.run.smithi156.stderr:2024-02-18T02:29:47.115+0000 7fc4bcff9700 1 -- 172.21.15.156:0/2025119405 <== mon.0 v2:172.21.15.156:3300/0 3 ==== mon_map magic: 0 v1 ==== 205+0+0 (secure 0 0 0) 0x7fc4b0018070 con 0x7fc4c00f75c0
2024-02-18T02:29:47.111 INFO:teuthology.orchestra.run.smithi156.stderr:2024-02-18T02:29:47.115+0000 7fc4c5ae8700 1 -- 172.21.15.156:0/2025119405 --> [v2:172.21.15.156:3300/0,v1:172.21.15.156:6789/0] -- mon_subscribe({mgrmap=0+}) v3 -- 0x7fc4c01075b0 con 0x7fc4c00f75c0
2024-02-18T02:29:47.111 INFO:teuthology.orchestra.run.smithi156.stderr:2024-02-18T02:29:47.115+0000 7fc4c5ae8700 1 -- 172.21.15.156:0/2025119405 --> [v2:172.21.15.156:3300/0,v1:172.21.15.156:6789/0] -- mon_subscribe({osdmap=0}) v3 -- 0x7fc4c0107a40 con 0x7fc4c00f75c0
2024-02-18T02:29:47.111 INFO:teuthology.orchestra.run.smithi156.stderr:2024-02-18T02:29:47.116+0000 7fc4bcff9700 1 -- 172.21.15.156:0/2025119405 <== mon.0 v2:172.21.15.156:3300/0 4 ==== mgrmap(e 13) v1 ==== 38639+0+0 (secure 0 0 0) 0x7fc4b0027440 con 0x7fc4c00f75c0
2024-02-18T02:29:47.112 INFO:teuthology.orchestra.run.smithi156.stderr:2024-02-18T02:29:47.116+0000 7fc4c5ae8700 1 -- 172.21.15.156:0/2025119405 --> [v2:172.21.15.156:3300/0,v1:172.21.15.156:6789/0] -- mon_command({"prefix": "get_command_descriptions"} v 0) v1 -- 0x7fc4c005a310 con 0x7fc4c00f75c0
2024-02-18T02:29:47.112 INFO:teuthology.orchestra.run.smithi156.stderr:2024-02-18T02:29:47.116+0000 7fc4bcff9700 1 --2- 172.21.15.156:0/2025119405 >> v2:172.21.15.156:6800/3974766391 conn(0x7fc4a8032690 0x7fc4a8034b50 unknown :-1 s=NONE pgs=0 cs=0 l=1 rev1=0 rx=0 tx=0).connect
2024-02-18T02:29:47.112 INFO:teuthology.orchestra.run.smithi156.stderr:2024-02-18T02:29:47.116+0000 7fc4bcff9700 1 -- 172.21.15.156:0/2025119405 <== mon.0 v2:172.21.15.156:3300/0 5 ==== osd_map(3..3 src has 1..3) v4 ==== 1012+0+0 (secure 0 0 0) 0x7fc4b00440c0 con 0x7fc4c00f75c0
