2024-02-18T02:29:06.199+0000 7fb89a208700 1 --2- 172.21.15.156:0/594937930 >> [v2:172.21.15.156:3300/0,v1:172.21.15.156:6789/0] conn(0x7fb89406fc40 0x7fb8940fe530 secure :-1 s=READY pgs=14 cs=0 l=1 rev1=1 rx=0x7fb884009730 tx=0x7fb8840090f0).stop
2024-02-18T02:29:06.196 INFO:teuthology.orchestra.run.smithi156.stderr:/usr/bin/ceph:
2024-02-18T02:29:06.199+0000 7fb89a208700 1 -- 172.21.15.156:0/594937930 shutdown_connections
2024-02-18T02:29:06.196 INFO:teuthology.orchestra.run.smithi156.stderr:/usr/bin/ceph:
2024-02-18T02:29:06.199+0000 7fb89a208700 1 --2- 172.21.15.156:0/594937930 >> [v2:172.21.15.156:3300/0,v1:172.21.15.156:6789/0] conn(0x7fb89406fc40 0x7fb8940fe530 unknown :-1 s=CLOSED pgs=14 cs=0 l=1 rev1=1 rx=0 tx=0).stop
2024-02-18T02:29:06.196 INFO:teuthology.orchestra.run.smithi156.stderr:/usr/bin/ceph:
2024-02-18T02:29:06.199+0000 7fb89a208700 1 -- 172.21.15.156:0/594937930 >> 172.21.15.156:0/594937930 conn(0x7fb8940f5f90 msgr2=0x7fb8940f83f0 unknown :-1 s=STATE_NONE l=0).mark_down
2024-02-18T02:29:06.196 INFO:teuthology.orchestra.run.smithi156.stderr:/usr/bin/ceph:
2024-02-18T02:29:06.199+0000 7fb89a208700 1 -- 172.21.15.156:0/594937930 shutdown_connections
2024-02-18T02:29:06.197 INFO:teuthology.orchestra.run.smithi156.stderr:/usr/bin/ceph:
2024-02-18T02:29:06.199+0000 7fb89a208700 1 -- 172.21.15.156:0/594937930 wait complete.
2024-02-18T02:29:06.197 INFO:teuthology.orchestra.run.smithi156.stderr:/usr/bin/ceph:
2024-02-18T02:29:06.200+0000 7fb89a208700 1 Processor -- start
2024-02-18T02:29:06.197 INFO:teuthology.orchestra.run.smithi156.stderr:/usr/bin/ceph:
2024-02-18T02:29:06.200+0000 7fb89a208700 1 -- start start
2024-02-18T02:29:06.197 INFO:teuthology.orchestra.run.smithi156.stderr:/usr/bin/ceph:
2024-02-18T02:29:06.200+0000 7fb89a208700 1 --2- >> [v2:172.21.15.156:3300/0,v1:172.21.15.156:6789/0] conn(0x7fb89406fc40 0x7fb8940fbfb0 unknown :-1 s=NONE pgs=0 cs=0 l=1 rev1=0 rx=0 tx=0).connect
2024-02-18T02:29:06.197 INFO:teuthology.orchestra.run.smithi156.stderr:/usr/bin/ceph:
2024-02-18T02:29:06.200+0000 7fb89a208700 1 -- --> [v2:172.21.15.156:3300/0,v1:172.21.15.156:6789/0] -- mon_getmap magic: 0 v1 -- 0x7fb8940fa430 con 0x7fb89406fc40
2024-02-18T02:29:06.197 INFO:teuthology.orchestra.run.smithi156.stderr:/usr/bin/ceph:
2024-02-18T02:29:06.200+0000 7fb8937fe700 1 --2- >> [v2:172.21.15.156:3300/0,v1:172.21.15.156:6789/0] conn(0x7fb89406fc40 0x7fb8940fbfb0 unknown :-1 s=BANNER_CONNECTING pgs=0 cs=0 l=1 rev1=0 rx=0 tx=0)._handle_peer_banner_payload supported=1 required=0
2024-02-18T02:29:06.197 INFO:teuthology.orchestra.run.smithi156.stderr:/usr/bin/ceph:
2024-02-18T02:29:06.200+0000 7fb8937fe700 1 --2- >> [v2:172.21.15.156:3300/0,v1:172.21.15.156:6789/0] conn(0x7fb89406fc40 0x7fb8940fbfb0 unknown :-1 s=HELLO_CONNECTING pgs=0 cs=0 l=1 rev1=1 rx=0 tx=0).handle_hello peer v2:172.21.15.156:3300/0 says I am v2:172.21.15.156:51518/0 (socket says 172.21.15.156:51518)
2024-02-18T02:29:06.197 INFO:teuthology.orchestra.run.smithi156.stderr:/usr/bin/ceph:
2024-02-18T02:29:06.200+0000 7fb8937fe700 1 -- 172.21.15.156:0/1037767670 learned_addr learned my addr 172.21.15.156:0/1037767670 (peer_addr_for_me v2:172.21.15.156:0/0)
2024-02-18T02:29:06.197 INFO:teuthology.orchestra.run.smithi156.stderr:/usr/bin/ceph:
2024-02-18T02:29:06.200+0000 7fb8937fe700 1 -- 172.21.15.156:0/1037767670 --> [v2:172.21.15.156:3300/0,v1:172.21.15.156:6789/0] -- mon_subscribe({config=0+,monmap=0+}) v3 -- 0x7fb884009370 con 0x7fb89406fc40
2024-02-18T02:29:06.197 INFO:teuthology.orchestra.run.smithi156.stderr:/usr/bin/ceph:
2024-02-18T02:29:06.200+0000 7fb8937fe700 1 --2- 172.21.15.156:0/1037767670 >> [v2:172.21.15.156:3300/0,v1:172.21.15.156:6789/0] conn(0x7fb89406fc40 0x7fb8940fbfb0 secure :-1 s=READY pgs=15 cs=0 l=1 rev1=1 rx=0x7fb88400bb30 tx=0x7fb8840090f0).ready entity=mon.0 client_cookie=0 server_cookie=0 in_seq=0 out_seq=0
2024-02-18T02:29:06.198 INFO:teuthology.orchestra.run.smithi156.stderr:/usr/bin/ceph:
2024-02-18T02:29:06.201+0000 7fb8917fa700 1 -- 172.21.15.156:0/1037767670 <== mon.0 v2:172.21.15.156:3300/0 1 ==== mon_map magic: 0 v1 ==== 205+0+0 (secure 0 0 0) 0x7fb88401a640 con 0x7fb89406fc40
2024-02-18T02:29:06.198 INFO:teuthology.orchestra.run.smithi156.stderr:/usr/bin/ceph:
2024-02-18T02:29:06.201+0000 7fb8917fa700 1 -- 172.21.15.156:0/1037767670 <== mon.0 v2:172.21.15.156:3300/0 2 ==== config(25 keys) v1 ==== 1061+0+0 (secure 0 0 0) 0x7fb88401ac40 con 0x7fb89406fc40
2024-02-18T02:29:06.198 INFO:teuthology.orchestra.run.smithi156.stderr:/usr/bin/ceph:
2024-02-18T02:29:06.201+0000 7fb8917fa700 1 -- 172.21.15.156:0/1037767670 <== mon.0 v2:172.21.15.156:3300/0 3 ==== mon_map magic: 0 v1 ==== 205+0+0 (secure 0 0 0) 0x7fb884022a30 con 0x7fb89406fc40
2024-02-18T02:29:06.198 INFO:teuthology.orchestra.run.smithi156.stderr:/usr/bin/ceph:
2024-02-18T02:29:06.201+0000 7fb89a208700 1 -- 172.21.15.156:0/1037767670 --> [v2:172.21.15.156:3300/0,v1:172.21.15.156:6789/0] -- mon_subscribe({mgrmap=0+}) v3 -- 0x7fb8940fa5d0 con 0x7fb89406fc40
2024-02-18T02:29:06.199 INFO:teuthology.orchestra.run.smithi156.stderr:/usr/bin/ceph:
2024-02-18T02:29:06.201+0000 7fb89a208700 1 -- 172.21.15.156:0/1037767670 --> [v2:172.21.15.156:3300/0,v1:172.21.15.156:6789/0] -- mon_subscribe({osdmap=0}) v3 -- 0x7fb8940fa9e0 con 0x7fb89406fc40
2024-02-18T02:29:06.199 INFO:teuthology.orchestra.run.smithi156.stderr:/usr/bin/ceph:
2024-02-18T02:29:06.202+0000 7fb8917fa700 1 -- 172.21.15.156:0/1037767670 <== mon.0 v2:172.21.15.156:3300/0 4 ==== mgrmap(e 3) v1 ==== 38465+0+0 (secure 0 0 0) 0x7fb884022ca0 con 0x7fb89406fc40
2024-02-18T02:29:06.199 INFO:teuthology.orchestra.run.smithi156.stderr:/usr/bin/ceph:
2024-02-18T02:29:06.202+0000 7fb8917fa700 1 --2- 172.21.15.156:0/1037767670 >> v2:172.21.15.156:6800/3864147789 conn(0x7fb880032470 0x7fb880034930 unknown :-1 s=NONE pgs=0 cs=0 l=1 rev1=0 rx=0 tx=0).connect
2024-02-18T02:29:06.199 INFO:teuthology.orchestra.run.smithi156.stderr:/usr/bin/ceph:
2024-02-18T02:29:06.202+0000 7fb88a7fc700 1 -- 172.21.15.156:0/1037767670 --> [v2:172.21.15.156:3300/0,v1:172.21.15.156:6789/0] -- mon_command({"prefix": "get_command_descriptions"} v 0) v1 -- 0x7fb878004f20 con 0x7fb89406fc40
2024-02-18T02:29:06.199 INFO:teuthology.orchestra.run.smithi156.stderr:/usr/bin/ceph:
2024-02-18T02:29:06.202+0000 7fb8917fa700 1 -- 172.21.15.156:0/1037767670 <== mon.0 v2:172.21.15.156:3300/0 5 ==== osd_map(1..1 src has 1..1) v4 ==== 754+0+0 (secure 0 0 0) 0x7fb884044870 con 0x7fb89406fc40
2024-02-18T02:29:06.199 INFO:teuthology.orchestra.run.smithi156.stderr:/usr/bin/ceph:
2024-02-18T02:29:06.202+0000 7fb88bfff700 1 --2- 172.21.15.156:0/1037767670 >> v2:172.21.15.156:6800/3864147789 conn(0x7fb880032470 0x7fb880034930 unknown :-1 s=BANNER_CONNECTING pgs=0 cs=0 l=1 rev1=0 rx=0 tx=0)._handle_peer_banner_payload supported=1 required=0
2024-02-18T02:29:06.199 INFO:teuthology.orchestra.run.smithi156.stderr:/usr/bin/ceph:
2024-02-18T02:29:06.202+0000 7fb88bfff700 1 --2- 172.21.15.156:0/1037767670 >> v2:172.21.15.156:6800/3864147789 conn(0x7fb880032470 0x7fb880034930 secure :-1 s=READY pgs=5 cs=0 l=1 rev1=1 rx=0x7fb87c009780 tx=0x7fb87c006cc0).ready entity=mgr.14100 client_cookie=0 server_cookie=0 in_seq=0 out_seq=0
2024-02-18T02:29:06.202 INFO:teuthology.orchestra.run.smithi156.stderr:/usr/bin/ceph:
2024-02-18T02:29:06.207+0000 7fb8917fa700 1 -- 172.21.15.156:0/1037767670 <== mon.0 v2:172.21.15.156:3300/0 6 ==== mon_command_ack([{"prefix": "get_command_descriptions"}]=0 v0) v1 ==== 72+0+163658 (secure 0 0 0) 0x7fb88401adb0 con 0x7fb89406fc40
2024-02-18T02:29:06.428 INFO:teuthology.orchestra.run.smithi156.stderr:/usr/bin/ceph:
2024-02-18T02:29:06.431+0000 7fb88a7fc700 1 -- 172.21.15.156:0/1037767670 --> [v2:172.21.15.156:3300/0,v1:172.21.15.156:6789/0] -- mon_command({"prefix": "status", "format": "json-pretty"} v 0) v1 -- 0x7fb8780051d0 con 0x7fb89406fc40
2024-02-18T02:29:06.428 INFO:teuthology.orchestra.run.smithi156.stderr:/usr/bin/ceph:
2024-02-18T02:29:06.431+0000 7fb8917fa700 1 -- 172.21.15.156:0/1037767670 <== mon.0 v2:172.21.15.156:3300/0 7 ==== mon_command_ack([{"prefix": "status", "format": "json-pretty"}]=0 v0) v1 ==== 79+0+1240 (secure 0 0 0) 0x7fb88401e030 con 0x7fb89406fc40
2024-02-18T02:29:06.429 INFO:teuthology.orchestra.run.smithi156.stderr:/usr/bin/ceph:
2024-02-18T02:29:06.429 INFO:teuthology.orchestra.run.smithi156.stderr:/usr/bin/ceph: {
2024-02-18T02:29:06.429 INFO:teuthology.orchestra.run.smithi156.stderr:/usr/bin/ceph: "fsid": "6221606c-ce05-11ee-95ba-87774f69a715",
2024-02-18T02:29:06.429 INFO:teuthology.orchestra.run.smithi156.stderr:/usr/bin/ceph: "health": {
2024-02-18T02:29:06.429 INFO:teuthology.orchestra.run.smithi156.stderr:/usr/bin/ceph: "status": "HEALTH_OK",
2024-02-18T02:29:06.429 INFO:teuthology.orchestra.run.smithi156.stderr:/usr/bin/ceph: "checks": {},
2024-02-18T02:29:06.429 INFO:teuthology.orchestra.run.smithi156.stderr:/usr/bin/ceph: "mutes": []
2024-02-18T02:29:06.429 INFO:teuthology.orchestra.run.smithi156.stderr:/usr/bin/ceph: },
2024-02-18T02:29:06.429 INFO:teuthology.orchestra.run.smithi156.stderr:/usr/bin/ceph: "election_epoch": 5,
2024-02-18T02:29:06.429 INFO:teuthology.orchestra.run.smithi156.stderr:/usr/bin/ceph: "quorum": [
2024-02-18T02:29:06.429 INFO:teuthology.orchestra.run.smithi156.stderr:/usr/bin/ceph: 0
2024-02-18T02:29:06.429 INFO:teuthology.orchestra.run.smithi156.stderr:/usr/bin/ceph: ],
2024-02-18T02:29:06.429 INFO:teuthology.orchestra.run.smithi156.stderr:/usr/bin/ceph: "quorum_names": [
2024-02-18T02:29:06.429 INFO:teuthology.orchestra.run.smithi156.stderr:/usr/bin/ceph: "a"
2024-02-18T02:29:06.430 INFO:teuthology.orchestra.run.smithi156.stderr:/usr/bin/ceph: ],
2024-02-18T02:29:06.430 INFO:teuthology.orchestra.run.smithi156.stderr:/usr/bin/ceph: "quorum_age": 8,
2024-02-18T02:29:06.430 INFO:teuthology.orchestra.run.smithi156.stderr:/usr/bin/ceph: "monmap": {
2024-02-18T02:29:06.430 INFO:teuthology.orchestra.run.smithi156.stderr:/usr/bin/ceph: "epoch": 1,
2024-02-18T02:29:06.430 INFO:teuthology.orchestra.run.smithi156.stderr:/usr/bin/ceph: "min_mon_release_name": "pacific",
2024-02-18T02:29:06.430 INFO:teuthology.orchestra.run.smithi156.stderr:/usr/bin/ceph: "num_mons": 1
2024-02-18T02:29:06.430 INFO:teuthology.orchestra.run.smithi156.stderr:/usr/bin/ceph: },
2024-02-18T02:29:06.430 INFO:teuthology.orchestra.run.smithi156.stderr:/usr/bin/ceph: "osdmap": {
2024-02-18T02:29:06.430 INFO:teuthology.orchestra.run.smithi156.stderr:/usr/bin/ceph: "epoch": 1,
2024-02-18T02:29:06.430 INFO:teuthology.orchestra.run.smithi156.stderr:/usr/bin/ceph: "num_osds": 0,
2024-02-18T02:29:06.430 INFO:teuthology.orchestra.run.smithi156.stderr:/usr/bin/ceph: "num_up_osds": 0,
2024-02-18T02:29:06.435 INFO:teuthology.orchestra.run.smithi156.stderr:/usr/bin/ceph: "osd_up_since": 0,
2024-02-18T02:29:06.435 INFO:teuthology.orchestra.run.smithi156.stderr:/usr/bin/ceph: "num_in_osds": 0,
2024-02-18T02:29:06.435 INFO:teuthology.orchestra.run.smithi156.stderr:/usr/bin/ceph: "osd_in_since": 0,
2024-02-18T02:29:06.435 INFO:teuthology.orchestra.run.smithi156.stderr:/usr/bin/ceph: "num_remapped_pgs": 0
2024-02-18T02:29:06.435 INFO:teuthology.orchestra.run.smithi156.stderr:/usr/bin/ceph: },
2024-02-18T02:29:06.435 INFO:teuthology.orchestra.run.smithi156.stderr:/usr/bin/ceph: "pgmap": {
2024-02-18T02:29:06.435 INFO:teuthology.orchestra.run.smithi156.stderr:/usr/bin/ceph: "pgs_by_state": [],
2024-02-18T02:29:06.435 INFO:teuthology.orchestra.run.smithi156.stderr:/usr/bin/ceph: "num_pgs": 0,
2024-02-18T02:29:06.435 INFO:teuthology.orchestra.run.smithi156.stderr:/usr/bin/ceph: "num_pools": 0,
2024-02-18T02:29:06.435 INFO:teuthology.orchestra.run.smithi156.stderr:/usr/bin/ceph: "num_objects": 0,
2024-02-18T02:29:06.435 INFO:teuthology.orchestra.run.smithi156.stderr:/usr/bin/ceph: "data_bytes": 0,
2024-02-18T02:29:06.435 INFO:teuthology.orchestra.run.smithi156.stderr:/usr/bin/ceph: "bytes_used": 0,
2024-02-18T02:29:06.435 INFO:teuthology.orchestra.run.smithi156.stderr:/usr/bin/ceph: "bytes_avail": 0,
2024-02-18T02:29:06.435 INFO:teuthology.orchestra.run.smithi156.stderr:/usr/bin/ceph: "bytes_total": 0
2024-02-18T02:29:06.436 INFO:teuthology.orchestra.run.smithi156.stderr:/usr/bin/ceph: },
2024-02-18T02:29:06.436 INFO:teuthology.orchestra.run.smithi156.stderr:/usr/bin/ceph: "fsmap": {
2024-02-18T02:29:06.436 INFO:teuthology.orchestra.run.smithi156.stderr:/usr/bin/ceph: "epoch": 1,
2024-02-18T02:29:06.436 INFO:teuthology.orchestra.run.smithi156.stderr:/usr/bin/ceph: "by_rank": [],
2024-02-18T02:29:06.436 INFO:teuthology.orchestra.run.smithi156.stderr:/usr/bin/ceph: "up:standby": 0
2024-02-18T02:29:06.436 INFO:teuthology.orchestra.run.smithi156.stderr:/usr/bin/ceph: },
2024-02-18T02:29:06.436 INFO:teuthology.orchestra.run.smithi156.stderr:/usr/bin/ceph: "mgrmap": {
2024-02-18T02:29:06.436 INFO:teuthology.orchestra.run.smithi156.stderr:/usr/bin/ceph: "available": true,
2024-02-18T02:29:06.436 INFO:teuthology.orchestra.run.smithi156.stderr:/usr/bin/ceph: "num_standbys": 0,
2024-02-18T02:29:06.436 INFO:teuthology.orchestra.run.smithi156.stderr:/usr/bin/ceph: "modules": [
2024-02-18T02:29:06.436 INFO:teuthology.orchestra.run.smithi156.stderr:/usr/bin/ceph: "iostat",
2024-02-18T02:29:06.436 INFO:teuthology.orchestra.run.smithi156.stderr:/usr/bin/ceph: "nfs",
2024-02-18T02:29:06.436 INFO:teuthology.orchestra.run.smithi156.stderr:/usr/bin/ceph: "restful"
2024-02-18T02:29:06.436 INFO:teuthology.orchestra.run.smithi156.stderr:/usr/bin/ceph: ],
2024-02-18T02:29:06.437 INFO:teuthology.orchestra.run.smithi156.stderr:/usr/bin/ceph: "services": {}
2024-02-18T02:29:06.437 INFO:teuthology.orchestra.run.smithi156.stderr:/usr/bin/ceph: },
2024-02-18T02:29:06.437 INFO:teuthology.orchestra.run.smithi156.stderr:/usr/bin/ceph: "servicemap": {
2024-02-18T02:29:06.437 INFO:teuthology.orchestra.run.smithi156.stderr:/usr/bin/ceph: "epoch": 1,
2024-02-18T02:29:06.437 INFO:teuthology.orchestra.run.smithi156.stderr:/usr/bin/ceph: "modified": "2024-02-18T02:28:54.725210+0000",
2024-02-18T02:29:06.437 INFO:teuthology.orchestra.run.smithi156.stderr:/usr/bin/ceph: "services": {}
2024-02-18T02:29:06.437 INFO:teuthology.orchestra.run.smithi156.stderr:/usr/bin/ceph: },
2024-02-18T02:29:06.437 INFO:teuthology.orchestra.run.smithi156.stderr:/usr/bin/ceph: "progress_events": {}
2024-02-18T02:29:06.437 INFO:teuthology.orchestra.run.smithi156.stderr:/usr/bin/ceph: }
2024-02-18T02:29:06.437 INFO:teuthology.orchestra.run.smithi156.stderr:/usr/bin/ceph:
2024-02-18T02:29:06.433+0000 7fb88a7fc700 1 -- 172.21.15.156:0/1037767670 >> v2:172.21.15.156:6800/3864147789 conn(0x7fb880032470 msgr2=0x7fb880034930 secure :-1 s=STATE_CONNECTION_ESTABLISHED l=1).mark_down
2024-02-18T02:29:06.437 INFO:teuthology.orchestra.run.smithi156.stderr:/usr/bin/ceph:
2024-02-18T02:29:06.433+0000 7fb88a7fc700 1 --2- 172.21.15.156:0/1037767670 >> v2:172.21.15.156:6800/3864147789 conn(0x7fb880032470 0x7fb880034930 secure :-1 s=READY pgs=5 cs=0 l=1 rev1=1 rx=0x7fb87c009780 tx=0x7fb87c006cc0).stop
2024-02-18T02:29:06.437 INFO:teuthology.orchestra.run.smithi156.stderr:/usr/bin/ceph:
2024-02-18T02:29:06.433+0000 7fb88a7fc700 1 -- 172.21.15.156:0/1037767670 >> [v2:172.21.15.156:3300/0,v1:172.21.15.156:6789/0] conn(0x7fb89406fc40 msgr2=0x7fb8940fbfb0 secure :-1 s=STATE_CONNECTION_ESTABLISHED l=1).mark_down
2024-02-18T02:29:06.437 INFO:teuthology.orchestra.run.smithi156.stderr:/usr/bin/ceph:
2024-02-18T02:29:06.433+0000 7fb88a7fc700 1 --2- 172.21.15.156:0/1037767670 >> [v2:172.21.15.156:3300/0,v1:172.21.15.156:6789/0] conn(0x7fb89406fc40 0x7fb8940fbfb0 secure :-1 s=READY pgs=15 cs=0 l=1 rev1=1 rx=0x7fb88400bb30 tx=0x7fb8840090f0).stop
2024-02-18T02:29:06.437 INFO:teuthology.orchestra.run.smithi156.stderr:/usr/bin/ceph:
2024-02-18T02:29:06.433+0000 7fb88a7fc700 1 -- 172.21.15.156:0/1037767670 shutdown_connections
2024-02-18T02:29:06.438 INFO:teuthology.orchestra.run.smithi156.stderr:/usr/bin/ceph:
2024-02-18T02:29:06.433+0000 7fb88a7fc700 1 --2- 172.21.15.156:0/1037767670 >> v2:172.21.15.156:6800/3864147789 conn(0x7fb880032470 0x7fb880034930 unknown :-1 s=CLOSED pgs=5 cs=0 l=1 rev1=1 rx=0 tx=0).stop
2024-02-18T02:29:06.438 INFO:teuthology.orchestra.run.smithi156.stderr:/usr/bin/ceph:
2024-02-18T02:29:06.433+0000 7fb88a7fc700 1 --2- 172.21.15.156:0/1037767670 >> [v2:172.21.15.156:3300/0,v1:172.21.15.156:6789/0] conn(0x7fb89406fc40 0x7fb8940fbfb0 unknown :-1 s=CLOSED pgs=15 cs=0 l=1 rev1=1 rx=0 tx=0).stop
2024-02-18T02:29:06.438 INFO:teuthology.orchestra.run.smithi156.stderr:/usr/bin/ceph:
2024-02-18T02:29:06.433+0000 7fb88a7fc700 1 -- 172.21.15.156:0/1037767670 >> 172.21.15.156:0/1037767670 conn(0x7fb8940f5f90 msgr2=0x7fb8940f78d0 unknown :-1 s=STATE_NONE l=0).mark_down
2024-02-18T02:29:06.438 INFO:teuthology.orchestra.run.smithi156.stderr:/usr/bin/ceph:
2024-02-18T02:29:06.433+0000 7fb88a7fc700 1 -- 172.21.15.156:0/1037767670 shutdown_connections
2024-02-18T02:29:06.438 INFO:teuthology.orchestra.run.smithi156.stderr:/usr/bin/ceph:
2024-02-18T02:29:06.433+0000 7fb88a7fc700 1 -- 172.21.15.156:0/1037767670 wait complete.
2024-02-18T02:29:06.788 INFO:teuthology.orchestra.run.smithi156.stderr:mgr is available
2024-02-18T02:29:07.117 INFO:teuthology.orchestra.run.smithi156.stderr:/usr/bin/ceph:
2024-02-18T02:29:07.120+0000 7fcdbcbf0700 1 Processor -- start
2024-02-18T02:29:07.117 INFO:teuthology.orchestra.run.smithi156.stderr:/usr/bin/ceph:
2024-02-18T02:29:07.120+0000 7fcdbcbf0700 1 -- start start
2024-02-18T02:29:07.117 INFO:teuthology.orchestra.run.smithi156.stderr:/usr/bin/ceph:
2024-02-18T02:29:07.121+0000 7fcdbcbf0700 1 --2- >> [v2:172.21.15.156:3300/0,v1:172.21.15.156:6789/0] conn(0x7fcdb806fba0 0x7fcdb81009d0 unknown :-1 s=NONE pgs=0 cs=0 l=0 rev1=0 rx=0 tx=0).connect
2024-02-18T02:29:07.117 INFO:teuthology.orchestra.run.smithi156.stderr:/usr/bin/ceph:
2024-02-18T02:29:07.121+0000 7fcdbcbf0700 1 -- --> [v2:172.21.15.156:3300/0,v1:172.21.15.156:6789/0] -- mon_getmap magic: 0 v1 -- 0x7fcdb80fc3c0 con 0x7fcdb806fba0
2024-02-18T02:29:07.117 INFO:teuthology.orchestra.run.smithi156.stderr:/usr/bin/ceph:
2024-02-18T02:29:07.121+0000 7fcdb659c700 1 --2- >> [v2:172.21.15.156:3300/0,v1:172.21.15.156:6789/0] conn(0x7fcdb806fba0 0x7fcdb81009d0 unknown :-1 s=BANNER_CONNECTING pgs=0 cs=0 l=0 rev1=0 rx=0 tx=0)._handle_peer_banner_payload supported=1 required=0
2024-02-18T02:29:07.117 INFO:teuthology.orchestra.run.smithi156.stderr:/usr/bin/ceph:
2024-02-18T02:29:07.121+0000 7fcdb659c700 1 --2- >> [v2:172.21.15.156:3300/0,v1:172.21.15.156:6789/0] conn(0x7fcdb806fba0 0x7fcdb81009d0 unknown :-1 s=HELLO_CONNECTING pgs=0 cs=0 l=0 rev1=1 rx=0 tx=0).handle_hello peer v2:172.21.15.156:3300/0 says I am v2:172.21.15.156:51528/0 (socket says 172.21.15.156:51528)
2024-02-18T02:29:07.117 INFO:teuthology.orchestra.run.smithi156.stderr:/usr/bin/ceph:
2024-02-18T02:29:07.121+0000 7fcdb659c700 1 -- 172.21.15.156:0/3412089163 learned_addr learned my addr 172.21.15.156:0/3412089163 (peer_addr_for_me v2:172.21.15.156:0/0)
2024-02-18T02:29:07.117 INFO:teuthology.orchestra.run.smithi156.stderr:/usr/bin/ceph:
2024-02-18T02:29:07.121+0000 7fcdb659c700 1 -- 172.21.15.156:0/3412089163 --> [v2:172.21.15.156:3300/0,v1:172.21.15.156:6789/0] -- mon_subscribe({config=0+,monmap=0+}) v3 -- 0x7fcdb8100ec0 con 0x7fcdb806fba0
2024-02-18T02:29:07.117 INFO:teuthology.orchestra.run.smithi156.stderr:/usr/bin/ceph:
2024-02-18T02:29:07.121+0000 7fcdb659c700 1 --2- 172.21.15.156:0/3412089163 >> [v2:172.21.15.156:3300/0,v1:172.21.15.156:6789/0] conn(0x7fcdb806fba0 0x7fcdb81009d0 secure :-1 s=READY pgs=16 cs=0 l=1 rev1=1 rx=0x7fcdac009730 tx=0x7fcdac0090f0).ready entity=mon.0 client_cookie=91dd943b0ce96b38 server_cookie=0 in_seq=0 out_seq=0
2024-02-18T02:29:07.117 INFO:teuthology.orchestra.run.smithi156.stderr:/usr/bin/ceph:
2024-02-18T02:29:07.121+0000 7fcdb559a700 1 -- 172.21.15.156:0/3412089163 <== mon.0 v2:172.21.15.156:3300/0 1 ==== mon_map magic: 0 v1 ==== 205+0+0 (secure 0 0 0) 0x7fcdac00b580 con 0x7fcdb806fba0
2024-02-18T02:29:07.118 INFO:teuthology.orchestra.run.smithi156.stderr:/usr/bin/ceph:
2024-02-18T02:29:07.121+0000 7fcdb559a700 1 -- 172.21.15.156:0/3412089163 <== mon.0 v2:172.21.15.156:3300/0 2 ==== config(25 keys) v1 ==== 1061+0+0 (secure 0 0 0) 0x7fcdac00bb80 con 0x7fcdb806fba0
2024-02-18T02:29:07.118 INFO:teuthology.orchestra.run.smithi156.stderr:/usr/bin/ceph:
2024-02-18T02:29:07.121+0000 7fcdb559a700 1 -- 172.21.15.156:0/3412089163 <== mon.0 v2:172.21.15.156:3300/0 3 ==== mon_map magic: 0 v1 ==== 205+0+0 (secure 0 0 0) 0x7fcdac011b50 con 0x7fcdb806fba0
2024-02-18T02:29:07.118 INFO:teuthology.orchestra.run.smithi156.stderr:/usr/bin/ceph:
2024-02-18T02:29:07.122+0000 7fcdbcbf0700 1 -- 172.21.15.156:0/3412089163 >> [v2:172.21.15.156:3300/0,v1:172.21.15.156:6789/0] conn(0x7fcdb806fba0 msgr2=0x7fcdb81009d0 secure :-1 s=STATE_CONNECTION_ESTABLISHED l=1).mark_down
2024-02-18T02:29:07.118 INFO:teuthology.orchestra.run.smithi156.stderr:/usr/bin/ceph:
2024-02-18T02:29:07.122+0000 7fcdbcbf0700 1 --2- 172.21.15.156:0/3412089163 >> [v2:172.21.15.156:3300/0,v1:172.21.15.156:6789/0] conn(0x7fcdb806fba0 0x7fcdb81009d0 secure :-1 s=READY pgs=16 cs=0 l=1 rev1=1 rx=0x7fcdac009730 tx=0x7fcdac0090f0).stop
2024-02-18T02:29:07.118 INFO:teuthology.orchestra.run.smithi156.stderr:/usr/bin/ceph:
2024-02-18T02:29:07.122+0000 7fcdbcbf0700 1 -- 172.21.15.156:0/3412089163 shutdown_connections
2024-02-18T02:29:07.118 INFO:teuthology.orchestra.run.smithi156.stderr:/usr/bin/ceph:
2024-02-18T02:29:07.122+0000 7fcdbcbf0700 1 --2- 172.21.15.156:0/3412089163 >> [v2:172.21.15.156:3300/0,v1:172.21.15.156:6789/0] conn(0x7fcdb806fba0 0x7fcdb81009d0 unknown :-1 s=CLOSED pgs=16 cs=0 l=1 rev1=1 rx=0 tx=0).stop
2024-02-18T02:29:07.118 INFO:teuthology.orchestra.run.smithi156.stderr:/usr/bin/ceph:
2024-02-18T02:29:07.122+0000 7fcdbcbf0700 1 -- 172.21.15.156:0/3412089163 >> 172.21.15.156:0/3412089163 conn(0x7fcdb80f5f90 msgr2=0x7fcdb80f83f0 unknown :-1 s=STATE_NONE l=0).mark_down
2024-02-18T02:29:07.118 INFO:teuthology.orchestra.run.smithi156.stderr:/usr/bin/ceph:
2024-02-18T02:29:07.122+0000 7fcdbcbf0700 1 -- 172.21.15.156:0/3412089163 shutdown_connections
2024-02-18T02:29:07.118 INFO:teuthology.orchestra.run.smithi156.stderr:/usr/bin/ceph:
2024-02-18T02:29:07.122+0000 7fcdbcbf0700 1 -- 172.21.15.156:0/3412089163 wait complete.
2024-02-18T02:29:07.120 INFO:teuthology.orchestra.run.smithi156.stderr:/usr/bin/ceph:
2024-02-18T02:29:07.123+0000 7fcdbcbf0700 1 Processor -- start
2024-02-18T02:29:07.121 INFO:teuthology.orchestra.run.smithi156.stderr:/usr/bin/ceph:
2024-02-18T02:29:07.123+0000 7fcdbcbf0700 1 -- start start
2024-02-18T02:29:07.121 INFO:teuthology.orchestra.run.smithi156.stderr:/usr/bin/ceph:
2024-02-18T02:29:07.123+0000 7fcdbcbf0700 1 --2- >> [v2:172.21.15.156:3300/0,v1:172.21.15.156:6789/0] conn(0x7fcdb806fba0 0x7fcdb810caf0 unknown :-1 s=NONE pgs=0 cs=0 l=1 rev1=0 rx=0 tx=0).connect
2024-02-18T02:29:07.121 INFO:teuthology.orchestra.run.smithi156.stderr:/usr/bin/ceph:
2024-02-18T02:29:07.123+0000 7fcdbcbf0700 1 -- --> [v2:172.21.15.156:3300/0,v1:172.21.15.156:6789/0] -- mon_getmap magic: 0 v1 -- 0x7fcdb810cfe0 con 0x7fcdb806fba0
2024-02-18T02:29:07.121 INFO:teuthology.orchestra.run.smithi156.stderr:/usr/bin/ceph:
2024-02-18T02:29:07.123+0000 7fcdb659c700 1 --2- >> [v2:172.21.15.156:3300/0,v1:172.21.15.156:6789/0] conn(0x7fcdb806fba0 0x7fcdb810caf0 unknown :-1 s=BANNER_CONNECTING pgs=0 cs=0 l=1 rev1=0 rx=0 tx=0)._handle_peer_banner_payload supported=1 required=0
2024-02-18T02:29:07.121 INFO:teuthology.orchestra.run.smithi156.stderr:/usr/bin/ceph:
2024-02-18T02:29:07.123+0000 7fcdb659c700 1 --2- >> [v2:172.21.15.156:3300/0,v1:172.21.15.156:6789/0] conn(0x7fcdb806fba0 0x7fcdb810caf0 unknown :-1 s=HELLO_CONNECTING pgs=0 cs=0 l=1 rev1=1 rx=0 tx=0).handle_hello peer v2:172.21.15.156:3300/0 says I am v2:172.21.15.156:51538/0 (socket says 172.21.15.156:51538)
2024-02-18T02:29:07.121 INFO:teuthology.orchestra.run.smithi156.stderr:/usr/bin/ceph:
2024-02-18T02:29:07.123+0000 7fcdb659c700 1 -- 172.21.15.156:0/3984839752 learned_addr learned my addr 172.21.15.156:0/3984839752 (peer_addr_for_me v2:172.21.15.156:0/0)
2024-02-18T02:29:07.121 INFO:teuthology.orchestra.run.smithi156.stderr:/usr/bin/ceph:
2024-02-18T02:29:07.123+0000 7fcdb659c700 1 -- 172.21.15.156:0/3984839752 --> [v2:172.21.15.156:3300/0,v1:172.21.15.156:6789/0] -- mon_subscribe({config=0+,monmap=0+}) v3 -- 0x7fcdac009370 con 0x7fcdb806fba0
2024-02-18T02:29:07.121 INFO:teuthology.orchestra.run.smithi156.stderr:/usr/bin/ceph:
2024-02-18T02:29:07.124+0000 7fcdb659c700 1 --2- 172.21.15.156:0/3984839752 >> [v2:172.21.15.156:3300/0,v1:172.21.15.156:6789/0] conn(0x7fcdb806fba0 0x7fcdb810caf0 secure :-1 s=READY pgs=17 cs=0 l=1 rev1=1 rx=0x7fcdac000c00 tx=0x7fcdac0090f0).ready entity=mon.0 client_cookie=0 server_cookie=0 in_seq=0 out_seq=0
2024-02-18T02:29:07.121 INFO:teuthology.orchestra.run.smithi156.stderr:/usr/bin/ceph:
2024-02-18T02:29:07.124+0000 7fcda77fe700 1 -- 172.21.15.156:0/3984839752 <== mon.0 v2:172.21.15.156:3300/0 1 ==== mon_map magic: 0 v1 ==== 205+0+0 (secure 0 0 0) 0x7fcdac01a640 con 0x7fcdb806fba0
2024-02-18T02:29:07.121 INFO:teuthology.orchestra.run.smithi156.stderr:/usr/bin/ceph:
2024-02-18T02:29:07.124+0000 7fcda77fe700 1 -- 172.21.15.156:0/3984839752 <== mon.0 v2:172.21.15.156:3300/0 2 ==== config(25 keys) v1 ==== 1061+0+0 (secure 0 0 0) 0x7fcdac01ac40 con 0x7fcdb806fba0
2024-02-18T02:29:07.121 INFO:teuthology.orchestra.run.smithi156.stderr:/usr/bin/ceph:
2024-02-18T02:29:07.124+0000 7fcdbcbf0700 1 -- 172.21.15.156:0/3984839752 --> [v2:172.21.15.156:3300/0,v1:172.21.15.156:6789/0] -- mon_subscribe({mgrmap=0+}) v3 -- 0x7fcdb810d1e0 con 0x7fcdb806fba0
2024-02-18T02:29:07.121 INFO:teuthology.orchestra.run.smithi156.stderr:/usr/bin/ceph:
2024-02-18T02:29:07.124+0000 7fcda77fe700 1 -- 172.21.15.156:0/3984839752 <== mon.0 v2:172.21.15.156:3300/0 3 ==== mon_map magic: 0 v1 ==== 205+0+0 (secure 0 0 0) 0x7fcdac023bf0 con 0x7fcdb806fba0
2024-02-18T02:29:07.121 INFO:teuthology.orchestra.run.smithi156.stderr:/usr/bin/ceph:
2024-02-18T02:29:07.124+0000 7fcdbcbf0700 1 -- 172.21.15.156:0/3984839752 --> [v2:172.21.15.156:3300/0,v1:172.21.15.156:6789/0] -- mon_subscribe({osdmap=0}) v3 -- 0x7fcdb810d5f0 con 0x7fcdb806fba0
2024-02-18T02:29:07.121 INFO:teuthology.orchestra.run.smithi156.stderr:/usr/bin/ceph:
2024-02-18T02:29:07.124+0000 7fcda77fe700 1 -- 172.21.15.156:0/3984839752 <== mon.0 v2:172.21.15.156:3300/0 4 ==== mgrmap(e 3) v1 ==== 38465+0+0 (secure 0 0 0) 0x7fcdac02c3f0 con 0x7fcdb806fba0
2024-02-18T02:29:07.122 INFO:teuthology.orchestra.run.smithi156.stderr:/usr/bin/ceph:
2024-02-18T02:29:07.125+0000 7fcda77fe700 1 --2- 172.21.15.156:0/3984839752 >> v2:172.21.15.156:6800/3864147789 conn(0x7fcda0032420 0x7fcda00348e0 unknown :-1 s=NONE pgs=0 cs=0 l=1 rev1=0 rx=0 tx=0).connect
2024-02-18T02:29:07.122 INFO:teuthology.orchestra.run.smithi156.stderr:/usr/bin/ceph:
2024-02-18T02:29:07.125+0000 7fcda77fe700 1 -- 172.21.15.156:0/3984839752 <== mon.0 v2:172.21.15.156:3300/0 5 ==== osd_map(1..1 src has 1..1) v4 ==== 754+0+0 (secure 0 0 0) 0x7fcdac045540 con 0x7fcdb806fba0
2024-02-18T02:29:07.122 INFO:teuthology.orchestra.run.smithi156.stderr:/usr/bin/ceph:
2024-02-18T02:29:07.125+0000 7fcdb5d9b700 1 --2- 172.21.15.156:0/3984839752 >> v2:172.21.15.156:6800/3864147789 conn(0x7fcda0032420 0x7fcda00348e0 unknown :-1 s=BANNER_CONNECTING pgs=0 cs=0 l=1 rev1=0 rx=0 tx=0)._handle_peer_banner_payload supported=1 required=0
2024-02-18T02:29:07.122 INFO:teuthology.orchestra.run.smithi156.stderr:/usr/bin/ceph:
2024-02-18T02:29:07.125+0000 7fcdbcbf0700 1 -- 172.21.15.156:0/3984839752 --> [v2:172.21.15.156:3300/0,v1:172.21.15.156:6789/0] -- mon_command({"prefix": "get_command_descriptions"} v 0) v1 -- 0x7fcdb805a310 con 0x7fcdb806fba0
2024-02-18T02:29:07.122 INFO:teuthology.orchestra.run.smithi156.stderr:/usr/bin/ceph:
2024-02-18T02:29:07.125+0000 7fcdb5d9b700 1 --2- 172.21.15.156:0/3984839752 >> v2:172.21.15.156:6800/3864147789 conn(0x7fcda0032420 0x7fcda00348e0 secure :-1 s=READY pgs=6 cs=0 l=1 rev1=1 rx=0x7fcda8009780 tx=0x7fcda8006cc0).ready entity=mgr.14100 client_cookie=0 server_cookie=0 in_seq=0 out_seq=0
2024-02-18T02:29:07.124 INFO:teuthology.orchestra.run.smithi156.stderr:/usr/bin/ceph:
2024-02-18T02:29:07.130+0000 7fcda77fe700 1 -- 172.21.15.156:0/3984839752 <== mon.0 v2:172.21.15.156:3300/0 6 ==== mon_command_ack([{"prefix": "get_command_descriptions"}]=0 v0) v1 ==== 72+0+163658 (secure 0 0 0) 0x7fcdac01e020 con 0x7fcdb806fba0
2024-02-18T02:29:07.285 INFO:teuthology.orchestra.run.smithi156.stderr:/usr/bin/ceph:
2024-02-18T02:29:07.290+0000 7fcdbcbf0700 1 -- 172.21.15.156:0/3984839752 --> [v2:172.21.15.156:3300/0,v1:172.21.15.156:6789/0] -- mon_command({"prefix": "config assimilate-conf"} v 0) v1 -- 0x7fcdb805eca0 con 0x7fcdb806fba0
2024-02-18T02:29:07.287 INFO:teuthology.orchestra.run.smithi156.stderr:/usr/bin/ceph:
2024-02-18T02:29:07.291+0000 7fcda77fe700 1 -- 172.21.15.156:0/3984839752 <== mon.0 v2:172.21.15.156:3300/0 7 ==== mon_command_ack([{"prefix": "config assimilate-conf"}]=0 v3) v1 ==== 70+0+307 (secure 0 0 0) 0x7fcdac021910 con 0x7fcdb806fba0
2024-02-18T02:29:07.287 INFO:teuthology.orchestra.run.smithi156.stderr:/usr/bin/ceph:
2024-02-18T02:29:07.287 INFO:teuthology.orchestra.run.smithi156.stderr:/usr/bin/ceph: [global]
2024-02-18T02:29:07.287 INFO:teuthology.orchestra.run.smithi156.stderr:/usr/bin/ceph: fsid = 6221606c-ce05-11ee-95ba-87774f69a715
2024-02-18T02:29:07.287 INFO:teuthology.orchestra.run.smithi156.stderr:/usr/bin/ceph: log_to_journald = false
2024-02-18T02:29:07.287 INFO:teuthology.orchestra.run.smithi156.stderr:/usr/bin/ceph: mon_osd_allow_pg_remap = true
2024-02-18T02:29:07.287 INFO:teuthology.orchestra.run.smithi156.stderr:/usr/bin/ceph: mon_osd_allow_primary_affinity = true
2024-02-18T02:29:07.287 INFO:teuthology.orchestra.run.smithi156.stderr:/usr/bin/ceph: mon_warn_on_no_sortbitwise = false
2024-02-18T02:29:07.287 INFO:teuthology.orchestra.run.smithi156.stderr:/usr/bin/ceph: osd_crush_chooseleaf_type = 0
2024-02-18T02:29:07.287 INFO:teuthology.orchestra.run.smithi156.stderr:/usr/bin/ceph:
2024-02-18T02:29:07.288 INFO:teuthology.orchestra.run.smithi156.stderr:/usr/bin/ceph: [mgr]
2024-02-18T02:29:07.288 INFO:teuthology.orchestra.run.smithi156.stderr:/usr/bin/ceph: mgr/telemetry/nag = false
2024-02-18T02:29:07.288 INFO:teuthology.orchestra.run.smithi156.stderr:/usr/bin/ceph:
2024-02-18T02:29:07.288 INFO:teuthology.orchestra.run.smithi156.stderr:/usr/bin/ceph: [osd]
2024-02-18T02:29:07.288 INFO:teuthology.orchestra.run.smithi156.stderr:/usr/bin/ceph: osd_map_max_advance = 10
2024-02-18T02:29:07.288 INFO:teuthology.orchestra.run.smithi156.stderr:/usr/bin/ceph: osd_sloppy_crc = true
2024-02-18T02:29:07.289 INFO:teuthology.orchestra.run.smithi156.stderr:/usr/bin/ceph:
2024-02-18T02:29:07.293+0000 7fcdbcbf0700 1 -- 172.21.15.156:0/3984839752 >> v2:172.21.15.156:6800/3864147789 conn(0x7fcda0032420 msgr2=0x7fcda00348e0 secure :-1 s=STATE_CONNECTION_ESTABLISHED l=1).mark_down
2024-02-18T02:29:07.289 INFO:teuthology.orchestra.run.smithi156.stderr:/usr/bin/ceph:
2024-02-18T02:29:07.293+0000 7fcdbcbf0700 1 --2- 172.21.15.156:0/3984839752 >> v2:172.21.15.156:6800/3864147789 conn(0x7fcda0032420 0x7fcda00348e0 secure :-1 s=READY pgs=6 cs=0 l=1 rev1=1 rx=0x7fcda8009780 tx=0x7fcda8006cc0).stop
2024-02-18T02:29:07.289 INFO:teuthology.orchestra.run.smithi156.stderr:/usr/bin/ceph:
2024-02-18T02:29:07.294+0000 7fcdbcbf0700 1 -- 172.21.15.156:0/3984839752 >> [v2:172.21.15.156:3300/0,v1:172.21.15.156:6789/0] conn(0x7fcdb806fba0 msgr2=0x7fcdb810caf0 secure :-1 s=STATE_CONNECTION_ESTABLISHED l=1).mark_down
2024-02-18T02:29:07.289 INFO:teuthology.orchestra.run.smithi156.stderr:/usr/bin/ceph:
2024-02-18T02:29:07.294+0000 7fcdbcbf0700 1 --2- 172.21.15.156:0/3984839752 >> [v2:172.21.15.156:3300/0,v1:172.21.15.156:6789/0] conn(0x7fcdb806fba0 0x7fcdb810caf0 secure :-1 s=READY pgs=17 cs=0 l=1 rev1=1 rx=0x7fcdac000c00 tx=0x7fcdac0090f0).stop
2024-02-18T02:29:07.289 INFO:teuthology.orchestra.run.smithi156.stderr:/usr/bin/ceph:
2024-02-18T02:29:07.294+0000 7fcdbcbf0700 1 -- 172.21.15.156:0/3984839752 shutdown_connections
2024-02-18T02:29:07.290 INFO:teuthology.orchestra.run.smithi156.stderr:/usr/bin/ceph:
2024-02-18T02:29:07.294+0000 7fcdbcbf0700 1 --2- 172.21.15.156:0/3984839752 >> v2:172.21.15.156:6800/3864147789 conn(0x7fcda0032420 0x7fcda00348e0 unknown :-1 s=CLOSED pgs=6 cs=0 l=1 rev1=1 rx=0 tx=0).stop
2024-02-18T02:29:07.290 INFO:teuthology.orchestra.run.smithi156.stderr:/usr/bin/ceph:
2024-02-18T02:29:07.294+0000 7fcdbcbf0700 1 --2- 172.21.15.156:0/3984839752 >> [v2:172.21.15.156:3300/0,v1:172.21.15.156:6789/0] conn(0x7fcdb806fba0 0x7fcdb810caf0 unknown :-1 s=CLOSED pgs=17 cs=0 l=1 rev1=1 rx=0 tx=0).stop
2024-02-18T02:29:07.290 INFO:teuthology.orchestra.run.smithi156.stderr:/usr/bin/ceph:
2024-02-18T02:29:07.294+0000 7fcdbcbf0700 1 -- 172.21.15.156:0/3984839752 >> 172.21.15.156:0/3984839752 conn(0x7fcdb80f5f90 msgr2=0x7fcdb80f7900 unknown :-1 s=STATE_NONE l=0).mark_down
2024-02-18T02:29:07.290 INFO:teuthology.orchestra.run.smithi156.stderr:/usr/bin/ceph:
2024-02-18T02:29:07.294+0000 7fcdbcbf0700 1 -- 172.21.15.156:0/3984839752 shutdown_connections
2024-02-18T02:29:07.290 INFO:teuthology.orchestra.run.smithi156.stderr:/usr/bin/ceph:
2024-02-18T02:29:07.294+0000 7fcdbcbf0700 1 -- 172.21.15.156:0/3984839752 wait complete.
2024-02-18T02:29:07.308 INFO:journalctl@ceph.mon.a.smithi156.stdout:Feb 18 02:29:07 smithi156 ceph-6221606c-ce05-11ee-95ba-87774f69a715-mon-a[37490]: cluster
2024-02-18T02:29:06.023830+0000 mon.a (mon.0) 22 : cluster [DBG] mgrmap e3: y(active, since 1.00558s)
2024-02-18T02:29:07.308 INFO:journalctl@ceph.mon.a.smithi156.stdout:Feb 18 02:29:07 smithi156 ceph-6221606c-ce05-11ee-95ba-87774f69a715-mon-a[37490]: audit
2024-02-18T02:29:06.432758+0000 mon.a (mon.0) 23 : audit [DBG] from='client.? 172.21.15.156:0/1037767670' entity='client.admin' cmd=[{"prefix": "status", "format": "json-pretty"}]: dispatch
2024-02-18T02:29:07.631 INFO:teuthology.orchestra.run.smithi156.stderr:Enabling cephadm module...
2024-02-18T02:29:07.958 INFO:teuthology.orchestra.run.smithi156.stderr:/usr/bin/ceph:
2024-02-18T02:29:07.963+0000 7f8c5eca5700 1 Processor -- start
2024-02-18T02:29:07.962 INFO:teuthology.orchestra.run.smithi156.stderr:/usr/bin/ceph:
2024-02-18T02:29:07.963+0000 7f8c5eca5700 1 -- start start
2024-02-18T02:29:07.962 INFO:teuthology.orchestra.run.smithi156.stderr:/usr/bin/ceph:
2024-02-18T02:29:07.963+0000 7f8c5eca5700 1 --2- >> [v2:172.21.15.156:3300/0,v1:172.21.15.156:6789/0] conn(0x7f8c5806fc00 0x7f8c580fe570 unknown :-1 s=NONE pgs=0 cs=0 l=0 rev1=0 rx=0 tx=0).connect
2024-02-18T02:29:07.962 INFO:teuthology.orchestra.run.smithi156.stderr:/usr/bin/ceph:
2024-02-18T02:29:07.963+0000 7f8c5eca5700 1 -- --> [v2:172.21.15.156:3300/0,v1:172.21.15.156:6789/0] -- mon_getmap magic: 0 v1 -- 0x7f8c580fea60 con 0x7f8c5806fc00
2024-02-18T02:29:07.962 INFO:teuthology.orchestra.run.smithi156.stderr:/usr/bin/ceph:
2024-02-18T02:29:07.963+0000 7f8c5ca41700 1 --2- >> [v2:172.21.15.156:3300/0,v1:172.21.15.156:6789/0] conn(0x7f8c5806fc00 0x7f8c580fe570 unknown :-1 s=BANNER_CONNECTING pgs=0 cs=0 l=0 rev1=0 rx=0 tx=0)._handle_peer_banner_payload supported=1 required=0
2024-02-18T02:29:07.962 INFO:teuthology.orchestra.run.smithi156.stderr:/usr/bin/ceph:
2024-02-18T02:29:07.963+0000 7f8c5ca41700 1 --2- >> [v2:172.21.15.156:3300/0,v1:172.21.15.156:6789/0] conn(0x7f8c5806fc00 0x7f8c580fe570 unknown :-1 s=HELLO_CONNECTING pgs=0 cs=0 l=0 rev1=1 rx=0 tx=0).handle_hello peer v2:172.21.15.156:3300/0 says I am v2:172.21.15.156:51544/0 (socket says 172.21.15.156:51544)
2024-02-18T02:29:07.963 INFO:teuthology.orchestra.run.smithi156.stderr:/usr/bin/ceph:
2024-02-18T02:29:07.964+0000 7f8c5ca41700 1 -- 172.21.15.156:0/3528232182 learned_addr learned my addr 172.21.15.156:0/3528232182 (peer_addr_for_me v2:172.21.15.156:0/0)
2024-02-18T02:29:07.963 INFO:teuthology.orchestra.run.smithi156.stderr:/usr/bin/ceph:
2024-02-18T02:29:07.964+0000 7f8c5ca41700 1 -- 172.21.15.156:0/3528232182 --> [v2:172.21.15.156:3300/0,v1:172.21.15.156:6789/0] -- mon_subscribe({config=0+,monmap=0+}) v3 -- 0x7f8c580feba0 con 0x7f8c5806fc00
2024-02-18T02:29:07.963 INFO:teuthology.orchestra.run.smithi156.stderr:/usr/bin/ceph:
2024-02-18T02:29:07.964+0000 7f8c5ca41700 1 --2- 172.21.15.156:0/3528232182 >> [v2:172.21.15.156:3300/0,v1:172.21.15.156:6789/0] conn(0x7f8c5806fc00 0x7f8c580fe570 secure :-1 s=READY pgs=18 cs=0 l=1 rev1=1 rx=0x7f8c4c009730 tx=0x7f8c4c0090f0).ready entity=mon.0 client_cookie=617fcf0695e3d7a2 server_cookie=0 in_seq=0 out_seq=0
2024-02-18T02:29:07.963 INFO:teuthology.orchestra.run.smithi156.stderr:/usr/bin/ceph:
2024-02-18T02:29:07.964+0000 7f8c577fe700 1 -- 172.21.15.156:0/3528232182 <== mon.0 v2:172.21.15.156:3300/0 1 ==== mon_map magic: 0 v1 ==== 205+0+0 (secure 0 0 0) 0x7f8c4c00b610 con 0x7f8c5806fc00
2024-02-18T02:29:07.963 INFO:teuthology.orchestra.run.smithi156.stderr:/usr/bin/ceph:
2024-02-18T02:29:07.964+0000 7f8c577fe700 1 -- 172.21.15.156:0/3528232182 <== mon.0 v2:172.21.15.156:3300/0 2 ==== config(25 keys) v1 ==== 1061+0+0 (secure 0 0 0) 0x7f8c4c00bc10 con 0x7f8c5806fc00
2024-02-18T02:29:07.963 INFO:teuthology.orchestra.run.smithi156.stderr:/usr/bin/ceph:
2024-02-18T02:29:07.964+0000 7f8c577fe700 1 -- 172.21.15.156:0/3528232182 <== mon.0 v2:172.21.15.156:3300/0 3 ==== mon_map magic: 0 v1 ==== 205+0+0 (secure 0 0 0) 0x7f8c4c011c60 con 0x7f8c5806fc00
2024-02-18T02:29:07.963 INFO:teuthology.orchestra.run.smithi156.stderr:/usr/bin/ceph:
2024-02-18T02:29:07.965+0000 7f8c5eca5700 1 -- 172.21.15.156:0/3528232182 >> [v2:172.21.15.156:3300/0,v1:172.21.15.156:6789/0] conn(0x7f8c5806fc00 msgr2=0x7f8c580fe570 secure :-1 s=STATE_CONNECTION_ESTABLISHED l=1).mark_down
2024-02-18T02:29:07.963 INFO:teuthology.orchestra.run.smithi156.stderr:/usr/bin/ceph:
2024-02-18T02:29:07.965+0000 7f8c5eca5700 1 --2- 172.21.15.156:0/3528232182 >> [v2:172.21.15.156:3300/0,v1:172.21.15.156:6789/0] conn(0x7f8c5806fc00 0x7f8c580fe570 secure :-1 s=READY pgs=18 cs=0 l=1 rev1=1 rx=0x7f8c4c009730 tx=0x7f8c4c0090f0).stop
2024-02-18T02:29:07.963 INFO:teuthology.orchestra.run.smithi156.stderr:/usr/bin/ceph:
2024-02-18T02:29:07.965+0000 7f8c5eca5700 1 -- 172.21.15.156:0/3528232182 shutdown_connections
2024-02-18T02:29:07.963 INFO:teuthology.orchestra.run.smithi156.stderr:/usr/bin/ceph:
2024-02-18T02:29:07.965+0000 7f8c5eca5700 1 --2- 172.21.15.156:0/3528232182 >> [v2:172.21.15.156:3300/0,v1:172.21.15.156:6789/0] conn(0x7f8c5806fc00 0x7f8c580fe570 unknown :-1 s=CLOSED pgs=18 cs=0 l=1 rev1=1 rx=0 tx=0).stop
2024-02-18T02:29:07.963 INFO:teuthology.orchestra.run.smithi156.stderr:/usr/bin/ceph:
2024-02-18T02:29:07.965+0000 7f8c5eca5700 1 -- 172.21.15.156:0/3528232182 >> 172.21.15.156:0/3528232182 conn(0x7f8c580f5f90 msgr2=0x7f8c580f83f0 unknown :-1 s=STATE_NONE l=0).mark_down
2024-02-18T02:29:07.964 INFO:teuthology.orchestra.run.smithi156.stderr:/usr/bin/ceph:
2024-02-18T02:29:07.965+0000 7f8c5eca5700 1 -- 172.21.15.156:0/3528232182 shutdown_connections
2024-02-18T02:29:07.964 INFO:teuthology.orchestra.run.smithi156.stderr:/usr/bin/ceph:
2024-02-18T02:29:07.965+0000 7f8c5eca5700 1 -- 172.21.15.156:0/3528232182 wait complete.
2024-02-18T02:29:07.964 INFO:teuthology.orchestra.run.smithi156.stderr:/usr/bin/ceph:
2024-02-18T02:29:07.965+0000 7f8c5eca5700 1 Processor -- start
2024-02-18T02:29:07.964 INFO:teuthology.orchestra.run.smithi156.stderr:/usr/bin/ceph:
2024-02-18T02:29:07.965+0000 7f8c5eca5700 1 -- start start
2024-02-18T02:29:07.964 INFO:teuthology.orchestra.run.smithi156.stderr:/usr/bin/ceph:
2024-02-18T02:29:07.966+0000 7f8c5eca5700 1 --2- >> [v2:172.21.15.156:3300/0,v1:172.21.15.156:6789/0] conn(0x7f8c5806fc00 0x7f8c580fbff0 unknown :-1 s=NONE pgs=0 cs=0 l=1 rev1=0 rx=0 tx=0).connect
2024-02-18T02:29:07.964 INFO:teuthology.orchestra.run.smithi156.stderr:/usr/bin/ceph:
2024-02-18T02:29:07.966+0000 7f8c5eca5700 1 -- --> [v2:172.21.15.156:3300/0,v1:172.21.15.156:6789/0] -- mon_getmap magic: 0 v1 -- 0x7f8c580fa470 con 0x7f8c5806fc00
2024-02-18T02:29:07.964 INFO:teuthology.orchestra.run.smithi156.stderr:/usr/bin/ceph:
2024-02-18T02:29:07.966+0000 7f8c5ca41700 1 --2- >> [v2:172.21.15.156:3300/0,v1:172.21.15.156:6789/0] conn(0x7f8c5806fc00 0x7f8c580fbff0 unknown :-1 s=BANNER_CONNECTING pgs=0 cs=0 l=1 rev1=0 rx=0 tx=0)._handle_peer_banner_payload supported=1 required=0
2024-02-18T02:29:07.964 INFO:teuthology.orchestra.run.smithi156.stderr:/usr/bin/ceph:
2024-02-18T02:29:07.966+0000 7f8c5ca41700 1 --2- >> [v2:172.21.15.156:3300/0,v1:172.21.15.156:6789/0] conn(0x7f8c5806fc00 0x7f8c580fbff0 unknown :-1 s=HELLO_CONNECTING pgs=0 cs=0 l=1 rev1=1 rx=0 tx=0).handle_hello peer v2:172.21.15.156:3300/0 says I am v2:172.21.15.156:51552/0 (socket says 172.21.15.156:51552)
2024-02-18T02:29:07.964 INFO:teuthology.orchestra.run.smithi156.stderr:/usr/bin/ceph:
2024-02-18T02:29:07.966+0000 7f8c5ca41700 1 -- 172.21.15.156:0/2941532602 learned_addr learned my addr 172.21.15.156:0/2941532602 (peer_addr_for_me v2:172.21.15.156:0/0)
2024-02-18T02:29:07.964 INFO:teuthology.orchestra.run.smithi156.stderr:/usr/bin/ceph:
2024-02-18T02:29:07.966+0000 7f8c5ca41700 1 -- 172.21.15.156:0/2941532602 --> [v2:172.21.15.156:3300/0,v1:172.21.15.156:6789/0] -- mon_subscribe({config=0+,monmap=0+}) v3 -- 0x7f8c4c009370 con 0x7f8c5806fc00
2024-02-18T02:29:07.964 INFO:teuthology.orchestra.run.smithi156.stderr:/usr/bin/ceph:
2024-02-18T02:29:07.966+0000 7f8c5ca41700 1 --2- 172.21.15.156:0/2941532602 >> [v2:172.21.15.156:3300/0,v1:172.21.15.156:6789/0] conn(0x7f8c5806fc00 0x7f8c580fbff0 secure :-1 s=READY pgs=19 cs=0 l=1 rev1=1 rx=0x7f8c4c012e80 tx=0x7f8c4c0090f0).ready entity=mon.0 client_cookie=0 server_cookie=0 in_seq=0 out_seq=0
2024-02-18T02:29:07.964 INFO:teuthology.orchestra.run.smithi156.stderr:/usr/bin/ceph:
2024-02-18T02:29:07.966+0000 7f8c55ffb700 1 -- 172.21.15.156:0/2941532602 <== mon.0 v2:172.21.15.156:3300/0 1 ==== mon_map magic: 0 v1 ==== 205+0+0 (secure 0 0 0) 0x7f8c4c011db0 con 0x7f8c5806fc00
2024-02-18T02:29:07.964 INFO:teuthology.orchestra.run.smithi156.stderr:/usr/bin/ceph:
2024-02-18T02:29:07.966+0000 7f8c5eca5700 1 -- 172.21.15.156:0/2941532602 --> [v2:172.21.15.156:3300/0,v1:172.21.15.156:6789/0] -- mon_subscribe({mgrmap=0+}) v3 -- 0x7f8c580fa610 con 0x7f8c5806fc00
2024-02-18T02:29:07.965 INFO:teuthology.orchestra.run.smithi156.stderr:/usr/bin/ceph:
2024-02-18T02:29:07.966+0000 7f8c55ffb700 1 -- 172.21.15.156:0/2941532602 <== mon.0 v2:172.21.15.156:3300/0 2 ==== config(25 keys) v1 ==== 1061+0+0 (secure 0 0 0) 0x7f8c4c01a8d0 con 0x7f8c5806fc00
2024-02-18T02:29:07.965 INFO:teuthology.orchestra.run.smithi156.stderr:/usr/bin/ceph:
2024-02-18T02:29:07.966+0000 7f8c55ffb700 1 -- 172.21.15.156:0/2941532602 <== mon.0 v2:172.21.15.156:3300/0 3 ==== mon_map magic: 0 v1 ==== 205+0+0 (secure 0 0 0) 0x7f8c4c012240 con 0x7f8c5806fc00
2024-02-18T02:29:07.965 INFO:teuthology.orchestra.run.smithi156.stderr:/usr/bin/ceph:
2024-02-18T02:29:07.966+0000 7f8c5eca5700 1 -- 172.21.15.156:0/2941532602 --> [v2:172.21.15.156:3300/0,v1:172.21.15.156:6789/0] -- mon_subscribe({osdmap=0}) v3 -- 0x7f8c580faa20 con 0x7f8c5806fc00
2024-02-18T02:29:07.965 INFO:teuthology.orchestra.run.smithi156.stderr:/usr/bin/ceph:
2024-02-18T02:29:07.967+0000 7f8c55ffb700 1 -- 172.21.15.156:0/2941532602 <== mon.0 v2:172.21.15.156:3300/0 4 ==== mgrmap(e 3) v1 ==== 38465+0+0 (secure 0 0 0) 0x7f8c4c012500 con 0x7f8c5806fc00
2024-02-18T02:29:07.965 INFO:teuthology.orchestra.run.smithi156.stderr:/usr/bin/ceph:
2024-02-18T02:29:07.967+0000 7f8c5eca5700 1 -- 172.21.15.156:0/2941532602 --> [v2:172.21.15.156:3300/0,v1:172.21.15.156:6789/0] -- mon_command({"prefix": "get_command_descriptions"} v 0) v1 -- 0x7f8c5805a310 con 0x7f8c5806fc00
2024-02-18T02:29:07.965 INFO:teuthology.orchestra.run.smithi156.stderr:/usr/bin/ceph:
2024-02-18T02:29:07.967+0000 7f8c55ffb700 1 --2- 172.21.15.156:0/2941532602 >> v2:172.21.15.156:6800/3864147789 conn(0x7f8c48032400 0x7f8c480348c0 unknown :-1 s=NONE pgs=0 cs=0 l=1 rev1=0 rx=0 tx=0).connect
2024-02-18T02:29:07.965 INFO:teuthology.orchestra.run.smithi156.stderr:/usr/bin/ceph:
2024-02-18T02:29:07.967+0000 7f8c55ffb700 1 -- 172.21.15.156:0/2941532602 <== mon.0 v2:172.21.15.156:3300/0 5 ==== osd_map(1..1 src has 1..1) v4 ==== 754+0+0 (secure 0 0 0) 0x7f8c4c0447d0 con 0x7f8c5806fc00
2024-02-18T02:29:07.965 INFO:teuthology.orchestra.run.smithi156.stderr:/usr/bin/ceph:
2024-02-18T02:29:07.968+0000 7f8c57fff700 1 --2- 172.21.15.156:0/2941532602 >> v2:172.21.15.156:6800/3864147789 conn(0x7f8c48032400 0x7f8c480348c0 unknown :-1 s=BANNER_CONNECTING pgs=0 cs=0 l=1 rev1=0 rx=0 tx=0)._handle_peer_banner_payload supported=1 required=0
2024-02-18T02:29:07.965 INFO:teuthology.orchestra.run.smithi156.stderr:/usr/bin/ceph:
2024-02-18T02:29:07.968+0000 7f8c57fff700 1 --2- 172.21.15.156:0/2941532602 >> v2:172.21.15.156:6800/3864147789 conn(0x7f8c48032400 0x7f8c480348c0 secure :-1 s=READY pgs=7 cs=0 l=1 rev1=1 rx=0x7f8c44009780 tx=0x7f8c44006cc0).ready entity=mgr.14100 client_cookie=0 server_cookie=0 in_seq=0 out_seq=0
2024-02-18T02:29:07.966 INFO:teuthology.orchestra.run.smithi156.stderr:/usr/bin/ceph:
2024-02-18T02:29:07.972+0000 7f8c55ffb700 1 -- 172.21.15.156:0/2941532602 <== mon.0 v2:172.21.15.156:3300/0 6 ==== mon_command_ack([{"prefix": "get_command_descriptions"}]=0 v0) v1 ==== 72+0+163658 (secure 0 0 0) 0x7f8c4c02b350 con 0x7f8c5806fc00
2024-02-18T02:29:08.018 INFO:teuthology.orchestra.run.smithi156.stderr:/usr/bin/ceph:
2024-02-18T02:29:08.023+0000 7f8c55ffb700 1 -- 172.21.15.156:0/2941532602 <== mon.0 v2:172.21.15.156:3300/0 7 ==== mgrmap(e 4) v1 ==== 38571+0+0 (secure 0 0 0) 0x7f8c4c022450 con 0x7f8c5806fc00
2024-02-18T02:29:08.172 INFO:teuthology.orchestra.run.smithi156.stderr:/usr/bin/ceph:
2024-02-18T02:29:08.177+0000 7f8c5eca5700 1 -- 172.21.15.156:0/2941532602 --> [v2:172.21.15.156:3300/0,v1:172.21.15.156:6789/0] -- mon_command({"prefix": "mgr module enable", "module": "cephadm"} v 0) v1 -- 0x7f8c58046ce0 con 0x7f8c5806fc00
2024-02-18T02:29:08.320 INFO:journalctl@ceph.mon.a.smithi156.stdout:Feb 18 02:29:08 smithi156 ceph-6221606c-ce05-11ee-95ba-87774f69a715-mon-a[37490]: audit
2024-02-18T02:29:07.292373+0000 mon.a (mon.0) 24 : audit [INF] from='client.? 172.21.15.156:0/3984839752' entity='client.admin' cmd=[{"prefix": "config assimilate-conf"}]: dispatch
2024-02-18T02:29:09.019 INFO:teuthology.orchestra.run.smithi156.stderr:/usr/bin/ceph:
2024-02-18T02:29:09.024+0000 7f8c55ffb700 1 -- 172.21.15.156:0/2941532602 <== mon.0 v2:172.21.15.156:3300/0 8 ==== mgrmap(e 5) v1 ==== 38582+0+0 (secure 0 0 0) 0x7f8c4c0127b0 con 0x7f8c5806fc00
2024-02-18T02:29:09.020 INFO:teuthology.orchestra.run.smithi156.stderr:/usr/bin/ceph:
2024-02-18T02:29:09.025+0000 7f8c55ffb700 1 -- 172.21.15.156:0/2941532602 <== mon.0 v2:172.21.15.156:3300/0 9 ==== mon_command_ack([{"prefix": "mgr module enable", "module": "cephadm"}]=0 v5) v1 ==== 86+0+0 (secure 0 0 0) 0x7f8c4c02b920 con 0x7f8c5806fc00
2024-02-18T02:29:09.024 INFO:teuthology.orchestra.run.smithi156.stderr:/usr/bin/ceph:
2024-02-18T02:29:09.028+0000 7f8c5eca5700 1 -- 172.21.15.156:0/2941532602 >> v2:172.21.15.156:6800/3864147789 conn(0x7f8c48032400 msgr2=0x7f8c480348c0 secure :-1 s=STATE_CONNECTION_ESTABLISHED l=1).mark_down
2024-02-18T02:29:09.024 INFO:teuthology.orchestra.run.smithi156.stderr:/usr/bin/ceph:
2024-02-18T02:29:09.028+0000 7f8c5eca5700 1 --2- 172.21.15.156:0/2941532602 >> v2:172.21.15.156:6800/3864147789 conn(0x7f8c48032400 0x7f8c480348c0 secure :-1 s=READY pgs=7 cs=0 l=1 rev1=1 rx=0x7f8c44009780 tx=0x7f8c44006cc0).stop
2024-02-18T02:29:09.024 INFO:teuthology.orchestra.run.smithi156.stderr:/usr/bin/ceph:
2024-02-18T02:29:09.029+0000 7f8c5eca5700 1 -- 172.21.15.156:0/2941532602 >> [v2:172.21.15.156:3300/0,v1:172.21.15.156:6789/0] conn(0x7f8c5806fc00 msgr2=0x7f8c580fbff0 secure :-1 s=STATE_CONNECTION_ESTABLISHED l=1).mark_down
2024-02-18T02:29:09.024 INFO:teuthology.orchestra.run.smithi156.stderr:/usr/bin/ceph:
2024-02-18T02:29:09.029+0000 7f8c5eca5700 1 --2- 172.21.15.156:0/2941532602 >> [v2:172.21.15.156:3300/0,v1:172.21.15.156:6789/0] conn(0x7f8c5806fc00 0x7f8c580fbff0 secure :-1 s=READY pgs=19 cs=0 l=1 rev1=1 rx=0x7f8c4c012e80 tx=0x7f8c4c0090f0).stop
2024-02-18T02:29:09.024 INFO:teuthology.orchestra.run.smithi156.stderr:/usr/bin/ceph:
2024-02-18T02:29:09.029+0000 7f8c5eca5700 1 -- 172.21.15.156:0/2941532602 shutdown_connections
2024-02-18T02:29:09.024 INFO:teuthology.orchestra.run.smithi156.stderr:/usr/bin/ceph:
2024-02-18T02:29:09.029+0000 7f8c5eca5700 1 --2- 172.21.15.156:0/2941532602 >> v2:172.21.15.156:6800/3864147789 conn(0x7f8c48032400 0x7f8c480348c0 unknown :-1 s=CLOSED pgs=7 cs=0 l=1 rev1=1 rx=0 tx=0).stop
2024-02-18T02:29:09.024 INFO:teuthology.orchestra.run.smithi156.stderr:/usr/bin/ceph:
2024-02-18T02:29:09.029+0000 7f8c5eca5700 1 --2- 172.21.15.156:0/2941532602 >> [v2:172.21.15.156:3300/0,v1:172.21.15.156:6789/0] conn(0x7f8c5806fc00 0x7f8c580fbff0 unknown :-1 s=CLOSED pgs=19 cs=0 l=1 rev1=1 rx=0 tx=0).stop
2024-02-18T02:29:09.025 INFO:teuthology.orchestra.run.smithi156.stderr:/usr/bin/ceph:
2024-02-18T02:29:09.029+0000 7f8c5eca5700 1 -- 172.21.15.156:0/2941532602 >> 172.21.15.156:0/2941532602 conn(0x7f8c580f5f90 msgr2=0x7f8c580f7860 unknown :-1 s=STATE_NONE l=0).mark_down
2024-02-18T02:29:09.025 INFO:teuthology.orchestra.run.smithi156.stderr:/usr/bin/ceph:
2024-02-18T02:29:09.030+0000 7f8c5eca5700 1 -- 172.21.15.156:0/2941532602 shutdown_connections
2024-02-18T02:29:09.025 INFO:teuthology.orchestra.run.smithi156.stderr:/usr/bin/ceph:
2024-02-18T02:29:09.030+0000 7f8c5eca5700 1 -- 172.21.15.156:0/2941532602 wait complete.
2024-02-18T02:29:09.316 INFO:journalctl@ceph.mon.a.smithi156.stdout:Feb 18 02:29:09 smithi156 ceph-6221606c-ce05-11ee-95ba-87774f69a715-mon-a[37490]: cluster
2024-02-18T02:29:08.025627+0000 mon.a (mon.0) 25 : cluster [DBG] mgrmap e4: y(active, since 3s)
2024-02-18T02:29:09.316 INFO:journalctl@ceph.mon.a.smithi156.stdout:Feb 18 02:29:09 smithi156 ceph-6221606c-ce05-11ee-95ba-87774f69a715-mon-a[37490]: audit
