2024-02-18T02:29:16.106+0000 7f5e86045700 1 -- --> [v2:172.21.15.156:3300/0,v1:172.21.15.156:6789/0] -- mon_getmap magic: 0 v1 -- 0x7f5e800fb0e0 con 0x7f5e800fa7d0
2024-02-18T02:29:16.103 INFO:teuthology.orchestra.run.smithi156.stderr:/usr/bin/ceph:
2024-02-18T02:29:16.106+0000 7f5e7f7fe700 1 --2- >> [v2:172.21.15.156:3300/0,v1:172.21.15.156:6789/0] conn(0x7f5e800fa7d0 0x7f5e800fabf0 unknown :-1 s=BANNER_CONNECTING pgs=0 cs=0 l=0 rev1=0 rx=0 tx=0)._handle_peer_banner_payload supported=1 required=0
2024-02-18T02:29:16.103 INFO:teuthology.orchestra.run.smithi156.stderr:/usr/bin/ceph:
2024-02-18T02:29:16.106+0000 7f5e7f7fe700 1 --2- >> [v2:172.21.15.156:3300/0,v1:172.21.15.156:6789/0] conn(0x7f5e800fa7d0 0x7f5e800fabf0 unknown :-1 s=HELLO_CONNECTING pgs=0 cs=0 l=0 rev1=1 rx=0 tx=0).handle_hello peer v2:172.21.15.156:3300/0 says I am v2:172.21.15.156:40754/0 (socket says 172.21.15.156:40754)
2024-02-18T02:29:16.103 INFO:teuthology.orchestra.run.smithi156.stderr:/usr/bin/ceph:
2024-02-18T02:29:16.106+0000 7f5e7f7fe700 1 -- 172.21.15.156:0/3207952517 learned_addr learned my addr 172.21.15.156:0/3207952517 (peer_addr_for_me v2:172.21.15.156:0/0)
2024-02-18T02:29:16.103 INFO:teuthology.orchestra.run.smithi156.stderr:/usr/bin/ceph:
2024-02-18T02:29:16.106+0000 7f5e7f7fe700 1 -- 172.21.15.156:0/3207952517 --> [v2:172.21.15.156:3300/0,v1:172.21.15.156:6789/0] -- mon_subscribe({config=0+,monmap=0+}) v3 -- 0x7f5e800fb220 con 0x7f5e800fa7d0
2024-02-18T02:29:16.103 INFO:teuthology.orchestra.run.smithi156.stderr:/usr/bin/ceph:
2024-02-18T02:29:16.107+0000 7f5e7f7fe700 1 --2- 172.21.15.156:0/3207952517 >> [v2:172.21.15.156:3300/0,v1:172.21.15.156:6789/0] conn(0x7f5e800fa7d0 0x7f5e800fabf0 secure :-1 s=READY pgs=31 cs=0 l=1 rev1=1 rx=0x7f5e70009730 tx=0x7f5e700090f0).ready entity=mon.0 client_cookie=ff65830fc56ceabc server_cookie=0 in_seq=0 out_seq=0
2024-02-18T02:29:16.103 INFO:teuthology.orchestra.run.smithi156.stderr:/usr/bin/ceph:
2024-02-18T02:29:16.107+0000 7f5e7e7fc700 1 -- 172.21.15.156:0/3207952517 <== mon.0 v2:172.21.15.156:3300/0 1 ==== mon_map magic: 0 v1 ==== 205+0+0 (secure 0 0 0) 0x7f5e7000b580 con 0x7f5e800fa7d0
2024-02-18T02:29:16.103 INFO:teuthology.orchestra.run.smithi156.stderr:/usr/bin/ceph:
2024-02-18T02:29:16.107+0000 7f5e7e7fc700 1 -- 172.21.15.156:0/3207952517 <== mon.0 v2:172.21.15.156:3300/0 2 ==== config(25 keys) v1 ==== 1061+0+0 (secure 0 0 0) 0x7f5e7000bb80 con 0x7f5e800fa7d0
2024-02-18T02:29:16.103 INFO:teuthology.orchestra.run.smithi156.stderr:/usr/bin/ceph:
2024-02-18T02:29:16.107+0000 7f5e7e7fc700 1 -- 172.21.15.156:0/3207952517 <== mon.0 v2:172.21.15.156:3300/0 3 ==== mon_map magic: 0 v1 ==== 205+0+0 (secure 0 0 0) 0x7f5e70011b50 con 0x7f5e800fa7d0
2024-02-18T02:29:16.103 INFO:teuthology.orchestra.run.smithi156.stderr:/usr/bin/ceph:
2024-02-18T02:29:16.107+0000 7f5e86045700 1 -- 172.21.15.156:0/3207952517 >> [v2:172.21.15.156:3300/0,v1:172.21.15.156:6789/0] conn(0x7f5e800fa7d0 msgr2=0x7f5e800fabf0 secure :-1 s=STATE_CONNECTION_ESTABLISHED l=1).mark_down
2024-02-18T02:29:16.103 INFO:teuthology.orchestra.run.smithi156.stderr:/usr/bin/ceph:
2024-02-18T02:29:16.107+0000 7f5e86045700 1 --2- 172.21.15.156:0/3207952517 >> [v2:172.21.15.156:3300/0,v1:172.21.15.156:6789/0] conn(0x7f5e800fa7d0 0x7f5e800fabf0 secure :-1 s=READY pgs=31 cs=0 l=1 rev1=1 rx=0x7f5e70009730 tx=0x7f5e700090f0).stop
2024-02-18T02:29:16.103 INFO:teuthology.orchestra.run.smithi156.stderr:/usr/bin/ceph:
2024-02-18T02:29:16.107+0000 7f5e86045700 1 -- 172.21.15.156:0/3207952517 shutdown_connections
2024-02-18T02:29:16.104 INFO:teuthology.orchestra.run.smithi156.stderr:/usr/bin/ceph:
2024-02-18T02:29:16.107+0000 7f5e86045700 1 --2- 172.21.15.156:0/3207952517 >> [v2:172.21.15.156:3300/0,v1:172.21.15.156:6789/0] conn(0x7f5e800fa7d0 0x7f5e800fabf0 unknown :-1 s=CLOSED pgs=31 cs=0 l=1 rev1=1 rx=0 tx=0).stop
2024-02-18T02:29:16.104 INFO:teuthology.orchestra.run.smithi156.stderr:/usr/bin/ceph:
2024-02-18T02:29:16.107+0000 7f5e86045700 1 -- 172.21.15.156:0/3207952517 >> 172.21.15.156:0/3207952517 conn(0x7f5e800f5f90 msgr2=0x7f5e800f83f0 unknown :-1 s=STATE_NONE l=0).mark_down
2024-02-18T02:29:16.104 INFO:teuthology.orchestra.run.smithi156.stderr:/usr/bin/ceph:
2024-02-18T02:29:16.108+0000 7f5e86045700 1 -- 172.21.15.156:0/3207952517 shutdown_connections
2024-02-18T02:29:16.104 INFO:teuthology.orchestra.run.smithi156.stderr:/usr/bin/ceph:
2024-02-18T02:29:16.108+0000 7f5e86045700 1 -- 172.21.15.156:0/3207952517 wait complete.
2024-02-18T02:29:16.106 INFO:teuthology.orchestra.run.smithi156.stderr:/usr/bin/ceph:
2024-02-18T02:29:16.108+0000 7f5e86045700 1 Processor -- start
2024-02-18T02:29:16.106 INFO:teuthology.orchestra.run.smithi156.stderr:/usr/bin/ceph:
2024-02-18T02:29:16.109+0000 7f5e86045700 1 -- start start
2024-02-18T02:29:16.106 INFO:teuthology.orchestra.run.smithi156.stderr:/usr/bin/ceph:
2024-02-18T02:29:16.109+0000 7f5e86045700 1 --2- >> [v2:172.21.15.156:3300/0,v1:172.21.15.156:6789/0] conn(0x7f5e800fa7d0 0x7f5e80100b30 unknown :-1 s=NONE pgs=0 cs=0 l=1 rev1=0 rx=0 tx=0).connect
2024-02-18T02:29:16.106 INFO:teuthology.orchestra.run.smithi156.stderr:/usr/bin/ceph:
2024-02-18T02:29:16.109+0000 7f5e86045700 1 -- --> [v2:172.21.15.156:3300/0,v1:172.21.15.156:6789/0] -- mon_getmap magic: 0 v1 -- 0x7f5e800fefb0 con 0x7f5e800fa7d0
2024-02-18T02:29:16.106 INFO:teuthology.orchestra.run.smithi156.stderr:/usr/bin/ceph:
2024-02-18T02:29:16.109+0000 7f5e7f7fe700 1 --2- >> [v2:172.21.15.156:3300/0,v1:172.21.15.156:6789/0] conn(0x7f5e800fa7d0 0x7f5e80100b30 unknown :-1 s=BANNER_CONNECTING pgs=0 cs=0 l=1 rev1=0 rx=0 tx=0)._handle_peer_banner_payload supported=1 required=0
2024-02-18T02:29:16.106 INFO:teuthology.orchestra.run.smithi156.stderr:/usr/bin/ceph:
2024-02-18T02:29:16.109+0000 7f5e7f7fe700 1 --2- >> [v2:172.21.15.156:3300/0,v1:172.21.15.156:6789/0] conn(0x7f5e800fa7d0 0x7f5e80100b30 unknown :-1 s=HELLO_CONNECTING pgs=0 cs=0 l=1 rev1=1 rx=0 tx=0).handle_hello peer v2:172.21.15.156:3300/0 says I am v2:172.21.15.156:40756/0 (socket says 172.21.15.156:40756)
2024-02-18T02:29:16.106 INFO:teuthology.orchestra.run.smithi156.stderr:/usr/bin/ceph:
2024-02-18T02:29:16.109+0000 7f5e7f7fe700 1 -- 172.21.15.156:0/3806980627 learned_addr learned my addr 172.21.15.156:0/3806980627 (peer_addr_for_me v2:172.21.15.156:0/0)
2024-02-18T02:29:16.106 INFO:teuthology.orchestra.run.smithi156.stderr:/usr/bin/ceph:
2024-02-18T02:29:16.109+0000 7f5e7f7fe700 1 -- 172.21.15.156:0/3806980627 --> [v2:172.21.15.156:3300/0,v1:172.21.15.156:6789/0] -- mon_subscribe({config=0+,monmap=0+}) v3 -- 0x7f5e70009370 con 0x7f5e800fa7d0
2024-02-18T02:29:16.106 INFO:teuthology.orchestra.run.smithi156.stderr:/usr/bin/ceph:
2024-02-18T02:29:16.109+0000 7f5e7f7fe700 1 --2- 172.21.15.156:0/3806980627 >> [v2:172.21.15.156:3300/0,v1:172.21.15.156:6789/0] conn(0x7f5e800fa7d0 0x7f5e80100b30 secure :-1 s=READY pgs=32 cs=0 l=1 rev1=1 rx=0x7f5e70006eb0 tx=0x7f5e700090f0).ready entity=mon.0 client_cookie=0 server_cookie=0 in_seq=0 out_seq=0
2024-02-18T02:29:16.106 INFO:teuthology.orchestra.run.smithi156.stderr:/usr/bin/ceph:
2024-02-18T02:29:16.109+0000 7f5e7cff9700 1 -- 172.21.15.156:0/3806980627 <== mon.0 v2:172.21.15.156:3300/0 1 ==== mon_map magic: 0 v1 ==== 205+0+0 (secure 0 0 0) 0x7f5e7001a640 con 0x7f5e800fa7d0
2024-02-18T02:29:16.106 INFO:teuthology.orchestra.run.smithi156.stderr:/usr/bin/ceph:
2024-02-18T02:29:16.109+0000 7f5e86045700 1 -- 172.21.15.156:0/3806980627 --> [v2:172.21.15.156:3300/0,v1:172.21.15.156:6789/0] -- mon_subscribe({mgrmap=0+}) v3 -- 0x7f5e800ff150 con 0x7f5e800fa7d0
2024-02-18T02:29:16.106 INFO:teuthology.orchestra.run.smithi156.stderr:/usr/bin/ceph:
2024-02-18T02:29:16.109+0000 7f5e7cff9700 1 -- 172.21.15.156:0/3806980627 <== mon.0 v2:172.21.15.156:3300/0 2 ==== config(25 keys) v1 ==== 1061+0+0 (secure 0 0 0) 0x7f5e7001ac40 con 0x7f5e800fa7d0
2024-02-18T02:29:16.107 INFO:teuthology.orchestra.run.smithi156.stderr:/usr/bin/ceph:
2024-02-18T02:29:16.109+0000 7f5e7cff9700 1 -- 172.21.15.156:0/3806980627 <== mon.0 v2:172.21.15.156:3300/0 3 ==== mon_map magic: 0 v1 ==== 205+0+0 (secure 0 0 0) 0x7f5e70022a90 con 0x7f5e800fa7d0
2024-02-18T02:29:16.107 INFO:teuthology.orchestra.run.smithi156.stderr:/usr/bin/ceph:
2024-02-18T02:29:16.110+0000 7f5e86045700 1 -- 172.21.15.156:0/3806980627 --> [v2:172.21.15.156:3300/0,v1:172.21.15.156:6789/0] -- mon_subscribe({osdmap=0}) v3 -- 0x7f5e800ff560 con 0x7f5e800fa7d0
2024-02-18T02:29:16.107 INFO:teuthology.orchestra.run.smithi156.stderr:/usr/bin/ceph:
2024-02-18T02:29:16.110+0000 7f5e7cff9700 1 -- 172.21.15.156:0/3806980627 <== mon.0 v2:172.21.15.156:3300/0 4 ==== mgrmap(e 7) v1 ==== 38476+0+0 (secure 0 0 0) 0x7f5e70022d50 con 0x7f5e800fa7d0
2024-02-18T02:29:16.107 INFO:teuthology.orchestra.run.smithi156.stderr:/usr/bin/ceph:
2024-02-18T02:29:16.110+0000 7f5e7cff9700 1 --2- 172.21.15.156:0/3806980627 >> v2:172.21.15.156:6800/199234931 conn(0x7f5e68032470 0x7f5e68034930 unknown :-1 s=NONE pgs=0 cs=0 l=1 rev1=0 rx=0 tx=0).connect
2024-02-18T02:29:16.107 INFO:teuthology.orchestra.run.smithi156.stderr:/usr/bin/ceph:
2024-02-18T02:29:16.110+0000 7f5e86045700 1 -- 172.21.15.156:0/3806980627 --> [v2:172.21.15.156:3300/0,v1:172.21.15.156:6789/0] -- mon_command({"prefix": "get_command_descriptions"} v 0) v1 -- 0x7f5e8005a310 con 0x7f5e800fa7d0
2024-02-18T02:29:16.107 INFO:teuthology.orchestra.run.smithi156.stderr:/usr/bin/ceph:
2024-02-18T02:29:16.110+0000 7f5e7cff9700 1 -- 172.21.15.156:0/3806980627 <== mon.0 v2:172.21.15.156:3300/0 5 ==== osd_map(2..2 src has 1..2) v4 ==== 883+0+0 (secure 0 0 0) 0x7f5e70044790 con 0x7f5e800fa7d0
2024-02-18T02:29:16.107 INFO:teuthology.orchestra.run.smithi156.stderr:/usr/bin/ceph:
2024-02-18T02:29:16.111+0000 7f5e7effd700 1 --2- 172.21.15.156:0/3806980627 >> v2:172.21.15.156:6800/199234931 conn(0x7f5e68032470 0x7f5e68034930 unknown :-1 s=BANNER_CONNECTING pgs=0 cs=0 l=1 rev1=0 rx=0 tx=0)._handle_peer_banner_payload supported=1 required=0
2024-02-18T02:29:16.107 INFO:teuthology.orchestra.run.smithi156.stderr:/usr/bin/ceph:
2024-02-18T02:29:16.111+0000 7f5e7effd700 1 --2- 172.21.15.156:0/3806980627 >> v2:172.21.15.156:6800/199234931 conn(0x7f5e68032470 0x7f5e68034930 secure :-1 s=READY pgs=6 cs=0 l=1 rev1=1 rx=0x7f5e74009780 tx=0x7f5e74006cc0).ready entity=mgr.14116 client_cookie=0 server_cookie=0 in_seq=0 out_seq=0
2024-02-18T02:29:16.109 INFO:teuthology.orchestra.run.smithi156.stderr:/usr/bin/ceph:
2024-02-18T02:29:16.115+0000 7f5e7cff9700 1 -- 172.21.15.156:0/3806980627 <== mon.0 v2:172.21.15.156:3300/0 6 ==== mon_command_ack([{"prefix": "get_command_descriptions"}]=0 v0) v1 ==== 72+0+163658 (secure 0 0 0) 0x7f5e7001e070 con 0x7f5e800fa7d0
2024-02-18T02:29:16.286 INFO:teuthology.orchestra.run.smithi156.stderr:/usr/bin/ceph:
2024-02-18T02:29:16.292+0000 7f5e86045700 1 -- 172.21.15.156:0/3806980627 --> v2:172.21.15.156:6800/199234931 -- mgr_command(tid 0: {"prefix": "orch set backend", "module_name": "cephadm", "target": ["mon-mgr", ""]}) v1 -- 0x7f5e800fc5b0 con 0x7f5e68032470
2024-02-18T02:29:16.291 INFO:teuthology.orchestra.run.smithi156.stderr:/usr/bin/ceph:
2024-02-18T02:29:16.297+0000 7f5e7cff9700 1 -- 172.21.15.156:0/3806980627 <== mgr.14116 v2:172.21.15.156:6800/199234931 1 ==== mgr_command_reply(tid 0: 0 ) v1 ==== 8+0+0 (secure 0 0 0) 0x7f5e800fc5b0 con 0x7f5e68032470
2024-02-18T02:29:16.294 INFO:teuthology.orchestra.run.smithi156.stderr:/usr/bin/ceph:
2024-02-18T02:29:16.299+0000 7f5e86045700 1 -- 172.21.15.156:0/3806980627 >> v2:172.21.15.156:6800/199234931 conn(0x7f5e68032470 msgr2=0x7f5e68034930 secure :-1 s=STATE_CONNECTION_ESTABLISHED l=1).mark_down
2024-02-18T02:29:16.294 INFO:teuthology.orchestra.run.smithi156.stderr:/usr/bin/ceph:
2024-02-18T02:29:16.299+0000 7f5e86045700 1 --2- 172.21.15.156:0/3806980627 >> v2:172.21.15.156:6800/199234931 conn(0x7f5e68032470 0x7f5e68034930 secure :-1 s=READY pgs=6 cs=0 l=1 rev1=1 rx=0x7f5e74009780 tx=0x7f5e74006cc0).stop
2024-02-18T02:29:16.294 INFO:teuthology.orchestra.run.smithi156.stderr:/usr/bin/ceph:
2024-02-18T02:29:16.299+0000 7f5e86045700 1 -- 172.21.15.156:0/3806980627 >> [v2:172.21.15.156:3300/0,v1:172.21.15.156:6789/0] conn(0x7f5e800fa7d0 msgr2=0x7f5e80100b30 secure :-1 s=STATE_CONNECTION_ESTABLISHED l=1).mark_down
2024-02-18T02:29:16.295 INFO:teuthology.orchestra.run.smithi156.stderr:/usr/bin/ceph:
2024-02-18T02:29:16.299+0000 7f5e86045700 1 --2- 172.21.15.156:0/3806980627 >> [v2:172.21.15.156:3300/0,v1:172.21.15.156:6789/0] conn(0x7f5e800fa7d0 0x7f5e80100b30 secure :-1 s=READY pgs=32 cs=0 l=1 rev1=1 rx=0x7f5e70006eb0 tx=0x7f5e700090f0).stop
2024-02-18T02:29:16.295 INFO:teuthology.orchestra.run.smithi156.stderr:/usr/bin/ceph:
2024-02-18T02:29:16.300+0000 7f5e86045700 1 -- 172.21.15.156:0/3806980627 shutdown_connections
2024-02-18T02:29:16.295 INFO:teuthology.orchestra.run.smithi156.stderr:/usr/bin/ceph:
2024-02-18T02:29:16.300+0000 7f5e86045700 1 --2- 172.21.15.156:0/3806980627 >> v2:172.21.15.156:6800/199234931 conn(0x7f5e68032470 0x7f5e68034930 unknown :-1 s=CLOSED pgs=6 cs=0 l=1 rev1=1 rx=0 tx=0).stop
2024-02-18T02:29:16.295 INFO:teuthology.orchestra.run.smithi156.stderr:/usr/bin/ceph:
2024-02-18T02:29:16.300+0000 7f5e86045700 1 --2- 172.21.15.156:0/3806980627 >> [v2:172.21.15.156:3300/0,v1:172.21.15.156:6789/0] conn(0x7f5e800fa7d0 0x7f5e80100b30 unknown :-1 s=CLOSED pgs=32 cs=0 l=1 rev1=1 rx=0 tx=0).stop
2024-02-18T02:29:16.295 INFO:teuthology.orchestra.run.smithi156.stderr:/usr/bin/ceph:
2024-02-18T02:29:16.300+0000 7f5e86045700 1 -- 172.21.15.156:0/3806980627 >> 172.21.15.156:0/3806980627 conn(0x7f5e800f5f90 msgr2=0x7f5e8006f870 unknown :-1 s=STATE_NONE l=0).mark_down
2024-02-18T02:29:16.295 INFO:teuthology.orchestra.run.smithi156.stderr:/usr/bin/ceph:
2024-02-18T02:29:16.300+0000 7f5e86045700 1 -- 172.21.15.156:0/3806980627 shutdown_connections
2024-02-18T02:29:16.295 INFO:teuthology.orchestra.run.smithi156.stderr:/usr/bin/ceph:
2024-02-18T02:29:16.300+0000 7f5e86045700 1 -- 172.21.15.156:0/3806980627 wait complete.
2024-02-18T02:29:16.570 INFO:journalctl@ceph.mon.a.smithi156.stdout:Feb 18 02:29:16 smithi156 ceph-6221606c-ce05-11ee-95ba-87774f69a715-mon-a[37490]: audit
2024-02-18T02:29:15.384684+0000 mgr.y (mgr.14116) 2 : audit [DBG] from='client.14120 -' entity='client.admin' cmd=[{"prefix": "get_command_descriptions"}]: dispatch
2024-02-18T02:29:16.570 INFO:journalctl@ceph.mon.a.smithi156.stdout:Feb 18 02:29:16 smithi156 ceph-6221606c-ce05-11ee-95ba-87774f69a715-mon-a[37490]: audit
2024-02-18T02:29:15.391625+0000 mgr.y (mgr.14116) 3 : audit [DBG] from='client.14120 -' entity='client.admin' cmd=[{"prefix": "mgr_status"}]: dispatch
2024-02-18T02:29:16.571 INFO:journalctl@ceph.mon.a.smithi156.stdout:Feb 18 02:29:16 smithi156 ceph-6221606c-ce05-11ee-95ba-87774f69a715-mon-a[37490]: audit
2024-02-18T02:29:16.298309+0000 mon.a (mon.0) 48 : audit [INF] from='mgr.14116 172.21.15.156:0/190224439' entity='mgr.y'
2024-02-18T02:29:16.571 INFO:journalctl@ceph.mon.a.smithi156.stdout:Feb 18 02:29:16 smithi156 ceph-6221606c-ce05-11ee-95ba-87774f69a715-mon-a[37490]: audit
2024-02-18T02:29:16.324953+0000 mon.a (mon.0) 49 : audit [DBG] from='mgr.14116 172.21.15.156:0/190224439' entity='mgr.y' cmd=[{"prefix": "config dump", "format": "json"}]: dispatch
2024-02-18T02:29:17.820 INFO:journalctl@ceph.mon.a.smithi156.stdout:Feb 18 02:29:17 smithi156 ceph-6221606c-ce05-11ee-95ba-87774f69a715-mon-a[37490]: audit
2024-02-18T02:29:16.294346+0000 mgr.y (mgr.14116) 4 : audit [DBG] from='client.14126 -' entity='client.admin' cmd=[{"prefix": "orch set backend", "module_name": "cephadm", "target": ["mon-mgr", ""]}]: dispatch
2024-02-18T02:29:17.821 INFO:journalctl@ceph.mon.a.smithi156.stdout:Feb 18 02:29:17 smithi156 ceph-6221606c-ce05-11ee-95ba-87774f69a715-mon-a[37490]: cluster
2024-02-18T02:29:17.299557+0000 mon.a (mon.0) 50 : cluster [DBG] mgrmap e8: y(active, since 2s)
2024-02-18T02:29:19.631 INFO:teuthology.orchestra.run.smithi156.stderr:/usr/bin/ceph:
2024-02-18T02:29:19.446+0000 7fb0e471d700 1 Processor -- start
2024-02-18T02:29:19.632 INFO:teuthology.orchestra.run.smithi156.stderr:/usr/bin/ceph:
2024-02-18T02:29:19.446+0000 7fb0e471d700 1 -- start start
2024-02-18T02:29:19.632 INFO:teuthology.orchestra.run.smithi156.stderr:/usr/bin/ceph:
2024-02-18T02:29:19.446+0000 7fb0e471d700 1 --2- >> [v2:172.21.15.156:3300/0,v1:172.21.15.156:6789/0] conn(0x7fb0dc06fba0 0x7fb0dc1009d0 unknown :-1 s=NONE pgs=0 cs=0 l=0 rev1=0 rx=0 tx=0).connect
2024-02-18T02:29:19.632 INFO:teuthology.orchestra.run.smithi156.stderr:/usr/bin/ceph:
2024-02-18T02:29:19.446+0000 7fb0e471d700 1 -- --> [v2:172.21.15.156:3300/0,v1:172.21.15.156:6789/0] -- mon_getmap magic: 0 v1 -- 0x7fb0dc0fc3c0 con 0x7fb0dc06fba0
2024-02-18T02:29:19.632 INFO:teuthology.orchestra.run.smithi156.stderr:/usr/bin/ceph:
2024-02-18T02:29:19.446+0000 7fb0e24b9700 1 --2- >> [v2:172.21.15.156:3300/0,v1:172.21.15.156:6789/0] conn(0x7fb0dc06fba0 0x7fb0dc1009d0 unknown :-1 s=BANNER_CONNECTING pgs=0 cs=0 l=0 rev1=0 rx=0 tx=0)._handle_peer_banner_payload supported=1 required=0
2024-02-18T02:29:19.632 INFO:teuthology.orchestra.run.smithi156.stderr:/usr/bin/ceph:
2024-02-18T02:29:19.447+0000 7fb0e24b9700 1 --2- >> [v2:172.21.15.156:3300/0,v1:172.21.15.156:6789/0] conn(0x7fb0dc06fba0 0x7fb0dc1009d0 unknown :-1 s=HELLO_CONNECTING pgs=0 cs=0 l=0 rev1=1 rx=0 tx=0).handle_hello peer v2:172.21.15.156:3300/0 says I am v2:172.21.15.156:40760/0 (socket says 172.21.15.156:40760)
2024-02-18T02:29:19.632 INFO:teuthology.orchestra.run.smithi156.stderr:/usr/bin/ceph:
2024-02-18T02:29:19.447+0000 7fb0e24b9700 1 -- 172.21.15.156:0/2714504711 learned_addr learned my addr 172.21.15.156:0/2714504711 (peer_addr_for_me v2:172.21.15.156:0/0)
2024-02-18T02:29:19.632 INFO:teuthology.orchestra.run.smithi156.stderr:/usr/bin/ceph:
2024-02-18T02:29:19.447+0000 7fb0e24b9700 1 -- 172.21.15.156:0/2714504711 --> [v2:172.21.15.156:3300/0,v1:172.21.15.156:6789/0] -- mon_subscribe({config=0+,monmap=0+}) v3 -- 0x7fb0dc100ec0 con 0x7fb0dc06fba0
2024-02-18T02:29:19.632 INFO:teuthology.orchestra.run.smithi156.stderr:/usr/bin/ceph:
2024-02-18T02:29:19.447+0000 7fb0e24b9700 1 --2- 172.21.15.156:0/2714504711 >> [v2:172.21.15.156:3300/0,v1:172.21.15.156:6789/0] conn(0x7fb0dc06fba0 0x7fb0dc1009d0 secure :-1 s=READY pgs=33 cs=0 l=1 rev1=1 rx=0x7fb0d8009730 tx=0x7fb0d80090f0).ready entity=mon.0 client_cookie=4d362be38a1f700f server_cookie=0 in_seq=0 out_seq=0
2024-02-18T02:29:19.632 INFO:teuthology.orchestra.run.smithi156.stderr:/usr/bin/ceph:
2024-02-18T02:29:19.447+0000 7fb0e14b7700 1 -- 172.21.15.156:0/2714504711 <== mon.0 v2:172.21.15.156:3300/0 1 ==== mon_map magic: 0 v1 ==== 205+0+0 (secure 0 0 0) 0x7fb0d800b580 con 0x7fb0dc06fba0
2024-02-18T02:29:19.632 INFO:teuthology.orchestra.run.smithi156.stderr:/usr/bin/ceph:
2024-02-18T02:29:19.447+0000 7fb0e14b7700 1 -- 172.21.15.156:0/2714504711 <== mon.0 v2:172.21.15.156:3300/0 2 ==== config(25 keys) v1 ==== 1061+0+0 (secure 0 0 0) 0x7fb0d800bb80 con 0x7fb0dc06fba0
2024-02-18T02:29:19.632 INFO:teuthology.orchestra.run.smithi156.stderr:/usr/bin/ceph:
2024-02-18T02:29:19.447+0000 7fb0e14b7700 1 -- 172.21.15.156:0/2714504711 <== mon.0 v2:172.21.15.156:3300/0 3 ==== mon_map magic: 0 v1 ==== 205+0+0 (secure 0 0 0) 0x7fb0d8011b50 con 0x7fb0dc06fba0
2024-02-18T02:29:19.632 INFO:teuthology.orchestra.run.smithi156.stderr:/usr/bin/ceph:
2024-02-18T02:29:19.448+0000 7fb0e471d700 1 -- 172.21.15.156:0/2714504711 >> [v2:172.21.15.156:3300/0,v1:172.21.15.156:6789/0] conn(0x7fb0dc06fba0 msgr2=0x7fb0dc1009d0 secure :-1 s=STATE_CONNECTION_ESTABLISHED l=1).mark_down
2024-02-18T02:29:19.633 INFO:teuthology.orchestra.run.smithi156.stderr:/usr/bin/ceph:
2024-02-18T02:29:19.448+0000 7fb0e471d700 1 --2- 172.21.15.156:0/2714504711 >> [v2:172.21.15.156:3300/0,v1:172.21.15.156:6789/0] conn(0x7fb0dc06fba0 0x7fb0dc1009d0 secure :-1 s=READY pgs=33 cs=0 l=1 rev1=1 rx=0x7fb0d8009730 tx=0x7fb0d80090f0).stop
2024-02-18T02:29:19.633 INFO:teuthology.orchestra.run.smithi156.stderr:/usr/bin/ceph:
2024-02-18T02:29:19.448+0000 7fb0e471d700 1 -- 172.21.15.156:0/2714504711 shutdown_connections
2024-02-18T02:29:19.633 INFO:teuthology.orchestra.run.smithi156.stderr:/usr/bin/ceph:
2024-02-18T02:29:19.448+0000 7fb0e471d700 1 --2- 172.21.15.156:0/2714504711 >> [v2:172.21.15.156:3300/0,v1:172.21.15.156:6789/0] conn(0x7fb0dc06fba0 0x7fb0dc1009d0 unknown :-1 s=CLOSED pgs=33 cs=0 l=1 rev1=1 rx=0 tx=0).stop
2024-02-18T02:29:19.633 INFO:teuthology.orchestra.run.smithi156.stderr:/usr/bin/ceph:
2024-02-18T02:29:19.448+0000 7fb0e471d700 1 -- 172.21.15.156:0/2714504711 >> 172.21.15.156:0/2714504711 conn(0x7fb0dc0f5f90 msgr2=0x7fb0dc0f83f0 unknown :-1 s=STATE_NONE l=0).mark_down
2024-02-18T02:29:19.633 INFO:teuthology.orchestra.run.smithi156.stderr:/usr/bin/ceph:
2024-02-18T02:29:19.448+0000 7fb0e471d700 1 -- 172.21.15.156:0/2714504711 shutdown_connections
2024-02-18T02:29:19.633 INFO:teuthology.orchestra.run.smithi156.stderr:/usr/bin/ceph:
2024-02-18T02:29:19.448+0000 7fb0e471d700 1 -- 172.21.15.156:0/2714504711 wait complete.
2024-02-18T02:29:19.633 INFO:teuthology.orchestra.run.smithi156.stderr:/usr/bin/ceph:
2024-02-18T02:29:19.449+0000 7fb0e471d700 1 Processor -- start
2024-02-18T02:29:19.633 INFO:teuthology.orchestra.run.smithi156.stderr:/usr/bin/ceph:
2024-02-18T02:29:19.449+0000 7fb0e471d700 1 -- start start
2024-02-18T02:29:19.633 INFO:teuthology.orchestra.run.smithi156.stderr:/usr/bin/ceph:
2024-02-18T02:29:19.449+0000 7fb0e471d700 1 --2- >> [v2:172.21.15.156:3300/0,v1:172.21.15.156:6789/0] conn(0x7fb0dc06fba0 0x7fb0dc10caf0 unknown :-1 s=NONE pgs=0 cs=0 l=1 rev1=0 rx=0 tx=0).connect
2024-02-18T02:29:19.633 INFO:teuthology.orchestra.run.smithi156.stderr:/usr/bin/ceph:
2024-02-18T02:29:19.449+0000 7fb0e471d700 1 -- --> [v2:172.21.15.156:3300/0,v1:172.21.15.156:6789/0] -- mon_getmap magic: 0 v1 -- 0x7fb0dc10cfe0 con 0x7fb0dc06fba0
2024-02-18T02:29:19.633 INFO:teuthology.orchestra.run.smithi156.stderr:/usr/bin/ceph:
2024-02-18T02:29:19.449+0000 7fb0e24b9700 1 --2- >> [v2:172.21.15.156:3300/0,v1:172.21.15.156:6789/0] conn(0x7fb0dc06fba0 0x7fb0dc10caf0 unknown :-1 s=BANNER_CONNECTING pgs=0 cs=0 l=1 rev1=0 rx=0 tx=0)._handle_peer_banner_payload supported=1 required=0
2024-02-18T02:29:19.633 INFO:teuthology.orchestra.run.smithi156.stderr:/usr/bin/ceph:
2024-02-18T02:29:19.449+0000 7fb0e24b9700 1 --2- >> [v2:172.21.15.156:3300/0,v1:172.21.15.156:6789/0] conn(0x7fb0dc06fba0 0x7fb0dc10caf0 unknown :-1 s=HELLO_CONNECTING pgs=0 cs=0 l=1 rev1=1 rx=0 tx=0).handle_hello peer v2:172.21.15.156:3300/0 says I am v2:172.21.15.156:40772/0 (socket says 172.21.15.156:40772)
2024-02-18T02:29:19.633 INFO:teuthology.orchestra.run.smithi156.stderr:/usr/bin/ceph:
2024-02-18T02:29:19.449+0000 7fb0e24b9700 1 -- 172.21.15.156:0/1048561703 learned_addr learned my addr 172.21.15.156:0/1048561703 (peer_addr_for_me v2:172.21.15.156:0/0)
2024-02-18T02:29:19.633 INFO:teuthology.orchestra.run.smithi156.stderr:/usr/bin/ceph:
2024-02-18T02:29:19.449+0000 7fb0e24b9700 1 -- 172.21.15.156:0/1048561703 --> [v2:172.21.15.156:3300/0,v1:172.21.15.156:6789/0] -- mon_subscribe({config=0+,monmap=0+}) v3 -- 0x7fb0d8009370 con 0x7fb0dc06fba0
2024-02-18T02:29:19.634 INFO:teuthology.orchestra.run.smithi156.stderr:/usr/bin/ceph:
2024-02-18T02:29:19.449+0000 7fb0e24b9700 1 --2- 172.21.15.156:0/1048561703 >> [v2:172.21.15.156:3300/0,v1:172.21.15.156:6789/0] conn(0x7fb0dc06fba0 0x7fb0dc10caf0 secure :-1 s=READY pgs=34 cs=0 l=1 rev1=1 rx=0x7fb0d800bb30 tx=0x7fb0d80090f0).ready entity=mon.0 client_cookie=0 server_cookie=0 in_seq=0 out_seq=0
2024-02-18T02:29:19.634 INFO:teuthology.orchestra.run.smithi156.stderr:/usr/bin/ceph:
2024-02-18T02:29:19.449+0000 7fb0d37fe700 1 -- 172.21.15.156:0/1048561703 <== mon.0 v2:172.21.15.156:3300/0 1 ==== mon_map magic: 0 v1 ==== 205+0+0 (secure 0 0 0) 0x7fb0d801a640 con 0x7fb0dc06fba0
2024-02-18T02:29:19.634 INFO:teuthology.orchestra.run.smithi156.stderr:/usr/bin/ceph:
2024-02-18T02:29:19.450+0000 7fb0d37fe700 1 -- 172.21.15.156:0/1048561703 <== mon.0 v2:172.21.15.156:3300/0 2 ==== config(25 keys) v1 ==== 1061+0+0 (secure 0 0 0) 0x7fb0d801ac40 con 0x7fb0dc06fba0
2024-02-18T02:29:19.634 INFO:teuthology.orchestra.run.smithi156.stderr:/usr/bin/ceph:
2024-02-18T02:29:19.450+0000 7fb0d37fe700 1 -- 172.21.15.156:0/1048561703 <== mon.0 v2:172.21.15.156:3300/0 3 ==== mon_map magic: 0 v1 ==== 205+0+0 (secure 0 0 0) 0x7fb0d8022a30 con 0x7fb0dc06fba0
2024-02-18T02:29:19.634 INFO:teuthology.orchestra.run.smithi156.stderr:/usr/bin/ceph:
2024-02-18T02:29:19.450+0000 7fb0e471d700 1 -- 172.21.15.156:0/1048561703 --> [v2:172.21.15.156:3300/0,v1:172.21.15.156:6789/0] -- mon_subscribe({mgrmap=0+}) v3 -- 0x7fb0dc10d1e0 con 0x7fb0dc06fba0
2024-02-18T02:29:19.634 INFO:teuthology.orchestra.run.smithi156.stderr:/usr/bin/ceph:
2024-02-18T02:29:19.450+0000 7fb0e471d700 1 -- 172.21.15.156:0/1048561703 --> [v2:172.21.15.156:3300/0,v1:172.21.15.156:6789/0] -- mon_subscribe({osdmap=0}) v3 -- 0x7fb0dc10d5f0 con 0x7fb0dc06fba0
2024-02-18T02:29:19.634 INFO:teuthology.orchestra.run.smithi156.stderr:/usr/bin/ceph:
2024-02-18T02:29:19.450+0000 7fb0e471d700 1 -- 172.21.15.156:0/1048561703 --> [v2:172.21.15.156:3300/0,v1:172.21.15.156:6789/0] -- mon_command({"prefix": "get_command_descriptions"} v 0) v1 -- 0x7fb0dc046ce0 con 0x7fb0dc06fba0
2024-02-18T02:29:19.634 INFO:teuthology.orchestra.run.smithi156.stderr:/usr/bin/ceph:
2024-02-18T02:29:19.451+0000 7fb0d37fe700 1 -- 172.21.15.156:0/1048561703 <== mon.0 v2:172.21.15.156:3300/0 4 ==== mgrmap(e 8) v1 ==== 38582+0+0 (secure 0 0 0) 0x7fb0d8022ca0 con 0x7fb0dc06fba0
2024-02-18T02:29:19.634 INFO:teuthology.orchestra.run.smithi156.stderr:/usr/bin/ceph:
2024-02-18T02:29:19.451+0000 7fb0d37fe700 1 --2- 172.21.15.156:0/1048561703 >> v2:172.21.15.156:6800/199234931 conn(0x7fb0c80325f0 0x7fb0c8034ab0 unknown :-1 s=NONE pgs=0 cs=0 l=1 rev1=0 rx=0 tx=0).connect
2024-02-18T02:29:19.634 INFO:teuthology.orchestra.run.smithi156.stderr:/usr/bin/ceph:
2024-02-18T02:29:19.451+0000 7fb0d37fe700 1 -- 172.21.15.156:0/1048561703 <== mon.0 v2:172.21.15.156:3300/0 5 ==== osd_map(2..2 src has 1..2) v4 ==== 883+0+0 (secure 0 0 0) 0x7fb0d8044e00 con 0x7fb0dc06fba0
2024-02-18T02:29:19.634 INFO:teuthology.orchestra.run.smithi156.stderr:/usr/bin/ceph:
2024-02-18T02:29:19.451+0000 7fb0e1cb8700 1 --2- 172.21.15.156:0/1048561703 >> v2:172.21.15.156:6800/199234931 conn(0x7fb0c80325f0 0x7fb0c8034ab0 unknown :-1 s=BANNER_CONNECTING pgs=0 cs=0 l=1 rev1=0 rx=0 tx=0)._handle_peer_banner_payload supported=1 required=0
2024-02-18T02:29:19.634 INFO:teuthology.orchestra.run.smithi156.stderr:/usr/bin/ceph:
2024-02-18T02:29:19.451+0000 7fb0e1cb8700 1 --2- 172.21.15.156:0/1048561703 >> v2:172.21.15.156:6800/199234931 conn(0x7fb0c80325f0 0x7fb0c8034ab0 secure :-1 s=READY pgs=7 cs=0 l=1 rev1=1 rx=0x7fb0cc009780 tx=0x7fb0cc006cc0).ready entity=mgr.14116 client_cookie=0 server_cookie=0 in_seq=0 out_seq=0
2024-02-18T02:29:19.634 INFO:teuthology.orchestra.run.smithi156.stderr:/usr/bin/ceph:
2024-02-18T02:29:19.455+0000 7fb0d37fe700 1 -- 172.21.15.156:0/1048561703 <== mon.0 v2:172.21.15.156:3300/0 6 ==== mon_command_ack([{"prefix": "get_command_descriptions"}]=0 v0) v1 ==== 72+0+163658 (secure 0 0 0) 0x7fb0d80225d0 con 0x7fb0dc06fba0
2024-02-18T02:29:19.634 INFO:teuthology.orchestra.run.smithi156.stderr:/usr/bin/ceph:
2024-02-18T02:29:19.622+0000 7fb0e471d700 1 -- 172.21.15.156:0/1048561703 --> v2:172.21.15.156:6800/199234931 -- mgr_command(tid 0: {"prefix": "cephadm set-user", "user": "root", "target": ["mon-mgr", ""]}) v1 -- 0x7fb0dc101b60 con 0x7fb0c80325f0
2024-02-18T02:29:19.635 INFO:teuthology.orchestra.run.smithi156.stderr:/usr/bin/ceph:
2024-02-18T02:29:19.622+0000 7fb0d37fe700 1 -- 172.21.15.156:0/1048561703 <== mgr.14116 v2:172.21.15.156:6800/199234931 1 ==== mgr_command_reply(tid 0: 0 ) v1 ==== 8+0+16 (secure 0 0 0) 0x7fb0dc101b60 con 0x7fb0c80325f0
2024-02-18T02:29:19.635 INFO:teuthology.orchestra.run.smithi156.stderr:/usr/bin/ceph:
2024-02-18T02:29:19.624+0000 7fb0e471d700 1 -- 172.21.15.156:0/1048561703 >> v2:172.21.15.156:6800/199234931 conn(0x7fb0c80325f0 msgr2=0x7fb0c8034ab0 secure :-1 s=STATE_CONNECTION_ESTABLISHED l=1).mark_down
2024-02-18T02:29:19.635 INFO:teuthology.orchestra.run.smithi156.stderr:/usr/bin/ceph:
2024-02-18T02:29:19.624+0000 7fb0e471d700 1 --2- 172.21.15.156:0/1048561703 >> v2:172.21.15.156:6800/199234931 conn(0x7fb0c80325f0 0x7fb0c8034ab0 secure :-1 s=READY pgs=7 cs=0 l=1 rev1=1 rx=0x7fb0cc009780 tx=0x7fb0cc006cc0).stop
2024-02-18T02:29:19.635 INFO:teuthology.orchestra.run.smithi156.stderr:/usr/bin/ceph:
2024-02-18T02:29:19.624+0000 7fb0e471d700 1 -- 172.21.15.156:0/1048561703 >> [v2:172.21.15.156:3300/0,v1:172.21.15.156:6789/0] conn(0x7fb0dc06fba0 msgr2=0x7fb0dc10caf0 secure :-1 s=STATE_CONNECTION_ESTABLISHED l=1).mark_down
2024-02-18T02:29:19.635 INFO:teuthology.orchestra.run.smithi156.stderr:/usr/bin/ceph:
2024-02-18T02:29:19.624+0000 7fb0e471d700 1 --2- 172.21.15.156:0/1048561703 >> [v2:172.21.15.156:3300/0,v1:172.21.15.156:6789/0] conn(0x7fb0dc06fba0 0x7fb0dc10caf0 secure :-1 s=READY pgs=34 cs=0 l=1 rev1=1 rx=0x7fb0d800bb30 tx=0x7fb0d80090f0).stop
2024-02-18T02:29:19.635 INFO:teuthology.orchestra.run.smithi156.stderr:/usr/bin/ceph:
2024-02-18T02:29:19.624+0000 7fb0e471d700 1 -- 172.21.15.156:0/1048561703 shutdown_connections
2024-02-18T02:29:19.635 INFO:teuthology.orchestra.run.smithi156.stderr:/usr/bin/ceph:
2024-02-18T02:29:19.624+0000 7fb0e471d700 1 --2- 172.21.15.156:0/1048561703 >> v2:172.21.15.156:6800/199234931 conn(0x7fb0c80325f0 0x7fb0c8034ab0 unknown :-1 s=CLOSED pgs=7 cs=0 l=1 rev1=1 rx=0 tx=0).stop
2024-02-18T02:29:19.635 INFO:teuthology.orchestra.run.smithi156.stderr:/usr/bin/ceph:
2024-02-18T02:29:19.624+0000 7fb0e471d700 1 --2- 172.21.15.156:0/1048561703 >> [v2:172.21.15.156:3300/0,v1:172.21.15.156:6789/0] conn(0x7fb0dc06fba0 0x7fb0dc10caf0 unknown :-1 s=CLOSED pgs=34 cs=0 l=1 rev1=1 rx=0 tx=0).stop
2024-02-18T02:29:19.635 INFO:teuthology.orchestra.run.smithi156.stderr:/usr/bin/ceph:
2024-02-18T02:29:19.624+0000 7fb0e471d700 1 -- 172.21.15.156:0/1048561703 >> 172.21.15.156:0/1048561703 conn(0x7fb0dc0f5f90 msgr2=0x7fb0dc0f7900 unknown :-1 s=STATE_NONE l=0).mark_down
2024-02-18T02:29:19.635 INFO:teuthology.orchestra.run.smithi156.stderr:/usr/bin/ceph:
2024-02-18T02:29:19.624+0000 7fb0e471d700 1 -- 172.21.15.156:0/1048561703 shutdown_connections
2024-02-18T02:29:19.635 INFO:teuthology.orchestra.run.smithi156.stderr:/usr/bin/ceph:
2024-02-18T02:29:19.624+0000 7fb0e471d700 1 -- 172.21.15.156:0/1048561703 wait complete.
2024-02-18T02:29:19.635 INFO:teuthology.orchestra.run.smithi156.stderr:/usr/bin/ceph: value unchanged
2024-02-18T02:29:20.573 INFO:journalctl@ceph.mon.a.smithi156.stdout:Feb 18 02:29:20 smithi156 ceph-6221606c-ce05-11ee-95ba-87774f69a715-mon-a[37490]: audit
2024-02-18T02:29:19.623144+0000 mgr.y (mgr.14116) 5 : audit [DBG] from='client.14128 -' entity='client.admin' cmd=[{"prefix": "cephadm set-user", "user": "root", "target": ["mon-mgr", ""]}]: dispatch
2024-02-18T02:29:21.989 INFO:teuthology.orchestra.run.smithi156.stderr:Generating ssh key...
2024-02-18T02:29:23.304 INFO:teuthology.orchestra.run.smithi156.stderr:/usr/bin/ceph:
2024-02-18T02:29:23.135+0000 7feafb379700 1 Processor -- start
2024-02-18T02:29:23.304 INFO:teuthology.orchestra.run.smithi156.stderr:/usr/bin/ceph:
2024-02-18T02:29:23.136+0000 7feafb379700 1 -- start start
2024-02-18T02:29:23.305 INFO:teuthology.orchestra.run.smithi156.stderr:/usr/bin/ceph:
2024-02-18T02:29:23.136+0000 7feafb379700 1 --2- >> [v2:172.21.15.156:3300/0,v1:172.21.15.156:6789/0] conn(0x7feaf40fa7d0 0x7feaf40fabf0 unknown :-1 s=NONE pgs=0 cs=0 l=0 rev1=0 rx=0 tx=0).connect
2024-02-18T02:29:23.305 INFO:teuthology.orchestra.run.smithi156.stderr:/usr/bin/ceph:
2024-02-18T02:29:23.136+0000 7feafb379700 1 -- --> [v2:172.21.15.156:3300/0,v1:172.21.15.156:6789/0] -- mon_getmap magic: 0 v1 -- 0x7feaf40fb0e0 con 0x7feaf40fa7d0
2024-02-18T02:29:23.305 INFO:teuthology.orchestra.run.smithi156.stderr:/usr/bin/ceph:
2024-02-18T02:29:23.136+0000 7feaf9115700 1 --2- >> [v2:172.21.15.156:3300/0,v1:172.21.15.156:6789/0] conn(0x7feaf40fa7d0 0x7feaf40fabf0 unknown :-1 s=BANNER_CONNECTING pgs=0 cs=0 l=0 rev1=0 rx=0 tx=0)._handle_peer_banner_payload supported=1 required=0
2024-02-18T02:29:23.305 INFO:teuthology.orchestra.run.smithi156.stderr:/usr/bin/ceph:
2024-02-18T02:29:23.136+0000 7feaf9115700 1 --2- >> [v2:172.21.15.156:3300/0,v1:172.21.15.156:6789/0] conn(0x7feaf40fa7d0 0x7feaf40fabf0 unknown :-1 s=HELLO_CONNECTING pgs=0 cs=0 l=0 rev1=1 rx=0 tx=0).handle_hello peer v2:172.21.15.156:3300/0 says I am v2:172.21.15.156:32878/0 (socket says 172.21.15.156:32878)
2024-02-18T02:29:23.305 INFO:teuthology.orchestra.run.smithi156.stderr:/usr/bin/ceph:
2024-02-18T02:29:23.136+0000 7feaf9115700 1 -- 172.21.15.156:0/3154683736 learned_addr learned my addr 172.21.15.156:0/3154683736 (peer_addr_for_me v2:172.21.15.156:0/0)
2024-02-18T02:29:23.305 INFO:teuthology.orchestra.run.smithi156.stderr:/usr/bin/ceph:
2024-02-18T02:29:23.137+0000 7feaf9115700 1 -- 172.21.15.156:0/3154683736 --> [v2:172.21.15.156:3300/0,v1:172.21.15.156:6789/0] -- mon_subscribe({config=0+,monmap=0+}) v3 -- 0x7feaf40fb220 con 0x7feaf40fa7d0
2024-02-18T02:29:23.305 INFO:teuthology.orchestra.run.smithi156.stderr:/usr/bin/ceph:
2024-02-18T02:29:23.137+0000 7feaf9115700 1 --2- 172.21.15.156:0/3154683736 >> [v2:172.21.15.156:3300/0,v1:172.21.15.156:6789/0] conn(0x7feaf40fa7d0 0x7feaf40fabf0 secure :-1 s=READY pgs=35 cs=0 l=1 rev1=1 rx=0x7feae4009730 tx=0x7feae40090f0).ready entity=mon.0 client_cookie=da30bb0a81cfe0d5 server_cookie=0 in_seq=0 out_seq=0
2024-02-18T02:29:23.305 INFO:teuthology.orchestra.run.smithi156.stderr:/usr/bin/ceph:
2024-02-18T02:29:23.137+0000 7feaebfff700 1 -- 172.21.15.156:0/3154683736 <== mon.0 v2:172.21.15.156:3300/0 1 ==== mon_map magic: 0 v1 ==== 205+0+0 (secure 0 0 0) 0x7feae400b580 con 0x7feaf40fa7d0
2024-02-18T02:29:23.305 INFO:teuthology.orchestra.run.smithi156.stderr:/usr/bin/ceph:
2024-02-18T02:29:23.137+0000 7feaebfff700 1 -- 172.21.15.156:0/3154683736 <== mon.0 v2:172.21.15.156:3300/0 2 ==== config(25 keys) v1 ==== 1061+0+0 (secure 0 0 0) 0x7feae400bb80 con 0x7feaf40fa7d0
2024-02-18T02:29:23.305 INFO:teuthology.orchestra.run.smithi156.stderr:/usr/bin/ceph:
2024-02-18T02:29:23.137+0000 7feaebfff700 1 -- 172.21.15.156:0/3154683736 <== mon.0 v2:172.21.15.156:3300/0 3 ==== mon_map magic: 0 v1 ==== 205+0+0 (secure 0 0 0) 0x7feae4011b50 con 0x7feaf40fa7d0
2024-02-18T02:29:23.305 INFO:teuthology.orchestra.run.smithi156.stderr:/usr/bin/ceph:
2024-02-18T02:29:23.137+0000 7feafb379700 1 -- 172.21.15.156:0/3154683736 >> [v2:172.21.15.156:3300/0,v1:172.21.15.156:6789/0] conn(0x7feaf40fa7d0 msgr2=0x7feaf40fabf0 secure :-1 s=STATE_CONNECTION_ESTABLISHED l=1).mark_down
2024-02-18T02:29:23.305 INFO:teuthology.orchestra.run.smithi156.stderr:/usr/bin/ceph:
2024-02-18T02:29:23.137+0000 7feafb379700 1 --2- 172.21.15.156:0/3154683736 >> [v2:172.21.15.156:3300/0,v1:172.21.15.156:6789/0] conn(0x7feaf40fa7d0 0x7feaf40fabf0 secure :-1 s=READY pgs=35 cs=0 l=1 rev1=1 rx=0x7feae4009730 tx=0x7feae40090f0).stop
2024-02-18T02:29:23.305 INFO:teuthology.orchestra.run.smithi156.stderr:/usr/bin/ceph:
2024-02-18T02:29:23.137+0000 7feafb379700 1 -- 172.21.15.156:0/3154683736 shutdown_connections
2024-02-18T02:29:23.306 INFO:teuthology.orchestra.run.smithi156.stderr:/usr/bin/ceph:
2024-02-18T02:29:23.137+0000 7feafb379700 1 --2- 172.21.15.156:0/3154683736 >> [v2:172.21.15.156:3300/0,v1:172.21.15.156:6789/0] conn(0x7feaf40fa7d0 0x7feaf40fabf0 unknown :-1 s=CLOSED pgs=35 cs=0 l=1 rev1=1 rx=0 tx=0).stop
2024-02-18T02:29:23.306 INFO:teuthology.orchestra.run.smithi156.stderr:/usr/bin/ceph:
2024-02-18T02:29:23.137+0000 7feafb379700 1 -- 172.21.15.156:0/3154683736 >> 172.21.15.156:0/3154683736 conn(0x7feaf40f5f90 msgr2=0x7feaf40f83f0 unknown :-1 s=STATE_NONE l=0).mark_down
2024-02-18T02:29:23.306 INFO:teuthology.orchestra.run.smithi156.stderr:/usr/bin/ceph:
2024-02-18T02:29:23.138+0000 7feafb379700 1 -- 172.21.15.156:0/3154683736 shutdown_connections
2024-02-18T02:29:23.306 INFO:teuthology.orchestra.run.smithi156.stderr:/usr/bin/ceph:
2024-02-18T02:29:23.138+0000 7feafb379700 1 -- 172.21.15.156:0/3154683736 wait complete.
2024-02-18T02:29:23.306 INFO:teuthology.orchestra.run.smithi156.stderr:/usr/bin/ceph:
2024-02-18T02:29:23.138+0000 7feafb379700 1 Processor -- start
2024-02-18T02:29:23.306 INFO:teuthology.orchestra.run.smithi156.stderr:/usr/bin/ceph:
2024-02-18T02:29:23.138+0000 7feafb379700 1 -- start start
2024-02-18T02:29:23.306 INFO:teuthology.orchestra.run.smithi156.stderr:/usr/bin/ceph:
2024-02-18T02:29:23.139+0000 7feafb379700 1 --2- >> [v2:172.21.15.156:3300/0,v1:172.21.15.156:6789/0] conn(0x7feaf40fa7d0 0x7feaf41097d0 unknown :-1 s=NONE pgs=0 cs=0 l=1 rev1=0 rx=0 tx=0).connect
2024-02-18T02:29:23.306 INFO:teuthology.orchestra.run.smithi156.stderr:/usr/bin/ceph:
2024-02-18T02:29:23.139+0000 7feafb379700 1 -- --> [v2:172.21.15.156:3300/0,v1:172.21.15.156:6789/0] -- mon_getmap magic: 0 v1 -- 0x7feaf4109cc0 con 0x7feaf40fa7d0
2024-02-18T02:29:23.306 INFO:teuthology.orchestra.run.smithi156.stderr:/usr/bin/ceph:
2024-02-18T02:29:23.139+0000 7feaf9115700 1 --2- >> [v2:172.21.15.156:3300/0,v1:172.21.15.156:6789/0] conn(0x7feaf40fa7d0 0x7feaf41097d0 unknown :-1 s=BANNER_CONNECTING pgs=0 cs=0 l=1 rev1=0 rx=0 tx=0)._handle_peer_banner_payload supported=1 required=0
2024-02-18T02:29:23.306 INFO:teuthology.orchestra.run.smithi156.stderr:/usr/bin/ceph:
2024-02-18T02:29:23.139+0000 7feaf9115700 1 --2- >> [v2:172.21.15.156:3300/0,v1:172.21.15.156:6789/0] conn(0x7feaf40fa7d0 0x7feaf41097d0 unknown :-1 s=HELLO_CONNECTING pgs=0 cs=0 l=1 rev1=1 rx=0 tx=0).handle_hello peer v2:172.21.15.156:3300/0 says I am v2:172.21.15.156:32882/0 (socket says 172.21.15.156:32882)
2024-02-18T02:29:23.306 INFO:teuthology.orchestra.run.smithi156.stderr:/usr/bin/ceph:
2024-02-18T02:29:23.139+0000 7feaf9115700 1 -- 172.21.15.156:0/3317033578 learned_addr learned my addr 172.21.15.156:0/3317033578 (peer_addr_for_me v2:172.21.15.156:0/0)
2024-02-18T02:29:23.306 INFO:teuthology.orchestra.run.smithi156.stderr:/usr/bin/ceph:
2024-02-18T02:29:23.139+0000 7feaf9115700 1 -- 172.21.15.156:0/3317033578 --> [v2:172.21.15.156:3300/0,v1:172.21.15.156:6789/0] -- mon_subscribe({config=0+,monmap=0+}) v3 -- 0x7feae4009370 con 0x7feaf40fa7d0
2024-02-18T02:29:23.306 INFO:teuthology.orchestra.run.smithi156.stderr:/usr/bin/ceph:
2024-02-18T02:29:23.139+0000 7feaf9115700 1 --2- 172.21.15.156:0/3317033578 >> [v2:172.21.15.156:3300/0,v1:172.21.15.156:6789/0] conn(0x7feaf40fa7d0 0x7feaf41097d0 secure :-1 s=READY pgs=36 cs=0 l=1 rev1=1 rx=0x7feae4006eb0 tx=0x7feae40090f0).ready entity=mon.0 client_cookie=0 server_cookie=0 in_seq=0 out_seq=0
2024-02-18T02:29:23.306 INFO:teuthology.orchestra.run.smithi156.stderr:/usr/bin/ceph:
2024-02-18T02:29:23.139+0000 7feaea7fc700 1 -- 172.21.15.156:0/3317033578 <== mon.0 v2:172.21.15.156:3300/0 1 ==== mon_map magic: 0 v1 ==== 205+0+0 (secure 0 0 0) 0x7feae401a640 con 0x7feaf40fa7d0
2024-02-18T02:29:23.307 INFO:teuthology.orchestra.run.smithi156.stderr:/usr/bin/ceph:
2024-02-18T02:29:23.139+0000 7feaea7fc700 1 -- 172.21.15.156:0/3317033578 <== mon.0 v2:172.21.15.156:3300/0 2 ==== config(25 keys) v1 ==== 1061+0+0 (secure 0 0 0) 0x7feae401ac40 con 0x7feaf40fa7d0
2024-02-18T02:29:23.307 INFO:teuthology.orchestra.run.smithi156.stderr:/usr/bin/ceph:
2024-02-18T02:29:23.139+0000 7feaea7fc700 1 -- 172.21.15.156:0/3317033578 <== mon.0 v2:172.21.15.156:3300/0 3 ==== mon_map magic: 0 v1 ==== 205+0+0 (secure 0 0 0) 0x7feae4022a90 con 0x7feaf40fa7d0
2024-02-18T02:29:23.307 INFO:teuthology.orchestra.run.smithi156.stderr:/usr/bin/ceph:
2024-02-18T02:29:23.139+0000 7feafb379700 1 -- 172.21.15.156:0/3317033578 --> [v2:172.21.15.156:3300/0,v1:172.21.15.156:6789/0] -- mon_subscribe({mgrmap=0+}) v3 -- 0x7feaf4109ec0 con 0x7feaf40fa7d0
2024-02-18T02:29:23.307 INFO:teuthology.orchestra.run.smithi156.stderr:/usr/bin/ceph:
2024-02-18T02:29:23.139+0000 7feafb379700 1 -- 172.21.15.156:0/3317033578 --> [v2:172.21.15.156:3300/0,v1:172.21.15.156:6789/0] -- mon_subscribe({osdmap=0}) v3 -- 0x7feaf410a2d0 con 0x7feaf40fa7d0
2024-02-18T02:29:23.307 INFO:teuthology.orchestra.run.smithi156.stderr:/usr/bin/ceph:
2024-02-18T02:29:23.140+0000 7feaea7fc700 1 -- 172.21.15.156:0/3317033578 <== mon.0 v2:172.21.15.156:3300/0 4 ==== mgrmap(e 8) v1 ==== 38582+0+0 (secure 0 0 0) 0x7feae4022d00 con 0x7feaf40fa7d0
2024-02-18T02:29:23.307 INFO:teuthology.orchestra.run.smithi156.stderr:/usr/bin/ceph:
2024-02-18T02:29:23.140+0000 7feafb379700 1 -- 172.21.15.156:0/3317033578 --> [v2:172.21.15.156:3300/0,v1:172.21.15.156:6789/0] -- mon_command({"prefix": "get_command_descriptions"} v 0) v1 -- 0x7feaf4046ce0 con 0x7feaf40fa7d0
2024-02-18T02:29:23.307 INFO:teuthology.orchestra.run.smithi156.stderr:/usr/bin/ceph:
2024-02-18T02:29:23.140+0000 7feaea7fc700 1 --2- 172.21.15.156:0/3317033578 >> v2:172.21.15.156:6800/199234931 conn(0x7feae00325f0 0x7feae0034ab0 unknown :-1 s=NONE pgs=0 cs=0 l=1 rev1=0 rx=0 tx=0).connect
2024-02-18T02:29:23.307 INFO:teuthology.orchestra.run.smithi156.stderr:/usr/bin/ceph:
2024-02-18T02:29:23.140+0000 7feaea7fc700 1 -- 172.21.15.156:0/3317033578 <== mon.0 v2:172.21.15.156:3300/0 5 ==== osd_map(2..2 src has 1..2) v4 ==== 883+0+0 (secure 0 0 0) 0x7feae4044970 con 0x7feaf40fa7d0
2024-02-18T02:29:23.307 INFO:teuthology.orchestra.run.smithi156.stderr:/usr/bin/ceph:
2024-02-18T02:29:23.140+0000 7feaf8914700 1 --2- 172.21.15.156:0/3317033578 >> v2:172.21.15.156:6800/199234931 conn(0x7feae00325f0 0x7feae0034ab0 unknown :-1 s=BANNER_CONNECTING pgs=0 cs=0 l=1 rev1=0 rx=0 tx=0)._handle_peer_banner_payload supported=1 required=0
2024-02-18T02:29:23.307 INFO:teuthology.orchestra.run.smithi156.stderr:/usr/bin/ceph:
2024-02-18T02:29:23.141+0000 7feaf8914700 1 --2- 172.21.15.156:0/3317033578 >> v2:172.21.15.156:6800/199234931 conn(0x7feae00325f0 0x7feae0034ab0 secure :-1 s=READY pgs=8 cs=0 l=1 rev1=1 rx=0x7feaf0009780 tx=0x7feaf0006cc0).ready entity=mgr.14116 client_cookie=0 server_cookie=0 in_seq=0 out_seq=0
2024-02-18T02:29:23.307 INFO:teuthology.orchestra.run.smithi156.stderr:/usr/bin/ceph:
2024-02-18T02:29:23.145+0000 7feaea7fc700 1 -- 172.21.15.156:0/3317033578 <== mon.0 v2:172.21.15.156:3300/0 6 ==== mon_command_ack([{"prefix": "get_command_descriptions"}]=0 v0) v1 ==== 72+0+163658 (secure 0 0 0) 0x7feae401a7a0 con 0x7feaf40fa7d0
2024-02-18T02:29:23.307 INFO:teuthology.orchestra.run.smithi156.stderr:/usr/bin/ceph:
2024-02-18T02:29:23.310+0000 7feafb379700 1 -- 172.21.15.156:0/3317033578 --> v2:172.21.15.156:6800/199234931 -- mgr_command(tid 0: {"prefix": "cephadm generate-key", "target": ["mon-mgr", ""]}) v1 -- 0x7feaf40fc620 con 0x7feae00325f0
2024-02-18T02:29:23.356 INFO:teuthology.orchestra.run.smithi156.stderr:/usr/bin/ceph:
2024-02-18T02:29:23.363+0000 7feaea7fc700 1 -- 172.21.15.156:0/3317033578 <== mgr.14116 v2:172.21.15.156:6800/199234931 1 ==== mgr_command_reply(tid 0: 0 ) v1 ==== 8+0+0 (secure 0 0 0) 0x7feaf40fc620 con 0x7feae00325f0
2024-02-18T02:29:23.359 INFO:teuthology.orchestra.run.smithi156.stderr:/usr/bin/ceph:
2024-02-18T02:29:23.365+0000 7feafb379700 1 -- 172.21.15.156:0/3317033578 >> v2:172.21.15.156:6800/199234931 conn(0x7feae00325f0 msgr2=0x7feae0034ab0 secure :-1 s=STATE_CONNECTION_ESTABLISHED l=1).mark_down
2024-02-18T02:29:23.359 INFO:teuthology.orchestra.run.smithi156.stderr:/usr/bin/ceph:
2024-02-18T02:29:23.365+0000 7feafb379700 1 --2- 172.21.15.156:0/3317033578 >> v2:172.21.15.156:6800/199234931 conn(0x7feae00325f0 0x7feae0034ab0 secure :-1 s=READY pgs=8 cs=0 l=1 rev1=1 rx=0x7feaf0009780 tx=0x7feaf0006cc0).stop
2024-02-18T02:29:23.359 INFO:teuthology.orchestra.run.smithi156.stderr:/usr/bin/ceph:
2024-02-18T02:29:23.365+0000 7feafb379700 1 -- 172.21.15.156:0/3317033578 >> [v2:172.21.15.156:3300/0,v1:172.21.15.156:6789/0] conn(0x7feaf40fa7d0 msgr2=0x7feaf41097d0 secure :-1 s=STATE_CONNECTION_ESTABLISHED l=1).mark_down
2024-02-18T02:29:23.359 INFO:teuthology.orchestra.run.smithi156.stderr:/usr/bin/ceph:
2024-02-18T02:29:23.365+0000 7feafb379700 1 --2- 172.21.15.156:0/3317033578 >> [v2:172.21.15.156:3300/0,v1:172.21.15.156:6789/0] conn(0x7feaf40fa7d0 0x7feaf41097d0 secure :-1 s=READY pgs=36 cs=0 l=1 rev1=1 rx=0x7feae4006eb0 tx=0x7feae40090f0).stop
2024-02-18T02:29:23.359 INFO:teuthology.orchestra.run.smithi156.stderr:/usr/bin/ceph:
2024-02-18T02:29:23.365+0000 7feafb379700 1 -- 172.21.15.156:0/3317033578 shutdown_connections
2024-02-18T02:29:23.360 INFO:teuthology.orchestra.run.smithi156.stderr:/usr/bin/ceph:
2024-02-18T02:29:23.365+0000 7feafb379700 1 --2- 172.21.15.156:0/3317033578 >> v2:172.21.15.156:6800/199234931 conn(0x7feae00325f0 0x7feae0034ab0 unknown :-1 s=CLOSED pgs=8 cs=0 l=1 rev1=1 rx=0 tx=0).stop
2024-02-18T02:29:23.360 INFO:teuthology.orchestra.run.smithi156.stderr:/usr/bin/ceph:
2024-02-18T02:29:23.365+0000 7feafb379700 1 --2- 172.21.15.156:0/3317033578 >> [v2:172.21.15.156:3300/0,v1:172.21.15.156:6789/0] conn(0x7feaf40fa7d0 0x7feaf41097d0 unknown :-1 s=CLOSED pgs=36 cs=0 l=1 rev1=1 rx=0 tx=0).stop
2024-02-18T02:29:23.360 INFO:teuthology.orchestra.run.smithi156.stderr:/usr/bin/ceph:
2024-02-18T02:29:23.365+0000 7feafb379700 1 -- 172.21.15.156:0/3317033578 >> 172.21.15.156:0/3317033578 conn(0x7feaf40f5f90 msgr2=0x7feaf40f7870 unknown :-1 s=STATE_NONE l=0).mark_down
2024-02-18T02:29:23.360 INFO:teuthology.orchestra.run.smithi156.stderr:/usr/bin/ceph:
2024-02-18T02:29:23.365+0000 7feafb379700 1 -- 172.21.15.156:0/3317033578 shutdown_connections
2024-02-18T02:29:23.360 INFO:teuthology.orchestra.run.smithi156.stderr:/usr/bin/ceph:
2024-02-18T02:29:23.365+0000 7feafb379700 1 -- 172.21.15.156:0/3317033578 wait complete.
2024-02-18T02:29:23.821 INFO:journalctl@ceph.mgr.y.smithi156.stdout:Feb 18 02:29:23 smithi156 ceph-6221606c-ce05-11ee-95ba-87774f69a715-mgr-y[37764]: Generating public/private rsa key pair.
2024-02-18T02:29:23.821 INFO:journalctl@ceph.mgr.y.smithi156.stdout:Feb 18 02:29:23 smithi156 ceph-6221606c-ce05-11ee-95ba-87774f69a715-mgr-y[37764]: Your identification has been saved in /tmp/tmp5uf70wow/key.
2024-02-18T02:29:23.821 INFO:journalctl@ceph.mgr.y.smithi156.stdout:Feb 18 02:29:23 smithi156 ceph-6221606c-ce05-11ee-95ba-87774f69a715-mgr-y[37764]: Your public key has been saved in /tmp/tmp5uf70wow/key.pub.
2024-02-18T02:29:23.821 INFO:journalctl@ceph.mgr.y.smithi156.stdout:Feb 18 02:29:23 smithi156 ceph-6221606c-ce05-11ee-95ba-87774f69a715-mgr-y[37764]: The key fingerprint is:
2024-02-18T02:29:23.821 INFO:journalctl@ceph.mgr.y.smithi156.stdout:Feb 18 02:29:23 smithi156 ceph-6221606c-ce05-11ee-95ba-87774f69a715-mgr-y[37764]: SHA256:irKrPcEqus1omxFcKm9+srX9erYl8sFPNi6UX2PUmQw ceph-6221606c-ce05-11ee-95ba-87774f69a715
2024-02-18T02:29:23.821 INFO:journalctl@ceph.mgr.y.smithi156.stdout:Feb 18 02:29:23 smithi156 ceph-6221606c-ce05-11ee-95ba-87774f69a715-mgr-y[37764]: The key's randomart image is:
2024-02-18T02:29:23.821 INFO:journalctl@ceph.mgr.y.smithi156.stdout:Feb 18 02:29:23 smithi156 ceph-6221606c-ce05-11ee-95ba-87774f69a715-mgr-y[37764]: +---[RSA 3072]----+
2024-02-18T02:29:23.821 INFO:journalctl@ceph.mgr.y.smithi156.stdout:Feb 18 02:29:23 smithi156 ceph-6221606c-ce05-11ee-95ba-87774f69a715-mgr-y[37764]: | |
2024-02-18T02:29:23.821 INFO:journalctl@ceph.mgr.y.smithi156.stdout:Feb 18 02:29:23 smithi156 ceph-6221606c-ce05-11ee-95ba-87774f69a715-mgr-y[37764]: | E |
2024-02-18T02:29:23.821 INFO:journalctl@ceph.mgr.y.smithi156.stdout:Feb 18 02:29:23 smithi156 ceph-6221606c-ce05-11ee-95ba-87774f69a715-mgr-y[37764]: | . + o |
2024-02-18T02:29:23.821 INFO:journalctl@ceph.mgr.y.smithi156.stdout:Feb 18 02:29:23 smithi156 ceph-6221606c-ce05-11ee-95ba-87774f69a715-mgr-y[37764]: |. o . = |
2024-02-18T02:29:23.821 INFO:journalctl@ceph.mgr.y.smithi156.stdout:Feb 18 02:29:23 smithi156 ceph-6221606c-ce05-11ee-95ba-87774f69a715-mgr-y[37764]: |.= S. . |
2024-02-18T02:29:23.822 INFO:journalctl@ceph.mgr.y.smithi156.stdout:Feb 18 02:29:23 smithi156 ceph-6221606c-ce05-11ee-95ba-87774f69a715-mgr-y[37764]: |..+ . oo + |
2024-02-18T02:29:23.822 INFO:journalctl@ceph.mgr.y.smithi156.stdout:Feb 18 02:29:23 smithi156 ceph-6221606c-ce05-11ee-95ba-87774f69a715-mgr-y[37764]: | o+.o o.+.=o . |
2024-02-18T02:29:23.822 INFO:journalctl@ceph.mgr.y.smithi156.stdout:Feb 18 02:29:23 smithi156 ceph-6221606c-ce05-11ee-95ba-87774f69a715-mgr-y[37764]: |oO=+.o o+O.. |
2024-02-18T02:29:23.822 INFO:journalctl@ceph.mgr.y.smithi156.stdout:Feb 18 02:29:23 smithi156 ceph-6221606c-ce05-11ee-95ba-87774f69a715-mgr-y[37764]: |O=X*. o=+oo |
2024-02-18T02:29:23.822 INFO:journalctl@ceph.mgr.y.smithi156.stdout:Feb 18 02:29:23 smithi156 ceph-6221606c-ce05-11ee-95ba-87774f69a715-mgr-y[37764]: +----[SHA256]-----+
2024-02-18T02:29:24.660 INFO:journalctl@ceph.mon.a.smithi156.stdout:Feb 18 02:29:24 smithi156 ceph-6221606c-ce05-11ee-95ba-87774f69a715-mon-a[37490]: audit
2024-02-18T02:29:23.311695+0000 mgr.y (mgr.14116) 6 : audit [DBG] from='client.14130 -' entity='client.admin' cmd=[{"prefix": "cephadm generate-key", "target": ["mon-mgr", ""]}]: dispatch
2024-02-18T02:29:24.661 INFO:journalctl@ceph.mon.a.smithi156.stdout:Feb 18 02:29:24 smithi156 ceph-6221606c-ce05-11ee-95ba-87774f69a715-mon-a[37490]: cephadm
2024-02-18T02:29:23.311898+0000 mgr.y (mgr.14116) 7 : cephadm [INF] Generating ssh key...
2024-02-18T02:29:24.661 INFO:journalctl@ceph.mon.a.smithi156.stdout:Feb 18 02:29:24 smithi156 ceph-6221606c-ce05-11ee-95ba-87774f69a715-mon-a[37490]: audit
2024-02-18T02:29:23.361168+0000 mon.a (mon.0) 51 : audit [INF] from='mgr.14116 172.21.15.156:0/190224439' entity='mgr.y'
2024-02-18T02:29:24.661 INFO:journalctl@ceph.mon.a.smithi156.stdout:Feb 18 02:29:24 smithi156 ceph-6221606c-ce05-11ee-95ba-87774f69a715-mon-a[37490]: audit
2024-02-18T02:29:23.362866+0000 mon.a (mon.0) 52 : audit [INF] from='mgr.14116 172.21.15.156:0/190224439' entity='mgr.y'
2024-02-18T02:29:26.017 INFO:teuthology.orchestra.run.smithi156.stderr:/usr/bin/ceph:
2024-02-18T02:29:26.022+0000 7f10f5aca700 1 Processor -- start
2024-02-18T02:29:26.018 INFO:teuthology.orchestra.run.smithi156.stderr:/usr/bin/ceph:
