2024-02-18T03:55:41.674+0000 7fd5477fe700 1 -- 172.21.15.89:0/1386517704 <== mon.0 v2:172.21.15.89:3300/0 3 ==== mon_map magic: 0 v1 ==== 229+0+0 (secure 0 0 0) 0x7fd53c011cb0 con 0x7fd548070430
2024-02-18T03:55:41.679 INFO:teuthology.orchestra.run.smithi089.stderr:/usr/bin/ceph:
2024-02-18T03:55:41.674+0000 7fd54dd75700 1 -- 172.21.15.89:0/1386517704 >> [v2:172.21.15.89:3300/0,v1:172.21.15.89:6789/0] conn(0x7fd548070430 msgr2=0x7fd5480fe890 secure :-1 s=STATE_CONNECTION_ESTABLISHED l=1).mark_down
2024-02-18T03:55:41.681 INFO:teuthology.orchestra.run.smithi089.stderr:/usr/bin/ceph:
2024-02-18T03:55:41.674+0000 7fd54dd75700 1 --2- 172.21.15.89:0/1386517704 >> [v2:172.21.15.89:3300/0,v1:172.21.15.89:6789/0] conn(0x7fd548070430 0x7fd5480fe890 secure :-1 s=READY pgs=49 cs=0 l=1 rev1=1 rx=0x7fd53c00b5f0 tx=0x7fd53c006ee0).stop
2024-02-18T03:55:41.681 INFO:teuthology.orchestra.run.smithi089.stderr:/usr/bin/ceph:
2024-02-18T03:55:41.674+0000 7fd54dd75700 1 -- 172.21.15.89:0/1386517704 shutdown_connections
2024-02-18T03:55:41.681 INFO:teuthology.orchestra.run.smithi089.stderr:/usr/bin/ceph:
2024-02-18T03:55:41.674+0000 7fd54dd75700 1 --2- 172.21.15.89:0/1386517704 >> [v2:172.21.15.89:3300/0,v1:172.21.15.89:6789/0] conn(0x7fd548070430 0x7fd5480fe890 unknown :-1 s=CLOSED pgs=49 cs=0 l=1 rev1=1 rx=0 tx=0).stop
2024-02-18T03:55:41.681 INFO:teuthology.orchestra.run.smithi089.stderr:/usr/bin/ceph:
2024-02-18T03:55:41.674+0000 7fd54dd75700 1 -- 172.21.15.89:0/1386517704 >> 172.21.15.89:0/1386517704 conn(0x7fd5480f6390 msgr2=0x7fd5480f87b0 unknown :-1 s=STATE_NONE l=0).mark_down
2024-02-18T03:55:41.681 INFO:teuthology.orchestra.run.smithi089.stderr:/usr/bin/ceph:
2024-02-18T03:55:41.675+0000 7fd54dd75700 1 -- 172.21.15.89:0/1386517704 shutdown_connections
2024-02-18T03:55:41.681 INFO:teuthology.orchestra.run.smithi089.stderr:/usr/bin/ceph:
2024-02-18T03:55:41.675+0000 7fd54dd75700 1 -- 172.21.15.89:0/1386517704 wait complete.
2024-02-18T03:55:41.681 INFO:teuthology.orchestra.run.smithi089.stderr:/usr/bin/ceph:
2024-02-18T03:55:41.675+0000 7fd54dd75700 1 Processor -- start
2024-02-18T03:55:41.682 INFO:teuthology.orchestra.run.smithi089.stderr:/usr/bin/ceph:
2024-02-18T03:55:41.675+0000 7fd54dd75700 1 -- start start
2024-02-18T03:55:41.682 INFO:teuthology.orchestra.run.smithi089.stderr:/usr/bin/ceph:
2024-02-18T03:55:41.675+0000 7fd54dd75700 1 --2- >> [v2:172.21.15.89:3300/0,v1:172.21.15.89:6789/0] conn(0x7fd548070430 0x7fd54810a9d0 unknown :-1 s=NONE pgs=0 cs=0 l=1 rev1=0 rx=0 tx=0).connect
2024-02-18T03:55:41.682 INFO:teuthology.orchestra.run.smithi089.stderr:/usr/bin/ceph:
2024-02-18T03:55:41.675+0000 7fd54dd75700 1 -- --> [v2:172.21.15.89:3300/0,v1:172.21.15.89:6789/0] -- mon_getmap magic: 0 v1 -- 0x7fd54810aec0 con 0x7fd548070430
2024-02-18T03:55:41.682 INFO:teuthology.orchestra.run.smithi089.stderr:/usr/bin/ceph:
2024-02-18T03:55:41.676+0000 7fd54cd73700 1 --2- >> [v2:172.21.15.89:3300/0,v1:172.21.15.89:6789/0] conn(0x7fd548070430 0x7fd54810a9d0 unknown :-1 s=BANNER_CONNECTING pgs=0 cs=0 l=1 rev1=0 rx=0 tx=0)._handle_peer_banner_payload supported=1 required=0
2024-02-18T03:55:41.682 INFO:teuthology.orchestra.run.smithi089.stderr:/usr/bin/ceph:
2024-02-18T03:55:41.676+0000 7fd54cd73700 1 --2- >> [v2:172.21.15.89:3300/0,v1:172.21.15.89:6789/0] conn(0x7fd548070430 0x7fd54810a9d0 unknown :-1 s=HELLO_CONNECTING pgs=0 cs=0 l=1 rev1=1 rx=0 tx=0).handle_hello peer v2:172.21.15.89:3300/0 says I am v2:172.21.15.89:47216/0 (socket says 172.21.15.89:47216)
2024-02-18T03:55:41.682 INFO:teuthology.orchestra.run.smithi089.stderr:/usr/bin/ceph:
2024-02-18T03:55:41.676+0000 7fd54cd73700 1 -- 172.21.15.89:0/2562424193 learned_addr learned my addr 172.21.15.89:0/2562424193 (peer_addr_for_me v2:172.21.15.89:0/0)
2024-02-18T03:55:41.682 INFO:teuthology.orchestra.run.smithi089.stderr:/usr/bin/ceph:
2024-02-18T03:55:41.676+0000 7fd54cd73700 1 -- 172.21.15.89:0/2562424193 --> [v2:172.21.15.89:3300/0,v1:172.21.15.89:6789/0] -- mon_subscribe({config=0+,monmap=0+}) v3 -- 0x7fd53c00b200 con 0x7fd548070430
2024-02-18T03:55:41.682 INFO:teuthology.orchestra.run.smithi089.stderr:/usr/bin/ceph:
2024-02-18T03:55:41.676+0000 7fd54cd73700 1 --2- 172.21.15.89:0/2562424193 >> [v2:172.21.15.89:3300/0,v1:172.21.15.89:6789/0] conn(0x7fd548070430 0x7fd54810a9d0 secure :-1 s=READY pgs=50 cs=0 l=1 rev1=1 rx=0x7fd53c00df90 tx=0x7fd53c006ee0).ready entity=mon.0 client_cookie=0 server_cookie=0 in_seq=0 out_seq=0
2024-02-18T03:55:41.682 INFO:teuthology.orchestra.run.smithi089.stderr:/usr/bin/ceph:
2024-02-18T03:55:41.676+0000 7fd5457fa700 1 -- 172.21.15.89:0/2562424193 <== mon.0 v2:172.21.15.89:3300/0 1 ==== mon_map magic: 0 v1 ==== 229+0+0 (secure 0 0 0) 0x7fd53c01b410 con 0x7fd548070430
2024-02-18T03:55:41.682 INFO:teuthology.orchestra.run.smithi089.stderr:/usr/bin/ceph:
2024-02-18T03:55:41.676+0000 7fd54dd75700 1 -- 172.21.15.89:0/2562424193 --> [v2:172.21.15.89:3300/0,v1:172.21.15.89:6789/0] -- mon_subscribe({mgrmap=0+}) v3 -- 0x7fd54810b0c0 con 0x7fd548070430
2024-02-18T03:55:41.683 INFO:teuthology.orchestra.run.smithi089.stderr:/usr/bin/ceph:
2024-02-18T03:55:41.676+0000 7fd5457fa700 1 -- 172.21.15.89:0/2562424193 <== mon.0 v2:172.21.15.89:3300/0 2 ==== config(26 keys) v1 ==== 1045+0+0 (secure 0 0 0) 0x7fd53c01ba00 con 0x7fd548070430
2024-02-18T03:55:41.683 INFO:teuthology.orchestra.run.smithi089.stderr:/usr/bin/ceph:
2024-02-18T03:55:41.676+0000 7fd5457fa700 1 -- 172.21.15.89:0/2562424193 <== mon.0 v2:172.21.15.89:3300/0 3 ==== mon_map magic: 0 v1 ==== 229+0+0 (secure 0 0 0) 0x7fd53c01aa30 con 0x7fd548070430
2024-02-18T03:55:41.683 INFO:teuthology.orchestra.run.smithi089.stderr:/usr/bin/ceph:
2024-02-18T03:55:41.676+0000 7fd54dd75700 1 -- 172.21.15.89:0/2562424193 --> [v2:172.21.15.89:3300/0,v1:172.21.15.89:6789/0] -- mon_subscribe({osdmap=0}) v3 -- 0x7fd54810b550 con 0x7fd548070430
2024-02-18T03:55:41.684 INFO:teuthology.orchestra.run.smithi089.stderr:/usr/bin/ceph:
2024-02-18T03:55:41.677+0000 7fd532ffd700 1 -- 172.21.15.89:0/2562424193 --> [v2:172.21.15.89:3300/0,v1:172.21.15.89:6789/0] -- mon_command({"prefix": "get_command_descriptions"} v 0) v1 -- 0x7fd520004fa0 con 0x7fd548070430
2024-02-18T03:55:41.684 INFO:teuthology.orchestra.run.smithi089.stderr:/usr/bin/ceph:
2024-02-18T03:55:41.678+0000 7fd5457fa700 1 -- 172.21.15.89:0/2562424193 <== mon.0 v2:172.21.15.89:3300/0 4 ==== mgrmap(e 9) v1 ==== 36134+0+0 (secure 0 0 0) 0x7fd53c00f070 con 0x7fd548070430
2024-02-18T03:55:41.684 INFO:teuthology.orchestra.run.smithi089.stderr:/usr/bin/ceph:
2024-02-18T03:55:41.678+0000 7fd5457fa700 1 --2- 172.21.15.89:0/2562424193 >> [v2:172.21.15.89:6800/1853020158,v1:172.21.15.89:6801/1853020158] conn(0x7fd52c02fec0 0x7fd52c032380 unknown :-1 s=NONE pgs=0 cs=0 l=1 rev1=0 rx=0 tx=0).connect
2024-02-18T03:55:41.684 INFO:teuthology.orchestra.run.smithi089.stderr:/usr/bin/ceph:
2024-02-18T03:55:41.678+0000 7fd5457fa700 1 -- 172.21.15.89:0/2562424193 <== mon.0 v2:172.21.15.89:3300/0 5 ==== osd_map(2..2 src has 1..2) v4 ==== 926+0+0 (secure 0 0 0) 0x7fd53c0419b0 con 0x7fd548070430
2024-02-18T03:55:41.685 INFO:teuthology.orchestra.run.smithi089.stderr:/usr/bin/ceph:
2024-02-18T03:55:41.678+0000 7fd547fff700 1 -- 172.21.15.89:0/2562424193 >> [v2:172.21.15.89:6800/1853020158,v1:172.21.15.89:6801/1853020158] conn(0x7fd52c02fec0 msgr2=0x7fd52c032380 unknown :-1 s=STATE_CONNECTING_RE l=1).process reconnect failed to v2:172.21.15.89:6800/1853020158
2024-02-18T03:55:41.685 INFO:teuthology.orchestra.run.smithi089.stderr:/usr/bin/ceph:
2024-02-18T03:55:41.678+0000 7fd547fff700 1 --2- 172.21.15.89:0/2562424193 >> [v2:172.21.15.89:6800/1853020158,v1:172.21.15.89:6801/1853020158] conn(0x7fd52c02fec0 0x7fd52c032380 unknown :-1 s=START_CONNECT pgs=0 cs=0 l=1 rev1=0 rx=0 tx=0)._fault waiting 0.200000
2024-02-18T03:55:41.686 INFO:teuthology.orchestra.run.smithi089.stderr:/usr/bin/ceph:
2024-02-18T03:55:41.682+0000 7fd5457fa700 1 -- 172.21.15.89:0/2562424193 <== mon.0 v2:172.21.15.89:3300/0 6 ==== mon_command_ack([{"prefix": "get_command_descriptions"}]=0 v0) v1 ==== 72+0+152212 (secure 0 0 0) 0x7fd53c023b50 con 0x7fd548070430
2024-02-18T03:55:41.868 INFO:teuthology.orchestra.run.smithi089.stderr:/usr/bin/ceph:
2024-02-18T03:55:41.863+0000 7fd532ffd700 1 -- 172.21.15.89:0/2562424193 --> [v2:172.21.15.89:6800/1853020158,v1:172.21.15.89:6801/1853020158] -- mgr_command(tid 0: {"prefix": "orch apply", "service_type": "prometheus", "target": ["mon-mgr", ""]}) v1 -- 0x7fd520000bc0 con 0x7fd52c02fec0
2024-02-18T03:55:41.883 INFO:teuthology.orchestra.run.smithi089.stderr:/usr/bin/ceph:
2024-02-18T03:55:41.879+0000 7fd547fff700 1 -- 172.21.15.89:0/2562424193 >> [v2:172.21.15.89:6800/1853020158,v1:172.21.15.89:6801/1853020158] conn(0x7fd52c02fec0 msgr2=0x7fd52c032380 unknown :-1 s=STATE_CONNECTING_RE l=1).process reconnect failed to v2:172.21.15.89:6800/1853020158
2024-02-18T03:55:41.883 INFO:teuthology.orchestra.run.smithi089.stderr:/usr/bin/ceph:
2024-02-18T03:55:41.879+0000 7fd547fff700 1 --2- 172.21.15.89:0/2562424193 >> [v2:172.21.15.89:6800/1853020158,v1:172.21.15.89:6801/1853020158] conn(0x7fd52c02fec0 0x7fd52c032380 unknown :-1 s=START_CONNECT pgs=0 cs=0 l=1 rev1=0 rx=0 tx=0)._fault waiting 0.400000
2024-02-18T03:55:42.284 INFO:teuthology.orchestra.run.smithi089.stderr:/usr/bin/ceph:
2024-02-18T03:55:42.280+0000 7fd547fff700 1 -- 172.21.15.89:0/2562424193 >> [v2:172.21.15.89:6800/1853020158,v1:172.21.15.89:6801/1853020158] conn(0x7fd52c02fec0 msgr2=0x7fd52c032380 unknown :-1 s=STATE_CONNECTING_RE l=1).process reconnect failed to v2:172.21.15.89:6800/1853020158
2024-02-18T03:55:42.284 INFO:teuthology.orchestra.run.smithi089.stderr:/usr/bin/ceph:
2024-02-18T03:55:42.280+0000 7fd547fff700 1 --2- 172.21.15.89:0/2562424193 >> [v2:172.21.15.89:6800/1853020158,v1:172.21.15.89:6801/1853020158] conn(0x7fd52c02fec0 0x7fd52c032380 unknown :-1 s=START_CONNECT pgs=0 cs=0 l=1 rev1=0 rx=0 tx=0)._fault waiting 0.800000
2024-02-18T03:55:43.085 INFO:teuthology.orchestra.run.smithi089.stderr:/usr/bin/ceph:
2024-02-18T03:55:43.081+0000 7fd547fff700 1 -- 172.21.15.89:0/2562424193 >> [v2:172.21.15.89:6800/1853020158,v1:172.21.15.89:6801/1853020158] conn(0x7fd52c02fec0 msgr2=0x7fd52c032380 unknown :-1 s=STATE_CONNECTING_RE l=1).process reconnect failed to v2:172.21.15.89:6800/1853020158
2024-02-18T03:55:43.086 INFO:teuthology.orchestra.run.smithi089.stderr:/usr/bin/ceph:
2024-02-18T03:55:43.081+0000 7fd547fff700 1 --2- 172.21.15.89:0/2562424193 >> [v2:172.21.15.89:6800/1853020158,v1:172.21.15.89:6801/1853020158] conn(0x7fd52c02fec0 0x7fd52c032380 unknown :-1 s=START_CONNECT pgs=0 cs=0 l=1 rev1=0 rx=0 tx=0)._fault waiting 1.600000
2024-02-18T03:55:44.687 INFO:teuthology.orchestra.run.smithi089.stderr:/usr/bin/ceph:
2024-02-18T03:55:44.683+0000 7fd547fff700 1 -- 172.21.15.89:0/2562424193 >> [v2:172.21.15.89:6800/1853020158,v1:172.21.15.89:6801/1853020158] conn(0x7fd52c02fec0 msgr2=0x7fd52c032380 unknown :-1 s=STATE_CONNECTING_RE l=1).process reconnect failed to v2:172.21.15.89:6800/1853020158
2024-02-18T03:55:44.688 INFO:teuthology.orchestra.run.smithi089.stderr:/usr/bin/ceph:
2024-02-18T03:55:44.683+0000 7fd547fff700 1 --2- 172.21.15.89:0/2562424193 >> [v2:172.21.15.89:6800/1853020158,v1:172.21.15.89:6801/1853020158] conn(0x7fd52c02fec0 0x7fd52c032380 unknown :-1 s=START_CONNECT pgs=0 cs=0 l=1 rev1=0 rx=0 tx=0)._fault waiting 3.200000
2024-02-18T03:55:45.353 INFO:teuthology.orchestra.run.smithi089.stderr:/usr/bin/ceph:
2024-02-18T03:55:45.349+0000 7fd5457fa700 1 -- 172.21.15.89:0/2562424193 <== mon.0 v2:172.21.15.89:3300/0 7 ==== mgrmap(e 10) v1 ==== 35984+0+0 (secure 0 0 0) 0x7fd53c01ab90 con 0x7fd548070430
2024-02-18T03:55:45.353 INFO:teuthology.orchestra.run.smithi089.stderr:/usr/bin/ceph:
2024-02-18T03:55:45.349+0000 7fd5457fa700 1 -- 172.21.15.89:0/2562424193 >> [v2:172.21.15.89:6800/1853020158,v1:172.21.15.89:6801/1853020158] conn(0x7fd52c02fec0 msgr2=0x7fd52c032380 unknown :-1 s=STATE_CONNECTING l=1).mark_down
2024-02-18T03:55:45.353 INFO:teuthology.orchestra.run.smithi089.stderr:/usr/bin/ceph:
2024-02-18T03:55:45.349+0000 7fd5457fa700 1 --2- 172.21.15.89:0/2562424193 >> [v2:172.21.15.89:6800/1853020158,v1:172.21.15.89:6801/1853020158] conn(0x7fd52c02fec0 0x7fd52c032380 unknown :-1 s=START_CONNECT pgs=0 cs=0 l=1 rev1=0 rx=0 tx=0).stop
2024-02-18T03:55:46.358 INFO:teuthology.orchestra.run.smithi089.stderr:/usr/bin/ceph:
2024-02-18T03:55:46.351+0000 7fd5457fa700 1 -- 172.21.15.89:0/2562424193 <== mon.0 v2:172.21.15.89:3300/0 8 ==== mgrmap(e 11) v1 ==== 36054+0+0 (secure 0 0 0) 0x7fd53c0435e0 con 0x7fd548070430
2024-02-18T03:55:46.358 INFO:teuthology.orchestra.run.smithi089.stderr:/usr/bin/ceph:
2024-02-18T03:55:46.352+0000 7fd5457fa700 1 --2- 172.21.15.89:0/2562424193 >> [v2:172.21.15.89:6800/756283400,v1:172.21.15.89:6801/756283400] conn(0x7fd52c033ce0 0x7fd52c0360d0 unknown :-1 s=NONE pgs=0 cs=0 l=1 rev1=0 rx=0 tx=0).connect
2024-02-18T03:55:46.358 INFO:teuthology.orchestra.run.smithi089.stderr:/usr/bin/ceph:
2024-02-18T03:55:46.352+0000 7fd5457fa700 1 -- 172.21.15.89:0/2562424193 --> [v2:172.21.15.89:6800/756283400,v1:172.21.15.89:6801/756283400] -- mgr_command(tid 0: {"prefix": "orch apply", "service_type": "prometheus", "target": ["mon-mgr", ""]}) v1 -- 0x7fd520000bc0 con 0x7fd52c033ce0
2024-02-18T03:55:46.358 INFO:teuthology.orchestra.run.smithi089.stderr:/usr/bin/ceph:
2024-02-18T03:55:46.352+0000 7fd547fff700 1 --2- 172.21.15.89:0/2562424193 >> [v2:172.21.15.89:6800/756283400,v1:172.21.15.89:6801/756283400] conn(0x7fd52c033ce0 0x7fd52c0360d0 unknown :-1 s=BANNER_CONNECTING pgs=0 cs=0 l=1 rev1=0 rx=0 tx=0)._handle_peer_banner_payload supported=1 required=0
2024-02-18T03:55:46.358 INFO:teuthology.orchestra.run.smithi089.stderr:/usr/bin/ceph:
2024-02-18T03:55:46.353+0000 7fd547fff700 1 --2- 172.21.15.89:0/2562424193 >> [v2:172.21.15.89:6800/756283400,v1:172.21.15.89:6801/756283400] conn(0x7fd52c033ce0 0x7fd52c0360d0 secure :-1 s=READY pgs=1 cs=0 l=1 rev1=1 rx=0x7fd534006fd0 tx=0x7fd534006d30).ready entity=mgr.14142 client_cookie=0 server_cookie=0 in_seq=0 out_seq=0
2024-02-18T03:55:46.361 INFO:teuthology.orchestra.run.smithi089.stderr:/usr/bin/ceph:
2024-02-18T03:55:46.357+0000 7fd5457fa700 1 -- 172.21.15.89:0/2562424193 <== mgr.14142 v2:172.21.15.89:6800/756283400 1 ==== mgr_command_reply(tid 0: 0 ) v1 ==== 8+0+31 (secure 0 0 0) 0x7fd520000bc0 con 0x7fd52c033ce0
2024-02-18T03:55:46.361 INFO:teuthology.orchestra.run.smithi089.stderr:/usr/bin/ceph: Scheduled prometheus update...
2024-02-18T03:55:46.364 INFO:teuthology.orchestra.run.smithi089.stderr:/usr/bin/ceph:
2024-02-18T03:55:46.358+0000 7fd532ffd700 1 -- 172.21.15.89:0/2562424193 >> [v2:172.21.15.89:6800/756283400,v1:172.21.15.89:6801/756283400] conn(0x7fd52c033ce0 msgr2=0x7fd52c0360d0 secure :-1 s=STATE_CONNECTION_ESTABLISHED l=1).mark_down
2024-02-18T03:55:46.364 INFO:teuthology.orchestra.run.smithi089.stderr:/usr/bin/ceph:
2024-02-18T03:55:46.358+0000 7fd532ffd700 1 --2- 172.21.15.89:0/2562424193 >> [v2:172.21.15.89:6800/756283400,v1:172.21.15.89:6801/756283400] conn(0x7fd52c033ce0 0x7fd52c0360d0 secure :-1 s=READY pgs=1 cs=0 l=1 rev1=1 rx=0x7fd534006fd0 tx=0x7fd534006d30).stop
2024-02-18T03:55:46.364 INFO:teuthology.orchestra.run.smithi089.stderr:/usr/bin/ceph:
2024-02-18T03:55:46.358+0000 7fd532ffd700 1 -- 172.21.15.89:0/2562424193 >> [v2:172.21.15.89:3300/0,v1:172.21.15.89:6789/0] conn(0x7fd548070430 msgr2=0x7fd54810a9d0 secure :-1 s=STATE_CONNECTION_ESTABLISHED l=1).mark_down
2024-02-18T03:55:46.364 INFO:teuthology.orchestra.run.smithi089.stderr:/usr/bin/ceph:
2024-02-18T03:55:46.358+0000 7fd532ffd700 1 --2- 172.21.15.89:0/2562424193 >> [v2:172.21.15.89:3300/0,v1:172.21.15.89:6789/0] conn(0x7fd548070430 0x7fd54810a9d0 secure :-1 s=READY pgs=50 cs=0 l=1 rev1=1 rx=0x7fd53c00df90 tx=0x7fd53c006ee0).stop
2024-02-18T03:55:46.364 INFO:teuthology.orchestra.run.smithi089.stderr:/usr/bin/ceph:
2024-02-18T03:55:46.359+0000 7fd532ffd700 1 -- 172.21.15.89:0/2562424193 shutdown_connections
2024-02-18T03:55:46.364 INFO:teuthology.orchestra.run.smithi089.stderr:/usr/bin/ceph:
2024-02-18T03:55:46.359+0000 7fd532ffd700 1 --2- 172.21.15.89:0/2562424193 >> [v2:172.21.15.89:6800/756283400,v1:172.21.15.89:6801/756283400] conn(0x7fd52c033ce0 0x7fd52c0360d0 unknown :-1 s=CLOSED pgs=1 cs=0 l=1 rev1=1 rx=0 tx=0).stop
2024-02-18T03:55:46.364 INFO:teuthology.orchestra.run.smithi089.stderr:/usr/bin/ceph:
2024-02-18T03:55:46.359+0000 7fd532ffd700 1 --2- 172.21.15.89:0/2562424193 >> [v2:172.21.15.89:3300/0,v1:172.21.15.89:6789/0] conn(0x7fd548070430 0x7fd54810a9d0 unknown :-1 s=CLOSED pgs=50 cs=0 l=1 rev1=1 rx=0 tx=0).stop
2024-02-18T03:55:46.364 INFO:teuthology.orchestra.run.smithi089.stderr:/usr/bin/ceph:
2024-02-18T03:55:46.359+0000 7fd532ffd700 1 --2- 172.21.15.89:0/2562424193 >> [v2:172.21.15.89:6800/1853020158,v1:172.21.15.89:6801/1853020158] conn(0x7fd52c02fec0 0x7fd52c032380 unknown :-1 s=CLOSED pgs=0 cs=0 l=1 rev1=0 rx=0 tx=0).stop
2024-02-18T03:55:46.364 INFO:teuthology.orchestra.run.smithi089.stderr:/usr/bin/ceph:
2024-02-18T03:55:46.359+0000 7fd532ffd700 1 -- 172.21.15.89:0/2562424193 >> 172.21.15.89:0/2562424193 conn(0x7fd5480f6390 msgr2=0x7fd5480f7e00 unknown :-1 s=STATE_NONE l=0).mark_down
2024-02-18T03:55:46.365 INFO:teuthology.orchestra.run.smithi089.stderr:/usr/bin/ceph:
2024-02-18T03:55:46.359+0000 7fd532ffd700 1 -- 172.21.15.89:0/2562424193 shutdown_connections
2024-02-18T03:55:46.365 INFO:teuthology.orchestra.run.smithi089.stderr:/usr/bin/ceph:
2024-02-18T03:55:46.359+0000 7fd532ffd700 1 -- 172.21.15.89:0/2562424193 wait complete.
2024-02-18T03:55:46.574 INFO:journalctl@ceph.mon.smithi089.smithi089.stdout:Feb 18 03:55:46 smithi089 ceph-68ccf7da-ce11-11ee-95ba-87774f69a715-mon.smithi089[38136]: cluster
2024-02-18T03:55:45.295004+0000 mon.smithi089 (mon.0) 62 : cluster [INF] Active manager daemon smithi089.rbrbpu restarted
2024-02-18T03:55:46.574 INFO:journalctl@ceph.mon.smithi089.smithi089.stdout:Feb 18 03:55:46 smithi089 ceph-68ccf7da-ce11-11ee-95ba-87774f69a715-mon.smithi089[38136]: cluster
2024-02-18T03:55:45.295433+0000 mon.smithi089 (mon.0) 63 : cluster [INF] Activating manager daemon smithi089.rbrbpu
2024-02-18T03:55:46.574 INFO:journalctl@ceph.mon.smithi089.smithi089.stdout:Feb 18 03:55:46 smithi089 ceph-68ccf7da-ce11-11ee-95ba-87774f69a715-mon.smithi089[38136]: cluster
2024-02-18T03:55:45.299486+0000 mon.smithi089 (mon.0) 64 : cluster [DBG] osdmap e3: 0 total, 0 up, 0 in
2024-02-18T03:55:46.574 INFO:journalctl@ceph.mon.smithi089.smithi089.stdout:Feb 18 03:55:46 smithi089 ceph-68ccf7da-ce11-11ee-95ba-87774f69a715-mon.smithi089[38136]: cluster
2024-02-18T03:55:45.350556+0000 mon.smithi089 (mon.0) 65 : cluster [DBG] mgrmap e10: smithi089.rbrbpu(active, starting, since 0.055225s)
2024-02-18T03:55:46.574 INFO:journalctl@ceph.mon.smithi089.smithi089.stdout:Feb 18 03:55:46 smithi089 ceph-68ccf7da-ce11-11ee-95ba-87774f69a715-mon.smithi089[38136]: audit
2024-02-18T03:55:45.351367+0000 mon.smithi089 (mon.0) 66 : audit [DBG] from='mgr.14142 172.21.15.89:0/356256534' entity='mgr.smithi089.rbrbpu' cmd=[{"prefix": "mon metadata", "id": "smithi089"}]: dispatch
2024-02-18T03:55:46.574 INFO:journalctl@ceph.mon.smithi089.smithi089.stdout:Feb 18 03:55:46 smithi089 ceph-68ccf7da-ce11-11ee-95ba-87774f69a715-mon.smithi089[38136]: audit
2024-02-18T03:55:45.352013+0000 mon.smithi089 (mon.0) 67 : audit [DBG] from='mgr.14142 172.21.15.89:0/356256534' entity='mgr.smithi089.rbrbpu' cmd=[{"prefix": "mgr metadata", "who": "smithi089.rbrbpu", "id": "smithi089.rbrbpu"}]: dispatch
2024-02-18T03:55:46.574 INFO:journalctl@ceph.mon.smithi089.smithi089.stdout:Feb 18 03:55:46 smithi089 ceph-68ccf7da-ce11-11ee-95ba-87774f69a715-mon.smithi089[38136]: audit
2024-02-18T03:55:45.352647+0000 mon.smithi089 (mon.0) 68 : audit [DBG] from='mgr.14142 172.21.15.89:0/356256534' entity='mgr.smithi089.rbrbpu' cmd=[{"prefix": "mds metadata"}]: dispatch
2024-02-18T03:55:46.575 INFO:journalctl@ceph.mon.smithi089.smithi089.stdout:Feb 18 03:55:46 smithi089 ceph-68ccf7da-ce11-11ee-95ba-87774f69a715-mon.smithi089[38136]: audit
2024-02-18T03:55:45.352803+0000 mon.smithi089 (mon.0) 69 : audit [DBG] from='mgr.14142 172.21.15.89:0/356256534' entity='mgr.smithi089.rbrbpu' cmd=[{"prefix": "osd metadata"}]: dispatch
2024-02-18T03:55:46.575 INFO:journalctl@ceph.mon.smithi089.smithi089.stdout:Feb 18 03:55:46 smithi089 ceph-68ccf7da-ce11-11ee-95ba-87774f69a715-mon.smithi089[38136]: audit
2024-02-18T03:55:45.352922+0000 mon.smithi089 (mon.0) 70 : audit [DBG] from='mgr.14142 172.21.15.89:0/356256534' entity='mgr.smithi089.rbrbpu' cmd=[{"prefix": "mon metadata"}]: dispatch
2024-02-18T03:55:46.575 INFO:journalctl@ceph.mon.smithi089.smithi089.stdout:Feb 18 03:55:46 smithi089 ceph-68ccf7da-ce11-11ee-95ba-87774f69a715-mon.smithi089[38136]: cluster
2024-02-18T03:55:45.366770+0000 mon.smithi089 (mon.0) 71 : cluster [INF] Manager daemon smithi089.rbrbpu is now available
2024-02-18T03:55:46.575 INFO:journalctl@ceph.mon.smithi089.smithi089.stdout:Feb 18 03:55:46 smithi089 ceph-68ccf7da-ce11-11ee-95ba-87774f69a715-mon.smithi089[38136]: audit
2024-02-18T03:55:45.461993+0000 mon.smithi089 (mon.0) 72 : audit [DBG] from='mgr.14142 172.21.15.89:0/356256534' entity='mgr.smithi089.rbrbpu' cmd=[{"prefix": "config dump", "format": "json"}]: dispatch
2024-02-18T03:55:46.575 INFO:journalctl@ceph.mon.smithi089.smithi089.stdout:Feb 18 03:55:46 smithi089 ceph-68ccf7da-ce11-11ee-95ba-87774f69a715-mon.smithi089[38136]: audit
2024-02-18T03:55:45.463418+0000 mon.smithi089 (mon.0) 73 : audit [DBG] from='mgr.14142 172.21.15.89:0/356256534' entity='mgr.smithi089.rbrbpu' cmd=[{"prefix": "config dump", "format": "json"}]: dispatch
2024-02-18T03:55:46.575 INFO:journalctl@ceph.mon.smithi089.smithi089.stdout:Feb 18 03:55:46 smithi089 ceph-68ccf7da-ce11-11ee-95ba-87774f69a715-mon.smithi089[38136]: audit
2024-02-18T03:55:45.478391+0000 mon.smithi089 (mon.0) 74 : audit [INF] from='mgr.14142 172.21.15.89:0/356256534' entity='mgr.smithi089.rbrbpu' cmd=[{"prefix":"config rm","who":"mgr","name":"mgr/rbd_support/smithi089.rbrbpu/mirror_snapshot_schedule"}]: dispatch
2024-02-18T03:55:46.575 INFO:journalctl@ceph.mon.smithi089.smithi089.stdout:Feb 18 03:55:46 smithi089 ceph-68ccf7da-ce11-11ee-95ba-87774f69a715-mon.smithi089[38136]: audit
2024-02-18T03:55:45.485930+0000 mon.smithi089 (mon.0) 75 : audit [INF] from='mgr.14142 172.21.15.89:0/356256534' entity='mgr.smithi089.rbrbpu' cmd=[{"prefix":"config rm","who":"mgr","name":"mgr/rbd_support/smithi089.rbrbpu/trash_purge_schedule"}]: dispatch
2024-02-18T03:55:47.037 INFO:teuthology.orchestra.run.smithi089.stderr:Deploying grafana service with default placement...
2024-02-18T03:55:47.037 INFO:teuthology.orchestra.run.smithi089.stderr:Running command: /bin/podman run --rm --ipc=host --no-hosts --net=host --entrypoint /usr/bin/ceph --init -e CONTAINER_IMAGE=docker.io/ceph/ceph:v16.2.4 -e NODE_NAME=smithi089 -e CEPH_USE_RANDOM_NONCE=1 -v /var/log/ceph/68ccf7da-ce11-11ee-95ba-87774f69a715:/var/log/ceph:z -v /tmp/ceph-tmpy838o1ak:/etc/ceph/ceph.client.admin.keyring:z -v /tmp/ceph-tmptnqq63u1:/etc/ceph/ceph.conf:z docker.io/ceph/ceph:v16.2.4 orch apply grafana
2024-02-18T03:55:47.564 INFO:teuthology.orchestra.run.smithi089.stderr:/usr/bin/ceph:
2024-02-18T03:55:47.554+0000 7fc264a4f700 1 Processor -- start
2024-02-18T03:55:47.565 INFO:teuthology.orchestra.run.smithi089.stderr:/usr/bin/ceph:
2024-02-18T03:55:47.554+0000 7fc264a4f700 1 -- start start
2024-02-18T03:55:47.565 INFO:teuthology.orchestra.run.smithi089.stderr:/usr/bin/ceph:
2024-02-18T03:55:47.554+0000 7fc264a4f700 1 --2- >> [v2:172.21.15.89:3300/0,v1:172.21.15.89:6789/0] conn(0x7fc2600703f0 0x7fc2600fe8d0 unknown :-1 s=NONE pgs=0 cs=0 l=0 rev1=0 rx=0 tx=0).connect
2024-02-18T03:55:47.565 INFO:teuthology.orchestra.run.smithi089.stderr:/usr/bin/ceph:
2024-02-18T03:55:47.554+0000 7fc264a4f700 1 -- --> [v2:172.21.15.89:3300/0,v1:172.21.15.89:6789/0] -- mon_getmap magic: 0 v1 -- 0x7fc2600fedc0 con 0x7fc2600703f0
2024-02-18T03:55:47.565 INFO:teuthology.orchestra.run.smithi089.stderr:/usr/bin/ceph:
2024-02-18T03:55:47.554+0000 7fc25ed9d700 1 --2- >> [v2:172.21.15.89:3300/0,v1:172.21.15.89:6789/0] conn(0x7fc2600703f0 0x7fc2600fe8d0 unknown :-1 s=BANNER_CONNECTING pgs=0 cs=0 l=0 rev1=0 rx=0 tx=0)._handle_peer_banner_payload supported=1 required=0
2024-02-18T03:55:47.565 INFO:teuthology.orchestra.run.smithi089.stderr:/usr/bin/ceph:
2024-02-18T03:55:47.554+0000 7fc25ed9d700 1 --2- >> [v2:172.21.15.89:3300/0,v1:172.21.15.89:6789/0] conn(0x7fc2600703f0 0x7fc2600fe8d0 unknown :-1 s=HELLO_CONNECTING pgs=0 cs=0 l=0 rev1=1 rx=0 tx=0).handle_hello peer v2:172.21.15.89:3300/0 says I am v2:172.21.15.89:38568/0 (socket says 172.21.15.89:38568)
2024-02-18T03:55:47.565 INFO:teuthology.orchestra.run.smithi089.stderr:/usr/bin/ceph:
2024-02-18T03:55:47.554+0000 7fc25ed9d700 1 -- 172.21.15.89:0/1137354684 learned_addr learned my addr 172.21.15.89:0/1137354684 (peer_addr_for_me v2:172.21.15.89:0/0)
2024-02-18T03:55:47.565 INFO:teuthology.orchestra.run.smithi089.stderr:/usr/bin/ceph:
2024-02-18T03:55:47.554+0000 7fc25ed9d700 1 -- 172.21.15.89:0/1137354684 --> [v2:172.21.15.89:3300/0,v1:172.21.15.89:6789/0] -- mon_subscribe({config=0+,monmap=0+}) v3 -- 0x7fc2600fef00 con 0x7fc2600703f0
2024-02-18T03:55:47.565 INFO:teuthology.orchestra.run.smithi089.stderr:/usr/bin/ceph:
2024-02-18T03:55:47.554+0000 7fc25ed9d700 1 --2- 172.21.15.89:0/1137354684 >> [v2:172.21.15.89:3300/0,v1:172.21.15.89:6789/0] conn(0x7fc2600703f0 0x7fc2600fe8d0 secure :-1 s=READY pgs=56 cs=0 l=1 rev1=1 rx=0x7fc25000b5f0 tx=0x7fc250006ee0).ready entity=mon.0 client_cookie=763c092c660e2de3 server_cookie=0 in_seq=0 out_seq=0
2024-02-18T03:55:47.565 INFO:teuthology.orchestra.run.smithi089.stderr:/usr/bin/ceph:
2024-02-18T03:55:47.555+0000 7fc25dd9b700 1 -- 172.21.15.89:0/1137354684 <== mon.0 v2:172.21.15.89:3300/0 1 ==== mon_map magic: 0 v1 ==== 229+0+0 (secure 0 0 0) 0x7fc25000d600 con 0x7fc2600703f0
2024-02-18T03:55:47.565 INFO:teuthology.orchestra.run.smithi089.stderr:/usr/bin/ceph:
2024-02-18T03:55:47.555+0000 7fc25dd9b700 1 -- 172.21.15.89:0/1137354684 <== mon.0 v2:172.21.15.89:3300/0 2 ==== config(26 keys) v1 ==== 1045+0+0 (secure 0 0 0) 0x7fc25000dbf0 con 0x7fc2600703f0
2024-02-18T03:55:47.565 INFO:teuthology.orchestra.run.smithi089.stderr:/usr/bin/ceph:
2024-02-18T03:55:47.555+0000 7fc25dd9b700 1 -- 172.21.15.89:0/1137354684 <== mon.0 v2:172.21.15.89:3300/0 3 ==== mon_map magic: 0 v1 ==== 229+0+0 (secure 0 0 0) 0x7fc250011ce0 con 0x7fc2600703f0
2024-02-18T03:55:47.565 INFO:teuthology.orchestra.run.smithi089.stderr:/usr/bin/ceph:
2024-02-18T03:55:47.555+0000 7fc264a4f700 1 -- 172.21.15.89:0/1137354684 >> [v2:172.21.15.89:3300/0,v1:172.21.15.89:6789/0] conn(0x7fc2600703f0 msgr2=0x7fc2600fe8d0 secure :-1 s=STATE_CONNECTION_ESTABLISHED l=1).mark_down
2024-02-18T03:55:47.566 INFO:teuthology.orchestra.run.smithi089.stderr:/usr/bin/ceph:
2024-02-18T03:55:47.555+0000 7fc264a4f700 1 --2- 172.21.15.89:0/1137354684 >> [v2:172.21.15.89:3300/0,v1:172.21.15.89:6789/0] conn(0x7fc2600703f0 0x7fc2600fe8d0 secure :-1 s=READY pgs=56 cs=0 l=1 rev1=1 rx=0x7fc25000b5f0 tx=0x7fc250006ee0).stop
2024-02-18T03:55:47.566 INFO:teuthology.orchestra.run.smithi089.stderr:/usr/bin/ceph:
2024-02-18T03:55:47.555+0000 7fc264a4f700 1 -- 172.21.15.89:0/1137354684 shutdown_connections
2024-02-18T03:55:47.566 INFO:teuthology.orchestra.run.smithi089.stderr:/usr/bin/ceph:
2024-02-18T03:55:47.555+0000 7fc264a4f700 1 --2- 172.21.15.89:0/1137354684 >> [v2:172.21.15.89:3300/0,v1:172.21.15.89:6789/0] conn(0x7fc2600703f0 0x7fc2600fe8d0 unknown :-1 s=CLOSED pgs=56 cs=0 l=1 rev1=1 rx=0 tx=0).stop
2024-02-18T03:55:47.566 INFO:teuthology.orchestra.run.smithi089.stderr:/usr/bin/ceph:
2024-02-18T03:55:47.555+0000 7fc264a4f700 1 -- 172.21.15.89:0/1137354684 >> 172.21.15.89:0/1137354684 conn(0x7fc2600f6390 msgr2=0x7fc2600f87b0 unknown :-1 s=STATE_NONE l=0).mark_down
2024-02-18T03:55:47.566 INFO:teuthology.orchestra.run.smithi089.stderr:/usr/bin/ceph:
2024-02-18T03:55:47.555+0000 7fc264a4f700 1 -- 172.21.15.89:0/1137354684 shutdown_connections
2024-02-18T03:55:47.566 INFO:teuthology.orchestra.run.smithi089.stderr:/usr/bin/ceph:
2024-02-18T03:55:47.555+0000 7fc264a4f700 1 -- 172.21.15.89:0/1137354684 wait complete.
2024-02-18T03:55:47.566 INFO:teuthology.orchestra.run.smithi089.stderr:/usr/bin/ceph:
2024-02-18T03:55:47.556+0000 7fc264a4f700 1 Processor -- start
2024-02-18T03:55:47.566 INFO:teuthology.orchestra.run.smithi089.stderr:/usr/bin/ceph:
2024-02-18T03:55:47.556+0000 7fc264a4f700 1 -- start start
2024-02-18T03:55:47.566 INFO:teuthology.orchestra.run.smithi089.stderr:/usr/bin/ceph:
2024-02-18T03:55:47.556+0000 7fc264a4f700 1 --2- >> [v2:172.21.15.89:3300/0,v1:172.21.15.89:6789/0] conn(0x7fc2600703f0 0x7fc26010a9d0 unknown :-1 s=NONE pgs=0 cs=0 l=1 rev1=0 rx=0 tx=0).connect
2024-02-18T03:55:47.566 INFO:teuthology.orchestra.run.smithi089.stderr:/usr/bin/ceph:
2024-02-18T03:55:47.556+0000 7fc264a4f700 1 -- --> [v2:172.21.15.89:3300/0,v1:172.21.15.89:6789/0] -- mon_getmap magic: 0 v1 -- 0x7fc26010aec0 con 0x7fc2600703f0
2024-02-18T03:55:47.566 INFO:teuthology.orchestra.run.smithi089.stderr:/usr/bin/ceph:
2024-02-18T03:55:47.556+0000 7fc25ed9d700 1 --2- >> [v2:172.21.15.89:3300/0,v1:172.21.15.89:6789/0] conn(0x7fc2600703f0 0x7fc26010a9d0 unknown :-1 s=BANNER_CONNECTING pgs=0 cs=0 l=1 rev1=0 rx=0 tx=0)._handle_peer_banner_payload supported=1 required=0
2024-02-18T03:55:47.566 INFO:teuthology.orchestra.run.smithi089.stderr:/usr/bin/ceph:
2024-02-18T03:55:47.556+0000 7fc25ed9d700 1 --2- >> [v2:172.21.15.89:3300/0,v1:172.21.15.89:6789/0] conn(0x7fc2600703f0 0x7fc26010a9d0 unknown :-1 s=HELLO_CONNECTING pgs=0 cs=0 l=1 rev1=1 rx=0 tx=0).handle_hello peer v2:172.21.15.89:3300/0 says I am v2:172.21.15.89:38574/0 (socket says 172.21.15.89:38574)
2024-02-18T03:55:47.566 INFO:teuthology.orchestra.run.smithi089.stderr:/usr/bin/ceph:
2024-02-18T03:55:47.556+0000 7fc25ed9d700 1 -- 172.21.15.89:0/2549136612 learned_addr learned my addr 172.21.15.89:0/2549136612 (peer_addr_for_me v2:172.21.15.89:0/0)
2024-02-18T03:55:47.566 INFO:teuthology.orchestra.run.smithi089.stderr:/usr/bin/ceph:
2024-02-18T03:55:47.557+0000 7fc25ed9d700 1 -- 172.21.15.89:0/2549136612 --> [v2:172.21.15.89:3300/0,v1:172.21.15.89:6789/0] -- mon_subscribe({config=0+,monmap=0+}) v3 -- 0x7fc25000b200 con 0x7fc2600703f0
2024-02-18T03:55:47.567 INFO:teuthology.orchestra.run.smithi089.stderr:/usr/bin/ceph:
2024-02-18T03:55:47.557+0000 7fc25ed9d700 1 --2- 172.21.15.89:0/2549136612 >> [v2:172.21.15.89:3300/0,v1:172.21.15.89:6789/0] conn(0x7fc2600703f0 0x7fc26010a9d0 secure :-1 s=READY pgs=57 cs=0 l=1 rev1=1 rx=0x7fc2500115c0 tx=0x7fc250006ee0).ready entity=mon.0 client_cookie=0 server_cookie=0 in_seq=0 out_seq=0
2024-02-18T03:55:47.567 INFO:teuthology.orchestra.run.smithi089.stderr:/usr/bin/ceph:
2024-02-18T03:55:47.557+0000 7fc2477fe700 1 -- 172.21.15.89:0/2549136612 <== mon.0 v2:172.21.15.89:3300/0 1 ==== mon_map magic: 0 v1 ==== 229+0+0 (secure 0 0 0) 0x7fc25001b410 con 0x7fc2600703f0
2024-02-18T03:55:47.567 INFO:teuthology.orchestra.run.smithi089.stderr:/usr/bin/ceph:
2024-02-18T03:55:47.557+0000 7fc2477fe700 1 -- 172.21.15.89:0/2549136612 <== mon.0 v2:172.21.15.89:3300/0 2 ==== config(26 keys) v1 ==== 1045+0+0 (secure 0 0 0) 0x7fc25001ba00 con 0x7fc2600703f0
2024-02-18T03:55:47.567 INFO:teuthology.orchestra.run.smithi089.stderr:/usr/bin/ceph:
2024-02-18T03:55:47.557+0000 7fc264a4f700 1 -- 172.21.15.89:0/2549136612 --> [v2:172.21.15.89:3300/0,v1:172.21.15.89:6789/0] -- mon_subscribe({mgrmap=0+}) v3 -- 0x7fc26010b0c0 con 0x7fc2600703f0
2024-02-18T03:55:47.567 INFO:teuthology.orchestra.run.smithi089.stderr:/usr/bin/ceph:
2024-02-18T03:55:47.557+0000 7fc2477fe700 1 -- 172.21.15.89:0/2549136612 <== mon.0 v2:172.21.15.89:3300/0 3 ==== mon_map magic: 0 v1 ==== 229+0+0 (secure 0 0 0) 0x7fc25001aaa0 con 0x7fc2600703f0
2024-02-18T03:55:47.567 INFO:teuthology.orchestra.run.smithi089.stderr:/usr/bin/ceph:
2024-02-18T03:55:47.557+0000 7fc264a4f700 1 -- 172.21.15.89:0/2549136612 --> [v2:172.21.15.89:3300/0,v1:172.21.15.89:6789/0] -- mon_subscribe({osdmap=0}) v3 -- 0x7fc26010b550 con 0x7fc2600703f0
2024-02-18T03:55:47.567 INFO:teuthology.orchestra.run.smithi089.stderr:/usr/bin/ceph:
2024-02-18T03:55:47.558+0000 7fc264a4f700 1 -- 172.21.15.89:0/2549136612 --> [v2:172.21.15.89:3300/0,v1:172.21.15.89:6789/0] -- mon_command({"prefix": "get_command_descriptions"} v 0) v1 -- 0x7fc260045ad0 con 0x7fc2600703f0
2024-02-18T03:55:47.567 INFO:teuthology.orchestra.run.smithi089.stderr:/usr/bin/ceph:
2024-02-18T03:55:47.558+0000 7fc2477fe700 1 -- 172.21.15.89:0/2549136612 <== mon.0 v2:172.21.15.89:3300/0 4 ==== mgrmap(e 12) v1 ==== 36195+0+0 (secure 0 0 0) 0x7fc25000f070 con 0x7fc2600703f0
2024-02-18T03:55:47.567 INFO:teuthology.orchestra.run.smithi089.stderr:/usr/bin/ceph:
2024-02-18T03:55:47.558+0000 7fc2477fe700 1 --2- 172.21.15.89:0/2549136612 >> [v2:172.21.15.89:6800/756283400,v1:172.21.15.89:6801/756283400] conn(0x7fc24c02ff20 0x7fc24c0323e0 unknown :-1 s=NONE pgs=0 cs=0 l=1 rev1=0 rx=0 tx=0).connect
2024-02-18T03:55:47.567 INFO:teuthology.orchestra.run.smithi089.stderr:/usr/bin/ceph:
2024-02-18T03:55:47.559+0000 7fc2477fe700 1 -- 172.21.15.89:0/2549136612 <== mon.0 v2:172.21.15.89:3300/0 5 ==== osd_map(3..3 src has 1..3) v4 ==== 1098+0+0 (secure 0 0 0) 0x7fc250041170 con 0x7fc2600703f0
2024-02-18T03:55:47.567 INFO:teuthology.orchestra.run.smithi089.stderr:/usr/bin/ceph:
2024-02-18T03:55:47.559+0000 7fc25e59c700 1 --2- 172.21.15.89:0/2549136612 >> [v2:172.21.15.89:6800/756283400,v1:172.21.15.89:6801/756283400] conn(0x7fc24c02ff20 0x7fc24c0323e0 unknown :-1 s=BANNER_CONNECTING pgs=0 cs=0 l=1 rev1=0 rx=0 tx=0)._handle_peer_banner_payload supported=1 required=0
2024-02-18T03:55:47.567 INFO:teuthology.orchestra.run.smithi089.stderr:/usr/bin/ceph:
2024-02-18T03:55:47.559+0000 7fc25e59c700 1 --2- 172.21.15.89:0/2549136612 >> [v2:172.21.15.89:6800/756283400,v1:172.21.15.89:6801/756283400] conn(0x7fc24c02ff20 0x7fc24c0323e0 secure :-1 s=READY pgs=6 cs=0 l=1 rev1=1 rx=0x7fc2540096a0 tx=0x7fc254006b40).ready entity=mgr.14142 client_cookie=0 server_cookie=0 in_seq=0 out_seq=0
2024-02-18T03:55:47.568 INFO:teuthology.orchestra.run.smithi089.stderr:/usr/bin/ceph:
2024-02-18T03:55:47.563+0000 7fc2477fe700 1 -- 172.21.15.89:0/2549136612 <== mon.0 v2:172.21.15.89:3300/0 6 ==== mon_command_ack([{"prefix": "get_command_descriptions"}]=0 v0) v1 ==== 72+0+152212 (secure 0 0 0) 0x7fc250010360 con 0x7fc2600703f0
2024-02-18T03:55:47.742 INFO:teuthology.orchestra.run.smithi089.stderr:/usr/bin/ceph:
2024-02-18T03:55:47.738+0000 7fc264a4f700 1 -- 172.21.15.89:0/2549136612 --> [v2:172.21.15.89:6800/756283400,v1:172.21.15.89:6801/756283400] -- mgr_command(tid 0: {"prefix": "orch apply", "service_type": "grafana", "target": ["mon-mgr", ""]}) v1 -- 0x7fc26010bdb0 con 0x7fc24c02ff20
2024-02-18T03:55:47.749 INFO:teuthology.orchestra.run.smithi089.stderr:/usr/bin/ceph:
2024-02-18T03:55:47.744+0000 7fc2477fe700 1 -- 172.21.15.89:0/2549136612 <== mgr.14142 v2:172.21.15.89:6800/756283400 1 ==== mgr_command_reply(tid 0: 0 ) v1 ==== 8+0+28 (secure 0 0 0) 0x7fc26010bdb0 con 0x7fc24c02ff20
2024-02-18T03:55:47.749 INFO:teuthology.orchestra.run.smithi089.stderr:/usr/bin/ceph: Scheduled grafana update...
2024-02-18T03:55:47.752 INFO:teuthology.orchestra.run.smithi089.stderr:/usr/bin/ceph:
2024-02-18T03:55:47.746+0000 7fc264a4f700 1 -- 172.21.15.89:0/2549136612 >> [v2:172.21.15.89:6800/756283400,v1:172.21.15.89:6801/756283400] conn(0x7fc24c02ff20 msgr2=0x7fc24c0323e0 secure :-1 s=STATE_CONNECTION_ESTABLISHED l=1).mark_down
2024-02-18T03:55:47.752 INFO:teuthology.orchestra.run.smithi089.stderr:/usr/bin/ceph:
2024-02-18T03:55:47.746+0000 7fc264a4f700 1 --2- 172.21.15.89:0/2549136612 >> [v2:172.21.15.89:6800/756283400,v1:172.21.15.89:6801/756283400] conn(0x7fc24c02ff20 0x7fc24c0323e0 secure :-1 s=READY pgs=6 cs=0 l=1 rev1=1 rx=0x7fc2540096a0 tx=0x7fc254006b40).stop
2024-02-18T03:55:47.752 INFO:teuthology.orchestra.run.smithi089.stderr:/usr/bin/ceph:
2024-02-18T03:55:47.746+0000 7fc264a4f700 1 -- 172.21.15.89:0/2549136612 >> [v2:172.21.15.89:3300/0,v1:172.21.15.89:6789/0] conn(0x7fc2600703f0 msgr2=0x7fc26010a9d0 secure :-1 s=STATE_CONNECTION_ESTABLISHED l=1).mark_down
2024-02-18T03:55:47.752 INFO:teuthology.orchestra.run.smithi089.stderr:/usr/bin/ceph:
2024-02-18T03:55:47.746+0000 7fc264a4f700 1 --2- 172.21.15.89:0/2549136612 >> [v2:172.21.15.89:3300/0,v1:172.21.15.89:6789/0] conn(0x7fc2600703f0 0x7fc26010a9d0 secure :-1 s=READY pgs=57 cs=0 l=1 rev1=1 rx=0x7fc2500115c0 tx=0x7fc250006ee0).stop
2024-02-18T03:55:47.752 INFO:teuthology.orchestra.run.smithi089.stderr:/usr/bin/ceph:
2024-02-18T03:55:47.746+0000 7fc264a4f700 1 -- 172.21.15.89:0/2549136612 shutdown_connections
2024-02-18T03:55:47.752 INFO:teuthology.orchestra.run.smithi089.stderr:/usr/bin/ceph:
2024-02-18T03:55:47.746+0000 7fc264a4f700 1 --2- 172.21.15.89:0/2549136612 >> [v2:172.21.15.89:6800/756283400,v1:172.21.15.89:6801/756283400] conn(0x7fc24c02ff20 0x7fc24c0323e0 unknown :-1 s=CLOSED pgs=6 cs=0 l=1 rev1=1 rx=0 tx=0).stop
2024-02-18T03:55:47.752 INFO:teuthology.orchestra.run.smithi089.stderr:/usr/bin/ceph:
2024-02-18T03:55:47.746+0000 7fc264a4f700 1 --2- 172.21.15.89:0/2549136612 >> [v2:172.21.15.89:3300/0,v1:172.21.15.89:6789/0] conn(0x7fc2600703f0 0x7fc26010a9d0 unknown :-1 s=CLOSED pgs=57 cs=0 l=1 rev1=1 rx=0 tx=0).stop
2024-02-18T03:55:47.752 INFO:teuthology.orchestra.run.smithi089.stderr:/usr/bin/ceph:
2024-02-18T03:55:47.746+0000 7fc264a4f700 1 -- 172.21.15.89:0/2549136612 >> 172.21.15.89:0/2549136612 conn(0x7fc2600f6390 msgr2=0x7fc2600f7de0 unknown :-1 s=STATE_NONE l=0).mark_down
2024-02-18T03:55:47.752 INFO:teuthology.orchestra.run.smithi089.stderr:/usr/bin/ceph:
2024-02-18T03:55:47.746+0000 7fc264a4f700 1 -- 172.21.15.89:0/2549136612 shutdown_connections
2024-02-18T03:55:47.753 INFO:teuthology.orchestra.run.smithi089.stderr:/usr/bin/ceph:
2024-02-18T03:55:47.746+0000 7fc264a4f700 1 -- 172.21.15.89:0/2549136612 wait complete.
2024-02-18T03:55:47.774 INFO:journalctl@ceph.mon.smithi089.smithi089.stdout:Feb 18 03:55:47 smithi089 ceph-68ccf7da-ce11-11ee-95ba-87774f69a715-mon.smithi089[38136]: cluster
2024-02-18T03:55:46.354876+0000 mon.smithi089 (mon.0) 76 : cluster [DBG] mgrmap e11: smithi089.rbrbpu(active, since 1.05954s)
2024-02-18T03:55:47.774 INFO:journalctl@ceph.mon.smithi089.smithi089.stdout:Feb 18 03:55:47 smithi089 ceph-68ccf7da-ce11-11ee-95ba-87774f69a715-mon.smithi089[38136]: cephadm
2024-02-18T03:55:46.355726+0000 mgr.smithi089.rbrbpu (mgr.14142) 2 : cephadm [INF] Saving service prometheus spec with placement count:1
2024-02-18T03:55:47.774 INFO:journalctl@ceph.mon.smithi089.smithi089.stdout:Feb 18 03:55:47 smithi089 ceph-68ccf7da-ce11-11ee-95ba-87774f69a715-mon.smithi089[38136]: audit
2024-02-18T03:55:46.357687+0000 mon.smithi089 (mon.0) 77 : audit [INF] from='mgr.14142 172.21.15.89:0/356256534' entity='mgr.smithi089.rbrbpu'
2024-02-18T03:55:48.360 INFO:teuthology.orchestra.run.smithi089.stderr:Deploying node-exporter service with default placement...
2024-02-18T03:55:48.360 INFO:teuthology.orchestra.run.smithi089.stderr:Running command: /bin/podman run --rm --ipc=host --no-hosts --net=host --entrypoint /usr/bin/ceph --init -e CONTAINER_IMAGE=docker.io/ceph/ceph:v16.2.4 -e NODE_NAME=smithi089 -e CEPH_USE_RANDOM_NONCE=1 -v /var/log/ceph/68ccf7da-ce11-11ee-95ba-87774f69a715:/var/log/ceph:z -v /tmp/ceph-tmpy838o1ak:/etc/ceph/ceph.client.admin.keyring:z -v /tmp/ceph-tmptnqq63u1:/etc/ceph/ceph.conf:z docker.io/ceph/ceph:v16.2.4 orch apply node-exporter
2024-02-18T03:55:48.621 INFO:journalctl@ceph.mon.smithi089.smithi089.stdout:Feb 18 03:55:48 smithi089 ceph-68ccf7da-ce11-11ee-95ba-87774f69a715-mon.smithi089[38136]: cluster
2024-02-18T03:55:47.359028+0000 mon.smithi089 (mon.0) 78 : cluster [DBG] mgrmap e12: smithi089.rbrbpu(active, since 2s)
2024-02-18T03:55:48.621 INFO:journalctl@ceph.mon.smithi089.smithi089.stdout:Feb 18 03:55:48 smithi089 ceph-68ccf7da-ce11-11ee-95ba-87774f69a715-mon.smithi089[38136]: audit
2024-02-18T03:55:47.745573+0000 mon.smithi089 (mon.0) 79 : audit [INF] from='mgr.14142 172.21.15.89:0/356256534' entity='mgr.smithi089.rbrbpu'
2024-02-18T03:55:48.913 INFO:teuthology.orchestra.run.smithi089.stderr:/usr/bin/ceph:
2024-02-18T03:55:48.906+0000 7f3a4aaf0700 1 Processor -- start
2024-02-18T03:55:48.913 INFO:teuthology.orchestra.run.smithi089.stderr:/usr/bin/ceph:
2024-02-18T03:55:48.906+0000 7f3a4aaf0700 1 -- start start
2024-02-18T03:55:48.913 INFO:teuthology.orchestra.run.smithi089.stderr:/usr/bin/ceph:
2024-02-18T03:55:48.906+0000 7f3a4aaf0700 1 --2- >> [v2:172.21.15.89:3300/0,v1:172.21.15.89:6789/0] conn(0x7f3a44070390 0x7f3a440feaf0 unknown :-1 s=NONE pgs=0 cs=0 l=0 rev1=0 rx=0 tx=0).connect
2024-02-18T03:55:48.913 INFO:teuthology.orchestra.run.smithi089.stderr:/usr/bin/ceph:
2024-02-18T03:55:48.907+0000 7f3a4aaf0700 1 -- --> [v2:172.21.15.89:3300/0,v1:172.21.15.89:6789/0] -- mon_getmap magic: 0 v1 -- 0x7f3a440fefe0 con 0x7f3a44070390
2024-02-18T03:55:48.913 INFO:teuthology.orchestra.run.smithi089.stderr:/usr/bin/ceph:
2024-02-18T03:55:48.907+0000 7f3a4888c700 1 --2- >> [v2:172.21.15.89:3300/0,v1:172.21.15.89:6789/0] conn(0x7f3a44070390 0x7f3a440feaf0 unknown :-1 s=BANNER_CONNECTING pgs=0 cs=0 l=0 rev1=0 rx=0 tx=0)._handle_peer_banner_payload supported=1 required=0
2024-02-18T03:55:48.913 INFO:teuthology.orchestra.run.smithi089.stderr:/usr/bin/ceph:
2024-02-18T03:55:48.907+0000 7f3a4888c700 1 --2- >> [v2:172.21.15.89:3300/0,v1:172.21.15.89:6789/0] conn(0x7f3a44070390 0x7f3a440feaf0 unknown :-1 s=HELLO_CONNECTING pgs=0 cs=0 l=0 rev1=1 rx=0 tx=0).handle_hello peer v2:172.21.15.89:3300/0 says I am v2:172.21.15.89:38588/0 (socket says 172.21.15.89:38588)
2024-02-18T03:55:48.913 INFO:teuthology.orchestra.run.smithi089.stderr:/usr/bin/ceph:
2024-02-18T03:55:48.907+0000 7f3a4888c700 1 -- 172.21.15.89:0/2480093700 learned_addr learned my addr 172.21.15.89:0/2480093700 (peer_addr_for_me v2:172.21.15.89:0/0)
2024-02-18T03:55:48.913 INFO:teuthology.orchestra.run.smithi089.stderr:/usr/bin/ceph:
2024-02-18T03:55:48.907+0000 7f3a4888c700 1 -- 172.21.15.89:0/2480093700 --> [v2:172.21.15.89:3300/0,v1:172.21.15.89:6789/0] -- mon_subscribe({config=0+,monmap=0+}) v3 -- 0x7f3a440ff120 con 0x7f3a44070390
2024-02-18T03:55:48.913 INFO:teuthology.orchestra.run.smithi089.stderr:/usr/bin/ceph:
2024-02-18T03:55:48.907+0000 7f3a4888c700 1 --2- 172.21.15.89:0/2480093700 >> [v2:172.21.15.89:3300/0,v1:172.21.15.89:6789/0] conn(0x7f3a44070390 0x7f3a440feaf0 secure :-1 s=READY pgs=58 cs=0 l=1 rev1=1 rx=0x7f3a3800b5f0 tx=0x7f3a38006ee0).ready entity=mon.0 client_cookie=a3cbb4fd16827d56 server_cookie=0 in_seq=0 out_seq=0
2024-02-18T03:55:48.913 INFO:teuthology.orchestra.run.smithi089.stderr:/usr/bin/ceph:
2024-02-18T03:55:48.907+0000 7f3a437fe700 1 -- 172.21.15.89:0/2480093700 <== mon.0 v2:172.21.15.89:3300/0 1 ==== mon_map magic: 0 v1 ==== 229+0+0 (secure 0 0 0) 0x7f3a3800d600 con 0x7f3a44070390
2024-02-18T03:55:48.914 INFO:teuthology.orchestra.run.smithi089.stderr:/usr/bin/ceph:
2024-02-18T03:55:48.907+0000 7f3a437fe700 1 -- 172.21.15.89:0/2480093700 <== mon.0 v2:172.21.15.89:3300/0 2 ==== config(26 keys) v1 ==== 1045+0+0 (secure 0 0 0) 0x7f3a3800dbf0 con 0x7f3a44070390
2024-02-18T03:55:48.914 INFO:teuthology.orchestra.run.smithi089.stderr:/usr/bin/ceph:
2024-02-18T03:55:48.907+0000 7f3a437fe700 1 -- 172.21.15.89:0/2480093700 <== mon.0 v2:172.21.15.89:3300/0 3 ==== mon_map magic: 0 v1 ==== 229+0+0 (secure 0 0 0) 0x7f3a38011cb0 con 0x7f3a44070390
2024-02-18T03:55:48.914 INFO:teuthology.orchestra.run.smithi089.stderr:/usr/bin/ceph:
2024-02-18T03:55:48.908+0000 7f3a4aaf0700 1 -- 172.21.15.89:0/2480093700 >> [v2:172.21.15.89:3300/0,v1:172.21.15.89:6789/0] conn(0x7f3a44070390 msgr2=0x7f3a440feaf0 secure :-1 s=STATE_CONNECTION_ESTABLISHED l=1).mark_down
2024-02-18T03:55:48.914 INFO:teuthology.orchestra.run.smithi089.stderr:/usr/bin/ceph:
2024-02-18T03:55:48.908+0000 7f3a4aaf0700 1 --2- 172.21.15.89:0/2480093700 >> [v2:172.21.15.89:3300/0,v1:172.21.15.89:6789/0] conn(0x7f3a44070390 0x7f3a440feaf0 secure :-1 s=READY pgs=58 cs=0 l=1 rev1=1 rx=0x7f3a3800b5f0 tx=0x7f3a38006ee0).stop
2024-02-18T03:55:48.914 INFO:teuthology.orchestra.run.smithi089.stderr:/usr/bin/ceph:
2024-02-18T03:55:48.908+0000 7f3a4aaf0700 1 -- 172.21.15.89:0/2480093700 shutdown_connections
2024-02-18T03:55:48.914 INFO:teuthology.orchestra.run.smithi089.stderr:/usr/bin/ceph:
2024-02-18T03:55:48.908+0000 7f3a4aaf0700 1 --2- 172.21.15.89:0/2480093700 >> [v2:172.21.15.89:3300/0,v1:172.21.15.89:6789/0] conn(0x7f3a44070390 0x7f3a440feaf0 unknown :-1 s=CLOSED pgs=58 cs=0 l=1 rev1=1 rx=0 tx=0).stop
2024-02-18T03:55:48.914 INFO:teuthology.orchestra.run.smithi089.stderr:/usr/bin/ceph:
2024-02-18T03:55:48.908+0000 7f3a4aaf0700 1 -- 172.21.15.89:0/2480093700 >> 172.21.15.89:0/2480093700 conn(0x7f3a440f6530 msgr2=0x7f3a440f8950 unknown :-1 s=STATE_NONE l=0).mark_down
2024-02-18T03:55:48.914 INFO:teuthology.orchestra.run.smithi089.stderr:/usr/bin/ceph:
2024-02-18T03:55:48.908+0000 7f3a4aaf0700 1 -- 172.21.15.89:0/2480093700 shutdown_connections
2024-02-18T03:55:48.914 INFO:teuthology.orchestra.run.smithi089.stderr:/usr/bin/ceph:
2024-02-18T03:55:48.908+0000 7f3a4aaf0700 1 -- 172.21.15.89:0/2480093700 wait complete.
2024-02-18T03:55:48.916 INFO:teuthology.orchestra.run.smithi089.stderr:/usr/bin/ceph:
2024-02-18T03:55:48.909+0000 7f3a4aaf0700 1 Processor -- start
2024-02-18T03:55:48.916 INFO:teuthology.orchestra.run.smithi089.stderr:/usr/bin/ceph:
2024-02-18T03:55:48.909+0000 7f3a4aaf0700 1 -- start start
2024-02-18T03:55:48.916 INFO:teuthology.orchestra.run.smithi089.stderr:/usr/bin/ceph:
2024-02-18T03:55:48.909+0000 7f3a4aaf0700 1 --2- >> [v2:172.21.15.89:3300/0,v1:172.21.15.89:6789/0] conn(0x7f3a44070390 0x7f3a4410ab30 unknown :-1 s=NONE pgs=0 cs=0 l=1 rev1=0 rx=0 tx=0).connect
2024-02-18T03:55:48.917 INFO:teuthology.orchestra.run.smithi089.stderr:/usr/bin/ceph:
2024-02-18T03:55:48.909+0000 7f3a4aaf0700 1 -- --> [v2:172.21.15.89:3300/0,v1:172.21.15.89:6789/0] -- mon_getmap magic: 0 v1 -- 0x7f3a4410b020 con 0x7f3a44070390
2024-02-18T03:55:48.917 INFO:teuthology.orchestra.run.smithi089.stderr:/usr/bin/ceph:
2024-02-18T03:55:48.909+0000 7f3a4888c700 1 --2- >> [v2:172.21.15.89:3300/0,v1:172.21.15.89:6789/0] conn(0x7f3a44070390 0x7f3a4410ab30 unknown :-1 s=BANNER_CONNECTING pgs=0 cs=0 l=1 rev1=0 rx=0 tx=0)._handle_peer_banner_payload supported=1 required=0
2024-02-18T03:55:48.917 INFO:teuthology.orchestra.run.smithi089.stderr:/usr/bin/ceph:
2024-02-18T03:55:48.909+0000 7f3a4888c700 1 --2- >> [v2:172.21.15.89:3300/0,v1:172.21.15.89:6789/0] conn(0x7f3a44070390 0x7f3a4410ab30 unknown :-1 s=HELLO_CONNECTING pgs=0 cs=0 l=1 rev1=1 rx=0 tx=0).handle_hello peer v2:172.21.15.89:3300/0 says I am v2:172.21.15.89:38592/0 (socket says 172.21.15.89:38592)
2024-02-18T03:55:48.917 INFO:teuthology.orchestra.run.smithi089.stderr:/usr/bin/ceph:
2024-02-18T03:55:48.909+0000 7f3a4888c700 1 -- 172.21.15.89:0/1564957555 learned_addr learned my addr 172.21.15.89:0/1564957555 (peer_addr_for_me v2:172.21.15.89:0/0)
2024-02-18T03:55:48.917 INFO:teuthology.orchestra.run.smithi089.stderr:/usr/bin/ceph:
2024-02-18T03:55:48.910+0000 7f3a4888c700 1 -- 172.21.15.89:0/1564957555 --> [v2:172.21.15.89:3300/0,v1:172.21.15.89:6789/0] -- mon_subscribe({config=0+,monmap=0+}) v3 -- 0x7f3a3800b200 con 0x7f3a44070390
2024-02-18T03:55:48.917 INFO:teuthology.orchestra.run.smithi089.stderr:/usr/bin/ceph:
2024-02-18T03:55:48.910+0000 7f3a4888c700 1 --2- 172.21.15.89:0/1564957555 >> [v2:172.21.15.89:3300/0,v1:172.21.15.89:6789/0] conn(0x7f3a44070390 0x7f3a4410ab30 secure :-1 s=READY pgs=59 cs=0 l=1 rev1=1 rx=0x7f3a38006800 tx=0x7f3a38006ee0).ready entity=mon.0 client_cookie=0 server_cookie=0 in_seq=0 out_seq=0
2024-02-18T03:55:48.917 INFO:teuthology.orchestra.run.smithi089.stderr:/usr/bin/ceph:
2024-02-18T03:55:48.910+0000 7f3a417fa700 1 -- 172.21.15.89:0/1564957555 <== mon.0 v2:172.21.15.89:3300/0 1 ==== mon_map magic: 0 v1 ==== 229+0+0 (secure 0 0 0) 0x7f3a3801b570 con 0x7f3a44070390
2024-02-18T03:55:48.917 INFO:teuthology.orchestra.run.smithi089.stderr:/usr/bin/ceph:
2024-02-18T03:55:48.910+0000 7f3a4aaf0700 1 -- 172.21.15.89:0/1564957555 --> [v2:172.21.15.89:3300/0,v1:172.21.15.89:6789/0] -- mon_subscribe({mgrmap=0+}) v3 -- 0x7f3a4410b220 con 0x7f3a44070390
2024-02-18T03:55:48.917 INFO:teuthology.orchestra.run.smithi089.stderr:/usr/bin/ceph:
2024-02-18T03:55:48.910+0000 7f3a417fa700 1 -- 172.21.15.89:0/1564957555 <== mon.0 v2:172.21.15.89:3300/0 2 ==== config(26 keys) v1 ==== 1045+0+0 (secure 0 0 0) 0x7f3a3801bb60 con 0x7f3a44070390
2024-02-18T03:55:48.917 INFO:teuthology.orchestra.run.smithi089.stderr:/usr/bin/ceph:
2024-02-18T03:55:48.910+0000 7f3a417fa700 1 -- 172.21.15.89:0/1564957555 <== mon.0 v2:172.21.15.89:3300/0 3 ==== mon_map magic: 0 v1 ==== 229+0+0 (secure 0 0 0) 0x7f3a3801a9f0 con 0x7f3a44070390
2024-02-18T03:55:48.917 INFO:teuthology.orchestra.run.smithi089.stderr:/usr/bin/ceph:
2024-02-18T03:55:48.910+0000 7f3a4aaf0700 1 -- 172.21.15.89:0/1564957555 --> [v2:172.21.15.89:3300/0,v1:172.21.15.89:6789/0] -- mon_subscribe({osdmap=0}) v3 -- 0x7f3a4410b6b0 con 0x7f3a44070390
2024-02-18T03:55:48.917 INFO:teuthology.orchestra.run.smithi089.stderr:/usr/bin/ceph:
2024-02-18T03:55:48.911+0000 7f3a4aaf0700 1 -- 172.21.15.89:0/1564957555 --> [v2:172.21.15.89:3300/0,v1:172.21.15.89:6789/0] -- mon_command({"prefix": "get_command_descriptions"} v 0) v1 -- 0x7f3a44045ad0 con 0x7f3a44070390
2024-02-18T03:55:48.917 INFO:teuthology.orchestra.run.smithi089.stderr:/usr/bin/ceph:
2024-02-18T03:55:48.911+0000 7f3a417fa700 1 -- 172.21.15.89:0/1564957555 <== mon.0 v2:172.21.15.89:3300/0 4 ==== mgrmap(e 12) v1 ==== 36195+0+0 (secure 0 0 0) 0x7f3a3800f070 con 0x7f3a44070390
2024-02-18T03:55:48.917 INFO:teuthology.orchestra.run.smithi089.stderr:/usr/bin/ceph:
