2024-02-19T21:26:41.489543+0000 mon.smithi135 (mon.0) 78 : cluster [DBG] mgrmap e12: smithi135.gwxdlw(active, since 2s)
2024-02-19T21:26:42.619 INFO:journalctl@ceph.mon.smithi135.smithi135.stdout:Feb 19 21:26:42 smithi135 ceph-624e93c0-cf6d-11ee-95bb-87774f69a715-mon.smithi135[38179]: audit
2024-02-19T21:26:42.294425+0000 mgr.smithi135.gwxdlw (mgr.14142) 3 : audit [DBG] from='client.14150 -' entity='client.admin' cmd=[{"prefix": "orch apply", "service_type": "grafana", "target": ["mon-mgr", ""]}]: dispatch
2024-02-19T21:26:42.619 INFO:journalctl@ceph.mon.smithi135.smithi135.stdout:Feb 19 21:26:42 smithi135 ceph-624e93c0-cf6d-11ee-95bb-87774f69a715-mon.smithi135[38179]: cephadm
2024-02-19T21:26:42.294939+0000 mgr.smithi135.gwxdlw (mgr.14142) 4 : cephadm [INF] Saving service grafana spec with placement count:1
2024-02-19T21:26:42.619 INFO:journalctl@ceph.mon.smithi135.smithi135.stdout:Feb 19 21:26:42 smithi135 ceph-624e93c0-cf6d-11ee-95bb-87774f69a715-mon.smithi135[38179]: audit
2024-02-19T21:26:42.299122+0000 mon.smithi135 (mon.0) 79 : audit [INF] from='mgr.14142 172.21.15.135:0/3002515783' entity='mgr.smithi135.gwxdlw'
2024-02-19T21:26:42.923 INFO:teuthology.orchestra.run.smithi135.stderr:Deploying node-exporter service with default placement...
2024-02-19T21:26:42.923 INFO:teuthology.orchestra.run.smithi135.stderr:Running command: /bin/podman run --rm --ipc=host --no-hosts --net=host --entrypoint /usr/bin/ceph --init -e CONTAINER_IMAGE=docker.io/ceph/ceph:v16.2.4 -e NODE_NAME=smithi135 -e CEPH_USE_RANDOM_NONCE=1 -v /var/log/ceph/624e93c0-cf6d-11ee-95bb-87774f69a715:/var/log/ceph:z -v /tmp/ceph-tmpf57stlov:/etc/ceph/ceph.client.admin.keyring:z -v /tmp/ceph-tmp9ut4ckk2:/etc/ceph/ceph.conf:z docker.io/ceph/ceph:v16.2.4 orch apply node-exporter
2024-02-19T21:26:43.435 INFO:teuthology.orchestra.run.smithi135.stderr:/usr/bin/ceph:
2024-02-19T21:26:43.427+0000 7fef75f4d700 1 Processor -- start
2024-02-19T21:26:43.435 INFO:teuthology.orchestra.run.smithi135.stderr:/usr/bin/ceph:
2024-02-19T21:26:43.427+0000 7fef75f4d700 1 -- start start
2024-02-19T21:26:43.435 INFO:teuthology.orchestra.run.smithi135.stderr:/usr/bin/ceph:
2024-02-19T21:26:43.428+0000 7fef75f4d700 1 --2- >> [v2:172.21.15.135:3300/0,v1:172.21.15.135:6789/0] conn(0x7fef70070430 0x7fef700fea50 unknown :-1 s=NONE pgs=0 cs=0 l=0 rev1=0 rx=0 tx=0).connect
2024-02-19T21:26:43.435 INFO:teuthology.orchestra.run.smithi135.stderr:/usr/bin/ceph:
2024-02-19T21:26:43.428+0000 7fef75f4d700 1 -- --> [v2:172.21.15.135:3300/0,v1:172.21.15.135:6789/0] -- mon_getmap magic: 0 v1 -- 0x7fef700fef40 con 0x7fef70070430
2024-02-19T21:26:43.436 INFO:teuthology.orchestra.run.smithi135.stderr:/usr/bin/ceph:
2024-02-19T21:26:43.428+0000 7fef6f7fe700 1 --2- >> [v2:172.21.15.135:3300/0,v1:172.21.15.135:6789/0] conn(0x7fef70070430 0x7fef700fea50 unknown :-1 s=BANNER_CONNECTING pgs=0 cs=0 l=0 rev1=0 rx=0 tx=0)._handle_peer_banner_payload supported=1 required=0
2024-02-19T21:26:43.436 INFO:teuthology.orchestra.run.smithi135.stderr:/usr/bin/ceph:
2024-02-19T21:26:43.428+0000 7fef6f7fe700 1 --2- >> [v2:172.21.15.135:3300/0,v1:172.21.15.135:6789/0] conn(0x7fef70070430 0x7fef700fea50 unknown :-1 s=HELLO_CONNECTING pgs=0 cs=0 l=0 rev1=1 rx=0 tx=0).handle_hello peer v2:172.21.15.135:3300/0 says I am v2:172.21.15.135:32972/0 (socket says 172.21.15.135:32972)
2024-02-19T21:26:43.436 INFO:teuthology.orchestra.run.smithi135.stderr:/usr/bin/ceph:
2024-02-19T21:26:43.428+0000 7fef6f7fe700 1 -- 172.21.15.135:0/3658800415 learned_addr learned my addr 172.21.15.135:0/3658800415 (peer_addr_for_me v2:172.21.15.135:0/0)
2024-02-19T21:26:43.436 INFO:teuthology.orchestra.run.smithi135.stderr:/usr/bin/ceph:
2024-02-19T21:26:43.428+0000 7fef6f7fe700 1 -- 172.21.15.135:0/3658800415 --> [v2:172.21.15.135:3300/0,v1:172.21.15.135:6789/0] -- mon_subscribe({config=0+,monmap=0+}) v3 -- 0x7fef700ff080 con 0x7fef70070430
2024-02-19T21:26:43.436 INFO:teuthology.orchestra.run.smithi135.stderr:/usr/bin/ceph:
2024-02-19T21:26:43.428+0000 7fef6f7fe700 1 --2- 172.21.15.135:0/3658800415 >> [v2:172.21.15.135:3300/0,v1:172.21.15.135:6789/0] conn(0x7fef70070430 0x7fef700fea50 secure :-1 s=READY pgs=58 cs=0 l=1 rev1=1 rx=0x7fef6400b5f0 tx=0x7fef64006ee0).ready entity=mon.0 client_cookie=d6ed69d69dccc874 server_cookie=0 in_seq=0 out_seq=0
2024-02-19T21:26:43.436 INFO:teuthology.orchestra.run.smithi135.stderr:/usr/bin/ceph:
2024-02-19T21:26:43.428+0000 7fef6e7fc700 1 -- 172.21.15.135:0/3658800415 <== mon.0 v2:172.21.15.135:3300/0 1 ==== mon_map magic: 0 v1 ==== 229+0+0 (secure 0 0 0) 0x7fef6400d600 con 0x7fef70070430
2024-02-19T21:26:43.436 INFO:teuthology.orchestra.run.smithi135.stderr:/usr/bin/ceph:
2024-02-19T21:26:43.428+0000 7fef6e7fc700 1 -- 172.21.15.135:0/3658800415 <== mon.0 v2:172.21.15.135:3300/0 2 ==== config(26 keys) v1 ==== 1045+0+0 (secure 0 0 0) 0x7fef6400dbf0 con 0x7fef70070430
2024-02-19T21:26:43.436 INFO:teuthology.orchestra.run.smithi135.stderr:/usr/bin/ceph:
2024-02-19T21:26:43.428+0000 7fef6e7fc700 1 -- 172.21.15.135:0/3658800415 <== mon.0 v2:172.21.15.135:3300/0 3 ==== mon_map magic: 0 v1 ==== 229+0+0 (secure 0 0 0) 0x7fef64011cb0 con 0x7fef70070430
2024-02-19T21:26:43.436 INFO:teuthology.orchestra.run.smithi135.stderr:/usr/bin/ceph:
2024-02-19T21:26:43.429+0000 7fef75f4d700 1 -- 172.21.15.135:0/3658800415 >> [v2:172.21.15.135:3300/0,v1:172.21.15.135:6789/0] conn(0x7fef70070430 msgr2=0x7fef700fea50 secure :-1 s=STATE_CONNECTION_ESTABLISHED l=1).mark_down
2024-02-19T21:26:43.436 INFO:teuthology.orchestra.run.smithi135.stderr:/usr/bin/ceph:
2024-02-19T21:26:43.429+0000 7fef75f4d700 1 --2- 172.21.15.135:0/3658800415 >> [v2:172.21.15.135:3300/0,v1:172.21.15.135:6789/0] conn(0x7fef70070430 0x7fef700fea50 secure :-1 s=READY pgs=58 cs=0 l=1 rev1=1 rx=0x7fef6400b5f0 tx=0x7fef64006ee0).stop
2024-02-19T21:26:43.436 INFO:teuthology.orchestra.run.smithi135.stderr:/usr/bin/ceph:
2024-02-19T21:26:43.429+0000 7fef75f4d700 1 -- 172.21.15.135:0/3658800415 shutdown_connections
2024-02-19T21:26:43.436 INFO:teuthology.orchestra.run.smithi135.stderr:/usr/bin/ceph:
2024-02-19T21:26:43.429+0000 7fef75f4d700 1 --2- 172.21.15.135:0/3658800415 >> [v2:172.21.15.135:3300/0,v1:172.21.15.135:6789/0] conn(0x7fef70070430 0x7fef700fea50 unknown :-1 s=CLOSED pgs=58 cs=0 l=1 rev1=1 rx=0 tx=0).stop
2024-02-19T21:26:43.436 INFO:teuthology.orchestra.run.smithi135.stderr:/usr/bin/ceph:
2024-02-19T21:26:43.429+0000 7fef75f4d700 1 -- 172.21.15.135:0/3658800415 >> 172.21.15.135:0/3658800415 conn(0x7fef700f6530 msgr2=0x7fef700f8950 unknown :-1 s=STATE_NONE l=0).mark_down
2024-02-19T21:26:43.437 INFO:teuthology.orchestra.run.smithi135.stderr:/usr/bin/ceph:
2024-02-19T21:26:43.429+0000 7fef75f4d700 1 -- 172.21.15.135:0/3658800415 shutdown_connections
2024-02-19T21:26:43.437 INFO:teuthology.orchestra.run.smithi135.stderr:/usr/bin/ceph:
2024-02-19T21:26:43.429+0000 7fef75f4d700 1 -- 172.21.15.135:0/3658800415 wait complete.
2024-02-19T21:26:43.437 INFO:teuthology.orchestra.run.smithi135.stderr:/usr/bin/ceph:
2024-02-19T21:26:43.429+0000 7fef75f4d700 1 Processor -- start
2024-02-19T21:26:43.437 INFO:teuthology.orchestra.run.smithi135.stderr:/usr/bin/ceph:
2024-02-19T21:26:43.430+0000 7fef75f4d700 1 -- start start
2024-02-19T21:26:43.437 INFO:teuthology.orchestra.run.smithi135.stderr:/usr/bin/ceph:
2024-02-19T21:26:43.430+0000 7fef75f4d700 1 --2- >> [v2:172.21.15.135:3300/0,v1:172.21.15.135:6789/0] conn(0x7fef70070430 0x7fef700fc4d0 unknown :-1 s=NONE pgs=0 cs=0 l=1 rev1=0 rx=0 tx=0).connect
2024-02-19T21:26:43.437 INFO:teuthology.orchestra.run.smithi135.stderr:/usr/bin/ceph:
2024-02-19T21:26:43.430+0000 7fef75f4d700 1 -- --> [v2:172.21.15.135:3300/0,v1:172.21.15.135:6789/0] -- mon_getmap magic: 0 v1 -- 0x7fef700fa950 con 0x7fef70070430
2024-02-19T21:26:43.437 INFO:teuthology.orchestra.run.smithi135.stderr:/usr/bin/ceph:
2024-02-19T21:26:43.430+0000 7fef6f7fe700 1 --2- >> [v2:172.21.15.135:3300/0,v1:172.21.15.135:6789/0] conn(0x7fef70070430 0x7fef700fc4d0 unknown :-1 s=BANNER_CONNECTING pgs=0 cs=0 l=1 rev1=0 rx=0 tx=0)._handle_peer_banner_payload supported=1 required=0
2024-02-19T21:26:43.437 INFO:teuthology.orchestra.run.smithi135.stderr:/usr/bin/ceph:
2024-02-19T21:26:43.430+0000 7fef6f7fe700 1 --2- >> [v2:172.21.15.135:3300/0,v1:172.21.15.135:6789/0] conn(0x7fef70070430 0x7fef700fc4d0 unknown :-1 s=HELLO_CONNECTING pgs=0 cs=0 l=1 rev1=1 rx=0 tx=0).handle_hello peer v2:172.21.15.135:3300/0 says I am v2:172.21.15.135:32982/0 (socket says 172.21.15.135:32982)
2024-02-19T21:26:43.437 INFO:teuthology.orchestra.run.smithi135.stderr:/usr/bin/ceph:
2024-02-19T21:26:43.430+0000 7fef6f7fe700 1 -- 172.21.15.135:0/191805625 learned_addr learned my addr 172.21.15.135:0/191805625 (peer_addr_for_me v2:172.21.15.135:0/0)
2024-02-19T21:26:43.437 INFO:teuthology.orchestra.run.smithi135.stderr:/usr/bin/ceph:
2024-02-19T21:26:43.430+0000 7fef6f7fe700 1 -- 172.21.15.135:0/191805625 --> [v2:172.21.15.135:3300/0,v1:172.21.15.135:6789/0] -- mon_subscribe({config=0+,monmap=0+}) v3 -- 0x7fef6400b200 con 0x7fef70070430
2024-02-19T21:26:43.437 INFO:teuthology.orchestra.run.smithi135.stderr:/usr/bin/ceph:
2024-02-19T21:26:43.430+0000 7fef6f7fe700 1 --2- 172.21.15.135:0/191805625 >> [v2:172.21.15.135:3300/0,v1:172.21.15.135:6789/0] conn(0x7fef70070430 0x7fef700fc4d0 secure :-1 s=READY pgs=59 cs=0 l=1 rev1=1 rx=0x7fef64006800 tx=0x7fef64006ee0).ready entity=mon.0 client_cookie=0 server_cookie=0 in_seq=0 out_seq=0
2024-02-19T21:26:43.437 INFO:teuthology.orchestra.run.smithi135.stderr:/usr/bin/ceph:
2024-02-19T21:26:43.430+0000 7fef57fff700 1 -- 172.21.15.135:0/191805625 <== mon.0 v2:172.21.15.135:3300/0 1 ==== mon_map magic: 0 v1 ==== 229+0+0 (secure 0 0 0) 0x7fef6401b570 con 0x7fef70070430
2024-02-19T21:26:43.437 INFO:teuthology.orchestra.run.smithi135.stderr:/usr/bin/ceph:
2024-02-19T21:26:43.431+0000 7fef75f4d700 1 -- 172.21.15.135:0/191805625 --> [v2:172.21.15.135:3300/0,v1:172.21.15.135:6789/0] -- mon_subscribe({mgrmap=0+}) v3 -- 0x7fef700faaf0 con 0x7fef70070430
2024-02-19T21:26:43.437 INFO:teuthology.orchestra.run.smithi135.stderr:/usr/bin/ceph:
2024-02-19T21:26:43.431+0000 7fef57fff700 1 -- 172.21.15.135:0/191805625 <== mon.0 v2:172.21.15.135:3300/0 2 ==== config(26 keys) v1 ==== 1045+0+0 (secure 0 0 0) 0x7fef6401bb60 con 0x7fef70070430
2024-02-19T21:26:43.437 INFO:teuthology.orchestra.run.smithi135.stderr:/usr/bin/ceph:
2024-02-19T21:26:43.431+0000 7fef57fff700 1 -- 172.21.15.135:0/191805625 <== mon.0 v2:172.21.15.135:3300/0 3 ==== mon_map magic: 0 v1 ==== 229+0+0 (secure 0 0 0) 0x7fef6401a9f0 con 0x7fef70070430
2024-02-19T21:26:43.437 INFO:teuthology.orchestra.run.smithi135.stderr:/usr/bin/ceph:
2024-02-19T21:26:43.431+0000 7fef75f4d700 1 -- 172.21.15.135:0/191805625 --> [v2:172.21.15.135:3300/0,v1:172.21.15.135:6789/0] -- mon_subscribe({osdmap=0}) v3 -- 0x7fef700faf80 con 0x7fef70070430
2024-02-19T21:26:43.438 INFO:teuthology.orchestra.run.smithi135.stderr:/usr/bin/ceph:
2024-02-19T21:26:43.431+0000 7fef57fff700 1 -- 172.21.15.135:0/191805625 <== mon.0 v2:172.21.15.135:3300/0 4 ==== mgrmap(e 12) v1 ==== 36195+0+0 (secure 0 0 0) 0x7fef6400f070 con 0x7fef70070430
2024-02-19T21:26:43.438 INFO:teuthology.orchestra.run.smithi135.stderr:/usr/bin/ceph:
2024-02-19T21:26:43.432+0000 7fef57fff700 1 --2- 172.21.15.135:0/191805625 >> [v2:172.21.15.135:6800/4209354836,v1:172.21.15.135:6801/4209354836] conn(0x7fef5c02ff20 0x7fef5c0323e0 unknown :-1 s=NONE pgs=0 cs=0 l=1 rev1=0 rx=0 tx=0).connect
2024-02-19T21:26:43.438 INFO:teuthology.orchestra.run.smithi135.stderr:/usr/bin/ceph:
2024-02-19T21:26:43.432+0000 7fef75f4d700 1 -- 172.21.15.135:0/191805625 --> [v2:172.21.15.135:3300/0,v1:172.21.15.135:6789/0] -- mon_command({"prefix": "get_command_descriptions"} v 0) v1 -- 0x7fef70045ad0 con 0x7fef70070430
2024-02-19T21:26:43.438 INFO:teuthology.orchestra.run.smithi135.stderr:/usr/bin/ceph:
2024-02-19T21:26:43.432+0000 7fef57fff700 1 -- 172.21.15.135:0/191805625 <== mon.0 v2:172.21.15.135:3300/0 5 ==== osd_map(3..3 src has 1..3) v4 ==== 1098+0+0 (secure 0 0 0) 0x7fef64041580 con 0x7fef70070430
2024-02-19T21:26:43.438 INFO:teuthology.orchestra.run.smithi135.stderr:/usr/bin/ceph:
2024-02-19T21:26:43.432+0000 7fef6effd700 1 --2- 172.21.15.135:0/191805625 >> [v2:172.21.15.135:6800/4209354836,v1:172.21.15.135:6801/4209354836] conn(0x7fef5c02ff20 0x7fef5c0323e0 unknown :-1 s=BANNER_CONNECTING pgs=0 cs=0 l=1 rev1=0 rx=0 tx=0)._handle_peer_banner_payload supported=1 required=0
2024-02-19T21:26:43.438 INFO:teuthology.orchestra.run.smithi135.stderr:/usr/bin/ceph:
2024-02-19T21:26:43.432+0000 7fef6effd700 1 --2- 172.21.15.135:0/191805625 >> [v2:172.21.15.135:6800/4209354836,v1:172.21.15.135:6801/4209354836] conn(0x7fef5c02ff20 0x7fef5c0323e0 secure :-1 s=READY pgs=7 cs=0 l=1 rev1=1 rx=0x7fef600096a0 tx=0x7fef60006b40).ready entity=mgr.14142 client_cookie=0 server_cookie=0 in_seq=0 out_seq=0
2024-02-19T21:26:43.439 INFO:teuthology.orchestra.run.smithi135.stderr:/usr/bin/ceph:
2024-02-19T21:26:43.436+0000 7fef57fff700 1 -- 172.21.15.135:0/191805625 <== mon.0 v2:172.21.15.135:3300/0 6 ==== mon_command_ack([{"prefix": "get_command_descriptions"}]=0 v0) v1 ==== 72+0+152212 (secure 0 0 0) 0x7fef64016070 con 0x7fef70070430
2024-02-19T21:26:43.615 INFO:teuthology.orchestra.run.smithi135.stderr:/usr/bin/ceph:
2024-02-19T21:26:43.611+0000 7fef75f4d700 1 -- 172.21.15.135:0/191805625 --> [v2:172.21.15.135:6800/4209354836,v1:172.21.15.135:6801/4209354836] -- mgr_command(tid 0: {"prefix": "orch apply", "service_type": "node-exporter", "target": ["mon-mgr", ""]}) v1 -- 0x7fef700fff40 con 0x7fef5c02ff20
2024-02-19T21:26:43.618 INFO:teuthology.orchestra.run.smithi135.stderr:/usr/bin/ceph:
2024-02-19T21:26:43.615+0000 7fef57fff700 1 -- 172.21.15.135:0/191805625 <== mgr.14142 v2:172.21.15.135:6800/4209354836 1 ==== mgr_command_reply(tid 0: 0 ) v1 ==== 8+0+34 (secure 0 0 0) 0x7fef700fff40 con 0x7fef5c02ff20
2024-02-19T21:26:43.619 INFO:teuthology.orchestra.run.smithi135.stderr:/usr/bin/ceph: Scheduled node-exporter update...
2024-02-19T21:26:43.621 INFO:teuthology.orchestra.run.smithi135.stderr:/usr/bin/ceph:
2024-02-19T21:26:43.617+0000 7fef75f4d700 1 -- 172.21.15.135:0/191805625 >> [v2:172.21.15.135:6800/4209354836,v1:172.21.15.135:6801/4209354836] conn(0x7fef5c02ff20 msgr2=0x7fef5c0323e0 secure :-1 s=STATE_CONNECTION_ESTABLISHED l=1).mark_down
2024-02-19T21:26:43.621 INFO:teuthology.orchestra.run.smithi135.stderr:/usr/bin/ceph:
2024-02-19T21:26:43.617+0000 7fef75f4d700 1 --2- 172.21.15.135:0/191805625 >> [v2:172.21.15.135:6800/4209354836,v1:172.21.15.135:6801/4209354836] conn(0x7fef5c02ff20 0x7fef5c0323e0 secure :-1 s=READY pgs=7 cs=0 l=1 rev1=1 rx=0x7fef600096a0 tx=0x7fef60006b40).stop
2024-02-19T21:26:43.621 INFO:teuthology.orchestra.run.smithi135.stderr:/usr/bin/ceph:
2024-02-19T21:26:43.617+0000 7fef75f4d700 1 -- 172.21.15.135:0/191805625 >> [v2:172.21.15.135:3300/0,v1:172.21.15.135:6789/0] conn(0x7fef70070430 msgr2=0x7fef700fc4d0 secure :-1 s=STATE_CONNECTION_ESTABLISHED l=1).mark_down
2024-02-19T21:26:43.621 INFO:teuthology.orchestra.run.smithi135.stderr:/usr/bin/ceph:
2024-02-19T21:26:43.617+0000 7fef75f4d700 1 --2- 172.21.15.135:0/191805625 >> [v2:172.21.15.135:3300/0,v1:172.21.15.135:6789/0] conn(0x7fef70070430 0x7fef700fc4d0 secure :-1 s=READY pgs=59 cs=0 l=1 rev1=1 rx=0x7fef64006800 tx=0x7fef64006ee0).stop
2024-02-19T21:26:43.621 INFO:teuthology.orchestra.run.smithi135.stderr:/usr/bin/ceph:
2024-02-19T21:26:43.617+0000 7fef75f4d700 1 -- 172.21.15.135:0/191805625 shutdown_connections
2024-02-19T21:26:43.621 INFO:teuthology.orchestra.run.smithi135.stderr:/usr/bin/ceph:
2024-02-19T21:26:43.617+0000 7fef75f4d700 1 --2- 172.21.15.135:0/191805625 >> [v2:172.21.15.135:6800/4209354836,v1:172.21.15.135:6801/4209354836] conn(0x7fef5c02ff20 0x7fef5c0323e0 unknown :-1 s=CLOSED pgs=7 cs=0 l=1 rev1=1 rx=0 tx=0).stop
2024-02-19T21:26:43.622 INFO:teuthology.orchestra.run.smithi135.stderr:/usr/bin/ceph:
2024-02-19T21:26:43.617+0000 7fef75f4d700 1 --2- 172.21.15.135:0/191805625 >> [v2:172.21.15.135:3300/0,v1:172.21.15.135:6789/0] conn(0x7fef70070430 0x7fef700fc4d0 unknown :-1 s=CLOSED pgs=59 cs=0 l=1 rev1=1 rx=0 tx=0).stop
2024-02-19T21:26:43.622 INFO:teuthology.orchestra.run.smithi135.stderr:/usr/bin/ceph:
2024-02-19T21:26:43.617+0000 7fef75f4d700 1 -- 172.21.15.135:0/191805625 >> 172.21.15.135:0/191805625 conn(0x7fef700f6530 msgr2=0x7fef700f7f30 unknown :-1 s=STATE_NONE l=0).mark_down
2024-02-19T21:26:43.622 INFO:teuthology.orchestra.run.smithi135.stderr:/usr/bin/ceph:
2024-02-19T21:26:43.618+0000 7fef75f4d700 1 -- 172.21.15.135:0/191805625 shutdown_connections
2024-02-19T21:26:43.622 INFO:teuthology.orchestra.run.smithi135.stderr:/usr/bin/ceph:
2024-02-19T21:26:43.618+0000 7fef75f4d700 1 -- 172.21.15.135:0/191805625 wait complete.
2024-02-19T21:26:44.205 INFO:teuthology.orchestra.run.smithi135.stderr:Deploying alertmanager service with default placement...
2024-02-19T21:26:44.205 INFO:teuthology.orchestra.run.smithi135.stderr:Running command: /bin/podman run --rm --ipc=host --no-hosts --net=host --entrypoint /usr/bin/ceph --init -e CONTAINER_IMAGE=docker.io/ceph/ceph:v16.2.4 -e NODE_NAME=smithi135 -e CEPH_USE_RANDOM_NONCE=1 -v /var/log/ceph/624e93c0-cf6d-11ee-95bb-87774f69a715:/var/log/ceph:z -v /tmp/ceph-tmpf57stlov:/etc/ceph/ceph.client.admin.keyring:z -v /tmp/ceph-tmp9ut4ckk2:/etc/ceph/ceph.conf:z docker.io/ceph/ceph:v16.2.4 orch apply alertmanager
2024-02-19T21:26:44.774 INFO:teuthology.orchestra.run.smithi135.stderr:/usr/bin/ceph:
2024-02-19T21:26:44.769+0000 7f8c76d5e700 1 Processor -- start
2024-02-19T21:26:44.775 INFO:teuthology.orchestra.run.smithi135.stderr:/usr/bin/ceph:
2024-02-19T21:26:44.769+0000 7f8c76d5e700 1 -- start start
2024-02-19T21:26:44.775 INFO:teuthology.orchestra.run.smithi135.stderr:/usr/bin/ceph:
2024-02-19T21:26:44.769+0000 7f8c76d5e700 1 --2- >> [v2:172.21.15.135:3300/0,v1:172.21.15.135:6789/0] conn(0x7f8c700fad90 0x7f8c700fb1b0 unknown :-1 s=NONE pgs=0 cs=0 l=0 rev1=0 rx=0 tx=0).connect
2024-02-19T21:26:44.775 INFO:teuthology.orchestra.run.smithi135.stderr:/usr/bin/ceph:
2024-02-19T21:26:44.769+0000 7f8c76d5e700 1 -- --> [v2:172.21.15.135:3300/0,v1:172.21.15.135:6789/0] -- mon_getmap magic: 0 v1 -- 0x7f8c700fb6a0 con 0x7f8c700fad90
2024-02-19T21:26:44.775 INFO:teuthology.orchestra.run.smithi135.stderr:/usr/bin/ceph:
2024-02-19T21:26:44.770+0000 7f8c74afa700 1 --2- >> [v2:172.21.15.135:3300/0,v1:172.21.15.135:6789/0] conn(0x7f8c700fad90 0x7f8c700fb1b0 unknown :-1 s=BANNER_CONNECTING pgs=0 cs=0 l=0 rev1=0 rx=0 tx=0)._handle_peer_banner_payload supported=1 required=0
2024-02-19T21:26:44.775 INFO:teuthology.orchestra.run.smithi135.stderr:/usr/bin/ceph:
2024-02-19T21:26:44.770+0000 7f8c74afa700 1 --2- >> [v2:172.21.15.135:3300/0,v1:172.21.15.135:6789/0] conn(0x7f8c700fad90 0x7f8c700fb1b0 unknown :-1 s=HELLO_CONNECTING pgs=0 cs=0 l=0 rev1=1 rx=0 tx=0).handle_hello peer v2:172.21.15.135:3300/0 says I am v2:172.21.15.135:32998/0 (socket says 172.21.15.135:32998)
2024-02-19T21:26:44.775 INFO:teuthology.orchestra.run.smithi135.stderr:/usr/bin/ceph:
2024-02-19T21:26:44.770+0000 7f8c74afa700 1 -- 172.21.15.135:0/1084155823 learned_addr learned my addr 172.21.15.135:0/1084155823 (peer_addr_for_me v2:172.21.15.135:0/0)
2024-02-19T21:26:44.775 INFO:teuthology.orchestra.run.smithi135.stderr:/usr/bin/ceph:
2024-02-19T21:26:44.770+0000 7f8c74afa700 1 -- 172.21.15.135:0/1084155823 --> [v2:172.21.15.135:3300/0,v1:172.21.15.135:6789/0] -- mon_subscribe({config=0+,monmap=0+}) v3 -- 0x7f8c700fb7e0 con 0x7f8c700fad90
2024-02-19T21:26:44.775 INFO:teuthology.orchestra.run.smithi135.stderr:/usr/bin/ceph:
2024-02-19T21:26:44.770+0000 7f8c74afa700 1 --2- 172.21.15.135:0/1084155823 >> [v2:172.21.15.135:3300/0,v1:172.21.15.135:6789/0] conn(0x7f8c700fad90 0x7f8c700fb1b0 secure :-1 s=READY pgs=60 cs=0 l=1 rev1=1 rx=0x7f8c6400b5f0 tx=0x7f8c64006ee0).ready entity=mon.0 client_cookie=36c40f2f28726db5 server_cookie=0 in_seq=0 out_seq=0
2024-02-19T21:26:44.775 INFO:teuthology.orchestra.run.smithi135.stderr:/usr/bin/ceph:
2024-02-19T21:26:44.770+0000 7f8c6f7fe700 1 -- 172.21.15.135:0/1084155823 <== mon.0 v2:172.21.15.135:3300/0 1 ==== mon_map magic: 0 v1 ==== 229+0+0 (secure 0 0 0) 0x7f8c6400d600 con 0x7f8c700fad90
2024-02-19T21:26:44.775 INFO:teuthology.orchestra.run.smithi135.stderr:/usr/bin/ceph:
2024-02-19T21:26:44.770+0000 7f8c6f7fe700 1 -- 172.21.15.135:0/1084155823 <== mon.0 v2:172.21.15.135:3300/0 2 ==== config(26 keys) v1 ==== 1045+0+0 (secure 0 0 0) 0x7f8c6400dbf0 con 0x7f8c700fad90
2024-02-19T21:26:44.775 INFO:teuthology.orchestra.run.smithi135.stderr:/usr/bin/ceph:
2024-02-19T21:26:44.770+0000 7f8c6f7fe700 1 -- 172.21.15.135:0/1084155823 <== mon.0 v2:172.21.15.135:3300/0 3 ==== mon_map magic: 0 v1 ==== 229+0+0 (secure 0 0 0) 0x7f8c64011cb0 con 0x7f8c700fad90
2024-02-19T21:26:44.775 INFO:teuthology.orchestra.run.smithi135.stderr:/usr/bin/ceph:
2024-02-19T21:26:44.771+0000 7f8c76d5e700 1 -- 172.21.15.135:0/1084155823 >> [v2:172.21.15.135:3300/0,v1:172.21.15.135:6789/0] conn(0x7f8c700fad90 msgr2=0x7f8c700fb1b0 secure :-1 s=STATE_CONNECTION_ESTABLISHED l=1).mark_down
2024-02-19T21:26:44.776 INFO:teuthology.orchestra.run.smithi135.stderr:/usr/bin/ceph:
2024-02-19T21:26:44.771+0000 7f8c76d5e700 1 --2- 172.21.15.135:0/1084155823 >> [v2:172.21.15.135:3300/0,v1:172.21.15.135:6789/0] conn(0x7f8c700fad90 0x7f8c700fb1b0 secure :-1 s=READY pgs=60 cs=0 l=1 rev1=1 rx=0x7f8c6400b5f0 tx=0x7f8c64006ee0).stop
2024-02-19T21:26:44.776 INFO:teuthology.orchestra.run.smithi135.stderr:/usr/bin/ceph:
2024-02-19T21:26:44.771+0000 7f8c76d5e700 1 -- 172.21.15.135:0/1084155823 shutdown_connections
2024-02-19T21:26:44.776 INFO:teuthology.orchestra.run.smithi135.stderr:/usr/bin/ceph:
2024-02-19T21:26:44.771+0000 7f8c76d5e700 1 --2- 172.21.15.135:0/1084155823 >> [v2:172.21.15.135:3300/0,v1:172.21.15.135:6789/0] conn(0x7f8c700fad90 0x7f8c700fb1b0 unknown :-1 s=CLOSED pgs=60 cs=0 l=1 rev1=1 rx=0 tx=0).stop
2024-02-19T21:26:44.776 INFO:teuthology.orchestra.run.smithi135.stderr:/usr/bin/ceph:
2024-02-19T21:26:44.771+0000 7f8c76d5e700 1 -- 172.21.15.135:0/1084155823 >> 172.21.15.135:0/1084155823 conn(0x7f8c700f6530 msgr2=0x7f8c700f8950 unknown :-1 s=STATE_NONE l=0).mark_down
2024-02-19T21:26:44.776 INFO:teuthology.orchestra.run.smithi135.stderr:/usr/bin/ceph:
2024-02-19T21:26:44.771+0000 7f8c76d5e700 1 -- 172.21.15.135:0/1084155823 shutdown_connections
2024-02-19T21:26:44.776 INFO:teuthology.orchestra.run.smithi135.stderr:/usr/bin/ceph:
2024-02-19T21:26:44.771+0000 7f8c76d5e700 1 -- 172.21.15.135:0/1084155823 wait complete.
2024-02-19T21:26:44.776 INFO:teuthology.orchestra.run.smithi135.stderr:/usr/bin/ceph:
2024-02-19T21:26:44.771+0000 7f8c76d5e700 1 Processor -- start
2024-02-19T21:26:44.776 INFO:teuthology.orchestra.run.smithi135.stderr:/usr/bin/ceph:
2024-02-19T21:26:44.771+0000 7f8c76d5e700 1 -- start start
2024-02-19T21:26:44.776 INFO:teuthology.orchestra.run.smithi135.stderr:/usr/bin/ceph:
2024-02-19T21:26:44.772+0000 7f8c76d5e700 1 --2- >> [v2:172.21.15.135:3300/0,v1:172.21.15.135:6789/0] conn(0x7f8c700fad90 0x7f8c7010fc60 unknown :-1 s=NONE pgs=0 cs=0 l=1 rev1=0 rx=0 tx=0).connect
2024-02-19T21:26:44.776 INFO:teuthology.orchestra.run.smithi135.stderr:/usr/bin/ceph:
2024-02-19T21:26:44.772+0000 7f8c76d5e700 1 -- --> [v2:172.21.15.135:3300/0,v1:172.21.15.135:6789/0] -- mon_getmap magic: 0 v1 -- 0x7f8c7010b650 con 0x7f8c700fad90
2024-02-19T21:26:44.776 INFO:teuthology.orchestra.run.smithi135.stderr:/usr/bin/ceph:
2024-02-19T21:26:44.772+0000 7f8c74afa700 1 --2- >> [v2:172.21.15.135:3300/0,v1:172.21.15.135:6789/0] conn(0x7f8c700fad90 0x7f8c7010fc60 unknown :-1 s=BANNER_CONNECTING pgs=0 cs=0 l=1 rev1=0 rx=0 tx=0)._handle_peer_banner_payload supported=1 required=0
2024-02-19T21:26:44.776 INFO:teuthology.orchestra.run.smithi135.stderr:/usr/bin/ceph:
2024-02-19T21:26:44.772+0000 7f8c74afa700 1 --2- >> [v2:172.21.15.135:3300/0,v1:172.21.15.135:6789/0] conn(0x7f8c700fad90 0x7f8c7010fc60 unknown :-1 s=HELLO_CONNECTING pgs=0 cs=0 l=1 rev1=1 rx=0 tx=0).handle_hello peer v2:172.21.15.135:3300/0 says I am v2:172.21.15.135:33004/0 (socket says 172.21.15.135:33004)
2024-02-19T21:26:44.776 INFO:teuthology.orchestra.run.smithi135.stderr:/usr/bin/ceph:
2024-02-19T21:26:44.772+0000 7f8c74afa700 1 -- 172.21.15.135:0/888853120 learned_addr learned my addr 172.21.15.135:0/888853120 (peer_addr_for_me v2:172.21.15.135:0/0)
2024-02-19T21:26:44.776 INFO:teuthology.orchestra.run.smithi135.stderr:/usr/bin/ceph:
2024-02-19T21:26:44.772+0000 7f8c74afa700 1 -- 172.21.15.135:0/888853120 --> [v2:172.21.15.135:3300/0,v1:172.21.15.135:6789/0] -- mon_subscribe({config=0+,monmap=0+}) v3 -- 0x7f8c6400b200 con 0x7f8c700fad90
2024-02-19T21:26:44.776 INFO:teuthology.orchestra.run.smithi135.stderr:/usr/bin/ceph:
2024-02-19T21:26:44.772+0000 7f8c74afa700 1 --2- 172.21.15.135:0/888853120 >> [v2:172.21.15.135:3300/0,v1:172.21.15.135:6789/0] conn(0x7f8c700fad90 0x7f8c7010fc60 secure :-1 s=READY pgs=61 cs=0 l=1 rev1=1 rx=0x7f8c64011ea0 tx=0x7f8c64006ee0).ready entity=mon.0 client_cookie=0 server_cookie=0 in_seq=0 out_seq=0
2024-02-19T21:26:44.778 INFO:teuthology.orchestra.run.smithi135.stderr:/usr/bin/ceph:
2024-02-19T21:26:44.772+0000 7f8c6d7fa700 1 -- 172.21.15.135:0/888853120 <== mon.0 v2:172.21.15.135:3300/0 1 ==== mon_map magic: 0 v1 ==== 229+0+0 (secure 0 0 0) 0x7f8c6401b570 con 0x7f8c700fad90
2024-02-19T21:26:44.778 INFO:teuthology.orchestra.run.smithi135.stderr:/usr/bin/ceph:
2024-02-19T21:26:44.772+0000 7f8c76d5e700 1 -- 172.21.15.135:0/888853120 --> [v2:172.21.15.135:3300/0,v1:172.21.15.135:6789/0] -- mon_subscribe({mgrmap=0+}) v3 -- 0x7f8c70070450 con 0x7f8c700fad90
2024-02-19T21:26:44.778 INFO:teuthology.orchestra.run.smithi135.stderr:/usr/bin/ceph:
2024-02-19T21:26:44.772+0000 7f8c6d7fa700 1 -- 172.21.15.135:0/888853120 <== mon.0 v2:172.21.15.135:3300/0 2 ==== config(26 keys) v1 ==== 1045+0+0 (secure 0 0 0) 0x7f8c6401bb60 con 0x7f8c700fad90
2024-02-19T21:26:44.778 INFO:teuthology.orchestra.run.smithi135.stderr:/usr/bin/ceph:
2024-02-19T21:26:44.772+0000 7f8c6d7fa700 1 -- 172.21.15.135:0/888853120 <== mon.0 v2:172.21.15.135:3300/0 3 ==== mon_map magic: 0 v1 ==== 229+0+0 (secure 0 0 0) 0x7f8c6401a8d0 con 0x7f8c700fad90
2024-02-19T21:26:44.778 INFO:teuthology.orchestra.run.smithi135.stderr:/usr/bin/ceph:
2024-02-19T21:26:44.772+0000 7f8c76d5e700 1 -- 172.21.15.135:0/888853120 --> [v2:172.21.15.135:3300/0,v1:172.21.15.135:6789/0] -- mon_subscribe({osdmap=0}) v3 -- 0x7f8c70110150 con 0x7f8c700fad90
2024-02-19T21:26:44.778 INFO:teuthology.orchestra.run.smithi135.stderr:/usr/bin/ceph:
2024-02-19T21:26:44.773+0000 7f8c6d7fa700 1 -- 172.21.15.135:0/888853120 <== mon.0 v2:172.21.15.135:3300/0 4 ==== mgrmap(e 12) v1 ==== 36195+0+0 (secure 0 0 0) 0x7f8c6400f070 con 0x7f8c700fad90
2024-02-19T21:26:44.778 INFO:teuthology.orchestra.run.smithi135.stderr:/usr/bin/ceph:
2024-02-19T21:26:44.773+0000 7f8c6d7fa700 1 --2- 172.21.15.135:0/888853120 >> [v2:172.21.15.135:6800/4209354836,v1:172.21.15.135:6801/4209354836] conn(0x7f8c5402ff20 0x7f8c540323e0 unknown :-1 s=NONE pgs=0 cs=0 l=1 rev1=0 rx=0 tx=0).connect
2024-02-19T21:26:44.778 INFO:teuthology.orchestra.run.smithi135.stderr:/usr/bin/ceph:
2024-02-19T21:26:44.773+0000 7f8c6d7fa700 1 -- 172.21.15.135:0/888853120 <== mon.0 v2:172.21.15.135:3300/0 5 ==== osd_map(3..3 src has 1..3) v4 ==== 1098+0+0 (secure 0 0 0) 0x7f8c640424b0 con 0x7f8c700fad90
2024-02-19T21:26:44.778 INFO:teuthology.orchestra.run.smithi135.stderr:/usr/bin/ceph:
2024-02-19T21:26:44.773+0000 7f8c76d5e700 1 -- 172.21.15.135:0/888853120 --> [v2:172.21.15.135:3300/0,v1:172.21.15.135:6789/0] -- mon_command({"prefix": "get_command_descriptions"} v 0) v1 -- 0x7f8c70045ad0 con 0x7f8c700fad90
2024-02-19T21:26:44.778 INFO:teuthology.orchestra.run.smithi135.stderr:/usr/bin/ceph:
2024-02-19T21:26:44.773+0000 7f8c6ffff700 1 --2- 172.21.15.135:0/888853120 >> [v2:172.21.15.135:6800/4209354836,v1:172.21.15.135:6801/4209354836] conn(0x7f8c5402ff20 0x7f8c540323e0 unknown :-1 s=BANNER_CONNECTING pgs=0 cs=0 l=1 rev1=0 rx=0 tx=0)._handle_peer_banner_payload supported=1 required=0
2024-02-19T21:26:44.778 INFO:teuthology.orchestra.run.smithi135.stderr:/usr/bin/ceph:
2024-02-19T21:26:44.774+0000 7f8c6ffff700 1 --2- 172.21.15.135:0/888853120 >> [v2:172.21.15.135:6800/4209354836,v1:172.21.15.135:6801/4209354836] conn(0x7f8c5402ff20 0x7f8c540323e0 secure :-1 s=READY pgs=8 cs=0 l=1 rev1=1 rx=0x7f8c5c0096a0 tx=0x7f8c5c006b40).ready entity=mgr.14142 client_cookie=0 server_cookie=0 in_seq=0 out_seq=0
2024-02-19T21:26:44.780 INFO:teuthology.orchestra.run.smithi135.stderr:/usr/bin/ceph:
2024-02-19T21:26:44.777+0000 7f8c6d7fa700 1 -- 172.21.15.135:0/888853120 <== mon.0 v2:172.21.15.135:3300/0 6 ==== mon_command_ack([{"prefix": "get_command_descriptions"}]=0 v0) v1 ==== 72+0+152212 (secure 0 0 0) 0x7f8c64016070 con 0x7f8c700fad90
2024-02-19T21:26:44.955 INFO:teuthology.orchestra.run.smithi135.stderr:/usr/bin/ceph:
2024-02-19T21:26:44.952+0000 7f8c76d5e700 1 -- 172.21.15.135:0/888853120 --> [v2:172.21.15.135:6800/4209354836,v1:172.21.15.135:6801/4209354836] -- mgr_command(tid 0: {"prefix": "orch apply", "service_type": "alertmanager", "target": ["mon-mgr", ""]}) v1 -- 0x7f8c70057f10 con 0x7f8c5402ff20
2024-02-19T21:26:44.958 INFO:teuthology.orchestra.run.smithi135.stderr:/usr/bin/ceph:
2024-02-19T21:26:44.956+0000 7f8c6d7fa700 1 -- 172.21.15.135:0/888853120 <== mgr.14142 v2:172.21.15.135:6800/4209354836 1 ==== mgr_command_reply(tid 0: 0 ) v1 ==== 8+0+33 (secure 0 0 0) 0x7f8c70057f10 con 0x7f8c5402ff20
2024-02-19T21:26:44.959 INFO:teuthology.orchestra.run.smithi135.stderr:/usr/bin/ceph: Scheduled alertmanager update...
2024-02-19T21:26:44.962 INFO:teuthology.orchestra.run.smithi135.stderr:/usr/bin/ceph:
2024-02-19T21:26:44.958+0000 7f8c76d5e700 1 -- 172.21.15.135:0/888853120 >> [v2:172.21.15.135:6800/4209354836,v1:172.21.15.135:6801/4209354836] conn(0x7f8c5402ff20 msgr2=0x7f8c540323e0 secure :-1 s=STATE_CONNECTION_ESTABLISHED l=1).mark_down
2024-02-19T21:26:44.962 INFO:teuthology.orchestra.run.smithi135.stderr:/usr/bin/ceph:
2024-02-19T21:26:44.958+0000 7f8c76d5e700 1 --2- 172.21.15.135:0/888853120 >> [v2:172.21.15.135:6800/4209354836,v1:172.21.15.135:6801/4209354836] conn(0x7f8c5402ff20 0x7f8c540323e0 secure :-1 s=READY pgs=8 cs=0 l=1 rev1=1 rx=0x7f8c5c0096a0 tx=0x7f8c5c006b40).stop
2024-02-19T21:26:44.962 INFO:teuthology.orchestra.run.smithi135.stderr:/usr/bin/ceph:
2024-02-19T21:26:44.958+0000 7f8c76d5e700 1 -- 172.21.15.135:0/888853120 >> [v2:172.21.15.135:3300/0,v1:172.21.15.135:6789/0] conn(0x7f8c700fad90 msgr2=0x7f8c7010fc60 secure :-1 s=STATE_CONNECTION_ESTABLISHED l=1).mark_down
2024-02-19T21:26:44.962 INFO:teuthology.orchestra.run.smithi135.stderr:/usr/bin/ceph:
2024-02-19T21:26:44.958+0000 7f8c76d5e700 1 --2- 172.21.15.135:0/888853120 >> [v2:172.21.15.135:3300/0,v1:172.21.15.135:6789/0] conn(0x7f8c700fad90 0x7f8c7010fc60 secure :-1 s=READY pgs=61 cs=0 l=1 rev1=1 rx=0x7f8c64011ea0 tx=0x7f8c64006ee0).stop
2024-02-19T21:26:44.962 INFO:teuthology.orchestra.run.smithi135.stderr:/usr/bin/ceph:
2024-02-19T21:26:44.958+0000 7f8c76d5e700 1 -- 172.21.15.135:0/888853120 shutdown_connections
2024-02-19T21:26:44.962 INFO:teuthology.orchestra.run.smithi135.stderr:/usr/bin/ceph:
2024-02-19T21:26:44.958+0000 7f8c76d5e700 1 --2- 172.21.15.135:0/888853120 >> [v2:172.21.15.135:6800/4209354836,v1:172.21.15.135:6801/4209354836] conn(0x7f8c5402ff20 0x7f8c540323e0 unknown :-1 s=CLOSED pgs=8 cs=0 l=1 rev1=1 rx=0 tx=0).stop
2024-02-19T21:26:44.962 INFO:teuthology.orchestra.run.smithi135.stderr:/usr/bin/ceph:
2024-02-19T21:26:44.958+0000 7f8c76d5e700 1 --2- 172.21.15.135:0/888853120 >> [v2:172.21.15.135:3300/0,v1:172.21.15.135:6789/0] conn(0x7f8c700fad90 0x7f8c7010fc60 unknown :-1 s=CLOSED pgs=61 cs=0 l=1 rev1=1 rx=0 tx=0).stop
2024-02-19T21:26:44.962 INFO:teuthology.orchestra.run.smithi135.stderr:/usr/bin/ceph:
2024-02-19T21:26:44.958+0000 7f8c76d5e700 1 -- 172.21.15.135:0/888853120 >> 172.21.15.135:0/888853120 conn(0x7f8c700f6530 msgr2=0x7f8c700f7ec0 unknown :-1 s=STATE_NONE l=0).mark_down
2024-02-19T21:26:44.962 INFO:teuthology.orchestra.run.smithi135.stderr:/usr/bin/ceph:
2024-02-19T21:26:44.958+0000 7f8c76d5e700 1 -- 172.21.15.135:0/888853120 shutdown_connections
2024-02-19T21:26:44.962 INFO:teuthology.orchestra.run.smithi135.stderr:/usr/bin/ceph:
2024-02-19T21:26:44.958+0000 7f8c76d5e700 1 -- 172.21.15.135:0/888853120 wait complete.
2024-02-19T21:26:44.982 INFO:journalctl@ceph.mon.smithi135.smithi135.stdout:Feb 19 21:26:44 smithi135 ceph-624e93c0-cf6d-11ee-95bb-87774f69a715-mon.smithi135[38179]: audit
2024-02-19T21:26:43.613319+0000 mgr.smithi135.gwxdlw (mgr.14142) 5 : audit [DBG] from='client.14152 -' entity='client.admin' cmd=[{"prefix": "orch apply", "service_type": "node-exporter", "target": ["mon-mgr", ""]}]: dispatch
2024-02-19T21:26:44.982 INFO:journalctl@ceph.mon.smithi135.smithi135.stdout:Feb 19 21:26:44 smithi135 ceph-624e93c0-cf6d-11ee-95bb-87774f69a715-mon.smithi135[38179]: cephadm
2024-02-19T21:26:43.613976+0000 mgr.smithi135.gwxdlw (mgr.14142) 6 : cephadm [INF] Saving service node-exporter spec with placement *
2024-02-19T21:26:44.983 INFO:journalctl@ceph.mon.smithi135.smithi135.stdout:Feb 19 21:26:44 smithi135 ceph-624e93c0-cf6d-11ee-95bb-87774f69a715-mon.smithi135[38179]: audit
2024-02-19T21:26:43.616237+0000 mon.smithi135 (mon.0) 80 : audit [INF] from='mgr.14142 172.21.15.135:0/3002515783' entity='mgr.smithi135.gwxdlw'
2024-02-19T21:26:45.555 INFO:teuthology.orchestra.run.smithi135.stderr:Running command: /bin/podman run --rm --ipc=host --no-hosts --net=host --entrypoint /usr/bin/ceph --init -e CONTAINER_IMAGE=docker.io/ceph/ceph:v16.2.4 -e NODE_NAME=smithi135 -e CEPH_USE_RANDOM_NONCE=1 -v /var/log/ceph/624e93c0-cf6d-11ee-95bb-87774f69a715:/var/log/ceph:z -v /tmp/ceph-tmpf57stlov:/etc/ceph/ceph.client.admin.keyring:z -v /tmp/ceph-tmp9ut4ckk2:/etc/ceph/ceph.conf:z docker.io/ceph/ceph:v16.2.4 config set mgr mgr/cephadm/container_init True --force
2024-02-19T21:26:46.071 INFO:journalctl@ceph.mon.smithi135.smithi135.stdout:Feb 19 21:26:45 smithi135 ceph-624e93c0-cf6d-11ee-95bb-87774f69a715-mon.smithi135[38179]: audit
2024-02-19T21:26:44.953411+0000 mgr.smithi135.gwxdlw (mgr.14142) 7 : audit [DBG] from='client.14154 -' entity='client.admin' cmd=[{"prefix": "orch apply", "service_type": "alertmanager", "target": ["mon-mgr", ""]}]: dispatch
2024-02-19T21:26:46.072 INFO:journalctl@ceph.mon.smithi135.smithi135.stdout:Feb 19 21:26:45 smithi135 ceph-624e93c0-cf6d-11ee-95bb-87774f69a715-mon.smithi135[38179]: cephadm
2024-02-19T21:26:44.953947+0000 mgr.smithi135.gwxdlw (mgr.14142) 8 : cephadm [INF] Saving service alertmanager spec with placement count:1
2024-02-19T21:26:46.072 INFO:journalctl@ceph.mon.smithi135.smithi135.stdout:Feb 19 21:26:45 smithi135 ceph-624e93c0-cf6d-11ee-95bb-87774f69a715-mon.smithi135[38179]: audit
2024-02-19T21:26:44.956255+0000 mon.smithi135 (mon.0) 81 : audit [INF] from='mgr.14142 172.21.15.135:0/3002515783' entity='mgr.smithi135.gwxdlw'
2024-02-19T21:26:46.161 INFO:teuthology.orchestra.run.smithi135.stderr:/usr/bin/ceph:
2024-02-19T21:26:46.155+0000 7f90b43d6700 1 Processor -- start
2024-02-19T21:26:46.162 INFO:teuthology.orchestra.run.smithi135.stderr:/usr/bin/ceph:
2024-02-19T21:26:46.155+0000 7f90b43d6700 1 -- start start
2024-02-19T21:26:46.162 INFO:teuthology.orchestra.run.smithi135.stderr:/usr/bin/ceph:
2024-02-19T21:26:46.155+0000 7f90b43d6700 1 --2- >> [v2:172.21.15.135:3300/0,v1:172.21.15.135:6789/0] conn(0x7f90ac070440 0x7f90ac100f00 unknown :-1 s=NONE pgs=0 cs=0 l=0 rev1=0 rx=0 tx=0).connect
2024-02-19T21:26:46.162 INFO:teuthology.orchestra.run.smithi135.stderr:/usr/bin/ceph:
2024-02-19T21:26:46.155+0000 7f90b43d6700 1 -- --> [v2:172.21.15.135:3300/0,v1:172.21.15.135:6789/0] -- mon_getmap magic: 0 v1 -- 0x7f90ac0fc8f0 con 0x7f90ac070440
2024-02-19T21:26:46.162 INFO:teuthology.orchestra.run.smithi135.stderr:/usr/bin/ceph:
2024-02-19T21:26:46.156+0000 7f90b2172700 1 --2- >> [v2:172.21.15.135:3300/0,v1:172.21.15.135:6789/0] conn(0x7f90ac070440 0x7f90ac100f00 unknown :-1 s=BANNER_CONNECTING pgs=0 cs=0 l=0 rev1=0 rx=0 tx=0)._handle_peer_banner_payload supported=1 required=0
2024-02-19T21:26:46.162 INFO:teuthology.orchestra.run.smithi135.stderr:/usr/bin/ceph:
2024-02-19T21:26:46.156+0000 7f90b2172700 1 --2- >> [v2:172.21.15.135:3300/0,v1:172.21.15.135:6789/0] conn(0x7f90ac070440 0x7f90ac100f00 unknown :-1 s=HELLO_CONNECTING pgs=0 cs=0 l=0 rev1=1 rx=0 tx=0).handle_hello peer v2:172.21.15.135:3300/0 says I am v2:172.21.15.135:33020/0 (socket says 172.21.15.135:33020)
2024-02-19T21:26:46.162 INFO:teuthology.orchestra.run.smithi135.stderr:/usr/bin/ceph:
2024-02-19T21:26:46.156+0000 7f90b2172700 1 -- 172.21.15.135:0/2326992161 learned_addr learned my addr 172.21.15.135:0/2326992161 (peer_addr_for_me v2:172.21.15.135:0/0)
2024-02-19T21:26:46.162 INFO:teuthology.orchestra.run.smithi135.stderr:/usr/bin/ceph:
2024-02-19T21:26:46.156+0000 7f90b2172700 1 -- 172.21.15.135:0/2326992161 --> [v2:172.21.15.135:3300/0,v1:172.21.15.135:6789/0] -- mon_subscribe({config=0+,monmap=0+}) v3 -- 0x7f90ac1013f0 con 0x7f90ac070440
2024-02-19T21:26:46.162 INFO:teuthology.orchestra.run.smithi135.stderr:/usr/bin/ceph:
2024-02-19T21:26:46.156+0000 7f90b2172700 1 --2- 172.21.15.135:0/2326992161 >> [v2:172.21.15.135:3300/0,v1:172.21.15.135:6789/0] conn(0x7f90ac070440 0x7f90ac100f00 secure :-1 s=READY pgs=62 cs=0 l=1 rev1=1 rx=0x7f909c00b5f0 tx=0x7f909c006ee0).ready entity=mon.0 client_cookie=d052dad51df1a6bf server_cookie=0 in_seq=0 out_seq=0
2024-02-19T21:26:46.162 INFO:teuthology.orchestra.run.smithi135.stderr:/usr/bin/ceph:
2024-02-19T21:26:46.156+0000 7f90b1170700 1 -- 172.21.15.135:0/2326992161 <== mon.0 v2:172.21.15.135:3300/0 1 ==== mon_map magic: 0 v1 ==== 229+0+0 (secure 0 0 0) 0x7f909c00d600 con 0x7f90ac070440
2024-02-19T21:26:46.162 INFO:teuthology.orchestra.run.smithi135.stderr:/usr/bin/ceph:
2024-02-19T21:26:46.156+0000 7f90b1170700 1 -- 172.21.15.135:0/2326992161 <== mon.0 v2:172.21.15.135:3300/0 2 ==== config(26 keys) v1 ==== 1045+0+0 (secure 0 0 0) 0x7f909c00dbf0 con 0x7f90ac070440
2024-02-19T21:26:46.162 INFO:teuthology.orchestra.run.smithi135.stderr:/usr/bin/ceph:
2024-02-19T21:26:46.156+0000 7f90b1170700 1 -- 172.21.15.135:0/2326992161 <== mon.0 v2:172.21.15.135:3300/0 3 ==== mon_map magic: 0 v1 ==== 229+0+0 (secure 0 0 0) 0x7f909c011cb0 con 0x7f90ac070440
2024-02-19T21:26:46.162 INFO:teuthology.orchestra.run.smithi135.stderr:/usr/bin/ceph:
2024-02-19T21:26:46.157+0000 7f90b43d6700 1 -- 172.21.15.135:0/2326992161 >> [v2:172.21.15.135:3300/0,v1:172.21.15.135:6789/0] conn(0x7f90ac070440 msgr2=0x7f90ac100f00 secure :-1 s=STATE_CONNECTION_ESTABLISHED l=1).mark_down
2024-02-19T21:26:46.162 INFO:teuthology.orchestra.run.smithi135.stderr:/usr/bin/ceph:
2024-02-19T21:26:46.157+0000 7f90b43d6700 1 --2- 172.21.15.135:0/2326992161 >> [v2:172.21.15.135:3300/0,v1:172.21.15.135:6789/0] conn(0x7f90ac070440 0x7f90ac100f00 secure :-1 s=READY pgs=62 cs=0 l=1 rev1=1 rx=0x7f909c00b5f0 tx=0x7f909c006ee0).stop
2024-02-19T21:26:46.163 INFO:teuthology.orchestra.run.smithi135.stderr:/usr/bin/ceph:
2024-02-19T21:26:46.157+0000 7f90b43d6700 1 -- 172.21.15.135:0/2326992161 shutdown_connections
2024-02-19T21:26:46.163 INFO:teuthology.orchestra.run.smithi135.stderr:/usr/bin/ceph:
2024-02-19T21:26:46.157+0000 7f90b43d6700 1 --2- 172.21.15.135:0/2326992161 >> [v2:172.21.15.135:3300/0,v1:172.21.15.135:6789/0] conn(0x7f90ac070440 0x7f90ac100f00 unknown :-1 s=CLOSED pgs=62 cs=0 l=1 rev1=1 rx=0 tx=0).stop
2024-02-19T21:26:46.163 INFO:teuthology.orchestra.run.smithi135.stderr:/usr/bin/ceph:
2024-02-19T21:26:46.157+0000 7f90b43d6700 1 -- 172.21.15.135:0/2326992161 >> 172.21.15.135:0/2326992161 conn(0x7f90ac0f6560 msgr2=0x7f90ac0f8980 unknown :-1 s=STATE_NONE l=0).mark_down
2024-02-19T21:26:46.163 INFO:teuthology.orchestra.run.smithi135.stderr:/usr/bin/ceph:
2024-02-19T21:26:46.157+0000 7f90b43d6700 1 -- 172.21.15.135:0/2326992161 shutdown_connections
2024-02-19T21:26:46.163 INFO:teuthology.orchestra.run.smithi135.stderr:/usr/bin/ceph:
2024-02-19T21:26:46.157+0000 7f90b43d6700 1 -- 172.21.15.135:0/2326992161 wait complete.
2024-02-19T21:26:46.163 INFO:teuthology.orchestra.run.smithi135.stderr:/usr/bin/ceph:
2024-02-19T21:26:46.157+0000 7f90b43d6700 1 Processor -- start
2024-02-19T21:26:46.163 INFO:teuthology.orchestra.run.smithi135.stderr:/usr/bin/ceph:
2024-02-19T21:26:46.157+0000 7f90b43d6700 1 -- start start
2024-02-19T21:26:46.163 INFO:teuthology.orchestra.run.smithi135.stderr:/usr/bin/ceph:
2024-02-19T21:26:46.157+0000 7f90b43d6700 1 --2- >> [v2:172.21.15.135:3300/0,v1:172.21.15.135:6789/0] conn(0x7f90ac070440 0x7f90ac10cdd0 unknown :-1 s=NONE pgs=0 cs=0 l=1 rev1=0 rx=0 tx=0).connect
2024-02-19T21:26:46.163 INFO:teuthology.orchestra.run.smithi135.stderr:/usr/bin/ceph:
2024-02-19T21:26:46.157+0000 7f90b43d6700 1 -- --> [v2:172.21.15.135:3300/0,v1:172.21.15.135:6789/0] -- mon_getmap magic: 0 v1 -- 0x7f90ac10d2c0 con 0x7f90ac070440
2024-02-19T21:26:46.163 INFO:teuthology.orchestra.run.smithi135.stderr:/usr/bin/ceph:
2024-02-19T21:26:46.158+0000 7f90b2172700 1 --2- >> [v2:172.21.15.135:3300/0,v1:172.21.15.135:6789/0] conn(0x7f90ac070440 0x7f90ac10cdd0 unknown :-1 s=BANNER_CONNECTING pgs=0 cs=0 l=1 rev1=0 rx=0 tx=0)._handle_peer_banner_payload supported=1 required=0
2024-02-19T21:26:46.163 INFO:teuthology.orchestra.run.smithi135.stderr:/usr/bin/ceph:
2024-02-19T21:26:46.158+0000 7f90b2172700 1 --2- >> [v2:172.21.15.135:3300/0,v1:172.21.15.135:6789/0] conn(0x7f90ac070440 0x7f90ac10cdd0 unknown :-1 s=HELLO_CONNECTING pgs=0 cs=0 l=1 rev1=1 rx=0 tx=0).handle_hello peer v2:172.21.15.135:3300/0 says I am v2:172.21.15.135:33026/0 (socket says 172.21.15.135:33026)
2024-02-19T21:26:46.163 INFO:teuthology.orchestra.run.smithi135.stderr:/usr/bin/ceph:
2024-02-19T21:26:46.158+0000 7f90b2172700 1 -- 172.21.15.135:0/336023119 learned_addr learned my addr 172.21.15.135:0/336023119 (peer_addr_for_me v2:172.21.15.135:0/0)
2024-02-19T21:26:46.165 INFO:teuthology.orchestra.run.smithi135.stderr:/usr/bin/ceph:
2024-02-19T21:26:46.158+0000 7f90b2172700 1 -- 172.21.15.135:0/336023119 --> [v2:172.21.15.135:3300/0,v1:172.21.15.135:6789/0] -- mon_subscribe({config=0+,monmap=0+}) v3 -- 0x7f909c00b200 con 0x7f90ac070440
2024-02-19T21:26:46.166 INFO:teuthology.orchestra.run.smithi135.stderr:/usr/bin/ceph:
2024-02-19T21:26:46.158+0000 7f90b2172700 1 --2- 172.21.15.135:0/336023119 >> [v2:172.21.15.135:3300/0,v1:172.21.15.135:6789/0] conn(0x7f90ac070440 0x7f90ac10cdd0 secure :-1 s=READY pgs=63 cs=0 l=1 rev1=1 rx=0x7f909c006a20 tx=0x7f909c006ee0).ready entity=mon.0 client_cookie=0 server_cookie=0 in_seq=0 out_seq=0
2024-02-19T21:26:46.166 INFO:teuthology.orchestra.run.smithi135.stderr:/usr/bin/ceph:
2024-02-19T21:26:46.158+0000 7f909affd700 1 -- 172.21.15.135:0/336023119 <== mon.0 v2:172.21.15.135:3300/0 1 ==== mon_map magic: 0 v1 ==== 229+0+0 (secure 0 0 0) 0x7f909c01b570 con 0x7f90ac070440
2024-02-19T21:26:46.166 INFO:teuthology.orchestra.run.smithi135.stderr:/usr/bin/ceph:
2024-02-19T21:26:46.158+0000 7f909affd700 1 -- 172.21.15.135:0/336023119 <== mon.0 v2:172.21.15.135:3300/0 2 ==== config(26 keys) v1 ==== 1045+0+0 (secure 0 0 0) 0x7f909c01bb60 con 0x7f90ac070440
2024-02-19T21:26:46.166 INFO:teuthology.orchestra.run.smithi135.stderr:/usr/bin/ceph:
2024-02-19T21:26:46.158+0000 7f90b43d6700 1 -- 172.21.15.135:0/336023119 --> [v2:172.21.15.135:3300/0,v1:172.21.15.135:6789/0] -- mon_subscribe({mgrmap=0+}) v3 -- 0x7f90ac10d4c0 con 0x7f90ac070440
2024-02-19T21:26:46.166 INFO:teuthology.orchestra.run.smithi135.stderr:/usr/bin/ceph:
2024-02-19T21:26:46.158+0000 7f909affd700 1 -- 172.21.15.135:0/336023119 <== mon.0 v2:172.21.15.135:3300/0 3 ==== mon_map magic: 0 v1 ==== 229+0+0 (secure 0 0 0) 0x7f909c01aa20 con 0x7f90ac070440
2024-02-19T21:26:46.166 INFO:teuthology.orchestra.run.smithi135.stderr:/usr/bin/ceph:
2024-02-19T21:26:46.158+0000 7f90b43d6700 1 -- 172.21.15.135:0/336023119 --> [v2:172.21.15.135:3300/0,v1:172.21.15.135:6789/0] -- mon_subscribe({osdmap=0}) v3 -- 0x7f90ac10e100 con 0x7f90ac070440
2024-02-19T21:26:46.166 INFO:teuthology.orchestra.run.smithi135.stderr:/usr/bin/ceph:
2024-02-19T21:26:46.159+0000 7f909affd700 1 -- 172.21.15.135:0/336023119 <== mon.0 v2:172.21.15.135:3300/0 4 ==== mgrmap(e 12) v1 ==== 36195+0+0 (secure 0 0 0) 0x7f909c00f070 con 0x7f90ac070440
2024-02-19T21:26:46.166 INFO:teuthology.orchestra.run.smithi135.stderr:/usr/bin/ceph:
2024-02-19T21:26:46.159+0000 7f90b43d6700 1 -- 172.21.15.135:0/336023119 --> [v2:172.21.15.135:3300/0,v1:172.21.15.135:6789/0] -- mon_command({"prefix": "get_command_descriptions"} v 0) v1 -- 0x7f90ac10d950 con 0x7f90ac070440
2024-02-19T21:26:46.166 INFO:teuthology.orchestra.run.smithi135.stderr:/usr/bin/ceph:
2024-02-19T21:26:46.159+0000 7f909affd700 1 --2- 172.21.15.135:0/336023119 >> [v2:172.21.15.135:6800/4209354836,v1:172.21.15.135:6801/4209354836] conn(0x7f909402ff20 0x7f90940323e0 unknown :-1 s=NONE pgs=0 cs=0 l=1 rev1=0 rx=0 tx=0).connect
2024-02-19T21:26:46.166 INFO:teuthology.orchestra.run.smithi135.stderr:/usr/bin/ceph:
2024-02-19T21:26:46.159+0000 7f909affd700 1 -- 172.21.15.135:0/336023119 <== mon.0 v2:172.21.15.135:3300/0 5 ==== osd_map(3..3 src has 1..3) v4 ==== 1098+0+0 (secure 0 0 0) 0x7f909c0414d0 con 0x7f90ac070440
2024-02-19T21:26:46.166 INFO:teuthology.orchestra.run.smithi135.stderr:/usr/bin/ceph:
2024-02-19T21:26:46.159+0000 7f90b1971700 1 --2- 172.21.15.135:0/336023119 >> [v2:172.21.15.135:6800/4209354836,v1:172.21.15.135:6801/4209354836] conn(0x7f909402ff20 0x7f90940323e0 unknown :-1 s=BANNER_CONNECTING pgs=0 cs=0 l=1 rev1=0 rx=0 tx=0)._handle_peer_banner_payload supported=1 required=0
2024-02-19T21:26:46.166 INFO:teuthology.orchestra.run.smithi135.stderr:/usr/bin/ceph:
2024-02-19T21:26:46.160+0000 7f90b1971700 1 --2- 172.21.15.135:0/336023119 >> [v2:172.21.15.135:6800/4209354836,v1:172.21.15.135:6801/4209354836] conn(0x7f909402ff20 0x7f90940323e0 secure :-1 s=READY pgs=9 cs=0 l=1 rev1=1 rx=0x7f90a80096a0 tx=0x7f90a8006b40).ready entity=mgr.14142 client_cookie=0 server_cookie=0 in_seq=0 out_seq=0
2024-02-19T21:26:46.167 INFO:teuthology.orchestra.run.smithi135.stderr:/usr/bin/ceph:
2024-02-19T21:26:46.163+0000 7f909affd700 1 -- 172.21.15.135:0/336023119 <== mon.0 v2:172.21.15.135:3300/0 6 ==== mon_command_ack([{"prefix": "get_command_descriptions"}]=0 v0) v1 ==== 72+0+152212 (secure 0 0 0) 0x7f909c01a370 con 0x7f90ac070440
2024-02-19T21:26:46.317 INFO:teuthology.orchestra.run.smithi135.stderr:/usr/bin/ceph:
2024-02-19T21:26:46.313+0000 7f90b43d6700 1 -- 172.21.15.135:0/336023119 --> [v2:172.21.15.135:3300/0,v1:172.21.15.135:6789/0] -- mon_command([{prefix=config set, name=mgr/cephadm/container_init}] v 0) v1 -- 0x7f90ac1021f0 con 0x7f90ac070440
2024-02-19T21:26:46.320 INFO:teuthology.orchestra.run.smithi135.stderr:/usr/bin/ceph:
2024-02-19T21:26:46.316+0000 7f909affd700 1 -- 172.21.15.135:0/336023119 <== mon.0 v2:172.21.15.135:3300/0 7 ==== mon_command_ack([{prefix=config set, name=mgr/cephadm/container_init}]=0 v8)=0 v8) v1 ==== 142+0+0 (secure 0 0 0) 0x7f909c016070 con 0x7f90ac070440
2024-02-19T21:26:46.323 INFO:teuthology.orchestra.run.smithi135.stderr:/usr/bin/ceph:
2024-02-19T21:26:46.318+0000 7f90b43d6700 1 -- 172.21.15.135:0/336023119 >> [v2:172.21.15.135:6800/4209354836,v1:172.21.15.135:6801/4209354836] conn(0x7f909402ff20 msgr2=0x7f90940323e0 secure :-1 s=STATE_CONNECTION_ESTABLISHED l=1).mark_down
2024-02-19T21:26:46.323 INFO:teuthology.orchestra.run.smithi135.stderr:/usr/bin/ceph:
2024-02-19T21:26:46.318+0000 7f90b43d6700 1 --2- 172.21.15.135:0/336023119 >> [v2:172.21.15.135:6800/4209354836,v1:172.21.15.135:6801/4209354836] conn(0x7f909402ff20 0x7f90940323e0 secure :-1 s=READY pgs=9 cs=0 l=1 rev1=1 rx=0x7f90a80096a0 tx=0x7f90a8006b40).stop
2024-02-19T21:26:46.323 INFO:teuthology.orchestra.run.smithi135.stderr:/usr/bin/ceph:
2024-02-19T21:26:46.318+0000 7f90b43d6700 1 -- 172.21.15.135:0/336023119 >> [v2:172.21.15.135:3300/0,v1:172.21.15.135:6789/0] conn(0x7f90ac070440 msgr2=0x7f90ac10cdd0 secure :-1 s=STATE_CONNECTION_ESTABLISHED l=1).mark_down
2024-02-19T21:26:46.323 INFO:teuthology.orchestra.run.smithi135.stderr:/usr/bin/ceph:
2024-02-19T21:26:46.318+0000 7f90b43d6700 1 --2- 172.21.15.135:0/336023119 >> [v2:172.21.15.135:3300/0,v1:172.21.15.135:6789/0] conn(0x7f90ac070440 0x7f90ac10cdd0 secure :-1 s=READY pgs=63 cs=0 l=1 rev1=1 rx=0x7f909c006a20 tx=0x7f909c006ee0).stop
2024-02-19T21:26:46.323 INFO:teuthology.orchestra.run.smithi135.stderr:/usr/bin/ceph:
2024-02-19T21:26:46.318+0000 7f90b43d6700 1 -- 172.21.15.135:0/336023119 shutdown_connections
2024-02-19T21:26:46.323 INFO:teuthology.orchestra.run.smithi135.stderr:/usr/bin/ceph:
2024-02-19T21:26:46.319+0000 7f90b43d6700 1 --2- 172.21.15.135:0/336023119 >> [v2:172.21.15.135:6800/4209354836,v1:172.21.15.135:6801/4209354836] conn(0x7f909402ff20 0x7f90940323e0 unknown :-1 s=CLOSED pgs=9 cs=0 l=1 rev1=1 rx=0 tx=0).stop
2024-02-19T21:26:46.323 INFO:teuthology.orchestra.run.smithi135.stderr:/usr/bin/ceph:
2024-02-19T21:26:46.319+0000 7f90b43d6700 1 --2- 172.21.15.135:0/336023119 >> [v2:172.21.15.135:3300/0,v1:172.21.15.135:6789/0] conn(0x7f90ac070440 0x7f90ac10cdd0 unknown :-1 s=CLOSED pgs=63 cs=0 l=1 rev1=1 rx=0 tx=0).stop
2024-02-19T21:26:46.323 INFO:teuthology.orchestra.run.smithi135.stderr:/usr/bin/ceph:
2024-02-19T21:26:46.319+0000 7f90b43d6700 1 -- 172.21.15.135:0/336023119 >> 172.21.15.135:0/336023119 conn(0x7f90ac0f6560 msgr2=0x7f90ac0f7f80 unknown :-1 s=STATE_NONE l=0).mark_down
2024-02-19T21:26:46.323 INFO:teuthology.orchestra.run.smithi135.stderr:/usr/bin/ceph:
2024-02-19T21:26:46.319+0000 7f90b43d6700 1 -- 172.21.15.135:0/336023119 shutdown_connections
2024-02-19T21:26:46.323 INFO:teuthology.orchestra.run.smithi135.stderr:/usr/bin/ceph:
2024-02-19T21:26:46.319+0000 7f90b43d6700 1 -- 172.21.15.135:0/336023119 wait complete.
