2024-02-19T21:56:09.721+0000 7fa4abfff700 1 -- 172.21.15.67:0/3183719172 >> [v2:172.21.15.67:6800/3009585758,v1:172.21.15.67:6801/3009585758] conn(0x7fa49002ffc0 msgr2=0x7fa490032480 unknown :-1 s=STATE_CONNECTING_RE l=1).process reconnect failed to v2:172.21.15.67:6800/3009585758
2024-02-19T21:56:09.720 INFO:teuthology.orchestra.run.smithi067.stderr:/usr/bin/ceph:
2024-02-19T21:56:09.721+0000 7fa4abfff700 1 --2- 172.21.15.67:0/3183719172 >> [v2:172.21.15.67:6800/3009585758,v1:172.21.15.67:6801/3009585758] conn(0x7fa49002ffc0 0x7fa490032480 unknown :-1 s=START_CONNECT pgs=0 cs=0 l=1 rev1=0 rx=0 tx=0)._fault waiting 1.600000
2024-02-19T21:56:10.655 INFO:teuthology.orchestra.run.smithi067.stderr:/usr/bin/ceph:
2024-02-19T21:56:10.655+0000 7fa4a97fa700 1 -- 172.21.15.67:0/3183719172 <== mon.0 v2:172.21.15.67:3300/0 6 ==== mgrmap(e 14) v1 ==== 35997+0+0 (secure 0 0 0) 0x7fa4a0025980 con 0x7fa4ac0703b0
2024-02-19T21:56:10.655 INFO:teuthology.orchestra.run.smithi067.stderr:/usr/bin/ceph:
2024-02-19T21:56:10.655+0000 7fa4a97fa700 1 -- 172.21.15.67:0/3183719172 >> [v2:172.21.15.67:6800/3009585758,v1:172.21.15.67:6801/3009585758] conn(0x7fa49002ffc0 msgr2=0x7fa490032480 unknown :-1 s=STATE_CONNECTING l=1).mark_down
2024-02-19T21:56:10.655 INFO:teuthology.orchestra.run.smithi067.stderr:/usr/bin/ceph:
2024-02-19T21:56:10.655+0000 7fa4a97fa700 1 --2- 172.21.15.67:0/3183719172 >> [v2:172.21.15.67:6800/3009585758,v1:172.21.15.67:6801/3009585758] conn(0x7fa49002ffc0 0x7fa490032480 unknown :-1 s=START_CONNECT pgs=0 cs=0 l=1 rev1=0 rx=0 tx=0).stop
2024-02-19T21:56:10.909 INFO:journalctl@ceph.mon.smithi067.smithi067.stdout:Feb 19 21:56:10 smithi067 ceph-768bba62-cf71-11ee-95bb-87774f69a715-mon.smithi067[38166]: cluster
2024-02-19T21:56:10.601166+0000 mon.smithi067 (mon.0) 90 : cluster [INF] Active manager daemon smithi067.niedit restarted
2024-02-19T21:56:10.910 INFO:journalctl@ceph.mon.smithi067.smithi067.stdout:Feb 19 21:56:10 smithi067 ceph-768bba62-cf71-11ee-95bb-87774f69a715-mon.smithi067[38166]: cluster
2024-02-19T21:56:10.601539+0000 mon.smithi067 (mon.0) 91 : cluster [INF] Activating manager daemon smithi067.niedit
2024-02-19T21:56:10.910 INFO:journalctl@ceph.mon.smithi067.smithi067.stdout:Feb 19 21:56:10 smithi067 ceph-768bba62-cf71-11ee-95bb-87774f69a715-mon.smithi067[38166]: cluster
2024-02-19T21:56:10.605675+0000 mon.smithi067 (mon.0) 92 : cluster [DBG] osdmap e4: 0 total, 0 up, 0 in
2024-02-19T21:56:11.659 INFO:teuthology.orchestra.run.smithi067.stderr:/usr/bin/ceph:
2024-02-19T21:56:11.659+0000 7fa4a97fa700 1 -- 172.21.15.67:0/3183719172 <== mon.0 v2:172.21.15.67:3300/0 7 ==== mgrmap(e 15) v1 ==== 36067+0+0 (secure 0 0 0) 0x7fa4a0024ca0 con 0x7fa4ac0703b0
2024-02-19T21:56:11.660 INFO:teuthology.orchestra.run.smithi067.stderr:/usr/bin/ceph:
2024-02-19T21:56:11.659+0000 7fa4a97fa700 1 --2- 172.21.15.67:0/3183719172 >> [v2:172.21.15.67:6800/2156916872,v1:172.21.15.67:6801/2156916872] conn(0x7fa490033aa0 0x7fa490035e90 unknown :-1 s=NONE pgs=0 cs=0 l=1 rev1=0 rx=0 tx=0).connect
2024-02-19T21:56:11.660 INFO:teuthology.orchestra.run.smithi067.stderr:/usr/bin/ceph:
2024-02-19T21:56:11.659+0000 7fa4a97fa700 1 -- 172.21.15.67:0/3183719172 --> [v2:172.21.15.67:6800/2156916872,v1:172.21.15.67:6801/2156916872] -- command(tid 0: {"prefix": "get_command_descriptions"}) v1 -- 0x7fa4ac059100 con 0x7fa490033aa0
2024-02-19T21:56:11.660 INFO:teuthology.orchestra.run.smithi067.stderr:/usr/bin/ceph:
2024-02-19T21:56:11.660+0000 7fa4abfff700 1 --2- 172.21.15.67:0/3183719172 >> [v2:172.21.15.67:6800/2156916872,v1:172.21.15.67:6801/2156916872] conn(0x7fa490033aa0 0x7fa490035e90 unknown :-1 s=BANNER_CONNECTING pgs=0 cs=0 l=1 rev1=0 rx=0 tx=0)._handle_peer_banner_payload supported=1 required=0
2024-02-19T21:56:11.660 INFO:teuthology.orchestra.run.smithi067.stderr:/usr/bin/ceph:
2024-02-19T21:56:11.660+0000 7fa4abfff700 1 --2- 172.21.15.67:0/3183719172 >> [v2:172.21.15.67:6800/2156916872,v1:172.21.15.67:6801/2156916872] conn(0x7fa490033aa0 0x7fa490035e90 secure :-1 s=READY pgs=1 cs=0 l=1 rev1=1 rx=0x7fa4980036d0 tx=0x7fa498006d20).ready entity=mgr.14162 client_cookie=0 server_cookie=0 in_seq=0 out_seq=0
2024-02-19T21:56:11.660 INFO:teuthology.orchestra.run.smithi067.stderr:/usr/bin/ceph:
2024-02-19T21:56:11.661+0000 7fa4a97fa700 1 -- 172.21.15.67:0/3183719172 <== mgr.14162 v2:172.21.15.67:6800/2156916872 1 ==== command_reply(tid 0: 0 ) v1 ==== 8+0+6438 (secure 0 0 0) 0x7fa4ac059100 con 0x7fa490033aa0
2024-02-19T21:56:11.673 INFO:teuthology.orchestra.run.smithi067.stderr:/usr/bin/ceph:
2024-02-19T21:56:11.669+0000 7fa4b300e700 1 -- 172.21.15.67:0/3183719172 --> [v2:172.21.15.67:6800/2156916872,v1:172.21.15.67:6801/2156916872] -- command(tid 1: {"prefix": "mgr_status"}) v1 -- 0x7fa4ac10d920 con 0x7fa490033aa0
2024-02-19T21:56:11.673 INFO:teuthology.orchestra.run.smithi067.stderr:/usr/bin/ceph:
2024-02-19T21:56:11.669+0000 7fa4a97fa700 1 -- 172.21.15.67:0/3183719172 <== mgr.14162 v2:172.21.15.67:6800/2156916872 2 ==== command_reply(tid 1: 0 ) v1 ==== 8+0+52 (secure 0 0 0) 0x7fa4ac10d920 con 0x7fa490033aa0
2024-02-19T21:56:11.673 INFO:teuthology.orchestra.run.smithi067.stderr:/usr/bin/ceph: {
2024-02-19T21:56:11.673 INFO:teuthology.orchestra.run.smithi067.stderr:/usr/bin/ceph: "mgrmap_epoch": 15,
2024-02-19T21:56:11.673 INFO:teuthology.orchestra.run.smithi067.stderr:/usr/bin/ceph: "initialized": true
2024-02-19T21:56:11.673 INFO:teuthology.orchestra.run.smithi067.stderr:/usr/bin/ceph: }
2024-02-19T21:56:11.673 INFO:teuthology.orchestra.run.smithi067.stderr:/usr/bin/ceph:
2024-02-19T21:56:11.669+0000 7fa4b300e700 1 -- 172.21.15.67:0/3183719172 >> [v2:172.21.15.67:6800/2156916872,v1:172.21.15.67:6801/2156916872] conn(0x7fa490033aa0 msgr2=0x7fa490035e90 secure :-1 s=STATE_CONNECTION_ESTABLISHED l=1).mark_down
2024-02-19T21:56:11.673 INFO:teuthology.orchestra.run.smithi067.stderr:/usr/bin/ceph:
2024-02-19T21:56:11.669+0000 7fa4b300e700 1 --2- 172.21.15.67:0/3183719172 >> [v2:172.21.15.67:6800/2156916872,v1:172.21.15.67:6801/2156916872] conn(0x7fa490033aa0 0x7fa490035e90 secure :-1 s=READY pgs=1 cs=0 l=1 rev1=1 rx=0x7fa4980036d0 tx=0x7fa498006d20).stop
2024-02-19T21:56:11.673 INFO:teuthology.orchestra.run.smithi067.stderr:/usr/bin/ceph:
2024-02-19T21:56:11.669+0000 7fa4b300e700 1 -- 172.21.15.67:0/3183719172 >> [v2:172.21.15.67:3300/0,v1:172.21.15.67:6789/0] conn(0x7fa4ac0703b0 msgr2=0x7fa4ac10cda0 secure :-1 s=STATE_CONNECTION_ESTABLISHED l=1).mark_down
2024-02-19T21:56:11.674 INFO:teuthology.orchestra.run.smithi067.stderr:/usr/bin/ceph:
2024-02-19T21:56:11.669+0000 7fa4b300e700 1 --2- 172.21.15.67:0/3183719172 >> [v2:172.21.15.67:3300/0,v1:172.21.15.67:6789/0] conn(0x7fa4ac0703b0 0x7fa4ac10cda0 secure :-1 s=READY pgs=73 cs=0 l=1 rev1=1 rx=0x7fa4a000e040 tx=0x7fa4a0006ee0).stop
2024-02-19T21:56:11.674 INFO:teuthology.orchestra.run.smithi067.stderr:/usr/bin/ceph:
2024-02-19T21:56:11.669+0000 7fa4b300e700 1 -- 172.21.15.67:0/3183719172 shutdown_connections
2024-02-19T21:56:11.674 INFO:teuthology.orchestra.run.smithi067.stderr:/usr/bin/ceph:
2024-02-19T21:56:11.669+0000 7fa4b300e700 1 --2- 172.21.15.67:0/3183719172 >> [v2:172.21.15.67:6800/2156916872,v1:172.21.15.67:6801/2156916872] conn(0x7fa490033aa0 0x7fa490035e90 unknown :-1 s=CLOSED pgs=1 cs=0 l=1 rev1=1 rx=0 tx=0).stop
2024-02-19T21:56:11.674 INFO:teuthology.orchestra.run.smithi067.stderr:/usr/bin/ceph:
2024-02-19T21:56:11.669+0000 7fa4b300e700 1 --2- 172.21.15.67:0/3183719172 >> [v2:172.21.15.67:3300/0,v1:172.21.15.67:6789/0] conn(0x7fa4ac0703b0 0x7fa4ac10cda0 unknown :-1 s=CLOSED pgs=73 cs=0 l=1 rev1=1 rx=0 tx=0).stop
2024-02-19T21:56:11.674 INFO:teuthology.orchestra.run.smithi067.stderr:/usr/bin/ceph:
2024-02-19T21:56:11.669+0000 7fa4b300e700 1 --2- 172.21.15.67:0/3183719172 >> [v2:172.21.15.67:6800/3009585758,v1:172.21.15.67:6801/3009585758] conn(0x7fa49002ffc0 0x7fa490032480 unknown :-1 s=CLOSED pgs=0 cs=0 l=1 rev1=0 rx=0 tx=0).stop
2024-02-19T21:56:11.674 INFO:teuthology.orchestra.run.smithi067.stderr:/usr/bin/ceph:
2024-02-19T21:56:11.669+0000 7fa4b300e700 1 -- 172.21.15.67:0/3183719172 >> 172.21.15.67:0/3183719172 conn(0x7fa4ac0f6530 msgr2=0x7fa4ac0f7f20 unknown :-1 s=STATE_NONE l=0).mark_down
2024-02-19T21:56:11.674 INFO:teuthology.orchestra.run.smithi067.stderr:/usr/bin/ceph:
2024-02-19T21:56:11.669+0000 7fa4b300e700 1 -- 172.21.15.67:0/3183719172 shutdown_connections
2024-02-19T21:56:11.674 INFO:teuthology.orchestra.run.smithi067.stderr:/usr/bin/ceph:
2024-02-19T21:56:11.669+0000 7fa4b300e700 1 -- 172.21.15.67:0/3183719172 wait complete.
2024-02-19T21:56:11.898 INFO:journalctl@ceph.mon.smithi067.smithi067.stdout:Feb 19 21:56:11 smithi067 ceph-768bba62-cf71-11ee-95bb-87774f69a715-mon.smithi067[38166]: cluster
2024-02-19T21:56:10.656693+0000 mon.smithi067 (mon.0) 93 : cluster [DBG] mgrmap e14: smithi067.niedit(active, starting, since 0.0552385s)
2024-02-19T21:56:11.898 INFO:journalctl@ceph.mon.smithi067.smithi067.stdout:Feb 19 21:56:11 smithi067 ceph-768bba62-cf71-11ee-95bb-87774f69a715-mon.smithi067[38166]: audit
2024-02-19T21:56:10.657636+0000 mon.smithi067 (mon.0) 94 : audit [DBG] from='mgr.14162 172.21.15.67:0/2073257646' entity='mgr.smithi067.niedit' cmd=[{"prefix": "mon metadata", "id": "smithi067"}]: dispatch
2024-02-19T21:56:11.899 INFO:journalctl@ceph.mon.smithi067.smithi067.stdout:Feb 19 21:56:11 smithi067 ceph-768bba62-cf71-11ee-95bb-87774f69a715-mon.smithi067[38166]: audit
2024-02-19T21:56:10.659632+0000 mon.smithi067 (mon.0) 95 : audit [DBG] from='mgr.14162 172.21.15.67:0/2073257646' entity='mgr.smithi067.niedit' cmd=[{"prefix": "mgr metadata", "who": "smithi067.niedit", "id": "smithi067.niedit"}]: dispatch
2024-02-19T21:56:11.899 INFO:journalctl@ceph.mon.smithi067.smithi067.stdout:Feb 19 21:56:11 smithi067 ceph-768bba62-cf71-11ee-95bb-87774f69a715-mon.smithi067[38166]: audit
2024-02-19T21:56:10.659858+0000 mon.smithi067 (mon.0) 96 : audit [DBG] from='mgr.14162 172.21.15.67:0/2073257646' entity='mgr.smithi067.niedit' cmd=[{"prefix": "mds metadata"}]: dispatch
2024-02-19T21:56:11.899 INFO:journalctl@ceph.mon.smithi067.smithi067.stdout:Feb 19 21:56:11 smithi067 ceph-768bba62-cf71-11ee-95bb-87774f69a715-mon.smithi067[38166]: audit
2024-02-19T21:56:10.659992+0000 mon.smithi067 (mon.0) 97 : audit [DBG] from='mgr.14162 172.21.15.67:0/2073257646' entity='mgr.smithi067.niedit' cmd=[{"prefix": "osd metadata"}]: dispatch
2024-02-19T21:56:11.899 INFO:journalctl@ceph.mon.smithi067.smithi067.stdout:Feb 19 21:56:11 smithi067 ceph-768bba62-cf71-11ee-95bb-87774f69a715-mon.smithi067[38166]: audit
2024-02-19T21:56:10.660150+0000 mon.smithi067 (mon.0) 98 : audit [DBG] from='mgr.14162 172.21.15.67:0/2073257646' entity='mgr.smithi067.niedit' cmd=[{"prefix": "mon metadata"}]: dispatch
2024-02-19T21:56:11.899 INFO:journalctl@ceph.mon.smithi067.smithi067.stdout:Feb 19 21:56:11 smithi067 ceph-768bba62-cf71-11ee-95bb-87774f69a715-mon.smithi067[38166]: cluster
2024-02-19T21:56:10.673933+0000 mon.smithi067 (mon.0) 99 : cluster [INF] Manager daemon smithi067.niedit is now available
2024-02-19T21:56:11.899 INFO:journalctl@ceph.mon.smithi067.smithi067.stdout:Feb 19 21:56:11 smithi067 ceph-768bba62-cf71-11ee-95bb-87774f69a715-mon.smithi067[38166]: audit
2024-02-19T21:56:10.776539+0000 mon.smithi067 (mon.0) 100 : audit [DBG] from='mgr.14162 172.21.15.67:0/2073257646' entity='mgr.smithi067.niedit' cmd=[{"prefix": "config dump", "format": "json"}]: dispatch
2024-02-19T21:56:11.899 INFO:journalctl@ceph.mon.smithi067.smithi067.stdout:Feb 19 21:56:11 smithi067 ceph-768bba62-cf71-11ee-95bb-87774f69a715-mon.smithi067[38166]: audit
2024-02-19T21:56:10.777980+0000 mon.smithi067 (mon.0) 101 : audit [DBG] from='mgr.14162 172.21.15.67:0/2073257646' entity='mgr.smithi067.niedit' cmd=[{"prefix": "config dump", "format": "json"}]: dispatch
2024-02-19T21:56:11.899 INFO:journalctl@ceph.mon.smithi067.smithi067.stdout:Feb 19 21:56:11 smithi067 ceph-768bba62-cf71-11ee-95bb-87774f69a715-mon.smithi067[38166]: audit
2024-02-19T21:56:10.804045+0000 mon.smithi067 (mon.0) 102 : audit [INF] from='mgr.14162 172.21.15.67:0/2073257646' entity='mgr.smithi067.niedit' cmd=[{"prefix":"config rm","who":"mgr","name":"mgr/rbd_support/smithi067.niedit/mirror_snapshot_schedule"}]: dispatch
2024-02-19T21:56:11.899 INFO:journalctl@ceph.mon.smithi067.smithi067.stdout:Feb 19 21:56:11 smithi067 ceph-768bba62-cf71-11ee-95bb-87774f69a715-mon.smithi067[38166]: audit
2024-02-19T21:56:10.807233+0000 mon.smithi067 (mon.0) 103 : audit [INF] from='mgr.14162 172.21.15.67:0/2073257646' entity='mgr.smithi067.niedit' cmd=[{"prefix":"config rm","who":"mgr","name":"mgr/rbd_support/smithi067.niedit/trash_purge_schedule"}]: dispatch
2024-02-19T21:56:12.555 INFO:teuthology.orchestra.run.smithi067.stderr:mgr epoch 13 is available
2024-02-19T21:56:12.556 INFO:teuthology.orchestra.run.smithi067.stderr:Generating a dashboard self-signed certificate...
2024-02-19T21:56:12.556 INFO:teuthology.orchestra.run.smithi067.stderr:Running command: /bin/podman run --rm --ipc=host --no-hosts --net=host --entrypoint /usr/bin/ceph --init -e CONTAINER_IMAGE=docker.io/ceph/ceph:v16.2.4 -e NODE_NAME=smithi067 -e CEPH_USE_RANDOM_NONCE=1 -v /var/log/ceph/768bba62-cf71-11ee-95bb-87774f69a715:/var/log/ceph:z -v /tmp/ceph-tmpue7d0zgm:/etc/ceph/ceph.client.admin.keyring:z -v /tmp/ceph-tmpgkn5k97b:/etc/ceph/ceph.conf:z docker.io/ceph/ceph:v16.2.4 dashboard create-self-signed-cert
2024-02-19T21:56:12.818 INFO:journalctl@ceph.mon.smithi067.smithi067.stdout:Feb 19 21:56:12 smithi067 ceph-768bba62-cf71-11ee-95bb-87774f69a715-mon.smithi067[38166]: audit
2024-02-19T21:56:11.661271+0000 mgr.smithi067.niedit (mgr.14162) 1 : audit [DBG] from='client.14166 -' entity='client.admin' cmd=[{"prefix": "get_command_descriptions"}]: dispatch
2024-02-19T21:56:12.818 INFO:journalctl@ceph.mon.smithi067.smithi067.stdout:Feb 19 21:56:12 smithi067 ceph-768bba62-cf71-11ee-95bb-87774f69a715-mon.smithi067[38166]: cluster
2024-02-19T21:56:11.662053+0000 mon.smithi067 (mon.0) 104 : cluster [DBG] mgrmap e15: smithi067.niedit(active, since 1.0606s)
2024-02-19T21:56:12.818 INFO:journalctl@ceph.mon.smithi067.smithi067.stdout:Feb 19 21:56:12 smithi067 ceph-768bba62-cf71-11ee-95bb-87774f69a715-mon.smithi067[38166]: audit
2024-02-19T21:56:11.669441+0000 mgr.smithi067.niedit (mgr.14162) 2 : audit [DBG] from='client.14166 -' entity='client.admin' cmd=[{"prefix": "mgr_status"}]: dispatch
2024-02-19T21:56:12.818 INFO:journalctl@ceph.mon.smithi067.smithi067.stdout:Feb 19 21:56:12 smithi067 ceph-768bba62-cf71-11ee-95bb-87774f69a715-mon.smithi067[38166]: audit
2024-02-19T21:56:12.028260+0000 mon.smithi067 (mon.0) 105 : audit [INF] from='mgr.14162 172.21.15.67:0/2073257646' entity='mgr.smithi067.niedit'
2024-02-19T21:56:13.295 INFO:teuthology.orchestra.run.smithi067.stderr:/usr/bin/ceph:
2024-02-19T21:56:13.294+0000 7fc1cbd43700 1 Processor -- start
2024-02-19T21:56:13.295 INFO:teuthology.orchestra.run.smithi067.stderr:/usr/bin/ceph:
2024-02-19T21:56:13.294+0000 7fc1cbd43700 1 -- start start
2024-02-19T21:56:13.295 INFO:teuthology.orchestra.run.smithi067.stderr:/usr/bin/ceph:
2024-02-19T21:56:13.294+0000 7fc1cbd43700 1 --2- >> [v2:172.21.15.67:3300/0,v1:172.21.15.67:6789/0] conn(0x7fc1c40fd4c0 0x7fc1c40fd8e0 unknown :-1 s=NONE pgs=0 cs=0 l=0 rev1=0 rx=0 tx=0).connect
2024-02-19T21:56:13.296 INFO:teuthology.orchestra.run.smithi067.stderr:/usr/bin/ceph:
2024-02-19T21:56:13.294+0000 7fc1cbd43700 1 -- --> [v2:172.21.15.67:3300/0,v1:172.21.15.67:6789/0] -- mon_getmap magic: 0 v1 -- 0x7fc1c40fddd0 con 0x7fc1c40fd4c0
2024-02-19T21:56:13.296 INFO:teuthology.orchestra.run.smithi067.stderr:/usr/bin/ceph:
2024-02-19T21:56:13.295+0000 7fc1c9adf700 1 --2- >> [v2:172.21.15.67:3300/0,v1:172.21.15.67:6789/0] conn(0x7fc1c40fd4c0 0x7fc1c40fd8e0 unknown :-1 s=BANNER_CONNECTING pgs=0 cs=0 l=0 rev1=0 rx=0 tx=0)._handle_peer_banner_payload supported=1 required=0
2024-02-19T21:56:13.296 INFO:teuthology.orchestra.run.smithi067.stderr:/usr/bin/ceph:
2024-02-19T21:56:13.295+0000 7fc1c9adf700 1 --2- >> [v2:172.21.15.67:3300/0,v1:172.21.15.67:6789/0] conn(0x7fc1c40fd4c0 0x7fc1c40fd8e0 unknown :-1 s=HELLO_CONNECTING pgs=0 cs=0 l=0 rev1=1 rx=0 tx=0).handle_hello peer v2:172.21.15.67:3300/0 says I am v2:172.21.15.67:46428/0 (socket says 172.21.15.67:46428)
2024-02-19T21:56:13.296 INFO:teuthology.orchestra.run.smithi067.stderr:/usr/bin/ceph:
2024-02-19T21:56:13.295+0000 7fc1c9adf700 1 -- 172.21.15.67:0/3767696112 learned_addr learned my addr 172.21.15.67:0/3767696112 (peer_addr_for_me v2:172.21.15.67:0/0)
2024-02-19T21:56:13.296 INFO:teuthology.orchestra.run.smithi067.stderr:/usr/bin/ceph:
2024-02-19T21:56:13.295+0000 7fc1c9adf700 1 -- 172.21.15.67:0/3767696112 --> [v2:172.21.15.67:3300/0,v1:172.21.15.67:6789/0] -- mon_subscribe({config=0+,monmap=0+}) v3 -- 0x7fc1c40fdf10 con 0x7fc1c40fd4c0
2024-02-19T21:56:13.296 INFO:teuthology.orchestra.run.smithi067.stderr:/usr/bin/ceph:
2024-02-19T21:56:13.295+0000 7fc1c9adf700 1 --2- 172.21.15.67:0/3767696112 >> [v2:172.21.15.67:3300/0,v1:172.21.15.67:6789/0] conn(0x7fc1c40fd4c0 0x7fc1c40fd8e0 secure :-1 s=READY pgs=79 cs=0 l=1 rev1=1 rx=0x7fc1b400b5f0 tx=0x7fc1b4006ee0).ready entity=mon.0 client_cookie=cdcf793129007ec3 server_cookie=0 in_seq=0 out_seq=0
2024-02-19T21:56:13.296 INFO:teuthology.orchestra.run.smithi067.stderr:/usr/bin/ceph:
2024-02-19T21:56:13.295+0000 7fc1c8add700 1 -- 172.21.15.67:0/3767696112 <== mon.0 v2:172.21.15.67:3300/0 1 ==== mon_map magic: 0 v1 ==== 229+0+0 (secure 0 0 0) 0x7fc1b400d600 con 0x7fc1c40fd4c0
2024-02-19T21:56:13.296 INFO:teuthology.orchestra.run.smithi067.stderr:/usr/bin/ceph:
2024-02-19T21:56:13.295+0000 7fc1c8add700 1 -- 172.21.15.67:0/3767696112 <== mon.0 v2:172.21.15.67:3300/0 2 ==== config(26 keys) v1 ==== 1109+0+0 (secure 0 0 0) 0x7fc1b400dc30 con 0x7fc1c40fd4c0
2024-02-19T21:56:13.296 INFO:teuthology.orchestra.run.smithi067.stderr:/usr/bin/ceph:
2024-02-19T21:56:13.295+0000 7fc1c8add700 1 -- 172.21.15.67:0/3767696112 <== mon.0 v2:172.21.15.67:3300/0 3 ==== mon_map magic: 0 v1 ==== 229+0+0 (secure 0 0 0) 0x7fc1b4011d30 con 0x7fc1c40fd4c0
2024-02-19T21:56:13.296 INFO:teuthology.orchestra.run.smithi067.stderr:/usr/bin/ceph:
2024-02-19T21:56:13.296+0000 7fc1cbd43700 1 -- 172.21.15.67:0/3767696112 >> [v2:172.21.15.67:3300/0,v1:172.21.15.67:6789/0] conn(0x7fc1c40fd4c0 msgr2=0x7fc1c40fd8e0 secure :-1 s=STATE_CONNECTION_ESTABLISHED l=1).mark_down
2024-02-19T21:56:13.296 INFO:teuthology.orchestra.run.smithi067.stderr:/usr/bin/ceph:
2024-02-19T21:56:13.296+0000 7fc1cbd43700 1 --2- 172.21.15.67:0/3767696112 >> [v2:172.21.15.67:3300/0,v1:172.21.15.67:6789/0] conn(0x7fc1c40fd4c0 0x7fc1c40fd8e0 secure :-1 s=READY pgs=79 cs=0 l=1 rev1=1 rx=0x7fc1b400b5f0 tx=0x7fc1b4006ee0).stop
2024-02-19T21:56:13.296 INFO:teuthology.orchestra.run.smithi067.stderr:/usr/bin/ceph:
2024-02-19T21:56:13.296+0000 7fc1cbd43700 1 -- 172.21.15.67:0/3767696112 shutdown_connections
2024-02-19T21:56:13.297 INFO:teuthology.orchestra.run.smithi067.stderr:/usr/bin/ceph:
2024-02-19T21:56:13.296+0000 7fc1cbd43700 1 --2- 172.21.15.67:0/3767696112 >> [v2:172.21.15.67:3300/0,v1:172.21.15.67:6789/0] conn(0x7fc1c40fd4c0 0x7fc1c40fd8e0 unknown :-1 s=CLOSED pgs=79 cs=0 l=1 rev1=1 rx=0 tx=0).stop
2024-02-19T21:56:13.297 INFO:teuthology.orchestra.run.smithi067.stderr:/usr/bin/ceph:
2024-02-19T21:56:13.296+0000 7fc1cbd43700 1 -- 172.21.15.67:0/3767696112 >> 172.21.15.67:0/3767696112 conn(0x7fc1c40f5d20 msgr2=0x7fc1c40f8140 unknown :-1 s=STATE_NONE l=0).mark_down
2024-02-19T21:56:13.297 INFO:teuthology.orchestra.run.smithi067.stderr:/usr/bin/ceph:
2024-02-19T21:56:13.296+0000 7fc1cbd43700 1 -- 172.21.15.67:0/3767696112 shutdown_connections
2024-02-19T21:56:13.297 INFO:teuthology.orchestra.run.smithi067.stderr:/usr/bin/ceph:
2024-02-19T21:56:13.296+0000 7fc1cbd43700 1 -- 172.21.15.67:0/3767696112 wait complete.
2024-02-19T21:56:13.298 INFO:teuthology.orchestra.run.smithi067.stderr:/usr/bin/ceph:
2024-02-19T21:56:13.297+0000 7fc1cbd43700 1 Processor -- start
2024-02-19T21:56:13.298 INFO:teuthology.orchestra.run.smithi067.stderr:/usr/bin/ceph:
2024-02-19T21:56:13.297+0000 7fc1cbd43700 1 -- start start
2024-02-19T21:56:13.298 INFO:teuthology.orchestra.run.smithi067.stderr:/usr/bin/ceph:
2024-02-19T21:56:13.297+0000 7fc1cbd43700 1 --2- >> [v2:172.21.15.67:3300/0,v1:172.21.15.67:6789/0] conn(0x7fc1c40fd4c0 0x7fc1c410aba0 unknown :-1 s=NONE pgs=0 cs=0 l=1 rev1=0 rx=0 tx=0).connect
2024-02-19T21:56:13.299 INFO:teuthology.orchestra.run.smithi067.stderr:/usr/bin/ceph:
2024-02-19T21:56:13.297+0000 7fc1cbd43700 1 -- --> [v2:172.21.15.67:3300/0,v1:172.21.15.67:6789/0] -- mon_getmap magic: 0 v1 -- 0x7fc1c410b090 con 0x7fc1c40fd4c0
2024-02-19T21:56:13.299 INFO:teuthology.orchestra.run.smithi067.stderr:/usr/bin/ceph:
2024-02-19T21:56:13.297+0000 7fc1c9adf700 1 --2- >> [v2:172.21.15.67:3300/0,v1:172.21.15.67:6789/0] conn(0x7fc1c40fd4c0 0x7fc1c410aba0 unknown :-1 s=BANNER_CONNECTING pgs=0 cs=0 l=1 rev1=0 rx=0 tx=0)._handle_peer_banner_payload supported=1 required=0
2024-02-19T21:56:13.299 INFO:teuthology.orchestra.run.smithi067.stderr:/usr/bin/ceph:
2024-02-19T21:56:13.297+0000 7fc1c9adf700 1 --2- >> [v2:172.21.15.67:3300/0,v1:172.21.15.67:6789/0] conn(0x7fc1c40fd4c0 0x7fc1c410aba0 unknown :-1 s=HELLO_CONNECTING pgs=0 cs=0 l=1 rev1=1 rx=0 tx=0).handle_hello peer v2:172.21.15.67:3300/0 says I am v2:172.21.15.67:46438/0 (socket says 172.21.15.67:46438)
2024-02-19T21:56:13.299 INFO:teuthology.orchestra.run.smithi067.stderr:/usr/bin/ceph:
2024-02-19T21:56:13.297+0000 7fc1c9adf700 1 -- 172.21.15.67:0/2950466506 learned_addr learned my addr 172.21.15.67:0/2950466506 (peer_addr_for_me v2:172.21.15.67:0/0)
2024-02-19T21:56:13.299 INFO:teuthology.orchestra.run.smithi067.stderr:/usr/bin/ceph:
2024-02-19T21:56:13.298+0000 7fc1c9adf700 1 -- 172.21.15.67:0/2950466506 --> [v2:172.21.15.67:3300/0,v1:172.21.15.67:6789/0] -- mon_subscribe({config=0+,monmap=0+}) v3 -- 0x7fc1b400b200 con 0x7fc1c40fd4c0
2024-02-19T21:56:13.299 INFO:teuthology.orchestra.run.smithi067.stderr:/usr/bin/ceph:
2024-02-19T21:56:13.298+0000 7fc1c9adf700 1 --2- 172.21.15.67:0/2950466506 >> [v2:172.21.15.67:3300/0,v1:172.21.15.67:6789/0] conn(0x7fc1c40fd4c0 0x7fc1c410aba0 secure :-1 s=READY pgs=80 cs=0 l=1 rev1=1 rx=0x7fc1b4006b80 tx=0x7fc1b4006ee0).ready entity=mon.0 client_cookie=0 server_cookie=0 in_seq=0 out_seq=0
2024-02-19T21:56:13.299 INFO:teuthology.orchestra.run.smithi067.stderr:/usr/bin/ceph:
2024-02-19T21:56:13.298+0000 7fc1b27fc700 1 -- 172.21.15.67:0/2950466506 <== mon.0 v2:172.21.15.67:3300/0 1 ==== mon_map magic: 0 v1 ==== 229+0+0 (secure 0 0 0) 0x7fc1b400d9e0 con 0x7fc1c40fd4c0
2024-02-19T21:56:13.299 INFO:teuthology.orchestra.run.smithi067.stderr:/usr/bin/ceph:
2024-02-19T21:56:13.298+0000 7fc1b27fc700 1 -- 172.21.15.67:0/2950466506 <== mon.0 v2:172.21.15.67:3300/0 2 ==== config(26 keys) v1 ==== 1109+0+0 (secure 0 0 0) 0x7fc1b401b8e0 con 0x7fc1c40fd4c0
2024-02-19T21:56:13.299 INFO:teuthology.orchestra.run.smithi067.stderr:/usr/bin/ceph:
2024-02-19T21:56:13.298+0000 7fc1cbd43700 1 -- 172.21.15.67:0/2950466506 --> [v2:172.21.15.67:3300/0,v1:172.21.15.67:6789/0] -- mon_subscribe({mgrmap=0+}) v3 -- 0x7fc1c410b290 con 0x7fc1c40fd4c0
2024-02-19T21:56:13.299 INFO:teuthology.orchestra.run.smithi067.stderr:/usr/bin/ceph:
2024-02-19T21:56:13.298+0000 7fc1b27fc700 1 -- 172.21.15.67:0/2950466506 <== mon.0 v2:172.21.15.67:3300/0 3 ==== mon_map magic: 0 v1 ==== 229+0+0 (secure 0 0 0) 0x7fc1b401a870 con 0x7fc1c40fd4c0
2024-02-19T21:56:13.299 INFO:teuthology.orchestra.run.smithi067.stderr:/usr/bin/ceph:
2024-02-19T21:56:13.298+0000 7fc1cbd43700 1 -- 172.21.15.67:0/2950466506 --> [v2:172.21.15.67:3300/0,v1:172.21.15.67:6789/0] -- mon_subscribe({osdmap=0}) v3 -- 0x7fc1c410b720 con 0x7fc1c40fd4c0
2024-02-19T21:56:13.299 INFO:teuthology.orchestra.run.smithi067.stderr:/usr/bin/ceph:
2024-02-19T21:56:13.299+0000 7fc1b27fc700 1 -- 172.21.15.67:0/2950466506 <== mon.0 v2:172.21.15.67:3300/0 4 ==== mgrmap(e 16) v1 ==== 36208+0+0 (secure 0 0 0) 0x7fc1b400f070 con 0x7fc1c40fd4c0
2024-02-19T21:56:13.299 INFO:teuthology.orchestra.run.smithi067.stderr:/usr/bin/ceph:
2024-02-19T21:56:13.299+0000 7fc1cbd43700 1 -- 172.21.15.67:0/2950466506 --> [v2:172.21.15.67:3300/0,v1:172.21.15.67:6789/0] -- mon_command({"prefix": "get_command_descriptions"} v 0) v1 -- 0x7fc1c4045ad0 con 0x7fc1c40fd4c0
2024-02-19T21:56:13.300 INFO:teuthology.orchestra.run.smithi067.stderr:/usr/bin/ceph:
2024-02-19T21:56:13.299+0000 7fc1b27fc700 1 --2- 172.21.15.67:0/2950466506 >> [v2:172.21.15.67:6800/2156916872,v1:172.21.15.67:6801/2156916872] conn(0x7fc1ac02ffc0 0x7fc1ac032480 unknown :-1 s=NONE pgs=0 cs=0 l=1 rev1=0 rx=0 tx=0).connect
2024-02-19T21:56:13.301 INFO:teuthology.orchestra.run.smithi067.stderr:/usr/bin/ceph:
2024-02-19T21:56:13.299+0000 7fc1b27fc700 1 -- 172.21.15.67:0/2950466506 <== mon.0 v2:172.21.15.67:3300/0 5 ==== osd_map(4..4 src has 1..4) v4 ==== 1270+0+0 (secure 0 0 0) 0x7fc1b4041590 con 0x7fc1c40fd4c0
2024-02-19T21:56:13.301 INFO:teuthology.orchestra.run.smithi067.stderr:/usr/bin/ceph:
2024-02-19T21:56:13.299+0000 7fc1c92de700 1 --2- 172.21.15.67:0/2950466506 >> [v2:172.21.15.67:6800/2156916872,v1:172.21.15.67:6801/2156916872] conn(0x7fc1ac02ffc0 0x7fc1ac032480 unknown :-1 s=BANNER_CONNECTING pgs=0 cs=0 l=1 rev1=0 rx=0 tx=0)._handle_peer_banner_payload supported=1 required=0
2024-02-19T21:56:13.302 INFO:teuthology.orchestra.run.smithi067.stderr:/usr/bin/ceph:
2024-02-19T21:56:13.300+0000 7fc1c92de700 1 --2- 172.21.15.67:0/2950466506 >> [v2:172.21.15.67:6800/2156916872,v1:172.21.15.67:6801/2156916872] conn(0x7fc1ac02ffc0 0x7fc1ac032480 secure :-1 s=READY pgs=6 cs=0 l=1 rev1=1 rx=0x7fc1c00096a0 tx=0x7fc1c0006b40).ready entity=mgr.14162 client_cookie=0 server_cookie=0 in_seq=0 out_seq=0
2024-02-19T21:56:13.302 INFO:teuthology.orchestra.run.smithi067.stderr:/usr/bin/ceph:
2024-02-19T21:56:13.304+0000 7fc1b27fc700 1 -- 172.21.15.67:0/2950466506 <== mon.0 v2:172.21.15.67:3300/0 6 ==== mon_command_ack([{"prefix": "get_command_descriptions"}]=0 v0) v1 ==== 72+0+152212 (secure 0 0 0) 0x7fc1b4022d50 con 0x7fc1c40fd4c0
2024-02-19T21:56:13.469 INFO:teuthology.orchestra.run.smithi067.stderr:/usr/bin/ceph:
2024-02-19T21:56:13.470+0000 7fc1cbd43700 1 -- 172.21.15.67:0/2950466506 --> [v2:172.21.15.67:6800/2156916872,v1:172.21.15.67:6801/2156916872] -- mgr_command(tid 0: {"prefix": "dashboard create-self-signed-cert", "target": ["mon-mgr", ""]}) v1 -- 0x7fc1c410bf80 con 0x7fc1ac02ffc0
2024-02-19T21:56:13.569 INFO:teuthology.orchestra.run.smithi067.stderr:/usr/bin/ceph:
2024-02-19T21:56:13.570+0000 7fc1b27fc700 1 -- 172.21.15.67:0/2950466506 <== mgr.14162 v2:172.21.15.67:6800/2156916872 1 ==== mgr_command_reply(tid 0: 0 ) v1 ==== 8+0+32 (secure 0 0 0) 0x7fc1c410bf80 con 0x7fc1ac02ffc0
2024-02-19T21:56:13.569 INFO:teuthology.orchestra.run.smithi067.stderr:/usr/bin/ceph: Self-signed certificate created
2024-02-19T21:56:13.571 INFO:teuthology.orchestra.run.smithi067.stderr:/usr/bin/ceph:
2024-02-19T21:56:13.572+0000 7fc1cbd43700 1 -- 172.21.15.67:0/2950466506 >> [v2:172.21.15.67:6800/2156916872,v1:172.21.15.67:6801/2156916872] conn(0x7fc1ac02ffc0 msgr2=0x7fc1ac032480 secure :-1 s=STATE_CONNECTION_ESTABLISHED l=1).mark_down
2024-02-19T21:56:13.571 INFO:teuthology.orchestra.run.smithi067.stderr:/usr/bin/ceph:
2024-02-19T21:56:13.572+0000 7fc1cbd43700 1 --2- 172.21.15.67:0/2950466506 >> [v2:172.21.15.67:6800/2156916872,v1:172.21.15.67:6801/2156916872] conn(0x7fc1ac02ffc0 0x7fc1ac032480 secure :-1 s=READY pgs=6 cs=0 l=1 rev1=1 rx=0x7fc1c00096a0 tx=0x7fc1c0006b40).stop
2024-02-19T21:56:13.571 INFO:teuthology.orchestra.run.smithi067.stderr:/usr/bin/ceph:
2024-02-19T21:56:13.572+0000 7fc1cbd43700 1 -- 172.21.15.67:0/2950466506 >> [v2:172.21.15.67:3300/0,v1:172.21.15.67:6789/0] conn(0x7fc1c40fd4c0 msgr2=0x7fc1c410aba0 secure :-1 s=STATE_CONNECTION_ESTABLISHED l=1).mark_down
2024-02-19T21:56:13.572 INFO:teuthology.orchestra.run.smithi067.stderr:/usr/bin/ceph:
2024-02-19T21:56:13.572+0000 7fc1cbd43700 1 --2- 172.21.15.67:0/2950466506 >> [v2:172.21.15.67:3300/0,v1:172.21.15.67:6789/0] conn(0x7fc1c40fd4c0 0x7fc1c410aba0 secure :-1 s=READY pgs=80 cs=0 l=1 rev1=1 rx=0x7fc1b4006b80 tx=0x7fc1b4006ee0).stop
2024-02-19T21:56:13.572 INFO:teuthology.orchestra.run.smithi067.stderr:/usr/bin/ceph:
2024-02-19T21:56:13.572+0000 7fc1cbd43700 1 -- 172.21.15.67:0/2950466506 shutdown_connections
2024-02-19T21:56:13.572 INFO:teuthology.orchestra.run.smithi067.stderr:/usr/bin/ceph:
2024-02-19T21:56:13.572+0000 7fc1cbd43700 1 --2- 172.21.15.67:0/2950466506 >> [v2:172.21.15.67:6800/2156916872,v1:172.21.15.67:6801/2156916872] conn(0x7fc1ac02ffc0 0x7fc1ac032480 unknown :-1 s=CLOSED pgs=6 cs=0 l=1 rev1=1 rx=0 tx=0).stop
2024-02-19T21:56:13.572 INFO:teuthology.orchestra.run.smithi067.stderr:/usr/bin/ceph:
2024-02-19T21:56:13.572+0000 7fc1cbd43700 1 --2- 172.21.15.67:0/2950466506 >> [v2:172.21.15.67:3300/0,v1:172.21.15.67:6789/0] conn(0x7fc1c40fd4c0 0x7fc1c410aba0 unknown :-1 s=CLOSED pgs=80 cs=0 l=1 rev1=1 rx=0 tx=0).stop
2024-02-19T21:56:13.572 INFO:teuthology.orchestra.run.smithi067.stderr:/usr/bin/ceph:
2024-02-19T21:56:13.572+0000 7fc1cbd43700 1 -- 172.21.15.67:0/2950466506 >> 172.21.15.67:0/2950466506 conn(0x7fc1c40f5d20 msgr2=0x7fc1c40f7620 unknown :-1 s=STATE_NONE l=0).mark_down
2024-02-19T21:56:13.572 INFO:teuthology.orchestra.run.smithi067.stderr:/usr/bin/ceph:
2024-02-19T21:56:13.572+0000 7fc1cbd43700 1 -- 172.21.15.67:0/2950466506 shutdown_connections
2024-02-19T21:56:13.572 INFO:teuthology.orchestra.run.smithi067.stderr:/usr/bin/ceph:
2024-02-19T21:56:13.572+0000 7fc1cbd43700 1 -- 172.21.15.67:0/2950466506 wait complete.
2024-02-19T21:56:14.349 INFO:teuthology.orchestra.run.smithi067.stderr:Creating initial admin user...
2024-02-19T21:56:14.349 INFO:teuthology.orchestra.run.smithi067.stderr:Running command: /bin/podman run --rm --ipc=host --no-hosts --net=host --entrypoint /usr/bin/ceph --init -e CONTAINER_IMAGE=docker.io/ceph/ceph:v16.2.4 -e NODE_NAME=smithi067 -e CEPH_USE_RANDOM_NONCE=1 -v /var/log/ceph/768bba62-cf71-11ee-95bb-87774f69a715:/var/log/ceph:z -v /tmp/ceph-tmpue7d0zgm:/etc/ceph/ceph.client.admin.keyring:z -v /tmp/ceph-tmpgkn5k97b:/etc/ceph/ceph.conf:z -v /tmp/ceph-tmp35_q0h6g:/tmp/dashboard.pw:z docker.io/ceph/ceph:v16.2.4 dashboard ac-user-create admin -i /tmp/dashboard.pw administrator --force-password --pwd-update-required
2024-02-19T21:56:14.352 INFO:journalctl@ceph.mon.smithi067.smithi067.stdout:Feb 19 21:56:14 smithi067 ceph-768bba62-cf71-11ee-95bb-87774f69a715-mon.smithi067[38166]: cluster
2024-02-19T21:56:13.029720+0000 mon.smithi067 (mon.0) 106 : cluster [DBG] mgrmap e16: smithi067.niedit(active, since 2s)
2024-02-19T21:56:14.352 INFO:journalctl@ceph.mon.smithi067.smithi067.stdout:Feb 19 21:56:14 smithi067 ceph-768bba62-cf71-11ee-95bb-87774f69a715-mon.smithi067[38166]: audit
2024-02-19T21:56:13.568202+0000 mon.smithi067 (mon.0) 107 : audit [INF] from='mgr.14162 172.21.15.67:0/2073257646' entity='mgr.smithi067.niedit'
2024-02-19T21:56:14.352 INFO:journalctl@ceph.mon.smithi067.smithi067.stdout:Feb 19 21:56:14 smithi067 ceph-768bba62-cf71-11ee-95bb-87774f69a715-mon.smithi067[38166]: audit
2024-02-19T21:56:13.570071+0000 mon.smithi067 (mon.0) 108 : audit [INF] from='mgr.14162 172.21.15.67:0/2073257646' entity='mgr.smithi067.niedit'
2024-02-19T21:56:15.382 INFO:teuthology.orchestra.run.smithi067.stderr:/usr/bin/ceph:
2024-02-19T21:56:15.380+0000 7f5f10e94700 1 Processor -- start
2024-02-19T21:56:15.382 INFO:teuthology.orchestra.run.smithi067.stderr:/usr/bin/ceph:
2024-02-19T21:56:15.380+0000 7f5f10e94700 1 -- start start
2024-02-19T21:56:15.382 INFO:teuthology.orchestra.run.smithi067.stderr:/usr/bin/ceph:
2024-02-19T21:56:15.380+0000 7f5f10e94700 1 --2- >> [v2:172.21.15.67:3300/0,v1:172.21.15.67:6789/0] conn(0x7f5f0c070430 0x7f5f0c0fea50 unknown :-1 s=NONE pgs=0 cs=0 l=0 rev1=0 rx=0 tx=0).connect
2024-02-19T21:56:15.382 INFO:teuthology.orchestra.run.smithi067.stderr:/usr/bin/ceph:
2024-02-19T21:56:15.380+0000 7f5f10e94700 1 -- --> [v2:172.21.15.67:3300/0,v1:172.21.15.67:6789/0] -- mon_getmap magic: 0 v1 -- 0x7f5f0c0fef40 con 0x7f5f0c070430
2024-02-19T21:56:15.382 INFO:teuthology.orchestra.run.smithi067.stderr:/usr/bin/ceph:
2024-02-19T21:56:15.381+0000 7f5f0a59c700 1 --2- >> [v2:172.21.15.67:3300/0,v1:172.21.15.67:6789/0] conn(0x7f5f0c070430 0x7f5f0c0fea50 unknown :-1 s=BANNER_CONNECTING pgs=0 cs=0 l=0 rev1=0 rx=0 tx=0)._handle_peer_banner_payload supported=1 required=0
2024-02-19T21:56:15.383 INFO:teuthology.orchestra.run.smithi067.stderr:/usr/bin/ceph:
2024-02-19T21:56:15.381+0000 7f5f0a59c700 1 --2- >> [v2:172.21.15.67:3300/0,v1:172.21.15.67:6789/0] conn(0x7f5f0c070430 0x7f5f0c0fea50 unknown :-1 s=HELLO_CONNECTING pgs=0 cs=0 l=0 rev1=1 rx=0 tx=0).handle_hello peer v2:172.21.15.67:3300/0 says I am v2:172.21.15.67:56836/0 (socket says 172.21.15.67:56836)
2024-02-19T21:56:15.383 INFO:teuthology.orchestra.run.smithi067.stderr:/usr/bin/ceph:
2024-02-19T21:56:15.381+0000 7f5f0a59c700 1 -- 172.21.15.67:0/3719895619 learned_addr learned my addr 172.21.15.67:0/3719895619 (peer_addr_for_me v2:172.21.15.67:0/0)
2024-02-19T21:56:15.383 INFO:teuthology.orchestra.run.smithi067.stderr:/usr/bin/ceph:
2024-02-19T21:56:15.381+0000 7f5f0a59c700 1 -- 172.21.15.67:0/3719895619 --> [v2:172.21.15.67:3300/0,v1:172.21.15.67:6789/0] -- mon_subscribe({config=0+,monmap=0+}) v3 -- 0x7f5f0c0ff080 con 0x7f5f0c070430
2024-02-19T21:56:15.383 INFO:teuthology.orchestra.run.smithi067.stderr:/usr/bin/ceph:
2024-02-19T21:56:15.381+0000 7f5f0a59c700 1 --2- 172.21.15.67:0/3719895619 >> [v2:172.21.15.67:3300/0,v1:172.21.15.67:6789/0] conn(0x7f5f0c070430 0x7f5f0c0fea50 secure :-1 s=READY pgs=81 cs=0 l=1 rev1=1 rx=0x7f5ef400b5f0 tx=0x7f5ef4006ee0).ready entity=mon.0 client_cookie=ed6cdb3ed5ac62e3 server_cookie=0 in_seq=0 out_seq=0
2024-02-19T21:56:15.383 INFO:teuthology.orchestra.run.smithi067.stderr:/usr/bin/ceph:
2024-02-19T21:56:15.381+0000 7f5f0959a700 1 -- 172.21.15.67:0/3719895619 <== mon.0 v2:172.21.15.67:3300/0 1 ==== mon_map magic: 0 v1 ==== 229+0+0 (secure 0 0 0) 0x7f5ef400d600 con 0x7f5f0c070430
2024-02-19T21:56:15.383 INFO:teuthology.orchestra.run.smithi067.stderr:/usr/bin/ceph:
2024-02-19T21:56:15.381+0000 7f5f0959a700 1 -- 172.21.15.67:0/3719895619 <== mon.0 v2:172.21.15.67:3300/0 2 ==== config(26 keys) v1 ==== 1109+0+0 (secure 0 0 0) 0x7f5ef400dc30 con 0x7f5f0c070430
2024-02-19T21:56:15.383 INFO:teuthology.orchestra.run.smithi067.stderr:/usr/bin/ceph:
2024-02-19T21:56:15.381+0000 7f5f0959a700 1 -- 172.21.15.67:0/3719895619 <== mon.0 v2:172.21.15.67:3300/0 3 ==== mon_map magic: 0 v1 ==== 229+0+0 (secure 0 0 0) 0x7f5ef4011d30 con 0x7f5f0c070430
2024-02-19T21:56:15.383 INFO:teuthology.orchestra.run.smithi067.stderr:/usr/bin/ceph:
2024-02-19T21:56:15.382+0000 7f5f10e94700 1 -- 172.21.15.67:0/3719895619 >> [v2:172.21.15.67:3300/0,v1:172.21.15.67:6789/0] conn(0x7f5f0c070430 msgr2=0x7f5f0c0fea50 secure :-1 s=STATE_CONNECTION_ESTABLISHED l=1).mark_down
2024-02-19T21:56:15.383 INFO:teuthology.orchestra.run.smithi067.stderr:/usr/bin/ceph:
2024-02-19T21:56:15.382+0000 7f5f10e94700 1 --2- 172.21.15.67:0/3719895619 >> [v2:172.21.15.67:3300/0,v1:172.21.15.67:6789/0] conn(0x7f5f0c070430 0x7f5f0c0fea50 secure :-1 s=READY pgs=81 cs=0 l=1 rev1=1 rx=0x7f5ef400b5f0 tx=0x7f5ef4006ee0).stop
2024-02-19T21:56:15.383 INFO:teuthology.orchestra.run.smithi067.stderr:/usr/bin/ceph:
2024-02-19T21:56:15.382+0000 7f5f10e94700 1 -- 172.21.15.67:0/3719895619 shutdown_connections
2024-02-19T21:56:15.383 INFO:teuthology.orchestra.run.smithi067.stderr:/usr/bin/ceph:
2024-02-19T21:56:15.382+0000 7f5f10e94700 1 --2- 172.21.15.67:0/3719895619 >> [v2:172.21.15.67:3300/0,v1:172.21.15.67:6789/0] conn(0x7f5f0c070430 0x7f5f0c0fea50 unknown :-1 s=CLOSED pgs=81 cs=0 l=1 rev1=1 rx=0 tx=0).stop
2024-02-19T21:56:15.383 INFO:teuthology.orchestra.run.smithi067.stderr:/usr/bin/ceph:
2024-02-19T21:56:15.382+0000 7f5f10e94700 1 -- 172.21.15.67:0/3719895619 >> 172.21.15.67:0/3719895619 conn(0x7f5f0c0f6530 msgr2=0x7f5f0c0f8950 unknown :-1 s=STATE_NONE l=0).mark_down
2024-02-19T21:56:15.383 INFO:teuthology.orchestra.run.smithi067.stderr:/usr/bin/ceph:
2024-02-19T21:56:15.382+0000 7f5f10e94700 1 -- 172.21.15.67:0/3719895619 shutdown_connections
2024-02-19T21:56:15.383 INFO:teuthology.orchestra.run.smithi067.stderr:/usr/bin/ceph:
2024-02-19T21:56:15.382+0000 7f5f10e94700 1 -- 172.21.15.67:0/3719895619 wait complete.
2024-02-19T21:56:15.384 INFO:teuthology.orchestra.run.smithi067.stderr:/usr/bin/ceph:
2024-02-19T21:56:15.382+0000 7f5f10e94700 1 Processor -- start
2024-02-19T21:56:15.386 INFO:teuthology.orchestra.run.smithi067.stderr:/usr/bin/ceph:
2024-02-19T21:56:15.383+0000 7f5f10e94700 1 -- start start
2024-02-19T21:56:15.386 INFO:teuthology.orchestra.run.smithi067.stderr:/usr/bin/ceph:
2024-02-19T21:56:15.383+0000 7f5f10e94700 1 --2- >> [v2:172.21.15.67:3300/0,v1:172.21.15.67:6789/0] conn(0x7f5f0c070430 0x7f5f0c10aba0 unknown :-1 s=NONE pgs=0 cs=0 l=1 rev1=0 rx=0 tx=0).connect
2024-02-19T21:56:15.386 INFO:teuthology.orchestra.run.smithi067.stderr:/usr/bin/ceph:
2024-02-19T21:56:15.383+0000 7f5f10e94700 1 -- --> [v2:172.21.15.67:3300/0,v1:172.21.15.67:6789/0] -- mon_getmap magic: 0 v1 -- 0x7f5f0c10b090 con 0x7f5f0c070430
2024-02-19T21:56:15.386 INFO:teuthology.orchestra.run.smithi067.stderr:/usr/bin/ceph:
2024-02-19T21:56:15.383+0000 7f5f0a59c700 1 --2- >> [v2:172.21.15.67:3300/0,v1:172.21.15.67:6789/0] conn(0x7f5f0c070430 0x7f5f0c10aba0 unknown :-1 s=BANNER_CONNECTING pgs=0 cs=0 l=1 rev1=0 rx=0 tx=0)._handle_peer_banner_payload supported=1 required=0
2024-02-19T21:56:15.386 INFO:teuthology.orchestra.run.smithi067.stderr:/usr/bin/ceph:
2024-02-19T21:56:15.383+0000 7f5f0a59c700 1 --2- >> [v2:172.21.15.67:3300/0,v1:172.21.15.67:6789/0] conn(0x7f5f0c070430 0x7f5f0c10aba0 unknown :-1 s=HELLO_CONNECTING pgs=0 cs=0 l=1 rev1=1 rx=0 tx=0).handle_hello peer v2:172.21.15.67:3300/0 says I am v2:172.21.15.67:56844/0 (socket says 172.21.15.67:56844)
2024-02-19T21:56:15.386 INFO:teuthology.orchestra.run.smithi067.stderr:/usr/bin/ceph:
2024-02-19T21:56:15.383+0000 7f5f0a59c700 1 -- 172.21.15.67:0/842474450 learned_addr learned my addr 172.21.15.67:0/842474450 (peer_addr_for_me v2:172.21.15.67:0/0)
2024-02-19T21:56:15.386 INFO:teuthology.orchestra.run.smithi067.stderr:/usr/bin/ceph:
2024-02-19T21:56:15.383+0000 7f5f0a59c700 1 -- 172.21.15.67:0/842474450 --> [v2:172.21.15.67:3300/0,v1:172.21.15.67:6789/0] -- mon_subscribe({config=0+,monmap=0+}) v3 -- 0x7f5ef400b200 con 0x7f5f0c070430
2024-02-19T21:56:15.386 INFO:teuthology.orchestra.run.smithi067.stderr:/usr/bin/ceph:
2024-02-19T21:56:15.383+0000 7f5f0a59c700 1 --2- 172.21.15.67:0/842474450 >> [v2:172.21.15.67:3300/0,v1:172.21.15.67:6789/0] conn(0x7f5f0c070430 0x7f5f0c10aba0 secure :-1 s=READY pgs=82 cs=0 l=1 rev1=1 rx=0x7f5ef400e040 tx=0x7f5ef4006ee0).ready entity=mon.0 client_cookie=0 server_cookie=0 in_seq=0 out_seq=0
2024-02-19T21:56:15.386 INFO:teuthology.orchestra.run.smithi067.stderr:/usr/bin/ceph:
2024-02-19T21:56:15.383+0000 7f5f02ffd700 1 -- 172.21.15.67:0/842474450 <== mon.0 v2:172.21.15.67:3300/0 1 ==== mon_map magic: 0 v1 ==== 229+0+0 (secure 0 0 0) 0x7f5ef400da60 con 0x7f5f0c070430
2024-02-19T21:56:15.386 INFO:teuthology.orchestra.run.smithi067.stderr:/usr/bin/ceph:
2024-02-19T21:56:15.383+0000 7f5f02ffd700 1 -- 172.21.15.67:0/842474450 <== mon.0 v2:172.21.15.67:3300/0 2 ==== config(26 keys) v1 ==== 1109+0+0 (secure 0 0 0) 0x7f5ef401b8e0 con 0x7f5f0c070430
2024-02-19T21:56:15.387 INFO:teuthology.orchestra.run.smithi067.stderr:/usr/bin/ceph:
2024-02-19T21:56:15.383+0000 7f5f10e94700 1 -- 172.21.15.67:0/842474450 --> [v2:172.21.15.67:3300/0,v1:172.21.15.67:6789/0] -- mon_subscribe({mgrmap=0+}) v3 -- 0x7f5f0c10b290 con 0x7f5f0c070430
2024-02-19T21:56:15.387 INFO:teuthology.orchestra.run.smithi067.stderr:/usr/bin/ceph:
2024-02-19T21:56:15.383+0000 7f5f02ffd700 1 -- 172.21.15.67:0/842474450 <== mon.0 v2:172.21.15.67:3300/0 3 ==== mon_map magic: 0 v1 ==== 229+0+0 (secure 0 0 0) 0x7f5ef401a900 con 0x7f5f0c070430
2024-02-19T21:56:15.387 INFO:teuthology.orchestra.run.smithi067.stderr:/usr/bin/ceph:
2024-02-19T21:56:15.383+0000 7f5f10e94700 1 -- 172.21.15.67:0/842474450 --> [v2:172.21.15.67:3300/0,v1:172.21.15.67:6789/0] -- mon_subscribe({osdmap=0}) v3 -- 0x7f5f0c10b720 con 0x7f5f0c070430
2024-02-19T21:56:15.387 INFO:teuthology.orchestra.run.smithi067.stderr:/usr/bin/ceph:
2024-02-19T21:56:15.384+0000 7f5f02ffd700 1 -- 172.21.15.67:0/842474450 <== mon.0 v2:172.21.15.67:3300/0 4 ==== mgrmap(e 16) v1 ==== 36208+0+0 (secure 0 0 0) 0x7f5ef400f070 con 0x7f5f0c070430
2024-02-19T21:56:15.387 INFO:teuthology.orchestra.run.smithi067.stderr:/usr/bin/ceph:
2024-02-19T21:56:15.384+0000 7f5f02ffd700 1 --2- 172.21.15.67:0/842474450 >> [v2:172.21.15.67:6800/2156916872,v1:172.21.15.67:6801/2156916872] conn(0x7f5eec02ffc0 0x7f5eec032480 unknown :-1 s=NONE pgs=0 cs=0 l=1 rev1=0 rx=0 tx=0).connect
2024-02-19T21:56:15.387 INFO:teuthology.orchestra.run.smithi067.stderr:/usr/bin/ceph:
2024-02-19T21:56:15.384+0000 7f5f02ffd700 1 -- 172.21.15.67:0/842474450 <== mon.0 v2:172.21.15.67:3300/0 5 ==== osd_map(4..4 src has 1..4) v4 ==== 1270+0+0 (secure 0 0 0) 0x7f5ef4041480 con 0x7f5f0c070430
2024-02-19T21:56:15.387 INFO:teuthology.orchestra.run.smithi067.stderr:/usr/bin/ceph:
2024-02-19T21:56:15.385+0000 7f5f09d9b700 1 --2- 172.21.15.67:0/842474450 >> [v2:172.21.15.67:6800/2156916872,v1:172.21.15.67:6801/2156916872] conn(0x7f5eec02ffc0 0x7f5eec032480 unknown :-1 s=BANNER_CONNECTING pgs=0 cs=0 l=1 rev1=0 rx=0 tx=0)._handle_peer_banner_payload supported=1 required=0
2024-02-19T21:56:15.387 INFO:teuthology.orchestra.run.smithi067.stderr:/usr/bin/ceph:
2024-02-19T21:56:15.385+0000 7f5f10e94700 1 -- 172.21.15.67:0/842474450 --> [v2:172.21.15.67:3300/0,v1:172.21.15.67:6789/0] -- mon_command({"prefix": "get_command_descriptions"} v 0) v1 -- 0x7f5f0c045ad0 con 0x7f5f0c070430
2024-02-19T21:56:15.387 INFO:teuthology.orchestra.run.smithi067.stderr:/usr/bin/ceph:
2024-02-19T21:56:15.385+0000 7f5f09d9b700 1 --2- 172.21.15.67:0/842474450 >> [v2:172.21.15.67:6800/2156916872,v1:172.21.15.67:6801/2156916872] conn(0x7f5eec02ffc0 0x7f5eec032480 secure :-1 s=READY pgs=7 cs=0 l=1 rev1=1 rx=0x7f5efc0096a0 tx=0x7f5efc006b40).ready entity=mgr.14162 client_cookie=0 server_cookie=0 in_seq=0 out_seq=0
2024-02-19T21:56:15.389 INFO:teuthology.orchestra.run.smithi067.stderr:/usr/bin/ceph:
2024-02-19T21:56:15.389+0000 7f5f02ffd700 1 -- 172.21.15.67:0/842474450 <== mon.0 v2:172.21.15.67:3300/0 6 ==== mon_command_ack([{"prefix": "get_command_descriptions"}]=0 v0) v1 ==== 72+0+152212 (secure 0 0 0) 0x7f5ef4022ac0 con 0x7f5f0c070430
2024-02-19T21:56:15.563 INFO:teuthology.orchestra.run.smithi067.stderr:/usr/bin/ceph:
2024-02-19T21:56:15.563+0000 7f5f10e94700 1 -- 172.21.15.67:0/842474450 --> [v2:172.21.15.67:6800/2156916872,v1:172.21.15.67:6801/2156916872] -- mgr_command(tid 0: {"prefix": "dashboard ac-user-create", "username": "admin", "rolename": "administrator", "force_password": true, "pwd_update_required": true, "target": ["mon-mgr", ""]}) v1 -- 0x7f5f0c0ffef0 con 0x7f5eec02ffc0
2024-02-19T21:56:15.648 INFO:journalctl@ceph.mon.smithi067.smithi067.stdout:Feb 19 21:56:15 smithi067 ceph-768bba62-cf71-11ee-95bb-87774f69a715-mon.smithi067[38166]: audit
2024-02-19T21:56:13.470663+0000 mgr.smithi067.niedit (mgr.14162) 3 : audit [DBG] from='client.14172 -' entity='client.admin' cmd=[{"prefix": "dashboard create-self-signed-cert", "target": ["mon-mgr", ""]}]: dispatch
2024-02-19T21:56:15.809 INFO:teuthology.orchestra.run.smithi067.stderr:/usr/bin/ceph:
2024-02-19T21:56:15.809+0000 7f5f02ffd700 1 -- 172.21.15.67:0/842474450 <== mgr.14162 v2:172.21.15.67:6800/2156916872 1 ==== mgr_command_reply(tid 0: 0 ) v1 ==== 8+0+252 (secure 0 0 0) 0x7f5efc0092a0 con 0x7f5eec02ffc0
2024-02-19T21:56:15.810 INFO:teuthology.orchestra.run.smithi067.stderr:/usr/bin/ceph: {"username": "admin", "password": "$2b$12$xeBQswZsMCt5Lpih9ELk5uY813J3d825xGEm8xbqsvhrMDCcJELzm", "roles": ["administrator"], "name": null, "email": null, "lastUpdate": 1708379775, "enabled": true, "pwdExpirationDate": null, "pwdUpdateRequired": true}
2024-02-19T21:56:15.811 INFO:teuthology.orchestra.run.smithi067.stderr:/usr/bin/ceph:
2024-02-19T21:56:15.811+0000 7f5f10e94700 1 -- 172.21.15.67:0/842474450 >> [v2:172.21.15.67:6800/2156916872,v1:172.21.15.67:6801/2156916872] conn(0x7f5eec02ffc0 msgr2=0x7f5eec032480 secure :-1 s=STATE_CONNECTION_ESTABLISHED l=1).mark_down
2024-02-19T21:56:15.812 INFO:teuthology.orchestra.run.smithi067.stderr:/usr/bin/ceph:
2024-02-19T21:56:15.811+0000 7f5f10e94700 1 --2- 172.21.15.67:0/842474450 >> [v2:172.21.15.67:6800/2156916872,v1:172.21.15.67:6801/2156916872] conn(0x7f5eec02ffc0 0x7f5eec032480 secure :-1 s=READY pgs=7 cs=0 l=1 rev1=1 rx=0x7f5efc0096a0 tx=0x7f5efc006b40).stop
2024-02-19T21:56:15.812 INFO:teuthology.orchestra.run.smithi067.stderr:/usr/bin/ceph:
2024-02-19T21:56:15.811+0000 7f5f10e94700 1 -- 172.21.15.67:0/842474450 >> [v2:172.21.15.67:3300/0,v1:172.21.15.67:6789/0] conn(0x7f5f0c070430 msgr2=0x7f5f0c10aba0 secure :-1 s=STATE_CONNECTION_ESTABLISHED l=1).mark_down
2024-02-19T21:56:15.812 INFO:teuthology.orchestra.run.smithi067.stderr:/usr/bin/ceph:
2024-02-19T21:56:15.811+0000 7f5f10e94700 1 --2- 172.21.15.67:0/842474450 >> [v2:172.21.15.67:3300/0,v1:172.21.15.67:6789/0] conn(0x7f5f0c070430 0x7f5f0c10aba0 secure :-1 s=READY pgs=82 cs=0 l=1 rev1=1 rx=0x7f5ef400e040 tx=0x7f5ef4006ee0).stop
2024-02-19T21:56:15.812 INFO:teuthology.orchestra.run.smithi067.stderr:/usr/bin/ceph:
2024-02-19T21:56:15.811+0000 7f5f10e94700 1 -- 172.21.15.67:0/842474450 shutdown_connections
2024-02-19T21:56:15.812 INFO:teuthology.orchestra.run.smithi067.stderr:/usr/bin/ceph:
2024-02-19T21:56:15.811+0000 7f5f10e94700 1 --2- 172.21.15.67:0/842474450 >> [v2:172.21.15.67:6800/2156916872,v1:172.21.15.67:6801/2156916872] conn(0x7f5eec02ffc0 0x7f5eec032480 unknown :-1 s=CLOSED pgs=7 cs=0 l=1 rev1=1 rx=0 tx=0).stop
2024-02-19T21:56:15.812 INFO:teuthology.orchestra.run.smithi067.stderr:/usr/bin/ceph:
2024-02-19T21:56:15.811+0000 7f5f10e94700 1 --2- 172.21.15.67:0/842474450 >> [v2:172.21.15.67:3300/0,v1:172.21.15.67:6789/0] conn(0x7f5f0c070430 0x7f5f0c10aba0 unknown :-1 s=CLOSED pgs=82 cs=0 l=1 rev1=1 rx=0 tx=0).stop
2024-02-19T21:56:15.812 INFO:teuthology.orchestra.run.smithi067.stderr:/usr/bin/ceph:
2024-02-19T21:56:15.811+0000 7f5f10e94700 1 -- 172.21.15.67:0/842474450 >> 172.21.15.67:0/842474450 conn(0x7f5f0c0f6530 msgr2=0x7f5f0c0f7fa0 unknown :-1 s=STATE_NONE l=0).mark_down
2024-02-19T21:56:15.812 INFO:teuthology.orchestra.run.smithi067.stderr:/usr/bin/ceph:
2024-02-19T21:56:15.811+0000 7f5f10e94700 1 -- 172.21.15.67:0/842474450 shutdown_connections
2024-02-19T21:56:15.812 INFO:teuthology.orchestra.run.smithi067.stderr:/usr/bin/ceph:
2024-02-19T21:56:15.811+0000 7f5f10e94700 1 -- 172.21.15.67:0/842474450 wait complete.
2024-02-19T21:56:16.535 INFO:teuthology.orchestra.run.smithi067.stderr:Fetching dashboard port number...
2024-02-19T21:56:16.535 INFO:teuthology.orchestra.run.smithi067.stderr:Running command: /bin/podman run --rm --ipc=host --no-hosts --net=host --entrypoint /usr/bin/ceph --init -e CONTAINER_IMAGE=docker.io/ceph/ceph:v16.2.4 -e NODE_NAME=smithi067 -e CEPH_USE_RANDOM_NONCE=1 -v /var/log/ceph/768bba62-cf71-11ee-95bb-87774f69a715:/var/log/ceph:z -v /tmp/ceph-tmpue7d0zgm:/etc/ceph/ceph.client.admin.keyring:z -v /tmp/ceph-tmpgkn5k97b:/etc/ceph/ceph.conf:z docker.io/ceph/ceph:v16.2.4 config get mgr mgr/dashboard/ssl_server_port
2024-02-19T21:56:17.116 INFO:teuthology.orchestra.run.smithi067.stderr:/usr/bin/ceph:
2024-02-19T21:56:17.112+0000 7f4a7ac2f700 1 Processor -- start
2024-02-19T21:56:17.116 INFO:teuthology.orchestra.run.smithi067.stderr:/usr/bin/ceph:
2024-02-19T21:56:17.112+0000 7f4a7ac2f700 1 -- start start
2024-02-19T21:56:17.116 INFO:teuthology.orchestra.run.smithi067.stderr:/usr/bin/ceph:
2024-02-19T21:56:17.112+0000 7f4a7ac2f700 1 --2- >> [v2:172.21.15.67:3300/0,v1:172.21.15.67:6789/0] conn(0x7f4a740704a0 0x7f4a740feb00 unknown :-1 s=NONE pgs=0 cs=0 l=0 rev1=0 rx=0 tx=0).connect
2024-02-19T21:56:17.116 INFO:teuthology.orchestra.run.smithi067.stderr:/usr/bin/ceph:
2024-02-19T21:56:17.112+0000 7f4a7ac2f700 1 -- --> [v2:172.21.15.67:3300/0,v1:172.21.15.67:6789/0] -- mon_getmap magic: 0 v1 -- 0x7f4a740feff0 con 0x7f4a740704a0
2024-02-19T21:56:17.116 INFO:teuthology.orchestra.run.smithi067.stderr:/usr/bin/ceph:
2024-02-19T21:56:17.113+0000 7f4a789cb700 1 --2- >> [v2:172.21.15.67:3300/0,v1:172.21.15.67:6789/0] conn(0x7f4a740704a0 0x7f4a740feb00 unknown :-1 s=BANNER_CONNECTING pgs=0 cs=0 l=0 rev1=0 rx=0 tx=0)._handle_peer_banner_payload supported=1 required=0
2024-02-19T21:56:17.116 INFO:teuthology.orchestra.run.smithi067.stderr:/usr/bin/ceph:
2024-02-19T21:56:17.113+0000 7f4a789cb700 1 --2- >> [v2:172.21.15.67:3300/0,v1:172.21.15.67:6789/0] conn(0x7f4a740704a0 0x7f4a740feb00 unknown :-1 s=HELLO_CONNECTING pgs=0 cs=0 l=0 rev1=1 rx=0 tx=0).handle_hello peer v2:172.21.15.67:3300/0 says I am v2:172.21.15.67:56848/0 (socket says 172.21.15.67:56848)
2024-02-19T21:56:17.117 INFO:teuthology.orchestra.run.smithi067.stderr:/usr/bin/ceph:
2024-02-19T21:56:17.113+0000 7f4a789cb700 1 -- 172.21.15.67:0/480522811 learned_addr learned my addr 172.21.15.67:0/480522811 (peer_addr_for_me v2:172.21.15.67:0/0)
2024-02-19T21:56:17.117 INFO:teuthology.orchestra.run.smithi067.stderr:/usr/bin/ceph:
2024-02-19T21:56:17.113+0000 7f4a789cb700 1 -- 172.21.15.67:0/480522811 --> [v2:172.21.15.67:3300/0,v1:172.21.15.67:6789/0] -- mon_subscribe({config=0+,monmap=0+}) v3 -- 0x7f4a740ff130 con 0x7f4a740704a0
2024-02-19T21:56:17.117 INFO:teuthology.orchestra.run.smithi067.stderr:/usr/bin/ceph:
2024-02-19T21:56:17.113+0000 7f4a789cb700 1 --2- 172.21.15.67:0/480522811 >> [v2:172.21.15.67:3300/0,v1:172.21.15.67:6789/0] conn(0x7f4a740704a0 0x7f4a740feb00 secure :-1 s=READY pgs=83 cs=0 l=1 rev1=1 rx=0x7f4a6800b5f0 tx=0x7f4a68006ee0).ready entity=mon.0 client_cookie=34dc83311ee0b8af server_cookie=0 in_seq=0 out_seq=0
2024-02-19T21:56:17.117 INFO:teuthology.orchestra.run.smithi067.stderr:/usr/bin/ceph:
