2024-02-19T21:53:55.563+0000 7f35cc2f6700 1 -- 172.21.15.143:0/3043061927 >> 172.21.15.143:0/3043061927 conn(0x7f35c40f6560 msgr2=0x7f35c40f7f20 unknown :-1 s=STATE_NONE l=0).mark_down
2024-02-19T21:53:55.564 INFO:teuthology.orchestra.run.smithi143.stderr:/usr/bin/ceph:
2024-02-19T21:53:55.563+0000 7f35cc2f6700 1 -- 172.21.15.143:0/3043061927 shutdown_connections
2024-02-19T21:53:55.564 INFO:teuthology.orchestra.run.smithi143.stderr:/usr/bin/ceph:
2024-02-19T21:53:55.563+0000 7f35cc2f6700 1 -- 172.21.15.143:0/3043061927 wait complete.
2024-02-19T21:53:55.582 INFO:journalctl@ceph.mon.smithi143.smithi143.stdout:Feb 19 21:53:55 smithi143 ceph-38187086-cf71-11ee-95bb-87774f69a715-mon.smithi143[38075]: audit
2024-02-19T21:53:53.622261+0000 mgr.smithi143.bissbc (mgr.14114) 8 : audit [DBG] from='client.14132 -' entity='client.admin' cmd=[{"prefix": "orch host add", "hostname": "smithi143", "addr": "172.21.15.143", "target": ["mon-mgr", ""]}]: dispatch
2024-02-19T21:53:55.582 INFO:journalctl@ceph.mon.smithi143.smithi143.stdout:Feb 19 21:53:55 smithi143 ceph-38187086-cf71-11ee-95bb-87774f69a715-mon.smithi143[38075]: audit
2024-02-19T21:53:54.222534+0000 mon.smithi143 (mon.0) 54 : audit [INF] from='mgr.14114 172.21.15.143:0/3772217404' entity='mgr.smithi143.bissbc'
2024-02-19T21:53:55.582 INFO:journalctl@ceph.mon.smithi143.smithi143.stdout:Feb 19 21:53:55 smithi143 ceph-38187086-cf71-11ee-95bb-87774f69a715-mon.smithi143[38075]: cephadm
2024-02-19T21:53:54.222820+0000 mgr.smithi143.bissbc (mgr.14114) 9 : cephadm [INF] Added host smithi143
2024-02-19T21:53:55.582 INFO:journalctl@ceph.mon.smithi143.smithi143.stdout:Feb 19 21:53:55 smithi143 ceph-38187086-cf71-11ee-95bb-87774f69a715-mon.smithi143[38075]: audit
2024-02-19T21:53:54.223035+0000 mon.smithi143 (mon.0) 55 : audit [DBG] from='mgr.14114 172.21.15.143:0/3772217404' entity='mgr.smithi143.bissbc' cmd=[{"prefix": "config dump", "format": "json"}]: dispatch
2024-02-19T21:53:56.187 INFO:teuthology.orchestra.run.smithi143.stderr:Deploying mgr service with default placement...
2024-02-19T21:53:56.187 INFO:teuthology.orchestra.run.smithi143.stderr:Running command: /bin/podman run --rm --ipc=host --no-hosts --net=host --entrypoint /usr/bin/ceph --init -e CONTAINER_IMAGE=docker.io/ceph/ceph:v16.2.4 -e NODE_NAME=smithi143 -e CEPH_USE_RANDOM_NONCE=1 -v /var/log/ceph/38187086-cf71-11ee-95bb-87774f69a715:/var/log/ceph:z -v /tmp/ceph-tmpm89l3603:/etc/ceph/ceph.client.admin.keyring:z -v /tmp/ceph-tmp2duz2puy:/etc/ceph/ceph.conf:z docker.io/ceph/ceph:v16.2.4 orch apply mgr
2024-02-19T21:53:56.702 INFO:teuthology.orchestra.run.smithi143.stderr:/usr/bin/ceph:
2024-02-19T21:53:56.699+0000 7fb64853a700 1 Processor -- start
2024-02-19T21:53:56.702 INFO:teuthology.orchestra.run.smithi143.stderr:/usr/bin/ceph:
2024-02-19T21:53:56.699+0000 7fb64853a700 1 -- start start
2024-02-19T21:53:56.702 INFO:teuthology.orchestra.run.smithi143.stderr:/usr/bin/ceph:
2024-02-19T21:53:56.699+0000 7fb64853a700 1 --2- >> [v2:172.21.15.143:3300/0,v1:172.21.15.143:6789/0] conn(0x7fb640070430 0x7fb6400fea50 unknown :-1 s=NONE pgs=0 cs=0 l=0 rev1=0 rx=0 tx=0).connect
2024-02-19T21:53:56.702 INFO:teuthology.orchestra.run.smithi143.stderr:/usr/bin/ceph:
2024-02-19T21:53:56.699+0000 7fb64853a700 1 -- --> [v2:172.21.15.143:3300/0,v1:172.21.15.143:6789/0] -- mon_getmap magic: 0 v1 -- 0x7fb6400fef40 con 0x7fb640070430
2024-02-19T21:53:56.702 INFO:teuthology.orchestra.run.smithi143.stderr:/usr/bin/ceph:
2024-02-19T21:53:56.699+0000 7fb6462d6700 1 --2- >> [v2:172.21.15.143:3300/0,v1:172.21.15.143:6789/0] conn(0x7fb640070430 0x7fb6400fea50 unknown :-1 s=BANNER_CONNECTING pgs=0 cs=0 l=0 rev1=0 rx=0 tx=0)._handle_peer_banner_payload supported=1 required=0
2024-02-19T21:53:56.702 INFO:teuthology.orchestra.run.smithi143.stderr:/usr/bin/ceph:
2024-02-19T21:53:56.700+0000 7fb6462d6700 1 --2- >> [v2:172.21.15.143:3300/0,v1:172.21.15.143:6789/0] conn(0x7fb640070430 0x7fb6400fea50 unknown :-1 s=HELLO_CONNECTING pgs=0 cs=0 l=0 rev1=1 rx=0 tx=0).handle_hello peer v2:172.21.15.143:3300/0 says I am v2:172.21.15.143:40802/0 (socket says 172.21.15.143:40802)
2024-02-19T21:53:56.702 INFO:teuthology.orchestra.run.smithi143.stderr:/usr/bin/ceph:
2024-02-19T21:53:56.700+0000 7fb6462d6700 1 -- 172.21.15.143:0/3470689273 learned_addr learned my addr 172.21.15.143:0/3470689273 (peer_addr_for_me v2:172.21.15.143:0/0)
2024-02-19T21:53:56.702 INFO:teuthology.orchestra.run.smithi143.stderr:/usr/bin/ceph:
2024-02-19T21:53:56.700+0000 7fb6462d6700 1 -- 172.21.15.143:0/3470689273 --> [v2:172.21.15.143:3300/0,v1:172.21.15.143:6789/0] -- mon_subscribe({config=0+,monmap=0+}) v3 -- 0x7fb6400ff080 con 0x7fb640070430
2024-02-19T21:53:56.702 INFO:teuthology.orchestra.run.smithi143.stderr:/usr/bin/ceph:
2024-02-19T21:53:56.700+0000 7fb6462d6700 1 --2- 172.21.15.143:0/3470689273 >> [v2:172.21.15.143:3300/0,v1:172.21.15.143:6789/0] conn(0x7fb640070430 0x7fb6400fea50 secure :-1 s=READY pgs=41 cs=0 l=1 rev1=1 rx=0x7fb63000b5f0 tx=0x7fb630006ee0).ready entity=mon.0 client_cookie=bf3d9a21cdb0c52f server_cookie=0 in_seq=0 out_seq=0
2024-02-19T21:53:56.703 INFO:teuthology.orchestra.run.smithi143.stderr:/usr/bin/ceph:
2024-02-19T21:53:56.700+0000 7fb6452d4700 1 -- 172.21.15.143:0/3470689273 <== mon.0 v2:172.21.15.143:3300/0 1 ==== mon_map magic: 0 v1 ==== 229+0+0 (secure 0 0 0) 0x7fb63000d600 con 0x7fb640070430
2024-02-19T21:53:56.703 INFO:teuthology.orchestra.run.smithi143.stderr:/usr/bin/ceph:
2024-02-19T21:53:56.700+0000 7fb6452d4700 1 -- 172.21.15.143:0/3470689273 <== mon.0 v2:172.21.15.143:3300/0 2 ==== config(26 keys) v1 ==== 1045+0+0 (secure 0 0 0) 0x7fb63000dbf0 con 0x7fb640070430
2024-02-19T21:53:56.703 INFO:teuthology.orchestra.run.smithi143.stderr:/usr/bin/ceph:
2024-02-19T21:53:56.700+0000 7fb6452d4700 1 -- 172.21.15.143:0/3470689273 <== mon.0 v2:172.21.15.143:3300/0 3 ==== mon_map magic: 0 v1 ==== 229+0+0 (secure 0 0 0) 0x7fb630011cb0 con 0x7fb640070430
2024-02-19T21:53:56.703 INFO:teuthology.orchestra.run.smithi143.stderr:/usr/bin/ceph:
2024-02-19T21:53:56.701+0000 7fb64853a700 1 -- 172.21.15.143:0/3470689273 >> [v2:172.21.15.143:3300/0,v1:172.21.15.143:6789/0] conn(0x7fb640070430 msgr2=0x7fb6400fea50 secure :-1 s=STATE_CONNECTION_ESTABLISHED l=1).mark_down
2024-02-19T21:53:56.703 INFO:teuthology.orchestra.run.smithi143.stderr:/usr/bin/ceph:
2024-02-19T21:53:56.701+0000 7fb64853a700 1 --2- 172.21.15.143:0/3470689273 >> [v2:172.21.15.143:3300/0,v1:172.21.15.143:6789/0] conn(0x7fb640070430 0x7fb6400fea50 secure :-1 s=READY pgs=41 cs=0 l=1 rev1=1 rx=0x7fb63000b5f0 tx=0x7fb630006ee0).stop
2024-02-19T21:53:56.703 INFO:teuthology.orchestra.run.smithi143.stderr:/usr/bin/ceph:
2024-02-19T21:53:56.701+0000 7fb64853a700 1 -- 172.21.15.143:0/3470689273 shutdown_connections
2024-02-19T21:53:56.703 INFO:teuthology.orchestra.run.smithi143.stderr:/usr/bin/ceph:
2024-02-19T21:53:56.701+0000 7fb64853a700 1 --2- 172.21.15.143:0/3470689273 >> [v2:172.21.15.143:3300/0,v1:172.21.15.143:6789/0] conn(0x7fb640070430 0x7fb6400fea50 unknown :-1 s=CLOSED pgs=41 cs=0 l=1 rev1=1 rx=0 tx=0).stop
2024-02-19T21:53:56.703 INFO:teuthology.orchestra.run.smithi143.stderr:/usr/bin/ceph:
2024-02-19T21:53:56.701+0000 7fb64853a700 1 -- 172.21.15.143:0/3470689273 >> 172.21.15.143:0/3470689273 conn(0x7fb6400f6530 msgr2=0x7fb6400f8950 unknown :-1 s=STATE_NONE l=0).mark_down
2024-02-19T21:53:56.703 INFO:teuthology.orchestra.run.smithi143.stderr:/usr/bin/ceph:
2024-02-19T21:53:56.701+0000 7fb64853a700 1 -- 172.21.15.143:0/3470689273 shutdown_connections
2024-02-19T21:53:56.703 INFO:teuthology.orchestra.run.smithi143.stderr:/usr/bin/ceph:
2024-02-19T21:53:56.701+0000 7fb64853a700 1 -- 172.21.15.143:0/3470689273 wait complete.
2024-02-19T21:53:56.703 INFO:teuthology.orchestra.run.smithi143.stderr:/usr/bin/ceph:
2024-02-19T21:53:56.701+0000 7fb64853a700 1 Processor -- start
2024-02-19T21:53:56.703 INFO:teuthology.orchestra.run.smithi143.stderr:/usr/bin/ceph:
2024-02-19T21:53:56.701+0000 7fb64853a700 1 -- start start
2024-02-19T21:53:56.703 INFO:teuthology.orchestra.run.smithi143.stderr:/usr/bin/ceph:
2024-02-19T21:53:56.701+0000 7fb64853a700 1 --2- >> [v2:172.21.15.143:3300/0,v1:172.21.15.143:6789/0] conn(0x7fb640070430 0x7fb6400fc4d0 unknown :-1 s=NONE pgs=0 cs=0 l=1 rev1=0 rx=0 tx=0).connect
2024-02-19T21:53:56.703 INFO:teuthology.orchestra.run.smithi143.stderr:/usr/bin/ceph:
2024-02-19T21:53:56.701+0000 7fb64853a700 1 -- --> [v2:172.21.15.143:3300/0,v1:172.21.15.143:6789/0] -- mon_getmap magic: 0 v1 -- 0x7fb6400fa950 con 0x7fb640070430
2024-02-19T21:53:56.703 INFO:teuthology.orchestra.run.smithi143.stderr:/usr/bin/ceph:
2024-02-19T21:53:56.702+0000 7fb6462d6700 1 --2- >> [v2:172.21.15.143:3300/0,v1:172.21.15.143:6789/0] conn(0x7fb640070430 0x7fb6400fc4d0 unknown :-1 s=BANNER_CONNECTING pgs=0 cs=0 l=1 rev1=0 rx=0 tx=0)._handle_peer_banner_payload supported=1 required=0
2024-02-19T21:53:56.703 INFO:teuthology.orchestra.run.smithi143.stderr:/usr/bin/ceph:
2024-02-19T21:53:56.702+0000 7fb6462d6700 1 --2- >> [v2:172.21.15.143:3300/0,v1:172.21.15.143:6789/0] conn(0x7fb640070430 0x7fb6400fc4d0 unknown :-1 s=HELLO_CONNECTING pgs=0 cs=0 l=1 rev1=1 rx=0 tx=0).handle_hello peer v2:172.21.15.143:3300/0 says I am v2:172.21.15.143:40812/0 (socket says 172.21.15.143:40812)
2024-02-19T21:53:56.704 INFO:teuthology.orchestra.run.smithi143.stderr:/usr/bin/ceph:
2024-02-19T21:53:56.702+0000 7fb6462d6700 1 -- 172.21.15.143:0/2832891834 learned_addr learned my addr 172.21.15.143:0/2832891834 (peer_addr_for_me v2:172.21.15.143:0/0)
2024-02-19T21:53:56.704 INFO:teuthology.orchestra.run.smithi143.stderr:/usr/bin/ceph:
2024-02-19T21:53:56.702+0000 7fb6462d6700 1 -- 172.21.15.143:0/2832891834 --> [v2:172.21.15.143:3300/0,v1:172.21.15.143:6789/0] -- mon_subscribe({config=0+,monmap=0+}) v3 -- 0x7fb63000b200 con 0x7fb640070430
2024-02-19T21:53:56.704 INFO:teuthology.orchestra.run.smithi143.stderr:/usr/bin/ceph:
2024-02-19T21:53:56.702+0000 7fb6462d6700 1 --2- 172.21.15.143:0/2832891834 >> [v2:172.21.15.143:3300/0,v1:172.21.15.143:6789/0] conn(0x7fb640070430 0x7fb6400fc4d0 secure :-1 s=READY pgs=42 cs=0 l=1 rev1=1 rx=0x7fb630006800 tx=0x7fb630006ee0).ready entity=mon.0 client_cookie=0 server_cookie=0 in_seq=0 out_seq=0
2024-02-19T21:53:56.704 INFO:teuthology.orchestra.run.smithi143.stderr:/usr/bin/ceph:
2024-02-19T21:53:56.702+0000 7fb62effd700 1 -- 172.21.15.143:0/2832891834 <== mon.0 v2:172.21.15.143:3300/0 1 ==== mon_map magic: 0 v1 ==== 229+0+0 (secure 0 0 0) 0x7fb63001b570 con 0x7fb640070430
2024-02-19T21:53:56.704 INFO:teuthology.orchestra.run.smithi143.stderr:/usr/bin/ceph:
2024-02-19T21:53:56.702+0000 7fb62effd700 1 -- 172.21.15.143:0/2832891834 <== mon.0 v2:172.21.15.143:3300/0 2 ==== config(26 keys) v1 ==== 1045+0+0 (secure 0 0 0) 0x7fb63001bb60 con 0x7fb640070430
2024-02-19T21:53:56.704 INFO:teuthology.orchestra.run.smithi143.stderr:/usr/bin/ceph:
2024-02-19T21:53:56.702+0000 7fb64853a700 1 -- 172.21.15.143:0/2832891834 --> [v2:172.21.15.143:3300/0,v1:172.21.15.143:6789/0] -- mon_subscribe({mgrmap=0+}) v3 -- 0x7fb6400faaf0 con 0x7fb640070430
2024-02-19T21:53:56.705 INFO:teuthology.orchestra.run.smithi143.stderr:/usr/bin/ceph:
2024-02-19T21:53:56.702+0000 7fb62effd700 1 -- 172.21.15.143:0/2832891834 <== mon.0 v2:172.21.15.143:3300/0 3 ==== mon_map magic: 0 v1 ==== 229+0+0 (secure 0 0 0) 0x7fb63001a9f0 con 0x7fb640070430
2024-02-19T21:53:56.705 INFO:teuthology.orchestra.run.smithi143.stderr:/usr/bin/ceph:
2024-02-19T21:53:56.702+0000 7fb64853a700 1 -- 172.21.15.143:0/2832891834 --> [v2:172.21.15.143:3300/0,v1:172.21.15.143:6789/0] -- mon_subscribe({osdmap=0}) v3 -- 0x7fb6400faf80 con 0x7fb640070430
2024-02-19T21:53:56.705 INFO:teuthology.orchestra.run.smithi143.stderr:/usr/bin/ceph:
2024-02-19T21:53:56.703+0000 7fb64853a700 1 -- 172.21.15.143:0/2832891834 --> [v2:172.21.15.143:3300/0,v1:172.21.15.143:6789/0] -- mon_command({"prefix": "get_command_descriptions"} v 0) v1 -- 0x7fb640045ad0 con 0x7fb640070430
2024-02-19T21:53:56.705 INFO:teuthology.orchestra.run.smithi143.stderr:/usr/bin/ceph:
2024-02-19T21:53:56.703+0000 7fb62effd700 1 -- 172.21.15.143:0/2832891834 <== mon.0 v2:172.21.15.143:3300/0 4 ==== mgrmap(e 8) v1 ==== 36120+0+0 (secure 0 0 0) 0x7fb63000f070 con 0x7fb640070430
2024-02-19T21:53:56.705 INFO:teuthology.orchestra.run.smithi143.stderr:/usr/bin/ceph:
2024-02-19T21:53:56.703+0000 7fb62effd700 1 --2- 172.21.15.143:0/2832891834 >> [v2:172.21.15.143:6800/1142990465,v1:172.21.15.143:6801/1142990465] conn(0x7fb62802fe10 0x7fb6280322d0 unknown :-1 s=NONE pgs=0 cs=0 l=1 rev1=0 rx=0 tx=0).connect
2024-02-19T21:53:56.705 INFO:teuthology.orchestra.run.smithi143.stderr:/usr/bin/ceph:
2024-02-19T21:53:56.703+0000 7fb62effd700 1 -- 172.21.15.143:0/2832891834 <== mon.0 v2:172.21.15.143:3300/0 5 ==== osd_map(2..2 src has 1..2) v4 ==== 926+0+0 (secure 0 0 0) 0x7fb630041440 con 0x7fb640070430
2024-02-19T21:53:56.705 INFO:teuthology.orchestra.run.smithi143.stderr:/usr/bin/ceph:
2024-02-19T21:53:56.703+0000 7fb645ad5700 1 --2- 172.21.15.143:0/2832891834 >> [v2:172.21.15.143:6800/1142990465,v1:172.21.15.143:6801/1142990465] conn(0x7fb62802fe10 0x7fb6280322d0 unknown :-1 s=BANNER_CONNECTING pgs=0 cs=0 l=1 rev1=0 rx=0 tx=0)._handle_peer_banner_payload supported=1 required=0
2024-02-19T21:53:56.705 INFO:teuthology.orchestra.run.smithi143.stderr:/usr/bin/ceph:
2024-02-19T21:53:56.704+0000 7fb645ad5700 1 --2- 172.21.15.143:0/2832891834 >> [v2:172.21.15.143:6800/1142990465,v1:172.21.15.143:6801/1142990465] conn(0x7fb62802fe10 0x7fb6280322d0 secure :-1 s=READY pgs=12 cs=0 l=1 rev1=1 rx=0x7fb63c0096a0 tx=0x7fb63c006b40).ready entity=mgr.14114 client_cookie=0 server_cookie=0 in_seq=0 out_seq=0
2024-02-19T21:53:56.707 INFO:teuthology.orchestra.run.smithi143.stderr:/usr/bin/ceph:
2024-02-19T21:53:56.708+0000 7fb62effd700 1 -- 172.21.15.143:0/2832891834 <== mon.0 v2:172.21.15.143:3300/0 6 ==== mon_command_ack([{"prefix": "get_command_descriptions"}]=0 v0) v1 ==== 72+0+152212 (secure 0 0 0) 0x7fb6300226d0 con 0x7fb640070430
2024-02-19T21:53:56.881 INFO:teuthology.orchestra.run.smithi143.stderr:/usr/bin/ceph:
2024-02-19T21:53:56.881+0000 7fb64853a700 1 -- 172.21.15.143:0/2832891834 --> [v2:172.21.15.143:6800/1142990465,v1:172.21.15.143:6801/1142990465] -- mgr_command(tid 0: {"prefix": "orch apply", "service_type": "mgr", "target": ["mon-mgr", ""]}) v1 -- 0x7fb6400fff40 con 0x7fb62802fe10
2024-02-19T21:53:56.885 INFO:teuthology.orchestra.run.smithi143.stderr:/usr/bin/ceph:
2024-02-19T21:53:56.886+0000 7fb62effd700 1 -- 172.21.15.143:0/2832891834 <== mgr.14114 v2:172.21.15.143:6800/1142990465 1 ==== mgr_command_reply(tid 0: 0 ) v1 ==== 8+0+24 (secure 0 0 0) 0x7fb6400fff40 con 0x7fb62802fe10
2024-02-19T21:53:56.886 INFO:teuthology.orchestra.run.smithi143.stderr:/usr/bin/ceph: Scheduled mgr update...
2024-02-19T21:53:56.888 INFO:teuthology.orchestra.run.smithi143.stderr:/usr/bin/ceph:
2024-02-19T21:53:56.887+0000 7fb64853a700 1 -- 172.21.15.143:0/2832891834 >> [v2:172.21.15.143:6800/1142990465,v1:172.21.15.143:6801/1142990465] conn(0x7fb62802fe10 msgr2=0x7fb6280322d0 secure :-1 s=STATE_CONNECTION_ESTABLISHED l=1).mark_down
2024-02-19T21:53:56.889 INFO:teuthology.orchestra.run.smithi143.stderr:/usr/bin/ceph:
2024-02-19T21:53:56.887+0000 7fb64853a700 1 --2- 172.21.15.143:0/2832891834 >> [v2:172.21.15.143:6800/1142990465,v1:172.21.15.143:6801/1142990465] conn(0x7fb62802fe10 0x7fb6280322d0 secure :-1 s=READY pgs=12 cs=0 l=1 rev1=1 rx=0x7fb63c0096a0 tx=0x7fb63c006b40).stop
2024-02-19T21:53:56.889 INFO:teuthology.orchestra.run.smithi143.stderr:/usr/bin/ceph:
2024-02-19T21:53:56.887+0000 7fb64853a700 1 -- 172.21.15.143:0/2832891834 >> [v2:172.21.15.143:3300/0,v1:172.21.15.143:6789/0] conn(0x7fb640070430 msgr2=0x7fb6400fc4d0 secure :-1 s=STATE_CONNECTION_ESTABLISHED l=1).mark_down
2024-02-19T21:53:56.889 INFO:teuthology.orchestra.run.smithi143.stderr:/usr/bin/ceph:
2024-02-19T21:53:56.887+0000 7fb64853a700 1 --2- 172.21.15.143:0/2832891834 >> [v2:172.21.15.143:3300/0,v1:172.21.15.143:6789/0] conn(0x7fb640070430 0x7fb6400fc4d0 secure :-1 s=READY pgs=42 cs=0 l=1 rev1=1 rx=0x7fb630006800 tx=0x7fb630006ee0).stop
2024-02-19T21:53:56.889 INFO:teuthology.orchestra.run.smithi143.stderr:/usr/bin/ceph:
2024-02-19T21:53:56.887+0000 7fb64853a700 1 -- 172.21.15.143:0/2832891834 shutdown_connections
2024-02-19T21:53:56.889 INFO:teuthology.orchestra.run.smithi143.stderr:/usr/bin/ceph:
2024-02-19T21:53:56.887+0000 7fb64853a700 1 --2- 172.21.15.143:0/2832891834 >> [v2:172.21.15.143:6800/1142990465,v1:172.21.15.143:6801/1142990465] conn(0x7fb62802fe10 0x7fb6280322d0 unknown :-1 s=CLOSED pgs=12 cs=0 l=1 rev1=1 rx=0 tx=0).stop
2024-02-19T21:53:56.889 INFO:teuthology.orchestra.run.smithi143.stderr:/usr/bin/ceph:
2024-02-19T21:53:56.887+0000 7fb64853a700 1 --2- 172.21.15.143:0/2832891834 >> [v2:172.21.15.143:3300/0,v1:172.21.15.143:6789/0] conn(0x7fb640070430 0x7fb6400fc4d0 unknown :-1 s=CLOSED pgs=42 cs=0 l=1 rev1=1 rx=0 tx=0).stop
2024-02-19T21:53:56.889 INFO:teuthology.orchestra.run.smithi143.stderr:/usr/bin/ceph:
2024-02-19T21:53:56.887+0000 7fb64853a700 1 -- 172.21.15.143:0/2832891834 >> 172.21.15.143:0/2832891834 conn(0x7fb6400f6530 msgr2=0x7fb6400f7f30 unknown :-1 s=STATE_NONE l=0).mark_down
2024-02-19T21:53:56.889 INFO:teuthology.orchestra.run.smithi143.stderr:/usr/bin/ceph:
2024-02-19T21:53:56.888+0000 7fb64853a700 1 -- 172.21.15.143:0/2832891834 shutdown_connections
2024-02-19T21:53:56.889 INFO:teuthology.orchestra.run.smithi143.stderr:/usr/bin/ceph:
2024-02-19T21:53:56.888+0000 7fb64853a700 1 -- 172.21.15.143:0/2832891834 wait complete.
2024-02-19T21:53:56.907 INFO:journalctl@ceph.mon.smithi143.smithi143.stdout:Feb 19 21:53:56 smithi143 ceph-38187086-cf71-11ee-95bb-87774f69a715-mon.smithi143[38075]: audit
2024-02-19T21:53:55.558136+0000 mgr.smithi143.bissbc (mgr.14114) 10 : audit [DBG] from='client.14134 -' entity='client.admin' cmd=[{"prefix": "orch apply", "service_type": "mon", "target": ["mon-mgr", ""]}]: dispatch
2024-02-19T21:53:56.907 INFO:journalctl@ceph.mon.smithi143.smithi143.stdout:Feb 19 21:53:56 smithi143 ceph-38187086-cf71-11ee-95bb-87774f69a715-mon.smithi143[38075]: cephadm
2024-02-19T21:53:55.558900+0000 mgr.smithi143.bissbc (mgr.14114) 11 : cephadm [INF] Saving service mon spec with placement count:5
2024-02-19T21:53:56.907 INFO:journalctl@ceph.mon.smithi143.smithi143.stdout:Feb 19 21:53:56 smithi143 ceph-38187086-cf71-11ee-95bb-87774f69a715-mon.smithi143[38075]: audit
2024-02-19T21:53:55.561916+0000 mon.smithi143 (mon.0) 56 : audit [INF] from='mgr.14114 172.21.15.143:0/3772217404' entity='mgr.smithi143.bissbc'
2024-02-19T21:53:57.517 INFO:teuthology.orchestra.run.smithi143.stderr:Deploying crash service with default placement...
2024-02-19T21:53:57.517 INFO:teuthology.orchestra.run.smithi143.stderr:Running command: /bin/podman run --rm --ipc=host --no-hosts --net=host --entrypoint /usr/bin/ceph --init -e CONTAINER_IMAGE=docker.io/ceph/ceph:v16.2.4 -e NODE_NAME=smithi143 -e CEPH_USE_RANDOM_NONCE=1 -v /var/log/ceph/38187086-cf71-11ee-95bb-87774f69a715:/var/log/ceph:z -v /tmp/ceph-tmpm89l3603:/etc/ceph/ceph.client.admin.keyring:z -v /tmp/ceph-tmp2duz2puy:/etc/ceph/ceph.conf:z docker.io/ceph/ceph:v16.2.4 orch apply crash
2024-02-19T21:53:58.021 INFO:teuthology.orchestra.run.smithi143.stderr:/usr/bin/ceph:
2024-02-19T21:53:58.015+0000 7f5830aed700 1 Processor -- start
2024-02-19T21:53:58.021 INFO:teuthology.orchestra.run.smithi143.stderr:/usr/bin/ceph:
2024-02-19T21:53:58.015+0000 7f5830aed700 1 -- start start
2024-02-19T21:53:58.021 INFO:teuthology.orchestra.run.smithi143.stderr:/usr/bin/ceph:
2024-02-19T21:53:58.016+0000 7f5830aed700 1 --2- >> [v2:172.21.15.143:3300/0,v1:172.21.15.143:6789/0] conn(0x7f582c0703b0 0x7f582c100ed0 unknown :-1 s=NONE pgs=0 cs=0 l=0 rev1=0 rx=0 tx=0).connect
2024-02-19T21:53:58.022 INFO:teuthology.orchestra.run.smithi143.stderr:/usr/bin/ceph:
2024-02-19T21:53:58.016+0000 7f5830aed700 1 -- --> [v2:172.21.15.143:3300/0,v1:172.21.15.143:6789/0] -- mon_getmap magic: 0 v1 -- 0x7f582c0fc8c0 con 0x7f582c0703b0
2024-02-19T21:53:58.022 INFO:teuthology.orchestra.run.smithi143.stderr:/usr/bin/ceph:
2024-02-19T21:53:58.016+0000 7f582a59c700 1 --2- >> [v2:172.21.15.143:3300/0,v1:172.21.15.143:6789/0] conn(0x7f582c0703b0 0x7f582c100ed0 unknown :-1 s=BANNER_CONNECTING pgs=0 cs=0 l=0 rev1=0 rx=0 tx=0)._handle_peer_banner_payload supported=1 required=0
2024-02-19T21:53:58.022 INFO:teuthology.orchestra.run.smithi143.stderr:/usr/bin/ceph:
2024-02-19T21:53:58.016+0000 7f582a59c700 1 --2- >> [v2:172.21.15.143:3300/0,v1:172.21.15.143:6789/0] conn(0x7f582c0703b0 0x7f582c100ed0 unknown :-1 s=HELLO_CONNECTING pgs=0 cs=0 l=0 rev1=1 rx=0 tx=0).handle_hello peer v2:172.21.15.143:3300/0 says I am v2:172.21.15.143:40826/0 (socket says 172.21.15.143:40826)
2024-02-19T21:53:58.022 INFO:teuthology.orchestra.run.smithi143.stderr:/usr/bin/ceph:
2024-02-19T21:53:58.016+0000 7f582a59c700 1 -- 172.21.15.143:0/3113221356 learned_addr learned my addr 172.21.15.143:0/3113221356 (peer_addr_for_me v2:172.21.15.143:0/0)
2024-02-19T21:53:58.022 INFO:teuthology.orchestra.run.smithi143.stderr:/usr/bin/ceph:
2024-02-19T21:53:58.016+0000 7f582a59c700 1 -- 172.21.15.143:0/3113221356 --> [v2:172.21.15.143:3300/0,v1:172.21.15.143:6789/0] -- mon_subscribe({config=0+,monmap=0+}) v3 -- 0x7f582c1013c0 con 0x7f582c0703b0
2024-02-19T21:53:58.022 INFO:teuthology.orchestra.run.smithi143.stderr:/usr/bin/ceph:
2024-02-19T21:53:58.016+0000 7f582a59c700 1 --2- 172.21.15.143:0/3113221356 >> [v2:172.21.15.143:3300/0,v1:172.21.15.143:6789/0] conn(0x7f582c0703b0 0x7f582c100ed0 secure :-1 s=READY pgs=43 cs=0 l=1 rev1=1 rx=0x7f581400b5f0 tx=0x7f5814006ee0).ready entity=mon.0 client_cookie=e7dc199a26bcf47b server_cookie=0 in_seq=0 out_seq=0
2024-02-19T21:53:58.022 INFO:teuthology.orchestra.run.smithi143.stderr:/usr/bin/ceph:
2024-02-19T21:53:58.016+0000 7f582959a700 1 -- 172.21.15.143:0/3113221356 <== mon.0 v2:172.21.15.143:3300/0 1 ==== mon_map magic: 0 v1 ==== 229+0+0 (secure 0 0 0) 0x7f581400d600 con 0x7f582c0703b0
2024-02-19T21:53:58.022 INFO:teuthology.orchestra.run.smithi143.stderr:/usr/bin/ceph:
2024-02-19T21:53:58.016+0000 7f582959a700 1 -- 172.21.15.143:0/3113221356 <== mon.0 v2:172.21.15.143:3300/0 2 ==== config(26 keys) v1 ==== 1045+0+0 (secure 0 0 0) 0x7f581400dbf0 con 0x7f582c0703b0
2024-02-19T21:53:58.022 INFO:teuthology.orchestra.run.smithi143.stderr:/usr/bin/ceph:
2024-02-19T21:53:58.016+0000 7f582959a700 1 -- 172.21.15.143:0/3113221356 <== mon.0 v2:172.21.15.143:3300/0 3 ==== mon_map magic: 0 v1 ==== 229+0+0 (secure 0 0 0) 0x7f5814011cb0 con 0x7f582c0703b0
2024-02-19T21:53:58.022 INFO:teuthology.orchestra.run.smithi143.stderr:/usr/bin/ceph:
2024-02-19T21:53:58.017+0000 7f5830aed700 1 -- 172.21.15.143:0/3113221356 >> [v2:172.21.15.143:3300/0,v1:172.21.15.143:6789/0] conn(0x7f582c0703b0 msgr2=0x7f582c100ed0 secure :-1 s=STATE_CONNECTION_ESTABLISHED l=1).mark_down
2024-02-19T21:53:58.023 INFO:teuthology.orchestra.run.smithi143.stderr:/usr/bin/ceph:
2024-02-19T21:53:58.017+0000 7f5830aed700 1 --2- 172.21.15.143:0/3113221356 >> [v2:172.21.15.143:3300/0,v1:172.21.15.143:6789/0] conn(0x7f582c0703b0 0x7f582c100ed0 secure :-1 s=READY pgs=43 cs=0 l=1 rev1=1 rx=0x7f581400b5f0 tx=0x7f5814006ee0).stop
2024-02-19T21:53:58.023 INFO:teuthology.orchestra.run.smithi143.stderr:/usr/bin/ceph:
2024-02-19T21:53:58.017+0000 7f5830aed700 1 -- 172.21.15.143:0/3113221356 shutdown_connections
2024-02-19T21:53:58.023 INFO:teuthology.orchestra.run.smithi143.stderr:/usr/bin/ceph:
2024-02-19T21:53:58.017+0000 7f5830aed700 1 --2- 172.21.15.143:0/3113221356 >> [v2:172.21.15.143:3300/0,v1:172.21.15.143:6789/0] conn(0x7f582c0703b0 0x7f582c100ed0 unknown :-1 s=CLOSED pgs=43 cs=0 l=1 rev1=1 rx=0 tx=0).stop
2024-02-19T21:53:58.023 INFO:teuthology.orchestra.run.smithi143.stderr:/usr/bin/ceph:
2024-02-19T21:53:58.017+0000 7f5830aed700 1 -- 172.21.15.143:0/3113221356 >> 172.21.15.143:0/3113221356 conn(0x7f582c0f6530 msgr2=0x7f582c0f8950 unknown :-1 s=STATE_NONE l=0).mark_down
2024-02-19T21:53:58.023 INFO:teuthology.orchestra.run.smithi143.stderr:/usr/bin/ceph:
2024-02-19T21:53:58.017+0000 7f5830aed700 1 -- 172.21.15.143:0/3113221356 shutdown_connections
2024-02-19T21:53:58.023 INFO:teuthology.orchestra.run.smithi143.stderr:/usr/bin/ceph:
2024-02-19T21:53:58.017+0000 7f5830aed700 1 -- 172.21.15.143:0/3113221356 wait complete.
2024-02-19T21:53:58.023 INFO:teuthology.orchestra.run.smithi143.stderr:/usr/bin/ceph:
2024-02-19T21:53:58.017+0000 7f5830aed700 1 Processor -- start
2024-02-19T21:53:58.023 INFO:teuthology.orchestra.run.smithi143.stderr:/usr/bin/ceph:
2024-02-19T21:53:58.017+0000 7f5830aed700 1 -- start start
2024-02-19T21:53:58.023 INFO:teuthology.orchestra.run.smithi143.stderr:/usr/bin/ceph:
2024-02-19T21:53:58.018+0000 7f5830aed700 1 --2- >> [v2:172.21.15.143:3300/0,v1:172.21.15.143:6789/0] conn(0x7f582c0703b0 0x7f582c10cdd0 unknown :-1 s=NONE pgs=0 cs=0 l=1 rev1=0 rx=0 tx=0).connect
2024-02-19T21:53:58.023 INFO:teuthology.orchestra.run.smithi143.stderr:/usr/bin/ceph:
2024-02-19T21:53:58.018+0000 7f5830aed700 1 -- --> [v2:172.21.15.143:3300/0,v1:172.21.15.143:6789/0] -- mon_getmap magic: 0 v1 -- 0x7f582c10d2c0 con 0x7f582c0703b0
2024-02-19T21:53:58.023 INFO:teuthology.orchestra.run.smithi143.stderr:/usr/bin/ceph:
2024-02-19T21:53:58.018+0000 7f582a59c700 1 --2- >> [v2:172.21.15.143:3300/0,v1:172.21.15.143:6789/0] conn(0x7f582c0703b0 0x7f582c10cdd0 unknown :-1 s=BANNER_CONNECTING pgs=0 cs=0 l=1 rev1=0 rx=0 tx=0)._handle_peer_banner_payload supported=1 required=0
2024-02-19T21:53:58.023 INFO:teuthology.orchestra.run.smithi143.stderr:/usr/bin/ceph:
2024-02-19T21:53:58.018+0000 7f582a59c700 1 --2- >> [v2:172.21.15.143:3300/0,v1:172.21.15.143:6789/0] conn(0x7f582c0703b0 0x7f582c10cdd0 unknown :-1 s=HELLO_CONNECTING pgs=0 cs=0 l=1 rev1=1 rx=0 tx=0).handle_hello peer v2:172.21.15.143:3300/0 says I am v2:172.21.15.143:40834/0 (socket says 172.21.15.143:40834)
2024-02-19T21:53:58.023 INFO:teuthology.orchestra.run.smithi143.stderr:/usr/bin/ceph:
2024-02-19T21:53:58.018+0000 7f582a59c700 1 -- 172.21.15.143:0/3741811916 learned_addr learned my addr 172.21.15.143:0/3741811916 (peer_addr_for_me v2:172.21.15.143:0/0)
2024-02-19T21:53:58.023 INFO:teuthology.orchestra.run.smithi143.stderr:/usr/bin/ceph:
2024-02-19T21:53:58.018+0000 7f582a59c700 1 -- 172.21.15.143:0/3741811916 --> [v2:172.21.15.143:3300/0,v1:172.21.15.143:6789/0] -- mon_subscribe({config=0+,monmap=0+}) v3 -- 0x7f581400b200 con 0x7f582c0703b0
2024-02-19T21:53:58.024 INFO:teuthology.orchestra.run.smithi143.stderr:/usr/bin/ceph:
2024-02-19T21:53:58.018+0000 7f582a59c700 1 --2- 172.21.15.143:0/3741811916 >> [v2:172.21.15.143:3300/0,v1:172.21.15.143:6789/0] conn(0x7f582c0703b0 0x7f582c10cdd0 secure :-1 s=READY pgs=44 cs=0 l=1 rev1=1 rx=0x7f581400df90 tx=0x7f5814006ee0).ready entity=mon.0 client_cookie=0 server_cookie=0 in_seq=0 out_seq=0
2024-02-19T21:53:58.024 INFO:teuthology.orchestra.run.smithi143.stderr:/usr/bin/ceph:
2024-02-19T21:53:58.018+0000 7f5822ffd700 1 -- 172.21.15.143:0/3741811916 <== mon.0 v2:172.21.15.143:3300/0 1 ==== mon_map magic: 0 v1 ==== 229+0+0 (secure 0 0 0) 0x7f581401b410 con 0x7f582c0703b0
2024-02-19T21:53:58.024 INFO:teuthology.orchestra.run.smithi143.stderr:/usr/bin/ceph:
2024-02-19T21:53:58.018+0000 7f5822ffd700 1 -- 172.21.15.143:0/3741811916 <== mon.0 v2:172.21.15.143:3300/0 2 ==== config(26 keys) v1 ==== 1045+0+0 (secure 0 0 0) 0x7f581401ba00 con 0x7f582c0703b0
2024-02-19T21:53:58.024 INFO:teuthology.orchestra.run.smithi143.stderr:/usr/bin/ceph:
2024-02-19T21:53:58.018+0000 7f5830aed700 1 -- 172.21.15.143:0/3741811916 --> [v2:172.21.15.143:3300/0,v1:172.21.15.143:6789/0] -- mon_subscribe({mgrmap=0+}) v3 -- 0x7f582c10d4c0 con 0x7f582c0703b0
2024-02-19T21:53:58.024 INFO:teuthology.orchestra.run.smithi143.stderr:/usr/bin/ceph:
2024-02-19T21:53:58.018+0000 7f5822ffd700 1 -- 172.21.15.143:0/3741811916 <== mon.0 v2:172.21.15.143:3300/0 3 ==== mon_map magic: 0 v1 ==== 229+0+0 (secure 0 0 0) 0x7f581401aa30 con 0x7f582c0703b0
2024-02-19T21:53:58.024 INFO:teuthology.orchestra.run.smithi143.stderr:/usr/bin/ceph:
2024-02-19T21:53:58.018+0000 7f5830aed700 1 -- 172.21.15.143:0/3741811916 --> [v2:172.21.15.143:3300/0,v1:172.21.15.143:6789/0] -- mon_subscribe({osdmap=0}) v3 -- 0x7f582c10e100 con 0x7f582c0703b0
2024-02-19T21:53:58.024 INFO:teuthology.orchestra.run.smithi143.stderr:/usr/bin/ceph:
2024-02-19T21:53:58.019+0000 7f5830aed700 1 -- 172.21.15.143:0/3741811916 --> [v2:172.21.15.143:3300/0,v1:172.21.15.143:6789/0] -- mon_command({"prefix": "get_command_descriptions"} v 0) v1 -- 0x7f582c10d950 con 0x7f582c0703b0
2024-02-19T21:53:58.024 INFO:teuthology.orchestra.run.smithi143.stderr:/usr/bin/ceph:
2024-02-19T21:53:58.020+0000 7f5822ffd700 1 -- 172.21.15.143:0/3741811916 <== mon.0 v2:172.21.15.143:3300/0 4 ==== mgrmap(e 8) v1 ==== 36120+0+0 (secure 0 0 0) 0x7f581400f070 con 0x7f582c0703b0
2024-02-19T21:53:58.024 INFO:teuthology.orchestra.run.smithi143.stderr:/usr/bin/ceph:
2024-02-19T21:53:58.020+0000 7f5822ffd700 1 --2- 172.21.15.143:0/3741811916 >> [v2:172.21.15.143:6800/1142990465,v1:172.21.15.143:6801/1142990465] conn(0x7f580c02fe10 0x7f580c0322d0 unknown :-1 s=NONE pgs=0 cs=0 l=1 rev1=0 rx=0 tx=0).connect
2024-02-19T21:53:58.024 INFO:teuthology.orchestra.run.smithi143.stderr:/usr/bin/ceph:
2024-02-19T21:53:58.020+0000 7f5822ffd700 1 -- 172.21.15.143:0/3741811916 <== mon.0 v2:172.21.15.143:3300/0 5 ==== osd_map(2..2 src has 1..2) v4 ==== 926+0+0 (secure 0 0 0) 0x7f58140418c0 con 0x7f582c0703b0
2024-02-19T21:53:58.024 INFO:teuthology.orchestra.run.smithi143.stderr:/usr/bin/ceph:
2024-02-19T21:53:58.020+0000 7f5829d9b700 1 --2- 172.21.15.143:0/3741811916 >> [v2:172.21.15.143:6800/1142990465,v1:172.21.15.143:6801/1142990465] conn(0x7f580c02fe10 0x7f580c0322d0 unknown :-1 s=BANNER_CONNECTING pgs=0 cs=0 l=1 rev1=0 rx=0 tx=0)._handle_peer_banner_payload supported=1 required=0
2024-02-19T21:53:58.024 INFO:teuthology.orchestra.run.smithi143.stderr:/usr/bin/ceph:
2024-02-19T21:53:58.020+0000 7f5829d9b700 1 --2- 172.21.15.143:0/3741811916 >> [v2:172.21.15.143:6800/1142990465,v1:172.21.15.143:6801/1142990465] conn(0x7f580c02fe10 0x7f580c0322d0 secure :-1 s=READY pgs=13 cs=0 l=1 rev1=1 rx=0x7f581c0096a0 tx=0x7f581c006b40).ready entity=mgr.14114 client_cookie=0 server_cookie=0 in_seq=0 out_seq=0
2024-02-19T21:53:58.025 INFO:teuthology.orchestra.run.smithi143.stderr:/usr/bin/ceph:
2024-02-19T21:53:58.024+0000 7f5822ffd700 1 -- 172.21.15.143:0/3741811916 <== mon.0 v2:172.21.15.143:3300/0 6 ==== mon_command_ack([{"prefix": "get_command_descriptions"}]=0 v0) v1 ==== 72+0+152212 (secure 0 0 0) 0x7f5814019af0 con 0x7f582c0703b0
2024-02-19T21:53:58.160 INFO:journalctl@ceph.mon.smithi143.smithi143.stdout:Feb 19 21:53:57 smithi143 ceph-38187086-cf71-11ee-95bb-87774f69a715-mon.smithi143[38075]: audit
2024-02-19T21:53:56.883133+0000 mgr.smithi143.bissbc (mgr.14114) 12 : audit [DBG] from='client.14136 -' entity='client.admin' cmd=[{"prefix": "orch apply", "service_type": "mgr", "target": ["mon-mgr", ""]}]: dispatch
2024-02-19T21:53:58.160 INFO:journalctl@ceph.mon.smithi143.smithi143.stdout:Feb 19 21:53:57 smithi143 ceph-38187086-cf71-11ee-95bb-87774f69a715-mon.smithi143[38075]: cephadm
2024-02-19T21:53:56.883653+0000 mgr.smithi143.bissbc (mgr.14114) 13 : cephadm [INF] Saving service mgr spec with placement count:2
2024-02-19T21:53:58.160 INFO:journalctl@ceph.mon.smithi143.smithi143.stdout:Feb 19 21:53:57 smithi143 ceph-38187086-cf71-11ee-95bb-87774f69a715-mon.smithi143[38075]: audit
2024-02-19T21:53:56.886506+0000 mon.smithi143 (mon.0) 57 : audit [INF] from='mgr.14114 172.21.15.143:0/3772217404' entity='mgr.smithi143.bissbc'
2024-02-19T21:53:58.197 INFO:teuthology.orchestra.run.smithi143.stderr:/usr/bin/ceph:
2024-02-19T21:53:58.198+0000 7f5830aed700 1 -- 172.21.15.143:0/3741811916 --> [v2:172.21.15.143:6800/1142990465,v1:172.21.15.143:6801/1142990465] -- mgr_command(tid 0: {"prefix": "orch apply", "service_type": "crash", "target": ["mon-mgr", ""]}) v1 -- 0x7f582c10e340 con 0x7f580c02fe10
2024-02-19T21:53:58.201 INFO:teuthology.orchestra.run.smithi143.stderr:/usr/bin/ceph:
2024-02-19T21:53:58.202+0000 7f5822ffd700 1 -- 172.21.15.143:0/3741811916 <== mgr.14114 v2:172.21.15.143:6800/1142990465 1 ==== mgr_command_reply(tid 0: 0 ) v1 ==== 8+0+26 (secure 0 0 0) 0x7f582c10e340 con 0x7f580c02fe10
2024-02-19T21:53:58.201 INFO:teuthology.orchestra.run.smithi143.stderr:/usr/bin/ceph: Scheduled crash update...
2024-02-19T21:53:58.204 INFO:teuthology.orchestra.run.smithi143.stderr:/usr/bin/ceph:
2024-02-19T21:53:58.204+0000 7f5830aed700 1 -- 172.21.15.143:0/3741811916 >> [v2:172.21.15.143:6800/1142990465,v1:172.21.15.143:6801/1142990465] conn(0x7f580c02fe10 msgr2=0x7f580c0322d0 secure :-1 s=STATE_CONNECTION_ESTABLISHED l=1).mark_down
2024-02-19T21:53:58.204 INFO:teuthology.orchestra.run.smithi143.stderr:/usr/bin/ceph:
2024-02-19T21:53:58.204+0000 7f5830aed700 1 --2- 172.21.15.143:0/3741811916 >> [v2:172.21.15.143:6800/1142990465,v1:172.21.15.143:6801/1142990465] conn(0x7f580c02fe10 0x7f580c0322d0 secure :-1 s=READY pgs=13 cs=0 l=1 rev1=1 rx=0x7f581c0096a0 tx=0x7f581c006b40).stop
2024-02-19T21:53:58.204 INFO:teuthology.orchestra.run.smithi143.stderr:/usr/bin/ceph:
2024-02-19T21:53:58.204+0000 7f5830aed700 1 -- 172.21.15.143:0/3741811916 >> [v2:172.21.15.143:3300/0,v1:172.21.15.143:6789/0] conn(0x7f582c0703b0 msgr2=0x7f582c10cdd0 secure :-1 s=STATE_CONNECTION_ESTABLISHED l=1).mark_down
2024-02-19T21:53:58.204 INFO:teuthology.orchestra.run.smithi143.stderr:/usr/bin/ceph:
2024-02-19T21:53:58.204+0000 7f5830aed700 1 --2- 172.21.15.143:0/3741811916 >> [v2:172.21.15.143:3300/0,v1:172.21.15.143:6789/0] conn(0x7f582c0703b0 0x7f582c10cdd0 secure :-1 s=READY pgs=44 cs=0 l=1 rev1=1 rx=0x7f581400df90 tx=0x7f5814006ee0).stop
2024-02-19T21:53:58.204 INFO:teuthology.orchestra.run.smithi143.stderr:/usr/bin/ceph:
2024-02-19T21:53:58.204+0000 7f5830aed700 1 -- 172.21.15.143:0/3741811916 shutdown_connections
2024-02-19T21:53:58.204 INFO:teuthology.orchestra.run.smithi143.stderr:/usr/bin/ceph:
2024-02-19T21:53:58.204+0000 7f5830aed700 1 --2- 172.21.15.143:0/3741811916 >> [v2:172.21.15.143:6800/1142990465,v1:172.21.15.143:6801/1142990465] conn(0x7f580c02fe10 0x7f580c0322d0 unknown :-1 s=CLOSED pgs=13 cs=0 l=1 rev1=1 rx=0 tx=0).stop
2024-02-19T21:53:58.204 INFO:teuthology.orchestra.run.smithi143.stderr:/usr/bin/ceph:
2024-02-19T21:53:58.204+0000 7f5830aed700 1 --2- 172.21.15.143:0/3741811916 >> [v2:172.21.15.143:3300/0,v1:172.21.15.143:6789/0] conn(0x7f582c0703b0 0x7f582c10cdd0 unknown :-1 s=CLOSED pgs=44 cs=0 l=1 rev1=1 rx=0 tx=0).stop
2024-02-19T21:53:58.204 INFO:teuthology.orchestra.run.smithi143.stderr:/usr/bin/ceph:
2024-02-19T21:53:58.204+0000 7f5830aed700 1 -- 172.21.15.143:0/3741811916 >> 172.21.15.143:0/3741811916 conn(0x7f582c0f6530 msgr2=0x7f582c0f7fa0 unknown :-1 s=STATE_NONE l=0).mark_down
2024-02-19T21:53:58.204 INFO:teuthology.orchestra.run.smithi143.stderr:/usr/bin/ceph:
2024-02-19T21:53:58.204+0000 7f5830aed700 1 -- 172.21.15.143:0/3741811916 shutdown_connections
2024-02-19T21:53:58.205 INFO:teuthology.orchestra.run.smithi143.stderr:/usr/bin/ceph:
2024-02-19T21:53:58.204+0000 7f5830aed700 1 -- 172.21.15.143:0/3741811916 wait complete.
2024-02-19T21:53:58.816 INFO:teuthology.orchestra.run.smithi143.stderr:Enabling mgr prometheus module...
2024-02-19T21:53:58.816 INFO:teuthology.orchestra.run.smithi143.stderr:Running command: /bin/podman run --rm --ipc=host --no-hosts --net=host --entrypoint /usr/bin/ceph --init -e CONTAINER_IMAGE=docker.io/ceph/ceph:v16.2.4 -e NODE_NAME=smithi143 -e CEPH_USE_RANDOM_NONCE=1 -v /var/log/ceph/38187086-cf71-11ee-95bb-87774f69a715:/var/log/ceph:z -v /tmp/ceph-tmpm89l3603:/etc/ceph/ceph.client.admin.keyring:z -v /tmp/ceph-tmp2duz2puy:/etc/ceph/ceph.conf:z docker.io/ceph/ceph:v16.2.4 mgr module enable prometheus
2024-02-19T21:53:59.317 INFO:teuthology.orchestra.run.smithi143.stderr:/usr/bin/ceph:
2024-02-19T21:53:59.314+0000 7efd12e39700 1 Processor -- start
2024-02-19T21:53:59.317 INFO:teuthology.orchestra.run.smithi143.stderr:/usr/bin/ceph:
2024-02-19T21:53:59.314+0000 7efd12e39700 1 -- start start
2024-02-19T21:53:59.317 INFO:teuthology.orchestra.run.smithi143.stderr:/usr/bin/ceph:
2024-02-19T21:53:59.315+0000 7efd12e39700 1 --2- >> [v2:172.21.15.143:3300/0,v1:172.21.15.143:6789/0] conn(0x7efd0c0703f0 0x7efd0c0fea90 unknown :-1 s=NONE pgs=0 cs=0 l=0 rev1=0 rx=0 tx=0).connect
2024-02-19T21:53:59.317 INFO:teuthology.orchestra.run.smithi143.stderr:/usr/bin/ceph:
2024-02-19T21:53:59.315+0000 7efd12e39700 1 -- --> [v2:172.21.15.143:3300/0,v1:172.21.15.143:6789/0] -- mon_getmap magic: 0 v1 -- 0x7efd0c0fef80 con 0x7efd0c0703f0
2024-02-19T21:53:59.317 INFO:teuthology.orchestra.run.smithi143.stderr:/usr/bin/ceph:
2024-02-19T21:53:59.315+0000 7efd10bd5700 1 --2- >> [v2:172.21.15.143:3300/0,v1:172.21.15.143:6789/0] conn(0x7efd0c0703f0 0x7efd0c0fea90 unknown :-1 s=BANNER_CONNECTING pgs=0 cs=0 l=0 rev1=0 rx=0 tx=0)._handle_peer_banner_payload supported=1 required=0
2024-02-19T21:53:59.317 INFO:teuthology.orchestra.run.smithi143.stderr:/usr/bin/ceph:
2024-02-19T21:53:59.315+0000 7efd10bd5700 1 --2- >> [v2:172.21.15.143:3300/0,v1:172.21.15.143:6789/0] conn(0x7efd0c0703f0 0x7efd0c0fea90 unknown :-1 s=HELLO_CONNECTING pgs=0 cs=0 l=0 rev1=1 rx=0 tx=0).handle_hello peer v2:172.21.15.143:3300/0 says I am v2:172.21.15.143:35202/0 (socket says 172.21.15.143:35202)
2024-02-19T21:53:59.317 INFO:teuthology.orchestra.run.smithi143.stderr:/usr/bin/ceph:
2024-02-19T21:53:59.315+0000 7efd10bd5700 1 -- 172.21.15.143:0/2311352287 learned_addr learned my addr 172.21.15.143:0/2311352287 (peer_addr_for_me v2:172.21.15.143:0/0)
2024-02-19T21:53:59.318 INFO:teuthology.orchestra.run.smithi143.stderr:/usr/bin/ceph:
2024-02-19T21:53:59.315+0000 7efd10bd5700 1 -- 172.21.15.143:0/2311352287 --> [v2:172.21.15.143:3300/0,v1:172.21.15.143:6789/0] -- mon_subscribe({config=0+,monmap=0+}) v3 -- 0x7efd0c0ff0c0 con 0x7efd0c0703f0
2024-02-19T21:53:59.318 INFO:teuthology.orchestra.run.smithi143.stderr:/usr/bin/ceph:
2024-02-19T21:53:59.315+0000 7efd10bd5700 1 --2- 172.21.15.143:0/2311352287 >> [v2:172.21.15.143:3300/0,v1:172.21.15.143:6789/0] conn(0x7efd0c0703f0 0x7efd0c0fea90 secure :-1 s=READY pgs=45 cs=0 l=1 rev1=1 rx=0x7efd0000b5f0 tx=0x7efd00006ee0).ready entity=mon.0 client_cookie=375a2a9ca3df6476 server_cookie=0 in_seq=0 out_seq=0
2024-02-19T21:53:59.318 INFO:teuthology.orchestra.run.smithi143.stderr:/usr/bin/ceph:
2024-02-19T21:53:59.315+0000 7efd0b7fe700 1 -- 172.21.15.143:0/2311352287 <== mon.0 v2:172.21.15.143:3300/0 1 ==== mon_map magic: 0 v1 ==== 229+0+0 (secure 0 0 0) 0x7efd0000d600 con 0x7efd0c0703f0
2024-02-19T21:53:59.318 INFO:teuthology.orchestra.run.smithi143.stderr:/usr/bin/ceph:
2024-02-19T21:53:59.316+0000 7efd0b7fe700 1 -- 172.21.15.143:0/2311352287 <== mon.0 v2:172.21.15.143:3300/0 2 ==== config(26 keys) v1 ==== 1045+0+0 (secure 0 0 0) 0x7efd0000dbf0 con 0x7efd0c0703f0
2024-02-19T21:53:59.318 INFO:teuthology.orchestra.run.smithi143.stderr:/usr/bin/ceph:
2024-02-19T21:53:59.316+0000 7efd0b7fe700 1 -- 172.21.15.143:0/2311352287 <== mon.0 v2:172.21.15.143:3300/0 3 ==== mon_map magic: 0 v1 ==== 229+0+0 (secure 0 0 0) 0x7efd00011ce0 con 0x7efd0c0703f0
2024-02-19T21:53:59.318 INFO:teuthology.orchestra.run.smithi143.stderr:/usr/bin/ceph:
2024-02-19T21:53:59.316+0000 7efd12e39700 1 -- 172.21.15.143:0/2311352287 >> [v2:172.21.15.143:3300/0,v1:172.21.15.143:6789/0] conn(0x7efd0c0703f0 msgr2=0x7efd0c0fea90 secure :-1 s=STATE_CONNECTION_ESTABLISHED l=1).mark_down
2024-02-19T21:53:59.318 INFO:teuthology.orchestra.run.smithi143.stderr:/usr/bin/ceph:
2024-02-19T21:53:59.316+0000 7efd12e39700 1 --2- 172.21.15.143:0/2311352287 >> [v2:172.21.15.143:3300/0,v1:172.21.15.143:6789/0] conn(0x7efd0c0703f0 0x7efd0c0fea90 secure :-1 s=READY pgs=45 cs=0 l=1 rev1=1 rx=0x7efd0000b5f0 tx=0x7efd00006ee0).stop
2024-02-19T21:53:59.318 INFO:teuthology.orchestra.run.smithi143.stderr:/usr/bin/ceph:
2024-02-19T21:53:59.316+0000 7efd12e39700 1 -- 172.21.15.143:0/2311352287 shutdown_connections
2024-02-19T21:53:59.318 INFO:teuthology.orchestra.run.smithi143.stderr:/usr/bin/ceph:
2024-02-19T21:53:59.316+0000 7efd12e39700 1 --2- 172.21.15.143:0/2311352287 >> [v2:172.21.15.143:3300/0,v1:172.21.15.143:6789/0] conn(0x7efd0c0703f0 0x7efd0c0fea90 unknown :-1 s=CLOSED pgs=45 cs=0 l=1 rev1=1 rx=0 tx=0).stop
2024-02-19T21:53:59.318 INFO:teuthology.orchestra.run.smithi143.stderr:/usr/bin/ceph:
2024-02-19T21:53:59.316+0000 7efd12e39700 1 -- 172.21.15.143:0/2311352287 >> 172.21.15.143:0/2311352287 conn(0x7efd0c0f6530 msgr2=0x7efd0c0f8950 unknown :-1 s=STATE_NONE l=0).mark_down
2024-02-19T21:53:59.318 INFO:teuthology.orchestra.run.smithi143.stderr:/usr/bin/ceph:
2024-02-19T21:53:59.316+0000 7efd12e39700 1 -- 172.21.15.143:0/2311352287 shutdown_connections
2024-02-19T21:53:59.318 INFO:teuthology.orchestra.run.smithi143.stderr:/usr/bin/ceph:
2024-02-19T21:53:59.316+0000 7efd12e39700 1 -- 172.21.15.143:0/2311352287 wait complete.
2024-02-19T21:53:59.318 INFO:teuthology.orchestra.run.smithi143.stderr:/usr/bin/ceph:
2024-02-19T21:53:59.317+0000 7efd12e39700 1 Processor -- start
2024-02-19T21:53:59.319 INFO:teuthology.orchestra.run.smithi143.stderr:/usr/bin/ceph:
2024-02-19T21:53:59.317+0000 7efd12e39700 1 -- start start
2024-02-19T21:53:59.319 INFO:teuthology.orchestra.run.smithi143.stderr:/usr/bin/ceph:
2024-02-19T21:53:59.317+0000 7efd12e39700 1 --2- >> [v2:172.21.15.143:3300/0,v1:172.21.15.143:6789/0] conn(0x7efd0c0703f0 0x7efd0c0fc510 unknown :-1 s=NONE pgs=0 cs=0 l=1 rev1=0 rx=0 tx=0).connect
2024-02-19T21:53:59.319 INFO:teuthology.orchestra.run.smithi143.stderr:/usr/bin/ceph:
2024-02-19T21:53:59.317+0000 7efd12e39700 1 -- --> [v2:172.21.15.143:3300/0,v1:172.21.15.143:6789/0] -- mon_getmap magic: 0 v1 -- 0x7efd0c0fa990 con 0x7efd0c0703f0
2024-02-19T21:53:59.319 INFO:teuthology.orchestra.run.smithi143.stderr:/usr/bin/ceph:
2024-02-19T21:53:59.317+0000 7efd10bd5700 1 --2- >> [v2:172.21.15.143:3300/0,v1:172.21.15.143:6789/0] conn(0x7efd0c0703f0 0x7efd0c0fc510 unknown :-1 s=BANNER_CONNECTING pgs=0 cs=0 l=1 rev1=0 rx=0 tx=0)._handle_peer_banner_payload supported=1 required=0
2024-02-19T21:53:59.319 INFO:teuthology.orchestra.run.smithi143.stderr:/usr/bin/ceph:
2024-02-19T21:53:59.317+0000 7efd10bd5700 1 --2- >> [v2:172.21.15.143:3300/0,v1:172.21.15.143:6789/0] conn(0x7efd0c0703f0 0x7efd0c0fc510 unknown :-1 s=HELLO_CONNECTING pgs=0 cs=0 l=1 rev1=1 rx=0 tx=0).handle_hello peer v2:172.21.15.143:3300/0 says I am v2:172.21.15.143:35206/0 (socket says 172.21.15.143:35206)
2024-02-19T21:53:59.320 INFO:teuthology.orchestra.run.smithi143.stderr:/usr/bin/ceph:
2024-02-19T21:53:59.317+0000 7efd10bd5700 1 -- 172.21.15.143:0/2701633097 learned_addr learned my addr 172.21.15.143:0/2701633097 (peer_addr_for_me v2:172.21.15.143:0/0)
2024-02-19T21:53:59.320 INFO:teuthology.orchestra.run.smithi143.stderr:/usr/bin/ceph:
2024-02-19T21:53:59.318+0000 7efd10bd5700 1 -- 172.21.15.143:0/2701633097 --> [v2:172.21.15.143:3300/0,v1:172.21.15.143:6789/0] -- mon_subscribe({config=0+,monmap=0+}) v3 -- 0x7efd0000b200 con 0x7efd0c0703f0
2024-02-19T21:53:59.321 INFO:teuthology.orchestra.run.smithi143.stderr:/usr/bin/ceph:
2024-02-19T21:53:59.318+0000 7efd10bd5700 1 --2- 172.21.15.143:0/2701633097 >> [v2:172.21.15.143:3300/0,v1:172.21.15.143:6789/0] conn(0x7efd0c0703f0 0x7efd0c0fc510 secure :-1 s=READY pgs=46 cs=0 l=1 rev1=1 rx=0x7efd00011ed0 tx=0x7efd00006ee0).ready entity=mon.0 client_cookie=0 server_cookie=0 in_seq=0 out_seq=0
2024-02-19T21:53:59.321 INFO:teuthology.orchestra.run.smithi143.stderr:/usr/bin/ceph:
2024-02-19T21:53:59.318+0000 7efd097fa700 1 -- 172.21.15.143:0/2701633097 <== mon.0 v2:172.21.15.143:3300/0 1 ==== mon_map magic: 0 v1 ==== 229+0+0 (secure 0 0 0) 0x7efd0001b570 con 0x7efd0c0703f0
2024-02-19T21:53:59.321 INFO:teuthology.orchestra.run.smithi143.stderr:/usr/bin/ceph:
2024-02-19T21:53:59.318+0000 7efd097fa700 1 -- 172.21.15.143:0/2701633097 <== mon.0 v2:172.21.15.143:3300/0 2 ==== config(26 keys) v1 ==== 1045+0+0 (secure 0 0 0) 0x7efd0001bb60 con 0x7efd0c0703f0
2024-02-19T21:53:59.321 INFO:teuthology.orchestra.run.smithi143.stderr:/usr/bin/ceph:
2024-02-19T21:53:59.318+0000 7efd12e39700 1 -- 172.21.15.143:0/2701633097 --> [v2:172.21.15.143:3300/0,v1:172.21.15.143:6789/0] -- mon_subscribe({mgrmap=0+}) v3 -- 0x7efd0c0fab30 con 0x7efd0c0703f0
2024-02-19T21:53:59.321 INFO:teuthology.orchestra.run.smithi143.stderr:/usr/bin/ceph:
2024-02-19T21:53:59.318+0000 7efd097fa700 1 -- 172.21.15.143:0/2701633097 <== mon.0 v2:172.21.15.143:3300/0 3 ==== mon_map magic: 0 v1 ==== 229+0+0 (secure 0 0 0) 0x7efd0001aad0 con 0x7efd0c0703f0
2024-02-19T21:53:59.321 INFO:teuthology.orchestra.run.smithi143.stderr:/usr/bin/ceph:
2024-02-19T21:53:59.318+0000 7efd12e39700 1 -- 172.21.15.143:0/2701633097 --> [v2:172.21.15.143:3300/0,v1:172.21.15.143:6789/0] -- mon_subscribe({osdmap=0}) v3 -- 0x7efd0c0fafc0 con 0x7efd0c0703f0
2024-02-19T21:53:59.321 INFO:teuthology.orchestra.run.smithi143.stderr:/usr/bin/ceph:
2024-02-19T21:53:59.319+0000 7efd097fa700 1 -- 172.21.15.143:0/2701633097 <== mon.0 v2:172.21.15.143:3300/0 4 ==== mgrmap(e 8) v1 ==== 36120+0+0 (secure 0 0 0) 0x7efd0000f070 con 0x7efd0c0703f0
2024-02-19T21:53:59.321 INFO:teuthology.orchestra.run.smithi143.stderr:/usr/bin/ceph:
2024-02-19T21:53:59.319+0000 7efd097fa700 1 --2- 172.21.15.143:0/2701633097 >> [v2:172.21.15.143:6800/1142990465,v1:172.21.15.143:6801/1142990465] conn(0x7efcf002fe10 0x7efcf00322d0 unknown :-1 s=NONE pgs=0 cs=0 l=1 rev1=0 rx=0 tx=0).connect
2024-02-19T21:53:59.321 INFO:teuthology.orchestra.run.smithi143.stderr:/usr/bin/ceph:
2024-02-19T21:53:59.319+0000 7efd097fa700 1 -- 172.21.15.143:0/2701633097 <== mon.0 v2:172.21.15.143:3300/0 5 ==== osd_map(2..2 src has 1..2) v4 ==== 926+0+0 (secure 0 0 0) 0x7efd00042260 con 0x7efd0c0703f0
2024-02-19T21:53:59.321 INFO:teuthology.orchestra.run.smithi143.stderr:/usr/bin/ceph:
2024-02-19T21:53:59.319+0000 7efd0bfff700 1 --2- 172.21.15.143:0/2701633097 >> [v2:172.21.15.143:6800/1142990465,v1:172.21.15.143:6801/1142990465] conn(0x7efcf002fe10 0x7efcf00322d0 unknown :-1 s=BANNER_CONNECTING pgs=0 cs=0 l=1 rev1=0 rx=0 tx=0)._handle_peer_banner_payload supported=1 required=0
2024-02-19T21:53:59.321 INFO:teuthology.orchestra.run.smithi143.stderr:/usr/bin/ceph:
2024-02-19T21:53:59.319+0000 7efd12e39700 1 -- 172.21.15.143:0/2701633097 --> [v2:172.21.15.143:3300/0,v1:172.21.15.143:6789/0] -- mon_command({"prefix": "get_command_descriptions"} v 0) v1 -- 0x7efd0c059100 con 0x7efd0c0703f0
2024-02-19T21:53:59.321 INFO:teuthology.orchestra.run.smithi143.stderr:/usr/bin/ceph:
2024-02-19T21:53:59.319+0000 7efd0bfff700 1 --2- 172.21.15.143:0/2701633097 >> [v2:172.21.15.143:6800/1142990465,v1:172.21.15.143:6801/1142990465] conn(0x7efcf002fe10 0x7efcf00322d0 secure :-1 s=READY pgs=14 cs=0 l=1 rev1=1 rx=0x7efcf80096a0 tx=0x7efcf8006b40).ready entity=mgr.14114 client_cookie=0 server_cookie=0 in_seq=0 out_seq=0
2024-02-19T21:53:59.323 INFO:teuthology.orchestra.run.smithi143.stderr:/usr/bin/ceph:
2024-02-19T21:53:59.323+0000 7efd097fa700 1 -- 172.21.15.143:0/2701633097 <== mon.0 v2:172.21.15.143:3300/0 6 ==== mon_command_ack([{"prefix": "get_command_descriptions"}]=0 v0) v1 ==== 72+0+152212 (secure 0 0 0) 0x7efd00016070 con 0x7efd0c0703f0
2024-02-19T21:53:59.507 INFO:teuthology.orchestra.run.smithi143.stderr:/usr/bin/ceph:
2024-02-19T21:53:59.508+0000 7efd12e39700 1 -- 172.21.15.143:0/2701633097 --> [v2:172.21.15.143:3300/0,v1:172.21.15.143:6789/0] -- mon_command({"prefix": "mgr module enable", "module": "prometheus"} v 0) v1 -- 0x7efd0c045ad0 con 0x7efd0c0703f0
2024-02-19T21:53:59.660 INFO:journalctl@ceph.mon.smithi143.smithi143.stdout:Feb 19 21:53:59 smithi143 ceph-38187086-cf71-11ee-95bb-87774f69a715-mon.smithi143[38075]: audit
2024-02-19T21:53:58.199745+0000 mgr.smithi143.bissbc (mgr.14114) 14 : audit [DBG] from='client.14138 -' entity='client.admin' cmd=[{"prefix": "orch apply", "service_type": "crash", "target": ["mon-mgr", ""]}]: dispatch
2024-02-19T21:53:59.660 INFO:journalctl@ceph.mon.smithi143.smithi143.stdout:Feb 19 21:53:59 smithi143 ceph-38187086-cf71-11ee-95bb-87774f69a715-mon.smithi143[38075]: cephadm
2024-02-19T21:53:58.200387+0000 mgr.smithi143.bissbc (mgr.14114) 15 : cephadm [INF] Saving service crash spec with placement *
2024-02-19T21:53:59.660 INFO:journalctl@ceph.mon.smithi143.smithi143.stdout:Feb 19 21:53:59 smithi143 ceph-38187086-cf71-11ee-95bb-87774f69a715-mon.smithi143[38075]: audit
2024-02-19T21:53:58.202540+0000 mon.smithi143 (mon.0) 58 : audit [INF] from='mgr.14114 172.21.15.143:0/3772217404' entity='mgr.smithi143.bissbc'
2024-02-19T21:54:00.208 INFO:teuthology.orchestra.run.smithi143.stderr:/usr/bin/ceph:
2024-02-19T21:54:00.205+0000 7efd097fa700 1 -- 172.21.15.143:0/2701633097 <== mon.0 v2:172.21.15.143:3300/0 7 ==== mgrmap(e 9) v1 ==== 36134+0+0 (secure 0 0 0) 0x7efd00024ca0 con 0x7efd0c0703f0
2024-02-19T21:54:00.208 INFO:teuthology.orchestra.run.smithi143.stderr:/usr/bin/ceph:
2024-02-19T21:54:00.206+0000 7efd097fa700 1 -- 172.21.15.143:0/2701633097 <== mon.0 v2:172.21.15.143:3300/0 8 ==== mon_command_ack([{"prefix": "mgr module enable", "module": "prometheus"}]=0 v9) v1 ==== 89+0+0 (secure 0 0 0) 0x7efd00019d50 con 0x7efd0c0703f0
2024-02-19T21:54:00.208 INFO:teuthology.orchestra.run.smithi143.stderr:/usr/bin/ceph:
2024-02-19T21:54:00.208+0000 7efd12e39700 1 -- 172.21.15.143:0/2701633097 >> [v2:172.21.15.143:6800/1142990465,v1:172.21.15.143:6801/1142990465] conn(0x7efcf002fe10 msgr2=0x7efcf00322d0 secure :-1 s=STATE_CONNECTION_ESTABLISHED l=1).mark_down
2024-02-19T21:54:00.208 INFO:teuthology.orchestra.run.smithi143.stderr:/usr/bin/ceph:
2024-02-19T21:54:00.208+0000 7efd12e39700 1 --2- 172.21.15.143:0/2701633097 >> [v2:172.21.15.143:6800/1142990465,v1:172.21.15.143:6801/1142990465] conn(0x7efcf002fe10 0x7efcf00322d0 secure :-1 s=READY pgs=14 cs=0 l=1 rev1=1 rx=0x7efcf80096a0 tx=0x7efcf8006b40).stop
2024-02-19T21:54:00.209 INFO:teuthology.orchestra.run.smithi143.stderr:/usr/bin/ceph:
