2024-02-19T21:56:13.737 INFO:teuthology.orchestra.run.smithi053.stderr:/usr/bin/ceph:
2024-02-19T21:56:13.736+0000 7fc150236700 1 -- 172.21.15.53:0/3954798525 >> 172.21.15.53:0/3954798525 conn(0x7fc1480f76a0 msgr2=0x7fc1480f8fe0 unknown :-1 s=STATE_NONE l=0).mark_down
2024-02-19T21:56:13.737 INFO:teuthology.orchestra.run.smithi053.stderr:/usr/bin/ceph:
2024-02-19T21:56:13.736+0000 7fc150236700 1 -- 172.21.15.53:0/3954798525 shutdown_connections
2024-02-19T21:56:13.738 INFO:teuthology.orchestra.run.smithi053.stderr:/usr/bin/ceph:
2024-02-19T21:56:13.736+0000 7fc150236700 1 -- 172.21.15.53:0/3954798525 wait complete.
2024-02-19T21:56:14.043 INFO:journalctl@ceph.mon.smithi053.smithi053.stdout:Feb 19 21:56:13 smithi053 ceph-867b6b52-cf71-11ee-95bb-87774f69a715-mon.smithi053[38150]: audit
2024-02-19T21:56:13.054141+0000 mon.smithi053 (mon.0) 59 : audit [INF] from='client.? 172.21.15.53:0/3954798525' entity='client.admin' cmd=[{"prefix": "mgr module enable", "module": "prometheus"}]: dispatch
2024-02-19T21:56:14.456 INFO:teuthology.orchestra.run.smithi053.stderr:Deploying prometheus service with default placement...
2024-02-19T21:56:14.457 INFO:teuthology.orchestra.run.smithi053.stderr:Running command: /bin/podman run --rm --ipc=host --no-hosts --net=host --entrypoint /usr/bin/ceph --init -e CONTAINER_IMAGE=docker.io/ceph/ceph:v16.2.4 -e NODE_NAME=smithi053 -e CEPH_USE_RANDOM_NONCE=1 -v /var/log/ceph/867b6b52-cf71-11ee-95bb-87774f69a715:/var/log/ceph:z -v /tmp/ceph-tmpoyd_8g9j:/etc/ceph/ceph.client.admin.keyring:z -v /tmp/ceph-tmp0zy4ixsn:/etc/ceph/ceph.conf:z docker.io/ceph/ceph:v16.2.4 orch apply prometheus
2024-02-19T21:56:15.044 INFO:journalctl@ceph.mon.smithi053.smithi053.stdout:Feb 19 21:56:14 smithi053 ceph-867b6b52-cf71-11ee-95bb-87774f69a715-mon.smithi053[38150]: audit
2024-02-19T21:56:13.734382+0000 mon.smithi053 (mon.0) 60 : audit [INF] from='client.? 172.21.15.53:0/3954798525' entity='client.admin' cmd='[{"prefix": "mgr module enable", "module": "prometheus"}]': finished
2024-02-19T21:56:15.044 INFO:journalctl@ceph.mon.smithi053.smithi053.stdout:Feb 19 21:56:14 smithi053 ceph-867b6b52-cf71-11ee-95bb-87774f69a715-mon.smithi053[38150]: cluster
2024-02-19T21:56:13.734470+0000 mon.smithi053 (mon.0) 61 : cluster [DBG] mgrmap e9: smithi053.fyhcdi(active, since 14s)
2024-02-19T21:56:15.158 INFO:teuthology.orchestra.run.smithi053.stderr:/usr/bin/ceph:
2024-02-19T21:56:15.157+0000 7f104f59e700 1 Processor -- start
2024-02-19T21:56:15.158 INFO:teuthology.orchestra.run.smithi053.stderr:/usr/bin/ceph:
2024-02-19T21:56:15.157+0000 7f104f59e700 1 -- start start
2024-02-19T21:56:15.158 INFO:teuthology.orchestra.run.smithi053.stderr:/usr/bin/ceph:
2024-02-19T21:56:15.157+0000 7f104f59e700 1 --2- >> [v2:172.21.15.53:3300/0,v1:172.21.15.53:6789/0] conn(0x7f10500681e0 0x7f1050068600 unknown :-1 s=NONE pgs=0 cs=0 l=0 rev1=0 rx=0 tx=0).connect
2024-02-19T21:56:15.158 INFO:teuthology.orchestra.run.smithi053.stderr:/usr/bin/ceph:
2024-02-19T21:56:15.157+0000 7f104f59e700 1 -- --> [v2:172.21.15.53:3300/0,v1:172.21.15.53:6789/0] -- mon_getmap magic: 0 v1 -- 0x7f1050069950 con 0x7f10500681e0
2024-02-19T21:56:15.158 INFO:teuthology.orchestra.run.smithi053.stderr:/usr/bin/ceph:
2024-02-19T21:56:15.157+0000 7f104e59c700 1 --2- >> [v2:172.21.15.53:3300/0,v1:172.21.15.53:6789/0] conn(0x7f10500681e0 0x7f1050068600 unknown :-1 s=BANNER_CONNECTING pgs=0 cs=0 l=0 rev1=0 rx=0 tx=0)._handle_peer_banner_payload supported=1 required=0
2024-02-19T21:56:15.158 INFO:teuthology.orchestra.run.smithi053.stderr:/usr/bin/ceph:
2024-02-19T21:56:15.157+0000 7f104e59c700 1 --2- >> [v2:172.21.15.53:3300/0,v1:172.21.15.53:6789/0] conn(0x7f10500681e0 0x7f1050068600 unknown :-1 s=HELLO_CONNECTING pgs=0 cs=0 l=0 rev1=1 rx=0 tx=0).handle_hello peer v2:172.21.15.53:3300/0 says I am v2:172.21.15.53:36146/0 (socket says 172.21.15.53:36146)
2024-02-19T21:56:15.158 INFO:teuthology.orchestra.run.smithi053.stderr:/usr/bin/ceph:
2024-02-19T21:56:15.158+0000 7f104e59c700 1 -- 172.21.15.53:0/1096766569 learned_addr learned my addr 172.21.15.53:0/1096766569 (peer_addr_for_me v2:172.21.15.53:0/0)
2024-02-19T21:56:15.159 INFO:teuthology.orchestra.run.smithi053.stderr:/usr/bin/ceph:
2024-02-19T21:56:15.158+0000 7f104e59c700 1 -- 172.21.15.53:0/1096766569 --> [v2:172.21.15.53:3300/0,v1:172.21.15.53:6789/0] -- mon_subscribe({config=0+,monmap=0+}) v3 -- 0x7f1050068af0 con 0x7f10500681e0
2024-02-19T21:56:15.159 INFO:teuthology.orchestra.run.smithi053.stderr:/usr/bin/ceph:
2024-02-19T21:56:15.158+0000 7f104e59c700 1 --2- 172.21.15.53:0/1096766569 >> [v2:172.21.15.53:3300/0,v1:172.21.15.53:6789/0] conn(0x7f10500681e0 0x7f1050068600 secure :-1 s=READY pgs=49 cs=0 l=1 rev1=1 rx=0x7f104000b5f0 tx=0x7f1040006ee0).ready entity=mon.0 client_cookie=52650f1e87f4556e server_cookie=0 in_seq=0 out_seq=0
2024-02-19T21:56:15.160 INFO:teuthology.orchestra.run.smithi053.stderr:/usr/bin/ceph:
2024-02-19T21:56:15.158+0000 7f104d59a700 1 -- 172.21.15.53:0/1096766569 <== mon.0 v2:172.21.15.53:3300/0 1 ==== mon_map magic: 0 v1 ==== 229+0+0 (secure 0 0 0) 0x7f104000d600 con 0x7f10500681e0
2024-02-19T21:56:15.160 INFO:teuthology.orchestra.run.smithi053.stderr:/usr/bin/ceph:
2024-02-19T21:56:15.158+0000 7f104d59a700 1 -- 172.21.15.53:0/1096766569 <== mon.0 v2:172.21.15.53:3300/0 2 ==== config(26 keys) v1 ==== 1045+0+0 (secure 0 0 0) 0x7f104000dbf0 con 0x7f10500681e0
2024-02-19T21:56:15.160 INFO:teuthology.orchestra.run.smithi053.stderr:/usr/bin/ceph:
2024-02-19T21:56:15.158+0000 7f104d59a700 1 -- 172.21.15.53:0/1096766569 <== mon.0 v2:172.21.15.53:3300/0 3 ==== mon_map magic: 0 v1 ==== 229+0+0 (secure 0 0 0) 0x7f1040011cb0 con 0x7f10500681e0
2024-02-19T21:56:15.160 INFO:teuthology.orchestra.run.smithi053.stderr:/usr/bin/ceph:
2024-02-19T21:56:15.159+0000 7f104f59e700 1 -- 172.21.15.53:0/1096766569 >> [v2:172.21.15.53:3300/0,v1:172.21.15.53:6789/0] conn(0x7f10500681e0 msgr2=0x7f1050068600 secure :-1 s=STATE_CONNECTION_ESTABLISHED l=1).mark_down
2024-02-19T21:56:15.160 INFO:teuthology.orchestra.run.smithi053.stderr:/usr/bin/ceph:
2024-02-19T21:56:15.159+0000 7f104f59e700 1 --2- 172.21.15.53:0/1096766569 >> [v2:172.21.15.53:3300/0,v1:172.21.15.53:6789/0] conn(0x7f10500681e0 0x7f1050068600 secure :-1 s=READY pgs=49 cs=0 l=1 rev1=1 rx=0x7f104000b5f0 tx=0x7f1040006ee0).stop
2024-02-19T21:56:15.161 INFO:teuthology.orchestra.run.smithi053.stderr:/usr/bin/ceph:
2024-02-19T21:56:15.159+0000 7f104f59e700 1 -- 172.21.15.53:0/1096766569 shutdown_connections
2024-02-19T21:56:15.161 INFO:teuthology.orchestra.run.smithi053.stderr:/usr/bin/ceph:
2024-02-19T21:56:15.159+0000 7f104f59e700 1 --2- 172.21.15.53:0/1096766569 >> [v2:172.21.15.53:3300/0,v1:172.21.15.53:6789/0] conn(0x7f10500681e0 0x7f1050068600 unknown :-1 s=CLOSED pgs=49 cs=0 l=1 rev1=1 rx=0 tx=0).stop
2024-02-19T21:56:15.161 INFO:teuthology.orchestra.run.smithi053.stderr:/usr/bin/ceph:
2024-02-19T21:56:15.159+0000 7f104f59e700 1 -- 172.21.15.53:0/1096766569 >> 172.21.15.53:0/1096766569 conn(0x7f1050063ba0 msgr2=0x7f1050065fc0 unknown :-1 s=STATE_NONE l=0).mark_down
2024-02-19T21:56:15.161 INFO:teuthology.orchestra.run.smithi053.stderr:/usr/bin/ceph:
2024-02-19T21:56:15.159+0000 7f104f59e700 1 -- 172.21.15.53:0/1096766569 shutdown_connections
2024-02-19T21:56:15.161 INFO:teuthology.orchestra.run.smithi053.stderr:/usr/bin/ceph:
2024-02-19T21:56:15.159+0000 7f104f59e700 1 -- 172.21.15.53:0/1096766569 wait complete.
2024-02-19T21:56:15.161 INFO:teuthology.orchestra.run.smithi053.stderr:/usr/bin/ceph:
2024-02-19T21:56:15.160+0000 7f104f59e700 1 Processor -- start
2024-02-19T21:56:15.162 INFO:teuthology.orchestra.run.smithi053.stderr:/usr/bin/ceph:
2024-02-19T21:56:15.160+0000 7f104f59e700 1 -- start start
2024-02-19T21:56:15.162 INFO:teuthology.orchestra.run.smithi053.stderr:/usr/bin/ceph:
2024-02-19T21:56:15.160+0000 7f104f59e700 1 --2- >> [v2:172.21.15.53:3300/0,v1:172.21.15.53:6789/0] conn(0x7f10500681e0 0x7f1050115380 unknown :-1 s=NONE pgs=0 cs=0 l=1 rev1=0 rx=0 tx=0).connect
2024-02-19T21:56:15.162 INFO:teuthology.orchestra.run.smithi053.stderr:/usr/bin/ceph:
2024-02-19T21:56:15.160+0000 7f104f59e700 1 -- --> [v2:172.21.15.53:3300/0,v1:172.21.15.53:6789/0] -- mon_getmap magic: 0 v1 -- 0x7f1050115870 con 0x7f10500681e0
2024-02-19T21:56:15.162 INFO:teuthology.orchestra.run.smithi053.stderr:/usr/bin/ceph:
2024-02-19T21:56:15.160+0000 7f104e59c700 1 --2- >> [v2:172.21.15.53:3300/0,v1:172.21.15.53:6789/0] conn(0x7f10500681e0 0x7f1050115380 unknown :-1 s=BANNER_CONNECTING pgs=0 cs=0 l=1 rev1=0 rx=0 tx=0)._handle_peer_banner_payload supported=1 required=0
2024-02-19T21:56:15.162 INFO:teuthology.orchestra.run.smithi053.stderr:/usr/bin/ceph:
2024-02-19T21:56:15.160+0000 7f104e59c700 1 --2- >> [v2:172.21.15.53:3300/0,v1:172.21.15.53:6789/0] conn(0x7f10500681e0 0x7f1050115380 unknown :-1 s=HELLO_CONNECTING pgs=0 cs=0 l=1 rev1=1 rx=0 tx=0).handle_hello peer v2:172.21.15.53:3300/0 says I am v2:172.21.15.53:36156/0 (socket says 172.21.15.53:36156)
2024-02-19T21:56:15.162 INFO:teuthology.orchestra.run.smithi053.stderr:/usr/bin/ceph:
2024-02-19T21:56:15.160+0000 7f104e59c700 1 -- 172.21.15.53:0/875972132 learned_addr learned my addr 172.21.15.53:0/875972132 (peer_addr_for_me v2:172.21.15.53:0/0)
2024-02-19T21:56:15.163 INFO:teuthology.orchestra.run.smithi053.stderr:/usr/bin/ceph:
2024-02-19T21:56:15.160+0000 7f104e59c700 1 -- 172.21.15.53:0/875972132 --> [v2:172.21.15.53:3300/0,v1:172.21.15.53:6789/0] -- mon_subscribe({config=0+,monmap=0+}) v3 -- 0x7f104000b200 con 0x7f10500681e0
2024-02-19T21:56:15.163 INFO:teuthology.orchestra.run.smithi053.stderr:/usr/bin/ceph:
2024-02-19T21:56:15.161+0000 7f104e59c700 1 --2- 172.21.15.53:0/875972132 >> [v2:172.21.15.53:3300/0,v1:172.21.15.53:6789/0] conn(0x7f10500681e0 0x7f1050115380 secure :-1 s=READY pgs=50 cs=0 l=1 rev1=1 rx=0x7f104000b190 tx=0x7f1040006ee0).ready entity=mon.0 client_cookie=0 server_cookie=0 in_seq=0 out_seq=0
2024-02-19T21:56:15.163 INFO:teuthology.orchestra.run.smithi053.stderr:/usr/bin/ceph:
2024-02-19T21:56:15.161+0000 7f103effd700 1 -- 172.21.15.53:0/875972132 <== mon.0 v2:172.21.15.53:3300/0 1 ==== mon_map magic: 0 v1 ==== 229+0+0 (secure 0 0 0) 0x7f104001b410 con 0x7f10500681e0
2024-02-19T21:56:15.163 INFO:teuthology.orchestra.run.smithi053.stderr:/usr/bin/ceph:
2024-02-19T21:56:15.161+0000 7f103effd700 1 -- 172.21.15.53:0/875972132 <== mon.0 v2:172.21.15.53:3300/0 2 ==== config(26 keys) v1 ==== 1045+0+0 (secure 0 0 0) 0x7f104001ba00 con 0x7f10500681e0
2024-02-19T21:56:15.164 INFO:teuthology.orchestra.run.smithi053.stderr:/usr/bin/ceph:
2024-02-19T21:56:15.161+0000 7f103effd700 1 -- 172.21.15.53:0/875972132 <== mon.0 v2:172.21.15.53:3300/0 3 ==== mon_map magic: 0 v1 ==== 229+0+0 (secure 0 0 0) 0x7f104001a920 con 0x7f10500681e0
2024-02-19T21:56:15.164 INFO:teuthology.orchestra.run.smithi053.stderr:/usr/bin/ceph:
2024-02-19T21:56:15.161+0000 7f104f59e700 1 -- 172.21.15.53:0/875972132 --> [v2:172.21.15.53:3300/0,v1:172.21.15.53:6789/0] -- mon_subscribe({mgrmap=0+}) v3 -- 0x7f1050115a70 con 0x7f10500681e0
2024-02-19T21:56:15.164 INFO:teuthology.orchestra.run.smithi053.stderr:/usr/bin/ceph:
2024-02-19T21:56:15.161+0000 7f104f59e700 1 -- 172.21.15.53:0/875972132 --> [v2:172.21.15.53:3300/0,v1:172.21.15.53:6789/0] -- mon_subscribe({osdmap=0}) v3 -- 0x7f1050115f00 con 0x7f10500681e0
2024-02-19T21:56:15.164 INFO:teuthology.orchestra.run.smithi053.stderr:/usr/bin/ceph:
2024-02-19T21:56:15.162+0000 7f103effd700 1 -- 172.21.15.53:0/875972132 <== mon.0 v2:172.21.15.53:3300/0 4 ==== mgrmap(e 9) v1 ==== 36134+0+0 (secure 0 0 0) 0x7f104000f070 con 0x7f10500681e0
2024-02-19T21:56:15.164 INFO:teuthology.orchestra.run.smithi053.stderr:/usr/bin/ceph:
2024-02-19T21:56:15.162+0000 7f104f59e700 1 -- 172.21.15.53:0/875972132 --> [v2:172.21.15.53:3300/0,v1:172.21.15.53:6789/0] -- mon_command({"prefix": "get_command_descriptions"} v 0) v1 -- 0x7f1050045ad0 con 0x7f10500681e0
2024-02-19T21:56:15.164 INFO:teuthology.orchestra.run.smithi053.stderr:/usr/bin/ceph:
2024-02-19T21:56:15.162+0000 7f103effd700 1 --2- 172.21.15.53:0/875972132 >> [v2:172.21.15.53:6800/1863695699,v1:172.21.15.53:6801/1863695699] conn(0x7f1034038720 0x7f103403abe0 unknown :-1 s=NONE pgs=0 cs=0 l=1 rev1=0 rx=0 tx=0).connect
2024-02-19T21:56:15.164 INFO:teuthology.orchestra.run.smithi053.stderr:/usr/bin/ceph:
2024-02-19T21:56:15.162+0000 7f103effd700 1 -- 172.21.15.53:0/875972132 <== mon.0 v2:172.21.15.53:3300/0 5 ==== osd_map(2..2 src has 1..2) v4 ==== 926+0+0 (secure 0 0 0) 0x7f1040041310 con 0x7f10500681e0
2024-02-19T21:56:15.164 INFO:teuthology.orchestra.run.smithi053.stderr:/usr/bin/ceph:
2024-02-19T21:56:15.164+0000 7f104dd9b700 1 -- 172.21.15.53:0/875972132 >> [v2:172.21.15.53:6800/1863695699,v1:172.21.15.53:6801/1863695699] conn(0x7f1034038720 msgr2=0x7f103403abe0 unknown :-1 s=STATE_CONNECTING_RE l=1).process reconnect failed to v2:172.21.15.53:6800/1863695699
2024-02-19T21:56:15.165 INFO:teuthology.orchestra.run.smithi053.stderr:/usr/bin/ceph:
2024-02-19T21:56:15.164+0000 7f104dd9b700 1 --2- 172.21.15.53:0/875972132 >> [v2:172.21.15.53:6800/1863695699,v1:172.21.15.53:6801/1863695699] conn(0x7f1034038720 0x7f103403abe0 unknown :-1 s=START_CONNECT pgs=0 cs=0 l=1 rev1=0 rx=0 tx=0)._fault waiting 0.200000
2024-02-19T21:56:15.166 INFO:teuthology.orchestra.run.smithi053.stderr:/usr/bin/ceph:
2024-02-19T21:56:15.167+0000 7f103effd700 1 -- 172.21.15.53:0/875972132 <== mon.0 v2:172.21.15.53:3300/0 6 ==== mon_command_ack([{"prefix": "get_command_descriptions"}]=0 v0) v1 ==== 72+0+152212 (secure 0 0 0) 0x7f1040010360 con 0x7f10500681e0
2024-02-19T21:56:15.356 INFO:teuthology.orchestra.run.smithi053.stderr:/usr/bin/ceph:
2024-02-19T21:56:15.356+0000 7f104f59e700 1 -- 172.21.15.53:0/875972132 --> [v2:172.21.15.53:6800/1863695699,v1:172.21.15.53:6801/1863695699] -- mgr_command(tid 0: {"prefix": "orch apply", "service_type": "prometheus", "target": ["mon-mgr", ""]}) v1 -- 0x7f1050116760 con 0x7f1034038720
2024-02-19T21:56:15.365 INFO:teuthology.orchestra.run.smithi053.stderr:/usr/bin/ceph:
2024-02-19T21:56:15.365+0000 7f104dd9b700 1 -- 172.21.15.53:0/875972132 >> [v2:172.21.15.53:6800/1863695699,v1:172.21.15.53:6801/1863695699] conn(0x7f1034038720 msgr2=0x7f103403abe0 unknown :-1 s=STATE_CONNECTING_RE l=1).process reconnect failed to v2:172.21.15.53:6800/1863695699
2024-02-19T21:56:15.365 INFO:teuthology.orchestra.run.smithi053.stderr:/usr/bin/ceph:
2024-02-19T21:56:15.365+0000 7f104dd9b700 1 --2- 172.21.15.53:0/875972132 >> [v2:172.21.15.53:6800/1863695699,v1:172.21.15.53:6801/1863695699] conn(0x7f1034038720 0x7f103403abe0 unknown :-1 s=START_CONNECT pgs=0 cs=0 l=1 rev1=0 rx=0 tx=0)._fault waiting 0.400000
2024-02-19T21:56:15.766 INFO:teuthology.orchestra.run.smithi053.stderr:/usr/bin/ceph:
2024-02-19T21:56:15.766+0000 7f104dd9b700 1 -- 172.21.15.53:0/875972132 >> [v2:172.21.15.53:6800/1863695699,v1:172.21.15.53:6801/1863695699] conn(0x7f1034038720 msgr2=0x7f103403abe0 unknown :-1 s=STATE_CONNECTING_RE l=1).process reconnect failed to v2:172.21.15.53:6800/1863695699
2024-02-19T21:56:15.766 INFO:teuthology.orchestra.run.smithi053.stderr:/usr/bin/ceph:
2024-02-19T21:56:15.766+0000 7f104dd9b700 1 --2- 172.21.15.53:0/875972132 >> [v2:172.21.15.53:6800/1863695699,v1:172.21.15.53:6801/1863695699] conn(0x7f1034038720 0x7f103403abe0 unknown :-1 s=START_CONNECT pgs=0 cs=0 l=1 rev1=0 rx=0 tx=0)._fault waiting 0.800000
2024-02-19T21:56:16.567 INFO:teuthology.orchestra.run.smithi053.stderr:/usr/bin/ceph:
2024-02-19T21:56:16.567+0000 7f104dd9b700 1 -- 172.21.15.53:0/875972132 >> [v2:172.21.15.53:6800/1863695699,v1:172.21.15.53:6801/1863695699] conn(0x7f1034038720 msgr2=0x7f103403abe0 unknown :-1 s=STATE_CONNECTING_RE l=1).process reconnect failed to v2:172.21.15.53:6800/1863695699
2024-02-19T21:56:16.567 INFO:teuthology.orchestra.run.smithi053.stderr:/usr/bin/ceph:
2024-02-19T21:56:16.567+0000 7f104dd9b700 1 --2- 172.21.15.53:0/875972132 >> [v2:172.21.15.53:6800/1863695699,v1:172.21.15.53:6801/1863695699] conn(0x7f1034038720 0x7f103403abe0 unknown :-1 s=START_CONNECT pgs=0 cs=0 l=1 rev1=0 rx=0 tx=0)._fault waiting 1.600000
2024-02-19T21:56:18.168 INFO:teuthology.orchestra.run.smithi053.stderr:/usr/bin/ceph:
2024-02-19T21:56:18.168+0000 7f104dd9b700 1 -- 172.21.15.53:0/875972132 >> [v2:172.21.15.53:6800/1863695699,v1:172.21.15.53:6801/1863695699] conn(0x7f1034038720 msgr2=0x7f103403abe0 unknown :-1 s=STATE_CONNECTING_RE l=1).process reconnect failed to v2:172.21.15.53:6800/1863695699
2024-02-19T21:56:18.168 INFO:teuthology.orchestra.run.smithi053.stderr:/usr/bin/ceph:
2024-02-19T21:56:18.168+0000 7f104dd9b700 1 --2- 172.21.15.53:0/875972132 >> [v2:172.21.15.53:6800/1863695699,v1:172.21.15.53:6801/1863695699] conn(0x7f1034038720 0x7f103403abe0 unknown :-1 s=START_CONNECT pgs=0 cs=0 l=1 rev1=0 rx=0 tx=0)._fault waiting 3.200000
2024-02-19T21:56:19.029 INFO:teuthology.orchestra.run.smithi053.stderr:/usr/bin/ceph:
2024-02-19T21:56:19.028+0000 7f103effd700 1 -- 172.21.15.53:0/875972132 <== mon.0 v2:172.21.15.53:3300/0 7 ==== mgrmap(e 10) v1 ==== 35984+0+0 (secure 0 0 0) 0x7f1040025980 con 0x7f10500681e0
2024-02-19T21:56:19.029 INFO:teuthology.orchestra.run.smithi053.stderr:/usr/bin/ceph:
2024-02-19T21:56:19.028+0000 7f103effd700 1 -- 172.21.15.53:0/875972132 >> [v2:172.21.15.53:6800/1863695699,v1:172.21.15.53:6801/1863695699] conn(0x7f1034038720 msgr2=0x7f103403abe0 unknown :-1 s=STATE_CONNECTING l=1).mark_down
2024-02-19T21:56:19.029 INFO:teuthology.orchestra.run.smithi053.stderr:/usr/bin/ceph:
2024-02-19T21:56:19.028+0000 7f103effd700 1 --2- 172.21.15.53:0/875972132 >> [v2:172.21.15.53:6800/1863695699,v1:172.21.15.53:6801/1863695699] conn(0x7f1034038720 0x7f103403abe0 unknown :-1 s=START_CONNECT pgs=0 cs=0 l=1 rev1=0 rx=0 tx=0).stop
2024-02-19T21:56:20.031 INFO:teuthology.orchestra.run.smithi053.stderr:/usr/bin/ceph:
2024-02-19T21:56:20.030+0000 7f103effd700 1 -- 172.21.15.53:0/875972132 <== mon.0 v2:172.21.15.53:3300/0 8 ==== mgrmap(e 11) v1 ==== 36054+0+0 (secure 0 0 0) 0x7f104003d590 con 0x7f10500681e0
2024-02-19T21:56:20.031 INFO:teuthology.orchestra.run.smithi053.stderr:/usr/bin/ceph:
2024-02-19T21:56:20.030+0000 7f103effd700 1 --2- 172.21.15.53:0/875972132 >> [v2:172.21.15.53:6800/2447819309,v1:172.21.15.53:6801/2447819309] conn(0x7f103403c540 0x7f103403e930 unknown :-1 s=NONE pgs=0 cs=0 l=1 rev1=0 rx=0 tx=0).connect
2024-02-19T21:56:20.031 INFO:teuthology.orchestra.run.smithi053.stderr:/usr/bin/ceph:
2024-02-19T21:56:20.030+0000 7f103effd700 1 -- 172.21.15.53:0/875972132 --> [v2:172.21.15.53:6800/2447819309,v1:172.21.15.53:6801/2447819309] -- mgr_command(tid 0: {"prefix": "orch apply", "service_type": "prometheus", "target": ["mon-mgr", ""]}) v1 -- 0x7f1050116760 con 0x7f103403c540
2024-02-19T21:56:20.031 INFO:teuthology.orchestra.run.smithi053.stderr:/usr/bin/ceph:
2024-02-19T21:56:20.030+0000 7f104dd9b700 1 --2- 172.21.15.53:0/875972132 >> [v2:172.21.15.53:6800/2447819309,v1:172.21.15.53:6801/2447819309] conn(0x7f103403c540 0x7f103403e930 unknown :-1 s=BANNER_CONNECTING pgs=0 cs=0 l=1 rev1=0 rx=0 tx=0)._handle_peer_banner_payload supported=1 required=0
2024-02-19T21:56:20.031 INFO:teuthology.orchestra.run.smithi053.stderr:/usr/bin/ceph:
2024-02-19T21:56:20.031+0000 7f104dd9b700 1 --2- 172.21.15.53:0/875972132 >> [v2:172.21.15.53:6800/2447819309,v1:172.21.15.53:6801/2447819309] conn(0x7f103403c540 0x7f103403e930 secure :-1 s=READY pgs=1 cs=0 l=1 rev1=1 rx=0x7f1044006fd0 tx=0x7f1044006db0).ready entity=mgr.14142 client_cookie=0 server_cookie=0 in_seq=0 out_seq=0
2024-02-19T21:56:20.035 INFO:teuthology.orchestra.run.smithi053.stderr:/usr/bin/ceph:
2024-02-19T21:56:20.035+0000 7f103effd700 1 -- 172.21.15.53:0/875972132 <== mgr.14142 v2:172.21.15.53:6800/2447819309 1 ==== mgr_command_reply(tid 0: 0 ) v1 ==== 8+0+31 (secure 0 0 0) 0x7f1050116760 con 0x7f103403c540
2024-02-19T21:56:20.035 INFO:teuthology.orchestra.run.smithi053.stderr:/usr/bin/ceph: Scheduled prometheus update...
2024-02-19T21:56:20.038 INFO:teuthology.orchestra.run.smithi053.stderr:/usr/bin/ceph:
2024-02-19T21:56:20.037+0000 7f104f59e700 1 -- 172.21.15.53:0/875972132 >> [v2:172.21.15.53:6800/2447819309,v1:172.21.15.53:6801/2447819309] conn(0x7f103403c540 msgr2=0x7f103403e930 secure :-1 s=STATE_CONNECTION_ESTABLISHED l=1).mark_down
2024-02-19T21:56:20.038 INFO:teuthology.orchestra.run.smithi053.stderr:/usr/bin/ceph:
2024-02-19T21:56:20.037+0000 7f104f59e700 1 --2- 172.21.15.53:0/875972132 >> [v2:172.21.15.53:6800/2447819309,v1:172.21.15.53:6801/2447819309] conn(0x7f103403c540 0x7f103403e930 secure :-1 s=READY pgs=1 cs=0 l=1 rev1=1 rx=0x7f1044006fd0 tx=0x7f1044006db0).stop
2024-02-19T21:56:20.039 INFO:teuthology.orchestra.run.smithi053.stderr:/usr/bin/ceph:
2024-02-19T21:56:20.038+0000 7f104f59e700 1 -- 172.21.15.53:0/875972132 >> [v2:172.21.15.53:3300/0,v1:172.21.15.53:6789/0] conn(0x7f10500681e0 msgr2=0x7f1050115380 secure :-1 s=STATE_CONNECTION_ESTABLISHED l=1).mark_down
2024-02-19T21:56:20.039 INFO:teuthology.orchestra.run.smithi053.stderr:/usr/bin/ceph:
2024-02-19T21:56:20.038+0000 7f104f59e700 1 --2- 172.21.15.53:0/875972132 >> [v2:172.21.15.53:3300/0,v1:172.21.15.53:6789/0] conn(0x7f10500681e0 0x7f1050115380 secure :-1 s=READY pgs=50 cs=0 l=1 rev1=1 rx=0x7f104000b190 tx=0x7f1040006ee0).stop
2024-02-19T21:56:20.039 INFO:teuthology.orchestra.run.smithi053.stderr:/usr/bin/ceph:
2024-02-19T21:56:20.038+0000 7f104f59e700 1 -- 172.21.15.53:0/875972132 shutdown_connections
2024-02-19T21:56:20.039 INFO:teuthology.orchestra.run.smithi053.stderr:/usr/bin/ceph:
2024-02-19T21:56:20.038+0000 7f104f59e700 1 --2- 172.21.15.53:0/875972132 >> [v2:172.21.15.53:3300/0,v1:172.21.15.53:6789/0] conn(0x7f10500681e0 0x7f1050115380 unknown :-1 s=CLOSED pgs=50 cs=0 l=1 rev1=1 rx=0 tx=0).stop
2024-02-19T21:56:20.039 INFO:teuthology.orchestra.run.smithi053.stderr:/usr/bin/ceph:
2024-02-19T21:56:20.038+0000 7f104f59e700 1 --2- 172.21.15.53:0/875972132 >> [v2:172.21.15.53:6800/2447819309,v1:172.21.15.53:6801/2447819309] conn(0x7f103403c540 0x7f103403e930 unknown :-1 s=CLOSED pgs=1 cs=0 l=1 rev1=1 rx=0 tx=0).stop
2024-02-19T21:56:20.039 INFO:teuthology.orchestra.run.smithi053.stderr:/usr/bin/ceph:
2024-02-19T21:56:20.038+0000 7f104f59e700 1 --2- 172.21.15.53:0/875972132 >> [v2:172.21.15.53:6800/1863695699,v1:172.21.15.53:6801/1863695699] conn(0x7f1034038720 0x7f103403abe0 unknown :-1 s=CLOSED pgs=0 cs=0 l=1 rev1=0 rx=0 tx=0).stop
2024-02-19T21:56:20.039 INFO:teuthology.orchestra.run.smithi053.stderr:/usr/bin/ceph:
2024-02-19T21:56:20.038+0000 7f104f59e700 1 -- 172.21.15.53:0/875972132 >> 172.21.15.53:0/875972132 conn(0x7f1050063ba0 msgr2=0x7f1050066450 unknown :-1 s=STATE_NONE l=0).mark_down
2024-02-19T21:56:20.039 INFO:teuthology.orchestra.run.smithi053.stderr:/usr/bin/ceph:
2024-02-19T21:56:20.038+0000 7f104f59e700 1 -- 172.21.15.53:0/875972132 shutdown_connections
2024-02-19T21:56:20.039 INFO:teuthology.orchestra.run.smithi053.stderr:/usr/bin/ceph:
2024-02-19T21:56:20.038+0000 7f104f59e700 1 -- 172.21.15.53:0/875972132 wait complete.
2024-02-19T21:56:20.293 INFO:journalctl@ceph.mon.smithi053.smithi053.stdout:Feb 19 21:56:19 smithi053 ceph-867b6b52-cf71-11ee-95bb-87774f69a715-mon.smithi053[38150]: cluster
2024-02-19T21:56:18.977851+0000 mon.smithi053 (mon.0) 62 : cluster [INF] Active manager daemon smithi053.fyhcdi restarted
2024-02-19T21:56:20.294 INFO:journalctl@ceph.mon.smithi053.smithi053.stdout:Feb 19 21:56:19 smithi053 ceph-867b6b52-cf71-11ee-95bb-87774f69a715-mon.smithi053[38150]: cluster
2024-02-19T21:56:18.978250+0000 mon.smithi053 (mon.0) 63 : cluster [INF] Activating manager daemon smithi053.fyhcdi
2024-02-19T21:56:20.294 INFO:journalctl@ceph.mon.smithi053.smithi053.stdout:Feb 19 21:56:19 smithi053 ceph-867b6b52-cf71-11ee-95bb-87774f69a715-mon.smithi053[38150]: cluster
2024-02-19T21:56:18.979904+0000 mon.smithi053 (mon.0) 64 : cluster [DBG] osdmap e3: 0 total, 0 up, 0 in
2024-02-19T21:56:20.294 INFO:journalctl@ceph.mon.smithi053.smithi053.stdout:Feb 19 21:56:19 smithi053 ceph-867b6b52-cf71-11ee-95bb-87774f69a715-mon.smithi053[38150]: cluster
2024-02-19T21:56:19.030764+0000 mon.smithi053 (mon.0) 65 : cluster [DBG] mgrmap e10: smithi053.fyhcdi(active, starting, since 0.0526013s)
2024-02-19T21:56:20.294 INFO:journalctl@ceph.mon.smithi053.smithi053.stdout:Feb 19 21:56:19 smithi053 ceph-867b6b52-cf71-11ee-95bb-87774f69a715-mon.smithi053[38150]: audit
2024-02-19T21:56:19.031862+0000 mon.smithi053 (mon.0) 66 : audit [DBG] from='mgr.14142 172.21.15.53:0/2487765561' entity='mgr.smithi053.fyhcdi' cmd=[{"prefix": "mon metadata", "id": "smithi053"}]: dispatch
2024-02-19T21:56:20.294 INFO:journalctl@ceph.mon.smithi053.smithi053.stdout:Feb 19 21:56:19 smithi053 ceph-867b6b52-cf71-11ee-95bb-87774f69a715-mon.smithi053[38150]: audit
2024-02-19T21:56:19.032622+0000 mon.smithi053 (mon.0) 67 : audit [DBG] from='mgr.14142 172.21.15.53:0/2487765561' entity='mgr.smithi053.fyhcdi' cmd=[{"prefix": "mgr metadata", "who": "smithi053.fyhcdi", "id": "smithi053.fyhcdi"}]: dispatch
2024-02-19T21:56:20.294 INFO:journalctl@ceph.mon.smithi053.smithi053.stdout:Feb 19 21:56:19 smithi053 ceph-867b6b52-cf71-11ee-95bb-87774f69a715-mon.smithi053[38150]: audit
2024-02-19T21:56:19.033417+0000 mon.smithi053 (mon.0) 68 : audit [DBG] from='mgr.14142 172.21.15.53:0/2487765561' entity='mgr.smithi053.fyhcdi' cmd=[{"prefix": "mds metadata"}]: dispatch
2024-02-19T21:56:20.294 INFO:journalctl@ceph.mon.smithi053.smithi053.stdout:Feb 19 21:56:19 smithi053 ceph-867b6b52-cf71-11ee-95bb-87774f69a715-mon.smithi053[38150]: audit
2024-02-19T21:56:19.033656+0000 mon.smithi053 (mon.0) 69 : audit [DBG] from='mgr.14142 172.21.15.53:0/2487765561' entity='mgr.smithi053.fyhcdi' cmd=[{"prefix": "osd metadata"}]: dispatch
2024-02-19T21:56:20.294 INFO:journalctl@ceph.mon.smithi053.smithi053.stdout:Feb 19 21:56:19 smithi053 ceph-867b6b52-cf71-11ee-95bb-87774f69a715-mon.smithi053[38150]: audit
2024-02-19T21:56:19.033865+0000 mon.smithi053 (mon.0) 70 : audit [DBG] from='mgr.14142 172.21.15.53:0/2487765561' entity='mgr.smithi053.fyhcdi' cmd=[{"prefix": "mon metadata"}]: dispatch
2024-02-19T21:56:20.294 INFO:journalctl@ceph.mon.smithi053.smithi053.stdout:Feb 19 21:56:19 smithi053 ceph-867b6b52-cf71-11ee-95bb-87774f69a715-mon.smithi053[38150]: cluster
2024-02-19T21:56:19.035933+0000 mon.smithi053 (mon.0) 71 : cluster [INF] Manager daemon smithi053.fyhcdi is now available
2024-02-19T21:56:20.294 INFO:journalctl@ceph.mon.smithi053.smithi053.stdout:Feb 19 21:56:19 smithi053 ceph-867b6b52-cf71-11ee-95bb-87774f69a715-mon.smithi053[38150]: audit
2024-02-19T21:56:19.139973+0000 mon.smithi053 (mon.0) 72 : audit [DBG] from='mgr.14142 172.21.15.53:0/2487765561' entity='mgr.smithi053.fyhcdi' cmd=[{"prefix": "config dump", "format": "json"}]: dispatch
2024-02-19T21:56:20.294 INFO:journalctl@ceph.mon.smithi053.smithi053.stdout:Feb 19 21:56:19 smithi053 ceph-867b6b52-cf71-11ee-95bb-87774f69a715-mon.smithi053[38150]: audit
2024-02-19T21:56:19.141509+0000 mon.smithi053 (mon.0) 73 : audit [DBG] from='mgr.14142 172.21.15.53:0/2487765561' entity='mgr.smithi053.fyhcdi' cmd=[{"prefix": "config dump", "format": "json"}]: dispatch
2024-02-19T21:56:20.294 INFO:journalctl@ceph.mon.smithi053.smithi053.stdout:Feb 19 21:56:19 smithi053 ceph-867b6b52-cf71-11ee-95bb-87774f69a715-mon.smithi053[38150]: audit
2024-02-19T21:56:19.157399+0000 mon.smithi053 (mon.0) 74 : audit [INF] from='mgr.14142 172.21.15.53:0/2487765561' entity='mgr.smithi053.fyhcdi' cmd=[{"prefix":"config rm","who":"mgr","name":"mgr/rbd_support/smithi053.fyhcdi/mirror_snapshot_schedule"}]: dispatch
2024-02-19T21:56:20.295 INFO:journalctl@ceph.mon.smithi053.smithi053.stdout:Feb 19 21:56:19 smithi053 ceph-867b6b52-cf71-11ee-95bb-87774f69a715-mon.smithi053[38150]: audit
2024-02-19T21:56:19.159309+0000 mon.smithi053 (mon.0) 75 : audit [INF] from='mgr.14142 172.21.15.53:0/2487765561' entity='mgr.smithi053.fyhcdi' cmd=[{"prefix":"config rm","who":"mgr","name":"mgr/rbd_support/smithi053.fyhcdi/trash_purge_schedule"}]: dispatch
2024-02-19T21:56:20.567 INFO:teuthology.orchestra.run.smithi053.stderr:Deploying grafana service with default placement...
2024-02-19T21:56:20.567 INFO:teuthology.orchestra.run.smithi053.stderr:Running command: /bin/podman run --rm --ipc=host --no-hosts --net=host --entrypoint /usr/bin/ceph --init -e CONTAINER_IMAGE=docker.io/ceph/ceph:v16.2.4 -e NODE_NAME=smithi053 -e CEPH_USE_RANDOM_NONCE=1 -v /var/log/ceph/867b6b52-cf71-11ee-95bb-87774f69a715:/var/log/ceph:z -v /tmp/ceph-tmpoyd_8g9j:/etc/ceph/ceph.client.admin.keyring:z -v /tmp/ceph-tmp0zy4ixsn:/etc/ceph/ceph.conf:z docker.io/ceph/ceph:v16.2.4 orch apply grafana
2024-02-19T21:56:21.043 INFO:journalctl@ceph.mon.smithi053.smithi053.stdout:Feb 19 21:56:21 smithi053 ceph-867b6b52-cf71-11ee-95bb-87774f69a715-mon.smithi053[38150]: cluster
2024-02-19T21:56:20.033355+0000 mon.smithi053 (mon.0) 76 : cluster [DBG] mgrmap e11: smithi053.fyhcdi(active, since 1.05519s)
2024-02-19T21:56:21.044 INFO:journalctl@ceph.mon.smithi053.smithi053.stdout:Feb 19 21:56:21 smithi053 ceph-867b6b52-cf71-11ee-95bb-87774f69a715-mon.smithi053[38150]: cephadm
2024-02-19T21:56:20.034350+0000 mgr.smithi053.fyhcdi (mgr.14142) 2 : cephadm [INF] Saving service prometheus spec with placement count:1
2024-02-19T21:56:21.044 INFO:journalctl@ceph.mon.smithi053.smithi053.stdout:Feb 19 21:56:21 smithi053 ceph-867b6b52-cf71-11ee-95bb-87774f69a715-mon.smithi053[38150]: audit
2024-02-19T21:56:20.036564+0000 mon.smithi053 (mon.0) 77 : audit [INF] from='mgr.14142 172.21.15.53:0/2487765561' entity='mgr.smithi053.fyhcdi'
2024-02-19T21:56:21.114 INFO:teuthology.orchestra.run.smithi053.stderr:/usr/bin/ceph:
2024-02-19T21:56:21.113+0000 7f7cb0be4700 1 Processor -- start
2024-02-19T21:56:21.114 INFO:teuthology.orchestra.run.smithi053.stderr:/usr/bin/ceph:
2024-02-19T21:56:21.113+0000 7f7cb0be4700 1 -- start start
2024-02-19T21:56:21.115 INFO:teuthology.orchestra.run.smithi053.stderr:/usr/bin/ceph:
2024-02-19T21:56:21.113+0000 7f7cb0be4700 1 --2- >> [v2:172.21.15.53:3300/0,v1:172.21.15.53:6789/0] conn(0x7f7cac0703b0 0x7f7cac100d10 unknown :-1 s=NONE pgs=0 cs=0 l=0 rev1=0 rx=0 tx=0).connect
2024-02-19T21:56:21.115 INFO:teuthology.orchestra.run.smithi053.stderr:/usr/bin/ceph:
2024-02-19T21:56:21.113+0000 7f7cb0be4700 1 -- --> [v2:172.21.15.53:3300/0,v1:172.21.15.53:6789/0] -- mon_getmap magic: 0 v1 -- 0x7f7cac0fc700 con 0x7f7cac0703b0
2024-02-19T21:56:21.115 INFO:teuthology.orchestra.run.smithi053.stderr:/usr/bin/ceph:
2024-02-19T21:56:21.113+0000 7f7cab7fe700 1 --2- >> [v2:172.21.15.53:3300/0,v1:172.21.15.53:6789/0] conn(0x7f7cac0703b0 0x7f7cac100d10 unknown :-1 s=BANNER_CONNECTING pgs=0 cs=0 l=0 rev1=0 rx=0 tx=0)._handle_peer_banner_payload supported=1 required=0
2024-02-19T21:56:21.115 INFO:teuthology.orchestra.run.smithi053.stderr:/usr/bin/ceph:
2024-02-19T21:56:21.113+0000 7f7cab7fe700 1 --2- >> [v2:172.21.15.53:3300/0,v1:172.21.15.53:6789/0] conn(0x7f7cac0703b0 0x7f7cac100d10 unknown :-1 s=HELLO_CONNECTING pgs=0 cs=0 l=0 rev1=1 rx=0 tx=0).handle_hello peer v2:172.21.15.53:3300/0 says I am v2:172.21.15.53:58294/0 (socket says 172.21.15.53:58294)
2024-02-19T21:56:21.115 INFO:teuthology.orchestra.run.smithi053.stderr:/usr/bin/ceph:
2024-02-19T21:56:21.113+0000 7f7cab7fe700 1 -- 172.21.15.53:0/177411909 learned_addr learned my addr 172.21.15.53:0/177411909 (peer_addr_for_me v2:172.21.15.53:0/0)
2024-02-19T21:56:21.115 INFO:teuthology.orchestra.run.smithi053.stderr:/usr/bin/ceph:
2024-02-19T21:56:21.114+0000 7f7cab7fe700 1 -- 172.21.15.53:0/177411909 --> [v2:172.21.15.53:3300/0,v1:172.21.15.53:6789/0] -- mon_subscribe({config=0+,monmap=0+}) v3 -- 0x7f7cac101200 con 0x7f7cac0703b0
2024-02-19T21:56:21.115 INFO:teuthology.orchestra.run.smithi053.stderr:/usr/bin/ceph:
2024-02-19T21:56:21.114+0000 7f7cab7fe700 1 --2- 172.21.15.53:0/177411909 >> [v2:172.21.15.53:3300/0,v1:172.21.15.53:6789/0] conn(0x7f7cac0703b0 0x7f7cac100d10 secure :-1 s=READY pgs=56 cs=0 l=1 rev1=1 rx=0x7f7c9c00b5f0 tx=0x7f7c9c006ee0).ready entity=mon.0 client_cookie=1a1b8b582444ed84 server_cookie=0 in_seq=0 out_seq=0
2024-02-19T21:56:21.115 INFO:teuthology.orchestra.run.smithi053.stderr:/usr/bin/ceph:
2024-02-19T21:56:21.114+0000 7f7caa7fc700 1 -- 172.21.15.53:0/177411909 <== mon.0 v2:172.21.15.53:3300/0 1 ==== mon_map magic: 0 v1 ==== 229+0+0 (secure 0 0 0) 0x7f7c9c00d600 con 0x7f7cac0703b0
2024-02-19T21:56:21.115 INFO:teuthology.orchestra.run.smithi053.stderr:/usr/bin/ceph:
2024-02-19T21:56:21.114+0000 7f7caa7fc700 1 -- 172.21.15.53:0/177411909 <== mon.0 v2:172.21.15.53:3300/0 2 ==== config(26 keys) v1 ==== 1045+0+0 (secure 0 0 0) 0x7f7c9c00dbf0 con 0x7f7cac0703b0
2024-02-19T21:56:21.115 INFO:teuthology.orchestra.run.smithi053.stderr:/usr/bin/ceph:
2024-02-19T21:56:21.114+0000 7f7caa7fc700 1 -- 172.21.15.53:0/177411909 <== mon.0 v2:172.21.15.53:3300/0 3 ==== mon_map magic: 0 v1 ==== 229+0+0 (secure 0 0 0) 0x7f7c9c011cb0 con 0x7f7cac0703b0
2024-02-19T21:56:21.118 INFO:teuthology.orchestra.run.smithi053.stderr:/usr/bin/ceph:
2024-02-19T21:56:21.115+0000 7f7cb0be4700 1 -- 172.21.15.53:0/177411909 >> [v2:172.21.15.53:3300/0,v1:172.21.15.53:6789/0] conn(0x7f7cac0703b0 msgr2=0x7f7cac100d10 secure :-1 s=STATE_CONNECTION_ESTABLISHED l=1).mark_down
2024-02-19T21:56:21.118 INFO:teuthology.orchestra.run.smithi053.stderr:/usr/bin/ceph:
2024-02-19T21:56:21.115+0000 7f7cb0be4700 1 --2- 172.21.15.53:0/177411909 >> [v2:172.21.15.53:3300/0,v1:172.21.15.53:6789/0] conn(0x7f7cac0703b0 0x7f7cac100d10 secure :-1 s=READY pgs=56 cs=0 l=1 rev1=1 rx=0x7f7c9c00b5f0 tx=0x7f7c9c006ee0).stop
2024-02-19T21:56:21.118 INFO:teuthology.orchestra.run.smithi053.stderr:/usr/bin/ceph:
2024-02-19T21:56:21.115+0000 7f7cb0be4700 1 -- 172.21.15.53:0/177411909 shutdown_connections
2024-02-19T21:56:21.118 INFO:teuthology.orchestra.run.smithi053.stderr:/usr/bin/ceph:
2024-02-19T21:56:21.115+0000 7f7cb0be4700 1 --2- 172.21.15.53:0/177411909 >> [v2:172.21.15.53:3300/0,v1:172.21.15.53:6789/0] conn(0x7f7cac0703b0 0x7f7cac100d10 unknown :-1 s=CLOSED pgs=56 cs=0 l=1 rev1=1 rx=0 tx=0).stop
2024-02-19T21:56:21.118 INFO:teuthology.orchestra.run.smithi053.stderr:/usr/bin/ceph:
2024-02-19T21:56:21.115+0000 7f7cb0be4700 1 -- 172.21.15.53:0/177411909 >> 172.21.15.53:0/177411909 conn(0x7f7cac0f6390 msgr2=0x7f7cac0f87b0 unknown :-1 s=STATE_NONE l=0).mark_down
2024-02-19T21:56:21.118 INFO:teuthology.orchestra.run.smithi053.stderr:/usr/bin/ceph:
2024-02-19T21:56:21.115+0000 7f7cb0be4700 1 -- 172.21.15.53:0/177411909 shutdown_connections
2024-02-19T21:56:21.118 INFO:teuthology.orchestra.run.smithi053.stderr:/usr/bin/ceph:
2024-02-19T21:56:21.115+0000 7f7cb0be4700 1 -- 172.21.15.53:0/177411909 wait complete.
2024-02-19T21:56:21.118 INFO:teuthology.orchestra.run.smithi053.stderr:/usr/bin/ceph:
2024-02-19T21:56:21.115+0000 7f7cb0be4700 1 Processor -- start
2024-02-19T21:56:21.118 INFO:teuthology.orchestra.run.smithi053.stderr:/usr/bin/ceph:
2024-02-19T21:56:21.116+0000 7f7cb0be4700 1 -- start start
2024-02-19T21:56:21.118 INFO:teuthology.orchestra.run.smithi053.stderr:/usr/bin/ceph:
2024-02-19T21:56:21.116+0000 7f7cb0be4700 1 --2- >> [v2:172.21.15.53:3300/0,v1:172.21.15.53:6789/0] conn(0x7f7cac0703b0 0x7f7cac10cb80 unknown :-1 s=NONE pgs=0 cs=0 l=1 rev1=0 rx=0 tx=0).connect
2024-02-19T21:56:21.118 INFO:teuthology.orchestra.run.smithi053.stderr:/usr/bin/ceph:
2024-02-19T21:56:21.116+0000 7f7cb0be4700 1 -- --> [v2:172.21.15.53:3300/0,v1:172.21.15.53:6789/0] -- mon_getmap magic: 0 v1 -- 0x7f7cac10d070 con 0x7f7cac0703b0
2024-02-19T21:56:21.118 INFO:teuthology.orchestra.run.smithi053.stderr:/usr/bin/ceph:
2024-02-19T21:56:21.116+0000 7f7cab7fe700 1 --2- >> [v2:172.21.15.53:3300/0,v1:172.21.15.53:6789/0] conn(0x7f7cac0703b0 0x7f7cac10cb80 unknown :-1 s=BANNER_CONNECTING pgs=0 cs=0 l=1 rev1=0 rx=0 tx=0)._handle_peer_banner_payload supported=1 required=0
2024-02-19T21:56:21.118 INFO:teuthology.orchestra.run.smithi053.stderr:/usr/bin/ceph:
2024-02-19T21:56:21.116+0000 7f7cab7fe700 1 --2- >> [v2:172.21.15.53:3300/0,v1:172.21.15.53:6789/0] conn(0x7f7cac0703b0 0x7f7cac10cb80 unknown :-1 s=HELLO_CONNECTING pgs=0 cs=0 l=1 rev1=1 rx=0 tx=0).handle_hello peer v2:172.21.15.53:3300/0 says I am v2:172.21.15.53:58298/0 (socket says 172.21.15.53:58298)
2024-02-19T21:56:21.119 INFO:teuthology.orchestra.run.smithi053.stderr:/usr/bin/ceph:
2024-02-19T21:56:21.116+0000 7f7cab7fe700 1 -- 172.21.15.53:0/1237841115 learned_addr learned my addr 172.21.15.53:0/1237841115 (peer_addr_for_me v2:172.21.15.53:0/0)
2024-02-19T21:56:21.119 INFO:teuthology.orchestra.run.smithi053.stderr:/usr/bin/ceph:
2024-02-19T21:56:21.116+0000 7f7cab7fe700 1 -- 172.21.15.53:0/1237841115 --> [v2:172.21.15.53:3300/0,v1:172.21.15.53:6789/0] -- mon_subscribe({config=0+,monmap=0+}) v3 -- 0x7f7c9c00b200 con 0x7f7cac0703b0
2024-02-19T21:56:21.119 INFO:teuthology.orchestra.run.smithi053.stderr:/usr/bin/ceph:
2024-02-19T21:56:21.116+0000 7f7cab7fe700 1 --2- 172.21.15.53:0/1237841115 >> [v2:172.21.15.53:3300/0,v1:172.21.15.53:6789/0] conn(0x7f7cac0703b0 0x7f7cac10cb80 secure :-1 s=READY pgs=57 cs=0 l=1 rev1=1 rx=0x7f7c9c006800 tx=0x7f7c9c006ee0).ready entity=mon.0 client_cookie=0 server_cookie=0 in_seq=0 out_seq=0
2024-02-19T21:56:21.119 INFO:teuthology.orchestra.run.smithi053.stderr:/usr/bin/ceph:
2024-02-19T21:56:21.116+0000 7f7ca3fff700 1 -- 172.21.15.53:0/1237841115 <== mon.0 v2:172.21.15.53:3300/0 1 ==== mon_map magic: 0 v1 ==== 229+0+0 (secure 0 0 0) 0x7f7c9c01b570 con 0x7f7cac0703b0
2024-02-19T21:56:21.119 INFO:teuthology.orchestra.run.smithi053.stderr:/usr/bin/ceph:
2024-02-19T21:56:21.116+0000 7f7cb0be4700 1 -- 172.21.15.53:0/1237841115 --> [v2:172.21.15.53:3300/0,v1:172.21.15.53:6789/0] -- mon_subscribe({mgrmap=0+}) v3 -- 0x7f7cac10d270 con 0x7f7cac0703b0
2024-02-19T21:56:21.119 INFO:teuthology.orchestra.run.smithi053.stderr:/usr/bin/ceph:
2024-02-19T21:56:21.117+0000 7f7ca3fff700 1 -- 172.21.15.53:0/1237841115 <== mon.0 v2:172.21.15.53:3300/0 2 ==== config(26 keys) v1 ==== 1045+0+0 (secure 0 0 0) 0x7f7c9c01bb60 con 0x7f7cac0703b0
2024-02-19T21:56:21.119 INFO:teuthology.orchestra.run.smithi053.stderr:/usr/bin/ceph:
2024-02-19T21:56:21.117+0000 7f7ca3fff700 1 -- 172.21.15.53:0/1237841115 <== mon.0 v2:172.21.15.53:3300/0 3 ==== mon_map magic: 0 v1 ==== 229+0+0 (secure 0 0 0) 0x7f7c9c01a9f0 con 0x7f7cac0703b0
2024-02-19T21:56:21.119 INFO:teuthology.orchestra.run.smithi053.stderr:/usr/bin/ceph:
2024-02-19T21:56:21.117+0000 7f7cb0be4700 1 -- 172.21.15.53:0/1237841115 --> [v2:172.21.15.53:3300/0,v1:172.21.15.53:6789/0] -- mon_subscribe({osdmap=0}) v3 -- 0x7f7cac10d700 con 0x7f7cac0703b0
2024-02-19T21:56:21.119 INFO:teuthology.orchestra.run.smithi053.stderr:/usr/bin/ceph:
2024-02-19T21:56:21.118+0000 7f7cb0be4700 1 -- 172.21.15.53:0/1237841115 --> [v2:172.21.15.53:3300/0,v1:172.21.15.53:6789/0] -- mon_command({"prefix": "get_command_descriptions"} v 0) v1 -- 0x7f7cac045ad0 con 0x7f7cac0703b0
2024-02-19T21:56:21.120 INFO:teuthology.orchestra.run.smithi053.stderr:/usr/bin/ceph:
2024-02-19T21:56:21.118+0000 7f7ca3fff700 1 -- 172.21.15.53:0/1237841115 <== mon.0 v2:172.21.15.53:3300/0 4 ==== mgrmap(e 12) v1 ==== 36195+0+0 (secure 0 0 0) 0x7f7c9c00f070 con 0x7f7cac0703b0
2024-02-19T21:56:21.120 INFO:teuthology.orchestra.run.smithi053.stderr:/usr/bin/ceph:
2024-02-19T21:56:21.118+0000 7f7ca3fff700 1 --2- 172.21.15.53:0/1237841115 >> [v2:172.21.15.53:6800/2447819309,v1:172.21.15.53:6801/2447819309] conn(0x7f7c8c02ff20 0x7f7c8c0323e0 unknown :-1 s=NONE pgs=0 cs=0 l=1 rev1=0 rx=0 tx=0).connect
2024-02-19T21:56:21.120 INFO:teuthology.orchestra.run.smithi053.stderr:/usr/bin/ceph:
2024-02-19T21:56:21.118+0000 7f7ca3fff700 1 -- 172.21.15.53:0/1237841115 <== mon.0 v2:172.21.15.53:3300/0 5 ==== osd_map(3..3 src has 1..3) v4 ==== 1098+0+0 (secure 0 0 0) 0x7f7c9c041d90 con 0x7f7cac0703b0
2024-02-19T21:56:21.120 INFO:teuthology.orchestra.run.smithi053.stderr:/usr/bin/ceph:
2024-02-19T21:56:21.119+0000 7f7caaffd700 1 --2- 172.21.15.53:0/1237841115 >> [v2:172.21.15.53:6800/2447819309,v1:172.21.15.53:6801/2447819309] conn(0x7f7c8c02ff20 0x7f7c8c0323e0 unknown :-1 s=BANNER_CONNECTING pgs=0 cs=0 l=1 rev1=0 rx=0 tx=0)._handle_peer_banner_payload supported=1 required=0
2024-02-19T21:56:21.120 INFO:teuthology.orchestra.run.smithi053.stderr:/usr/bin/ceph:
2024-02-19T21:56:21.119+0000 7f7caaffd700 1 --2- 172.21.15.53:0/1237841115 >> [v2:172.21.15.53:6800/2447819309,v1:172.21.15.53:6801/2447819309] conn(0x7f7c8c02ff20 0x7f7c8c0323e0 secure :-1 s=READY pgs=6 cs=0 l=1 rev1=1 rx=0x7f7c940096a0 tx=0x7f7c94006b40).ready entity=mgr.14142 client_cookie=0 server_cookie=0 in_seq=0 out_seq=0
2024-02-19T21:56:21.122 INFO:teuthology.orchestra.run.smithi053.stderr:/usr/bin/ceph:
2024-02-19T21:56:21.122+0000 7f7ca3fff700 1 -- 172.21.15.53:0/1237841115 <== mon.0 v2:172.21.15.53:3300/0 6 ==== mon_command_ack([{"prefix": "get_command_descriptions"}]=0 v0) v1 ==== 72+0+152212 (secure 0 0 0) 0x7f7c9c023b50 con 0x7f7cac0703b0
2024-02-19T21:56:21.311 INFO:teuthology.orchestra.run.smithi053.stderr:/usr/bin/ceph:
2024-02-19T21:56:21.309+0000 7f7cb0be4700 1 -- 172.21.15.53:0/1237841115 --> [v2:172.21.15.53:6800/2447819309,v1:172.21.15.53:6801/2447819309] -- mgr_command(tid 0: {"prefix": "orch apply", "service_type": "grafana", "target": ["mon-mgr", ""]}) v1 -- 0x7f7cac10e020 con 0x7f7c8c02ff20
2024-02-19T21:56:21.313 INFO:teuthology.orchestra.run.smithi053.stderr:/usr/bin/ceph:
2024-02-19T21:56:21.313+0000 7f7ca3fff700 1 -- 172.21.15.53:0/1237841115 <== mgr.14142 v2:172.21.15.53:6800/2447819309 1 ==== mgr_command_reply(tid 0: 0 ) v1 ==== 8+0+28 (secure 0 0 0) 0x7f7cac10e020 con 0x7f7c8c02ff20
2024-02-19T21:56:21.313 INFO:teuthology.orchestra.run.smithi053.stderr:/usr/bin/ceph: Scheduled grafana update...
2024-02-19T21:56:21.316 INFO:teuthology.orchestra.run.smithi053.stderr:/usr/bin/ceph:
2024-02-19T21:56:21.315+0000 7f7cb0be4700 1 -- 172.21.15.53:0/1237841115 >> [v2:172.21.15.53:6800/2447819309,v1:172.21.15.53:6801/2447819309] conn(0x7f7c8c02ff20 msgr2=0x7f7c8c0323e0 secure :-1 s=STATE_CONNECTION_ESTABLISHED l=1).mark_down
2024-02-19T21:56:21.316 INFO:teuthology.orchestra.run.smithi053.stderr:/usr/bin/ceph:
2024-02-19T21:56:21.315+0000 7f7cb0be4700 1 --2- 172.21.15.53:0/1237841115 >> [v2:172.21.15.53:6800/2447819309,v1:172.21.15.53:6801/2447819309] conn(0x7f7c8c02ff20 0x7f7c8c0323e0 secure :-1 s=READY pgs=6 cs=0 l=1 rev1=1 rx=0x7f7c940096a0 tx=0x7f7c94006b40).stop
2024-02-19T21:56:21.316 INFO:teuthology.orchestra.run.smithi053.stderr:/usr/bin/ceph:
2024-02-19T21:56:21.315+0000 7f7cb0be4700 1 -- 172.21.15.53:0/1237841115 >> [v2:172.21.15.53:3300/0,v1:172.21.15.53:6789/0] conn(0x7f7cac0703b0 msgr2=0x7f7cac10cb80 secure :-1 s=STATE_CONNECTION_ESTABLISHED l=1).mark_down
2024-02-19T21:56:21.316 INFO:teuthology.orchestra.run.smithi053.stderr:/usr/bin/ceph:
2024-02-19T21:56:21.315+0000 7f7cb0be4700 1 --2- 172.21.15.53:0/1237841115 >> [v2:172.21.15.53:3300/0,v1:172.21.15.53:6789/0] conn(0x7f7cac0703b0 0x7f7cac10cb80 secure :-1 s=READY pgs=57 cs=0 l=1 rev1=1 rx=0x7f7c9c006800 tx=0x7f7c9c006ee0).stop
2024-02-19T21:56:21.316 INFO:teuthology.orchestra.run.smithi053.stderr:/usr/bin/ceph:
2024-02-19T21:56:21.315+0000 7f7cb0be4700 1 -- 172.21.15.53:0/1237841115 shutdown_connections
2024-02-19T21:56:21.316 INFO:teuthology.orchestra.run.smithi053.stderr:/usr/bin/ceph:
2024-02-19T21:56:21.315+0000 7f7cb0be4700 1 --2- 172.21.15.53:0/1237841115 >> [v2:172.21.15.53:6800/2447819309,v1:172.21.15.53:6801/2447819309] conn(0x7f7c8c02ff20 0x7f7c8c0323e0 unknown :-1 s=CLOSED pgs=6 cs=0 l=1 rev1=1 rx=0 tx=0).stop
2024-02-19T21:56:21.316 INFO:teuthology.orchestra.run.smithi053.stderr:/usr/bin/ceph:
2024-02-19T21:56:21.315+0000 7f7cb0be4700 1 --2- 172.21.15.53:0/1237841115 >> [v2:172.21.15.53:3300/0,v1:172.21.15.53:6789/0] conn(0x7f7cac0703b0 0x7f7cac10cb80 unknown :-1 s=CLOSED pgs=57 cs=0 l=1 rev1=1 rx=0 tx=0).stop
2024-02-19T21:56:21.316 INFO:teuthology.orchestra.run.smithi053.stderr:/usr/bin/ceph:
2024-02-19T21:56:21.315+0000 7f7cb0be4700 1 -- 172.21.15.53:0/1237841115 >> 172.21.15.53:0/1237841115 conn(0x7f7cac0f6390 msgr2=0x7f7cac0f7db0 unknown :-1 s=STATE_NONE l=0).mark_down
2024-02-19T21:56:21.316 INFO:teuthology.orchestra.run.smithi053.stderr:/usr/bin/ceph:
2024-02-19T21:56:21.315+0000 7f7cb0be4700 1 -- 172.21.15.53:0/1237841115 shutdown_connections
2024-02-19T21:56:21.316 INFO:teuthology.orchestra.run.smithi053.stderr:/usr/bin/ceph:
2024-02-19T21:56:21.315+0000 7f7cb0be4700 1 -- 172.21.15.53:0/1237841115 wait complete.
2024-02-19T21:56:21.857 INFO:teuthology.orchestra.run.smithi053.stderr:Deploying node-exporter service with default placement...
2024-02-19T21:56:21.857 INFO:teuthology.orchestra.run.smithi053.stderr:Running command: /bin/podman run --rm --ipc=host --no-hosts --net=host --entrypoint /usr/bin/ceph --init -e CONTAINER_IMAGE=docker.io/ceph/ceph:v16.2.4 -e NODE_NAME=smithi053 -e CEPH_USE_RANDOM_NONCE=1 -v /var/log/ceph/867b6b52-cf71-11ee-95bb-87774f69a715:/var/log/ceph:z -v /tmp/ceph-tmpoyd_8g9j:/etc/ceph/ceph.client.admin.keyring:z -v /tmp/ceph-tmp0zy4ixsn:/etc/ceph/ceph.conf:z docker.io/ceph/ceph:v16.2.4 orch apply node-exporter
2024-02-19T21:56:22.115 INFO:journalctl@ceph.mon.smithi053.smithi053.stdout:Feb 19 21:56:22 smithi053 ceph-867b6b52-cf71-11ee-95bb-87774f69a715-mon.smithi053[38150]: cluster
2024-02-19T21:56:21.037701+0000 mon.smithi053 (mon.0) 78 : cluster [DBG] mgrmap e12: smithi053.fyhcdi(active, since 2s)
2024-02-19T21:56:22.115 INFO:journalctl@ceph.mon.smithi053.smithi053.stdout:Feb 19 21:56:22 smithi053 ceph-867b6b52-cf71-11ee-95bb-87774f69a715-mon.smithi053[38150]: audit
2024-02-19T21:56:21.311621+0000 mgr.smithi053.fyhcdi (mgr.14142) 3 : audit [DBG] from='client.14150 -' entity='client.admin' cmd=[{"prefix": "orch apply", "service_type": "grafana", "target": ["mon-mgr", ""]}]: dispatch
2024-02-19T21:56:22.115 INFO:journalctl@ceph.mon.smithi053.smithi053.stdout:Feb 19 21:56:22 smithi053 ceph-867b6b52-cf71-11ee-95bb-87774f69a715-mon.smithi053[38150]: cephadm
2024-02-19T21:56:21.312137+0000 mgr.smithi053.fyhcdi (mgr.14142) 4 : cephadm [INF] Saving service grafana spec with placement count:1
2024-02-19T21:56:22.115 INFO:journalctl@ceph.mon.smithi053.smithi053.stdout:Feb 19 21:56:22 smithi053 ceph-867b6b52-cf71-11ee-95bb-87774f69a715-mon.smithi053[38150]: audit
2024-02-19T21:56:21.314235+0000 mon.smithi053 (mon.0) 79 : audit [INF] from='mgr.14142 172.21.15.53:0/2487765561' entity='mgr.smithi053.fyhcdi'
2024-02-19T21:56:22.407 INFO:teuthology.orchestra.run.smithi053.stderr:/usr/bin/ceph:
2024-02-19T21:56:22.399+0000 7fecda573700 1 Processor -- start
2024-02-19T21:56:22.407 INFO:teuthology.orchestra.run.smithi053.stderr:/usr/bin/ceph:
2024-02-19T21:56:22.399+0000 7fecda573700 1 -- start start
2024-02-19T21:56:22.407 INFO:teuthology.orchestra.run.smithi053.stderr:/usr/bin/ceph:
2024-02-19T21:56:22.400+0000 7fecda573700 1 --2- >> [v2:172.21.15.53:3300/0,v1:172.21.15.53:6789/0] conn(0x7fecd40703f0 0x7fecd40fea90 unknown :-1 s=NONE pgs=0 cs=0 l=0 rev1=0 rx=0 tx=0).connect
2024-02-19T21:56:22.407 INFO:teuthology.orchestra.run.smithi053.stderr:/usr/bin/ceph:
2024-02-19T21:56:22.400+0000 7fecda573700 1 -- --> [v2:172.21.15.53:3300/0,v1:172.21.15.53:6789/0] -- mon_getmap magic: 0 v1 -- 0x7fecd40fef80 con 0x7fecd40703f0
2024-02-19T21:56:22.407 INFO:teuthology.orchestra.run.smithi053.stderr:/usr/bin/ceph:
2024-02-19T21:56:22.400+0000 7fecd3fff700 1 --2- >> [v2:172.21.15.53:3300/0,v1:172.21.15.53:6789/0] conn(0x7fecd40703f0 0x7fecd40fea90 unknown :-1 s=BANNER_CONNECTING pgs=0 cs=0 l=0 rev1=0 rx=0 tx=0)._handle_peer_banner_payload supported=1 required=0
2024-02-19T21:56:22.407 INFO:teuthology.orchestra.run.smithi053.stderr:/usr/bin/ceph:
2024-02-19T21:56:22.400+0000 7fecd3fff700 1 --2- >> [v2:172.21.15.53:3300/0,v1:172.21.15.53:6789/0] conn(0x7fecd40703f0 0x7fecd40fea90 unknown :-1 s=HELLO_CONNECTING pgs=0 cs=0 l=0 rev1=1 rx=0 tx=0).handle_hello peer v2:172.21.15.53:3300/0 says I am v2:172.21.15.53:58308/0 (socket says 172.21.15.53:58308)
2024-02-19T21:56:22.407 INFO:teuthology.orchestra.run.smithi053.stderr:/usr/bin/ceph:
2024-02-19T21:56:22.400+0000 7fecd3fff700 1 -- 172.21.15.53:0/3895452442 learned_addr learned my addr 172.21.15.53:0/3895452442 (peer_addr_for_me v2:172.21.15.53:0/0)
2024-02-19T21:56:22.407 INFO:teuthology.orchestra.run.smithi053.stderr:/usr/bin/ceph:
2024-02-19T21:56:22.400+0000 7fecd3fff700 1 -- 172.21.15.53:0/3895452442 --> [v2:172.21.15.53:3300/0,v1:172.21.15.53:6789/0] -- mon_subscribe({config=0+,monmap=0+}) v3 -- 0x7fecd40ff0c0 con 0x7fecd40703f0
2024-02-19T21:56:22.407 INFO:teuthology.orchestra.run.smithi053.stderr:/usr/bin/ceph:
2024-02-19T21:56:22.400+0000 7fecd3fff700 1 --2- 172.21.15.53:0/3895452442 >> [v2:172.21.15.53:3300/0,v1:172.21.15.53:6789/0] conn(0x7fecd40703f0 0x7fecd40fea90 secure :-1 s=READY pgs=58 cs=0 l=1 rev1=1 rx=0x7fecc400b5f0 tx=0x7fecc4006ee0).ready entity=mon.0 client_cookie=8e5a63dc673d10cd server_cookie=0 in_seq=0 out_seq=0
2024-02-19T21:56:22.408 INFO:teuthology.orchestra.run.smithi053.stderr:/usr/bin/ceph:
2024-02-19T21:56:22.400+0000 7fecd2ffd700 1 -- 172.21.15.53:0/3895452442 <== mon.0 v2:172.21.15.53:3300/0 1 ==== mon_map magic: 0 v1 ==== 229+0+0 (secure 0 0 0) 0x7fecc400d600 con 0x7fecd40703f0
2024-02-19T21:56:22.408 INFO:teuthology.orchestra.run.smithi053.stderr:/usr/bin/ceph:
2024-02-19T21:56:22.400+0000 7fecd2ffd700 1 -- 172.21.15.53:0/3895452442 <== mon.0 v2:172.21.15.53:3300/0 2 ==== config(26 keys) v1 ==== 1045+0+0 (secure 0 0 0) 0x7fecc400dbf0 con 0x7fecd40703f0
2024-02-19T21:56:22.408 INFO:teuthology.orchestra.run.smithi053.stderr:/usr/bin/ceph:
2024-02-19T21:56:22.400+0000 7fecd2ffd700 1 -- 172.21.15.53:0/3895452442 <== mon.0 v2:172.21.15.53:3300/0 3 ==== mon_map magic: 0 v1 ==== 229+0+0 (secure 0 0 0) 0x7fecc4011ce0 con 0x7fecd40703f0
2024-02-19T21:56:22.408 INFO:teuthology.orchestra.run.smithi053.stderr:/usr/bin/ceph:
2024-02-19T21:56:22.401+0000 7fecda573700 1 -- 172.21.15.53:0/3895452442 >> [v2:172.21.15.53:3300/0,v1:172.21.15.53:6789/0] conn(0x7fecd40703f0 msgr2=0x7fecd40fea90 secure :-1 s=STATE_CONNECTION_ESTABLISHED l=1).mark_down
2024-02-19T21:56:22.408 INFO:teuthology.orchestra.run.smithi053.stderr:/usr/bin/ceph:
