2024-02-19T21:56:22.401+0000 7fecda573700 1 --2- 172.21.15.53:0/3895452442 >> [v2:172.21.15.53:3300/0,v1:172.21.15.53:6789/0] conn(0x7fecd40703f0 0x7fecd40fea90 secure :-1 s=READY pgs=58 cs=0 l=1 rev1=1 rx=0x7fecc400b5f0 tx=0x7fecc4006ee0).stop
2024-02-19T21:56:22.408 INFO:teuthology.orchestra.run.smithi053.stderr:/usr/bin/ceph:
2024-02-19T21:56:22.401+0000 7fecda573700 1 -- 172.21.15.53:0/3895452442 shutdown_connections
2024-02-19T21:56:22.408 INFO:teuthology.orchestra.run.smithi053.stderr:/usr/bin/ceph:
2024-02-19T21:56:22.401+0000 7fecda573700 1 --2- 172.21.15.53:0/3895452442 >> [v2:172.21.15.53:3300/0,v1:172.21.15.53:6789/0] conn(0x7fecd40703f0 0x7fecd40fea90 unknown :-1 s=CLOSED pgs=58 cs=0 l=1 rev1=1 rx=0 tx=0).stop
2024-02-19T21:56:22.408 INFO:teuthology.orchestra.run.smithi053.stderr:/usr/bin/ceph:
2024-02-19T21:56:22.401+0000 7fecda573700 1 -- 172.21.15.53:0/3895452442 >> 172.21.15.53:0/3895452442 conn(0x7fecd40f6530 msgr2=0x7fecd40f8950 unknown :-1 s=STATE_NONE l=0).mark_down
2024-02-19T21:56:22.408 INFO:teuthology.orchestra.run.smithi053.stderr:/usr/bin/ceph:
2024-02-19T21:56:22.401+0000 7fecda573700 1 -- 172.21.15.53:0/3895452442 shutdown_connections
2024-02-19T21:56:22.408 INFO:teuthology.orchestra.run.smithi053.stderr:/usr/bin/ceph:
2024-02-19T21:56:22.401+0000 7fecda573700 1 -- 172.21.15.53:0/3895452442 wait complete.
2024-02-19T21:56:22.408 INFO:teuthology.orchestra.run.smithi053.stderr:/usr/bin/ceph:
2024-02-19T21:56:22.402+0000 7fecda573700 1 Processor -- start
2024-02-19T21:56:22.408 INFO:teuthology.orchestra.run.smithi053.stderr:/usr/bin/ceph:
2024-02-19T21:56:22.402+0000 7fecda573700 1 -- start start
2024-02-19T21:56:22.408 INFO:teuthology.orchestra.run.smithi053.stderr:/usr/bin/ceph:
2024-02-19T21:56:22.402+0000 7fecda573700 1 --2- >> [v2:172.21.15.53:3300/0,v1:172.21.15.53:6789/0] conn(0x7fecd40703f0 0x7fecd410ab50 unknown :-1 s=NONE pgs=0 cs=0 l=1 rev1=0 rx=0 tx=0).connect
2024-02-19T21:56:22.408 INFO:teuthology.orchestra.run.smithi053.stderr:/usr/bin/ceph:
2024-02-19T21:56:22.402+0000 7fecda573700 1 -- --> [v2:172.21.15.53:3300/0,v1:172.21.15.53:6789/0] -- mon_getmap magic: 0 v1 -- 0x7fecd410b040 con 0x7fecd40703f0
2024-02-19T21:56:22.409 INFO:teuthology.orchestra.run.smithi053.stderr:/usr/bin/ceph:
2024-02-19T21:56:22.402+0000 7fecd3fff700 1 --2- >> [v2:172.21.15.53:3300/0,v1:172.21.15.53:6789/0] conn(0x7fecd40703f0 0x7fecd410ab50 unknown :-1 s=BANNER_CONNECTING pgs=0 cs=0 l=1 rev1=0 rx=0 tx=0)._handle_peer_banner_payload supported=1 required=0
2024-02-19T21:56:22.409 INFO:teuthology.orchestra.run.smithi053.stderr:/usr/bin/ceph:
2024-02-19T21:56:22.402+0000 7fecd3fff700 1 --2- >> [v2:172.21.15.53:3300/0,v1:172.21.15.53:6789/0] conn(0x7fecd40703f0 0x7fecd410ab50 unknown :-1 s=HELLO_CONNECTING pgs=0 cs=0 l=1 rev1=1 rx=0 tx=0).handle_hello peer v2:172.21.15.53:3300/0 says I am v2:172.21.15.53:58312/0 (socket says 172.21.15.53:58312)
2024-02-19T21:56:22.409 INFO:teuthology.orchestra.run.smithi053.stderr:/usr/bin/ceph:
2024-02-19T21:56:22.403+0000 7fecd3fff700 1 -- 172.21.15.53:0/3243597306 learned_addr learned my addr 172.21.15.53:0/3243597306 (peer_addr_for_me v2:172.21.15.53:0/0)
2024-02-19T21:56:22.409 INFO:teuthology.orchestra.run.smithi053.stderr:/usr/bin/ceph:
2024-02-19T21:56:22.403+0000 7fecd3fff700 1 -- 172.21.15.53:0/3243597306 --> [v2:172.21.15.53:3300/0,v1:172.21.15.53:6789/0] -- mon_subscribe({config=0+,monmap=0+}) v3 -- 0x7fecc400b200 con 0x7fecd40703f0
2024-02-19T21:56:22.409 INFO:teuthology.orchestra.run.smithi053.stderr:/usr/bin/ceph:
2024-02-19T21:56:22.403+0000 7fecd3fff700 1 --2- 172.21.15.53:0/3243597306 >> [v2:172.21.15.53:3300/0,v1:172.21.15.53:6789/0] conn(0x7fecd40703f0 0x7fecd410ab50 secure :-1 s=READY pgs=59 cs=0 l=1 rev1=1 rx=0x7fecc4011ed0 tx=0x7fecc4006ee0).ready entity=mon.0 client_cookie=0 server_cookie=0 in_seq=0 out_seq=0
2024-02-19T21:56:22.409 INFO:teuthology.orchestra.run.smithi053.stderr:/usr/bin/ceph:
2024-02-19T21:56:22.403+0000 7fecd0ff9700 1 -- 172.21.15.53:0/3243597306 <== mon.0 v2:172.21.15.53:3300/0 1 ==== mon_map magic: 0 v1 ==== 229+0+0 (secure 0 0 0) 0x7fecc401b570 con 0x7fecd40703f0
2024-02-19T21:56:22.409 INFO:teuthology.orchestra.run.smithi053.stderr:/usr/bin/ceph:
2024-02-19T21:56:22.403+0000 7fecd0ff9700 1 -- 172.21.15.53:0/3243597306 <== mon.0 v2:172.21.15.53:3300/0 2 ==== config(26 keys) v1 ==== 1045+0+0 (secure 0 0 0) 0x7fecc401bb60 con 0x7fecd40703f0
2024-02-19T21:56:22.409 INFO:teuthology.orchestra.run.smithi053.stderr:/usr/bin/ceph:
2024-02-19T21:56:22.403+0000 7fecd0ff9700 1 -- 172.21.15.53:0/3243597306 <== mon.0 v2:172.21.15.53:3300/0 3 ==== mon_map magic: 0 v1 ==== 229+0+0 (secure 0 0 0) 0x7fecc401aad0 con 0x7fecd40703f0
2024-02-19T21:56:22.409 INFO:teuthology.orchestra.run.smithi053.stderr:/usr/bin/ceph:
2024-02-19T21:56:22.403+0000 7fecda573700 1 -- 172.21.15.53:0/3243597306 --> [v2:172.21.15.53:3300/0,v1:172.21.15.53:6789/0] -- mon_subscribe({mgrmap=0+}) v3 -- 0x7fecd410b240 con 0x7fecd40703f0
2024-02-19T21:56:22.409 INFO:teuthology.orchestra.run.smithi053.stderr:/usr/bin/ceph:
2024-02-19T21:56:22.403+0000 7fecda573700 1 -- 172.21.15.53:0/3243597306 --> [v2:172.21.15.53:3300/0,v1:172.21.15.53:6789/0] -- mon_subscribe({osdmap=0}) v3 -- 0x7fecd410b6d0 con 0x7fecd40703f0
2024-02-19T21:56:22.409 INFO:teuthology.orchestra.run.smithi053.stderr:/usr/bin/ceph:
2024-02-19T21:56:22.404+0000 7fecd0ff9700 1 -- 172.21.15.53:0/3243597306 <== mon.0 v2:172.21.15.53:3300/0 4 ==== mgrmap(e 12) v1 ==== 36195+0+0 (secure 0 0 0) 0x7fecc400f070 con 0x7fecd40703f0
2024-02-19T21:56:22.409 INFO:teuthology.orchestra.run.smithi053.stderr:/usr/bin/ceph:
2024-02-19T21:56:22.404+0000 7fecd0ff9700 1 --2- 172.21.15.53:0/3243597306 >> [v2:172.21.15.53:6800/2447819309,v1:172.21.15.53:6801/2447819309] conn(0x7fecc002ff20 0x7fecc00323e0 unknown :-1 s=NONE pgs=0 cs=0 l=1 rev1=0 rx=0 tx=0).connect
2024-02-19T21:56:22.409 INFO:teuthology.orchestra.run.smithi053.stderr:/usr/bin/ceph:
2024-02-19T21:56:22.404+0000 7fecd0ff9700 1 -- 172.21.15.53:0/3243597306 <== mon.0 v2:172.21.15.53:3300/0 5 ==== osd_map(3..3 src has 1..3) v4 ==== 1098+0+0 (secure 0 0 0) 0x7fecc40415c0 con 0x7fecd40703f0
2024-02-19T21:56:22.409 INFO:teuthology.orchestra.run.smithi053.stderr:/usr/bin/ceph:
2024-02-19T21:56:22.404+0000 7fecd37fe700 1 --2- 172.21.15.53:0/3243597306 >> [v2:172.21.15.53:6800/2447819309,v1:172.21.15.53:6801/2447819309] conn(0x7fecc002ff20 0x7fecc00323e0 unknown :-1 s=BANNER_CONNECTING pgs=0 cs=0 l=1 rev1=0 rx=0 tx=0)._handle_peer_banner_payload supported=1 required=0
2024-02-19T21:56:22.409 INFO:teuthology.orchestra.run.smithi053.stderr:/usr/bin/ceph:
2024-02-19T21:56:22.404+0000 7fecda573700 1 -- 172.21.15.53:0/3243597306 --> [v2:172.21.15.53:3300/0,v1:172.21.15.53:6789/0] -- mon_command({"prefix": "get_command_descriptions"} v 0) v1 -- 0x7fecd4045ad0 con 0x7fecd40703f0
2024-02-19T21:56:22.410 INFO:teuthology.orchestra.run.smithi053.stderr:/usr/bin/ceph:
2024-02-19T21:56:22.405+0000 7fecd37fe700 1 --2- 172.21.15.53:0/3243597306 >> [v2:172.21.15.53:6800/2447819309,v1:172.21.15.53:6801/2447819309] conn(0x7fecc002ff20 0x7fecc00323e0 secure :-1 s=READY pgs=7 cs=0 l=1 rev1=1 rx=0x7fecc80096a0 tx=0x7fecc8006b40).ready entity=mgr.14142 client_cookie=0 server_cookie=0 in_seq=0 out_seq=0
2024-02-19T21:56:22.410 INFO:teuthology.orchestra.run.smithi053.stderr:/usr/bin/ceph:
2024-02-19T21:56:22.409+0000 7fecd0ff9700 1 -- 172.21.15.53:0/3243597306 <== mon.0 v2:172.21.15.53:3300/0 6 ==== mon_command_ack([{"prefix": "get_command_descriptions"}]=0 v0) v1 ==== 72+0+152212 (secure 0 0 0) 0x7fecc4016070 con 0x7fecd40703f0
2024-02-19T21:56:22.593 INFO:teuthology.orchestra.run.smithi053.stderr:/usr/bin/ceph:
2024-02-19T21:56:22.593+0000 7fecda573700 1 -- 172.21.15.53:0/3243597306 --> [v2:172.21.15.53:6800/2447819309,v1:172.21.15.53:6801/2447819309] -- mgr_command(tid 0: {"prefix": "orch apply", "service_type": "node-exporter", "target": ["mon-mgr", ""]}) v1 -- 0x7fecd4104c00 con 0x7fecc002ff20
2024-02-19T21:56:22.596 INFO:teuthology.orchestra.run.smithi053.stderr:/usr/bin/ceph:
2024-02-19T21:56:22.596+0000 7fecd0ff9700 1 -- 172.21.15.53:0/3243597306 <== mgr.14142 v2:172.21.15.53:6800/2447819309 1 ==== mgr_command_reply(tid 0: 0 ) v1 ==== 8+0+34 (secure 0 0 0) 0x7fecd4104c00 con 0x7fecc002ff20
2024-02-19T21:56:22.596 INFO:teuthology.orchestra.run.smithi053.stderr:/usr/bin/ceph: Scheduled node-exporter update...
2024-02-19T21:56:22.599 INFO:teuthology.orchestra.run.smithi053.stderr:/usr/bin/ceph:
2024-02-19T21:56:22.598+0000 7fecda573700 1 -- 172.21.15.53:0/3243597306 >> [v2:172.21.15.53:6800/2447819309,v1:172.21.15.53:6801/2447819309] conn(0x7fecc002ff20 msgr2=0x7fecc00323e0 secure :-1 s=STATE_CONNECTION_ESTABLISHED l=1).mark_down
2024-02-19T21:56:22.599 INFO:teuthology.orchestra.run.smithi053.stderr:/usr/bin/ceph:
2024-02-19T21:56:22.598+0000 7fecda573700 1 --2- 172.21.15.53:0/3243597306 >> [v2:172.21.15.53:6800/2447819309,v1:172.21.15.53:6801/2447819309] conn(0x7fecc002ff20 0x7fecc00323e0 secure :-1 s=READY pgs=7 cs=0 l=1 rev1=1 rx=0x7fecc80096a0 tx=0x7fecc8006b40).stop
2024-02-19T21:56:22.599 INFO:teuthology.orchestra.run.smithi053.stderr:/usr/bin/ceph:
2024-02-19T21:56:22.598+0000 7fecda573700 1 -- 172.21.15.53:0/3243597306 >> [v2:172.21.15.53:3300/0,v1:172.21.15.53:6789/0] conn(0x7fecd40703f0 msgr2=0x7fecd410ab50 secure :-1 s=STATE_CONNECTION_ESTABLISHED l=1).mark_down
2024-02-19T21:56:22.599 INFO:teuthology.orchestra.run.smithi053.stderr:/usr/bin/ceph:
2024-02-19T21:56:22.598+0000 7fecda573700 1 --2- 172.21.15.53:0/3243597306 >> [v2:172.21.15.53:3300/0,v1:172.21.15.53:6789/0] conn(0x7fecd40703f0 0x7fecd410ab50 secure :-1 s=READY pgs=59 cs=0 l=1 rev1=1 rx=0x7fecc4011ed0 tx=0x7fecc4006ee0).stop
2024-02-19T21:56:22.599 INFO:teuthology.orchestra.run.smithi053.stderr:/usr/bin/ceph:
2024-02-19T21:56:22.598+0000 7fecda573700 1 -- 172.21.15.53:0/3243597306 shutdown_connections
2024-02-19T21:56:22.600 INFO:teuthology.orchestra.run.smithi053.stderr:/usr/bin/ceph:
2024-02-19T21:56:22.598+0000 7fecda573700 1 --2- 172.21.15.53:0/3243597306 >> [v2:172.21.15.53:6800/2447819309,v1:172.21.15.53:6801/2447819309] conn(0x7fecc002ff20 0x7fecc00323e0 unknown :-1 s=CLOSED pgs=7 cs=0 l=1 rev1=1 rx=0 tx=0).stop
2024-02-19T21:56:22.600 INFO:teuthology.orchestra.run.smithi053.stderr:/usr/bin/ceph:
2024-02-19T21:56:22.598+0000 7fecda573700 1 --2- 172.21.15.53:0/3243597306 >> [v2:172.21.15.53:3300/0,v1:172.21.15.53:6789/0] conn(0x7fecd40703f0 0x7fecd410ab50 unknown :-1 s=CLOSED pgs=59 cs=0 l=1 rev1=1 rx=0 tx=0).stop
2024-02-19T21:56:22.600 INFO:teuthology.orchestra.run.smithi053.stderr:/usr/bin/ceph:
2024-02-19T21:56:22.598+0000 7fecda573700 1 -- 172.21.15.53:0/3243597306 >> 172.21.15.53:0/3243597306 conn(0x7fecd40f6530 msgr2=0x7fecd40f7ef0 unknown :-1 s=STATE_NONE l=0).mark_down
2024-02-19T21:56:22.600 INFO:teuthology.orchestra.run.smithi053.stderr:/usr/bin/ceph:
2024-02-19T21:56:22.598+0000 7fecda573700 1 -- 172.21.15.53:0/3243597306 shutdown_connections
2024-02-19T21:56:22.600 INFO:teuthology.orchestra.run.smithi053.stderr:/usr/bin/ceph:
2024-02-19T21:56:22.598+0000 7fecda573700 1 -- 172.21.15.53:0/3243597306 wait complete.
2024-02-19T21:56:23.147 INFO:teuthology.orchestra.run.smithi053.stderr:Deploying alertmanager service with default placement...
2024-02-19T21:56:23.147 INFO:teuthology.orchestra.run.smithi053.stderr:Running command: /bin/podman run --rm --ipc=host --no-hosts --net=host --entrypoint /usr/bin/ceph --init -e CONTAINER_IMAGE=docker.io/ceph/ceph:v16.2.4 -e NODE_NAME=smithi053 -e CEPH_USE_RANDOM_NONCE=1 -v /var/log/ceph/867b6b52-cf71-11ee-95bb-87774f69a715:/var/log/ceph:z -v /tmp/ceph-tmpoyd_8g9j:/etc/ceph/ceph.client.admin.keyring:z -v /tmp/ceph-tmp0zy4ixsn:/etc/ceph/ceph.conf:z docker.io/ceph/ceph:v16.2.4 orch apply alertmanager
2024-02-19T21:56:23.644 INFO:teuthology.orchestra.run.smithi053.stderr:/usr/bin/ceph:
2024-02-19T21:56:23.642+0000 7f83aac27700 1 Processor -- start
2024-02-19T21:56:23.644 INFO:teuthology.orchestra.run.smithi053.stderr:/usr/bin/ceph:
2024-02-19T21:56:23.642+0000 7f83aac27700 1 -- start start
2024-02-19T21:56:23.644 INFO:teuthology.orchestra.run.smithi053.stderr:/usr/bin/ceph:
2024-02-19T21:56:23.642+0000 7f83aac27700 1 --2- >> [v2:172.21.15.53:3300/0,v1:172.21.15.53:6789/0] conn(0x7f83a40703d0 0x7f83a40feab0 unknown :-1 s=NONE pgs=0 cs=0 l=0 rev1=0 rx=0 tx=0).connect
2024-02-19T21:56:23.644 INFO:teuthology.orchestra.run.smithi053.stderr:/usr/bin/ceph:
2024-02-19T21:56:23.642+0000 7f83aac27700 1 -- --> [v2:172.21.15.53:3300/0,v1:172.21.15.53:6789/0] -- mon_getmap magic: 0 v1 -- 0x7f83a40fefa0 con 0x7f83a40703d0
2024-02-19T21:56:23.644 INFO:teuthology.orchestra.run.smithi053.stderr:/usr/bin/ceph:
2024-02-19T21:56:23.643+0000 7f83a89c3700 1 --2- >> [v2:172.21.15.53:3300/0,v1:172.21.15.53:6789/0] conn(0x7f83a40703d0 0x7f83a40feab0 unknown :-1 s=BANNER_CONNECTING pgs=0 cs=0 l=0 rev1=0 rx=0 tx=0)._handle_peer_banner_payload supported=1 required=0
2024-02-19T21:56:23.644 INFO:teuthology.orchestra.run.smithi053.stderr:/usr/bin/ceph:
2024-02-19T21:56:23.643+0000 7f83a89c3700 1 --2- >> [v2:172.21.15.53:3300/0,v1:172.21.15.53:6789/0] conn(0x7f83a40703d0 0x7f83a40feab0 unknown :-1 s=HELLO_CONNECTING pgs=0 cs=0 l=0 rev1=1 rx=0 tx=0).handle_hello peer v2:172.21.15.53:3300/0 says I am v2:172.21.15.53:58314/0 (socket says 172.21.15.53:58314)
2024-02-19T21:56:23.644 INFO:teuthology.orchestra.run.smithi053.stderr:/usr/bin/ceph:
2024-02-19T21:56:23.643+0000 7f83a89c3700 1 -- 172.21.15.53:0/826071378 learned_addr learned my addr 172.21.15.53:0/826071378 (peer_addr_for_me v2:172.21.15.53:0/0)
2024-02-19T21:56:23.644 INFO:teuthology.orchestra.run.smithi053.stderr:/usr/bin/ceph:
2024-02-19T21:56:23.643+0000 7f83a89c3700 1 -- 172.21.15.53:0/826071378 --> [v2:172.21.15.53:3300/0,v1:172.21.15.53:6789/0] -- mon_subscribe({config=0+,monmap=0+}) v3 -- 0x7f83a40ff0e0 con 0x7f83a40703d0
2024-02-19T21:56:23.644 INFO:teuthology.orchestra.run.smithi053.stderr:/usr/bin/ceph:
2024-02-19T21:56:23.643+0000 7f83a89c3700 1 --2- 172.21.15.53:0/826071378 >> [v2:172.21.15.53:3300/0,v1:172.21.15.53:6789/0] conn(0x7f83a40703d0 0x7f83a40feab0 secure :-1 s=READY pgs=60 cs=0 l=1 rev1=1 rx=0x7f839800b5f0 tx=0x7f8398006ee0).ready entity=mon.0 client_cookie=9f4eabafce9b1fd4 server_cookie=0 in_seq=0 out_seq=0
2024-02-19T21:56:23.644 INFO:teuthology.orchestra.run.smithi053.stderr:/usr/bin/ceph:
2024-02-19T21:56:23.643+0000 7f83a37fe700 1 -- 172.21.15.53:0/826071378 <== mon.0 v2:172.21.15.53:3300/0 1 ==== mon_map magic: 0 v1 ==== 229+0+0 (secure 0 0 0) 0x7f839800d600 con 0x7f83a40703d0
2024-02-19T21:56:23.644 INFO:teuthology.orchestra.run.smithi053.stderr:/usr/bin/ceph:
2024-02-19T21:56:23.643+0000 7f83a37fe700 1 -- 172.21.15.53:0/826071378 <== mon.0 v2:172.21.15.53:3300/0 2 ==== config(26 keys) v1 ==== 1045+0+0 (secure 0 0 0) 0x7f839800dbf0 con 0x7f83a40703d0
2024-02-19T21:56:23.647 INFO:teuthology.orchestra.run.smithi053.stderr:/usr/bin/ceph:
2024-02-19T21:56:23.643+0000 7f83a37fe700 1 -- 172.21.15.53:0/826071378 <== mon.0 v2:172.21.15.53:3300/0 3 ==== mon_map magic: 0 v1 ==== 229+0+0 (secure 0 0 0) 0x7f8398011cb0 con 0x7f83a40703d0
2024-02-19T21:56:23.647 INFO:teuthology.orchestra.run.smithi053.stderr:/usr/bin/ceph:
2024-02-19T21:56:23.644+0000 7f83aac27700 1 -- 172.21.15.53:0/826071378 >> [v2:172.21.15.53:3300/0,v1:172.21.15.53:6789/0] conn(0x7f83a40703d0 msgr2=0x7f83a40feab0 secure :-1 s=STATE_CONNECTION_ESTABLISHED l=1).mark_down
2024-02-19T21:56:23.647 INFO:teuthology.orchestra.run.smithi053.stderr:/usr/bin/ceph:
2024-02-19T21:56:23.644+0000 7f83aac27700 1 --2- 172.21.15.53:0/826071378 >> [v2:172.21.15.53:3300/0,v1:172.21.15.53:6789/0] conn(0x7f83a40703d0 0x7f83a40feab0 secure :-1 s=READY pgs=60 cs=0 l=1 rev1=1 rx=0x7f839800b5f0 tx=0x7f8398006ee0).stop
2024-02-19T21:56:23.647 INFO:teuthology.orchestra.run.smithi053.stderr:/usr/bin/ceph:
2024-02-19T21:56:23.644+0000 7f83aac27700 1 -- 172.21.15.53:0/826071378 shutdown_connections
2024-02-19T21:56:23.647 INFO:teuthology.orchestra.run.smithi053.stderr:/usr/bin/ceph:
2024-02-19T21:56:23.644+0000 7f83aac27700 1 --2- 172.21.15.53:0/826071378 >> [v2:172.21.15.53:3300/0,v1:172.21.15.53:6789/0] conn(0x7f83a40703d0 0x7f83a40feab0 unknown :-1 s=CLOSED pgs=60 cs=0 l=1 rev1=1 rx=0 tx=0).stop
2024-02-19T21:56:23.647 INFO:teuthology.orchestra.run.smithi053.stderr:/usr/bin/ceph:
2024-02-19T21:56:23.644+0000 7f83aac27700 1 -- 172.21.15.53:0/826071378 >> 172.21.15.53:0/826071378 conn(0x7f83a40f6530 msgr2=0x7f83a40f8950 unknown :-1 s=STATE_NONE l=0).mark_down
2024-02-19T21:56:23.647 INFO:teuthology.orchestra.run.smithi053.stderr:/usr/bin/ceph:
2024-02-19T21:56:23.644+0000 7f83aac27700 1 -- 172.21.15.53:0/826071378 shutdown_connections
2024-02-19T21:56:23.647 INFO:teuthology.orchestra.run.smithi053.stderr:/usr/bin/ceph:
2024-02-19T21:56:23.644+0000 7f83aac27700 1 -- 172.21.15.53:0/826071378 wait complete.
2024-02-19T21:56:23.647 INFO:teuthology.orchestra.run.smithi053.stderr:/usr/bin/ceph:
2024-02-19T21:56:23.645+0000 7f83aac27700 1 Processor -- start
2024-02-19T21:56:23.648 INFO:teuthology.orchestra.run.smithi053.stderr:/usr/bin/ceph:
2024-02-19T21:56:23.645+0000 7f83aac27700 1 -- start start
2024-02-19T21:56:23.648 INFO:teuthology.orchestra.run.smithi053.stderr:/usr/bin/ceph:
2024-02-19T21:56:23.645+0000 7f83aac27700 1 --2- >> [v2:172.21.15.53:3300/0,v1:172.21.15.53:6789/0] conn(0x7f83a40703d0 0x7f83a410abc0 unknown :-1 s=NONE pgs=0 cs=0 l=1 rev1=0 rx=0 tx=0).connect
2024-02-19T21:56:23.648 INFO:teuthology.orchestra.run.smithi053.stderr:/usr/bin/ceph:
2024-02-19T21:56:23.645+0000 7f83aac27700 1 -- --> [v2:172.21.15.53:3300/0,v1:172.21.15.53:6789/0] -- mon_getmap magic: 0 v1 -- 0x7f83a410b0b0 con 0x7f83a40703d0
2024-02-19T21:56:23.648 INFO:teuthology.orchestra.run.smithi053.stderr:/usr/bin/ceph:
2024-02-19T21:56:23.645+0000 7f83a89c3700 1 --2- >> [v2:172.21.15.53:3300/0,v1:172.21.15.53:6789/0] conn(0x7f83a40703d0 0x7f83a410abc0 unknown :-1 s=BANNER_CONNECTING pgs=0 cs=0 l=1 rev1=0 rx=0 tx=0)._handle_peer_banner_payload supported=1 required=0
2024-02-19T21:56:23.648 INFO:teuthology.orchestra.run.smithi053.stderr:/usr/bin/ceph:
2024-02-19T21:56:23.645+0000 7f83a89c3700 1 --2- >> [v2:172.21.15.53:3300/0,v1:172.21.15.53:6789/0] conn(0x7f83a40703d0 0x7f83a410abc0 unknown :-1 s=HELLO_CONNECTING pgs=0 cs=0 l=1 rev1=1 rx=0 tx=0).handle_hello peer v2:172.21.15.53:3300/0 says I am v2:172.21.15.53:58330/0 (socket says 172.21.15.53:58330)
2024-02-19T21:56:23.648 INFO:teuthology.orchestra.run.smithi053.stderr:/usr/bin/ceph:
2024-02-19T21:56:23.645+0000 7f83a89c3700 1 -- 172.21.15.53:0/3141702257 learned_addr learned my addr 172.21.15.53:0/3141702257 (peer_addr_for_me v2:172.21.15.53:0/0)
2024-02-19T21:56:23.648 INFO:teuthology.orchestra.run.smithi053.stderr:/usr/bin/ceph:
2024-02-19T21:56:23.646+0000 7f83a89c3700 1 -- 172.21.15.53:0/3141702257 --> [v2:172.21.15.53:3300/0,v1:172.21.15.53:6789/0] -- mon_subscribe({config=0+,monmap=0+}) v3 -- 0x7f839800b200 con 0x7f83a40703d0
2024-02-19T21:56:23.648 INFO:teuthology.orchestra.run.smithi053.stderr:/usr/bin/ceph:
2024-02-19T21:56:23.646+0000 7f83a89c3700 1 --2- 172.21.15.53:0/3141702257 >> [v2:172.21.15.53:3300/0,v1:172.21.15.53:6789/0] conn(0x7f83a40703d0 0x7f83a410abc0 secure :-1 s=READY pgs=61 cs=0 l=1 rev1=1 rx=0x7f8398006c70 tx=0x7f8398006ee0).ready entity=mon.0 client_cookie=0 server_cookie=0 in_seq=0 out_seq=0
2024-02-19T21:56:23.648 INFO:teuthology.orchestra.run.smithi053.stderr:/usr/bin/ceph:
2024-02-19T21:56:23.646+0000 7f83a17fa700 1 -- 172.21.15.53:0/3141702257 <== mon.0 v2:172.21.15.53:3300/0 1 ==== mon_map magic: 0 v1 ==== 229+0+0 (secure 0 0 0) 0x7f8398011400 con 0x7f83a40703d0
2024-02-19T21:56:23.648 INFO:teuthology.orchestra.run.smithi053.stderr:/usr/bin/ceph:
2024-02-19T21:56:23.646+0000 7f83a17fa700 1 -- 172.21.15.53:0/3141702257 <== mon.0 v2:172.21.15.53:3300/0 2 ==== config(26 keys) v1 ==== 1045+0+0 (secure 0 0 0) 0x7f839801b8a0 con 0x7f83a40703d0
2024-02-19T21:56:23.648 INFO:teuthology.orchestra.run.smithi053.stderr:/usr/bin/ceph:
2024-02-19T21:56:23.646+0000 7f83aac27700 1 -- 172.21.15.53:0/3141702257 --> [v2:172.21.15.53:3300/0,v1:172.21.15.53:6789/0] -- mon_subscribe({mgrmap=0+}) v3 -- 0x7f83a410b2b0 con 0x7f83a40703d0
2024-02-19T21:56:23.648 INFO:teuthology.orchestra.run.smithi053.stderr:/usr/bin/ceph:
2024-02-19T21:56:23.646+0000 7f83a17fa700 1 -- 172.21.15.53:0/3141702257 <== mon.0 v2:172.21.15.53:3300/0 3 ==== mon_map magic: 0 v1 ==== 229+0+0 (secure 0 0 0) 0x7f839801a7c0 con 0x7f83a40703d0
2024-02-19T21:56:23.648 INFO:teuthology.orchestra.run.smithi053.stderr:/usr/bin/ceph:
2024-02-19T21:56:23.646+0000 7f83aac27700 1 -- 172.21.15.53:0/3141702257 --> [v2:172.21.15.53:3300/0,v1:172.21.15.53:6789/0] -- mon_subscribe({osdmap=0}) v3 -- 0x7f83a410b740 con 0x7f83a40703d0
2024-02-19T21:56:23.648 INFO:teuthology.orchestra.run.smithi053.stderr:/usr/bin/ceph:
2024-02-19T21:56:23.647+0000 7f83a17fa700 1 -- 172.21.15.53:0/3141702257 <== mon.0 v2:172.21.15.53:3300/0 4 ==== mgrmap(e 12) v1 ==== 36195+0+0 (secure 0 0 0) 0x7f839800f070 con 0x7f83a40703d0
2024-02-19T21:56:23.649 INFO:teuthology.orchestra.run.smithi053.stderr:/usr/bin/ceph:
2024-02-19T21:56:23.647+0000 7f83a17fa700 1 --2- 172.21.15.53:0/3141702257 >> [v2:172.21.15.53:6800/2447819309,v1:172.21.15.53:6801/2447819309] conn(0x7f838802ff20 0x7f83880323e0 unknown :-1 s=NONE pgs=0 cs=0 l=1 rev1=0 rx=0 tx=0).connect
2024-02-19T21:56:23.649 INFO:teuthology.orchestra.run.smithi053.stderr:/usr/bin/ceph:
2024-02-19T21:56:23.647+0000 7f83aac27700 1 -- 172.21.15.53:0/3141702257 --> [v2:172.21.15.53:3300/0,v1:172.21.15.53:6789/0] -- mon_command({"prefix": "get_command_descriptions"} v 0) v1 -- 0x7f83a4045ad0 con 0x7f83a40703d0
2024-02-19T21:56:23.651 INFO:teuthology.orchestra.run.smithi053.stderr:/usr/bin/ceph:
2024-02-19T21:56:23.647+0000 7f83a17fa700 1 -- 172.21.15.53:0/3141702257 <== mon.0 v2:172.21.15.53:3300/0 5 ==== osd_map(3..3 src has 1..3) v4 ==== 1098+0+0 (secure 0 0 0) 0x7f83980413d0 con 0x7f83a40703d0
2024-02-19T21:56:23.651 INFO:teuthology.orchestra.run.smithi053.stderr:/usr/bin/ceph:
2024-02-19T21:56:23.647+0000 7f83a3fff700 1 --2- 172.21.15.53:0/3141702257 >> [v2:172.21.15.53:6800/2447819309,v1:172.21.15.53:6801/2447819309] conn(0x7f838802ff20 0x7f83880323e0 unknown :-1 s=BANNER_CONNECTING pgs=0 cs=0 l=1 rev1=0 rx=0 tx=0)._handle_peer_banner_payload supported=1 required=0
2024-02-19T21:56:23.651 INFO:teuthology.orchestra.run.smithi053.stderr:/usr/bin/ceph:
2024-02-19T21:56:23.648+0000 7f83a3fff700 1 --2- 172.21.15.53:0/3141702257 >> [v2:172.21.15.53:6800/2447819309,v1:172.21.15.53:6801/2447819309] conn(0x7f838802ff20 0x7f83880323e0 secure :-1 s=READY pgs=8 cs=0 l=1 rev1=1 rx=0x7f83900096a0 tx=0x7f8390006b40).ready entity=mgr.14142 client_cookie=0 server_cookie=0 in_seq=0 out_seq=0
2024-02-19T21:56:23.651 INFO:teuthology.orchestra.run.smithi053.stderr:/usr/bin/ceph:
2024-02-19T21:56:23.651+0000 7f83a17fa700 1 -- 172.21.15.53:0/3141702257 <== mon.0 v2:172.21.15.53:3300/0 6 ==== mon_command_ack([{"prefix": "get_command_descriptions"}]=0 v0) v1 ==== 72+0+152212 (secure 0 0 0) 0x7f8398019af0 con 0x7f83a40703d0
2024-02-19T21:56:23.839 INFO:teuthology.orchestra.run.smithi053.stderr:/usr/bin/ceph:
2024-02-19T21:56:23.839+0000 7f83aac27700 1 -- 172.21.15.53:0/3141702257 --> [v2:172.21.15.53:6800/2447819309,v1:172.21.15.53:6801/2447819309] -- mgr_command(tid 0: {"prefix": "orch apply", "service_type": "alertmanager", "target": ["mon-mgr", ""]}) v1 -- 0x7f83a410bfa0 con 0x7f838802ff20
2024-02-19T21:56:23.843 INFO:teuthology.orchestra.run.smithi053.stderr:/usr/bin/ceph:
2024-02-19T21:56:23.843+0000 7f83a17fa700 1 -- 172.21.15.53:0/3141702257 <== mgr.14142 v2:172.21.15.53:6800/2447819309 1 ==== mgr_command_reply(tid 0: 0 ) v1 ==== 8+0+33 (secure 0 0 0) 0x7f83a410bfa0 con 0x7f838802ff20
2024-02-19T21:56:23.843 INFO:teuthology.orchestra.run.smithi053.stderr:/usr/bin/ceph: Scheduled alertmanager update...
2024-02-19T21:56:23.845 INFO:teuthology.orchestra.run.smithi053.stderr:/usr/bin/ceph:
2024-02-19T21:56:23.844+0000 7f83aac27700 1 -- 172.21.15.53:0/3141702257 >> [v2:172.21.15.53:6800/2447819309,v1:172.21.15.53:6801/2447819309] conn(0x7f838802ff20 msgr2=0x7f83880323e0 secure :-1 s=STATE_CONNECTION_ESTABLISHED l=1).mark_down
2024-02-19T21:56:23.845 INFO:teuthology.orchestra.run.smithi053.stderr:/usr/bin/ceph:
2024-02-19T21:56:23.844+0000 7f83aac27700 1 --2- 172.21.15.53:0/3141702257 >> [v2:172.21.15.53:6800/2447819309,v1:172.21.15.53:6801/2447819309] conn(0x7f838802ff20 0x7f83880323e0 secure :-1 s=READY pgs=8 cs=0 l=1 rev1=1 rx=0x7f83900096a0 tx=0x7f8390006b40).stop
2024-02-19T21:56:23.845 INFO:teuthology.orchestra.run.smithi053.stderr:/usr/bin/ceph:
2024-02-19T21:56:23.844+0000 7f83aac27700 1 -- 172.21.15.53:0/3141702257 >> [v2:172.21.15.53:3300/0,v1:172.21.15.53:6789/0] conn(0x7f83a40703d0 msgr2=0x7f83a410abc0 secure :-1 s=STATE_CONNECTION_ESTABLISHED l=1).mark_down
2024-02-19T21:56:23.845 INFO:teuthology.orchestra.run.smithi053.stderr:/usr/bin/ceph:
2024-02-19T21:56:23.844+0000 7f83aac27700 1 --2- 172.21.15.53:0/3141702257 >> [v2:172.21.15.53:3300/0,v1:172.21.15.53:6789/0] conn(0x7f83a40703d0 0x7f83a410abc0 secure :-1 s=READY pgs=61 cs=0 l=1 rev1=1 rx=0x7f8398006c70 tx=0x7f8398006ee0).stop
2024-02-19T21:56:23.846 INFO:teuthology.orchestra.run.smithi053.stderr:/usr/bin/ceph:
2024-02-19T21:56:23.845+0000 7f83aac27700 1 -- 172.21.15.53:0/3141702257 shutdown_connections
2024-02-19T21:56:23.846 INFO:teuthology.orchestra.run.smithi053.stderr:/usr/bin/ceph:
2024-02-19T21:56:23.845+0000 7f83aac27700 1 --2- 172.21.15.53:0/3141702257 >> [v2:172.21.15.53:6800/2447819309,v1:172.21.15.53:6801/2447819309] conn(0x7f838802ff20 0x7f83880323e0 unknown :-1 s=CLOSED pgs=8 cs=0 l=1 rev1=1 rx=0 tx=0).stop
2024-02-19T21:56:23.846 INFO:teuthology.orchestra.run.smithi053.stderr:/usr/bin/ceph:
2024-02-19T21:56:23.845+0000 7f83aac27700 1 --2- 172.21.15.53:0/3141702257 >> [v2:172.21.15.53:3300/0,v1:172.21.15.53:6789/0] conn(0x7f83a40703d0 0x7f83a410abc0 unknown :-1 s=CLOSED pgs=61 cs=0 l=1 rev1=1 rx=0 tx=0).stop
2024-02-19T21:56:23.846 INFO:teuthology.orchestra.run.smithi053.stderr:/usr/bin/ceph:
2024-02-19T21:56:23.845+0000 7f83aac27700 1 -- 172.21.15.53:0/3141702257 >> 172.21.15.53:0/3141702257 conn(0x7f83a40f6530 msgr2=0x7f83a40f7f60 unknown :-1 s=STATE_NONE l=0).mark_down
2024-02-19T21:56:23.846 INFO:teuthology.orchestra.run.smithi053.stderr:/usr/bin/ceph:
2024-02-19T21:56:23.845+0000 7f83aac27700 1 -- 172.21.15.53:0/3141702257 shutdown_connections
2024-02-19T21:56:23.846 INFO:teuthology.orchestra.run.smithi053.stderr:/usr/bin/ceph:
2024-02-19T21:56:23.845+0000 7f83aac27700 1 -- 172.21.15.53:0/3141702257 wait complete.
2024-02-19T21:56:23.865 INFO:journalctl@ceph.mon.smithi053.smithi053.stdout:Feb 19 21:56:23 smithi053 ceph-867b6b52-cf71-11ee-95bb-87774f69a715-mon.smithi053[38150]: audit
2024-02-19T21:56:22.594885+0000 mgr.smithi053.fyhcdi (mgr.14142) 5 : audit [DBG] from='client.14152 -' entity='client.admin' cmd=[{"prefix": "orch apply", "service_type": "node-exporter", "target": ["mon-mgr", ""]}]: dispatch
2024-02-19T21:56:23.865 INFO:journalctl@ceph.mon.smithi053.smithi053.stdout:Feb 19 21:56:23 smithi053 ceph-867b6b52-cf71-11ee-95bb-87774f69a715-mon.smithi053[38150]: cephadm
2024-02-19T21:56:22.595536+0000 mgr.smithi053.fyhcdi (mgr.14142) 6 : cephadm [INF] Saving service node-exporter spec with placement *
2024-02-19T21:56:23.865 INFO:journalctl@ceph.mon.smithi053.smithi053.stdout:Feb 19 21:56:23 smithi053 ceph-867b6b52-cf71-11ee-95bb-87774f69a715-mon.smithi053[38150]: audit
2024-02-19T21:56:22.597640+0000 mon.smithi053 (mon.0) 80 : audit [INF] from='mgr.14142 172.21.15.53:0/2487765561' entity='mgr.smithi053.fyhcdi'
2024-02-19T21:56:24.530 INFO:teuthology.orchestra.run.smithi053.stderr:Running command: /bin/podman run --rm --ipc=host --no-hosts --net=host --entrypoint /usr/bin/ceph --init -e CONTAINER_IMAGE=docker.io/ceph/ceph:v16.2.4 -e NODE_NAME=smithi053 -e CEPH_USE_RANDOM_NONCE=1 -v /var/log/ceph/867b6b52-cf71-11ee-95bb-87774f69a715:/var/log/ceph:z -v /tmp/ceph-tmpoyd_8g9j:/etc/ceph/ceph.client.admin.keyring:z -v /tmp/ceph-tmp0zy4ixsn:/etc/ceph/ceph.conf:z docker.io/ceph/ceph:v16.2.4 config set mgr mgr/cephadm/container_init True --force
2024-02-19T21:56:25.068 INFO:teuthology.orchestra.run.smithi053.stderr:/usr/bin/ceph:
2024-02-19T21:56:25.034+0000 7f049144e700 1 Processor -- start
2024-02-19T21:56:25.068 INFO:teuthology.orchestra.run.smithi053.stderr:/usr/bin/ceph:
2024-02-19T21:56:25.034+0000 7f049144e700 1 -- start start
2024-02-19T21:56:25.069 INFO:teuthology.orchestra.run.smithi053.stderr:/usr/bin/ceph:
2024-02-19T21:56:25.035+0000 7f049144e700 1 --2- >> [v2:172.21.15.53:3300/0,v1:172.21.15.53:6789/0] conn(0x7f048c0fbea0 0x7f048c0fc2c0 unknown :-1 s=NONE pgs=0 cs=0 l=0 rev1=0 rx=0 tx=0).connect
2024-02-19T21:56:25.069 INFO:teuthology.orchestra.run.smithi053.stderr:/usr/bin/ceph:
2024-02-19T21:56:25.035+0000 7f049144e700 1 -- --> [v2:172.21.15.53:3300/0,v1:172.21.15.53:6789/0] -- mon_getmap magic: 0 v1 -- 0x7f048c0fc7b0 con 0x7f048c0fbea0
2024-02-19T21:56:25.069 INFO:teuthology.orchestra.run.smithi053.stderr:/usr/bin/ceph:
2024-02-19T21:56:25.035+0000 7f048affd700 1 --2- >> [v2:172.21.15.53:3300/0,v1:172.21.15.53:6789/0] conn(0x7f048c0fbea0 0x7f048c0fc2c0 unknown :-1 s=BANNER_CONNECTING pgs=0 cs=0 l=0 rev1=0 rx=0 tx=0)._handle_peer_banner_payload supported=1 required=0
2024-02-19T21:56:25.069 INFO:teuthology.orchestra.run.smithi053.stderr:/usr/bin/ceph:
2024-02-19T21:56:25.035+0000 7f048affd700 1 --2- >> [v2:172.21.15.53:3300/0,v1:172.21.15.53:6789/0] conn(0x7f048c0fbea0 0x7f048c0fc2c0 unknown :-1 s=HELLO_CONNECTING pgs=0 cs=0 l=0 rev1=1 rx=0 tx=0).handle_hello peer v2:172.21.15.53:3300/0 says I am v2:172.21.15.53:58338/0 (socket says 172.21.15.53:58338)
2024-02-19T21:56:25.069 INFO:teuthology.orchestra.run.smithi053.stderr:/usr/bin/ceph:
2024-02-19T21:56:25.035+0000 7f048affd700 1 -- 172.21.15.53:0/1119252802 learned_addr learned my addr 172.21.15.53:0/1119252802 (peer_addr_for_me v2:172.21.15.53:0/0)
2024-02-19T21:56:25.069 INFO:teuthology.orchestra.run.smithi053.stderr:/usr/bin/ceph:
2024-02-19T21:56:25.035+0000 7f048affd700 1 -- 172.21.15.53:0/1119252802 --> [v2:172.21.15.53:3300/0,v1:172.21.15.53:6789/0] -- mon_subscribe({config=0+,monmap=0+}) v3 -- 0x7f048c0fc8f0 con 0x7f048c0fbea0
2024-02-19T21:56:25.069 INFO:teuthology.orchestra.run.smithi053.stderr:/usr/bin/ceph:
2024-02-19T21:56:25.035+0000 7f048affd700 1 --2- 172.21.15.53:0/1119252802 >> [v2:172.21.15.53:3300/0,v1:172.21.15.53:6789/0] conn(0x7f048c0fbea0 0x7f048c0fc2c0 secure :-1 s=READY pgs=62 cs=0 l=1 rev1=1 rx=0x7f048000b5f0 tx=0x7f0480006ee0).ready entity=mon.0 client_cookie=efb66f9025d6b7a5 server_cookie=0 in_seq=0 out_seq=0
2024-02-19T21:56:25.069 INFO:teuthology.orchestra.run.smithi053.stderr:/usr/bin/ceph:
2024-02-19T21:56:25.035+0000 7f0489ffb700 1 -- 172.21.15.53:0/1119252802 <== mon.0 v2:172.21.15.53:3300/0 1 ==== mon_map magic: 0 v1 ==== 229+0+0 (secure 0 0 0) 0x7f048000d600 con 0x7f048c0fbea0
2024-02-19T21:56:25.070 INFO:teuthology.orchestra.run.smithi053.stderr:/usr/bin/ceph:
2024-02-19T21:56:25.035+0000 7f0489ffb700 1 -- 172.21.15.53:0/1119252802 <== mon.0 v2:172.21.15.53:3300/0 2 ==== config(26 keys) v1 ==== 1045+0+0 (secure 0 0 0) 0x7f048000dbf0 con 0x7f048c0fbea0
2024-02-19T21:56:25.070 INFO:teuthology.orchestra.run.smithi053.stderr:/usr/bin/ceph:
2024-02-19T21:56:25.035+0000 7f0489ffb700 1 -- 172.21.15.53:0/1119252802 <== mon.0 v2:172.21.15.53:3300/0 3 ==== mon_map magic: 0 v1 ==== 229+0+0 (secure 0 0 0) 0x7f0480011cb0 con 0x7f048c0fbea0
2024-02-19T21:56:25.070 INFO:teuthology.orchestra.run.smithi053.stderr:/usr/bin/ceph:
2024-02-19T21:56:25.036+0000 7f049144e700 1 -- 172.21.15.53:0/1119252802 >> [v2:172.21.15.53:3300/0,v1:172.21.15.53:6789/0] conn(0x7f048c0fbea0 msgr2=0x7f048c0fc2c0 secure :-1 s=STATE_CONNECTION_ESTABLISHED l=1).mark_down
2024-02-19T21:56:25.070 INFO:teuthology.orchestra.run.smithi053.stderr:/usr/bin/ceph:
2024-02-19T21:56:25.036+0000 7f049144e700 1 --2- 172.21.15.53:0/1119252802 >> [v2:172.21.15.53:3300/0,v1:172.21.15.53:6789/0] conn(0x7f048c0fbea0 0x7f048c0fc2c0 secure :-1 s=READY pgs=62 cs=0 l=1 rev1=1 rx=0x7f048000b5f0 tx=0x7f0480006ee0).stop
2024-02-19T21:56:25.070 INFO:teuthology.orchestra.run.smithi053.stderr:/usr/bin/ceph:
2024-02-19T21:56:25.036+0000 7f049144e700 1 -- 172.21.15.53:0/1119252802 shutdown_connections
2024-02-19T21:56:25.070 INFO:teuthology.orchestra.run.smithi053.stderr:/usr/bin/ceph:
2024-02-19T21:56:25.036+0000 7f049144e700 1 --2- 172.21.15.53:0/1119252802 >> [v2:172.21.15.53:3300/0,v1:172.21.15.53:6789/0] conn(0x7f048c0fbea0 0x7f048c0fc2c0 unknown :-1 s=CLOSED pgs=62 cs=0 l=1 rev1=1 rx=0 tx=0).stop
2024-02-19T21:56:25.070 INFO:teuthology.orchestra.run.smithi053.stderr:/usr/bin/ceph:
2024-02-19T21:56:25.036+0000 7f049144e700 1 -- 172.21.15.53:0/1119252802 >> 172.21.15.53:0/1119252802 conn(0x7f048c0f76a0 msgr2=0x7f048c0f9ac0 unknown :-1 s=STATE_NONE l=0).mark_down
2024-02-19T21:56:25.070 INFO:teuthology.orchestra.run.smithi053.stderr:/usr/bin/ceph:
2024-02-19T21:56:25.036+0000 7f049144e700 1 -- 172.21.15.53:0/1119252802 shutdown_connections
2024-02-19T21:56:25.070 INFO:teuthology.orchestra.run.smithi053.stderr:/usr/bin/ceph:
2024-02-19T21:56:25.036+0000 7f049144e700 1 -- 172.21.15.53:0/1119252802 wait complete.
2024-02-19T21:56:25.070 INFO:teuthology.orchestra.run.smithi053.stderr:/usr/bin/ceph:
2024-02-19T21:56:25.037+0000 7f049144e700 1 Processor -- start
2024-02-19T21:56:25.070 INFO:teuthology.orchestra.run.smithi053.stderr:/usr/bin/ceph:
2024-02-19T21:56:25.037+0000 7f049144e700 1 -- start start
2024-02-19T21:56:25.070 INFO:teuthology.orchestra.run.smithi053.stderr:/usr/bin/ceph:
2024-02-19T21:56:25.037+0000 7f049144e700 1 --2- >> [v2:172.21.15.53:3300/0,v1:172.21.15.53:6789/0] conn(0x7f048c0fbea0 0x7f048c10abd0 unknown :-1 s=NONE pgs=0 cs=0 l=1 rev1=0 rx=0 tx=0).connect
2024-02-19T21:56:25.070 INFO:teuthology.orchestra.run.smithi053.stderr:/usr/bin/ceph:
2024-02-19T21:56:25.037+0000 7f049144e700 1 -- --> [v2:172.21.15.53:3300/0,v1:172.21.15.53:6789/0] -- mon_getmap magic: 0 v1 -- 0x7f048c10b0c0 con 0x7f048c0fbea0
2024-02-19T21:56:25.070 INFO:teuthology.orchestra.run.smithi053.stderr:/usr/bin/ceph:
2024-02-19T21:56:25.037+0000 7f048affd700 1 --2- >> [v2:172.21.15.53:3300/0,v1:172.21.15.53:6789/0] conn(0x7f048c0fbea0 0x7f048c10abd0 unknown :-1 s=BANNER_CONNECTING pgs=0 cs=0 l=1 rev1=0 rx=0 tx=0)._handle_peer_banner_payload supported=1 required=0
2024-02-19T21:56:25.071 INFO:teuthology.orchestra.run.smithi053.stderr:/usr/bin/ceph:
2024-02-19T21:56:25.037+0000 7f048affd700 1 --2- >> [v2:172.21.15.53:3300/0,v1:172.21.15.53:6789/0] conn(0x7f048c0fbea0 0x7f048c10abd0 unknown :-1 s=HELLO_CONNECTING pgs=0 cs=0 l=1 rev1=1 rx=0 tx=0).handle_hello peer v2:172.21.15.53:3300/0 says I am v2:172.21.15.53:58352/0 (socket says 172.21.15.53:58352)
2024-02-19T21:56:25.071 INFO:teuthology.orchestra.run.smithi053.stderr:/usr/bin/ceph:
2024-02-19T21:56:25.037+0000 7f048affd700 1 -- 172.21.15.53:0/3627245745 learned_addr learned my addr 172.21.15.53:0/3627245745 (peer_addr_for_me v2:172.21.15.53:0/0)
2024-02-19T21:56:25.071 INFO:teuthology.orchestra.run.smithi053.stderr:/usr/bin/ceph:
2024-02-19T21:56:25.037+0000 7f048affd700 1 -- 172.21.15.53:0/3627245745 --> [v2:172.21.15.53:3300/0,v1:172.21.15.53:6789/0] -- mon_subscribe({config=0+,monmap=0+}) v3 -- 0x7f048000b200 con 0x7f048c0fbea0
2024-02-19T21:56:25.071 INFO:teuthology.orchestra.run.smithi053.stderr:/usr/bin/ceph:
2024-02-19T21:56:25.038+0000 7f048affd700 1 --2- 172.21.15.53:0/3627245745 >> [v2:172.21.15.53:3300/0,v1:172.21.15.53:6789/0] conn(0x7f048c0fbea0 0x7f048c10abd0 secure :-1 s=READY pgs=63 cs=0 l=1 rev1=1 rx=0x7f0480002f40 tx=0x7f0480006ee0).ready entity=mon.0 client_cookie=0 server_cookie=0 in_seq=0 out_seq=0
2024-02-19T21:56:25.071 INFO:teuthology.orchestra.run.smithi053.stderr:/usr/bin/ceph:
2024-02-19T21:56:25.038+0000 7f04737fe700 1 -- 172.21.15.53:0/3627245745 <== mon.0 v2:172.21.15.53:3300/0 1 ==== mon_map magic: 0 v1 ==== 229+0+0 (secure 0 0 0) 0x7f048001b410 con 0x7f048c0fbea0
2024-02-19T21:56:25.071 INFO:teuthology.orchestra.run.smithi053.stderr:/usr/bin/ceph:
2024-02-19T21:56:25.038+0000 7f04737fe700 1 -- 172.21.15.53:0/3627245745 <== mon.0 v2:172.21.15.53:3300/0 2 ==== config(26 keys) v1 ==== 1045+0+0 (secure 0 0 0) 0x7f048001ba00 con 0x7f048c0fbea0
2024-02-19T21:56:25.071 INFO:teuthology.orchestra.run.smithi053.stderr:/usr/bin/ceph:
2024-02-19T21:56:25.038+0000 7f04737fe700 1 -- 172.21.15.53:0/3627245745 <== mon.0 v2:172.21.15.53:3300/0 3 ==== mon_map magic: 0 v1 ==== 229+0+0 (secure 0 0 0) 0x7f048001a980 con 0x7f048c0fbea0
2024-02-19T21:56:25.071 INFO:teuthology.orchestra.run.smithi053.stderr:/usr/bin/ceph:
2024-02-19T21:56:25.038+0000 7f049144e700 1 -- 172.21.15.53:0/3627245745 --> [v2:172.21.15.53:3300/0,v1:172.21.15.53:6789/0] -- mon_subscribe({mgrmap=0+}) v3 -- 0x7f048c10b2c0 con 0x7f048c0fbea0
2024-02-19T21:56:25.071 INFO:teuthology.orchestra.run.smithi053.stderr:/usr/bin/ceph:
2024-02-19T21:56:25.038+0000 7f049144e700 1 -- 172.21.15.53:0/3627245745 --> [v2:172.21.15.53:3300/0,v1:172.21.15.53:6789/0] -- mon_subscribe({osdmap=0}) v3 -- 0x7f048c10b750 con 0x7f048c0fbea0
2024-02-19T21:56:25.071 INFO:teuthology.orchestra.run.smithi053.stderr:/usr/bin/ceph:
2024-02-19T21:56:25.039+0000 7f049144e700 1 -- 172.21.15.53:0/3627245745 --> [v2:172.21.15.53:3300/0,v1:172.21.15.53:6789/0] -- mon_command({"prefix": "get_command_descriptions"} v 0) v1 -- 0x7f048c045ad0 con 0x7f048c0fbea0
2024-02-19T21:56:25.071 INFO:teuthology.orchestra.run.smithi053.stderr:/usr/bin/ceph:
2024-02-19T21:56:25.039+0000 7f04737fe700 1 -- 172.21.15.53:0/3627245745 <== mon.0 v2:172.21.15.53:3300/0 4 ==== mgrmap(e 12) v1 ==== 36195+0+0 (secure 0 0 0) 0x7f048000f070 con 0x7f048c0fbea0
2024-02-19T21:56:25.071 INFO:teuthology.orchestra.run.smithi053.stderr:/usr/bin/ceph:
2024-02-19T21:56:25.039+0000 7f04737fe700 1 --2- 172.21.15.53:0/3627245745 >> [v2:172.21.15.53:6800/2447819309,v1:172.21.15.53:6801/2447819309] conn(0x7f047802ff20 0x7f04780323e0 unknown :-1 s=NONE pgs=0 cs=0 l=1 rev1=0 rx=0 tx=0).connect
2024-02-19T21:56:25.071 INFO:teuthology.orchestra.run.smithi053.stderr:/usr/bin/ceph:
2024-02-19T21:56:25.039+0000 7f04737fe700 1 -- 172.21.15.53:0/3627245745 <== mon.0 v2:172.21.15.53:3300/0 5 ==== osd_map(3..3 src has 1..3) v4 ==== 1098+0+0 (secure 0 0 0) 0x7f0480041d60 con 0x7f048c0fbea0
2024-02-19T21:56:25.071 INFO:teuthology.orchestra.run.smithi053.stderr:/usr/bin/ceph:
2024-02-19T21:56:25.040+0000 7f048a7fc700 1 --2- 172.21.15.53:0/3627245745 >> [v2:172.21.15.53:6800/2447819309,v1:172.21.15.53:6801/2447819309] conn(0x7f047802ff20 0x7f04780323e0 unknown :-1 s=BANNER_CONNECTING pgs=0 cs=0 l=1 rev1=0 rx=0 tx=0)._handle_peer_banner_payload supported=1 required=0
2024-02-19T21:56:25.072 INFO:teuthology.orchestra.run.smithi053.stderr:/usr/bin/ceph:
2024-02-19T21:56:25.040+0000 7f048a7fc700 1 --2- 172.21.15.53:0/3627245745 >> [v2:172.21.15.53:6800/2447819309,v1:172.21.15.53:6801/2447819309] conn(0x7f047802ff20 0x7f04780323e0 secure :-1 s=READY pgs=9 cs=0 l=1 rev1=1 rx=0x7f047c0096a0 tx=0x7f047c006b40).ready entity=mgr.14142 client_cookie=0 server_cookie=0 in_seq=0 out_seq=0
2024-02-19T21:56:25.072 INFO:teuthology.orchestra.run.smithi053.stderr:/usr/bin/ceph:
2024-02-19T21:56:25.043+0000 7f04737fe700 1 -- 172.21.15.53:0/3627245745 <== mon.0 v2:172.21.15.53:3300/0 6 ==== mon_command_ack([{"prefix": "get_command_descriptions"}]=0 v0) v1 ==== 72+0+152212 (secure 0 0 0) 0x7f0480019300 con 0x7f048c0fbea0
2024-02-19T21:56:25.201 INFO:teuthology.orchestra.run.smithi053.stderr:/usr/bin/ceph:
2024-02-19T21:56:25.201+0000 7f049144e700 1 -- 172.21.15.53:0/3627245745 --> [v2:172.21.15.53:3300/0,v1:172.21.15.53:6789/0] -- mon_command([{prefix=config set, name=mgr/cephadm/container_init}] v 0) v1 -- 0x7f048c0fdc00 con 0x7f048c0fbea0
2024-02-19T21:56:25.204 INFO:teuthology.orchestra.run.smithi053.stderr:/usr/bin/ceph:
2024-02-19T21:56:25.204+0000 7f04737fe700 1 -- 172.21.15.53:0/3627245745 <== mon.0 v2:172.21.15.53:3300/0 7 ==== mon_command_ack([{prefix=config set, name=mgr/cephadm/container_init}]=0 v8)=0 v8) v1 ==== 142+0+0 (secure 0 0 0) 0x7f0480016030 con 0x7f048c0fbea0
2024-02-19T21:56:25.206 INFO:teuthology.orchestra.run.smithi053.stderr:/usr/bin/ceph:
2024-02-19T21:56:25.205+0000 7f049144e700 1 -- 172.21.15.53:0/3627245745 >> [v2:172.21.15.53:6800/2447819309,v1:172.21.15.53:6801/2447819309] conn(0x7f047802ff20 msgr2=0x7f04780323e0 secure :-1 s=STATE_CONNECTION_ESTABLISHED l=1).mark_down
2024-02-19T21:56:25.206 INFO:teuthology.orchestra.run.smithi053.stderr:/usr/bin/ceph:
2024-02-19T21:56:25.205+0000 7f049144e700 1 --2- 172.21.15.53:0/3627245745 >> [v2:172.21.15.53:6800/2447819309,v1:172.21.15.53:6801/2447819309] conn(0x7f047802ff20 0x7f04780323e0 secure :-1 s=READY pgs=9 cs=0 l=1 rev1=1 rx=0x7f047c0096a0 tx=0x7f047c006b40).stop
2024-02-19T21:56:25.207 INFO:teuthology.orchestra.run.smithi053.stderr:/usr/bin/ceph:
2024-02-19T21:56:25.205+0000 7f049144e700 1 -- 172.21.15.53:0/3627245745 >> [v2:172.21.15.53:3300/0,v1:172.21.15.53:6789/0] conn(0x7f048c0fbea0 msgr2=0x7f048c10abd0 secure :-1 s=STATE_CONNECTION_ESTABLISHED l=1).mark_down
2024-02-19T21:56:25.207 INFO:teuthology.orchestra.run.smithi053.stderr:/usr/bin/ceph:
2024-02-19T21:56:25.205+0000 7f049144e700 1 --2- 172.21.15.53:0/3627245745 >> [v2:172.21.15.53:3300/0,v1:172.21.15.53:6789/0] conn(0x7f048c0fbea0 0x7f048c10abd0 secure :-1 s=READY pgs=63 cs=0 l=1 rev1=1 rx=0x7f0480002f40 tx=0x7f0480006ee0).stop
2024-02-19T21:56:25.207 INFO:teuthology.orchestra.run.smithi053.stderr:/usr/bin/ceph:
2024-02-19T21:56:25.206+0000 7f049144e700 1 -- 172.21.15.53:0/3627245745 shutdown_connections
2024-02-19T21:56:25.207 INFO:teuthology.orchestra.run.smithi053.stderr:/usr/bin/ceph:
2024-02-19T21:56:25.206+0000 7f049144e700 1 --2- 172.21.15.53:0/3627245745 >> [v2:172.21.15.53:6800/2447819309,v1:172.21.15.53:6801/2447819309] conn(0x7f047802ff20 0x7f04780323e0 unknown :-1 s=CLOSED pgs=9 cs=0 l=1 rev1=1 rx=0 tx=0).stop
2024-02-19T21:56:25.207 INFO:teuthology.orchestra.run.smithi053.stderr:/usr/bin/ceph:
2024-02-19T21:56:25.206+0000 7f049144e700 1 --2- 172.21.15.53:0/3627245745 >> [v2:172.21.15.53:3300/0,v1:172.21.15.53:6789/0] conn(0x7f048c0fbea0 0x7f048c10abd0 unknown :-1 s=CLOSED pgs=63 cs=0 l=1 rev1=1 rx=0 tx=0).stop
2024-02-19T21:56:25.207 INFO:teuthology.orchestra.run.smithi053.stderr:/usr/bin/ceph:
2024-02-19T21:56:25.206+0000 7f049144e700 1 -- 172.21.15.53:0/3627245745 >> 172.21.15.53:0/3627245745 conn(0x7f048c0f76a0 msgr2=0x7f048c0f9070 unknown :-1 s=STATE_NONE l=0).mark_down
2024-02-19T21:56:25.207 INFO:teuthology.orchestra.run.smithi053.stderr:/usr/bin/ceph:
2024-02-19T21:56:25.206+0000 7f049144e700 1 -- 172.21.15.53:0/3627245745 shutdown_connections
2024-02-19T21:56:25.207 INFO:teuthology.orchestra.run.smithi053.stderr:/usr/bin/ceph:
2024-02-19T21:56:25.206+0000 7f049144e700 1 -- 172.21.15.53:0/3627245745 wait complete.
2024-02-19T21:56:25.228 INFO:journalctl@ceph.mon.smithi053.smithi053.stdout:Feb 19 21:56:24 smithi053 ceph-867b6b52-cf71-11ee-95bb-87774f69a715-mon.smithi053[38150]: audit
2024-02-19T21:56:23.841388+0000 mgr.smithi053.fyhcdi (mgr.14142) 7 : audit [DBG] from='client.14154 -' entity='client.admin' cmd=[{"prefix": "orch apply", "service_type": "alertmanager", "target": ["mon-mgr", ""]}]: dispatch
2024-02-19T21:56:25.228 INFO:journalctl@ceph.mon.smithi053.smithi053.stdout:Feb 19 21:56:24 smithi053 ceph-867b6b52-cf71-11ee-95bb-87774f69a715-mon.smithi053[38150]: cephadm
2024-02-19T21:56:23.841891+0000 mgr.smithi053.fyhcdi (mgr.14142) 8 : cephadm [INF] Saving service alertmanager spec with placement count:1
2024-02-19T21:56:25.229 INFO:journalctl@ceph.mon.smithi053.smithi053.stdout:Feb 19 21:56:24 smithi053 ceph-867b6b52-cf71-11ee-95bb-87774f69a715-mon.smithi053[38150]: audit
2024-02-19T21:56:23.844003+0000 mon.smithi053 (mon.0) 81 : audit [INF] from='mgr.14142 172.21.15.53:0/2487765561' entity='mgr.smithi053.fyhcdi'
2024-02-19T21:56:25.778 INFO:teuthology.orchestra.run.smithi053.stderr:Running command: /bin/podman run --rm --ipc=host --no-hosts --net=host --entrypoint /usr/bin/ceph --init -e CONTAINER_IMAGE=docker.io/ceph/ceph:v16.2.4 -e NODE_NAME=smithi053 -e CEPH_USE_RANDOM_NONCE=1 -v /var/log/ceph/867b6b52-cf71-11ee-95bb-87774f69a715:/var/log/ceph:z -v /tmp/ceph-tmpoyd_8g9j:/etc/ceph/ceph.client.admin.keyring:z -v /tmp/ceph-tmp0zy4ixsn:/etc/ceph/ceph.conf:z docker.io/ceph/ceph:v16.2.4 config set mgr mgr/dashboard/ssl_server_port 8443
2024-02-19T21:56:26.293 INFO:journalctl@ceph.mon.smithi053.smithi053.stdout:Feb 19 21:56:26 smithi053 ceph-867b6b52-cf71-11ee-95bb-87774f69a715-mon.smithi053[38150]: audit
2024-02-19T21:56:25.205266+0000 mon.smithi053 (mon.0) 82 : audit [INF] from='client.? 172.21.15.53:0/3627245745' entity='client.admin'
2024-02-19T21:56:26.366 INFO:teuthology.orchestra.run.smithi053.stderr:/usr/bin/ceph:
2024-02-19T21:56:26.364+0000 7fe23e666700 1 Processor -- start
2024-02-19T21:56:26.366 INFO:teuthology.orchestra.run.smithi053.stderr:/usr/bin/ceph:
2024-02-19T21:56:26.365+0000 7fe23e666700 1 -- start start
2024-02-19T21:56:26.366 INFO:teuthology.orchestra.run.smithi053.stderr:/usr/bin/ceph:
2024-02-19T21:56:26.365+0000 7fe23e666700 1 --2- >> [v2:172.21.15.53:3300/0,v1:172.21.15.53:6789/0] conn(0x7fe2380703f0 0x7fe238100e90 unknown :-1 s=NONE pgs=0 cs=0 l=0 rev1=0 rx=0 tx=0).connect
2024-02-19T21:56:26.366 INFO:teuthology.orchestra.run.smithi053.stderr:/usr/bin/ceph:
2024-02-19T21:56:26.365+0000 7fe23e666700 1 -- --> [v2:172.21.15.53:3300/0,v1:172.21.15.53:6789/0] -- mon_getmap magic: 0 v1 -- 0x7fe2380fc880 con 0x7fe2380703f0
2024-02-19T21:56:26.366 INFO:teuthology.orchestra.run.smithi053.stderr:/usr/bin/ceph:
2024-02-19T21:56:26.365+0000 7fe237fff700 1 --2- >> [v2:172.21.15.53:3300/0,v1:172.21.15.53:6789/0] conn(0x7fe2380703f0 0x7fe238100e90 unknown :-1 s=BANNER_CONNECTING pgs=0 cs=0 l=0 rev1=0 rx=0 tx=0)._handle_peer_banner_payload supported=1 required=0
2024-02-19T21:56:26.366 INFO:teuthology.orchestra.run.smithi053.stderr:/usr/bin/ceph:
2024-02-19T21:56:26.365+0000 7fe237fff700 1 --2- >> [v2:172.21.15.53:3300/0,v1:172.21.15.53:6789/0] conn(0x7fe2380703f0 0x7fe238100e90 unknown :-1 s=HELLO_CONNECTING pgs=0 cs=0 l=0 rev1=1 rx=0 tx=0).handle_hello peer v2:172.21.15.53:3300/0 says I am v2:172.21.15.53:58356/0 (socket says 172.21.15.53:58356)
2024-02-19T21:56:26.366 INFO:teuthology.orchestra.run.smithi053.stderr:/usr/bin/ceph:
2024-02-19T21:56:26.365+0000 7fe237fff700 1 -- 172.21.15.53:0/1601267499 learned_addr learned my addr 172.21.15.53:0/1601267499 (peer_addr_for_me v2:172.21.15.53:0/0)
2024-02-19T21:56:26.366 INFO:teuthology.orchestra.run.smithi053.stderr:/usr/bin/ceph:
2024-02-19T21:56:26.365+0000 7fe237fff700 1 -- 172.21.15.53:0/1601267499 --> [v2:172.21.15.53:3300/0,v1:172.21.15.53:6789/0] -- mon_subscribe({config=0+,monmap=0+}) v3 -- 0x7fe238101380 con 0x7fe2380703f0
2024-02-19T21:56:26.367 INFO:teuthology.orchestra.run.smithi053.stderr:/usr/bin/ceph:
2024-02-19T21:56:26.366+0000 7fe237fff700 1 --2- 172.21.15.53:0/1601267499 >> [v2:172.21.15.53:3300/0,v1:172.21.15.53:6789/0] conn(0x7fe2380703f0 0x7fe238100e90 secure :-1 s=READY pgs=64 cs=0 l=1 rev1=1 rx=0x7fe22800b5f0 tx=0x7fe228006ee0).ready entity=mon.0 client_cookie=ab97f001d9bf23c8 server_cookie=0 in_seq=0 out_seq=0
2024-02-19T21:56:26.367 INFO:teuthology.orchestra.run.smithi053.stderr:/usr/bin/ceph:
2024-02-19T21:56:26.366+0000 7fe236ffd700 1 -- 172.21.15.53:0/1601267499 <== mon.0 v2:172.21.15.53:3300/0 1 ==== mon_map magic: 0 v1 ==== 229+0+0 (secure 0 0 0) 0x7fe22800d600 con 0x7fe2380703f0
2024-02-19T21:56:26.367 INFO:teuthology.orchestra.run.smithi053.stderr:/usr/bin/ceph:
2024-02-19T21:56:26.366+0000 7fe236ffd700 1 -- 172.21.15.53:0/1601267499 <== mon.0 v2:172.21.15.53:3300/0 2 ==== config(26 keys) v1 ==== 1045+0+0 (secure 0 0 0) 0x7fe22800dbf0 con 0x7fe2380703f0
2024-02-19T21:56:26.367 INFO:teuthology.orchestra.run.smithi053.stderr:/usr/bin/ceph:
2024-02-19T21:56:26.366+0000 7fe236ffd700 1 -- 172.21.15.53:0/1601267499 <== mon.0 v2:172.21.15.53:3300/0 3 ==== mon_map magic: 0 v1 ==== 229+0+0 (secure 0 0 0) 0x7fe228011ce0 con 0x7fe2380703f0
2024-02-19T21:56:26.370 INFO:teuthology.orchestra.run.smithi053.stderr:/usr/bin/ceph:
2024-02-19T21:56:26.366+0000 7fe23e666700 1 -- 172.21.15.53:0/1601267499 >> [v2:172.21.15.53:3300/0,v1:172.21.15.53:6789/0] conn(0x7fe2380703f0 msgr2=0x7fe238100e90 secure :-1 s=STATE_CONNECTION_ESTABLISHED l=1).mark_down
2024-02-19T21:56:26.370 INFO:teuthology.orchestra.run.smithi053.stderr:/usr/bin/ceph:
2024-02-19T21:56:26.366+0000 7fe23e666700 1 --2- 172.21.15.53:0/1601267499 >> [v2:172.21.15.53:3300/0,v1:172.21.15.53:6789/0] conn(0x7fe2380703f0 0x7fe238100e90 secure :-1 s=READY pgs=64 cs=0 l=1 rev1=1 rx=0x7fe22800b5f0 tx=0x7fe228006ee0).stop
2024-02-19T21:56:26.370 INFO:teuthology.orchestra.run.smithi053.stderr:/usr/bin/ceph:
2024-02-19T21:56:26.366+0000 7fe23e666700 1 -- 172.21.15.53:0/1601267499 shutdown_connections
2024-02-19T21:56:26.370 INFO:teuthology.orchestra.run.smithi053.stderr:/usr/bin/ceph:
2024-02-19T21:56:26.366+0000 7fe23e666700 1 --2- 172.21.15.53:0/1601267499 >> [v2:172.21.15.53:3300/0,v1:172.21.15.53:6789/0] conn(0x7fe2380703f0 0x7fe238100e90 unknown :-1 s=CLOSED pgs=64 cs=0 l=1 rev1=1 rx=0 tx=0).stop
2024-02-19T21:56:26.370 INFO:teuthology.orchestra.run.smithi053.stderr:/usr/bin/ceph:
2024-02-19T21:56:26.366+0000 7fe23e666700 1 -- 172.21.15.53:0/1601267499 >> 172.21.15.53:0/1601267499 conn(0x7fe2380f6530 msgr2=0x7fe2380f8950 unknown :-1 s=STATE_NONE l=0).mark_down
2024-02-19T21:56:26.370 INFO:teuthology.orchestra.run.smithi053.stderr:/usr/bin/ceph:
2024-02-19T21:56:26.366+0000 7fe23e666700 1 -- 172.21.15.53:0/1601267499 shutdown_connections
2024-02-19T21:56:26.370 INFO:teuthology.orchestra.run.smithi053.stderr:/usr/bin/ceph:
2024-02-19T21:56:26.366+0000 7fe23e666700 1 -- 172.21.15.53:0/1601267499 wait complete.
2024-02-19T21:56:26.370 INFO:teuthology.orchestra.run.smithi053.stderr:/usr/bin/ceph:
