2024-02-19T22:10:20.976+0000 7f9807f93700 1 --2- 172.21.15.155:0/4211981055 >> [v2:172.21.15.155:3300/0,v1:172.21.15.155:6789/0] conn(0x7f98000703b0 0x7f98000fce70 secure :-1 s=READY pgs=46 cs=0 l=1 rev1=1 rx=0x7f97fc006800 tx=0x7f97fc006ee0).stop
2024-02-19T22:10:20.979 INFO:teuthology.orchestra.run.smithi155.stderr:/usr/bin/ceph:
2024-02-19T22:10:20.976+0000 7f9807f93700 1 -- 172.21.15.155:0/4211981055 shutdown_connections
2024-02-19T22:10:20.979 INFO:teuthology.orchestra.run.smithi155.stderr:/usr/bin/ceph:
2024-02-19T22:10:20.976+0000 7f9807f93700 1 --2- 172.21.15.155:0/4211981055 >> [v2:172.21.15.155:6800/1154131875,v1:172.21.15.155:6801/1154131875] conn(0x7f97e802fe70 0x7f97e8032330 unknown :-1 s=CLOSED pgs=14 cs=0 l=1 rev1=1 rx=0 tx=0).stop
2024-02-19T22:10:20.979 INFO:teuthology.orchestra.run.smithi155.stderr:/usr/bin/ceph:
2024-02-19T22:10:20.976+0000 7f9807f93700 1 --2- 172.21.15.155:0/4211981055 >> [v2:172.21.15.155:3300/0,v1:172.21.15.155:6789/0] conn(0x7f98000703b0 0x7f98000fce70 unknown :-1 s=CLOSED pgs=46 cs=0 l=1 rev1=1 rx=0 tx=0).stop
2024-02-19T22:10:20.979 INFO:teuthology.orchestra.run.smithi155.stderr:/usr/bin/ceph:
2024-02-19T22:10:20.976+0000 7f9807f93700 1 -- 172.21.15.155:0/4211981055 >> 172.21.15.155:0/4211981055 conn(0x7f98000f6530 msgr2=0x7f98000f7f60 unknown :-1 s=STATE_NONE l=0).mark_down
2024-02-19T22:10:20.979 INFO:teuthology.orchestra.run.smithi155.stderr:/usr/bin/ceph:
2024-02-19T22:10:20.977+0000 7f9807f93700 1 -- 172.21.15.155:0/4211981055 shutdown_connections
2024-02-19T22:10:20.979 INFO:teuthology.orchestra.run.smithi155.stderr:/usr/bin/ceph:
2024-02-19T22:10:20.977+0000 7f9807f93700 1 -- 172.21.15.155:0/4211981055 wait complete.
2024-02-19T22:10:21.381 INFO:journalctl@ceph.mon.smithi155.smithi155.stdout:Feb 19 22:10:20 smithi155 ceph-810f454c-cf73-11ee-95bb-87774f69a715-mon.smithi155[38178]: audit
2024-02-19T22:10:20.264513+0000 mon.smithi155 (mon.0) 59 : audit [INF] from='client.? 172.21.15.155:0/4211981055' entity='client.admin' cmd=[{"prefix": "mgr module enable", "module": "prometheus"}]: dispatch
2024-02-19T22:10:21.650 INFO:teuthology.orchestra.run.smithi155.stderr:Deploying prometheus service with default placement...
2024-02-19T22:10:21.651 INFO:teuthology.orchestra.run.smithi155.stderr:Running command: /bin/podman run --rm --ipc=host --no-hosts --net=host --entrypoint /usr/bin/ceph --init -e CONTAINER_IMAGE=docker.io/ceph/ceph:v16.2.4 -e NODE_NAME=smithi155 -e CEPH_USE_RANDOM_NONCE=1 -v /var/log/ceph/810f454c-cf73-11ee-95bb-87774f69a715:/var/log/ceph:z -v /tmp/ceph-tmpzo2pygmh:/etc/ceph/ceph.client.admin.keyring:z -v /tmp/ceph-tmp2mxuhyd7:/etc/ceph/ceph.conf:z docker.io/ceph/ceph:v16.2.4 orch apply prometheus
2024-02-19T22:10:22.307 INFO:teuthology.orchestra.run.smithi155.stderr:/usr/bin/ceph:
2024-02-19T22:10:22.268+0000 7fb3176c6700 1 Processor -- start
2024-02-19T22:10:22.307 INFO:teuthology.orchestra.run.smithi155.stderr:/usr/bin/ceph:
2024-02-19T22:10:22.268+0000 7fb3176c6700 1 -- start start
2024-02-19T22:10:22.307 INFO:teuthology.orchestra.run.smithi155.stderr:/usr/bin/ceph:
2024-02-19T22:10:22.268+0000 7fb3176c6700 1 --2- >> [v2:172.21.15.155:3300/0,v1:172.21.15.155:6789/0] conn(0x7fb3100703d0 0x7fb310100eb0 unknown :-1 s=NONE pgs=0 cs=0 l=0 rev1=0 rx=0 tx=0).connect
2024-02-19T22:10:22.307 INFO:teuthology.orchestra.run.smithi155.stderr:/usr/bin/ceph:
2024-02-19T22:10:22.268+0000 7fb3176c6700 1 -- --> [v2:172.21.15.155:3300/0,v1:172.21.15.155:6789/0] -- mon_getmap magic: 0 v1 -- 0x7fb3100fc8a0 con 0x7fb3100703d0
2024-02-19T22:10:22.307 INFO:teuthology.orchestra.run.smithi155.stderr:/usr/bin/ceph:
2024-02-19T22:10:22.268+0000 7fb315462700 1 --2- >> [v2:172.21.15.155:3300/0,v1:172.21.15.155:6789/0] conn(0x7fb3100703d0 0x7fb310100eb0 unknown :-1 s=BANNER_CONNECTING pgs=0 cs=0 l=0 rev1=0 rx=0 tx=0)._handle_peer_banner_payload supported=1 required=0
2024-02-19T22:10:22.307 INFO:teuthology.orchestra.run.smithi155.stderr:/usr/bin/ceph:
2024-02-19T22:10:22.269+0000 7fb315462700 1 --2- >> [v2:172.21.15.155:3300/0,v1:172.21.15.155:6789/0] conn(0x7fb3100703d0 0x7fb310100eb0 unknown :-1 s=HELLO_CONNECTING pgs=0 cs=0 l=0 rev1=1 rx=0 tx=0).handle_hello peer v2:172.21.15.155:3300/0 says I am v2:172.21.15.155:42150/0 (socket says 172.21.15.155:42150)
2024-02-19T22:10:22.307 INFO:teuthology.orchestra.run.smithi155.stderr:/usr/bin/ceph:
2024-02-19T22:10:22.269+0000 7fb315462700 1 -- 172.21.15.155:0/2859951570 learned_addr learned my addr 172.21.15.155:0/2859951570 (peer_addr_for_me v2:172.21.15.155:0/0)
2024-02-19T22:10:22.307 INFO:teuthology.orchestra.run.smithi155.stderr:/usr/bin/ceph:
2024-02-19T22:10:22.269+0000 7fb315462700 1 -- 172.21.15.155:0/2859951570 --> [v2:172.21.15.155:3300/0,v1:172.21.15.155:6789/0] -- mon_subscribe({config=0+,monmap=0+}) v3 -- 0x7fb3101013a0 con 0x7fb3100703d0
2024-02-19T22:10:22.307 INFO:teuthology.orchestra.run.smithi155.stderr:/usr/bin/ceph:
2024-02-19T22:10:22.269+0000 7fb315462700 1 --2- 172.21.15.155:0/2859951570 >> [v2:172.21.15.155:3300/0,v1:172.21.15.155:6789/0] conn(0x7fb3100703d0 0x7fb310100eb0 secure :-1 s=READY pgs=49 cs=0 l=1 rev1=1 rx=0x7fb30c00b5f0 tx=0x7fb30c006ee0).ready entity=mon.0 client_cookie=90266ab4d3b7d6ba server_cookie=0 in_seq=0 out_seq=0
2024-02-19T22:10:22.307 INFO:teuthology.orchestra.run.smithi155.stderr:/usr/bin/ceph:
2024-02-19T22:10:22.269+0000 7fb2fffff700 1 -- 172.21.15.155:0/2859951570 <== mon.0 v2:172.21.15.155:3300/0 1 ==== mon_map magic: 0 v1 ==== 229+0+0 (secure 0 0 0) 0x7fb30c00d600 con 0x7fb3100703d0
2024-02-19T22:10:22.307 INFO:teuthology.orchestra.run.smithi155.stderr:/usr/bin/ceph:
2024-02-19T22:10:22.269+0000 7fb2fffff700 1 -- 172.21.15.155:0/2859951570 <== mon.0 v2:172.21.15.155:3300/0 2 ==== config(26 keys) v1 ==== 1045+0+0 (secure 0 0 0) 0x7fb30c00dbf0 con 0x7fb3100703d0
2024-02-19T22:10:22.308 INFO:teuthology.orchestra.run.smithi155.stderr:/usr/bin/ceph:
2024-02-19T22:10:22.269+0000 7fb2fffff700 1 -- 172.21.15.155:0/2859951570 <== mon.0 v2:172.21.15.155:3300/0 3 ==== mon_map magic: 0 v1 ==== 229+0+0 (secure 0 0 0) 0x7fb30c011cb0 con 0x7fb3100703d0
2024-02-19T22:10:22.308 INFO:teuthology.orchestra.run.smithi155.stderr:/usr/bin/ceph:
2024-02-19T22:10:22.270+0000 7fb3176c6700 1 -- 172.21.15.155:0/2859951570 >> [v2:172.21.15.155:3300/0,v1:172.21.15.155:6789/0] conn(0x7fb3100703d0 msgr2=0x7fb310100eb0 secure :-1 s=STATE_CONNECTION_ESTABLISHED l=1).mark_down
2024-02-19T22:10:22.308 INFO:teuthology.orchestra.run.smithi155.stderr:/usr/bin/ceph:
2024-02-19T22:10:22.270+0000 7fb3176c6700 1 --2- 172.21.15.155:0/2859951570 >> [v2:172.21.15.155:3300/0,v1:172.21.15.155:6789/0] conn(0x7fb3100703d0 0x7fb310100eb0 secure :-1 s=READY pgs=49 cs=0 l=1 rev1=1 rx=0x7fb30c00b5f0 tx=0x7fb30c006ee0).stop
2024-02-19T22:10:22.308 INFO:teuthology.orchestra.run.smithi155.stderr:/usr/bin/ceph:
2024-02-19T22:10:22.270+0000 7fb3176c6700 1 -- 172.21.15.155:0/2859951570 shutdown_connections
2024-02-19T22:10:22.308 INFO:teuthology.orchestra.run.smithi155.stderr:/usr/bin/ceph:
2024-02-19T22:10:22.270+0000 7fb3176c6700 1 --2- 172.21.15.155:0/2859951570 >> [v2:172.21.15.155:3300/0,v1:172.21.15.155:6789/0] conn(0x7fb3100703d0 0x7fb310100eb0 unknown :-1 s=CLOSED pgs=49 cs=0 l=1 rev1=1 rx=0 tx=0).stop
2024-02-19T22:10:22.308 INFO:teuthology.orchestra.run.smithi155.stderr:/usr/bin/ceph:
2024-02-19T22:10:22.270+0000 7fb3176c6700 1 -- 172.21.15.155:0/2859951570 >> 172.21.15.155:0/2859951570 conn(0x7fb3100f6530 msgr2=0x7fb3100f8950 unknown :-1 s=STATE_NONE l=0).mark_down
2024-02-19T22:10:22.308 INFO:teuthology.orchestra.run.smithi155.stderr:/usr/bin/ceph:
2024-02-19T22:10:22.270+0000 7fb3176c6700 1 -- 172.21.15.155:0/2859951570 shutdown_connections
2024-02-19T22:10:22.308 INFO:teuthology.orchestra.run.smithi155.stderr:/usr/bin/ceph:
2024-02-19T22:10:22.270+0000 7fb3176c6700 1 -- 172.21.15.155:0/2859951570 wait complete.
2024-02-19T22:10:22.308 INFO:teuthology.orchestra.run.smithi155.stderr:/usr/bin/ceph:
2024-02-19T22:10:22.270+0000 7fb3176c6700 1 Processor -- start
2024-02-19T22:10:22.308 INFO:teuthology.orchestra.run.smithi155.stderr:/usr/bin/ceph:
2024-02-19T22:10:22.270+0000 7fb3176c6700 1 -- start start
2024-02-19T22:10:22.308 INFO:teuthology.orchestra.run.smithi155.stderr:/usr/bin/ceph:
2024-02-19T22:10:22.271+0000 7fb3176c6700 1 --2- >> [v2:172.21.15.155:3300/0,v1:172.21.15.155:6789/0] conn(0x7fb3100703d0 0x7fb31010cdb0 unknown :-1 s=NONE pgs=0 cs=0 l=1 rev1=0 rx=0 tx=0).connect
2024-02-19T22:10:22.308 INFO:teuthology.orchestra.run.smithi155.stderr:/usr/bin/ceph:
2024-02-19T22:10:22.271+0000 7fb3176c6700 1 -- --> [v2:172.21.15.155:3300/0,v1:172.21.15.155:6789/0] -- mon_getmap magic: 0 v1 -- 0x7fb31010d2a0 con 0x7fb3100703d0
2024-02-19T22:10:22.308 INFO:teuthology.orchestra.run.smithi155.stderr:/usr/bin/ceph:
2024-02-19T22:10:22.271+0000 7fb315462700 1 --2- >> [v2:172.21.15.155:3300/0,v1:172.21.15.155:6789/0] conn(0x7fb3100703d0 0x7fb31010cdb0 unknown :-1 s=BANNER_CONNECTING pgs=0 cs=0 l=1 rev1=0 rx=0 tx=0)._handle_peer_banner_payload supported=1 required=0
2024-02-19T22:10:22.308 INFO:teuthology.orchestra.run.smithi155.stderr:/usr/bin/ceph:
2024-02-19T22:10:22.271+0000 7fb315462700 1 --2- >> [v2:172.21.15.155:3300/0,v1:172.21.15.155:6789/0] conn(0x7fb3100703d0 0x7fb31010cdb0 unknown :-1 s=HELLO_CONNECTING pgs=0 cs=0 l=1 rev1=1 rx=0 tx=0).handle_hello peer v2:172.21.15.155:3300/0 says I am v2:172.21.15.155:42152/0 (socket says 172.21.15.155:42152)
2024-02-19T22:10:22.309 INFO:teuthology.orchestra.run.smithi155.stderr:/usr/bin/ceph:
2024-02-19T22:10:22.271+0000 7fb315462700 1 -- 172.21.15.155:0/526617025 learned_addr learned my addr 172.21.15.155:0/526617025 (peer_addr_for_me v2:172.21.15.155:0/0)
2024-02-19T22:10:22.309 INFO:teuthology.orchestra.run.smithi155.stderr:/usr/bin/ceph:
2024-02-19T22:10:22.271+0000 7fb315462700 1 -- 172.21.15.155:0/526617025 --> [v2:172.21.15.155:3300/0,v1:172.21.15.155:6789/0] -- mon_subscribe({config=0+,monmap=0+}) v3 -- 0x7fb30c00b200 con 0x7fb3100703d0
2024-02-19T22:10:22.309 INFO:teuthology.orchestra.run.smithi155.stderr:/usr/bin/ceph:
2024-02-19T22:10:22.271+0000 7fb315462700 1 --2- 172.21.15.155:0/526617025 >> [v2:172.21.15.155:3300/0,v1:172.21.15.155:6789/0] conn(0x7fb3100703d0 0x7fb31010cdb0 secure :-1 s=READY pgs=50 cs=0 l=1 rev1=1 rx=0x7fb30c006a20 tx=0x7fb30c006ee0).ready entity=mon.0 client_cookie=0 server_cookie=0 in_seq=0 out_seq=0
2024-02-19T22:10:22.309 INFO:teuthology.orchestra.run.smithi155.stderr:/usr/bin/ceph:
2024-02-19T22:10:22.271+0000 7fb2fdffb700 1 -- 172.21.15.155:0/526617025 <== mon.0 v2:172.21.15.155:3300/0 1 ==== mon_map magic: 0 v1 ==== 229+0+0 (secure 0 0 0) 0x7fb30c01b570 con 0x7fb3100703d0
2024-02-19T22:10:22.309 INFO:teuthology.orchestra.run.smithi155.stderr:/usr/bin/ceph:
2024-02-19T22:10:22.271+0000 7fb3176c6700 1 -- 172.21.15.155:0/526617025 --> [v2:172.21.15.155:3300/0,v1:172.21.15.155:6789/0] -- mon_subscribe({mgrmap=0+}) v3 -- 0x7fb31010d4a0 con 0x7fb3100703d0
2024-02-19T22:10:22.309 INFO:teuthology.orchestra.run.smithi155.stderr:/usr/bin/ceph:
2024-02-19T22:10:22.271+0000 7fb2fdffb700 1 -- 172.21.15.155:0/526617025 <== mon.0 v2:172.21.15.155:3300/0 2 ==== config(26 keys) v1 ==== 1045+0+0 (secure 0 0 0) 0x7fb30c01bb60 con 0x7fb3100703d0
2024-02-19T22:10:22.309 INFO:teuthology.orchestra.run.smithi155.stderr:/usr/bin/ceph:
2024-02-19T22:10:22.271+0000 7fb2fdffb700 1 -- 172.21.15.155:0/526617025 <== mon.0 v2:172.21.15.155:3300/0 3 ==== mon_map magic: 0 v1 ==== 229+0+0 (secure 0 0 0) 0x7fb30c01aa20 con 0x7fb3100703d0
2024-02-19T22:10:22.309 INFO:teuthology.orchestra.run.smithi155.stderr:/usr/bin/ceph:
2024-02-19T22:10:22.271+0000 7fb3176c6700 1 -- 172.21.15.155:0/526617025 --> [v2:172.21.15.155:3300/0,v1:172.21.15.155:6789/0] -- mon_subscribe({osdmap=0}) v3 -- 0x7fb31010e0e0 con 0x7fb3100703d0
2024-02-19T22:10:22.309 INFO:teuthology.orchestra.run.smithi155.stderr:/usr/bin/ceph:
2024-02-19T22:10:22.272+0000 7fb2fdffb700 1 -- 172.21.15.155:0/526617025 <== mon.0 v2:172.21.15.155:3300/0 4 ==== mgrmap(e 9) v1 ==== 36134+0+0 (secure 0 0 0) 0x7fb30c00f070 con 0x7fb3100703d0
2024-02-19T22:10:22.309 INFO:teuthology.orchestra.run.smithi155.stderr:/usr/bin/ceph:
2024-02-19T22:10:22.272+0000 7fb3176c6700 1 -- 172.21.15.155:0/526617025 --> [v2:172.21.15.155:3300/0,v1:172.21.15.155:6789/0] -- mon_command({"prefix": "get_command_descriptions"} v 0) v1 -- 0x7fb31010d930 con 0x7fb3100703d0
2024-02-19T22:10:22.309 INFO:teuthology.orchestra.run.smithi155.stderr:/usr/bin/ceph:
2024-02-19T22:10:22.272+0000 7fb2fdffb700 1 --2- 172.21.15.155:0/526617025 >> [v2:172.21.15.155:6800/1154131875,v1:172.21.15.155:6801/1154131875] conn(0x7fb2f802fe70 0x7fb2f8032330 unknown :-1 s=NONE pgs=0 cs=0 l=1 rev1=0 rx=0 tx=0).connect
2024-02-19T22:10:22.309 INFO:teuthology.orchestra.run.smithi155.stderr:/usr/bin/ceph:
2024-02-19T22:10:22.272+0000 7fb2fdffb700 1 -- 172.21.15.155:0/526617025 <== mon.0 v2:172.21.15.155:3300/0 5 ==== osd_map(2..2 src has 1..2) v4 ==== 926+0+0 (secure 0 0 0) 0x7fb30c0414a0 con 0x7fb3100703d0
2024-02-19T22:10:22.309 INFO:teuthology.orchestra.run.smithi155.stderr:/usr/bin/ceph:
2024-02-19T22:10:22.272+0000 7fb314c61700 1 -- 172.21.15.155:0/526617025 >> [v2:172.21.15.155:6800/1154131875,v1:172.21.15.155:6801/1154131875] conn(0x7fb2f802fe70 msgr2=0x7fb2f8032330 unknown :-1 s=STATE_CONNECTING_RE l=1).process reconnect failed to v2:172.21.15.155:6800/1154131875
2024-02-19T22:10:22.309 INFO:teuthology.orchestra.run.smithi155.stderr:/usr/bin/ceph:
2024-02-19T22:10:22.272+0000 7fb314c61700 1 --2- 172.21.15.155:0/526617025 >> [v2:172.21.15.155:6800/1154131875,v1:172.21.15.155:6801/1154131875] conn(0x7fb2f802fe70 0x7fb2f8032330 unknown :-1 s=START_CONNECT pgs=0 cs=0 l=1 rev1=0 rx=0 tx=0)._fault waiting 0.200000
2024-02-19T22:10:22.310 INFO:teuthology.orchestra.run.smithi155.stderr:/usr/bin/ceph:
2024-02-19T22:10:22.280+0000 7fb2fdffb700 1 -- 172.21.15.155:0/526617025 <== mon.0 v2:172.21.15.155:3300/0 6 ==== mon_command_ack([{"prefix": "get_command_descriptions"}]=0 v0) v1 ==== 72+0+152212 (secure 0 0 0) 0x7fb30c01a370 con 0x7fb3100703d0
2024-02-19T22:10:22.386 INFO:journalctl@ceph.mon.smithi155.smithi155.stdout:Feb 19 22:10:21 smithi155 ceph-810f454c-cf73-11ee-95bb-87774f69a715-mon.smithi155[38178]: audit
2024-02-19T22:10:20.975713+0000 mon.smithi155 (mon.0) 60 : audit [INF] from='client.? 172.21.15.155:0/4211981055' entity='client.admin' cmd='[{"prefix": "mgr module enable", "module": "prometheus"}]': finished
2024-02-19T22:10:22.387 INFO:journalctl@ceph.mon.smithi155.smithi155.stdout:Feb 19 22:10:21 smithi155 ceph-810f454c-cf73-11ee-95bb-87774f69a715-mon.smithi155[38178]: cluster
2024-02-19T22:10:20.975758+0000 mon.smithi155 (mon.0) 61 : cluster [DBG] mgrmap e9: smithi155.disnjp(active, since 19s)
2024-02-19T22:10:22.470 INFO:teuthology.orchestra.run.smithi155.stderr:/usr/bin/ceph:
2024-02-19T22:10:22.468+0000 7fb3176c6700 1 -- 172.21.15.155:0/526617025 --> [v2:172.21.15.155:6800/1154131875,v1:172.21.15.155:6801/1154131875] -- mgr_command(tid 0: {"prefix": "orch apply", "service_type": "prometheus", "target": ["mon-mgr", ""]}) v1 -- 0x7fb31010e3e0 con 0x7fb2f802fe70
2024-02-19T22:10:22.474 INFO:teuthology.orchestra.run.smithi155.stderr:/usr/bin/ceph:
2024-02-19T22:10:22.473+0000 7fb314c61700 1 -- 172.21.15.155:0/526617025 >> [v2:172.21.15.155:6800/1154131875,v1:172.21.15.155:6801/1154131875] conn(0x7fb2f802fe70 msgr2=0x7fb2f8032330 unknown :-1 s=STATE_CONNECTING_RE l=1).process reconnect failed to v2:172.21.15.155:6800/1154131875
2024-02-19T22:10:22.474 INFO:teuthology.orchestra.run.smithi155.stderr:/usr/bin/ceph:
2024-02-19T22:10:22.473+0000 7fb314c61700 1 --2- 172.21.15.155:0/526617025 >> [v2:172.21.15.155:6800/1154131875,v1:172.21.15.155:6801/1154131875] conn(0x7fb2f802fe70 0x7fb2f8032330 unknown :-1 s=START_CONNECT pgs=0 cs=0 l=1 rev1=0 rx=0 tx=0)._fault waiting 0.400000
2024-02-19T22:10:22.875 INFO:teuthology.orchestra.run.smithi155.stderr:/usr/bin/ceph:
2024-02-19T22:10:22.874+0000 7fb314c61700 1 -- 172.21.15.155:0/526617025 >> [v2:172.21.15.155:6800/1154131875,v1:172.21.15.155:6801/1154131875] conn(0x7fb2f802fe70 msgr2=0x7fb2f8032330 unknown :-1 s=STATE_CONNECTING_RE l=1).process reconnect failed to v2:172.21.15.155:6800/1154131875
2024-02-19T22:10:22.875 INFO:teuthology.orchestra.run.smithi155.stderr:/usr/bin/ceph:
2024-02-19T22:10:22.874+0000 7fb314c61700 1 --2- 172.21.15.155:0/526617025 >> [v2:172.21.15.155:6800/1154131875,v1:172.21.15.155:6801/1154131875] conn(0x7fb2f802fe70 0x7fb2f8032330 unknown :-1 s=START_CONNECT pgs=0 cs=0 l=1 rev1=0 rx=0 tx=0)._fault waiting 0.800000
2024-02-19T22:10:23.676 INFO:teuthology.orchestra.run.smithi155.stderr:/usr/bin/ceph:
2024-02-19T22:10:23.675+0000 7fb314c61700 1 -- 172.21.15.155:0/526617025 >> [v2:172.21.15.155:6800/1154131875,v1:172.21.15.155:6801/1154131875] conn(0x7fb2f802fe70 msgr2=0x7fb2f8032330 unknown :-1 s=STATE_CONNECTING_RE l=1).process reconnect failed to v2:172.21.15.155:6800/1154131875
2024-02-19T22:10:23.676 INFO:teuthology.orchestra.run.smithi155.stderr:/usr/bin/ceph:
2024-02-19T22:10:23.675+0000 7fb314c61700 1 --2- 172.21.15.155:0/526617025 >> [v2:172.21.15.155:6800/1154131875,v1:172.21.15.155:6801/1154131875] conn(0x7fb2f802fe70 0x7fb2f8032330 unknown :-1 s=START_CONNECT pgs=0 cs=0 l=1 rev1=0 rx=0 tx=0)._fault waiting 1.600000
2024-02-19T22:10:25.278 INFO:teuthology.orchestra.run.smithi155.stderr:/usr/bin/ceph:
2024-02-19T22:10:25.276+0000 7fb314c61700 1 -- 172.21.15.155:0/526617025 >> [v2:172.21.15.155:6800/1154131875,v1:172.21.15.155:6801/1154131875] conn(0x7fb2f802fe70 msgr2=0x7fb2f8032330 unknown :-1 s=STATE_CONNECTING_RE l=1).process reconnect failed to v2:172.21.15.155:6800/1154131875
2024-02-19T22:10:25.278 INFO:teuthology.orchestra.run.smithi155.stderr:/usr/bin/ceph:
2024-02-19T22:10:25.276+0000 7fb314c61700 1 --2- 172.21.15.155:0/526617025 >> [v2:172.21.15.155:6800/1154131875,v1:172.21.15.155:6801/1154131875] conn(0x7fb2f802fe70 0x7fb2f8032330 unknown :-1 s=START_CONNECT pgs=0 cs=0 l=1 rev1=0 rx=0 tx=0)._fault waiting 3.200000
2024-02-19T22:10:26.009 INFO:teuthology.orchestra.run.smithi155.stderr:/usr/bin/ceph:
2024-02-19T22:10:26.007+0000 7fb2fdffb700 1 -- 172.21.15.155:0/526617025 <== mon.0 v2:172.21.15.155:3300/0 7 ==== mgrmap(e 10) v1 ==== 35984+0+0 (secure 0 0 0) 0x7fb30c01bcd0 con 0x7fb3100703d0
2024-02-19T22:10:26.009 INFO:teuthology.orchestra.run.smithi155.stderr:/usr/bin/ceph:
2024-02-19T22:10:26.007+0000 7fb2fdffb700 1 -- 172.21.15.155:0/526617025 >> [v2:172.21.15.155:6800/1154131875,v1:172.21.15.155:6801/1154131875] conn(0x7fb2f802fe70 msgr2=0x7fb2f8032330 unknown :-1 s=STATE_CONNECTING l=1).mark_down
2024-02-19T22:10:26.009 INFO:teuthology.orchestra.run.smithi155.stderr:/usr/bin/ceph:
2024-02-19T22:10:26.007+0000 7fb2fdffb700 1 --2- 172.21.15.155:0/526617025 >> [v2:172.21.15.155:6800/1154131875,v1:172.21.15.155:6801/1154131875] conn(0x7fb2f802fe70 0x7fb2f8032330 unknown :-1 s=START_CONNECT pgs=0 cs=0 l=1 rev1=0 rx=0 tx=0).stop
2024-02-19T22:10:27.011 INFO:teuthology.orchestra.run.smithi155.stderr:/usr/bin/ceph:
2024-02-19T22:10:27.009+0000 7fb2fdffb700 1 -- 172.21.15.155:0/526617025 <== mon.0 v2:172.21.15.155:3300/0 8 ==== mgrmap(e 11) v1 ==== 36054+0+0 (secure 0 0 0) 0x7fb30c03d8d0 con 0x7fb3100703d0
2024-02-19T22:10:27.011 INFO:teuthology.orchestra.run.smithi155.stderr:/usr/bin/ceph:
2024-02-19T22:10:27.009+0000 7fb2fdffb700 1 --2- 172.21.15.155:0/526617025 >> [v2:172.21.15.155:6800/1891407691,v1:172.21.15.155:6801/1891407691] conn(0x7fb2f8033ce0 0x7fb2f80360d0 unknown :-1 s=NONE pgs=0 cs=0 l=1 rev1=0 rx=0 tx=0).connect
2024-02-19T22:10:27.012 INFO:teuthology.orchestra.run.smithi155.stderr:/usr/bin/ceph:
2024-02-19T22:10:27.009+0000 7fb2fdffb700 1 -- 172.21.15.155:0/526617025 --> [v2:172.21.15.155:6800/1891407691,v1:172.21.15.155:6801/1891407691] -- mgr_command(tid 0: {"prefix": "orch apply", "service_type": "prometheus", "target": ["mon-mgr", ""]}) v1 -- 0x7fb31010e3e0 con 0x7fb2f8033ce0
2024-02-19T22:10:27.012 INFO:teuthology.orchestra.run.smithi155.stderr:/usr/bin/ceph:
2024-02-19T22:10:27.009+0000 7fb314c61700 1 --2- 172.21.15.155:0/526617025 >> [v2:172.21.15.155:6800/1891407691,v1:172.21.15.155:6801/1891407691] conn(0x7fb2f8033ce0 0x7fb2f80360d0 unknown :-1 s=BANNER_CONNECTING pgs=0 cs=0 l=1 rev1=0 rx=0 tx=0)._handle_peer_banner_payload supported=1 required=0
2024-02-19T22:10:27.012 INFO:teuthology.orchestra.run.smithi155.stderr:/usr/bin/ceph:
2024-02-19T22:10:27.010+0000 7fb314c61700 1 --2- 172.21.15.155:0/526617025 >> [v2:172.21.15.155:6800/1891407691,v1:172.21.15.155:6801/1891407691] conn(0x7fb2f8033ce0 0x7fb2f80360d0 secure :-1 s=READY pgs=2 cs=0 l=1 rev1=1 rx=0x7fb3000036d0 tx=0x7fb300006cb0).ready entity=mgr.14142 client_cookie=0 server_cookie=0 in_seq=0 out_seq=0
2024-02-19T22:10:27.015 INFO:teuthology.orchestra.run.smithi155.stderr:/usr/bin/ceph:
2024-02-19T22:10:27.014+0000 7fb2fdffb700 1 -- 172.21.15.155:0/526617025 <== mgr.14142 v2:172.21.15.155:6800/1891407691 1 ==== mgr_command_reply(tid 0: 0 ) v1 ==== 8+0+31 (secure 0 0 0) 0x7fb31010e3e0 con 0x7fb2f8033ce0
2024-02-19T22:10:27.015 INFO:teuthology.orchestra.run.smithi155.stderr:/usr/bin/ceph: Scheduled prometheus update...
2024-02-19T22:10:27.018 INFO:teuthology.orchestra.run.smithi155.stderr:/usr/bin/ceph:
2024-02-19T22:10:27.016+0000 7fb3176c6700 1 -- 172.21.15.155:0/526617025 >> [v2:172.21.15.155:6800/1891407691,v1:172.21.15.155:6801/1891407691] conn(0x7fb2f8033ce0 msgr2=0x7fb2f80360d0 secure :-1 s=STATE_CONNECTION_ESTABLISHED l=1).mark_down
2024-02-19T22:10:27.018 INFO:teuthology.orchestra.run.smithi155.stderr:/usr/bin/ceph:
2024-02-19T22:10:27.016+0000 7fb3176c6700 1 --2- 172.21.15.155:0/526617025 >> [v2:172.21.15.155:6800/1891407691,v1:172.21.15.155:6801/1891407691] conn(0x7fb2f8033ce0 0x7fb2f80360d0 secure :-1 s=READY pgs=2 cs=0 l=1 rev1=1 rx=0x7fb3000036d0 tx=0x7fb300006cb0).stop
2024-02-19T22:10:27.018 INFO:teuthology.orchestra.run.smithi155.stderr:/usr/bin/ceph:
2024-02-19T22:10:27.016+0000 7fb3176c6700 1 -- 172.21.15.155:0/526617025 >> [v2:172.21.15.155:3300/0,v1:172.21.15.155:6789/0] conn(0x7fb3100703d0 msgr2=0x7fb31010cdb0 secure :-1 s=STATE_CONNECTION_ESTABLISHED l=1).mark_down
2024-02-19T22:10:27.018 INFO:teuthology.orchestra.run.smithi155.stderr:/usr/bin/ceph:
2024-02-19T22:10:27.016+0000 7fb3176c6700 1 --2- 172.21.15.155:0/526617025 >> [v2:172.21.15.155:3300/0,v1:172.21.15.155:6789/0] conn(0x7fb3100703d0 0x7fb31010cdb0 secure :-1 s=READY pgs=50 cs=0 l=1 rev1=1 rx=0x7fb30c006a20 tx=0x7fb30c006ee0).stop
2024-02-19T22:10:27.018 INFO:teuthology.orchestra.run.smithi155.stderr:/usr/bin/ceph:
2024-02-19T22:10:27.016+0000 7fb3176c6700 1 -- 172.21.15.155:0/526617025 shutdown_connections
2024-02-19T22:10:27.019 INFO:teuthology.orchestra.run.smithi155.stderr:/usr/bin/ceph:
2024-02-19T22:10:27.016+0000 7fb3176c6700 1 --2- 172.21.15.155:0/526617025 >> [v2:172.21.15.155:6800/1891407691,v1:172.21.15.155:6801/1891407691] conn(0x7fb2f8033ce0 0x7fb2f80360d0 unknown :-1 s=CLOSED pgs=2 cs=0 l=1 rev1=1 rx=0 tx=0).stop
2024-02-19T22:10:27.019 INFO:teuthology.orchestra.run.smithi155.stderr:/usr/bin/ceph:
2024-02-19T22:10:27.016+0000 7fb3176c6700 1 --2- 172.21.15.155:0/526617025 >> [v2:172.21.15.155:3300/0,v1:172.21.15.155:6789/0] conn(0x7fb3100703d0 0x7fb31010cdb0 unknown :-1 s=CLOSED pgs=50 cs=0 l=1 rev1=1 rx=0 tx=0).stop
2024-02-19T22:10:27.019 INFO:teuthology.orchestra.run.smithi155.stderr:/usr/bin/ceph:
2024-02-19T22:10:27.016+0000 7fb3176c6700 1 --2- 172.21.15.155:0/526617025 >> [v2:172.21.15.155:6800/1154131875,v1:172.21.15.155:6801/1154131875] conn(0x7fb2f802fe70 0x7fb2f8032330 unknown :-1 s=CLOSED pgs=0 cs=0 l=1 rev1=0 rx=0 tx=0).stop
2024-02-19T22:10:27.019 INFO:teuthology.orchestra.run.smithi155.stderr:/usr/bin/ceph:
2024-02-19T22:10:27.016+0000 7fb3176c6700 1 -- 172.21.15.155:0/526617025 >> 172.21.15.155:0/526617025 conn(0x7fb3100f6530 msgr2=0x7fb3100f7f30 unknown :-1 s=STATE_NONE l=0).mark_down
2024-02-19T22:10:27.019 INFO:teuthology.orchestra.run.smithi155.stderr:/usr/bin/ceph:
2024-02-19T22:10:27.016+0000 7fb3176c6700 1 -- 172.21.15.155:0/526617025 shutdown_connections
2024-02-19T22:10:27.019 INFO:teuthology.orchestra.run.smithi155.stderr:/usr/bin/ceph:
2024-02-19T22:10:27.016+0000 7fb3176c6700 1 -- 172.21.15.155:0/526617025 wait complete.
2024-02-19T22:10:27.326 INFO:journalctl@ceph.mon.smithi155.smithi155.stdout:Feb 19 22:10:26 smithi155 ceph-810f454c-cf73-11ee-95bb-87774f69a715-mon.smithi155[38178]: cluster
2024-02-19T22:10:25.956961+0000 mon.smithi155 (mon.0) 62 : cluster [INF] Active manager daemon smithi155.disnjp restarted
2024-02-19T22:10:27.326 INFO:journalctl@ceph.mon.smithi155.smithi155.stdout:Feb 19 22:10:26 smithi155 ceph-810f454c-cf73-11ee-95bb-87774f69a715-mon.smithi155[38178]: cluster
2024-02-19T22:10:25.957358+0000 mon.smithi155 (mon.0) 63 : cluster [INF] Activating manager daemon smithi155.disnjp
2024-02-19T22:10:27.326 INFO:journalctl@ceph.mon.smithi155.smithi155.stdout:Feb 19 22:10:26 smithi155 ceph-810f454c-cf73-11ee-95bb-87774f69a715-mon.smithi155[38178]: cluster
2024-02-19T22:10:25.958939+0000 mon.smithi155 (mon.0) 64 : cluster [DBG] osdmap e3: 0 total, 0 up, 0 in
2024-02-19T22:10:27.326 INFO:journalctl@ceph.mon.smithi155.smithi155.stdout:Feb 19 22:10:26 smithi155 ceph-810f454c-cf73-11ee-95bb-87774f69a715-mon.smithi155[38178]: cluster
2024-02-19T22:10:26.009934+0000 mon.smithi155 (mon.0) 65 : cluster [DBG] mgrmap e10: smithi155.disnjp(active, starting, since 0.0526638s)
2024-02-19T22:10:27.326 INFO:journalctl@ceph.mon.smithi155.smithi155.stdout:Feb 19 22:10:26 smithi155 ceph-810f454c-cf73-11ee-95bb-87774f69a715-mon.smithi155[38178]: audit
2024-02-19T22:10:26.010949+0000 mon.smithi155 (mon.0) 66 : audit [DBG] from='mgr.14142 172.21.15.155:0/1677289483' entity='mgr.smithi155.disnjp' cmd=[{"prefix": "mon metadata", "id": "smithi155"}]: dispatch
2024-02-19T22:10:27.326 INFO:journalctl@ceph.mon.smithi155.smithi155.stdout:Feb 19 22:10:26 smithi155 ceph-810f454c-cf73-11ee-95bb-87774f69a715-mon.smithi155[38178]: audit
2024-02-19T22:10:26.011562+0000 mon.smithi155 (mon.0) 67 : audit [DBG] from='mgr.14142 172.21.15.155:0/1677289483' entity='mgr.smithi155.disnjp' cmd=[{"prefix": "mgr metadata", "who": "smithi155.disnjp", "id": "smithi155.disnjp"}]: dispatch
2024-02-19T22:10:27.326 INFO:journalctl@ceph.mon.smithi155.smithi155.stdout:Feb 19 22:10:26 smithi155 ceph-810f454c-cf73-11ee-95bb-87774f69a715-mon.smithi155[38178]: audit
2024-02-19T22:10:26.012165+0000 mon.smithi155 (mon.0) 68 : audit [DBG] from='mgr.14142 172.21.15.155:0/1677289483' entity='mgr.smithi155.disnjp' cmd=[{"prefix": "mds metadata"}]: dispatch
2024-02-19T22:10:27.326 INFO:journalctl@ceph.mon.smithi155.smithi155.stdout:Feb 19 22:10:26 smithi155 ceph-810f454c-cf73-11ee-95bb-87774f69a715-mon.smithi155[38178]: audit
2024-02-19T22:10:26.012304+0000 mon.smithi155 (mon.0) 69 : audit [DBG] from='mgr.14142 172.21.15.155:0/1677289483' entity='mgr.smithi155.disnjp' cmd=[{"prefix": "osd metadata"}]: dispatch
2024-02-19T22:10:27.326 INFO:journalctl@ceph.mon.smithi155.smithi155.stdout:Feb 19 22:10:26 smithi155 ceph-810f454c-cf73-11ee-95bb-87774f69a715-mon.smithi155[38178]: audit
2024-02-19T22:10:26.012432+0000 mon.smithi155 (mon.0) 70 : audit [DBG] from='mgr.14142 172.21.15.155:0/1677289483' entity='mgr.smithi155.disnjp' cmd=[{"prefix": "mon metadata"}]: dispatch
2024-02-19T22:10:27.327 INFO:journalctl@ceph.mon.smithi155.smithi155.stdout:Feb 19 22:10:26 smithi155 ceph-810f454c-cf73-11ee-95bb-87774f69a715-mon.smithi155[38178]: cluster
2024-02-19T22:10:26.014214+0000 mon.smithi155 (mon.0) 71 : cluster [INF] Manager daemon smithi155.disnjp is now available
2024-02-19T22:10:27.327 INFO:journalctl@ceph.mon.smithi155.smithi155.stdout:Feb 19 22:10:26 smithi155 ceph-810f454c-cf73-11ee-95bb-87774f69a715-mon.smithi155[38178]: audit
2024-02-19T22:10:26.111495+0000 mon.smithi155 (mon.0) 72 : audit [DBG] from='mgr.14142 172.21.15.155:0/1677289483' entity='mgr.smithi155.disnjp' cmd=[{"prefix": "config dump", "format": "json"}]: dispatch
2024-02-19T22:10:27.327 INFO:journalctl@ceph.mon.smithi155.smithi155.stdout:Feb 19 22:10:26 smithi155 ceph-810f454c-cf73-11ee-95bb-87774f69a715-mon.smithi155[38178]: audit
2024-02-19T22:10:26.113067+0000 mon.smithi155 (mon.0) 73 : audit [DBG] from='mgr.14142 172.21.15.155:0/1677289483' entity='mgr.smithi155.disnjp' cmd=[{"prefix": "config dump", "format": "json"}]: dispatch
2024-02-19T22:10:27.327 INFO:journalctl@ceph.mon.smithi155.smithi155.stdout:Feb 19 22:10:26 smithi155 ceph-810f454c-cf73-11ee-95bb-87774f69a715-mon.smithi155[38178]: audit
2024-02-19T22:10:26.127973+0000 mon.smithi155 (mon.0) 74 : audit [INF] from='mgr.14142 172.21.15.155:0/1677289483' entity='mgr.smithi155.disnjp' cmd=[{"prefix":"config rm","who":"mgr","name":"mgr/rbd_support/smithi155.disnjp/mirror_snapshot_schedule"}]: dispatch
2024-02-19T22:10:27.327 INFO:journalctl@ceph.mon.smithi155.smithi155.stdout:Feb 19 22:10:26 smithi155 ceph-810f454c-cf73-11ee-95bb-87774f69a715-mon.smithi155[38178]: audit
2024-02-19T22:10:26.135405+0000 mon.smithi155 (mon.0) 75 : audit [INF] from='mgr.14142 172.21.15.155:0/1677289483' entity='mgr.smithi155.disnjp' cmd=[{"prefix":"config rm","who":"mgr","name":"mgr/rbd_support/smithi155.disnjp/trash_purge_schedule"}]: dispatch
2024-02-19T22:10:27.592 INFO:teuthology.orchestra.run.smithi155.stderr:Deploying grafana service with default placement...
2024-02-19T22:10:27.592 INFO:teuthology.orchestra.run.smithi155.stderr:Running command: /bin/podman run --rm --ipc=host --no-hosts --net=host --entrypoint /usr/bin/ceph --init -e CONTAINER_IMAGE=docker.io/ceph/ceph:v16.2.4 -e NODE_NAME=smithi155 -e CEPH_USE_RANDOM_NONCE=1 -v /var/log/ceph/810f454c-cf73-11ee-95bb-87774f69a715:/var/log/ceph:z -v /tmp/ceph-tmpzo2pygmh:/etc/ceph/ceph.client.admin.keyring:z -v /tmp/ceph-tmp2mxuhyd7:/etc/ceph/ceph.conf:z docker.io/ceph/ceph:v16.2.4 orch apply grafana
2024-02-19T22:10:28.121 INFO:teuthology.orchestra.run.smithi155.stderr:/usr/bin/ceph:
2024-02-19T22:10:28.116+0000 7f9519c7a700 1 Processor -- start
2024-02-19T22:10:28.121 INFO:teuthology.orchestra.run.smithi155.stderr:/usr/bin/ceph:
2024-02-19T22:10:28.116+0000 7f9519c7a700 1 -- start start
2024-02-19T22:10:28.121 INFO:teuthology.orchestra.run.smithi155.stderr:/usr/bin/ceph:
2024-02-19T22:10:28.116+0000 7f9519c7a700 1 --2- >> [v2:172.21.15.155:3300/0,v1:172.21.15.155:6789/0] conn(0x7f9514070390 0x7f9514100ef0 unknown :-1 s=NONE pgs=0 cs=0 l=0 rev1=0 rx=0 tx=0).connect
2024-02-19T22:10:28.121 INFO:teuthology.orchestra.run.smithi155.stderr:/usr/bin/ceph:
2024-02-19T22:10:28.116+0000 7f9519c7a700 1 -- --> [v2:172.21.15.155:3300/0,v1:172.21.15.155:6789/0] -- mon_getmap magic: 0 v1 -- 0x7f95140fc8e0 con 0x7f9514070390
2024-02-19T22:10:28.121 INFO:teuthology.orchestra.run.smithi155.stderr:/usr/bin/ceph:
2024-02-19T22:10:28.116+0000 7f95137fe700 1 --2- >> [v2:172.21.15.155:3300/0,v1:172.21.15.155:6789/0] conn(0x7f9514070390 0x7f9514100ef0 unknown :-1 s=BANNER_CONNECTING pgs=0 cs=0 l=0 rev1=0 rx=0 tx=0)._handle_peer_banner_payload supported=1 required=0
2024-02-19T22:10:28.121 INFO:teuthology.orchestra.run.smithi155.stderr:/usr/bin/ceph:
2024-02-19T22:10:28.116+0000 7f95137fe700 1 --2- >> [v2:172.21.15.155:3300/0,v1:172.21.15.155:6789/0] conn(0x7f9514070390 0x7f9514100ef0 unknown :-1 s=HELLO_CONNECTING pgs=0 cs=0 l=0 rev1=1 rx=0 tx=0).handle_hello peer v2:172.21.15.155:3300/0 says I am v2:172.21.15.155:42200/0 (socket says 172.21.15.155:42200)
2024-02-19T22:10:28.121 INFO:teuthology.orchestra.run.smithi155.stderr:/usr/bin/ceph:
2024-02-19T22:10:28.116+0000 7f95137fe700 1 -- 172.21.15.155:0/3829114788 learned_addr learned my addr 172.21.15.155:0/3829114788 (peer_addr_for_me v2:172.21.15.155:0/0)
2024-02-19T22:10:28.122 INFO:teuthology.orchestra.run.smithi155.stderr:/usr/bin/ceph:
2024-02-19T22:10:28.116+0000 7f95137fe700 1 -- 172.21.15.155:0/3829114788 --> [v2:172.21.15.155:3300/0,v1:172.21.15.155:6789/0] -- mon_subscribe({config=0+,monmap=0+}) v3 -- 0x7f95141013e0 con 0x7f9514070390
2024-02-19T22:10:28.122 INFO:teuthology.orchestra.run.smithi155.stderr:/usr/bin/ceph:
2024-02-19T22:10:28.116+0000 7f95137fe700 1 --2- 172.21.15.155:0/3829114788 >> [v2:172.21.15.155:3300/0,v1:172.21.15.155:6789/0] conn(0x7f9514070390 0x7f9514100ef0 secure :-1 s=READY pgs=56 cs=0 l=1 rev1=1 rx=0x7f950800b5f0 tx=0x7f9508006ee0).ready entity=mon.0 client_cookie=de114a1509ebdefe server_cookie=0 in_seq=0 out_seq=0
2024-02-19T22:10:28.122 INFO:teuthology.orchestra.run.smithi155.stderr:/usr/bin/ceph:
2024-02-19T22:10:28.116+0000 7f95127fc700 1 -- 172.21.15.155:0/3829114788 <== mon.0 v2:172.21.15.155:3300/0 1 ==== mon_map magic: 0 v1 ==== 229+0+0 (secure 0 0 0) 0x7f950800d600 con 0x7f9514070390
2024-02-19T22:10:28.122 INFO:teuthology.orchestra.run.smithi155.stderr:/usr/bin/ceph:
2024-02-19T22:10:28.117+0000 7f95127fc700 1 -- 172.21.15.155:0/3829114788 <== mon.0 v2:172.21.15.155:3300/0 2 ==== config(26 keys) v1 ==== 1045+0+0 (secure 0 0 0) 0x7f950800dbf0 con 0x7f9514070390
2024-02-19T22:10:28.122 INFO:teuthology.orchestra.run.smithi155.stderr:/usr/bin/ceph:
2024-02-19T22:10:28.117+0000 7f95127fc700 1 -- 172.21.15.155:0/3829114788 <== mon.0 v2:172.21.15.155:3300/0 3 ==== mon_map magic: 0 v1 ==== 229+0+0 (secure 0 0 0) 0x7f9508011cb0 con 0x7f9514070390
2024-02-19T22:10:28.122 INFO:teuthology.orchestra.run.smithi155.stderr:/usr/bin/ceph:
2024-02-19T22:10:28.117+0000 7f9519c7a700 1 -- 172.21.15.155:0/3829114788 >> [v2:172.21.15.155:3300/0,v1:172.21.15.155:6789/0] conn(0x7f9514070390 msgr2=0x7f9514100ef0 secure :-1 s=STATE_CONNECTION_ESTABLISHED l=1).mark_down
2024-02-19T22:10:28.122 INFO:teuthology.orchestra.run.smithi155.stderr:/usr/bin/ceph:
2024-02-19T22:10:28.117+0000 7f9519c7a700 1 --2- 172.21.15.155:0/3829114788 >> [v2:172.21.15.155:3300/0,v1:172.21.15.155:6789/0] conn(0x7f9514070390 0x7f9514100ef0 secure :-1 s=READY pgs=56 cs=0 l=1 rev1=1 rx=0x7f950800b5f0 tx=0x7f9508006ee0).stop
2024-02-19T22:10:28.122 INFO:teuthology.orchestra.run.smithi155.stderr:/usr/bin/ceph:
2024-02-19T22:10:28.117+0000 7f9519c7a700 1 -- 172.21.15.155:0/3829114788 shutdown_connections
2024-02-19T22:10:28.122 INFO:teuthology.orchestra.run.smithi155.stderr:/usr/bin/ceph:
2024-02-19T22:10:28.117+0000 7f9519c7a700 1 --2- 172.21.15.155:0/3829114788 >> [v2:172.21.15.155:3300/0,v1:172.21.15.155:6789/0] conn(0x7f9514070390 0x7f9514100ef0 unknown :-1 s=CLOSED pgs=56 cs=0 l=1 rev1=1 rx=0 tx=0).stop
2024-02-19T22:10:28.122 INFO:teuthology.orchestra.run.smithi155.stderr:/usr/bin/ceph:
2024-02-19T22:10:28.117+0000 7f9519c7a700 1 -- 172.21.15.155:0/3829114788 >> 172.21.15.155:0/3829114788 conn(0x7f95140f6530 msgr2=0x7f95140f8950 unknown :-1 s=STATE_NONE l=0).mark_down
2024-02-19T22:10:28.122 INFO:teuthology.orchestra.run.smithi155.stderr:/usr/bin/ceph:
2024-02-19T22:10:28.117+0000 7f9519c7a700 1 -- 172.21.15.155:0/3829114788 shutdown_connections
2024-02-19T22:10:28.122 INFO:teuthology.orchestra.run.smithi155.stderr:/usr/bin/ceph:
2024-02-19T22:10:28.117+0000 7f9519c7a700 1 -- 172.21.15.155:0/3829114788 wait complete.
2024-02-19T22:10:28.122 INFO:teuthology.orchestra.run.smithi155.stderr:/usr/bin/ceph:
2024-02-19T22:10:28.118+0000 7f9519c7a700 1 Processor -- start
2024-02-19T22:10:28.122 INFO:teuthology.orchestra.run.smithi155.stderr:/usr/bin/ceph:
2024-02-19T22:10:28.118+0000 7f9519c7a700 1 -- start start
2024-02-19T22:10:28.122 INFO:teuthology.orchestra.run.smithi155.stderr:/usr/bin/ceph:
2024-02-19T22:10:28.118+0000 7f9519c7a700 1 --2- >> [v2:172.21.15.155:3300/0,v1:172.21.15.155:6789/0] conn(0x7f9514070390 0x7f951410cd80 unknown :-1 s=NONE pgs=0 cs=0 l=1 rev1=0 rx=0 tx=0).connect
2024-02-19T22:10:28.123 INFO:teuthology.orchestra.run.smithi155.stderr:/usr/bin/ceph:
2024-02-19T22:10:28.118+0000 7f9519c7a700 1 -- --> [v2:172.21.15.155:3300/0,v1:172.21.15.155:6789/0] -- mon_getmap magic: 0 v1 -- 0x7f951410d270 con 0x7f9514070390
2024-02-19T22:10:28.123 INFO:teuthology.orchestra.run.smithi155.stderr:/usr/bin/ceph:
2024-02-19T22:10:28.118+0000 7f95137fe700 1 --2- >> [v2:172.21.15.155:3300/0,v1:172.21.15.155:6789/0] conn(0x7f9514070390 0x7f951410cd80 unknown :-1 s=BANNER_CONNECTING pgs=0 cs=0 l=1 rev1=0 rx=0 tx=0)._handle_peer_banner_payload supported=1 required=0
2024-02-19T22:10:28.123 INFO:teuthology.orchestra.run.smithi155.stderr:/usr/bin/ceph:
2024-02-19T22:10:28.118+0000 7f95137fe700 1 --2- >> [v2:172.21.15.155:3300/0,v1:172.21.15.155:6789/0] conn(0x7f9514070390 0x7f951410cd80 unknown :-1 s=HELLO_CONNECTING pgs=0 cs=0 l=1 rev1=1 rx=0 tx=0).handle_hello peer v2:172.21.15.155:3300/0 says I am v2:172.21.15.155:42208/0 (socket says 172.21.15.155:42208)
2024-02-19T22:10:28.123 INFO:teuthology.orchestra.run.smithi155.stderr:/usr/bin/ceph:
2024-02-19T22:10:28.118+0000 7f95137fe700 1 -- 172.21.15.155:0/136716912 learned_addr learned my addr 172.21.15.155:0/136716912 (peer_addr_for_me v2:172.21.15.155:0/0)
2024-02-19T22:10:28.123 INFO:teuthology.orchestra.run.smithi155.stderr:/usr/bin/ceph:
2024-02-19T22:10:28.118+0000 7f95137fe700 1 -- 172.21.15.155:0/136716912 --> [v2:172.21.15.155:3300/0,v1:172.21.15.155:6789/0] -- mon_subscribe({config=0+,monmap=0+}) v3 -- 0x7f950800b200 con 0x7f9514070390
2024-02-19T22:10:28.123 INFO:teuthology.orchestra.run.smithi155.stderr:/usr/bin/ceph:
2024-02-19T22:10:28.119+0000 7f95137fe700 1 --2- 172.21.15.155:0/136716912 >> [v2:172.21.15.155:3300/0,v1:172.21.15.155:6789/0] conn(0x7f9514070390 0x7f951410cd80 secure :-1 s=READY pgs=57 cs=0 l=1 rev1=1 rx=0x7f9508006800 tx=0x7f9508006ee0).ready entity=mon.0 client_cookie=0 server_cookie=0 in_seq=0 out_seq=0
2024-02-19T22:10:28.123 INFO:teuthology.orchestra.run.smithi155.stderr:/usr/bin/ceph:
2024-02-19T22:10:28.119+0000 7f94fbfff700 1 -- 172.21.15.155:0/136716912 <== mon.0 v2:172.21.15.155:3300/0 1 ==== mon_map magic: 0 v1 ==== 229+0+0 (secure 0 0 0) 0x7f950801b570 con 0x7f9514070390
2024-02-19T22:10:28.123 INFO:teuthology.orchestra.run.smithi155.stderr:/usr/bin/ceph:
2024-02-19T22:10:28.119+0000 7f94fbfff700 1 -- 172.21.15.155:0/136716912 <== mon.0 v2:172.21.15.155:3300/0 2 ==== config(26 keys) v1 ==== 1045+0+0 (secure 0 0 0) 0x7f950801bb60 con 0x7f9514070390
2024-02-19T22:10:28.123 INFO:teuthology.orchestra.run.smithi155.stderr:/usr/bin/ceph:
2024-02-19T22:10:28.119+0000 7f9519c7a700 1 -- 172.21.15.155:0/136716912 --> [v2:172.21.15.155:3300/0,v1:172.21.15.155:6789/0] -- mon_subscribe({mgrmap=0+}) v3 -- 0x7f951410d470 con 0x7f9514070390
2024-02-19T22:10:28.123 INFO:teuthology.orchestra.run.smithi155.stderr:/usr/bin/ceph:
2024-02-19T22:10:28.119+0000 7f94fbfff700 1 -- 172.21.15.155:0/136716912 <== mon.0 v2:172.21.15.155:3300/0 3 ==== mon_map magic: 0 v1 ==== 229+0+0 (secure 0 0 0) 0x7f950801a9f0 con 0x7f9514070390
2024-02-19T22:10:28.123 INFO:teuthology.orchestra.run.smithi155.stderr:/usr/bin/ceph:
2024-02-19T22:10:28.119+0000 7f9519c7a700 1 -- 172.21.15.155:0/136716912 --> [v2:172.21.15.155:3300/0,v1:172.21.15.155:6789/0] -- mon_subscribe({osdmap=0}) v3 -- 0x7f951410e080 con 0x7f9514070390
2024-02-19T22:10:28.123 INFO:teuthology.orchestra.run.smithi155.stderr:/usr/bin/ceph:
2024-02-19T22:10:28.120+0000 7f94fbfff700 1 -- 172.21.15.155:0/136716912 <== mon.0 v2:172.21.15.155:3300/0 4 ==== mgrmap(e 12) v1 ==== 36195+0+0 (secure 0 0 0) 0x7f950800f070 con 0x7f9514070390
2024-02-19T22:10:28.123 INFO:teuthology.orchestra.run.smithi155.stderr:/usr/bin/ceph:
2024-02-19T22:10:28.120+0000 7f94fbfff700 1 --2- 172.21.15.155:0/136716912 >> [v2:172.21.15.155:6800/1891407691,v1:172.21.15.155:6801/1891407691] conn(0x7f950002ff20 0x7f95000323e0 unknown :-1 s=NONE pgs=0 cs=0 l=1 rev1=0 rx=0 tx=0).connect
2024-02-19T22:10:28.123 INFO:teuthology.orchestra.run.smithi155.stderr:/usr/bin/ceph:
2024-02-19T22:10:28.120+0000 7f94fbfff700 1 -- 172.21.15.155:0/136716912 <== mon.0 v2:172.21.15.155:3300/0 5 ==== osd_map(3..3 src has 1..3) v4 ==== 1098+0+0 (secure 0 0 0) 0x7f95080415d0 con 0x7f9514070390
2024-02-19T22:10:28.123 INFO:teuthology.orchestra.run.smithi155.stderr:/usr/bin/ceph:
2024-02-19T22:10:28.120+0000 7f9512ffd700 1 --2- 172.21.15.155:0/136716912 >> [v2:172.21.15.155:6800/1891407691,v1:172.21.15.155:6801/1891407691] conn(0x7f950002ff20 0x7f95000323e0 unknown :-1 s=BANNER_CONNECTING pgs=0 cs=0 l=1 rev1=0 rx=0 tx=0)._handle_peer_banner_payload supported=1 required=0
2024-02-19T22:10:28.123 INFO:teuthology.orchestra.run.smithi155.stderr:/usr/bin/ceph:
2024-02-19T22:10:28.120+0000 7f9512ffd700 1 --2- 172.21.15.155:0/136716912 >> [v2:172.21.15.155:6800/1891407691,v1:172.21.15.155:6801/1891407691] conn(0x7f950002ff20 0x7f95000323e0 secure :-1 s=READY pgs=6 cs=0 l=1 rev1=1 rx=0x7f95040096a0 tx=0x7f9504006b40).ready entity=mgr.14142 client_cookie=0 server_cookie=0 in_seq=0 out_seq=0
2024-02-19T22:10:28.124 INFO:teuthology.orchestra.run.smithi155.stderr:/usr/bin/ceph:
2024-02-19T22:10:28.121+0000 7f9519c7a700 1 -- 172.21.15.155:0/136716912 --> [v2:172.21.15.155:3300/0,v1:172.21.15.155:6789/0] -- mon_command({"prefix": "get_command_descriptions"} v 0) v1 -- 0x7f9514059100 con 0x7f9514070390
2024-02-19T22:10:28.126 INFO:teuthology.orchestra.run.smithi155.stderr:/usr/bin/ceph:
2024-02-19T22:10:28.125+0000 7f94fbfff700 1 -- 172.21.15.155:0/136716912 <== mon.0 v2:172.21.15.155:3300/0 6 ==== mon_command_ack([{"prefix": "get_command_descriptions"}]=0 v0) v1 ==== 72+0+152212 (secure 0 0 0) 0x7f9508016070 con 0x7f9514070390
2024-02-19T22:10:28.136 INFO:journalctl@ceph.mon.smithi155.smithi155.stdout:Feb 19 22:10:28 smithi155 ceph-810f454c-cf73-11ee-95bb-87774f69a715-mon.smithi155[38178]: cluster
2024-02-19T22:10:27.011838+0000 mon.smithi155 (mon.0) 76 : cluster [DBG] mgrmap e11: smithi155.disnjp(active, since 1.05457s)
2024-02-19T22:10:28.136 INFO:journalctl@ceph.mon.smithi155.smithi155.stdout:Feb 19 22:10:28 smithi155 ceph-810f454c-cf73-11ee-95bb-87774f69a715-mon.smithi155[38178]: cephadm
2024-02-19T22:10:27.012892+0000 mgr.smithi155.disnjp (mgr.14142) 2 : cephadm [INF] Saving service prometheus spec with placement count:1
2024-02-19T22:10:28.137 INFO:journalctl@ceph.mon.smithi155.smithi155.stdout:Feb 19 22:10:28 smithi155 ceph-810f454c-cf73-11ee-95bb-87774f69a715-mon.smithi155[38178]: audit
2024-02-19T22:10:27.015033+0000 mon.smithi155 (mon.0) 77 : audit [INF] from='mgr.14142 172.21.15.155:0/1677289483' entity='mgr.smithi155.disnjp'
2024-02-19T22:10:28.304 INFO:teuthology.orchestra.run.smithi155.stderr:/usr/bin/ceph:
2024-02-19T22:10:28.302+0000 7f9519c7a700 1 -- 172.21.15.155:0/136716912 --> [v2:172.21.15.155:6800/1891407691,v1:172.21.15.155:6801/1891407691] -- mgr_command(tid 0: {"prefix": "orch apply", "service_type": "grafana", "target": ["mon-mgr", ""]}) v1 -- 0x7f95141020d0 con 0x7f950002ff20
2024-02-19T22:10:28.310 INFO:teuthology.orchestra.run.smithi155.stderr:/usr/bin/ceph:
2024-02-19T22:10:28.309+0000 7f94fbfff700 1 -- 172.21.15.155:0/136716912 <== mgr.14142 v2:172.21.15.155:6800/1891407691 1 ==== mgr_command_reply(tid 0: 0 ) v1 ==== 8+0+28 (secure 0 0 0) 0x7f95141020d0 con 0x7f950002ff20
2024-02-19T22:10:28.310 INFO:teuthology.orchestra.run.smithi155.stderr:/usr/bin/ceph: Scheduled grafana update...
2024-02-19T22:10:28.312 INFO:teuthology.orchestra.run.smithi155.stderr:/usr/bin/ceph:
2024-02-19T22:10:28.311+0000 7f9519c7a700 1 -- 172.21.15.155:0/136716912 >> [v2:172.21.15.155:6800/1891407691,v1:172.21.15.155:6801/1891407691] conn(0x7f950002ff20 msgr2=0x7f95000323e0 secure :-1 s=STATE_CONNECTION_ESTABLISHED l=1).mark_down
2024-02-19T22:10:28.312 INFO:teuthology.orchestra.run.smithi155.stderr:/usr/bin/ceph:
2024-02-19T22:10:28.311+0000 7f9519c7a700 1 --2- 172.21.15.155:0/136716912 >> [v2:172.21.15.155:6800/1891407691,v1:172.21.15.155:6801/1891407691] conn(0x7f950002ff20 0x7f95000323e0 secure :-1 s=READY pgs=6 cs=0 l=1 rev1=1 rx=0x7f95040096a0 tx=0x7f9504006b40).stop
2024-02-19T22:10:28.313 INFO:teuthology.orchestra.run.smithi155.stderr:/usr/bin/ceph:
2024-02-19T22:10:28.311+0000 7f9519c7a700 1 -- 172.21.15.155:0/136716912 >> [v2:172.21.15.155:3300/0,v1:172.21.15.155:6789/0] conn(0x7f9514070390 msgr2=0x7f951410cd80 secure :-1 s=STATE_CONNECTION_ESTABLISHED l=1).mark_down
2024-02-19T22:10:28.313 INFO:teuthology.orchestra.run.smithi155.stderr:/usr/bin/ceph:
2024-02-19T22:10:28.311+0000 7f9519c7a700 1 --2- 172.21.15.155:0/136716912 >> [v2:172.21.15.155:3300/0,v1:172.21.15.155:6789/0] conn(0x7f9514070390 0x7f951410cd80 secure :-1 s=READY pgs=57 cs=0 l=1 rev1=1 rx=0x7f9508006800 tx=0x7f9508006ee0).stop
2024-02-19T22:10:28.313 INFO:teuthology.orchestra.run.smithi155.stderr:/usr/bin/ceph:
2024-02-19T22:10:28.311+0000 7f9519c7a700 1 -- 172.21.15.155:0/136716912 shutdown_connections
2024-02-19T22:10:28.313 INFO:teuthology.orchestra.run.smithi155.stderr:/usr/bin/ceph:
2024-02-19T22:10:28.311+0000 7f9519c7a700 1 --2- 172.21.15.155:0/136716912 >> [v2:172.21.15.155:6800/1891407691,v1:172.21.15.155:6801/1891407691] conn(0x7f950002ff20 0x7f95000323e0 unknown :-1 s=CLOSED pgs=6 cs=0 l=1 rev1=1 rx=0 tx=0).stop
2024-02-19T22:10:28.313 INFO:teuthology.orchestra.run.smithi155.stderr:/usr/bin/ceph:
2024-02-19T22:10:28.311+0000 7f9519c7a700 1 --2- 172.21.15.155:0/136716912 >> [v2:172.21.15.155:3300/0,v1:172.21.15.155:6789/0] conn(0x7f9514070390 0x7f951410cd80 unknown :-1 s=CLOSED pgs=57 cs=0 l=1 rev1=1 rx=0 tx=0).stop
2024-02-19T22:10:28.313 INFO:teuthology.orchestra.run.smithi155.stderr:/usr/bin/ceph:
2024-02-19T22:10:28.311+0000 7f9519c7a700 1 -- 172.21.15.155:0/136716912 >> 172.21.15.155:0/136716912 conn(0x7f95140f6530 msgr2=0x7f95140f7ef0 unknown :-1 s=STATE_NONE l=0).mark_down
2024-02-19T22:10:28.313 INFO:teuthology.orchestra.run.smithi155.stderr:/usr/bin/ceph:
2024-02-19T22:10:28.311+0000 7f9519c7a700 1 -- 172.21.15.155:0/136716912 shutdown_connections
2024-02-19T22:10:28.313 INFO:teuthology.orchestra.run.smithi155.stderr:/usr/bin/ceph:
2024-02-19T22:10:28.311+0000 7f9519c7a700 1 -- 172.21.15.155:0/136716912 wait complete.
2024-02-19T22:10:28.982 INFO:teuthology.orchestra.run.smithi155.stderr:Deploying node-exporter service with default placement...
2024-02-19T22:10:28.983 INFO:teuthology.orchestra.run.smithi155.stderr:Running command: /bin/podman run --rm --ipc=host --no-hosts --net=host --entrypoint /usr/bin/ceph --init -e CONTAINER_IMAGE=docker.io/ceph/ceph:v16.2.4 -e NODE_NAME=smithi155 -e CEPH_USE_RANDOM_NONCE=1 -v /var/log/ceph/810f454c-cf73-11ee-95bb-87774f69a715:/var/log/ceph:z -v /tmp/ceph-tmpzo2pygmh:/etc/ceph/ceph.client.admin.keyring:z -v /tmp/ceph-tmp2mxuhyd7:/etc/ceph/ceph.conf:z docker.io/ceph/ceph:v16.2.4 orch apply node-exporter
2024-02-19T22:10:29.265 INFO:journalctl@ceph.mon.smithi155.smithi155.stdout:Feb 19 22:10:29 smithi155 ceph-810f454c-cf73-11ee-95bb-87774f69a715-mon.smithi155[38178]: cluster
2024-02-19T22:10:28.016024+0000 mon.smithi155 (mon.0) 78 : cluster [DBG] mgrmap e12: smithi155.disnjp(active, since 2s)
2024-02-19T22:10:29.265 INFO:journalctl@ceph.mon.smithi155.smithi155.stdout:Feb 19 22:10:29 smithi155 ceph-810f454c-cf73-11ee-95bb-87774f69a715-mon.smithi155[38178]: audit
2024-02-19T22:10:28.304679+0000 mgr.smithi155.disnjp (mgr.14142) 3 : audit [DBG] from='client.14150 -' entity='client.admin' cmd=[{"prefix": "orch apply", "service_type": "grafana", "target": ["mon-mgr", ""]}]: dispatch
2024-02-19T22:10:29.265 INFO:journalctl@ceph.mon.smithi155.smithi155.stdout:Feb 19 22:10:29 smithi155 ceph-810f454c-cf73-11ee-95bb-87774f69a715-mon.smithi155[38178]: cephadm
2024-02-19T22:10:28.305228+0000 mgr.smithi155.disnjp (mgr.14142) 4 : cephadm [INF] Saving service grafana spec with placement count:1
2024-02-19T22:10:29.265 INFO:journalctl@ceph.mon.smithi155.smithi155.stdout:Feb 19 22:10:29 smithi155 ceph-810f454c-cf73-11ee-95bb-87774f69a715-mon.smithi155[38178]: audit
2024-02-19T22:10:28.310188+0000 mon.smithi155 (mon.0) 79 : audit [INF] from='mgr.14142 172.21.15.155:0/1677289483' entity='mgr.smithi155.disnjp'
2024-02-19T22:10:29.510 INFO:teuthology.orchestra.run.smithi155.stderr:/usr/bin/ceph:
2024-02-19T22:10:29.506+0000 7fc8e528d700 1 Processor -- start
2024-02-19T22:10:29.510 INFO:teuthology.orchestra.run.smithi155.stderr:/usr/bin/ceph:
2024-02-19T22:10:29.506+0000 7fc8e528d700 1 -- start start
2024-02-19T22:10:29.510 INFO:teuthology.orchestra.run.smithi155.stderr:/usr/bin/ceph:
2024-02-19T22:10:29.506+0000 7fc8e528d700 1 --2- >> [v2:172.21.15.155:3300/0,v1:172.21.15.155:6789/0] conn(0x7fc8e00703f0 0x7fc8e0100e90 unknown :-1 s=NONE pgs=0 cs=0 l=0 rev1=0 rx=0 tx=0).connect
2024-02-19T22:10:29.511 INFO:teuthology.orchestra.run.smithi155.stderr:/usr/bin/ceph:
2024-02-19T22:10:29.506+0000 7fc8e528d700 1 -- --> [v2:172.21.15.155:3300/0,v1:172.21.15.155:6789/0] -- mon_getmap magic: 0 v1 -- 0x7fc8e00fc880 con 0x7fc8e00703f0
2024-02-19T22:10:29.511 INFO:teuthology.orchestra.run.smithi155.stderr:/usr/bin/ceph:
2024-02-19T22:10:29.506+0000 7fc8deffd700 1 --2- >> [v2:172.21.15.155:3300/0,v1:172.21.15.155:6789/0] conn(0x7fc8e00703f0 0x7fc8e0100e90 unknown :-1 s=BANNER_CONNECTING pgs=0 cs=0 l=0 rev1=0 rx=0 tx=0)._handle_peer_banner_payload supported=1 required=0
2024-02-19T22:10:29.511 INFO:teuthology.orchestra.run.smithi155.stderr:/usr/bin/ceph:
2024-02-19T22:10:29.506+0000 7fc8deffd700 1 --2- >> [v2:172.21.15.155:3300/0,v1:172.21.15.155:6789/0] conn(0x7fc8e00703f0 0x7fc8e0100e90 unknown :-1 s=HELLO_CONNECTING pgs=0 cs=0 l=0 rev1=1 rx=0 tx=0).handle_hello peer v2:172.21.15.155:3300/0 says I am v2:172.21.15.155:42222/0 (socket says 172.21.15.155:42222)
2024-02-19T22:10:29.511 INFO:teuthology.orchestra.run.smithi155.stderr:/usr/bin/ceph:
2024-02-19T22:10:29.506+0000 7fc8deffd700 1 -- 172.21.15.155:0/3172371516 learned_addr learned my addr 172.21.15.155:0/3172371516 (peer_addr_for_me v2:172.21.15.155:0/0)
2024-02-19T22:10:29.511 INFO:teuthology.orchestra.run.smithi155.stderr:/usr/bin/ceph:
2024-02-19T22:10:29.507+0000 7fc8deffd700 1 -- 172.21.15.155:0/3172371516 --> [v2:172.21.15.155:3300/0,v1:172.21.15.155:6789/0] -- mon_subscribe({config=0+,monmap=0+}) v3 -- 0x7fc8e0101380 con 0x7fc8e00703f0
2024-02-19T22:10:29.511 INFO:teuthology.orchestra.run.smithi155.stderr:/usr/bin/ceph:
