2024-02-19T22:10:38.841 INFO:teuthology.orchestra.run.smithi155.stderr:/usr/bin/ceph:
2024-02-19T22:10:38.839+0000 7f0fc6e2a700 1 --2- 172.21.15.155:0/3085298756 >> [v2:172.21.15.155:3300/0,v1:172.21.15.155:6789/0] conn(0x7f0fc00703f0 0x7f0fc00fea90 secure :-1 s=READY pgs=72 cs=0 l=1 rev1=1 rx=0x7f0fb400b5f0 tx=0x7f0fb4006ee0).stop
2024-02-19T22:10:38.841 INFO:teuthology.orchestra.run.smithi155.stderr:/usr/bin/ceph:
2024-02-19T22:10:38.839+0000 7f0fc6e2a700 1 -- 172.21.15.155:0/3085298756 shutdown_connections
2024-02-19T22:10:38.841 INFO:teuthology.orchestra.run.smithi155.stderr:/usr/bin/ceph:
2024-02-19T22:10:38.839+0000 7f0fc6e2a700 1 --2- 172.21.15.155:0/3085298756 >> [v2:172.21.15.155:3300/0,v1:172.21.15.155:6789/0] conn(0x7f0fc00703f0 0x7f0fc00fea90 unknown :-1 s=CLOSED pgs=72 cs=0 l=1 rev1=1 rx=0 tx=0).stop
2024-02-19T22:10:38.841 INFO:teuthology.orchestra.run.smithi155.stderr:/usr/bin/ceph:
2024-02-19T22:10:38.839+0000 7f0fc6e2a700 1 -- 172.21.15.155:0/3085298756 >> 172.21.15.155:0/3085298756 conn(0x7f0fc00f6530 msgr2=0x7f0fc00f8950 unknown :-1 s=STATE_NONE l=0).mark_down
2024-02-19T22:10:38.841 INFO:teuthology.orchestra.run.smithi155.stderr:/usr/bin/ceph:
2024-02-19T22:10:38.839+0000 7f0fc6e2a700 1 -- 172.21.15.155:0/3085298756 shutdown_connections
2024-02-19T22:10:38.841 INFO:teuthology.orchestra.run.smithi155.stderr:/usr/bin/ceph:
2024-02-19T22:10:38.839+0000 7f0fc6e2a700 1 -- 172.21.15.155:0/3085298756 wait complete.
2024-02-19T22:10:38.842 INFO:teuthology.orchestra.run.smithi155.stderr:/usr/bin/ceph:
2024-02-19T22:10:38.840+0000 7f0fc6e2a700 1 Processor -- start
2024-02-19T22:10:38.842 INFO:teuthology.orchestra.run.smithi155.stderr:/usr/bin/ceph:
2024-02-19T22:10:38.840+0000 7f0fc6e2a700 1 -- start start
2024-02-19T22:10:38.842 INFO:teuthology.orchestra.run.smithi155.stderr:/usr/bin/ceph:
2024-02-19T22:10:38.840+0000 7f0fc6e2a700 1 --2- >> [v2:172.21.15.155:3300/0,v1:172.21.15.155:6789/0] conn(0x7f0fc00703f0 0x7f0fc00fc510 unknown :-1 s=NONE pgs=0 cs=0 l=1 rev1=0 rx=0 tx=0).connect
2024-02-19T22:10:38.842 INFO:teuthology.orchestra.run.smithi155.stderr:/usr/bin/ceph:
2024-02-19T22:10:38.840+0000 7f0fc6e2a700 1 -- --> [v2:172.21.15.155:3300/0,v1:172.21.15.155:6789/0] -- mon_getmap magic: 0 v1 -- 0x7f0fc00fa990 con 0x7f0fc00703f0
2024-02-19T22:10:38.842 INFO:teuthology.orchestra.run.smithi155.stderr:/usr/bin/ceph:
2024-02-19T22:10:38.840+0000 7f0fc4bc6700 1 --2- >> [v2:172.21.15.155:3300/0,v1:172.21.15.155:6789/0] conn(0x7f0fc00703f0 0x7f0fc00fc510 unknown :-1 s=BANNER_CONNECTING pgs=0 cs=0 l=1 rev1=0 rx=0 tx=0)._handle_peer_banner_payload supported=1 required=0
2024-02-19T22:10:38.842 INFO:teuthology.orchestra.run.smithi155.stderr:/usr/bin/ceph:
2024-02-19T22:10:38.840+0000 7f0fc4bc6700 1 --2- >> [v2:172.21.15.155:3300/0,v1:172.21.15.155:6789/0] conn(0x7f0fc00703f0 0x7f0fc00fc510 unknown :-1 s=HELLO_CONNECTING pgs=0 cs=0 l=1 rev1=1 rx=0 tx=0).handle_hello peer v2:172.21.15.155:3300/0 says I am v2:172.21.15.155:55254/0 (socket says 172.21.15.155:55254)
2024-02-19T22:10:38.842 INFO:teuthology.orchestra.run.smithi155.stderr:/usr/bin/ceph:
2024-02-19T22:10:38.840+0000 7f0fc4bc6700 1 -- 172.21.15.155:0/3281465269 learned_addr learned my addr 172.21.15.155:0/3281465269 (peer_addr_for_me v2:172.21.15.155:0/0)
2024-02-19T22:10:38.842 INFO:teuthology.orchestra.run.smithi155.stderr:/usr/bin/ceph:
2024-02-19T22:10:38.840+0000 7f0fc4bc6700 1 -- 172.21.15.155:0/3281465269 --> [v2:172.21.15.155:3300/0,v1:172.21.15.155:6789/0] -- mon_subscribe({config=0+,monmap=0+}) v3 -- 0x7f0fb400b200 con 0x7f0fc00703f0
2024-02-19T22:10:38.842 INFO:teuthology.orchestra.run.smithi155.stderr:/usr/bin/ceph:
2024-02-19T22:10:38.841+0000 7f0fc4bc6700 1 --2- 172.21.15.155:0/3281465269 >> [v2:172.21.15.155:3300/0,v1:172.21.15.155:6789/0] conn(0x7f0fc00703f0 0x7f0fc00fc510 secure :-1 s=READY pgs=73 cs=0 l=1 rev1=1 rx=0x7f0fb4006b80 tx=0x7f0fb4006ee0).ready entity=mon.0 client_cookie=0 server_cookie=0 in_seq=0 out_seq=0
2024-02-19T22:10:38.842 INFO:teuthology.orchestra.run.smithi155.stderr:/usr/bin/ceph:
2024-02-19T22:10:38.841+0000 7f0fbd7fa700 1 -- 172.21.15.155:0/3281465269 <== mon.0 v2:172.21.15.155:3300/0 1 ==== mon_map magic: 0 v1 ==== 229+0+0 (secure 0 0 0) 0x7f0fb4011e10 con 0x7f0fc00703f0
2024-02-19T22:10:38.842 INFO:teuthology.orchestra.run.smithi155.stderr:/usr/bin/ceph:
2024-02-19T22:10:38.841+0000 7f0fbd7fa700 1 -- 172.21.15.155:0/3281465269 <== mon.0 v2:172.21.15.155:3300/0 2 ==== config(26 keys) v1 ==== 1109+0+0 (secure 0 0 0) 0x7f0fb4011610 con 0x7f0fc00703f0
2024-02-19T22:10:38.843 INFO:teuthology.orchestra.run.smithi155.stderr:/usr/bin/ceph:
2024-02-19T22:10:38.841+0000 7f0fbd7fa700 1 -- 172.21.15.155:0/3281465269 <== mon.0 v2:172.21.15.155:3300/0 3 ==== mon_map magic: 0 v1 ==== 229+0+0 (secure 0 0 0) 0x7f0fb401a7b0 con 0x7f0fc00703f0
2024-02-19T22:10:38.843 INFO:teuthology.orchestra.run.smithi155.stderr:/usr/bin/ceph:
2024-02-19T22:10:38.841+0000 7f0fc6e2a700 1 -- 172.21.15.155:0/3281465269 --> [v2:172.21.15.155:3300/0,v1:172.21.15.155:6789/0] -- mon_subscribe({mgrmap=0+}) v3 -- 0x7f0fc00fab30 con 0x7f0fc00703f0
2024-02-19T22:10:38.843 INFO:teuthology.orchestra.run.smithi155.stderr:/usr/bin/ceph:
2024-02-19T22:10:38.841+0000 7f0fc6e2a700 1 -- 172.21.15.155:0/3281465269 --> [v2:172.21.15.155:3300/0,v1:172.21.15.155:6789/0] -- mon_subscribe({osdmap=0}) v3 -- 0x7f0fc00fafc0 con 0x7f0fc00703f0
2024-02-19T22:10:38.843 INFO:teuthology.orchestra.run.smithi155.stderr:/usr/bin/ceph:
2024-02-19T22:10:38.842+0000 7f0fbd7fa700 1 -- 172.21.15.155:0/3281465269 <== mon.0 v2:172.21.15.155:3300/0 4 ==== mgrmap(e 13) v1 ==== 36208+0+0 (secure 0 0 0) 0x7f0fb400f070 con 0x7f0fc00703f0
2024-02-19T22:10:38.843 INFO:teuthology.orchestra.run.smithi155.stderr:/usr/bin/ceph:
2024-02-19T22:10:38.842+0000 7f0fbd7fa700 1 --2- 172.21.15.155:0/3281465269 >> [v2:172.21.15.155:6800/1891407691,v1:172.21.15.155:6801/1891407691] conn(0x7f0fa402ff70 0x7f0fa4032430 unknown :-1 s=NONE pgs=0 cs=0 l=1 rev1=0 rx=0 tx=0).connect
2024-02-19T22:10:38.843 INFO:teuthology.orchestra.run.smithi155.stderr:/usr/bin/ceph:
2024-02-19T22:10:38.842+0000 7f0fc6e2a700 1 -- 172.21.15.155:0/3281465269 --> [v2:172.21.15.155:6800/1891407691,v1:172.21.15.155:6801/1891407691] -- command(tid 0: {"prefix": "get_command_descriptions"}) v1 -- 0x7f0fc0059100 con 0x7f0fa402ff70
2024-02-19T22:10:38.844 INFO:teuthology.orchestra.run.smithi155.stderr:/usr/bin/ceph:
2024-02-19T22:10:38.842+0000 7f0fbd7fa700 1 -- 172.21.15.155:0/3281465269 <== mon.0 v2:172.21.15.155:3300/0 5 ==== osd_map(3..3 src has 1..3) v4 ==== 1098+0+0 (secure 0 0 0) 0x7f0fb4040ff0 con 0x7f0fc00703f0
2024-02-19T22:10:38.844 INFO:teuthology.orchestra.run.smithi155.stderr:/usr/bin/ceph:
2024-02-19T22:10:38.842+0000 7f0fbffff700 1 -- 172.21.15.155:0/3281465269 >> [v2:172.21.15.155:6800/1891407691,v1:172.21.15.155:6801/1891407691] conn(0x7f0fa402ff70 msgr2=0x7f0fa4032430 unknown :-1 s=STATE_CONNECTING_RE l=1).process reconnect failed to v2:172.21.15.155:6800/1891407691
2024-02-19T22:10:38.844 INFO:teuthology.orchestra.run.smithi155.stderr:/usr/bin/ceph:
2024-02-19T22:10:38.842+0000 7f0fbffff700 1 --2- 172.21.15.155:0/3281465269 >> [v2:172.21.15.155:6800/1891407691,v1:172.21.15.155:6801/1891407691] conn(0x7f0fa402ff70 0x7f0fa4032430 unknown :-1 s=START_CONNECT pgs=0 cs=0 l=1 rev1=0 rx=0 tx=0)._fault waiting 0.200000
2024-02-19T22:10:39.043 INFO:teuthology.orchestra.run.smithi155.stderr:/usr/bin/ceph:
2024-02-19T22:10:39.043+0000 7f0fbffff700 1 -- 172.21.15.155:0/3281465269 >> [v2:172.21.15.155:6800/1891407691,v1:172.21.15.155:6801/1891407691] conn(0x7f0fa402ff70 msgr2=0x7f0fa4032430 unknown :-1 s=STATE_CONNECTING_RE l=1).process reconnect failed to v2:172.21.15.155:6800/1891407691
2024-02-19T22:10:39.043 INFO:teuthology.orchestra.run.smithi155.stderr:/usr/bin/ceph:
2024-02-19T22:10:39.043+0000 7f0fbffff700 1 --2- 172.21.15.155:0/3281465269 >> [v2:172.21.15.155:6800/1891407691,v1:172.21.15.155:6801/1891407691] conn(0x7f0fa402ff70 0x7f0fa4032430 unknown :-1 s=START_CONNECT pgs=0 cs=0 l=1 rev1=0 rx=0 tx=0)._fault waiting 0.400000
2024-02-19T22:10:39.444 INFO:teuthology.orchestra.run.smithi155.stderr:/usr/bin/ceph:
2024-02-19T22:10:39.444+0000 7f0fbffff700 1 -- 172.21.15.155:0/3281465269 >> [v2:172.21.15.155:6800/1891407691,v1:172.21.15.155:6801/1891407691] conn(0x7f0fa402ff70 msgr2=0x7f0fa4032430 unknown :-1 s=STATE_CONNECTING_RE l=1).process reconnect failed to v2:172.21.15.155:6800/1891407691
2024-02-19T22:10:39.444 INFO:teuthology.orchestra.run.smithi155.stderr:/usr/bin/ceph:
2024-02-19T22:10:39.444+0000 7f0fbffff700 1 --2- 172.21.15.155:0/3281465269 >> [v2:172.21.15.155:6800/1891407691,v1:172.21.15.155:6801/1891407691] conn(0x7f0fa402ff70 0x7f0fa4032430 unknown :-1 s=START_CONNECT pgs=0 cs=0 l=1 rev1=0 rx=0 tx=0)._fault waiting 0.800000
2024-02-19T22:10:40.245 INFO:teuthology.orchestra.run.smithi155.stderr:/usr/bin/ceph:
2024-02-19T22:10:40.244+0000 7f0fbffff700 1 -- 172.21.15.155:0/3281465269 >> [v2:172.21.15.155:6800/1891407691,v1:172.21.15.155:6801/1891407691] conn(0x7f0fa402ff70 msgr2=0x7f0fa4032430 unknown :-1 s=STATE_CONNECTING_RE l=1).process reconnect failed to v2:172.21.15.155:6800/1891407691
2024-02-19T22:10:40.245 INFO:teuthology.orchestra.run.smithi155.stderr:/usr/bin/ceph:
2024-02-19T22:10:40.244+0000 7f0fbffff700 1 --2- 172.21.15.155:0/3281465269 >> [v2:172.21.15.155:6800/1891407691,v1:172.21.15.155:6801/1891407691] conn(0x7f0fa402ff70 0x7f0fa4032430 unknown :-1 s=START_CONNECT pgs=0 cs=0 l=1 rev1=0 rx=0 tx=0)._fault waiting 1.600000
2024-02-19T22:10:41.188 INFO:teuthology.orchestra.run.smithi155.stderr:/usr/bin/ceph:
2024-02-19T22:10:41.186+0000 7f0fbd7fa700 1 -- 172.21.15.155:0/3281465269 <== mon.0 v2:172.21.15.155:3300/0 6 ==== mgrmap(e 14) v1 ==== 35997+0+0 (secure 0 0 0) 0x7f0fb4010dd0 con 0x7f0fc00703f0
2024-02-19T22:10:41.188 INFO:teuthology.orchestra.run.smithi155.stderr:/usr/bin/ceph:
2024-02-19T22:10:41.186+0000 7f0fbd7fa700 1 -- 172.21.15.155:0/3281465269 >> [v2:172.21.15.155:6800/1891407691,v1:172.21.15.155:6801/1891407691] conn(0x7f0fa402ff70 msgr2=0x7f0fa4032430 unknown :-1 s=STATE_CONNECTING l=1).mark_down
2024-02-19T22:10:41.188 INFO:teuthology.orchestra.run.smithi155.stderr:/usr/bin/ceph:
2024-02-19T22:10:41.186+0000 7f0fbd7fa700 1 --2- 172.21.15.155:0/3281465269 >> [v2:172.21.15.155:6800/1891407691,v1:172.21.15.155:6801/1891407691] conn(0x7f0fa402ff70 0x7f0fa4032430 unknown :-1 s=START_CONNECT pgs=0 cs=0 l=1 rev1=0 rx=0 tx=0).stop
2024-02-19T22:10:41.637 INFO:journalctl@ceph.mon.smithi155.smithi155.stdout:Feb 19 22:10:41 smithi155 ceph-810f454c-cf73-11ee-95bb-87774f69a715-mon.smithi155[38178]: cluster
2024-02-19T22:10:41.135904+0000 mon.smithi155 (mon.0) 90 : cluster [INF] Active manager daemon smithi155.disnjp restarted
2024-02-19T22:10:41.637 INFO:journalctl@ceph.mon.smithi155.smithi155.stdout:Feb 19 22:10:41 smithi155 ceph-810f454c-cf73-11ee-95bb-87774f69a715-mon.smithi155[38178]: cluster
2024-02-19T22:10:41.136308+0000 mon.smithi155 (mon.0) 91 : cluster [INF] Activating manager daemon smithi155.disnjp
2024-02-19T22:10:41.637 INFO:journalctl@ceph.mon.smithi155.smithi155.stdout:Feb 19 22:10:41 smithi155 ceph-810f454c-cf73-11ee-95bb-87774f69a715-mon.smithi155[38178]: cluster
2024-02-19T22:10:41.137934+0000 mon.smithi155 (mon.0) 92 : cluster [DBG] osdmap e4: 0 total, 0 up, 0 in
2024-02-19T22:10:42.193 INFO:teuthology.orchestra.run.smithi155.stderr:/usr/bin/ceph:
2024-02-19T22:10:42.191+0000 7f0fbd7fa700 1 -- 172.21.15.155:0/3281465269 <== mon.0 v2:172.21.15.155:3300/0 7 ==== mgrmap(e 15) v1 ==== 36067+0+0 (secure 0 0 0) 0x7f0fb401aba0 con 0x7f0fc00703f0
2024-02-19T22:10:42.193 INFO:teuthology.orchestra.run.smithi155.stderr:/usr/bin/ceph:
2024-02-19T22:10:42.191+0000 7f0fbd7fa700 1 --2- 172.21.15.155:0/3281465269 >> [v2:172.21.15.155:6800/3586747416,v1:172.21.15.155:6801/3586747416] conn(0x7f0fa4033a50 0x7f0fa4035e40 unknown :-1 s=NONE pgs=0 cs=0 l=1 rev1=0 rx=0 tx=0).connect
2024-02-19T22:10:42.193 INFO:teuthology.orchestra.run.smithi155.stderr:/usr/bin/ceph:
2024-02-19T22:10:42.191+0000 7f0fbd7fa700 1 -- 172.21.15.155:0/3281465269 --> [v2:172.21.15.155:6800/3586747416,v1:172.21.15.155:6801/3586747416] -- command(tid 0: {"prefix": "get_command_descriptions"}) v1 -- 0x7f0fc0059100 con 0x7f0fa4033a50
2024-02-19T22:10:42.193 INFO:teuthology.orchestra.run.smithi155.stderr:/usr/bin/ceph:
2024-02-19T22:10:42.191+0000 7f0fbffff700 1 --2- 172.21.15.155:0/3281465269 >> [v2:172.21.15.155:6800/3586747416,v1:172.21.15.155:6801/3586747416] conn(0x7f0fa4033a50 0x7f0fa4035e40 unknown :-1 s=BANNER_CONNECTING pgs=0 cs=0 l=1 rev1=0 rx=0 tx=0)._handle_peer_banner_payload supported=1 required=0
2024-02-19T22:10:42.193 INFO:teuthology.orchestra.run.smithi155.stderr:/usr/bin/ceph:
2024-02-19T22:10:42.191+0000 7f0fbffff700 1 --2- 172.21.15.155:0/3281465269 >> [v2:172.21.15.155:6800/3586747416,v1:172.21.15.155:6801/3586747416] conn(0x7f0fa4033a50 0x7f0fa4035e40 secure :-1 s=READY pgs=2 cs=0 l=1 rev1=1 rx=0x7f0fac0036d0 tx=0x7f0fac006ca0).ready entity=mgr.14162 client_cookie=0 server_cookie=0 in_seq=0 out_seq=0
2024-02-19T22:10:42.193 INFO:teuthology.orchestra.run.smithi155.stderr:/usr/bin/ceph:
2024-02-19T22:10:42.192+0000 7f0fbd7fa700 1 -- 172.21.15.155:0/3281465269 <== mgr.14162 v2:172.21.15.155:6800/3586747416 1 ==== command_reply(tid 0: 0 ) v1 ==== 8+0+6438 (secure 0 0 0) 0x7f0fc0059100 con 0x7f0fa4033a50
2024-02-19T22:10:42.200 INFO:teuthology.orchestra.run.smithi155.stderr:/usr/bin/ceph:
2024-02-19T22:10:42.198+0000 7f0fc6e2a700 1 -- 172.21.15.155:0/3281465269 --> [v2:172.21.15.155:6800/3586747416,v1:172.21.15.155:6801/3586747416] -- command(tid 1: {"prefix": "mgr_status"}) v1 -- 0x7f0fc0045ad0 con 0x7f0fa4033a50
2024-02-19T22:10:42.200 INFO:teuthology.orchestra.run.smithi155.stderr:/usr/bin/ceph:
2024-02-19T22:10:42.199+0000 7f0fbd7fa700 1 -- 172.21.15.155:0/3281465269 <== mgr.14162 v2:172.21.15.155:6800/3586747416 2 ==== command_reply(tid 1: 0 ) v1 ==== 8+0+52 (secure 0 0 0) 0x7f0fc0045ad0 con 0x7f0fa4033a50
2024-02-19T22:10:42.200 INFO:teuthology.orchestra.run.smithi155.stderr:/usr/bin/ceph: {
2024-02-19T22:10:42.202 INFO:teuthology.orchestra.run.smithi155.stderr:/usr/bin/ceph: "mgrmap_epoch": 15,
2024-02-19T22:10:42.202 INFO:teuthology.orchestra.run.smithi155.stderr:/usr/bin/ceph: "initialized": true
2024-02-19T22:10:42.202 INFO:teuthology.orchestra.run.smithi155.stderr:/usr/bin/ceph: }
2024-02-19T22:10:42.202 INFO:teuthology.orchestra.run.smithi155.stderr:/usr/bin/ceph:
2024-02-19T22:10:42.199+0000 7f0fc6e2a700 1 -- 172.21.15.155:0/3281465269 >> [v2:172.21.15.155:6800/3586747416,v1:172.21.15.155:6801/3586747416] conn(0x7f0fa4033a50 msgr2=0x7f0fa4035e40 secure :-1 s=STATE_CONNECTION_ESTABLISHED l=1).mark_down
2024-02-19T22:10:42.202 INFO:teuthology.orchestra.run.smithi155.stderr:/usr/bin/ceph:
2024-02-19T22:10:42.199+0000 7f0fc6e2a700 1 --2- 172.21.15.155:0/3281465269 >> [v2:172.21.15.155:6800/3586747416,v1:172.21.15.155:6801/3586747416] conn(0x7f0fa4033a50 0x7f0fa4035e40 secure :-1 s=READY pgs=2 cs=0 l=1 rev1=1 rx=0x7f0fac0036d0 tx=0x7f0fac006ca0).stop
2024-02-19T22:10:42.202 INFO:teuthology.orchestra.run.smithi155.stderr:/usr/bin/ceph:
2024-02-19T22:10:42.199+0000 7f0fc6e2a700 1 -- 172.21.15.155:0/3281465269 >> [v2:172.21.15.155:3300/0,v1:172.21.15.155:6789/0] conn(0x7f0fc00703f0 msgr2=0x7f0fc00fc510 secure :-1 s=STATE_CONNECTION_ESTABLISHED l=1).mark_down
2024-02-19T22:10:42.202 INFO:teuthology.orchestra.run.smithi155.stderr:/usr/bin/ceph:
2024-02-19T22:10:42.199+0000 7f0fc6e2a700 1 --2- 172.21.15.155:0/3281465269 >> [v2:172.21.15.155:3300/0,v1:172.21.15.155:6789/0] conn(0x7f0fc00703f0 0x7f0fc00fc510 secure :-1 s=READY pgs=73 cs=0 l=1 rev1=1 rx=0x7f0fb4006b80 tx=0x7f0fb4006ee0).stop
2024-02-19T22:10:42.202 INFO:teuthology.orchestra.run.smithi155.stderr:/usr/bin/ceph:
2024-02-19T22:10:42.199+0000 7f0fc6e2a700 1 -- 172.21.15.155:0/3281465269 shutdown_connections
2024-02-19T22:10:42.202 INFO:teuthology.orchestra.run.smithi155.stderr:/usr/bin/ceph:
2024-02-19T22:10:42.199+0000 7f0fc6e2a700 1 --2- 172.21.15.155:0/3281465269 >> [v2:172.21.15.155:6800/3586747416,v1:172.21.15.155:6801/3586747416] conn(0x7f0fa4033a50 0x7f0fa4035e40 unknown :-1 s=CLOSED pgs=2 cs=0 l=1 rev1=1 rx=0 tx=0).stop
2024-02-19T22:10:42.202 INFO:teuthology.orchestra.run.smithi155.stderr:/usr/bin/ceph:
2024-02-19T22:10:42.199+0000 7f0fc6e2a700 1 --2- 172.21.15.155:0/3281465269 >> [v2:172.21.15.155:3300/0,v1:172.21.15.155:6789/0] conn(0x7f0fc00703f0 0x7f0fc00fc510 unknown :-1 s=CLOSED pgs=73 cs=0 l=1 rev1=1 rx=0 tx=0).stop
2024-02-19T22:10:42.202 INFO:teuthology.orchestra.run.smithi155.stderr:/usr/bin/ceph:
2024-02-19T22:10:42.199+0000 7f0fc6e2a700 1 --2- 172.21.15.155:0/3281465269 >> [v2:172.21.15.155:6800/1891407691,v1:172.21.15.155:6801/1891407691] conn(0x7f0fa402ff70 0x7f0fa4032430 unknown :-1 s=CLOSED pgs=0 cs=0 l=1 rev1=0 rx=0 tx=0).stop
2024-02-19T22:10:42.202 INFO:teuthology.orchestra.run.smithi155.stderr:/usr/bin/ceph:
2024-02-19T22:10:42.199+0000 7f0fc6e2a700 1 -- 172.21.15.155:0/3281465269 >> 172.21.15.155:0/3281465269 conn(0x7f0fc00f6530 msgr2=0x7f0fc00f7ec0 unknown :-1 s=STATE_NONE l=0).mark_down
2024-02-19T22:10:42.203 INFO:teuthology.orchestra.run.smithi155.stderr:/usr/bin/ceph:
2024-02-19T22:10:42.199+0000 7f0fc6e2a700 1 -- 172.21.15.155:0/3281465269 shutdown_connections
2024-02-19T22:10:42.203 INFO:teuthology.orchestra.run.smithi155.stderr:/usr/bin/ceph:
2024-02-19T22:10:42.199+0000 7f0fc6e2a700 1 -- 172.21.15.155:0/3281465269 wait complete.
2024-02-19T22:10:42.387 INFO:journalctl@ceph.mon.smithi155.smithi155.stdout:Feb 19 22:10:42 smithi155 ceph-810f454c-cf73-11ee-95bb-87774f69a715-mon.smithi155[38178]: cluster
2024-02-19T22:10:41.188845+0000 mon.smithi155 (mon.0) 93 : cluster [DBG] mgrmap e14: smithi155.disnjp(active, starting, since 0.052627s)
2024-02-19T22:10:42.387 INFO:journalctl@ceph.mon.smithi155.smithi155.stdout:Feb 19 22:10:42 smithi155 ceph-810f454c-cf73-11ee-95bb-87774f69a715-mon.smithi155[38178]: audit
2024-02-19T22:10:41.189760+0000 mon.smithi155 (mon.0) 94 : audit [DBG] from='mgr.14162 172.21.15.155:0/791003468' entity='mgr.smithi155.disnjp' cmd=[{"prefix": "mon metadata", "id": "smithi155"}]: dispatch
2024-02-19T22:10:42.387 INFO:journalctl@ceph.mon.smithi155.smithi155.stdout:Feb 19 22:10:42 smithi155 ceph-810f454c-cf73-11ee-95bb-87774f69a715-mon.smithi155[38178]: audit
2024-02-19T22:10:41.191719+0000 mon.smithi155 (mon.0) 95 : audit [DBG] from='mgr.14162 172.21.15.155:0/791003468' entity='mgr.smithi155.disnjp' cmd=[{"prefix": "mgr metadata", "who": "smithi155.disnjp", "id": "smithi155.disnjp"}]: dispatch
2024-02-19T22:10:42.387 INFO:journalctl@ceph.mon.smithi155.smithi155.stdout:Feb 19 22:10:42 smithi155 ceph-810f454c-cf73-11ee-95bb-87774f69a715-mon.smithi155[38178]: audit
2024-02-19T22:10:41.191917+0000 mon.smithi155 (mon.0) 96 : audit [DBG] from='mgr.14162 172.21.15.155:0/791003468' entity='mgr.smithi155.disnjp' cmd=[{"prefix": "mds metadata"}]: dispatch
2024-02-19T22:10:42.387 INFO:journalctl@ceph.mon.smithi155.smithi155.stdout:Feb 19 22:10:42 smithi155 ceph-810f454c-cf73-11ee-95bb-87774f69a715-mon.smithi155[38178]: audit
2024-02-19T22:10:41.192031+0000 mon.smithi155 (mon.0) 97 : audit [DBG] from='mgr.14162 172.21.15.155:0/791003468' entity='mgr.smithi155.disnjp' cmd=[{"prefix": "osd metadata"}]: dispatch
2024-02-19T22:10:42.387 INFO:journalctl@ceph.mon.smithi155.smithi155.stdout:Feb 19 22:10:42 smithi155 ceph-810f454c-cf73-11ee-95bb-87774f69a715-mon.smithi155[38178]: audit
2024-02-19T22:10:41.192155+0000 mon.smithi155 (mon.0) 98 : audit [DBG] from='mgr.14162 172.21.15.155:0/791003468' entity='mgr.smithi155.disnjp' cmd=[{"prefix": "mon metadata"}]: dispatch
2024-02-19T22:10:42.387 INFO:journalctl@ceph.mon.smithi155.smithi155.stdout:Feb 19 22:10:42 smithi155 ceph-810f454c-cf73-11ee-95bb-87774f69a715-mon.smithi155[38178]: cluster
2024-02-19T22:10:41.205896+0000 mon.smithi155 (mon.0) 99 : cluster [INF] Manager daemon smithi155.disnjp is now available
2024-02-19T22:10:42.387 INFO:journalctl@ceph.mon.smithi155.smithi155.stdout:Feb 19 22:10:42 smithi155 ceph-810f454c-cf73-11ee-95bb-87774f69a715-mon.smithi155[38178]: audit
2024-02-19T22:10:41.304961+0000 mon.smithi155 (mon.0) 100 : audit [DBG] from='mgr.14162 172.21.15.155:0/791003468' entity='mgr.smithi155.disnjp' cmd=[{"prefix": "config dump", "format": "json"}]: dispatch
2024-02-19T22:10:42.388 INFO:journalctl@ceph.mon.smithi155.smithi155.stdout:Feb 19 22:10:42 smithi155 ceph-810f454c-cf73-11ee-95bb-87774f69a715-mon.smithi155[38178]: audit
2024-02-19T22:10:41.307309+0000 mon.smithi155 (mon.0) 101 : audit [DBG] from='mgr.14162 172.21.15.155:0/791003468' entity='mgr.smithi155.disnjp' cmd=[{"prefix": "config dump", "format": "json"}]: dispatch
2024-02-19T22:10:42.388 INFO:journalctl@ceph.mon.smithi155.smithi155.stdout:Feb 19 22:10:42 smithi155 ceph-810f454c-cf73-11ee-95bb-87774f69a715-mon.smithi155[38178]: audit
2024-02-19T22:10:41.330270+0000 mon.smithi155 (mon.0) 102 : audit [INF] from='mgr.14162 172.21.15.155:0/791003468' entity='mgr.smithi155.disnjp' cmd=[{"prefix":"config rm","who":"mgr","name":"mgr/rbd_support/smithi155.disnjp/mirror_snapshot_schedule"}]: dispatch
2024-02-19T22:10:42.388 INFO:journalctl@ceph.mon.smithi155.smithi155.stdout:Feb 19 22:10:42 smithi155 ceph-810f454c-cf73-11ee-95bb-87774f69a715-mon.smithi155[38178]: audit
2024-02-19T22:10:41.333837+0000 mon.smithi155 (mon.0) 103 : audit [INF] from='mgr.14162 172.21.15.155:0/791003468' entity='mgr.smithi155.disnjp' cmd=[{"prefix":"config rm","who":"mgr","name":"mgr/rbd_support/smithi155.disnjp/trash_purge_schedule"}]: dispatch
2024-02-19T22:10:43.028 INFO:teuthology.orchestra.run.smithi155.stderr:mgr epoch 13 is available
2024-02-19T22:10:43.028 INFO:teuthology.orchestra.run.smithi155.stderr:Generating a dashboard self-signed certificate...
2024-02-19T22:10:43.028 INFO:teuthology.orchestra.run.smithi155.stderr:Running command: /bin/podman run --rm --ipc=host --no-hosts --net=host --entrypoint /usr/bin/ceph --init -e CONTAINER_IMAGE=docker.io/ceph/ceph:v16.2.4 -e NODE_NAME=smithi155 -e CEPH_USE_RANDOM_NONCE=1 -v /var/log/ceph/810f454c-cf73-11ee-95bb-87774f69a715:/var/log/ceph:z -v /tmp/ceph-tmpzo2pygmh:/etc/ceph/ceph.client.admin.keyring:z -v /tmp/ceph-tmp2mxuhyd7:/etc/ceph/ceph.conf:z docker.io/ceph/ceph:v16.2.4 dashboard create-self-signed-cert
2024-02-19T22:10:43.595 INFO:teuthology.orchestra.run.smithi155.stderr:/usr/bin/ceph:
2024-02-19T22:10:43.593+0000 7fa03f0ce700 1 Processor -- start
2024-02-19T22:10:43.595 INFO:teuthology.orchestra.run.smithi155.stderr:/usr/bin/ceph:
2024-02-19T22:10:43.593+0000 7fa03f0ce700 1 -- start start
2024-02-19T22:10:43.596 INFO:teuthology.orchestra.run.smithi155.stderr:/usr/bin/ceph:
2024-02-19T22:10:43.593+0000 7fa03f0ce700 1 --2- >> [v2:172.21.15.155:3300/0,v1:172.21.15.155:6789/0] conn(0x7fa0380703f0 0x7fa0380fea90 unknown :-1 s=NONE pgs=0 cs=0 l=0 rev1=0 rx=0 tx=0).connect
2024-02-19T22:10:43.596 INFO:teuthology.orchestra.run.smithi155.stderr:/usr/bin/ceph:
2024-02-19T22:10:43.593+0000 7fa03f0ce700 1 -- --> [v2:172.21.15.155:3300/0,v1:172.21.15.155:6789/0] -- mon_getmap magic: 0 v1 -- 0x7fa0380fef80 con 0x7fa0380703f0
2024-02-19T22:10:43.598 INFO:teuthology.orchestra.run.smithi155.stderr:/usr/bin/ceph:
2024-02-19T22:10:43.594+0000 7fa03ce6a700 1 --2- >> [v2:172.21.15.155:3300/0,v1:172.21.15.155:6789/0] conn(0x7fa0380703f0 0x7fa0380fea90 unknown :-1 s=BANNER_CONNECTING pgs=0 cs=0 l=0 rev1=0 rx=0 tx=0)._handle_peer_banner_payload supported=1 required=0
2024-02-19T22:10:43.598 INFO:teuthology.orchestra.run.smithi155.stderr:/usr/bin/ceph:
2024-02-19T22:10:43.594+0000 7fa03ce6a700 1 --2- >> [v2:172.21.15.155:3300/0,v1:172.21.15.155:6789/0] conn(0x7fa0380703f0 0x7fa0380fea90 unknown :-1 s=HELLO_CONNECTING pgs=0 cs=0 l=0 rev1=1 rx=0 tx=0).handle_hello peer v2:172.21.15.155:3300/0 says I am v2:172.21.15.155:50560/0 (socket says 172.21.15.155:50560)
2024-02-19T22:10:43.598 INFO:teuthology.orchestra.run.smithi155.stderr:/usr/bin/ceph:
2024-02-19T22:10:43.594+0000 7fa03ce6a700 1 -- 172.21.15.155:0/1994815275 learned_addr learned my addr 172.21.15.155:0/1994815275 (peer_addr_for_me v2:172.21.15.155:0/0)
2024-02-19T22:10:43.599 INFO:teuthology.orchestra.run.smithi155.stderr:/usr/bin/ceph:
2024-02-19T22:10:43.594+0000 7fa03ce6a700 1 -- 172.21.15.155:0/1994815275 --> [v2:172.21.15.155:3300/0,v1:172.21.15.155:6789/0] -- mon_subscribe({config=0+,monmap=0+}) v3 -- 0x7fa0380ff0c0 con 0x7fa0380703f0
2024-02-19T22:10:43.599 INFO:teuthology.orchestra.run.smithi155.stderr:/usr/bin/ceph:
2024-02-19T22:10:43.594+0000 7fa03ce6a700 1 --2- 172.21.15.155:0/1994815275 >> [v2:172.21.15.155:3300/0,v1:172.21.15.155:6789/0] conn(0x7fa0380703f0 0x7fa0380fea90 secure :-1 s=READY pgs=79 cs=0 l=1 rev1=1 rx=0x7fa02c00b5f0 tx=0x7fa02c006ee0).ready entity=mon.0 client_cookie=5b3670d8397ccc3e server_cookie=0 in_seq=0 out_seq=0
2024-02-19T22:10:43.599 INFO:teuthology.orchestra.run.smithi155.stderr:/usr/bin/ceph:
2024-02-19T22:10:43.594+0000 7fa0377fe700 1 -- 172.21.15.155:0/1994815275 <== mon.0 v2:172.21.15.155:3300/0 1 ==== mon_map magic: 0 v1 ==== 229+0+0 (secure 0 0 0) 0x7fa02c00d600 con 0x7fa0380703f0
2024-02-19T22:10:43.599 INFO:teuthology.orchestra.run.smithi155.stderr:/usr/bin/ceph:
2024-02-19T22:10:43.594+0000 7fa0377fe700 1 -- 172.21.15.155:0/1994815275 <== mon.0 v2:172.21.15.155:3300/0 2 ==== config(26 keys) v1 ==== 1109+0+0 (secure 0 0 0) 0x7fa02c00dc30 con 0x7fa0380703f0
2024-02-19T22:10:43.599 INFO:teuthology.orchestra.run.smithi155.stderr:/usr/bin/ceph:
2024-02-19T22:10:43.594+0000 7fa0377fe700 1 -- 172.21.15.155:0/1994815275 <== mon.0 v2:172.21.15.155:3300/0 3 ==== mon_map magic: 0 v1 ==== 229+0+0 (secure 0 0 0) 0x7fa02c011d60 con 0x7fa0380703f0
2024-02-19T22:10:43.599 INFO:teuthology.orchestra.run.smithi155.stderr:/usr/bin/ceph:
2024-02-19T22:10:43.595+0000 7fa03f0ce700 1 -- 172.21.15.155:0/1994815275 >> [v2:172.21.15.155:3300/0,v1:172.21.15.155:6789/0] conn(0x7fa0380703f0 msgr2=0x7fa0380fea90 secure :-1 s=STATE_CONNECTION_ESTABLISHED l=1).mark_down
2024-02-19T22:10:43.599 INFO:teuthology.orchestra.run.smithi155.stderr:/usr/bin/ceph:
2024-02-19T22:10:43.595+0000 7fa03f0ce700 1 --2- 172.21.15.155:0/1994815275 >> [v2:172.21.15.155:3300/0,v1:172.21.15.155:6789/0] conn(0x7fa0380703f0 0x7fa0380fea90 secure :-1 s=READY pgs=79 cs=0 l=1 rev1=1 rx=0x7fa02c00b5f0 tx=0x7fa02c006ee0).stop
2024-02-19T22:10:43.599 INFO:teuthology.orchestra.run.smithi155.stderr:/usr/bin/ceph:
2024-02-19T22:10:43.595+0000 7fa03f0ce700 1 -- 172.21.15.155:0/1994815275 shutdown_connections
2024-02-19T22:10:43.599 INFO:teuthology.orchestra.run.smithi155.stderr:/usr/bin/ceph:
2024-02-19T22:10:43.595+0000 7fa03f0ce700 1 --2- 172.21.15.155:0/1994815275 >> [v2:172.21.15.155:3300/0,v1:172.21.15.155:6789/0] conn(0x7fa0380703f0 0x7fa0380fea90 unknown :-1 s=CLOSED pgs=79 cs=0 l=1 rev1=1 rx=0 tx=0).stop
2024-02-19T22:10:43.599 INFO:teuthology.orchestra.run.smithi155.stderr:/usr/bin/ceph:
2024-02-19T22:10:43.595+0000 7fa03f0ce700 1 -- 172.21.15.155:0/1994815275 >> 172.21.15.155:0/1994815275 conn(0x7fa0380f6530 msgr2=0x7fa0380f8950 unknown :-1 s=STATE_NONE l=0).mark_down
2024-02-19T22:10:43.599 INFO:teuthology.orchestra.run.smithi155.stderr:/usr/bin/ceph:
2024-02-19T22:10:43.595+0000 7fa03f0ce700 1 -- 172.21.15.155:0/1994815275 shutdown_connections
2024-02-19T22:10:43.599 INFO:teuthology.orchestra.run.smithi155.stderr:/usr/bin/ceph:
2024-02-19T22:10:43.595+0000 7fa03f0ce700 1 -- 172.21.15.155:0/1994815275 wait complete.
2024-02-19T22:10:43.599 INFO:teuthology.orchestra.run.smithi155.stderr:/usr/bin/ceph:
2024-02-19T22:10:43.595+0000 7fa03f0ce700 1 Processor -- start
2024-02-19T22:10:43.600 INFO:teuthology.orchestra.run.smithi155.stderr:/usr/bin/ceph:
2024-02-19T22:10:43.595+0000 7fa03f0ce700 1 -- start start
2024-02-19T22:10:43.600 INFO:teuthology.orchestra.run.smithi155.stderr:/usr/bin/ceph:
2024-02-19T22:10:43.596+0000 7fa03f0ce700 1 --2- >> [v2:172.21.15.155:3300/0,v1:172.21.15.155:6789/0] conn(0x7fa0380703f0 0x7fa03810ac00 unknown :-1 s=NONE pgs=0 cs=0 l=1 rev1=0 rx=0 tx=0).connect
2024-02-19T22:10:43.600 INFO:teuthology.orchestra.run.smithi155.stderr:/usr/bin/ceph:
2024-02-19T22:10:43.596+0000 7fa03f0ce700 1 -- --> [v2:172.21.15.155:3300/0,v1:172.21.15.155:6789/0] -- mon_getmap magic: 0 v1 -- 0x7fa03810b0f0 con 0x7fa0380703f0
2024-02-19T22:10:43.600 INFO:teuthology.orchestra.run.smithi155.stderr:/usr/bin/ceph:
2024-02-19T22:10:43.596+0000 7fa03ce6a700 1 --2- >> [v2:172.21.15.155:3300/0,v1:172.21.15.155:6789/0] conn(0x7fa0380703f0 0x7fa03810ac00 unknown :-1 s=BANNER_CONNECTING pgs=0 cs=0 l=1 rev1=0 rx=0 tx=0)._handle_peer_banner_payload supported=1 required=0
2024-02-19T22:10:43.600 INFO:teuthology.orchestra.run.smithi155.stderr:/usr/bin/ceph:
2024-02-19T22:10:43.596+0000 7fa03ce6a700 1 --2- >> [v2:172.21.15.155:3300/0,v1:172.21.15.155:6789/0] conn(0x7fa0380703f0 0x7fa03810ac00 unknown :-1 s=HELLO_CONNECTING pgs=0 cs=0 l=1 rev1=1 rx=0 tx=0).handle_hello peer v2:172.21.15.155:3300/0 says I am v2:172.21.15.155:50568/0 (socket says 172.21.15.155:50568)
2024-02-19T22:10:43.600 INFO:teuthology.orchestra.run.smithi155.stderr:/usr/bin/ceph:
2024-02-19T22:10:43.596+0000 7fa03ce6a700 1 -- 172.21.15.155:0/112349653 learned_addr learned my addr 172.21.15.155:0/112349653 (peer_addr_for_me v2:172.21.15.155:0/0)
2024-02-19T22:10:43.600 INFO:teuthology.orchestra.run.smithi155.stderr:/usr/bin/ceph:
2024-02-19T22:10:43.596+0000 7fa03ce6a700 1 -- 172.21.15.155:0/112349653 --> [v2:172.21.15.155:3300/0,v1:172.21.15.155:6789/0] -- mon_subscribe({config=0+,monmap=0+}) v3 -- 0x7fa02c00b200 con 0x7fa0380703f0
2024-02-19T22:10:43.600 INFO:teuthology.orchestra.run.smithi155.stderr:/usr/bin/ceph:
2024-02-19T22:10:43.596+0000 7fa03ce6a700 1 --2- 172.21.15.155:0/112349653 >> [v2:172.21.15.155:3300/0,v1:172.21.15.155:6789/0] conn(0x7fa0380703f0 0x7fa03810ac00 secure :-1 s=READY pgs=80 cs=0 l=1 rev1=1 rx=0x7fa02c00e040 tx=0x7fa02c006ee0).ready entity=mon.0 client_cookie=0 server_cookie=0 in_seq=0 out_seq=0
2024-02-19T22:10:43.600 INFO:teuthology.orchestra.run.smithi155.stderr:/usr/bin/ceph:
2024-02-19T22:10:43.596+0000 7fa0357fa700 1 -- 172.21.15.155:0/112349653 <== mon.0 v2:172.21.15.155:3300/0 1 ==== mon_map magic: 0 v1 ==== 229+0+0 (secure 0 0 0) 0x7fa02c011e10 con 0x7fa0380703f0
2024-02-19T22:10:43.600 INFO:teuthology.orchestra.run.smithi155.stderr:/usr/bin/ceph:
2024-02-19T22:10:43.597+0000 7fa0357fa700 1 -- 172.21.15.155:0/112349653 <== mon.0 v2:172.21.15.155:3300/0 2 ==== config(26 keys) v1 ==== 1109+0+0 (secure 0 0 0) 0x7fa02c01b8e0 con 0x7fa0380703f0
2024-02-19T22:10:43.600 INFO:teuthology.orchestra.run.smithi155.stderr:/usr/bin/ceph:
2024-02-19T22:10:43.597+0000 7fa03f0ce700 1 -- 172.21.15.155:0/112349653 --> [v2:172.21.15.155:3300/0,v1:172.21.15.155:6789/0] -- mon_subscribe({mgrmap=0+}) v3 -- 0x7fa03810b2f0 con 0x7fa0380703f0
2024-02-19T22:10:43.600 INFO:teuthology.orchestra.run.smithi155.stderr:/usr/bin/ceph:
2024-02-19T22:10:43.597+0000 7fa0357fa700 1 -- 172.21.15.155:0/112349653 <== mon.0 v2:172.21.15.155:3300/0 3 ==== mon_map magic: 0 v1 ==== 229+0+0 (secure 0 0 0) 0x7fa02c01a930 con 0x7fa0380703f0
2024-02-19T22:10:43.601 INFO:teuthology.orchestra.run.smithi155.stderr:/usr/bin/ceph:
2024-02-19T22:10:43.597+0000 7fa03f0ce700 1 -- 172.21.15.155:0/112349653 --> [v2:172.21.15.155:3300/0,v1:172.21.15.155:6789/0] -- mon_subscribe({osdmap=0}) v3 -- 0x7fa03810b780 con 0x7fa0380703f0
2024-02-19T22:10:43.601 INFO:teuthology.orchestra.run.smithi155.stderr:/usr/bin/ceph:
2024-02-19T22:10:43.597+0000 7fa0357fa700 1 -- 172.21.15.155:0/112349653 <== mon.0 v2:172.21.15.155:3300/0 4 ==== mgrmap(e 15) v1 ==== 36067+0+0 (secure 0 0 0) 0x7fa02c00f070 con 0x7fa0380703f0
2024-02-19T22:10:43.601 INFO:teuthology.orchestra.run.smithi155.stderr:/usr/bin/ceph:
2024-02-19T22:10:43.597+0000 7fa03f0ce700 1 -- 172.21.15.155:0/112349653 --> [v2:172.21.15.155:3300/0,v1:172.21.15.155:6789/0] -- mon_command({"prefix": "get_command_descriptions"} v 0) v1 -- 0x7fa038045ad0 con 0x7fa0380703f0
2024-02-19T22:10:43.602 INFO:teuthology.orchestra.run.smithi155.stderr:/usr/bin/ceph:
2024-02-19T22:10:43.598+0000 7fa0357fa700 1 --2- 172.21.15.155:0/112349653 >> [v2:172.21.15.155:6800/3586747416,v1:172.21.15.155:6801/3586747416] conn(0x7fa01c02fe30 0x7fa01c0322f0 unknown :-1 s=NONE pgs=0 cs=0 l=1 rev1=0 rx=0 tx=0).connect
2024-02-19T22:10:43.602 INFO:teuthology.orchestra.run.smithi155.stderr:/usr/bin/ceph:
2024-02-19T22:10:43.598+0000 7fa0357fa700 1 -- 172.21.15.155:0/112349653 <== mon.0 v2:172.21.15.155:3300/0 5 ==== osd_map(4..4 src has 1..4) v4 ==== 1270+0+0 (secure 0 0 0) 0x7fa02c040e80 con 0x7fa0380703f0
2024-02-19T22:10:43.602 INFO:teuthology.orchestra.run.smithi155.stderr:/usr/bin/ceph:
2024-02-19T22:10:43.598+0000 7fa037fff700 1 --2- 172.21.15.155:0/112349653 >> [v2:172.21.15.155:6800/3586747416,v1:172.21.15.155:6801/3586747416] conn(0x7fa01c02fe30 0x7fa01c0322f0 unknown :-1 s=BANNER_CONNECTING pgs=0 cs=0 l=1 rev1=0 rx=0 tx=0)._handle_peer_banner_payload supported=1 required=0
2024-02-19T22:10:43.602 INFO:teuthology.orchestra.run.smithi155.stderr:/usr/bin/ceph:
2024-02-19T22:10:43.598+0000 7fa037fff700 1 --2- 172.21.15.155:0/112349653 >> [v2:172.21.15.155:6800/3586747416,v1:172.21.15.155:6801/3586747416] conn(0x7fa01c02fe30 0x7fa01c0322f0 secure :-1 s=READY pgs=6 cs=0 l=1 rev1=1 rx=0x7fa0240096a0 tx=0x7fa024006b40).ready entity=mgr.14162 client_cookie=0 server_cookie=0 in_seq=0 out_seq=0
2024-02-19T22:10:43.603 INFO:teuthology.orchestra.run.smithi155.stderr:/usr/bin/ceph:
2024-02-19T22:10:43.602+0000 7fa0357fa700 1 -- 172.21.15.155:0/112349653 <== mon.0 v2:172.21.15.155:3300/0 6 ==== mon_command_ack([{"prefix": "get_command_descriptions"}]=0 v0) v1 ==== 72+0+152212 (secure 0 0 0) 0x7fa02c019ab0 con 0x7fa0380703f0
2024-02-19T22:10:43.636 INFO:journalctl@ceph.mon.smithi155.smithi155.stdout:Feb 19 22:10:43 smithi155 ceph-810f454c-cf73-11ee-95bb-87774f69a715-mon.smithi155[38178]: audit
2024-02-19T22:10:42.193237+0000 mgr.smithi155.disnjp (mgr.14162) 1 : audit [DBG] from='client.14166 -' entity='client.admin' cmd=[{"prefix": "get_command_descriptions"}]: dispatch
2024-02-19T22:10:43.637 INFO:journalctl@ceph.mon.smithi155.smithi155.stdout:Feb 19 22:10:43 smithi155 ceph-810f454c-cf73-11ee-95bb-87774f69a715-mon.smithi155[38178]: cluster
2024-02-19T22:10:42.193820+0000 mon.smithi155 (mon.0) 104 : cluster [DBG] mgrmap e15: smithi155.disnjp(active, since 1.0576s)
2024-02-19T22:10:43.637 INFO:journalctl@ceph.mon.smithi155.smithi155.stdout:Feb 19 22:10:43 smithi155 ceph-810f454c-cf73-11ee-95bb-87774f69a715-mon.smithi155[38178]: audit
2024-02-19T22:10:42.200302+0000 mgr.smithi155.disnjp (mgr.14162) 2 : audit [DBG] from='client.14166 -' entity='client.admin' cmd=[{"prefix": "mgr_status"}]: dispatch
2024-02-19T22:10:43.637 INFO:journalctl@ceph.mon.smithi155.smithi155.stdout:Feb 19 22:10:43 smithi155 ceph-810f454c-cf73-11ee-95bb-87774f69a715-mon.smithi155[38178]: audit
2024-02-19T22:10:42.707331+0000 mon.smithi155 (mon.0) 105 : audit [INF] from='mgr.14162 172.21.15.155:0/791003468' entity='mgr.smithi155.disnjp'
2024-02-19T22:10:43.708 INFO:teuthology.orchestra.run.smithi155.stderr:/usr/bin/ceph:
2024-02-19T22:10:43.707+0000 7fa0357fa700 1 -- 172.21.15.155:0/112349653 <== mon.0 v2:172.21.15.155:3300/0 7 ==== mgrmap(e 16) v1 ==== 36208+0+0 (secure 0 0 0) 0x7fa02c01bb10 con 0x7fa0380703f0
2024-02-19T22:10:43.775 INFO:teuthology.orchestra.run.smithi155.stderr:/usr/bin/ceph:
2024-02-19T22:10:43.774+0000 7fa03f0ce700 1 -- 172.21.15.155:0/112349653 --> [v2:172.21.15.155:6800/3586747416,v1:172.21.15.155:6801/3586747416] -- mgr_command(tid 0: {"prefix": "dashboard create-self-signed-cert", "target": ["mon-mgr", ""]}) v1 -- 0x7fa03810bfe0 con 0x7fa01c02fe30
2024-02-19T22:10:43.801 INFO:teuthology.orchestra.run.smithi155.stderr:/usr/bin/ceph:
2024-02-19T22:10:43.800+0000 7fa0357fa700 1 -- 172.21.15.155:0/112349653 <== mgr.14162 v2:172.21.15.155:6800/3586747416 1 ==== mgr_command_reply(tid 0: 0 ) v1 ==== 8+0+32 (secure 0 0 0) 0x7fa03810bfe0 con 0x7fa01c02fe30
2024-02-19T22:10:43.801 INFO:teuthology.orchestra.run.smithi155.stderr:/usr/bin/ceph: Self-signed certificate created
2024-02-19T22:10:43.803 INFO:teuthology.orchestra.run.smithi155.stderr:/usr/bin/ceph:
2024-02-19T22:10:43.802+0000 7fa03f0ce700 1 -- 172.21.15.155:0/112349653 >> [v2:172.21.15.155:6800/3586747416,v1:172.21.15.155:6801/3586747416] conn(0x7fa01c02fe30 msgr2=0x7fa01c0322f0 secure :-1 s=STATE_CONNECTION_ESTABLISHED l=1).mark_down
2024-02-19T22:10:43.804 INFO:teuthology.orchestra.run.smithi155.stderr:/usr/bin/ceph:
2024-02-19T22:10:43.802+0000 7fa03f0ce700 1 --2- 172.21.15.155:0/112349653 >> [v2:172.21.15.155:6800/3586747416,v1:172.21.15.155:6801/3586747416] conn(0x7fa01c02fe30 0x7fa01c0322f0 secure :-1 s=READY pgs=6 cs=0 l=1 rev1=1 rx=0x7fa0240096a0 tx=0x7fa024006b40).stop
2024-02-19T22:10:43.804 INFO:teuthology.orchestra.run.smithi155.stderr:/usr/bin/ceph:
2024-02-19T22:10:43.802+0000 7fa03f0ce700 1 -- 172.21.15.155:0/112349653 >> [v2:172.21.15.155:3300/0,v1:172.21.15.155:6789/0] conn(0x7fa0380703f0 msgr2=0x7fa03810ac00 secure :-1 s=STATE_CONNECTION_ESTABLISHED l=1).mark_down
2024-02-19T22:10:43.804 INFO:teuthology.orchestra.run.smithi155.stderr:/usr/bin/ceph:
2024-02-19T22:10:43.802+0000 7fa03f0ce700 1 --2- 172.21.15.155:0/112349653 >> [v2:172.21.15.155:3300/0,v1:172.21.15.155:6789/0] conn(0x7fa0380703f0 0x7fa03810ac00 secure :-1 s=READY pgs=80 cs=0 l=1 rev1=1 rx=0x7fa02c00e040 tx=0x7fa02c006ee0).stop
2024-02-19T22:10:43.804 INFO:teuthology.orchestra.run.smithi155.stderr:/usr/bin/ceph:
2024-02-19T22:10:43.802+0000 7fa03f0ce700 1 -- 172.21.15.155:0/112349653 shutdown_connections
2024-02-19T22:10:43.804 INFO:teuthology.orchestra.run.smithi155.stderr:/usr/bin/ceph:
2024-02-19T22:10:43.802+0000 7fa03f0ce700 1 --2- 172.21.15.155:0/112349653 >> [v2:172.21.15.155:6800/3586747416,v1:172.21.15.155:6801/3586747416] conn(0x7fa01c02fe30 0x7fa01c0322f0 unknown :-1 s=CLOSED pgs=6 cs=0 l=1 rev1=1 rx=0 tx=0).stop
2024-02-19T22:10:43.804 INFO:teuthology.orchestra.run.smithi155.stderr:/usr/bin/ceph:
2024-02-19T22:10:43.802+0000 7fa03f0ce700 1 --2- 172.21.15.155:0/112349653 >> [v2:172.21.15.155:3300/0,v1:172.21.15.155:6789/0] conn(0x7fa0380703f0 0x7fa03810ac00 unknown :-1 s=CLOSED pgs=80 cs=0 l=1 rev1=1 rx=0 tx=0).stop
2024-02-19T22:10:43.804 INFO:teuthology.orchestra.run.smithi155.stderr:/usr/bin/ceph:
2024-02-19T22:10:43.802+0000 7fa03f0ce700 1 -- 172.21.15.155:0/112349653 >> 172.21.15.155:0/112349653 conn(0x7fa0380f6530 msgr2=0x7fa0380f7f40 unknown :-1 s=STATE_NONE l=0).mark_down
2024-02-19T22:10:43.804 INFO:teuthology.orchestra.run.smithi155.stderr:/usr/bin/ceph:
2024-02-19T22:10:43.802+0000 7fa03f0ce700 1 -- 172.21.15.155:0/112349653 shutdown_connections
2024-02-19T22:10:43.804 INFO:teuthology.orchestra.run.smithi155.stderr:/usr/bin/ceph:
2024-02-19T22:10:43.802+0000 7fa03f0ce700 1 -- 172.21.15.155:0/112349653 wait complete.
2024-02-19T22:10:44.705 INFO:teuthology.orchestra.run.smithi155.stderr:Creating initial admin user...
2024-02-19T22:10:44.705 INFO:teuthology.orchestra.run.smithi155.stderr:Running command: /bin/podman run --rm --ipc=host --no-hosts --net=host --entrypoint /usr/bin/ceph --init -e CONTAINER_IMAGE=docker.io/ceph/ceph:v16.2.4 -e NODE_NAME=smithi155 -e CEPH_USE_RANDOM_NONCE=1 -v /var/log/ceph/810f454c-cf73-11ee-95bb-87774f69a715:/var/log/ceph:z -v /tmp/ceph-tmpzo2pygmh:/etc/ceph/ceph.client.admin.keyring:z -v /tmp/ceph-tmp2mxuhyd7:/etc/ceph/ceph.conf:z -v /tmp/ceph-tmpw35ifpl7:/tmp/dashboard.pw:z docker.io/ceph/ceph:v16.2.4 dashboard ac-user-create admin -i /tmp/dashboard.pw administrator --force-password --pwd-update-required
2024-02-19T22:10:44.887 INFO:journalctl@ceph.mon.smithi155.smithi155.stdout:Feb 19 22:10:44 smithi155 ceph-810f454c-cf73-11ee-95bb-87774f69a715-mon.smithi155[38178]: cluster
2024-02-19T22:10:43.709679+0000 mon.smithi155 (mon.0) 106 : cluster [DBG] mgrmap e16: smithi155.disnjp(active, since 2s)
2024-02-19T22:10:44.887 INFO:journalctl@ceph.mon.smithi155.smithi155.stdout:Feb 19 22:10:44 smithi155 ceph-810f454c-cf73-11ee-95bb-87774f69a715-mon.smithi155[38178]: audit
2024-02-19T22:10:43.775875+0000 mgr.smithi155.disnjp (mgr.14162) 3 : audit [DBG] from='client.14172 -' entity='client.admin' cmd=[{"prefix": "dashboard create-self-signed-cert", "target": ["mon-mgr", ""]}]: dispatch
2024-02-19T22:10:44.887 INFO:journalctl@ceph.mon.smithi155.smithi155.stdout:Feb 19 22:10:44 smithi155 ceph-810f454c-cf73-11ee-95bb-87774f69a715-mon.smithi155[38178]: audit
2024-02-19T22:10:43.798684+0000 mon.smithi155 (mon.0) 107 : audit [INF] from='mgr.14162 172.21.15.155:0/791003468' entity='mgr.smithi155.disnjp'
2024-02-19T22:10:44.887 INFO:journalctl@ceph.mon.smithi155.smithi155.stdout:Feb 19 22:10:44 smithi155 ceph-810f454c-cf73-11ee-95bb-87774f69a715-mon.smithi155[38178]: audit
2024-02-19T22:10:43.801152+0000 mon.smithi155 (mon.0) 108 : audit [INF] from='mgr.14162 172.21.15.155:0/791003468' entity='mgr.smithi155.disnjp'
2024-02-19T22:10:45.583 INFO:teuthology.orchestra.run.smithi155.stderr:/usr/bin/ceph:
2024-02-19T22:10:45.577+0000 7f29738f0700 1 Processor -- start
2024-02-19T22:10:45.583 INFO:teuthology.orchestra.run.smithi155.stderr:/usr/bin/ceph:
2024-02-19T22:10:45.577+0000 7f29738f0700 1 -- start start
2024-02-19T22:10:45.583 INFO:teuthology.orchestra.run.smithi155.stderr:/usr/bin/ceph:
2024-02-19T22:10:45.577+0000 7f29738f0700 1 --2- >> [v2:172.21.15.155:3300/0,v1:172.21.15.155:6789/0] conn(0x7f296c070430 0x7f296c0fea50 unknown :-1 s=NONE pgs=0 cs=0 l=0 rev1=0 rx=0 tx=0).connect
2024-02-19T22:10:45.583 INFO:teuthology.orchestra.run.smithi155.stderr:/usr/bin/ceph:
2024-02-19T22:10:45.577+0000 7f29738f0700 1 -- --> [v2:172.21.15.155:3300/0,v1:172.21.15.155:6789/0] -- mon_getmap magic: 0 v1 -- 0x7f296c0fef40 con 0x7f296c070430
2024-02-19T22:10:45.583 INFO:teuthology.orchestra.run.smithi155.stderr:/usr/bin/ceph:
2024-02-19T22:10:45.577+0000 7f297168c700 1 --2- >> [v2:172.21.15.155:3300/0,v1:172.21.15.155:6789/0] conn(0x7f296c070430 0x7f296c0fea50 unknown :-1 s=BANNER_CONNECTING pgs=0 cs=0 l=0 rev1=0 rx=0 tx=0)._handle_peer_banner_payload supported=1 required=0
2024-02-19T22:10:45.583 INFO:teuthology.orchestra.run.smithi155.stderr:/usr/bin/ceph:
2024-02-19T22:10:45.577+0000 7f297168c700 1 --2- >> [v2:172.21.15.155:3300/0,v1:172.21.15.155:6789/0] conn(0x7f296c070430 0x7f296c0fea50 unknown :-1 s=HELLO_CONNECTING pgs=0 cs=0 l=0 rev1=1 rx=0 tx=0).handle_hello peer v2:172.21.15.155:3300/0 says I am v2:172.21.15.155:50580/0 (socket says 172.21.15.155:50580)
2024-02-19T22:10:45.583 INFO:teuthology.orchestra.run.smithi155.stderr:/usr/bin/ceph:
2024-02-19T22:10:45.577+0000 7f297168c700 1 -- 172.21.15.155:0/4253405799 learned_addr learned my addr 172.21.15.155:0/4253405799 (peer_addr_for_me v2:172.21.15.155:0/0)
2024-02-19T22:10:45.583 INFO:teuthology.orchestra.run.smithi155.stderr:/usr/bin/ceph:
2024-02-19T22:10:45.578+0000 7f297168c700 1 -- 172.21.15.155:0/4253405799 --> [v2:172.21.15.155:3300/0,v1:172.21.15.155:6789/0] -- mon_subscribe({config=0+,monmap=0+}) v3 -- 0x7f296c0ff080 con 0x7f296c070430
2024-02-19T22:10:45.583 INFO:teuthology.orchestra.run.smithi155.stderr:/usr/bin/ceph:
2024-02-19T22:10:45.578+0000 7f297168c700 1 --2- 172.21.15.155:0/4253405799 >> [v2:172.21.15.155:3300/0,v1:172.21.15.155:6789/0] conn(0x7f296c070430 0x7f296c0fea50 secure :-1 s=READY pgs=81 cs=0 l=1 rev1=1 rx=0x7f296800b5f0 tx=0x7f2968006ee0).ready entity=mon.0 client_cookie=13949b183452b452 server_cookie=0 in_seq=0 out_seq=0
2024-02-19T22:10:45.583 INFO:teuthology.orchestra.run.smithi155.stderr:/usr/bin/ceph:
2024-02-19T22:10:45.578+0000 7f295bfff700 1 -- 172.21.15.155:0/4253405799 <== mon.0 v2:172.21.15.155:3300/0 1 ==== mon_map magic: 0 v1 ==== 229+0+0 (secure 0 0 0) 0x7f296800d600 con 0x7f296c070430
2024-02-19T22:10:45.584 INFO:teuthology.orchestra.run.smithi155.stderr:/usr/bin/ceph:
2024-02-19T22:10:45.578+0000 7f295bfff700 1 -- 172.21.15.155:0/4253405799 <== mon.0 v2:172.21.15.155:3300/0 2 ==== config(26 keys) v1 ==== 1109+0+0 (secure 0 0 0) 0x7f296800dc30 con 0x7f296c070430
2024-02-19T22:10:45.584 INFO:teuthology.orchestra.run.smithi155.stderr:/usr/bin/ceph:
2024-02-19T22:10:45.578+0000 7f295bfff700 1 -- 172.21.15.155:0/4253405799 <== mon.0 v2:172.21.15.155:3300/0 3 ==== mon_map magic: 0 v1 ==== 229+0+0 (secure 0 0 0) 0x7f2968011d30 con 0x7f296c070430
2024-02-19T22:10:45.584 INFO:teuthology.orchestra.run.smithi155.stderr:/usr/bin/ceph:
2024-02-19T22:10:45.578+0000 7f29738f0700 1 -- 172.21.15.155:0/4253405799 >> [v2:172.21.15.155:3300/0,v1:172.21.15.155:6789/0] conn(0x7f296c070430 msgr2=0x7f296c0fea50 secure :-1 s=STATE_CONNECTION_ESTABLISHED l=1).mark_down
2024-02-19T22:10:45.584 INFO:teuthology.orchestra.run.smithi155.stderr:/usr/bin/ceph:
2024-02-19T22:10:45.578+0000 7f29738f0700 1 --2- 172.21.15.155:0/4253405799 >> [v2:172.21.15.155:3300/0,v1:172.21.15.155:6789/0] conn(0x7f296c070430 0x7f296c0fea50 secure :-1 s=READY pgs=81 cs=0 l=1 rev1=1 rx=0x7f296800b5f0 tx=0x7f2968006ee0).stop
2024-02-19T22:10:45.584 INFO:teuthology.orchestra.run.smithi155.stderr:/usr/bin/ceph:
2024-02-19T22:10:45.578+0000 7f29738f0700 1 -- 172.21.15.155:0/4253405799 shutdown_connections
2024-02-19T22:10:45.584 INFO:teuthology.orchestra.run.smithi155.stderr:/usr/bin/ceph:
2024-02-19T22:10:45.578+0000 7f29738f0700 1 --2- 172.21.15.155:0/4253405799 >> [v2:172.21.15.155:3300/0,v1:172.21.15.155:6789/0] conn(0x7f296c070430 0x7f296c0fea50 unknown :-1 s=CLOSED pgs=81 cs=0 l=1 rev1=1 rx=0 tx=0).stop
2024-02-19T22:10:45.584 INFO:teuthology.orchestra.run.smithi155.stderr:/usr/bin/ceph:
2024-02-19T22:10:45.578+0000 7f29738f0700 1 -- 172.21.15.155:0/4253405799 >> 172.21.15.155:0/4253405799 conn(0x7f296c0f6530 msgr2=0x7f296c0f8950 unknown :-1 s=STATE_NONE l=0).mark_down
2024-02-19T22:10:45.584 INFO:teuthology.orchestra.run.smithi155.stderr:/usr/bin/ceph:
2024-02-19T22:10:45.578+0000 7f29738f0700 1 -- 172.21.15.155:0/4253405799 shutdown_connections
2024-02-19T22:10:45.584 INFO:teuthology.orchestra.run.smithi155.stderr:/usr/bin/ceph:
2024-02-19T22:10:45.579+0000 7f29738f0700 1 -- 172.21.15.155:0/4253405799 wait complete.
2024-02-19T22:10:45.584 INFO:teuthology.orchestra.run.smithi155.stderr:/usr/bin/ceph:
2024-02-19T22:10:45.579+0000 7f29738f0700 1 Processor -- start
2024-02-19T22:10:45.584 INFO:teuthology.orchestra.run.smithi155.stderr:/usr/bin/ceph:
2024-02-19T22:10:45.579+0000 7f29738f0700 1 -- start start
2024-02-19T22:10:45.584 INFO:teuthology.orchestra.run.smithi155.stderr:/usr/bin/ceph:
2024-02-19T22:10:45.579+0000 7f29738f0700 1 --2- >> [v2:172.21.15.155:3300/0,v1:172.21.15.155:6789/0] conn(0x7f296c070430 0x7f296c0fc4d0 unknown :-1 s=NONE pgs=0 cs=0 l=1 rev1=0 rx=0 tx=0).connect
2024-02-19T22:10:45.584 INFO:teuthology.orchestra.run.smithi155.stderr:/usr/bin/ceph:
2024-02-19T22:10:45.579+0000 7f29738f0700 1 -- --> [v2:172.21.15.155:3300/0,v1:172.21.15.155:6789/0] -- mon_getmap magic: 0 v1 -- 0x7f296c0fa950 con 0x7f296c070430
2024-02-19T22:10:45.584 INFO:teuthology.orchestra.run.smithi155.stderr:/usr/bin/ceph:
2024-02-19T22:10:45.579+0000 7f297168c700 1 --2- >> [v2:172.21.15.155:3300/0,v1:172.21.15.155:6789/0] conn(0x7f296c070430 0x7f296c0fc4d0 unknown :-1 s=BANNER_CONNECTING pgs=0 cs=0 l=1 rev1=0 rx=0 tx=0)._handle_peer_banner_payload supported=1 required=0
2024-02-19T22:10:45.585 INFO:teuthology.orchestra.run.smithi155.stderr:/usr/bin/ceph:
2024-02-19T22:10:45.579+0000 7f297168c700 1 --2- >> [v2:172.21.15.155:3300/0,v1:172.21.15.155:6789/0] conn(0x7f296c070430 0x7f296c0fc4d0 unknown :-1 s=HELLO_CONNECTING pgs=0 cs=0 l=1 rev1=1 rx=0 tx=0).handle_hello peer v2:172.21.15.155:3300/0 says I am v2:172.21.15.155:50596/0 (socket says 172.21.15.155:50596)
2024-02-19T22:10:45.585 INFO:teuthology.orchestra.run.smithi155.stderr:/usr/bin/ceph:
2024-02-19T22:10:45.579+0000 7f297168c700 1 -- 172.21.15.155:0/1863928181 learned_addr learned my addr 172.21.15.155:0/1863928181 (peer_addr_for_me v2:172.21.15.155:0/0)
2024-02-19T22:10:45.585 INFO:teuthology.orchestra.run.smithi155.stderr:/usr/bin/ceph:
2024-02-19T22:10:45.580+0000 7f297168c700 1 -- 172.21.15.155:0/1863928181 --> [v2:172.21.15.155:3300/0,v1:172.21.15.155:6789/0] -- mon_subscribe({config=0+,monmap=0+}) v3 -- 0x7f296800b200 con 0x7f296c070430
2024-02-19T22:10:45.585 INFO:teuthology.orchestra.run.smithi155.stderr:/usr/bin/ceph:
2024-02-19T22:10:45.580+0000 7f297168c700 1 --2- 172.21.15.155:0/1863928181 >> [v2:172.21.15.155:3300/0,v1:172.21.15.155:6789/0] conn(0x7f296c070430 0x7f296c0fc4d0 secure :-1 s=READY pgs=82 cs=0 l=1 rev1=1 rx=0x7f296800e040 tx=0x7f2968006ee0).ready entity=mon.0 client_cookie=0 server_cookie=0 in_seq=0 out_seq=0
2024-02-19T22:10:45.585 INFO:teuthology.orchestra.run.smithi155.stderr:/usr/bin/ceph:
2024-02-19T22:10:45.580+0000 7f2959ffb700 1 -- 172.21.15.155:0/1863928181 <== mon.0 v2:172.21.15.155:3300/0 1 ==== mon_map magic: 0 v1 ==== 229+0+0 (secure 0 0 0) 0x7f296800d9e0 con 0x7f296c070430
2024-02-19T22:10:45.585 INFO:teuthology.orchestra.run.smithi155.stderr:/usr/bin/ceph:
2024-02-19T22:10:45.580+0000 7f29738f0700 1 -- 172.21.15.155:0/1863928181 --> [v2:172.21.15.155:3300/0,v1:172.21.15.155:6789/0] -- mon_subscribe({mgrmap=0+}) v3 -- 0x7f296c0faaf0 con 0x7f296c070430
2024-02-19T22:10:45.585 INFO:teuthology.orchestra.run.smithi155.stderr:/usr/bin/ceph:
2024-02-19T22:10:45.580+0000 7f2959ffb700 1 -- 172.21.15.155:0/1863928181 <== mon.0 v2:172.21.15.155:3300/0 2 ==== config(26 keys) v1 ==== 1109+0+0 (secure 0 0 0) 0x7f296801b8e0 con 0x7f296c070430
2024-02-19T22:10:45.585 INFO:teuthology.orchestra.run.smithi155.stderr:/usr/bin/ceph:
2024-02-19T22:10:45.580+0000 7f2959ffb700 1 -- 172.21.15.155:0/1863928181 <== mon.0 v2:172.21.15.155:3300/0 3 ==== mon_map magic: 0 v1 ==== 229+0+0 (secure 0 0 0) 0x7f296801a820 con 0x7f296c070430
2024-02-19T22:10:45.585 INFO:teuthology.orchestra.run.smithi155.stderr:/usr/bin/ceph:
2024-02-19T22:10:45.580+0000 7f29738f0700 1 -- 172.21.15.155:0/1863928181 --> [v2:172.21.15.155:3300/0,v1:172.21.15.155:6789/0] -- mon_subscribe({osdmap=0}) v3 -- 0x7f296c0faf80 con 0x7f296c070430
