2024-02-19T22:12:33.581 INFO:journalctl@ceph.mon.smithi026.smithi026.stdout:Feb 19 22:12:33 smithi026 ceph-ca40a3e6-cf73-11ee-95bb-87774f69a715-mon.smithi026[38220]: audit
2024-02-19T22:12:32.654030+0000 mon.smithi026 (mon.0) 59 : audit [INF] from='client.? 172.21.15.26:0/1599660106' entity='client.admin' cmd=[{"prefix": "mgr module enable", "module": "prometheus"}]: dispatch
2024-02-19T22:12:34.343 INFO:teuthology.orchestra.run.smithi026.stderr:Deploying prometheus service with default placement...
2024-02-19T22:12:34.343 INFO:teuthology.orchestra.run.smithi026.stderr:Running command: /bin/podman run --rm --ipc=host --no-hosts --net=host --entrypoint /usr/bin/ceph --init -e CONTAINER_IMAGE=docker.io/ceph/ceph:v16.2.4 -e NODE_NAME=smithi026 -e CEPH_USE_RANDOM_NONCE=1 -v /var/log/ceph/ca40a3e6-cf73-11ee-95bb-87774f69a715:/var/log/ceph:z -v /tmp/ceph-tmptkjll4lj:/etc/ceph/ceph.client.admin.keyring:z -v /tmp/ceph-tmpp8fvpriz:/etc/ceph/ceph.conf:z docker.io/ceph/ceph:v16.2.4 orch apply prometheus
2024-02-19T22:12:34.583 INFO:journalctl@ceph.mon.smithi026.smithi026.stdout:Feb 19 22:12:34 smithi026 ceph-ca40a3e6-cf73-11ee-95bb-87774f69a715-mon.smithi026[38220]: audit
2024-02-19T22:12:33.276279+0000 mon.smithi026 (mon.0) 60 : audit [INF] from='client.? 172.21.15.26:0/1599660106' entity='client.admin' cmd='[{"prefix": "mgr module enable", "module": "prometheus"}]': finished
2024-02-19T22:12:34.583 INFO:journalctl@ceph.mon.smithi026.smithi026.stdout:Feb 19 22:12:34 smithi026 ceph-ca40a3e6-cf73-11ee-95bb-87774f69a715-mon.smithi026[38220]: cluster
2024-02-19T22:12:33.276357+0000 mon.smithi026 (mon.0) 61 : cluster [DBG] mgrmap e9: smithi026.bdmahw(active, since 15s)
2024-02-19T22:12:35.230 INFO:teuthology.orchestra.run.smithi026.stderr:/usr/bin/ceph:
2024-02-19T22:12:35.226+0000 7f76c6207700 1 Processor -- start
2024-02-19T22:12:35.231 INFO:teuthology.orchestra.run.smithi026.stderr:/usr/bin/ceph:
2024-02-19T22:12:35.226+0000 7f76c6207700 1 -- start start
2024-02-19T22:12:35.231 INFO:teuthology.orchestra.run.smithi026.stderr:/usr/bin/ceph:
2024-02-19T22:12:35.226+0000 7f76c6207700 1 --2- >> [v2:172.21.15.26:3300/0,v1:172.21.15.26:6789/0] conn(0x7f76c00fad90 0x7f76c00fb1b0 unknown :-1 s=NONE pgs=0 cs=0 l=0 rev1=0 rx=0 tx=0).connect
2024-02-19T22:12:35.231 INFO:teuthology.orchestra.run.smithi026.stderr:/usr/bin/ceph:
2024-02-19T22:12:35.226+0000 7f76c6207700 1 -- --> [v2:172.21.15.26:3300/0,v1:172.21.15.26:6789/0] -- mon_getmap magic: 0 v1 -- 0x7f76c00fb6a0 con 0x7f76c00fad90
2024-02-19T22:12:35.231 INFO:teuthology.orchestra.run.smithi026.stderr:/usr/bin/ceph:
2024-02-19T22:12:35.226+0000 7f76bf7fe700 1 --2- >> [v2:172.21.15.26:3300/0,v1:172.21.15.26:6789/0] conn(0x7f76c00fad90 0x7f76c00fb1b0 unknown :-1 s=BANNER_CONNECTING pgs=0 cs=0 l=0 rev1=0 rx=0 tx=0)._handle_peer_banner_payload supported=1 required=0
2024-02-19T22:12:35.231 INFO:teuthology.orchestra.run.smithi026.stderr:/usr/bin/ceph:
2024-02-19T22:12:35.226+0000 7f76bf7fe700 1 --2- >> [v2:172.21.15.26:3300/0,v1:172.21.15.26:6789/0] conn(0x7f76c00fad90 0x7f76c00fb1b0 unknown :-1 s=HELLO_CONNECTING pgs=0 cs=0 l=0 rev1=1 rx=0 tx=0).handle_hello peer v2:172.21.15.26:3300/0 says I am v2:172.21.15.26:34762/0 (socket says 172.21.15.26:34762)
2024-02-19T22:12:35.231 INFO:teuthology.orchestra.run.smithi026.stderr:/usr/bin/ceph:
2024-02-19T22:12:35.226+0000 7f76bf7fe700 1 -- 172.21.15.26:0/566159494 learned_addr learned my addr 172.21.15.26:0/566159494 (peer_addr_for_me v2:172.21.15.26:0/0)
2024-02-19T22:12:35.231 INFO:teuthology.orchestra.run.smithi026.stderr:/usr/bin/ceph:
2024-02-19T22:12:35.226+0000 7f76bf7fe700 1 -- 172.21.15.26:0/566159494 --> [v2:172.21.15.26:3300/0,v1:172.21.15.26:6789/0] -- mon_subscribe({config=0+,monmap=0+}) v3 -- 0x7f76c00fb7e0 con 0x7f76c00fad90
2024-02-19T22:12:35.234 INFO:teuthology.orchestra.run.smithi026.stderr:/usr/bin/ceph:
2024-02-19T22:12:35.226+0000 7f76bf7fe700 1 --2- 172.21.15.26:0/566159494 >> [v2:172.21.15.26:3300/0,v1:172.21.15.26:6789/0] conn(0x7f76c00fad90 0x7f76c00fb1b0 secure :-1 s=READY pgs=49 cs=0 l=1 rev1=1 rx=0x7f76b000b5f0 tx=0x7f76b0006ee0).ready entity=mon.0 client_cookie=ac158295400cbbc6 server_cookie=0 in_seq=0 out_seq=0
2024-02-19T22:12:35.234 INFO:teuthology.orchestra.run.smithi026.stderr:/usr/bin/ceph:
2024-02-19T22:12:35.227+0000 7f76be7fc700 1 -- 172.21.15.26:0/566159494 <== mon.0 v2:172.21.15.26:3300/0 1 ==== mon_map magic: 0 v1 ==== 229+0+0 (secure 0 0 0) 0x7f76b000d600 con 0x7f76c00fad90
2024-02-19T22:12:35.234 INFO:teuthology.orchestra.run.smithi026.stderr:/usr/bin/ceph:
2024-02-19T22:12:35.227+0000 7f76be7fc700 1 -- 172.21.15.26:0/566159494 <== mon.0 v2:172.21.15.26:3300/0 2 ==== config(26 keys) v1 ==== 1045+0+0 (secure 0 0 0) 0x7f76b000dbf0 con 0x7f76c00fad90
2024-02-19T22:12:35.234 INFO:teuthology.orchestra.run.smithi026.stderr:/usr/bin/ceph:
2024-02-19T22:12:35.227+0000 7f76be7fc700 1 -- 172.21.15.26:0/566159494 <== mon.0 v2:172.21.15.26:3300/0 3 ==== mon_map magic: 0 v1 ==== 229+0+0 (secure 0 0 0) 0x7f76b0011cb0 con 0x7f76c00fad90
2024-02-19T22:12:35.234 INFO:teuthology.orchestra.run.smithi026.stderr:/usr/bin/ceph:
2024-02-19T22:12:35.228+0000 7f76c6207700 1 -- 172.21.15.26:0/566159494 >> [v2:172.21.15.26:3300/0,v1:172.21.15.26:6789/0] conn(0x7f76c00fad90 msgr2=0x7f76c00fb1b0 secure :-1 s=STATE_CONNECTION_ESTABLISHED l=1).mark_down
2024-02-19T22:12:35.234 INFO:teuthology.orchestra.run.smithi026.stderr:/usr/bin/ceph:
2024-02-19T22:12:35.228+0000 7f76c6207700 1 --2- 172.21.15.26:0/566159494 >> [v2:172.21.15.26:3300/0,v1:172.21.15.26:6789/0] conn(0x7f76c00fad90 0x7f76c00fb1b0 secure :-1 s=READY pgs=49 cs=0 l=1 rev1=1 rx=0x7f76b000b5f0 tx=0x7f76b0006ee0).stop
2024-02-19T22:12:35.235 INFO:teuthology.orchestra.run.smithi026.stderr:/usr/bin/ceph:
2024-02-19T22:12:35.228+0000 7f76c6207700 1 -- 172.21.15.26:0/566159494 shutdown_connections
2024-02-19T22:12:35.235 INFO:teuthology.orchestra.run.smithi026.stderr:/usr/bin/ceph:
2024-02-19T22:12:35.228+0000 7f76c6207700 1 --2- 172.21.15.26:0/566159494 >> [v2:172.21.15.26:3300/0,v1:172.21.15.26:6789/0] conn(0x7f76c00fad90 0x7f76c00fb1b0 unknown :-1 s=CLOSED pgs=49 cs=0 l=1 rev1=1 rx=0 tx=0).stop
2024-02-19T22:12:35.235 INFO:teuthology.orchestra.run.smithi026.stderr:/usr/bin/ceph:
2024-02-19T22:12:35.228+0000 7f76c6207700 1 -- 172.21.15.26:0/566159494 >> 172.21.15.26:0/566159494 conn(0x7f76c00f6530 msgr2=0x7f76c00f8950 unknown :-1 s=STATE_NONE l=0).mark_down
2024-02-19T22:12:35.235 INFO:teuthology.orchestra.run.smithi026.stderr:/usr/bin/ceph:
2024-02-19T22:12:35.228+0000 7f76c6207700 1 -- 172.21.15.26:0/566159494 shutdown_connections
2024-02-19T22:12:35.235 INFO:teuthology.orchestra.run.smithi026.stderr:/usr/bin/ceph:
2024-02-19T22:12:35.228+0000 7f76c6207700 1 -- 172.21.15.26:0/566159494 wait complete.
2024-02-19T22:12:35.235 INFO:teuthology.orchestra.run.smithi026.stderr:/usr/bin/ceph:
2024-02-19T22:12:35.228+0000 7f76c6207700 1 Processor -- start
2024-02-19T22:12:35.235 INFO:teuthology.orchestra.run.smithi026.stderr:/usr/bin/ceph:
2024-02-19T22:12:35.229+0000 7f76c6207700 1 -- start start
2024-02-19T22:12:35.235 INFO:teuthology.orchestra.run.smithi026.stderr:/usr/bin/ceph:
2024-02-19T22:12:35.229+0000 7f76c6207700 1 --2- >> [v2:172.21.15.26:3300/0,v1:172.21.15.26:6789/0] conn(0x7f76c00fad90 0x7f76c010d860 unknown :-1 s=NONE pgs=0 cs=0 l=1 rev1=0 rx=0 tx=0).connect
2024-02-19T22:12:35.235 INFO:teuthology.orchestra.run.smithi026.stderr:/usr/bin/ceph:
2024-02-19T22:12:35.229+0000 7f76c6207700 1 -- --> [v2:172.21.15.26:3300/0,v1:172.21.15.26:6789/0] -- mon_getmap magic: 0 v1 -- 0x7f76c0070450 con 0x7f76c00fad90
2024-02-19T22:12:35.235 INFO:teuthology.orchestra.run.smithi026.stderr:/usr/bin/ceph:
2024-02-19T22:12:35.229+0000 7f76bf7fe700 1 --2- >> [v2:172.21.15.26:3300/0,v1:172.21.15.26:6789/0] conn(0x7f76c00fad90 0x7f76c010d860 unknown :-1 s=BANNER_CONNECTING pgs=0 cs=0 l=1 rev1=0 rx=0 tx=0)._handle_peer_banner_payload supported=1 required=0
2024-02-19T22:12:35.235 INFO:teuthology.orchestra.run.smithi026.stderr:/usr/bin/ceph:
2024-02-19T22:12:35.229+0000 7f76bf7fe700 1 --2- >> [v2:172.21.15.26:3300/0,v1:172.21.15.26:6789/0] conn(0x7f76c00fad90 0x7f76c010d860 unknown :-1 s=HELLO_CONNECTING pgs=0 cs=0 l=1 rev1=1 rx=0 tx=0).handle_hello peer v2:172.21.15.26:3300/0 says I am v2:172.21.15.26:34770/0 (socket says 172.21.15.26:34770)
2024-02-19T22:12:35.235 INFO:teuthology.orchestra.run.smithi026.stderr:/usr/bin/ceph:
2024-02-19T22:12:35.229+0000 7f76bf7fe700 1 -- 172.21.15.26:0/3194418703 learned_addr learned my addr 172.21.15.26:0/3194418703 (peer_addr_for_me v2:172.21.15.26:0/0)
2024-02-19T22:12:35.235 INFO:teuthology.orchestra.run.smithi026.stderr:/usr/bin/ceph:
2024-02-19T22:12:35.229+0000 7f76bf7fe700 1 -- 172.21.15.26:0/3194418703 --> [v2:172.21.15.26:3300/0,v1:172.21.15.26:6789/0] -- mon_subscribe({config=0+,monmap=0+}) v3 -- 0x7f76b000b200 con 0x7f76c00fad90
2024-02-19T22:12:35.236 INFO:teuthology.orchestra.run.smithi026.stderr:/usr/bin/ceph:
2024-02-19T22:12:35.229+0000 7f76bf7fe700 1 --2- 172.21.15.26:0/3194418703 >> [v2:172.21.15.26:3300/0,v1:172.21.15.26:6789/0] conn(0x7f76c00fad90 0x7f76c010d860 secure :-1 s=READY pgs=50 cs=0 l=1 rev1=1 rx=0x7f76b0011ea0 tx=0x7f76b0006ee0).ready entity=mon.0 client_cookie=0 server_cookie=0 in_seq=0 out_seq=0
2024-02-19T22:12:35.236 INFO:teuthology.orchestra.run.smithi026.stderr:/usr/bin/ceph:
2024-02-19T22:12:35.230+0000 7f76a7fff700 1 -- 172.21.15.26:0/3194418703 <== mon.0 v2:172.21.15.26:3300/0 1 ==== mon_map magic: 0 v1 ==== 229+0+0 (secure 0 0 0) 0x7f76b001b570 con 0x7f76c00fad90
2024-02-19T22:12:35.236 INFO:teuthology.orchestra.run.smithi026.stderr:/usr/bin/ceph:
2024-02-19T22:12:35.230+0000 7f76c6207700 1 -- 172.21.15.26:0/3194418703 --> [v2:172.21.15.26:3300/0,v1:172.21.15.26:6789/0] -- mon_subscribe({mgrmap=0+}) v3 -- 0x7f76c0070650 con 0x7f76c00fad90
2024-02-19T22:12:35.236 INFO:teuthology.orchestra.run.smithi026.stderr:/usr/bin/ceph:
2024-02-19T22:12:35.230+0000 7f76a7fff700 1 -- 172.21.15.26:0/3194418703 <== mon.0 v2:172.21.15.26:3300/0 2 ==== config(26 keys) v1 ==== 1045+0+0 (secure 0 0 0) 0x7f76b001bb60 con 0x7f76c00fad90
2024-02-19T22:12:35.236 INFO:teuthology.orchestra.run.smithi026.stderr:/usr/bin/ceph:
2024-02-19T22:12:35.230+0000 7f76a7fff700 1 -- 172.21.15.26:0/3194418703 <== mon.0 v2:172.21.15.26:3300/0 3 ==== mon_map magic: 0 v1 ==== 229+0+0 (secure 0 0 0) 0x7f76b001a8d0 con 0x7f76c00fad90
2024-02-19T22:12:35.236 INFO:teuthology.orchestra.run.smithi026.stderr:/usr/bin/ceph:
2024-02-19T22:12:35.230+0000 7f76c6207700 1 -- 172.21.15.26:0/3194418703 --> [v2:172.21.15.26:3300/0,v1:172.21.15.26:6789/0] -- mon_subscribe({osdmap=0}) v3 -- 0x7f76c010df10 con 0x7f76c00fad90
2024-02-19T22:12:35.236 INFO:teuthology.orchestra.run.smithi026.stderr:/usr/bin/ceph:
2024-02-19T22:12:35.231+0000 7f76a7fff700 1 -- 172.21.15.26:0/3194418703 <== mon.0 v2:172.21.15.26:3300/0 4 ==== mgrmap(e 9) v1 ==== 36134+0+0 (secure 0 0 0) 0x7f76b000f070 con 0x7f76c00fad90
2024-02-19T22:12:35.236 INFO:teuthology.orchestra.run.smithi026.stderr:/usr/bin/ceph:
2024-02-19T22:12:35.231+0000 7f76a7fff700 1 --2- 172.21.15.26:0/3194418703 >> [v2:172.21.15.26:6800/420923091,v1:172.21.15.26:6801/420923091] conn(0x7f76ac02fe70 0x7f76ac032330 unknown :-1 s=NONE pgs=0 cs=0 l=1 rev1=0 rx=0 tx=0).connect
2024-02-19T22:12:35.236 INFO:teuthology.orchestra.run.smithi026.stderr:/usr/bin/ceph:
2024-02-19T22:12:35.231+0000 7f76a7fff700 1 -- 172.21.15.26:0/3194418703 <== mon.0 v2:172.21.15.26:3300/0 5 ==== osd_map(2..2 src has 1..2) v4 ==== 926+0+0 (secure 0 0 0) 0x7f76b0042340 con 0x7f76c00fad90
2024-02-19T22:12:35.236 INFO:teuthology.orchestra.run.smithi026.stderr:/usr/bin/ceph:
2024-02-19T22:12:35.231+0000 7f76beffd700 1 -- 172.21.15.26:0/3194418703 >> [v2:172.21.15.26:6800/420923091,v1:172.21.15.26:6801/420923091] conn(0x7f76ac02fe70 msgr2=0x7f76ac032330 unknown :-1 s=STATE_CONNECTING_RE l=1).process reconnect failed to v2:172.21.15.26:6800/420923091
2024-02-19T22:12:35.236 INFO:teuthology.orchestra.run.smithi026.stderr:/usr/bin/ceph:
2024-02-19T22:12:35.231+0000 7f76beffd700 1 --2- 172.21.15.26:0/3194418703 >> [v2:172.21.15.26:6800/420923091,v1:172.21.15.26:6801/420923091] conn(0x7f76ac02fe70 0x7f76ac032330 unknown :-1 s=START_CONNECT pgs=0 cs=0 l=1 rev1=0 rx=0 tx=0)._fault waiting 0.200000
2024-02-19T22:12:35.236 INFO:teuthology.orchestra.run.smithi026.stderr:/usr/bin/ceph:
2024-02-19T22:12:35.231+0000 7f76c6207700 1 -- 172.21.15.26:0/3194418703 --> [v2:172.21.15.26:3300/0,v1:172.21.15.26:6789/0] -- mon_command({"prefix": "get_command_descriptions"} v 0) v1 -- 0x7f76c0045ad0 con 0x7f76c00fad90
2024-02-19T22:12:35.237 INFO:teuthology.orchestra.run.smithi026.stderr:/usr/bin/ceph:
2024-02-19T22:12:35.236+0000 7f76a7fff700 1 -- 172.21.15.26:0/3194418703 <== mon.0 v2:172.21.15.26:3300/0 6 ==== mon_command_ack([{"prefix": "get_command_descriptions"}]=0 v0) v1 ==== 72+0+152212 (secure 0 0 0) 0x7f76b0016070 con 0x7f76c00fad90
2024-02-19T22:12:35.427 INFO:teuthology.orchestra.run.smithi026.stderr:/usr/bin/ceph:
2024-02-19T22:12:35.425+0000 7f76c6207700 1 -- 172.21.15.26:0/3194418703 --> [v2:172.21.15.26:6800/420923091,v1:172.21.15.26:6801/420923091] -- mgr_command(tid 0: {"prefix": "orch apply", "service_type": "prometheus", "target": ["mon-mgr", ""]}) v1 -- 0x7f76c00fcc60 con 0x7f76ac02fe70
2024-02-19T22:12:35.433 INFO:teuthology.orchestra.run.smithi026.stderr:/usr/bin/ceph:
2024-02-19T22:12:35.432+0000 7f76beffd700 1 -- 172.21.15.26:0/3194418703 >> [v2:172.21.15.26:6800/420923091,v1:172.21.15.26:6801/420923091] conn(0x7f76ac02fe70 msgr2=0x7f76ac032330 unknown :-1 s=STATE_CONNECTING_RE l=1).process reconnect failed to v2:172.21.15.26:6800/420923091
2024-02-19T22:12:35.433 INFO:teuthology.orchestra.run.smithi026.stderr:/usr/bin/ceph:
2024-02-19T22:12:35.432+0000 7f76beffd700 1 --2- 172.21.15.26:0/3194418703 >> [v2:172.21.15.26:6800/420923091,v1:172.21.15.26:6801/420923091] conn(0x7f76ac02fe70 0x7f76ac032330 unknown :-1 s=START_CONNECT pgs=0 cs=0 l=1 rev1=0 rx=0 tx=0)._fault waiting 0.400000
2024-02-19T22:12:35.837 INFO:teuthology.orchestra.run.smithi026.stderr:/usr/bin/ceph:
2024-02-19T22:12:35.833+0000 7f76beffd700 1 -- 172.21.15.26:0/3194418703 >> [v2:172.21.15.26:6800/420923091,v1:172.21.15.26:6801/420923091] conn(0x7f76ac02fe70 msgr2=0x7f76ac032330 unknown :-1 s=STATE_CONNECTING_RE l=1).process reconnect failed to v2:172.21.15.26:6800/420923091
2024-02-19T22:12:35.837 INFO:teuthology.orchestra.run.smithi026.stderr:/usr/bin/ceph:
2024-02-19T22:12:35.833+0000 7f76beffd700 1 --2- 172.21.15.26:0/3194418703 >> [v2:172.21.15.26:6800/420923091,v1:172.21.15.26:6801/420923091] conn(0x7f76ac02fe70 0x7f76ac032330 unknown :-1 s=START_CONNECT pgs=0 cs=0 l=1 rev1=0 rx=0 tx=0)._fault waiting 0.800000
2024-02-19T22:12:36.636 INFO:teuthology.orchestra.run.smithi026.stderr:/usr/bin/ceph:
2024-02-19T22:12:36.634+0000 7f76beffd700 1 -- 172.21.15.26:0/3194418703 >> [v2:172.21.15.26:6800/420923091,v1:172.21.15.26:6801/420923091] conn(0x7f76ac02fe70 msgr2=0x7f76ac032330 unknown :-1 s=STATE_CONNECTING_RE l=1).process reconnect failed to v2:172.21.15.26:6800/420923091
2024-02-19T22:12:36.636 INFO:teuthology.orchestra.run.smithi026.stderr:/usr/bin/ceph:
2024-02-19T22:12:36.634+0000 7f76beffd700 1 --2- 172.21.15.26:0/3194418703 >> [v2:172.21.15.26:6800/420923091,v1:172.21.15.26:6801/420923091] conn(0x7f76ac02fe70 0x7f76ac032330 unknown :-1 s=START_CONNECT pgs=0 cs=0 l=1 rev1=0 rx=0 tx=0)._fault waiting 1.600000
2024-02-19T22:12:38.237 INFO:teuthology.orchestra.run.smithi026.stderr:/usr/bin/ceph:
2024-02-19T22:12:38.235+0000 7f76beffd700 1 -- 172.21.15.26:0/3194418703 >> [v2:172.21.15.26:6800/420923091,v1:172.21.15.26:6801/420923091] conn(0x7f76ac02fe70 msgr2=0x7f76ac032330 unknown :-1 s=STATE_CONNECTING_RE l=1).process reconnect failed to v2:172.21.15.26:6800/420923091
2024-02-19T22:12:38.237 INFO:teuthology.orchestra.run.smithi026.stderr:/usr/bin/ceph:
2024-02-19T22:12:38.235+0000 7f76beffd700 1 --2- 172.21.15.26:0/3194418703 >> [v2:172.21.15.26:6800/420923091,v1:172.21.15.26:6801/420923091] conn(0x7f76ac02fe70 0x7f76ac032330 unknown :-1 s=START_CONNECT pgs=0 cs=0 l=1 rev1=0 rx=0 tx=0)._fault waiting 3.200000
2024-02-19T22:12:38.560 INFO:teuthology.orchestra.run.smithi026.stderr:/usr/bin/ceph:
2024-02-19T22:12:38.559+0000 7f76a7fff700 1 -- 172.21.15.26:0/3194418703 <== mon.0 v2:172.21.15.26:3300/0 7 ==== mgrmap(e 10) v1 ==== 35984+0+0 (secure 0 0 0) 0x7f76b0025980 con 0x7f76c00fad90
2024-02-19T22:12:38.561 INFO:teuthology.orchestra.run.smithi026.stderr:/usr/bin/ceph:
2024-02-19T22:12:38.559+0000 7f76a7fff700 1 -- 172.21.15.26:0/3194418703 >> [v2:172.21.15.26:6800/420923091,v1:172.21.15.26:6801/420923091] conn(0x7f76ac02fe70 msgr2=0x7f76ac032330 unknown :-1 s=STATE_CONNECTING l=1).mark_down
2024-02-19T22:12:38.561 INFO:teuthology.orchestra.run.smithi026.stderr:/usr/bin/ceph:
2024-02-19T22:12:38.559+0000 7f76a7fff700 1 --2- 172.21.15.26:0/3194418703 >> [v2:172.21.15.26:6800/420923091,v1:172.21.15.26:6801/420923091] conn(0x7f76ac02fe70 0x7f76ac032330 unknown :-1 s=START_CONNECT pgs=0 cs=0 l=1 rev1=0 rx=0 tx=0).stop
2024-02-19T22:12:38.813 INFO:journalctl@ceph.mon.smithi026.smithi026.stdout:Feb 19 22:12:38 smithi026 ceph-ca40a3e6-cf73-11ee-95bb-87774f69a715-mon.smithi026[38220]: cluster
2024-02-19T22:12:38.508177+0000 mon.smithi026 (mon.0) 62 : cluster [INF] Active manager daemon smithi026.bdmahw restarted
2024-02-19T22:12:38.813 INFO:journalctl@ceph.mon.smithi026.smithi026.stdout:Feb 19 22:12:38 smithi026 ceph-ca40a3e6-cf73-11ee-95bb-87774f69a715-mon.smithi026[38220]: cluster
2024-02-19T22:12:38.508570+0000 mon.smithi026 (mon.0) 63 : cluster [INF] Activating manager daemon smithi026.bdmahw
2024-02-19T22:12:38.814 INFO:journalctl@ceph.mon.smithi026.smithi026.stdout:Feb 19 22:12:38 smithi026 ceph-ca40a3e6-cf73-11ee-95bb-87774f69a715-mon.smithi026[38220]: cluster
2024-02-19T22:12:38.510157+0000 mon.smithi026 (mon.0) 64 : cluster [DBG] osdmap e3: 0 total, 0 up, 0 in
2024-02-19T22:12:39.568 INFO:teuthology.orchestra.run.smithi026.stderr:/usr/bin/ceph:
2024-02-19T22:12:39.565+0000 7f76a7fff700 1 -- 172.21.15.26:0/3194418703 <== mon.0 v2:172.21.15.26:3300/0 8 ==== mgrmap(e 11) v1 ==== 36054+0+0 (secure 0 0 0) 0x7f76b00437d0 con 0x7f76c00fad90
2024-02-19T22:12:39.569 INFO:teuthology.orchestra.run.smithi026.stderr:/usr/bin/ceph:
2024-02-19T22:12:39.565+0000 7f76a7fff700 1 --2- 172.21.15.26:0/3194418703 >> [v2:172.21.15.26:6800/1978994639,v1:172.21.15.26:6801/1978994639] conn(0x7f76ac033ce0 0x7f76ac0360d0 unknown :-1 s=NONE pgs=0 cs=0 l=1 rev1=0 rx=0 tx=0).connect
2024-02-19T22:12:39.569 INFO:teuthology.orchestra.run.smithi026.stderr:/usr/bin/ceph:
2024-02-19T22:12:39.565+0000 7f76a7fff700 1 -- 172.21.15.26:0/3194418703 --> [v2:172.21.15.26:6800/1978994639,v1:172.21.15.26:6801/1978994639] -- mgr_command(tid 0: {"prefix": "orch apply", "service_type": "prometheus", "target": ["mon-mgr", ""]}) v1 -- 0x7f76c00fcc60 con 0x7f76ac033ce0
2024-02-19T22:12:39.569 INFO:teuthology.orchestra.run.smithi026.stderr:/usr/bin/ceph:
2024-02-19T22:12:39.566+0000 7f76beffd700 1 --2- 172.21.15.26:0/3194418703 >> [v2:172.21.15.26:6800/1978994639,v1:172.21.15.26:6801/1978994639] conn(0x7f76ac033ce0 0x7f76ac0360d0 unknown :-1 s=BANNER_CONNECTING pgs=0 cs=0 l=1 rev1=0 rx=0 tx=0)._handle_peer_banner_payload supported=1 required=0
2024-02-19T22:12:39.569 INFO:teuthology.orchestra.run.smithi026.stderr:/usr/bin/ceph:
2024-02-19T22:12:39.566+0000 7f76beffd700 1 --2- 172.21.15.26:0/3194418703 >> [v2:172.21.15.26:6800/1978994639,v1:172.21.15.26:6801/1978994639] conn(0x7f76ac033ce0 0x7f76ac0360d0 secure :-1 s=READY pgs=1 cs=0 l=1 rev1=1 rx=0x7f76b40036d0 tx=0x7f76b4006cb0).ready entity=mgr.14142 client_cookie=0 server_cookie=0 in_seq=0 out_seq=0
2024-02-19T22:12:39.573 INFO:teuthology.orchestra.run.smithi026.stderr:/usr/bin/ceph:
2024-02-19T22:12:39.571+0000 7f76a7fff700 1 -- 172.21.15.26:0/3194418703 <== mgr.14142 v2:172.21.15.26:6800/1978994639 1 ==== mgr_command_reply(tid 0: 0 ) v1 ==== 8+0+31 (secure 0 0 0) 0x7f76c00fcc60 con 0x7f76ac033ce0
2024-02-19T22:12:39.573 INFO:teuthology.orchestra.run.smithi026.stderr:/usr/bin/ceph: Scheduled prometheus update...
2024-02-19T22:12:39.577 INFO:teuthology.orchestra.run.smithi026.stderr:/usr/bin/ceph:
2024-02-19T22:12:39.574+0000 7f76c6207700 1 -- 172.21.15.26:0/3194418703 >> [v2:172.21.15.26:6800/1978994639,v1:172.21.15.26:6801/1978994639] conn(0x7f76ac033ce0 msgr2=0x7f76ac0360d0 secure :-1 s=STATE_CONNECTION_ESTABLISHED l=1).mark_down
2024-02-19T22:12:39.577 INFO:teuthology.orchestra.run.smithi026.stderr:/usr/bin/ceph:
2024-02-19T22:12:39.574+0000 7f76c6207700 1 --2- 172.21.15.26:0/3194418703 >> [v2:172.21.15.26:6800/1978994639,v1:172.21.15.26:6801/1978994639] conn(0x7f76ac033ce0 0x7f76ac0360d0 secure :-1 s=READY pgs=1 cs=0 l=1 rev1=1 rx=0x7f76b40036d0 tx=0x7f76b4006cb0).stop
2024-02-19T22:12:39.577 INFO:teuthology.orchestra.run.smithi026.stderr:/usr/bin/ceph:
2024-02-19T22:12:39.574+0000 7f76c6207700 1 -- 172.21.15.26:0/3194418703 >> [v2:172.21.15.26:3300/0,v1:172.21.15.26:6789/0] conn(0x7f76c00fad90 msgr2=0x7f76c010d860 secure :-1 s=STATE_CONNECTION_ESTABLISHED l=1).mark_down
2024-02-19T22:12:39.577 INFO:teuthology.orchestra.run.smithi026.stderr:/usr/bin/ceph:
2024-02-19T22:12:39.574+0000 7f76c6207700 1 --2- 172.21.15.26:0/3194418703 >> [v2:172.21.15.26:3300/0,v1:172.21.15.26:6789/0] conn(0x7f76c00fad90 0x7f76c010d860 secure :-1 s=READY pgs=50 cs=0 l=1 rev1=1 rx=0x7f76b0011ea0 tx=0x7f76b0006ee0).stop
2024-02-19T22:12:39.577 INFO:teuthology.orchestra.run.smithi026.stderr:/usr/bin/ceph:
2024-02-19T22:12:39.574+0000 7f76c6207700 1 -- 172.21.15.26:0/3194418703 shutdown_connections
2024-02-19T22:12:39.577 INFO:teuthology.orchestra.run.smithi026.stderr:/usr/bin/ceph:
2024-02-19T22:12:39.574+0000 7f76c6207700 1 --2- 172.21.15.26:0/3194418703 >> [v2:172.21.15.26:6800/1978994639,v1:172.21.15.26:6801/1978994639] conn(0x7f76ac033ce0 0x7f76ac0360d0 unknown :-1 s=CLOSED pgs=1 cs=0 l=1 rev1=1 rx=0 tx=0).stop
2024-02-19T22:12:39.577 INFO:teuthology.orchestra.run.smithi026.stderr:/usr/bin/ceph:
2024-02-19T22:12:39.574+0000 7f76c6207700 1 --2- 172.21.15.26:0/3194418703 >> [v2:172.21.15.26:3300/0,v1:172.21.15.26:6789/0] conn(0x7f76c00fad90 0x7f76c010d860 unknown :-1 s=CLOSED pgs=50 cs=0 l=1 rev1=1 rx=0 tx=0).stop
2024-02-19T22:12:39.577 INFO:teuthology.orchestra.run.smithi026.stderr:/usr/bin/ceph:
2024-02-19T22:12:39.574+0000 7f76c6207700 1 --2- 172.21.15.26:0/3194418703 >> [v2:172.21.15.26:6800/420923091,v1:172.21.15.26:6801/420923091] conn(0x7f76ac02fe70 0x7f76ac032330 unknown :-1 s=CLOSED pgs=0 cs=0 l=1 rev1=0 rx=0 tx=0).stop
2024-02-19T22:12:39.577 INFO:teuthology.orchestra.run.smithi026.stderr:/usr/bin/ceph:
2024-02-19T22:12:39.574+0000 7f76c6207700 1 -- 172.21.15.26:0/3194418703 >> 172.21.15.26:0/3194418703 conn(0x7f76c00f6530 msgr2=0x7f76c00f7ec0 unknown :-1 s=STATE_NONE l=0).mark_down
2024-02-19T22:12:39.577 INFO:teuthology.orchestra.run.smithi026.stderr:/usr/bin/ceph:
2024-02-19T22:12:39.574+0000 7f76c6207700 1 -- 172.21.15.26:0/3194418703 shutdown_connections
2024-02-19T22:12:39.577 INFO:teuthology.orchestra.run.smithi026.stderr:/usr/bin/ceph:
2024-02-19T22:12:39.574+0000 7f76c6207700 1 -- 172.21.15.26:0/3194418703 wait complete.
2024-02-19T22:12:39.831 INFO:journalctl@ceph.mon.smithi026.smithi026.stdout:Feb 19 22:12:39 smithi026 ceph-ca40a3e6-cf73-11ee-95bb-87774f69a715-mon.smithi026[38220]: cluster
2024-02-19T22:12:38.561033+0000 mon.smithi026 (mon.0) 65 : cluster [DBG] mgrmap e10: smithi026.bdmahw(active, starting, since 0.0525432s)
2024-02-19T22:12:39.831 INFO:journalctl@ceph.mon.smithi026.smithi026.stdout:Feb 19 22:12:39 smithi026 ceph-ca40a3e6-cf73-11ee-95bb-87774f69a715-mon.smithi026[38220]: audit
2024-02-19T22:12:38.563614+0000 mon.smithi026 (mon.0) 66 : audit [DBG] from='mgr.14142 172.21.15.26:0/1570500713' entity='mgr.smithi026.bdmahw' cmd=[{"prefix": "mon metadata", "id": "smithi026"}]: dispatch
2024-02-19T22:12:39.831 INFO:journalctl@ceph.mon.smithi026.smithi026.stdout:Feb 19 22:12:39 smithi026 ceph-ca40a3e6-cf73-11ee-95bb-87774f69a715-mon.smithi026[38220]: audit
2024-02-19T22:12:38.564366+0000 mon.smithi026 (mon.0) 67 : audit [DBG] from='mgr.14142 172.21.15.26:0/1570500713' entity='mgr.smithi026.bdmahw' cmd=[{"prefix": "mgr metadata", "who": "smithi026.bdmahw", "id": "smithi026.bdmahw"}]: dispatch
2024-02-19T22:12:39.831 INFO:journalctl@ceph.mon.smithi026.smithi026.stdout:Feb 19 22:12:39 smithi026 ceph-ca40a3e6-cf73-11ee-95bb-87774f69a715-mon.smithi026[38220]: audit
2024-02-19T22:12:38.565243+0000 mon.smithi026 (mon.0) 68 : audit [DBG] from='mgr.14142 172.21.15.26:0/1570500713' entity='mgr.smithi026.bdmahw' cmd=[{"prefix": "mds metadata"}]: dispatch
2024-02-19T22:12:39.832 INFO:journalctl@ceph.mon.smithi026.smithi026.stdout:Feb 19 22:12:39 smithi026 ceph-ca40a3e6-cf73-11ee-95bb-87774f69a715-mon.smithi026[38220]: audit
2024-02-19T22:12:38.565474+0000 mon.smithi026 (mon.0) 69 : audit [DBG] from='mgr.14142 172.21.15.26:0/1570500713' entity='mgr.smithi026.bdmahw' cmd=[{"prefix": "osd metadata"}]: dispatch
2024-02-19T22:12:39.832 INFO:journalctl@ceph.mon.smithi026.smithi026.stdout:Feb 19 22:12:39 smithi026 ceph-ca40a3e6-cf73-11ee-95bb-87774f69a715-mon.smithi026[38220]: audit
2024-02-19T22:12:38.565701+0000 mon.smithi026 (mon.0) 70 : audit [DBG] from='mgr.14142 172.21.15.26:0/1570500713' entity='mgr.smithi026.bdmahw' cmd=[{"prefix": "mon metadata"}]: dispatch
2024-02-19T22:12:39.832 INFO:journalctl@ceph.mon.smithi026.smithi026.stdout:Feb 19 22:12:39 smithi026 ceph-ca40a3e6-cf73-11ee-95bb-87774f69a715-mon.smithi026[38220]: cluster
2024-02-19T22:12:38.579417+0000 mon.smithi026 (mon.0) 71 : cluster [INF] Manager daemon smithi026.bdmahw is now available
2024-02-19T22:12:39.832 INFO:journalctl@ceph.mon.smithi026.smithi026.stdout:Feb 19 22:12:39 smithi026 ceph-ca40a3e6-cf73-11ee-95bb-87774f69a715-mon.smithi026[38220]: audit
2024-02-19T22:12:38.683701+0000 mon.smithi026 (mon.0) 72 : audit [DBG] from='mgr.14142 172.21.15.26:0/1570500713' entity='mgr.smithi026.bdmahw' cmd=[{"prefix": "config dump", "format": "json"}]: dispatch
2024-02-19T22:12:39.832 INFO:journalctl@ceph.mon.smithi026.smithi026.stdout:Feb 19 22:12:39 smithi026 ceph-ca40a3e6-cf73-11ee-95bb-87774f69a715-mon.smithi026[38220]: audit
2024-02-19T22:12:38.685428+0000 mon.smithi026 (mon.0) 73 : audit [DBG] from='mgr.14142 172.21.15.26:0/1570500713' entity='mgr.smithi026.bdmahw' cmd=[{"prefix": "config dump", "format": "json"}]: dispatch
2024-02-19T22:12:39.832 INFO:journalctl@ceph.mon.smithi026.smithi026.stdout:Feb 19 22:12:39 smithi026 ceph-ca40a3e6-cf73-11ee-95bb-87774f69a715-mon.smithi026[38220]: audit
2024-02-19T22:12:38.701683+0000 mon.smithi026 (mon.0) 74 : audit [INF] from='mgr.14142 172.21.15.26:0/1570500713' entity='mgr.smithi026.bdmahw' cmd=[{"prefix":"config rm","who":"mgr","name":"mgr/rbd_support/smithi026.bdmahw/mirror_snapshot_schedule"}]: dispatch
2024-02-19T22:12:39.832 INFO:journalctl@ceph.mon.smithi026.smithi026.stdout:Feb 19 22:12:39 smithi026 ceph-ca40a3e6-cf73-11ee-95bb-87774f69a715-mon.smithi026[38220]: audit
2024-02-19T22:12:38.710633+0000 mon.smithi026 (mon.0) 75 : audit [INF] from='mgr.14142 172.21.15.26:0/1570500713' entity='mgr.smithi026.bdmahw' cmd=[{"prefix":"config rm","who":"mgr","name":"mgr/rbd_support/smithi026.bdmahw/trash_purge_schedule"}]: dispatch
2024-02-19T22:12:40.227 INFO:teuthology.orchestra.run.smithi026.stderr:Deploying grafana service with default placement...
2024-02-19T22:12:40.227 INFO:teuthology.orchestra.run.smithi026.stderr:Running command: /bin/podman run --rm --ipc=host --no-hosts --net=host --entrypoint /usr/bin/ceph --init -e CONTAINER_IMAGE=docker.io/ceph/ceph:v16.2.4 -e NODE_NAME=smithi026 -e CEPH_USE_RANDOM_NONCE=1 -v /var/log/ceph/ca40a3e6-cf73-11ee-95bb-87774f69a715:/var/log/ceph:z -v /tmp/ceph-tmptkjll4lj:/etc/ceph/ceph.client.admin.keyring:z -v /tmp/ceph-tmpp8fvpriz:/etc/ceph/ceph.conf:z docker.io/ceph/ceph:v16.2.4 orch apply grafana
2024-02-19T22:12:40.831 INFO:journalctl@ceph.mon.smithi026.smithi026.stdout:Feb 19 22:12:40 smithi026 ceph-ca40a3e6-cf73-11ee-95bb-87774f69a715-mon.smithi026[38220]: cluster
2024-02-19T22:12:39.568914+0000 mon.smithi026 (mon.0) 76 : cluster [DBG] mgrmap e11: smithi026.bdmahw(active, since 1.06042s)
2024-02-19T22:12:40.832 INFO:journalctl@ceph.mon.smithi026.smithi026.stdout:Feb 19 22:12:40 smithi026 ceph-ca40a3e6-cf73-11ee-95bb-87774f69a715-mon.smithi026[38220]: cephadm
2024-02-19T22:12:39.570058+0000 mgr.smithi026.bdmahw (mgr.14142) 2 : cephadm [INF] Saving service prometheus spec with placement count:1
2024-02-19T22:12:40.832 INFO:journalctl@ceph.mon.smithi026.smithi026.stdout:Feb 19 22:12:40 smithi026 ceph-ca40a3e6-cf73-11ee-95bb-87774f69a715-mon.smithi026[38220]: audit
2024-02-19T22:12:39.572226+0000 mon.smithi026 (mon.0) 77 : audit [INF] from='mgr.14142 172.21.15.26:0/1570500713' entity='mgr.smithi026.bdmahw'
2024-02-19T22:12:40.846 INFO:teuthology.orchestra.run.smithi026.stderr:/usr/bin/ceph:
2024-02-19T22:12:40.840+0000 7f0801c0f700 1 Processor -- start
2024-02-19T22:12:40.846 INFO:teuthology.orchestra.run.smithi026.stderr:/usr/bin/ceph:
2024-02-19T22:12:40.840+0000 7f0801c0f700 1 -- start start
2024-02-19T22:12:40.846 INFO:teuthology.orchestra.run.smithi026.stderr:/usr/bin/ceph:
2024-02-19T22:12:40.840+0000 7f0801c0f700 1 --2- >> [v2:172.21.15.26:3300/0,v1:172.21.15.26:6789/0] conn(0x7f07fc070430 0x7f07fc0fea50 unknown :-1 s=NONE pgs=0 cs=0 l=0 rev1=0 rx=0 tx=0).connect
2024-02-19T22:12:40.846 INFO:teuthology.orchestra.run.smithi026.stderr:/usr/bin/ceph:
2024-02-19T22:12:40.840+0000 7f0801c0f700 1 -- --> [v2:172.21.15.26:3300/0,v1:172.21.15.26:6789/0] -- mon_getmap magic: 0 v1 -- 0x7f07fc0fef40 con 0x7f07fc070430
2024-02-19T22:12:40.846 INFO:teuthology.orchestra.run.smithi026.stderr:/usr/bin/ceph:
2024-02-19T22:12:40.841+0000 7f07fb7fe700 1 --2- >> [v2:172.21.15.26:3300/0,v1:172.21.15.26:6789/0] conn(0x7f07fc070430 0x7f07fc0fea50 unknown :-1 s=BANNER_CONNECTING pgs=0 cs=0 l=0 rev1=0 rx=0 tx=0)._handle_peer_banner_payload supported=1 required=0
2024-02-19T22:12:40.846 INFO:teuthology.orchestra.run.smithi026.stderr:/usr/bin/ceph:
2024-02-19T22:12:40.841+0000 7f07fb7fe700 1 --2- >> [v2:172.21.15.26:3300/0,v1:172.21.15.26:6789/0] conn(0x7f07fc070430 0x7f07fc0fea50 unknown :-1 s=HELLO_CONNECTING pgs=0 cs=0 l=0 rev1=1 rx=0 tx=0).handle_hello peer v2:172.21.15.26:3300/0 says I am v2:172.21.15.26:34824/0 (socket says 172.21.15.26:34824)
2024-02-19T22:12:40.846 INFO:teuthology.orchestra.run.smithi026.stderr:/usr/bin/ceph:
2024-02-19T22:12:40.841+0000 7f07fb7fe700 1 -- 172.21.15.26:0/3822959230 learned_addr learned my addr 172.21.15.26:0/3822959230 (peer_addr_for_me v2:172.21.15.26:0/0)
2024-02-19T22:12:40.846 INFO:teuthology.orchestra.run.smithi026.stderr:/usr/bin/ceph:
2024-02-19T22:12:40.841+0000 7f07fb7fe700 1 -- 172.21.15.26:0/3822959230 --> [v2:172.21.15.26:3300/0,v1:172.21.15.26:6789/0] -- mon_subscribe({config=0+,monmap=0+}) v3 -- 0x7f07fc0ff080 con 0x7f07fc070430
2024-02-19T22:12:40.846 INFO:teuthology.orchestra.run.smithi026.stderr:/usr/bin/ceph:
2024-02-19T22:12:40.841+0000 7f07fb7fe700 1 --2- 172.21.15.26:0/3822959230 >> [v2:172.21.15.26:3300/0,v1:172.21.15.26:6789/0] conn(0x7f07fc070430 0x7f07fc0fea50 secure :-1 s=READY pgs=56 cs=0 l=1 rev1=1 rx=0x7f07e400b5f0 tx=0x7f07e4006ee0).ready entity=mon.0 client_cookie=e5328082185f68d0 server_cookie=0 in_seq=0 out_seq=0
2024-02-19T22:12:40.846 INFO:teuthology.orchestra.run.smithi026.stderr:/usr/bin/ceph:
2024-02-19T22:12:40.841+0000 7f07fa7fc700 1 -- 172.21.15.26:0/3822959230 <== mon.0 v2:172.21.15.26:3300/0 1 ==== mon_map magic: 0 v1 ==== 229+0+0 (secure 0 0 0) 0x7f07e400d600 con 0x7f07fc070430
2024-02-19T22:12:40.847 INFO:teuthology.orchestra.run.smithi026.stderr:/usr/bin/ceph:
2024-02-19T22:12:40.841+0000 7f07fa7fc700 1 -- 172.21.15.26:0/3822959230 <== mon.0 v2:172.21.15.26:3300/0 2 ==== config(26 keys) v1 ==== 1045+0+0 (secure 0 0 0) 0x7f07e400dbf0 con 0x7f07fc070430
2024-02-19T22:12:40.847 INFO:teuthology.orchestra.run.smithi026.stderr:/usr/bin/ceph:
2024-02-19T22:12:40.841+0000 7f07fa7fc700 1 -- 172.21.15.26:0/3822959230 <== mon.0 v2:172.21.15.26:3300/0 3 ==== mon_map magic: 0 v1 ==== 229+0+0 (secure 0 0 0) 0x7f07e4011cb0 con 0x7f07fc070430
2024-02-19T22:12:40.847 INFO:teuthology.orchestra.run.smithi026.stderr:/usr/bin/ceph:
2024-02-19T22:12:40.842+0000 7f0801c0f700 1 -- 172.21.15.26:0/3822959230 >> [v2:172.21.15.26:3300/0,v1:172.21.15.26:6789/0] conn(0x7f07fc070430 msgr2=0x7f07fc0fea50 secure :-1 s=STATE_CONNECTION_ESTABLISHED l=1).mark_down
2024-02-19T22:12:40.847 INFO:teuthology.orchestra.run.smithi026.stderr:/usr/bin/ceph:
2024-02-19T22:12:40.842+0000 7f0801c0f700 1 --2- 172.21.15.26:0/3822959230 >> [v2:172.21.15.26:3300/0,v1:172.21.15.26:6789/0] conn(0x7f07fc070430 0x7f07fc0fea50 secure :-1 s=READY pgs=56 cs=0 l=1 rev1=1 rx=0x7f07e400b5f0 tx=0x7f07e4006ee0).stop
2024-02-19T22:12:40.847 INFO:teuthology.orchestra.run.smithi026.stderr:/usr/bin/ceph:
2024-02-19T22:12:40.842+0000 7f0801c0f700 1 -- 172.21.15.26:0/3822959230 shutdown_connections
2024-02-19T22:12:40.847 INFO:teuthology.orchestra.run.smithi026.stderr:/usr/bin/ceph:
2024-02-19T22:12:40.842+0000 7f0801c0f700 1 --2- 172.21.15.26:0/3822959230 >> [v2:172.21.15.26:3300/0,v1:172.21.15.26:6789/0] conn(0x7f07fc070430 0x7f07fc0fea50 unknown :-1 s=CLOSED pgs=56 cs=0 l=1 rev1=1 rx=0 tx=0).stop
2024-02-19T22:12:40.847 INFO:teuthology.orchestra.run.smithi026.stderr:/usr/bin/ceph:
2024-02-19T22:12:40.842+0000 7f0801c0f700 1 -- 172.21.15.26:0/3822959230 >> 172.21.15.26:0/3822959230 conn(0x7f07fc0f6530 msgr2=0x7f07fc0f8950 unknown :-1 s=STATE_NONE l=0).mark_down
2024-02-19T22:12:40.847 INFO:teuthology.orchestra.run.smithi026.stderr:/usr/bin/ceph:
2024-02-19T22:12:40.842+0000 7f0801c0f700 1 -- 172.21.15.26:0/3822959230 shutdown_connections
2024-02-19T22:12:40.847 INFO:teuthology.orchestra.run.smithi026.stderr:/usr/bin/ceph:
2024-02-19T22:12:40.842+0000 7f0801c0f700 1 -- 172.21.15.26:0/3822959230 wait complete.
2024-02-19T22:12:40.847 INFO:teuthology.orchestra.run.smithi026.stderr:/usr/bin/ceph:
2024-02-19T22:12:40.843+0000 7f0801c0f700 1 Processor -- start
2024-02-19T22:12:40.847 INFO:teuthology.orchestra.run.smithi026.stderr:/usr/bin/ceph:
2024-02-19T22:12:40.843+0000 7f0801c0f700 1 -- start start
2024-02-19T22:12:40.847 INFO:teuthology.orchestra.run.smithi026.stderr:/usr/bin/ceph:
2024-02-19T22:12:40.843+0000 7f0801c0f700 1 --2- >> [v2:172.21.15.26:3300/0,v1:172.21.15.26:6789/0] conn(0x7f07fc070430 0x7f07fc10cda0 unknown :-1 s=NONE pgs=0 cs=0 l=1 rev1=0 rx=0 tx=0).connect
2024-02-19T22:12:40.847 INFO:teuthology.orchestra.run.smithi026.stderr:/usr/bin/ceph:
2024-02-19T22:12:40.843+0000 7f0801c0f700 1 -- --> [v2:172.21.15.26:3300/0,v1:172.21.15.26:6789/0] -- mon_getmap magic: 0 v1 -- 0x7f07fc10d290 con 0x7f07fc070430
2024-02-19T22:12:40.848 INFO:teuthology.orchestra.run.smithi026.stderr:/usr/bin/ceph:
2024-02-19T22:12:40.843+0000 7f07fb7fe700 1 --2- >> [v2:172.21.15.26:3300/0,v1:172.21.15.26:6789/0] conn(0x7f07fc070430 0x7f07fc10cda0 unknown :-1 s=BANNER_CONNECTING pgs=0 cs=0 l=1 rev1=0 rx=0 tx=0)._handle_peer_banner_payload supported=1 required=0
2024-02-19T22:12:40.848 INFO:teuthology.orchestra.run.smithi026.stderr:/usr/bin/ceph:
2024-02-19T22:12:40.843+0000 7f07fb7fe700 1 --2- >> [v2:172.21.15.26:3300/0,v1:172.21.15.26:6789/0] conn(0x7f07fc070430 0x7f07fc10cda0 unknown :-1 s=HELLO_CONNECTING pgs=0 cs=0 l=1 rev1=1 rx=0 tx=0).handle_hello peer v2:172.21.15.26:3300/0 says I am v2:172.21.15.26:34840/0 (socket says 172.21.15.26:34840)
2024-02-19T22:12:40.848 INFO:teuthology.orchestra.run.smithi026.stderr:/usr/bin/ceph:
2024-02-19T22:12:40.843+0000 7f07fb7fe700 1 -- 172.21.15.26:0/3126328544 learned_addr learned my addr 172.21.15.26:0/3126328544 (peer_addr_for_me v2:172.21.15.26:0/0)
2024-02-19T22:12:40.848 INFO:teuthology.orchestra.run.smithi026.stderr:/usr/bin/ceph:
2024-02-19T22:12:40.844+0000 7f07fb7fe700 1 -- 172.21.15.26:0/3126328544 --> [v2:172.21.15.26:3300/0,v1:172.21.15.26:6789/0] -- mon_subscribe({config=0+,monmap=0+}) v3 -- 0x7f07e400b200 con 0x7f07fc070430
2024-02-19T22:12:40.848 INFO:teuthology.orchestra.run.smithi026.stderr:/usr/bin/ceph:
2024-02-19T22:12:40.844+0000 7f07fb7fe700 1 --2- 172.21.15.26:0/3126328544 >> [v2:172.21.15.26:3300/0,v1:172.21.15.26:6789/0] conn(0x7f07fc070430 0x7f07fc10cda0 secure :-1 s=READY pgs=57 cs=0 l=1 rev1=1 rx=0x7f07e4006800 tx=0x7f07e4006ee0).ready entity=mon.0 client_cookie=0 server_cookie=0 in_seq=0 out_seq=0
2024-02-19T22:12:40.848 INFO:teuthology.orchestra.run.smithi026.stderr:/usr/bin/ceph:
2024-02-19T22:12:40.844+0000 7f07f3fff700 1 -- 172.21.15.26:0/3126328544 <== mon.0 v2:172.21.15.26:3300/0 1 ==== mon_map magic: 0 v1 ==== 229+0+0 (secure 0 0 0) 0x7f07e401b570 con 0x7f07fc070430
2024-02-19T22:12:40.848 INFO:teuthology.orchestra.run.smithi026.stderr:/usr/bin/ceph:
2024-02-19T22:12:40.844+0000 7f0801c0f700 1 -- 172.21.15.26:0/3126328544 --> [v2:172.21.15.26:3300/0,v1:172.21.15.26:6789/0] -- mon_subscribe({mgrmap=0+}) v3 -- 0x7f07fc10d490 con 0x7f07fc070430
2024-02-19T22:12:40.848 INFO:teuthology.orchestra.run.smithi026.stderr:/usr/bin/ceph:
2024-02-19T22:12:40.844+0000 7f07f3fff700 1 -- 172.21.15.26:0/3126328544 <== mon.0 v2:172.21.15.26:3300/0 2 ==== config(26 keys) v1 ==== 1045+0+0 (secure 0 0 0) 0x7f07e401bb60 con 0x7f07fc070430
2024-02-19T22:12:40.848 INFO:teuthology.orchestra.run.smithi026.stderr:/usr/bin/ceph:
2024-02-19T22:12:40.844+0000 7f07f3fff700 1 -- 172.21.15.26:0/3126328544 <== mon.0 v2:172.21.15.26:3300/0 3 ==== mon_map magic: 0 v1 ==== 229+0+0 (secure 0 0 0) 0x7f07e401a9f0 con 0x7f07fc070430
2024-02-19T22:12:40.849 INFO:teuthology.orchestra.run.smithi026.stderr:/usr/bin/ceph:
2024-02-19T22:12:40.844+0000 7f0801c0f700 1 -- 172.21.15.26:0/3126328544 --> [v2:172.21.15.26:3300/0,v1:172.21.15.26:6789/0] -- mon_subscribe({osdmap=0}) v3 -- 0x7f07fc10e0d0 con 0x7f07fc070430
2024-02-19T22:12:40.849 INFO:teuthology.orchestra.run.smithi026.stderr:/usr/bin/ceph:
2024-02-19T22:12:40.845+0000 7f07f3fff700 1 -- 172.21.15.26:0/3126328544 <== mon.0 v2:172.21.15.26:3300/0 4 ==== mgrmap(e 12) v1 ==== 36195+0+0 (secure 0 0 0) 0x7f07e400f070 con 0x7f07fc070430
2024-02-19T22:12:40.849 INFO:teuthology.orchestra.run.smithi026.stderr:/usr/bin/ceph:
2024-02-19T22:12:40.845+0000 7f07f3fff700 1 --2- 172.21.15.26:0/3126328544 >> [v2:172.21.15.26:6800/1978994639,v1:172.21.15.26:6801/1978994639] conn(0x7f07dc02ff20 0x7f07dc0323e0 unknown :-1 s=NONE pgs=0 cs=0 l=1 rev1=0 rx=0 tx=0).connect
2024-02-19T22:12:40.850 INFO:teuthology.orchestra.run.smithi026.stderr:/usr/bin/ceph:
2024-02-19T22:12:40.845+0000 7f07f3fff700 1 -- 172.21.15.26:0/3126328544 <== mon.0 v2:172.21.15.26:3300/0 5 ==== osd_map(3..3 src has 1..3) v4 ==== 1098+0+0 (secure 0 0 0) 0x7f07e40416a0 con 0x7f07fc070430
2024-02-19T22:12:40.850 INFO:teuthology.orchestra.run.smithi026.stderr:/usr/bin/ceph:
2024-02-19T22:12:40.845+0000 7f07faffd700 1 --2- 172.21.15.26:0/3126328544 >> [v2:172.21.15.26:6800/1978994639,v1:172.21.15.26:6801/1978994639] conn(0x7f07dc02ff20 0x7f07dc0323e0 unknown :-1 s=BANNER_CONNECTING pgs=0 cs=0 l=1 rev1=0 rx=0 tx=0)._handle_peer_banner_payload supported=1 required=0
2024-02-19T22:12:40.850 INFO:teuthology.orchestra.run.smithi026.stderr:/usr/bin/ceph:
2024-02-19T22:12:40.845+0000 7f0801c0f700 1 -- 172.21.15.26:0/3126328544 --> [v2:172.21.15.26:3300/0,v1:172.21.15.26:6789/0] -- mon_command({"prefix": "get_command_descriptions"} v 0) v1 -- 0x7f07fc10d920 con 0x7f07fc070430
2024-02-19T22:12:40.850 INFO:teuthology.orchestra.run.smithi026.stderr:/usr/bin/ceph:
2024-02-19T22:12:40.846+0000 7f07faffd700 1 --2- 172.21.15.26:0/3126328544 >> [v2:172.21.15.26:6800/1978994639,v1:172.21.15.26:6801/1978994639] conn(0x7f07dc02ff20 0x7f07dc0323e0 secure :-1 s=READY pgs=6 cs=0 l=1 rev1=1 rx=0x7f07ec0096a0 tx=0x7f07ec006b40).ready entity=mgr.14142 client_cookie=0 server_cookie=0 in_seq=0 out_seq=0
2024-02-19T22:12:40.851 INFO:teuthology.orchestra.run.smithi026.stderr:/usr/bin/ceph:
2024-02-19T22:12:40.850+0000 7f07f3fff700 1 -- 172.21.15.26:0/3126328544 <== mon.0 v2:172.21.15.26:3300/0 6 ==== mon_command_ack([{"prefix": "get_command_descriptions"}]=0 v0) v1 ==== 72+0+152212 (secure 0 0 0) 0x7f07e4016070 con 0x7f07fc070430
2024-02-19T22:12:41.037 INFO:teuthology.orchestra.run.smithi026.stderr:/usr/bin/ceph:
2024-02-19T22:12:41.035+0000 7f0801c0f700 1 -- 172.21.15.26:0/3126328544 --> [v2:172.21.15.26:6800/1978994639,v1:172.21.15.26:6801/1978994639] -- mgr_command(tid 0: {"prefix": "orch apply", "service_type": "grafana", "target": ["mon-mgr", ""]}) v1 -- 0x7f07fc0fff40 con 0x7f07dc02ff20
2024-02-19T22:12:41.040 INFO:teuthology.orchestra.run.smithi026.stderr:/usr/bin/ceph:
2024-02-19T22:12:41.039+0000 7f07f3fff700 1 -- 172.21.15.26:0/3126328544 <== mgr.14142 v2:172.21.15.26:6800/1978994639 1 ==== mgr_command_reply(tid 0: 0 ) v1 ==== 8+0+28 (secure 0 0 0) 0x7f07fc0fff40 con 0x7f07dc02ff20
2024-02-19T22:12:41.040 INFO:teuthology.orchestra.run.smithi026.stderr:/usr/bin/ceph: Scheduled grafana update...
2024-02-19T22:12:41.043 INFO:teuthology.orchestra.run.smithi026.stderr:/usr/bin/ceph:
2024-02-19T22:12:41.041+0000 7f0801c0f700 1 -- 172.21.15.26:0/3126328544 >> [v2:172.21.15.26:6800/1978994639,v1:172.21.15.26:6801/1978994639] conn(0x7f07dc02ff20 msgr2=0x7f07dc0323e0 secure :-1 s=STATE_CONNECTION_ESTABLISHED l=1).mark_down
2024-02-19T22:12:41.043 INFO:teuthology.orchestra.run.smithi026.stderr:/usr/bin/ceph:
2024-02-19T22:12:41.041+0000 7f0801c0f700 1 --2- 172.21.15.26:0/3126328544 >> [v2:172.21.15.26:6800/1978994639,v1:172.21.15.26:6801/1978994639] conn(0x7f07dc02ff20 0x7f07dc0323e0 secure :-1 s=READY pgs=6 cs=0 l=1 rev1=1 rx=0x7f07ec0096a0 tx=0x7f07ec006b40).stop
2024-02-19T22:12:41.043 INFO:teuthology.orchestra.run.smithi026.stderr:/usr/bin/ceph:
2024-02-19T22:12:41.041+0000 7f0801c0f700 1 -- 172.21.15.26:0/3126328544 >> [v2:172.21.15.26:3300/0,v1:172.21.15.26:6789/0] conn(0x7f07fc070430 msgr2=0x7f07fc10cda0 secure :-1 s=STATE_CONNECTION_ESTABLISHED l=1).mark_down
2024-02-19T22:12:41.043 INFO:teuthology.orchestra.run.smithi026.stderr:/usr/bin/ceph:
2024-02-19T22:12:41.041+0000 7f0801c0f700 1 --2- 172.21.15.26:0/3126328544 >> [v2:172.21.15.26:3300/0,v1:172.21.15.26:6789/0] conn(0x7f07fc070430 0x7f07fc10cda0 secure :-1 s=READY pgs=57 cs=0 l=1 rev1=1 rx=0x7f07e4006800 tx=0x7f07e4006ee0).stop
2024-02-19T22:12:41.043 INFO:teuthology.orchestra.run.smithi026.stderr:/usr/bin/ceph:
2024-02-19T22:12:41.041+0000 7f0801c0f700 1 -- 172.21.15.26:0/3126328544 shutdown_connections
2024-02-19T22:12:41.043 INFO:teuthology.orchestra.run.smithi026.stderr:/usr/bin/ceph:
2024-02-19T22:12:41.041+0000 7f0801c0f700 1 --2- 172.21.15.26:0/3126328544 >> [v2:172.21.15.26:6800/1978994639,v1:172.21.15.26:6801/1978994639] conn(0x7f07dc02ff20 0x7f07dc0323e0 unknown :-1 s=CLOSED pgs=6 cs=0 l=1 rev1=1 rx=0 tx=0).stop
2024-02-19T22:12:41.043 INFO:teuthology.orchestra.run.smithi026.stderr:/usr/bin/ceph:
2024-02-19T22:12:41.041+0000 7f0801c0f700 1 --2- 172.21.15.26:0/3126328544 >> [v2:172.21.15.26:3300/0,v1:172.21.15.26:6789/0] conn(0x7f07fc070430 0x7f07fc10cda0 unknown :-1 s=CLOSED pgs=57 cs=0 l=1 rev1=1 rx=0 tx=0).stop
2024-02-19T22:12:41.044 INFO:teuthology.orchestra.run.smithi026.stderr:/usr/bin/ceph:
2024-02-19T22:12:41.041+0000 7f0801c0f700 1 -- 172.21.15.26:0/3126328544 >> 172.21.15.26:0/3126328544 conn(0x7f07fc0f6530 msgr2=0x7f07fc0f7eb0 unknown :-1 s=STATE_NONE l=0).mark_down
2024-02-19T22:12:41.044 INFO:teuthology.orchestra.run.smithi026.stderr:/usr/bin/ceph:
2024-02-19T22:12:41.042+0000 7f0801c0f700 1 -- 172.21.15.26:0/3126328544 shutdown_connections
2024-02-19T22:12:41.044 INFO:teuthology.orchestra.run.smithi026.stderr:/usr/bin/ceph:
2024-02-19T22:12:41.042+0000 7f0801c0f700 1 -- 172.21.15.26:0/3126328544 wait complete.
2024-02-19T22:12:41.823 INFO:teuthology.orchestra.run.smithi026.stderr:Deploying node-exporter service with default placement...
2024-02-19T22:12:41.823 INFO:teuthology.orchestra.run.smithi026.stderr:Running command: /bin/podman run --rm --ipc=host --no-hosts --net=host --entrypoint /usr/bin/ceph --init -e CONTAINER_IMAGE=docker.io/ceph/ceph:v16.2.4 -e NODE_NAME=smithi026 -e CEPH_USE_RANDOM_NONCE=1 -v /var/log/ceph/ca40a3e6-cf73-11ee-95bb-87774f69a715:/var/log/ceph:z -v /tmp/ceph-tmptkjll4lj:/etc/ceph/ceph.client.admin.keyring:z -v /tmp/ceph-tmpp8fvpriz:/etc/ceph/ceph.conf:z docker.io/ceph/ceph:v16.2.4 orch apply node-exporter
2024-02-19T22:12:41.826 INFO:journalctl@ceph.mon.smithi026.smithi026.stdout:Feb 19 22:12:41 smithi026 ceph-ca40a3e6-cf73-11ee-95bb-87774f69a715-mon.smithi026[38220]: cluster
2024-02-19T22:12:40.573614+0000 mon.smithi026 (mon.0) 78 : cluster [DBG] mgrmap e12: smithi026.bdmahw(active, since 2s)
2024-02-19T22:12:41.826 INFO:journalctl@ceph.mon.smithi026.smithi026.stdout:Feb 19 22:12:41 smithi026 ceph-ca40a3e6-cf73-11ee-95bb-87774f69a715-mon.smithi026[38220]: audit
2024-02-19T22:12:41.037429+0000 mgr.smithi026.bdmahw (mgr.14142) 3 : audit [DBG] from='client.14150 -' entity='client.admin' cmd=[{"prefix": "orch apply", "service_type": "grafana", "target": ["mon-mgr", ""]}]: dispatch
2024-02-19T22:12:41.826 INFO:journalctl@ceph.mon.smithi026.smithi026.stdout:Feb 19 22:12:41 smithi026 ceph-ca40a3e6-cf73-11ee-95bb-87774f69a715-mon.smithi026[38220]: cephadm
2024-02-19T22:12:41.037920+0000 mgr.smithi026.bdmahw (mgr.14142) 4 : cephadm [INF] Saving service grafana spec with placement count:1
2024-02-19T22:12:41.826 INFO:journalctl@ceph.mon.smithi026.smithi026.stdout:Feb 19 22:12:41 smithi026 ceph-ca40a3e6-cf73-11ee-95bb-87774f69a715-mon.smithi026[38220]: audit
2024-02-19T22:12:41.040003+0000 mon.smithi026 (mon.0) 79 : audit [INF] from='mgr.14142 172.21.15.26:0/1570500713' entity='mgr.smithi026.bdmahw'
2024-02-19T22:12:42.448 INFO:teuthology.orchestra.run.smithi026.stderr:/usr/bin/ceph:
2024-02-19T22:12:42.405+0000 7fb91716b700 1 Processor -- start
2024-02-19T22:12:42.452 INFO:teuthology.orchestra.run.smithi026.stderr:/usr/bin/ceph:
2024-02-19T22:12:42.405+0000 7fb91716b700 1 -- start start
2024-02-19T22:12:42.452 INFO:teuthology.orchestra.run.smithi026.stderr:/usr/bin/ceph:
2024-02-19T22:12:42.406+0000 7fb91716b700 1 --2- >> [v2:172.21.15.26:3300/0,v1:172.21.15.26:6789/0] conn(0x7fb910070430 0x7fb9100fea50 unknown :-1 s=NONE pgs=0 cs=0 l=0 rev1=0 rx=0 tx=0).connect
2024-02-19T22:12:42.452 INFO:teuthology.orchestra.run.smithi026.stderr:/usr/bin/ceph:
2024-02-19T22:12:42.406+0000 7fb91716b700 1 -- --> [v2:172.21.15.26:3300/0,v1:172.21.15.26:6789/0] -- mon_getmap magic: 0 v1 -- 0x7fb9100fef40 con 0x7fb910070430
2024-02-19T22:12:42.452 INFO:teuthology.orchestra.run.smithi026.stderr:/usr/bin/ceph:
2024-02-19T22:12:42.406+0000 7fb914f07700 1 --2- >> [v2:172.21.15.26:3300/0,v1:172.21.15.26:6789/0] conn(0x7fb910070430 0x7fb9100fea50 unknown :-1 s=BANNER_CONNECTING pgs=0 cs=0 l=0 rev1=0 rx=0 tx=0)._handle_peer_banner_payload supported=1 required=0
2024-02-19T22:12:42.452 INFO:teuthology.orchestra.run.smithi026.stderr:/usr/bin/ceph:
2024-02-19T22:12:42.406+0000 7fb914f07700 1 --2- >> [v2:172.21.15.26:3300/0,v1:172.21.15.26:6789/0] conn(0x7fb910070430 0x7fb9100fea50 unknown :-1 s=HELLO_CONNECTING pgs=0 cs=0 l=0 rev1=1 rx=0 tx=0).handle_hello peer v2:172.21.15.26:3300/0 says I am v2:172.21.15.26:48912/0 (socket says 172.21.15.26:48912)
2024-02-19T22:12:42.452 INFO:teuthology.orchestra.run.smithi026.stderr:/usr/bin/ceph:
2024-02-19T22:12:42.406+0000 7fb914f07700 1 -- 172.21.15.26:0/3717141432 learned_addr learned my addr 172.21.15.26:0/3717141432 (peer_addr_for_me v2:172.21.15.26:0/0)
2024-02-19T22:12:42.452 INFO:teuthology.orchestra.run.smithi026.stderr:/usr/bin/ceph:
2024-02-19T22:12:42.406+0000 7fb914f07700 1 -- 172.21.15.26:0/3717141432 --> [v2:172.21.15.26:3300/0,v1:172.21.15.26:6789/0] -- mon_subscribe({config=0+,monmap=0+}) v3 -- 0x7fb9100ff080 con 0x7fb910070430
2024-02-19T22:12:42.452 INFO:teuthology.orchestra.run.smithi026.stderr:/usr/bin/ceph:
2024-02-19T22:12:42.406+0000 7fb914f07700 1 --2- 172.21.15.26:0/3717141432 >> [v2:172.21.15.26:3300/0,v1:172.21.15.26:6789/0] conn(0x7fb910070430 0x7fb9100fea50 secure :-1 s=READY pgs=58 cs=0 l=1 rev1=1 rx=0x7fb90400b5f0 tx=0x7fb904006ee0).ready entity=mon.0 client_cookie=bd854edc7fe670d4 server_cookie=0 in_seq=0 out_seq=0
2024-02-19T22:12:42.452 INFO:teuthology.orchestra.run.smithi026.stderr:/usr/bin/ceph:
2024-02-19T22:12:42.406+0000 7fb90f7fe700 1 -- 172.21.15.26:0/3717141432 <== mon.0 v2:172.21.15.26:3300/0 1 ==== mon_map magic: 0 v1 ==== 229+0+0 (secure 0 0 0) 0x7fb90400d600 con 0x7fb910070430
2024-02-19T22:12:42.452 INFO:teuthology.orchestra.run.smithi026.stderr:/usr/bin/ceph:
2024-02-19T22:12:42.406+0000 7fb90f7fe700 1 -- 172.21.15.26:0/3717141432 <== mon.0 v2:172.21.15.26:3300/0 2 ==== config(26 keys) v1 ==== 1045+0+0 (secure 0 0 0) 0x7fb90400dbf0 con 0x7fb910070430
2024-02-19T22:12:42.452 INFO:teuthology.orchestra.run.smithi026.stderr:/usr/bin/ceph:
2024-02-19T22:12:42.406+0000 7fb90f7fe700 1 -- 172.21.15.26:0/3717141432 <== mon.0 v2:172.21.15.26:3300/0 3 ==== mon_map magic: 0 v1 ==== 229+0+0 (secure 0 0 0) 0x7fb904011cb0 con 0x7fb910070430
2024-02-19T22:12:42.452 INFO:teuthology.orchestra.run.smithi026.stderr:/usr/bin/ceph:
2024-02-19T22:12:42.407+0000 7fb91716b700 1 -- 172.21.15.26:0/3717141432 >> [v2:172.21.15.26:3300/0,v1:172.21.15.26:6789/0] conn(0x7fb910070430 msgr2=0x7fb9100fea50 secure :-1 s=STATE_CONNECTION_ESTABLISHED l=1).mark_down
2024-02-19T22:12:42.453 INFO:teuthology.orchestra.run.smithi026.stderr:/usr/bin/ceph:
2024-02-19T22:12:42.407+0000 7fb91716b700 1 --2- 172.21.15.26:0/3717141432 >> [v2:172.21.15.26:3300/0,v1:172.21.15.26:6789/0] conn(0x7fb910070430 0x7fb9100fea50 secure :-1 s=READY pgs=58 cs=0 l=1 rev1=1 rx=0x7fb90400b5f0 tx=0x7fb904006ee0).stop
2024-02-19T22:12:42.453 INFO:teuthology.orchestra.run.smithi026.stderr:/usr/bin/ceph:
2024-02-19T22:12:42.407+0000 7fb91716b700 1 -- 172.21.15.26:0/3717141432 shutdown_connections
2024-02-19T22:12:42.453 INFO:teuthology.orchestra.run.smithi026.stderr:/usr/bin/ceph:
