2024-02-19T22:13:56.003+0000 7f593bf90700 1 -- 172.21.15.45:0/303494411 --> [v2:172.21.15.45:3300/0,v1:172.21.15.45:6789/0] -- mon_subscribe({osdmap=0}) v3 -- 0x7f593410e080 con 0x7f59340703b0
2024-02-19T22:13:56.009 INFO:teuthology.orchestra.run.smithi045.stderr:/usr/bin/ceph:
2024-02-19T22:13:56.004+0000 7f59227fc700 1 -- 172.21.15.45:0/303494411 <== mon.0 v2:172.21.15.45:3300/0 4 ==== mgrmap(e 12) v1 ==== 36195+0+0 (secure 0 0 0) 0x7f593000f070 con 0x7f59340703b0
2024-02-19T22:13:56.009 INFO:teuthology.orchestra.run.smithi045.stderr:/usr/bin/ceph:
2024-02-19T22:13:56.004+0000 7f59227fc700 1 --2- 172.21.15.45:0/303494411 >> [v2:172.21.15.45:6800/172486393,v1:172.21.15.45:6801/172486393] conn(0x7f591c02ff20 0x7f591c0323e0 unknown :-1 s=NONE pgs=0 cs=0 l=1 rev1=0 rx=0 tx=0).connect
2024-02-19T22:13:56.009 INFO:teuthology.orchestra.run.smithi045.stderr:/usr/bin/ceph:
2024-02-19T22:13:56.004+0000 7f59227fc700 1 -- 172.21.15.45:0/303494411 <== mon.0 v2:172.21.15.45:3300/0 5 ==== osd_map(3..3 src has 1..3) v4 ==== 1098+0+0 (secure 0 0 0) 0x7f5930041590 con 0x7f59340703b0
2024-02-19T22:13:56.009 INFO:teuthology.orchestra.run.smithi045.stderr:/usr/bin/ceph:
2024-02-19T22:13:56.004+0000 7f593952b700 1 --2- 172.21.15.45:0/303494411 >> [v2:172.21.15.45:6800/172486393,v1:172.21.15.45:6801/172486393] conn(0x7f591c02ff20 0x7f591c0323e0 unknown :-1 s=BANNER_CONNECTING pgs=0 cs=0 l=1 rev1=0 rx=0 tx=0)._handle_peer_banner_payload supported=1 required=0
2024-02-19T22:13:56.009 INFO:teuthology.orchestra.run.smithi045.stderr:/usr/bin/ceph:
2024-02-19T22:13:56.004+0000 7f593bf90700 1 -- 172.21.15.45:0/303494411 --> [v2:172.21.15.45:3300/0,v1:172.21.15.45:6789/0] -- mon_command({"prefix": "get_command_descriptions"} v 0) v1 -- 0x7f5934059100 con 0x7f59340703b0
2024-02-19T22:13:56.009 INFO:teuthology.orchestra.run.smithi045.stderr:/usr/bin/ceph:
2024-02-19T22:13:56.004+0000 7f593952b700 1 --2- 172.21.15.45:0/303494411 >> [v2:172.21.15.45:6800/172486393,v1:172.21.15.45:6801/172486393] conn(0x7f591c02ff20 0x7f591c0323e0 secure :-1 s=READY pgs=10 cs=0 l=1 rev1=1 rx=0x7f59240096a0 tx=0x7f5924006b40).ready entity=mgr.14142 client_cookie=0 server_cookie=0 in_seq=0 out_seq=0
2024-02-19T22:13:56.011 INFO:teuthology.orchestra.run.smithi045.stderr:/usr/bin/ceph:
2024-02-19T22:13:56.009+0000 7f59227fc700 1 -- 172.21.15.45:0/303494411 <== mon.0 v2:172.21.15.45:3300/0 6 ==== mon_command_ack([{"prefix": "get_command_descriptions"}]=0 v0) v1 ==== 72+0+152212 (secure 0 0 0) 0x7f5930016020 con 0x7f59340703b0
2024-02-19T22:13:56.170 INFO:teuthology.orchestra.run.smithi045.stderr:/usr/bin/ceph:
2024-02-19T22:13:56.167+0000 7f593bf90700 1 -- 172.21.15.45:0/303494411 --> [v2:172.21.15.45:3300/0,v1:172.21.15.45:6789/0] -- mon_command([{prefix=config set, name=mgr/dashboard/ssl_server_port}] v 0) v1 -- 0x7f593410eeb0 con 0x7f59340703b0
2024-02-19T22:13:56.172 INFO:teuthology.orchestra.run.smithi045.stderr:/usr/bin/ceph:
2024-02-19T22:13:56.170+0000 7f59227fc700 1 -- 172.21.15.45:0/303494411 <== mon.0 v2:172.21.15.45:3300/0 7 ==== mon_command_ack([{prefix=config set, name=mgr/dashboard/ssl_server_port}]=0 v9)=0 v9) v1 ==== 130+0+0 (secure 0 0 0) 0x7f5930019aa0 con 0x7f59340703b0
2024-02-19T22:13:56.176 INFO:teuthology.orchestra.run.smithi045.stderr:/usr/bin/ceph:
2024-02-19T22:13:56.172+0000 7f593bf90700 1 -- 172.21.15.45:0/303494411 >> [v2:172.21.15.45:6800/172486393,v1:172.21.15.45:6801/172486393] conn(0x7f591c02ff20 msgr2=0x7f591c0323e0 secure :-1 s=STATE_CONNECTION_ESTABLISHED l=1).mark_down
2024-02-19T22:13:56.176 INFO:teuthology.orchestra.run.smithi045.stderr:/usr/bin/ceph:
2024-02-19T22:13:56.172+0000 7f593bf90700 1 --2- 172.21.15.45:0/303494411 >> [v2:172.21.15.45:6800/172486393,v1:172.21.15.45:6801/172486393] conn(0x7f591c02ff20 0x7f591c0323e0 secure :-1 s=READY pgs=10 cs=0 l=1 rev1=1 rx=0x7f59240096a0 tx=0x7f5924006b40).stop
2024-02-19T22:13:56.176 INFO:teuthology.orchestra.run.smithi045.stderr:/usr/bin/ceph:
2024-02-19T22:13:56.172+0000 7f593bf90700 1 -- 172.21.15.45:0/303494411 >> [v2:172.21.15.45:3300/0,v1:172.21.15.45:6789/0] conn(0x7f59340703b0 msgr2=0x7f593410cd80 secure :-1 s=STATE_CONNECTION_ESTABLISHED l=1).mark_down
2024-02-19T22:13:56.176 INFO:teuthology.orchestra.run.smithi045.stderr:/usr/bin/ceph:
2024-02-19T22:13:56.172+0000 7f593bf90700 1 --2- 172.21.15.45:0/303494411 >> [v2:172.21.15.45:3300/0,v1:172.21.15.45:6789/0] conn(0x7f59340703b0 0x7f593410cd80 secure :-1 s=READY pgs=65 cs=0 l=1 rev1=1 rx=0x7f5930006800 tx=0x7f5930006ee0).stop
2024-02-19T22:13:56.176 INFO:teuthology.orchestra.run.smithi045.stderr:/usr/bin/ceph:
2024-02-19T22:13:56.172+0000 7f593bf90700 1 -- 172.21.15.45:0/303494411 shutdown_connections
2024-02-19T22:13:56.176 INFO:teuthology.orchestra.run.smithi045.stderr:/usr/bin/ceph:
2024-02-19T22:13:56.172+0000 7f593bf90700 1 --2- 172.21.15.45:0/303494411 >> [v2:172.21.15.45:6800/172486393,v1:172.21.15.45:6801/172486393] conn(0x7f591c02ff20 0x7f591c0323e0 unknown :-1 s=CLOSED pgs=10 cs=0 l=1 rev1=1 rx=0 tx=0).stop
2024-02-19T22:13:56.176 INFO:teuthology.orchestra.run.smithi045.stderr:/usr/bin/ceph:
2024-02-19T22:13:56.172+0000 7f593bf90700 1 --2- 172.21.15.45:0/303494411 >> [v2:172.21.15.45:3300/0,v1:172.21.15.45:6789/0] conn(0x7f59340703b0 0x7f593410cd80 unknown :-1 s=CLOSED pgs=65 cs=0 l=1 rev1=1 rx=0 tx=0).stop
2024-02-19T22:13:56.176 INFO:teuthology.orchestra.run.smithi045.stderr:/usr/bin/ceph:
2024-02-19T22:13:56.172+0000 7f593bf90700 1 -- 172.21.15.45:0/303494411 >> 172.21.15.45:0/303494411 conn(0x7f59340f6530 msgr2=0x7f59340f7f60 unknown :-1 s=STATE_NONE l=0).mark_down
2024-02-19T22:13:56.176 INFO:teuthology.orchestra.run.smithi045.stderr:/usr/bin/ceph:
2024-02-19T22:13:56.172+0000 7f593bf90700 1 -- 172.21.15.45:0/303494411 shutdown_connections
2024-02-19T22:13:56.176 INFO:teuthology.orchestra.run.smithi045.stderr:/usr/bin/ceph:
2024-02-19T22:13:56.172+0000 7f593bf90700 1 -- 172.21.15.45:0/303494411 wait complete.
2024-02-19T22:13:57.316 INFO:teuthology.orchestra.run.smithi045.stderr:Enabling the dashboard module...
2024-02-19T22:13:57.316 INFO:teuthology.orchestra.run.smithi045.stderr:Running command: /bin/podman run --rm --ipc=host --no-hosts --net=host --entrypoint /usr/bin/ceph --init -e CONTAINER_IMAGE=docker.io/ceph/ceph:v16.2.4 -e NODE_NAME=smithi045 -e CEPH_USE_RANDOM_NONCE=1 -v /var/log/ceph/f6020aec-cf73-11ee-95bb-87774f69a715:/var/log/ceph:z -v /tmp/ceph-tmp0319umfa:/etc/ceph/ceph.client.admin.keyring:z -v /tmp/ceph-tmph7b0n6i4:/etc/ceph/ceph.conf:z docker.io/ceph/ceph:v16.2.4 mgr module enable dashboard
2024-02-19T22:13:57.318 INFO:journalctl@ceph.mon.smithi045.smithi045.stdout:Feb 19 22:13:57 smithi045 ceph-f6020aec-cf73-11ee-95bb-87774f69a715-mon.smithi045[38092]: audit
2024-02-19T22:13:56.172369+0000 mon.smithi045 (mon.0) 83 : audit [INF] from='client.? 172.21.15.45:0/303494411' entity='client.admin'
2024-02-19T22:13:57.318 INFO:journalctl@ceph.mon.smithi045.smithi045.stdout:Feb 19 22:13:57 smithi045 ceph-f6020aec-cf73-11ee-95bb-87774f69a715-mon.smithi045[38092]: audit
2024-02-19T22:13:56.916225+0000 mon.smithi045 (mon.0) 84 : audit [INF] from='mgr.14142 172.21.15.45:0/3554956054' entity='mgr.smithi045.bvlamo'
2024-02-19T22:13:57.900 INFO:teuthology.orchestra.run.smithi045.stderr:/usr/bin/ceph:
2024-02-19T22:13:57.897+0000 7f997e96f700 1 Processor -- start
2024-02-19T22:13:57.901 INFO:teuthology.orchestra.run.smithi045.stderr:/usr/bin/ceph:
2024-02-19T22:13:57.897+0000 7f997e96f700 1 -- start start
2024-02-19T22:13:57.901 INFO:teuthology.orchestra.run.smithi045.stderr:/usr/bin/ceph:
2024-02-19T22:13:57.897+0000 7f997e96f700 1 --2- >> [v2:172.21.15.45:3300/0,v1:172.21.15.45:6789/0] conn(0x7f9978070540 0x7f99780fe9c0 unknown :-1 s=NONE pgs=0 cs=0 l=0 rev1=0 rx=0 tx=0).connect
2024-02-19T22:13:57.901 INFO:teuthology.orchestra.run.smithi045.stderr:/usr/bin/ceph:
2024-02-19T22:13:57.897+0000 7f997e96f700 1 -- --> [v2:172.21.15.45:3300/0,v1:172.21.15.45:6789/0] -- mon_getmap magic: 0 v1 -- 0x7f99780fef40 con 0x7f9978070540
2024-02-19T22:13:57.901 INFO:teuthology.orchestra.run.smithi045.stderr:/usr/bin/ceph:
2024-02-19T22:13:57.897+0000 7f9977fff700 1 --2- >> [v2:172.21.15.45:3300/0,v1:172.21.15.45:6789/0] conn(0x7f9978070540 0x7f99780fe9c0 unknown :-1 s=BANNER_CONNECTING pgs=0 cs=0 l=0 rev1=0 rx=0 tx=0)._handle_peer_banner_payload supported=1 required=0
2024-02-19T22:13:57.901 INFO:teuthology.orchestra.run.smithi045.stderr:/usr/bin/ceph:
2024-02-19T22:13:57.897+0000 7f9977fff700 1 --2- >> [v2:172.21.15.45:3300/0,v1:172.21.15.45:6789/0] conn(0x7f9978070540 0x7f99780fe9c0 unknown :-1 s=HELLO_CONNECTING pgs=0 cs=0 l=0 rev1=1 rx=0 tx=0).handle_hello peer v2:172.21.15.45:3300/0 says I am v2:172.21.15.45:36884/0 (socket says 172.21.15.45:36884)
2024-02-19T22:13:57.901 INFO:teuthology.orchestra.run.smithi045.stderr:/usr/bin/ceph:
2024-02-19T22:13:57.897+0000 7f9977fff700 1 -- 172.21.15.45:0/3555641755 learned_addr learned my addr 172.21.15.45:0/3555641755 (peer_addr_for_me v2:172.21.15.45:0/0)
2024-02-19T22:13:57.901 INFO:teuthology.orchestra.run.smithi045.stderr:/usr/bin/ceph:
2024-02-19T22:13:57.898+0000 7f9977fff700 1 -- 172.21.15.45:0/3555641755 --> [v2:172.21.15.45:3300/0,v1:172.21.15.45:6789/0] -- mon_subscribe({config=0+,monmap=0+}) v3 -- 0x7f99780ff080 con 0x7f9978070540
2024-02-19T22:13:57.903 INFO:teuthology.orchestra.run.smithi045.stderr:/usr/bin/ceph:
2024-02-19T22:13:57.898+0000 7f9977fff700 1 --2- 172.21.15.45:0/3555641755 >> [v2:172.21.15.45:3300/0,v1:172.21.15.45:6789/0] conn(0x7f9978070540 0x7f99780fe9c0 secure :-1 s=READY pgs=66 cs=0 l=1 rev1=1 rx=0x7f996800b5f0 tx=0x7f9968006ee0).ready entity=mon.0 client_cookie=13cf2e3e3e8daf8a server_cookie=0 in_seq=0 out_seq=0
2024-02-19T22:13:57.903 INFO:teuthology.orchestra.run.smithi045.stderr:/usr/bin/ceph:
2024-02-19T22:13:57.898+0000 7f9976ffd700 1 -- 172.21.15.45:0/3555641755 <== mon.0 v2:172.21.15.45:3300/0 1 ==== mon_map magic: 0 v1 ==== 229+0+0 (secure 0 0 0) 0x7f996800d600 con 0x7f9978070540
2024-02-19T22:13:57.903 INFO:teuthology.orchestra.run.smithi045.stderr:/usr/bin/ceph:
2024-02-19T22:13:57.898+0000 7f9976ffd700 1 -- 172.21.15.45:0/3555641755 <== mon.0 v2:172.21.15.45:3300/0 2 ==== config(26 keys) v1 ==== 1109+0+0 (secure 0 0 0) 0x7f996800dc30 con 0x7f9978070540
2024-02-19T22:13:57.903 INFO:teuthology.orchestra.run.smithi045.stderr:/usr/bin/ceph:
2024-02-19T22:13:57.898+0000 7f9976ffd700 1 -- 172.21.15.45:0/3555641755 <== mon.0 v2:172.21.15.45:3300/0 3 ==== mon_map magic: 0 v1 ==== 229+0+0 (secure 0 0 0) 0x7f9968011d30 con 0x7f9978070540
2024-02-19T22:13:57.903 INFO:teuthology.orchestra.run.smithi045.stderr:/usr/bin/ceph:
2024-02-19T22:13:57.899+0000 7f997e96f700 1 -- 172.21.15.45:0/3555641755 >> [v2:172.21.15.45:3300/0,v1:172.21.15.45:6789/0] conn(0x7f9978070540 msgr2=0x7f99780fe9c0 secure :-1 s=STATE_CONNECTION_ESTABLISHED l=1).mark_down
2024-02-19T22:13:57.903 INFO:teuthology.orchestra.run.smithi045.stderr:/usr/bin/ceph:
2024-02-19T22:13:57.899+0000 7f997e96f700 1 --2- 172.21.15.45:0/3555641755 >> [v2:172.21.15.45:3300/0,v1:172.21.15.45:6789/0] conn(0x7f9978070540 0x7f99780fe9c0 secure :-1 s=READY pgs=66 cs=0 l=1 rev1=1 rx=0x7f996800b5f0 tx=0x7f9968006ee0).stop
2024-02-19T22:13:57.903 INFO:teuthology.orchestra.run.smithi045.stderr:/usr/bin/ceph:
2024-02-19T22:13:57.899+0000 7f997e96f700 1 -- 172.21.15.45:0/3555641755 shutdown_connections
2024-02-19T22:13:57.903 INFO:teuthology.orchestra.run.smithi045.stderr:/usr/bin/ceph:
2024-02-19T22:13:57.899+0000 7f997e96f700 1 --2- 172.21.15.45:0/3555641755 >> [v2:172.21.15.45:3300/0,v1:172.21.15.45:6789/0] conn(0x7f9978070540 0x7f99780fe9c0 unknown :-1 s=CLOSED pgs=66 cs=0 l=1 rev1=1 rx=0 tx=0).stop
2024-02-19T22:13:57.903 INFO:teuthology.orchestra.run.smithi045.stderr:/usr/bin/ceph:
2024-02-19T22:13:57.899+0000 7f997e96f700 1 -- 172.21.15.45:0/3555641755 >> 172.21.15.45:0/3555641755 conn(0x7f99780f6460 msgr2=0x7f99780f8880 unknown :-1 s=STATE_NONE l=0).mark_down
2024-02-19T22:13:57.904 INFO:teuthology.orchestra.run.smithi045.stderr:/usr/bin/ceph:
2024-02-19T22:13:57.899+0000 7f997e96f700 1 -- 172.21.15.45:0/3555641755 shutdown_connections
2024-02-19T22:13:57.904 INFO:teuthology.orchestra.run.smithi045.stderr:/usr/bin/ceph:
2024-02-19T22:13:57.899+0000 7f997e96f700 1 -- 172.21.15.45:0/3555641755 wait complete.
2024-02-19T22:13:57.904 INFO:teuthology.orchestra.run.smithi045.stderr:/usr/bin/ceph:
2024-02-19T22:13:57.899+0000 7f997e96f700 1 Processor -- start
2024-02-19T22:13:57.904 INFO:teuthology.orchestra.run.smithi045.stderr:/usr/bin/ceph:
2024-02-19T22:13:57.899+0000 7f997e96f700 1 -- start start
2024-02-19T22:13:57.904 INFO:teuthology.orchestra.run.smithi045.stderr:/usr/bin/ceph:
2024-02-19T22:13:57.900+0000 7f997e96f700 1 --2- >> [v2:172.21.15.45:3300/0,v1:172.21.15.45:6789/0] conn(0x7f9978070540 0x7f99780fc440 unknown :-1 s=NONE pgs=0 cs=0 l=1 rev1=0 rx=0 tx=0).connect
2024-02-19T22:13:57.904 INFO:teuthology.orchestra.run.smithi045.stderr:/usr/bin/ceph:
2024-02-19T22:13:57.900+0000 7f997e96f700 1 -- --> [v2:172.21.15.45:3300/0,v1:172.21.15.45:6789/0] -- mon_getmap magic: 0 v1 -- 0x7f99780fa8c0 con 0x7f9978070540
2024-02-19T22:13:57.904 INFO:teuthology.orchestra.run.smithi045.stderr:/usr/bin/ceph:
2024-02-19T22:13:57.900+0000 7f9977fff700 1 --2- >> [v2:172.21.15.45:3300/0,v1:172.21.15.45:6789/0] conn(0x7f9978070540 0x7f99780fc440 unknown :-1 s=BANNER_CONNECTING pgs=0 cs=0 l=1 rev1=0 rx=0 tx=0)._handle_peer_banner_payload supported=1 required=0
2024-02-19T22:13:57.904 INFO:teuthology.orchestra.run.smithi045.stderr:/usr/bin/ceph:
2024-02-19T22:13:57.900+0000 7f9977fff700 1 --2- >> [v2:172.21.15.45:3300/0,v1:172.21.15.45:6789/0] conn(0x7f9978070540 0x7f99780fc440 unknown :-1 s=HELLO_CONNECTING pgs=0 cs=0 l=1 rev1=1 rx=0 tx=0).handle_hello peer v2:172.21.15.45:3300/0 says I am v2:172.21.15.45:36892/0 (socket says 172.21.15.45:36892)
2024-02-19T22:13:57.905 INFO:teuthology.orchestra.run.smithi045.stderr:/usr/bin/ceph:
2024-02-19T22:13:57.900+0000 7f9977fff700 1 -- 172.21.15.45:0/3452404542 learned_addr learned my addr 172.21.15.45:0/3452404542 (peer_addr_for_me v2:172.21.15.45:0/0)
2024-02-19T22:13:57.905 INFO:teuthology.orchestra.run.smithi045.stderr:/usr/bin/ceph:
2024-02-19T22:13:57.900+0000 7f9977fff700 1 -- 172.21.15.45:0/3452404542 --> [v2:172.21.15.45:3300/0,v1:172.21.15.45:6789/0] -- mon_subscribe({config=0+,monmap=0+}) v3 -- 0x7f996800b200 con 0x7f9978070540
2024-02-19T22:13:57.905 INFO:teuthology.orchestra.run.smithi045.stderr:/usr/bin/ceph:
2024-02-19T22:13:57.900+0000 7f9977fff700 1 --2- 172.21.15.45:0/3452404542 >> [v2:172.21.15.45:3300/0,v1:172.21.15.45:6789/0] conn(0x7f9978070540 0x7f99780fc440 secure :-1 s=READY pgs=67 cs=0 l=1 rev1=1 rx=0x7f9968006b80 tx=0x7f9968006ee0).ready entity=mon.0 client_cookie=0 server_cookie=0 in_seq=0 out_seq=0
2024-02-19T22:13:57.905 INFO:teuthology.orchestra.run.smithi045.stderr:/usr/bin/ceph:
2024-02-19T22:13:57.900+0000 7f9974ff9700 1 -- 172.21.15.45:0/3452404542 <== mon.0 v2:172.21.15.45:3300/0 1 ==== mon_map magic: 0 v1 ==== 229+0+0 (secure 0 0 0) 0x7f996800d9e0 con 0x7f9978070540
2024-02-19T22:13:57.905 INFO:teuthology.orchestra.run.smithi045.stderr:/usr/bin/ceph:
2024-02-19T22:13:57.900+0000 7f997e96f700 1 -- 172.21.15.45:0/3452404542 --> [v2:172.21.15.45:3300/0,v1:172.21.15.45:6789/0] -- mon_subscribe({mgrmap=0+}) v3 -- 0x7f99780faa60 con 0x7f9978070540
2024-02-19T22:13:57.905 INFO:teuthology.orchestra.run.smithi045.stderr:/usr/bin/ceph:
2024-02-19T22:13:57.900+0000 7f9974ff9700 1 -- 172.21.15.45:0/3452404542 <== mon.0 v2:172.21.15.45:3300/0 2 ==== config(26 keys) v1 ==== 1109+0+0 (secure 0 0 0) 0x7f996801b8e0 con 0x7f9978070540
2024-02-19T22:13:57.905 INFO:teuthology.orchestra.run.smithi045.stderr:/usr/bin/ceph:
2024-02-19T22:13:57.900+0000 7f9974ff9700 1 -- 172.21.15.45:0/3452404542 <== mon.0 v2:172.21.15.45:3300/0 3 ==== mon_map magic: 0 v1 ==== 229+0+0 (secure 0 0 0) 0x7f996801a8c0 con 0x7f9978070540
2024-02-19T22:13:57.905 INFO:teuthology.orchestra.run.smithi045.stderr:/usr/bin/ceph:
2024-02-19T22:13:57.900+0000 7f997e96f700 1 -- 172.21.15.45:0/3452404542 --> [v2:172.21.15.45:3300/0,v1:172.21.15.45:6789/0] -- mon_subscribe({osdmap=0}) v3 -- 0x7f99780faef0 con 0x7f9978070540
2024-02-19T22:13:57.905 INFO:teuthology.orchestra.run.smithi045.stderr:/usr/bin/ceph:
2024-02-19T22:13:57.901+0000 7f9974ff9700 1 -- 172.21.15.45:0/3452404542 <== mon.0 v2:172.21.15.45:3300/0 4 ==== mgrmap(e 12) v1 ==== 36195+0+0 (secure 0 0 0) 0x7f996800f070 con 0x7f9978070540
2024-02-19T22:13:57.905 INFO:teuthology.orchestra.run.smithi045.stderr:/usr/bin/ceph:
2024-02-19T22:13:57.901+0000 7f9974ff9700 1 --2- 172.21.15.45:0/3452404542 >> [v2:172.21.15.45:6800/172486393,v1:172.21.15.45:6801/172486393] conn(0x7f996402ff20 0x7f99640323e0 unknown :-1 s=NONE pgs=0 cs=0 l=1 rev1=0 rx=0 tx=0).connect
2024-02-19T22:13:57.905 INFO:teuthology.orchestra.run.smithi045.stderr:/usr/bin/ceph:
2024-02-19T22:13:57.901+0000 7f9974ff9700 1 -- 172.21.15.45:0/3452404542 <== mon.0 v2:172.21.15.45:3300/0 5 ==== osd_map(3..3 src has 1..3) v4 ==== 1098+0+0 (secure 0 0 0) 0x7f99680415a0 con 0x7f9978070540
2024-02-19T22:13:57.905 INFO:teuthology.orchestra.run.smithi045.stderr:/usr/bin/ceph:
2024-02-19T22:13:57.902+0000 7f99777fe700 1 --2- 172.21.15.45:0/3452404542 >> [v2:172.21.15.45:6800/172486393,v1:172.21.15.45:6801/172486393] conn(0x7f996402ff20 0x7f99640323e0 unknown :-1 s=BANNER_CONNECTING pgs=0 cs=0 l=1 rev1=0 rx=0 tx=0)._handle_peer_banner_payload supported=1 required=0
2024-02-19T22:13:57.905 INFO:teuthology.orchestra.run.smithi045.stderr:/usr/bin/ceph:
2024-02-19T22:13:57.902+0000 7f99777fe700 1 --2- 172.21.15.45:0/3452404542 >> [v2:172.21.15.45:6800/172486393,v1:172.21.15.45:6801/172486393] conn(0x7f996402ff20 0x7f99640323e0 secure :-1 s=READY pgs=11 cs=0 l=1 rev1=1 rx=0x7f996c0096a0 tx=0x7f996c006b40).ready entity=mgr.14142 client_cookie=0 server_cookie=0 in_seq=0 out_seq=0
2024-02-19T22:13:57.906 INFO:teuthology.orchestra.run.smithi045.stderr:/usr/bin/ceph:
2024-02-19T22:13:57.903+0000 7f997e96f700 1 -- 172.21.15.45:0/3452404542 --> [v2:172.21.15.45:3300/0,v1:172.21.15.45:6789/0] -- mon_command({"prefix": "get_command_descriptions"} v 0) v1 -- 0x7f9978059100 con 0x7f9978070540
2024-02-19T22:13:57.910 INFO:teuthology.orchestra.run.smithi045.stderr:/usr/bin/ceph:
2024-02-19T22:13:57.908+0000 7f9974ff9700 1 -- 172.21.15.45:0/3452404542 <== mon.0 v2:172.21.15.45:3300/0 6 ==== mon_command_ack([{"prefix": "get_command_descriptions"}]=0 v0) v1 ==== 72+0+152212 (secure 0 0 0) 0x7f9968016070 con 0x7f9978070540
2024-02-19T22:13:58.120 INFO:teuthology.orchestra.run.smithi045.stderr:/usr/bin/ceph:
2024-02-19T22:13:58.117+0000 7f997e96f700 1 -- 172.21.15.45:0/3452404542 --> [v2:172.21.15.45:3300/0,v1:172.21.15.45:6789/0] -- mon_command({"prefix": "mgr module enable", "module": "dashboard"} v 0) v1 -- 0x7f9978045ad0 con 0x7f9978070540
2024-02-19T22:13:58.526 INFO:teuthology.orchestra.run.smithi045.stderr:/usr/bin/ceph:
2024-02-19T22:13:58.524+0000 7f9974ff9700 1 -- 172.21.15.45:0/3452404542 <== mon.0 v2:172.21.15.45:3300/0 7 ==== mgrmap(e 13) v1 ==== 36208+0+0 (secure 0 0 0) 0x7f9968025980 con 0x7f9978070540
2024-02-19T22:13:58.528 INFO:teuthology.orchestra.run.smithi045.stderr:/usr/bin/ceph:
2024-02-19T22:13:58.525+0000 7f9974ff9700 1 -- 172.21.15.45:0/3452404542 <== mon.0 v2:172.21.15.45:3300/0 8 ==== mon_command_ack([{"prefix": "mgr module enable", "module": "dashboard"}]=0 v13) v1 ==== 88+0+0 (secure 0 0 0) 0x7f9968010540 con 0x7f9978070540
2024-02-19T22:13:58.531 INFO:teuthology.orchestra.run.smithi045.stderr:/usr/bin/ceph:
2024-02-19T22:13:58.527+0000 7f997e96f700 1 -- 172.21.15.45:0/3452404542 >> [v2:172.21.15.45:6800/172486393,v1:172.21.15.45:6801/172486393] conn(0x7f996402ff20 msgr2=0x7f99640323e0 secure :-1 s=STATE_CONNECTION_ESTABLISHED l=1).mark_down
2024-02-19T22:13:58.531 INFO:teuthology.orchestra.run.smithi045.stderr:/usr/bin/ceph:
2024-02-19T22:13:58.527+0000 7f997e96f700 1 --2- 172.21.15.45:0/3452404542 >> [v2:172.21.15.45:6800/172486393,v1:172.21.15.45:6801/172486393] conn(0x7f996402ff20 0x7f99640323e0 secure :-1 s=READY pgs=11 cs=0 l=1 rev1=1 rx=0x7f996c0096a0 tx=0x7f996c006b40).stop
2024-02-19T22:13:58.531 INFO:teuthology.orchestra.run.smithi045.stderr:/usr/bin/ceph:
2024-02-19T22:13:58.527+0000 7f997e96f700 1 -- 172.21.15.45:0/3452404542 >> [v2:172.21.15.45:3300/0,v1:172.21.15.45:6789/0] conn(0x7f9978070540 msgr2=0x7f99780fc440 secure :-1 s=STATE_CONNECTION_ESTABLISHED l=1).mark_down
2024-02-19T22:13:58.531 INFO:teuthology.orchestra.run.smithi045.stderr:/usr/bin/ceph:
2024-02-19T22:13:58.527+0000 7f997e96f700 1 --2- 172.21.15.45:0/3452404542 >> [v2:172.21.15.45:3300/0,v1:172.21.15.45:6789/0] conn(0x7f9978070540 0x7f99780fc440 secure :-1 s=READY pgs=67 cs=0 l=1 rev1=1 rx=0x7f9968006b80 tx=0x7f9968006ee0).stop
2024-02-19T22:13:58.531 INFO:teuthology.orchestra.run.smithi045.stderr:/usr/bin/ceph:
2024-02-19T22:13:58.527+0000 7f997e96f700 1 -- 172.21.15.45:0/3452404542 shutdown_connections
2024-02-19T22:13:58.531 INFO:teuthology.orchestra.run.smithi045.stderr:/usr/bin/ceph:
2024-02-19T22:13:58.527+0000 7f997e96f700 1 --2- 172.21.15.45:0/3452404542 >> [v2:172.21.15.45:6800/172486393,v1:172.21.15.45:6801/172486393] conn(0x7f996402ff20 0x7f99640323e0 unknown :-1 s=CLOSED pgs=11 cs=0 l=1 rev1=1 rx=0 tx=0).stop
2024-02-19T22:13:58.531 INFO:teuthology.orchestra.run.smithi045.stderr:/usr/bin/ceph:
2024-02-19T22:13:58.527+0000 7f997e96f700 1 --2- 172.21.15.45:0/3452404542 >> [v2:172.21.15.45:3300/0,v1:172.21.15.45:6789/0] conn(0x7f9978070540 0x7f99780fc440 unknown :-1 s=CLOSED pgs=67 cs=0 l=1 rev1=1 rx=0 tx=0).stop
2024-02-19T22:13:58.531 INFO:teuthology.orchestra.run.smithi045.stderr:/usr/bin/ceph:
2024-02-19T22:13:58.527+0000 7f997e96f700 1 -- 172.21.15.45:0/3452404542 >> 172.21.15.45:0/3452404542 conn(0x7f99780f6460 msgr2=0x7f99780f7ec0 unknown :-1 s=STATE_NONE l=0).mark_down
2024-02-19T22:13:58.531 INFO:teuthology.orchestra.run.smithi045.stderr:/usr/bin/ceph:
2024-02-19T22:13:58.527+0000 7f997e96f700 1 -- 172.21.15.45:0/3452404542 shutdown_connections
2024-02-19T22:13:58.531 INFO:teuthology.orchestra.run.smithi045.stderr:/usr/bin/ceph:
2024-02-19T22:13:58.527+0000 7f997e96f700 1 -- 172.21.15.45:0/3452404542 wait complete.
2024-02-19T22:13:58.559 INFO:journalctl@ceph.mon.smithi045.smithi045.stdout:Feb 19 22:13:58 smithi045 ceph-f6020aec-cf73-11ee-95bb-87774f69a715-mon.smithi045[38092]: audit
2024-02-19T22:13:57.379677+0000 mon.smithi045 (mon.0) 85 : audit [INF] from='mgr.14142 172.21.15.45:0/3554956054' entity='mgr.smithi045.bvlamo'
2024-02-19T22:13:58.560 INFO:journalctl@ceph.mon.smithi045.smithi045.stdout:Feb 19 22:13:58 smithi045 ceph-f6020aec-cf73-11ee-95bb-87774f69a715-mon.smithi045[38092]: audit
2024-02-19T22:13:58.119997+0000 mon.smithi045 (mon.0) 86 : audit [INF] from='client.? 172.21.15.45:0/3452404542' entity='client.admin' cmd=[{"prefix": "mgr module enable", "module": "dashboard"}]: dispatch
2024-02-19T22:13:59.283 INFO:teuthology.orchestra.run.smithi045.stderr:Running command: /bin/podman run --rm --ipc=host --no-hosts --net=host --entrypoint /usr/bin/ceph --init -e CONTAINER_IMAGE=docker.io/ceph/ceph:v16.2.4 -e NODE_NAME=smithi045 -e CEPH_USE_RANDOM_NONCE=1 -v /var/log/ceph/f6020aec-cf73-11ee-95bb-87774f69a715:/var/log/ceph:z -v /tmp/ceph-tmp0319umfa:/etc/ceph/ceph.client.admin.keyring:z -v /tmp/ceph-tmph7b0n6i4:/etc/ceph/ceph.conf:z docker.io/ceph/ceph:v16.2.4 mgr stat
2024-02-19T22:13:59.543 INFO:journalctl@ceph.mon.smithi045.smithi045.stdout:Feb 19 22:13:59 smithi045 ceph-f6020aec-cf73-11ee-95bb-87774f69a715-mon.smithi045[38092]: audit
2024-02-19T22:13:58.527474+0000 mon.smithi045 (mon.0) 87 : audit [INF] from='client.? 172.21.15.45:0/3452404542' entity='client.admin' cmd='[{"prefix": "mgr module enable", "module": "dashboard"}]': finished
2024-02-19T22:13:59.543 INFO:journalctl@ceph.mon.smithi045.smithi045.stdout:Feb 19 22:13:59 smithi045 ceph-f6020aec-cf73-11ee-95bb-87774f69a715-mon.smithi045[38092]: cluster
2024-02-19T22:13:58.527521+0000 mon.smithi045 (mon.0) 88 : cluster [DBG] mgrmap e13: smithi045.bvlamo(active, since 11s)
2024-02-19T22:13:59.824 INFO:teuthology.orchestra.run.smithi045.stderr:/usr/bin/ceph:
2024-02-19T22:13:59.792+0000 7fbcd5b60700 1 Processor -- start
2024-02-19T22:13:59.824 INFO:teuthology.orchestra.run.smithi045.stderr:/usr/bin/ceph:
2024-02-19T22:13:59.792+0000 7fbcd5b60700 1 -- start start
2024-02-19T22:13:59.824 INFO:teuthology.orchestra.run.smithi045.stderr:/usr/bin/ceph:
2024-02-19T22:13:59.793+0000 7fbcd5b60700 1 --2- >> [v2:172.21.15.45:3300/0,v1:172.21.15.45:6789/0] conn(0x7fbcd00fad90 0x7fbcd00fb1b0 unknown :-1 s=NONE pgs=0 cs=0 l=0 rev1=0 rx=0 tx=0).connect
2024-02-19T22:13:59.824 INFO:teuthology.orchestra.run.smithi045.stderr:/usr/bin/ceph:
2024-02-19T22:13:59.793+0000 7fbcd5b60700 1 -- --> [v2:172.21.15.45:3300/0,v1:172.21.15.45:6789/0] -- mon_getmap magic: 0 v1 -- 0x7fbcd00fb6a0 con 0x7fbcd00fad90
2024-02-19T22:13:59.824 INFO:teuthology.orchestra.run.smithi045.stderr:/usr/bin/ceph:
2024-02-19T22:13:59.793+0000 7fbccf7fe700 1 --2- >> [v2:172.21.15.45:3300/0,v1:172.21.15.45:6789/0] conn(0x7fbcd00fad90 0x7fbcd00fb1b0 unknown :-1 s=BANNER_CONNECTING pgs=0 cs=0 l=0 rev1=0 rx=0 tx=0)._handle_peer_banner_payload supported=1 required=0
2024-02-19T22:13:59.824 INFO:teuthology.orchestra.run.smithi045.stderr:/usr/bin/ceph:
2024-02-19T22:13:59.793+0000 7fbccf7fe700 1 --2- >> [v2:172.21.15.45:3300/0,v1:172.21.15.45:6789/0] conn(0x7fbcd00fad90 0x7fbcd00fb1b0 unknown :-1 s=HELLO_CONNECTING pgs=0 cs=0 l=0 rev1=1 rx=0 tx=0).handle_hello peer v2:172.21.15.45:3300/0 says I am v2:172.21.15.45:36934/0 (socket says 172.21.15.45:36934)
2024-02-19T22:13:59.824 INFO:teuthology.orchestra.run.smithi045.stderr:/usr/bin/ceph:
2024-02-19T22:13:59.793+0000 7fbccf7fe700 1 -- 172.21.15.45:0/4116705832 learned_addr learned my addr 172.21.15.45:0/4116705832 (peer_addr_for_me v2:172.21.15.45:0/0)
2024-02-19T22:13:59.824 INFO:teuthology.orchestra.run.smithi045.stderr:/usr/bin/ceph:
2024-02-19T22:13:59.793+0000 7fbccf7fe700 1 -- 172.21.15.45:0/4116705832 --> [v2:172.21.15.45:3300/0,v1:172.21.15.45:6789/0] -- mon_subscribe({config=0+,monmap=0+}) v3 -- 0x7fbcd00fb7e0 con 0x7fbcd00fad90
2024-02-19T22:13:59.825 INFO:teuthology.orchestra.run.smithi045.stderr:/usr/bin/ceph:
2024-02-19T22:13:59.793+0000 7fbccf7fe700 1 --2- 172.21.15.45:0/4116705832 >> [v2:172.21.15.45:3300/0,v1:172.21.15.45:6789/0] conn(0x7fbcd00fad90 0x7fbcd00fb1b0 secure :-1 s=READY pgs=70 cs=0 l=1 rev1=1 rx=0x7fbcc000b5f0 tx=0x7fbcc0006ee0).ready entity=mon.0 client_cookie=bf64edc878dd26f8 server_cookie=0 in_seq=0 out_seq=0
2024-02-19T22:13:59.825 INFO:teuthology.orchestra.run.smithi045.stderr:/usr/bin/ceph:
2024-02-19T22:13:59.793+0000 7fbcce7fc700 1 -- 172.21.15.45:0/4116705832 <== mon.0 v2:172.21.15.45:3300/0 1 ==== mon_map magic: 0 v1 ==== 229+0+0 (secure 0 0 0) 0x7fbcc000d600 con 0x7fbcd00fad90
2024-02-19T22:13:59.825 INFO:teuthology.orchestra.run.smithi045.stderr:/usr/bin/ceph:
2024-02-19T22:13:59.793+0000 7fbcce7fc700 1 -- 172.21.15.45:0/4116705832 <== mon.0 v2:172.21.15.45:3300/0 2 ==== config(26 keys) v1 ==== 1109+0+0 (secure 0 0 0) 0x7fbcc000dc30 con 0x7fbcd00fad90
2024-02-19T22:13:59.825 INFO:teuthology.orchestra.run.smithi045.stderr:/usr/bin/ceph:
2024-02-19T22:13:59.793+0000 7fbcce7fc700 1 -- 172.21.15.45:0/4116705832 <== mon.0 v2:172.21.15.45:3300/0 3 ==== mon_map magic: 0 v1 ==== 229+0+0 (secure 0 0 0) 0x7fbcc0011d30 con 0x7fbcd00fad90
2024-02-19T22:13:59.825 INFO:teuthology.orchestra.run.smithi045.stderr:/usr/bin/ceph:
2024-02-19T22:13:59.794+0000 7fbcd5b60700 1 -- 172.21.15.45:0/4116705832 >> [v2:172.21.15.45:3300/0,v1:172.21.15.45:6789/0] conn(0x7fbcd00fad90 msgr2=0x7fbcd00fb1b0 secure :-1 s=STATE_CONNECTION_ESTABLISHED l=1).mark_down
2024-02-19T22:13:59.825 INFO:teuthology.orchestra.run.smithi045.stderr:/usr/bin/ceph:
2024-02-19T22:13:59.794+0000 7fbcd5b60700 1 --2- 172.21.15.45:0/4116705832 >> [v2:172.21.15.45:3300/0,v1:172.21.15.45:6789/0] conn(0x7fbcd00fad90 0x7fbcd00fb1b0 secure :-1 s=READY pgs=70 cs=0 l=1 rev1=1 rx=0x7fbcc000b5f0 tx=0x7fbcc0006ee0).stop
2024-02-19T22:13:59.825 INFO:teuthology.orchestra.run.smithi045.stderr:/usr/bin/ceph:
2024-02-19T22:13:59.794+0000 7fbcd5b60700 1 -- 172.21.15.45:0/4116705832 shutdown_connections
2024-02-19T22:13:59.825 INFO:teuthology.orchestra.run.smithi045.stderr:/usr/bin/ceph:
2024-02-19T22:13:59.794+0000 7fbcd5b60700 1 --2- 172.21.15.45:0/4116705832 >> [v2:172.21.15.45:3300/0,v1:172.21.15.45:6789/0] conn(0x7fbcd00fad90 0x7fbcd00fb1b0 unknown :-1 s=CLOSED pgs=70 cs=0 l=1 rev1=1 rx=0 tx=0).stop
2024-02-19T22:13:59.825 INFO:teuthology.orchestra.run.smithi045.stderr:/usr/bin/ceph:
2024-02-19T22:13:59.794+0000 7fbcd5b60700 1 -- 172.21.15.45:0/4116705832 >> 172.21.15.45:0/4116705832 conn(0x7fbcd00f6530 msgr2=0x7fbcd00f8950 unknown :-1 s=STATE_NONE l=0).mark_down
2024-02-19T22:13:59.825 INFO:teuthology.orchestra.run.smithi045.stderr:/usr/bin/ceph:
2024-02-19T22:13:59.794+0000 7fbcd5b60700 1 -- 172.21.15.45:0/4116705832 shutdown_connections
2024-02-19T22:13:59.825 INFO:teuthology.orchestra.run.smithi045.stderr:/usr/bin/ceph:
2024-02-19T22:13:59.794+0000 7fbcd5b60700 1 -- 172.21.15.45:0/4116705832 wait complete.
2024-02-19T22:13:59.825 INFO:teuthology.orchestra.run.smithi045.stderr:/usr/bin/ceph:
2024-02-19T22:13:59.794+0000 7fbcd5b60700 1 Processor -- start
2024-02-19T22:13:59.825 INFO:teuthology.orchestra.run.smithi045.stderr:/usr/bin/ceph:
2024-02-19T22:13:59.795+0000 7fbcd5b60700 1 -- start start
2024-02-19T22:13:59.826 INFO:teuthology.orchestra.run.smithi045.stderr:/usr/bin/ceph:
2024-02-19T22:13:59.795+0000 7fbcd5b60700 1 --2- >> [v2:172.21.15.45:3300/0,v1:172.21.15.45:6789/0] conn(0x7fbcd00fad90 0x7fbcd01010b0 unknown :-1 s=NONE pgs=0 cs=0 l=1 rev1=0 rx=0 tx=0).connect
2024-02-19T22:13:59.826 INFO:teuthology.orchestra.run.smithi045.stderr:/usr/bin/ceph:
2024-02-19T22:13:59.795+0000 7fbcd5b60700 1 -- --> [v2:172.21.15.45:3300/0,v1:172.21.15.45:6789/0] -- mon_getmap magic: 0 v1 -- 0x7fbcd00ff530 con 0x7fbcd00fad90
2024-02-19T22:13:59.826 INFO:teuthology.orchestra.run.smithi045.stderr:/usr/bin/ceph:
2024-02-19T22:13:59.795+0000 7fbccf7fe700 1 --2- >> [v2:172.21.15.45:3300/0,v1:172.21.15.45:6789/0] conn(0x7fbcd00fad90 0x7fbcd01010b0 unknown :-1 s=BANNER_CONNECTING pgs=0 cs=0 l=1 rev1=0 rx=0 tx=0)._handle_peer_banner_payload supported=1 required=0
2024-02-19T22:13:59.826 INFO:teuthology.orchestra.run.smithi045.stderr:/usr/bin/ceph:
2024-02-19T22:13:59.795+0000 7fbccf7fe700 1 --2- >> [v2:172.21.15.45:3300/0,v1:172.21.15.45:6789/0] conn(0x7fbcd00fad90 0x7fbcd01010b0 unknown :-1 s=HELLO_CONNECTING pgs=0 cs=0 l=1 rev1=1 rx=0 tx=0).handle_hello peer v2:172.21.15.45:3300/0 says I am v2:172.21.15.45:36948/0 (socket says 172.21.15.45:36948)
2024-02-19T22:13:59.826 INFO:teuthology.orchestra.run.smithi045.stderr:/usr/bin/ceph:
2024-02-19T22:13:59.795+0000 7fbccf7fe700 1 -- 172.21.15.45:0/604076581 learned_addr learned my addr 172.21.15.45:0/604076581 (peer_addr_for_me v2:172.21.15.45:0/0)
2024-02-19T22:13:59.826 INFO:teuthology.orchestra.run.smithi045.stderr:/usr/bin/ceph:
2024-02-19T22:13:59.795+0000 7fbccf7fe700 1 -- 172.21.15.45:0/604076581 --> [v2:172.21.15.45:3300/0,v1:172.21.15.45:6789/0] -- mon_subscribe({config=0+,monmap=0+}) v3 -- 0x7fbcc000b200 con 0x7fbcd00fad90
2024-02-19T22:13:59.826 INFO:teuthology.orchestra.run.smithi045.stderr:/usr/bin/ceph:
2024-02-19T22:13:59.795+0000 7fbccf7fe700 1 --2- 172.21.15.45:0/604076581 >> [v2:172.21.15.45:3300/0,v1:172.21.15.45:6789/0] conn(0x7fbcd00fad90 0x7fbcd01010b0 secure :-1 s=READY pgs=71 cs=0 l=1 rev1=1 rx=0x7fbcc0006b80 tx=0x7fbcc0006ee0).ready entity=mon.0 client_cookie=0 server_cookie=0 in_seq=0 out_seq=0
2024-02-19T22:13:59.826 INFO:teuthology.orchestra.run.smithi045.stderr:/usr/bin/ceph:
2024-02-19T22:13:59.795+0000 7fbcb7fff700 1 -- 172.21.15.45:0/604076581 <== mon.0 v2:172.21.15.45:3300/0 1 ==== mon_map magic: 0 v1 ==== 229+0+0 (secure 0 0 0) 0x7fbcc000d9e0 con 0x7fbcd00fad90
2024-02-19T22:13:59.826 INFO:teuthology.orchestra.run.smithi045.stderr:/usr/bin/ceph:
2024-02-19T22:13:59.796+0000 7fbcd5b60700 1 -- 172.21.15.45:0/604076581 --> [v2:172.21.15.45:3300/0,v1:172.21.15.45:6789/0] -- mon_subscribe({mgrmap=0+}) v3 -- 0x7fbcd00ff6d0 con 0x7fbcd00fad90
2024-02-19T22:13:59.826 INFO:teuthology.orchestra.run.smithi045.stderr:/usr/bin/ceph:
2024-02-19T22:13:59.796+0000 7fbcb7fff700 1 -- 172.21.15.45:0/604076581 <== mon.0 v2:172.21.15.45:3300/0 2 ==== config(26 keys) v1 ==== 1109+0+0 (secure 0 0 0) 0x7fbcc001b8e0 con 0x7fbcd00fad90
2024-02-19T22:13:59.826 INFO:teuthology.orchestra.run.smithi045.stderr:/usr/bin/ceph:
2024-02-19T22:13:59.796+0000 7fbcb7fff700 1 -- 172.21.15.45:0/604076581 <== mon.0 v2:172.21.15.45:3300/0 3 ==== mon_map magic: 0 v1 ==== 229+0+0 (secure 0 0 0) 0x7fbcc001a870 con 0x7fbcd00fad90
2024-02-19T22:13:59.826 INFO:teuthology.orchestra.run.smithi045.stderr:/usr/bin/ceph:
2024-02-19T22:13:59.796+0000 7fbcd5b60700 1 -- 172.21.15.45:0/604076581 --> [v2:172.21.15.45:3300/0,v1:172.21.15.45:6789/0] -- mon_subscribe({osdmap=0}) v3 -- 0x7fbcd00ffb60 con 0x7fbcd00fad90
2024-02-19T22:13:59.826 INFO:teuthology.orchestra.run.smithi045.stderr:/usr/bin/ceph:
2024-02-19T22:13:59.796+0000 7fbcb7fff700 1 -- 172.21.15.45:0/604076581 <== mon.0 v2:172.21.15.45:3300/0 4 ==== mgrmap(e 13) v1 ==== 36208+0+0 (secure 0 0 0) 0x7fbcc000f070 con 0x7fbcd00fad90
2024-02-19T22:13:59.827 INFO:teuthology.orchestra.run.smithi045.stderr:/usr/bin/ceph:
2024-02-19T22:13:59.796+0000 7fbcb7fff700 1 --2- 172.21.15.45:0/604076581 >> [v2:172.21.15.45:6800/172486393,v1:172.21.15.45:6801/172486393] conn(0x7fbcbc02ff70 0x7fbcbc032430 unknown :-1 s=NONE pgs=0 cs=0 l=1 rev1=0 rx=0 tx=0).connect
2024-02-19T22:13:59.827 INFO:teuthology.orchestra.run.smithi045.stderr:/usr/bin/ceph:
2024-02-19T22:13:59.796+0000 7fbcd5b60700 1 -- 172.21.15.45:0/604076581 --> [v2:172.21.15.45:3300/0,v1:172.21.15.45:6789/0] -- mon_command({"prefix": "get_command_descriptions"} v 0) v1 -- 0x7fbcd0045ad0 con 0x7fbcd00fad90
2024-02-19T22:13:59.827 INFO:teuthology.orchestra.run.smithi045.stderr:/usr/bin/ceph:
2024-02-19T22:13:59.797+0000 7fbcb7fff700 1 -- 172.21.15.45:0/604076581 <== mon.0 v2:172.21.15.45:3300/0 5 ==== osd_map(3..3 src has 1..3) v4 ==== 1098+0+0 (secure 0 0 0) 0x7fbcc0042450 con 0x7fbcd00fad90
2024-02-19T22:13:59.827 INFO:teuthology.orchestra.run.smithi045.stderr:/usr/bin/ceph:
2024-02-19T22:13:59.797+0000 7fbcceffd700 1 -- 172.21.15.45:0/604076581 >> [v2:172.21.15.45:6800/172486393,v1:172.21.15.45:6801/172486393] conn(0x7fbcbc02ff70 msgr2=0x7fbcbc032430 unknown :-1 s=STATE_CONNECTING_RE l=1).process reconnect failed to v2:172.21.15.45:6800/172486393
2024-02-19T22:13:59.827 INFO:teuthology.orchestra.run.smithi045.stderr:/usr/bin/ceph:
2024-02-19T22:13:59.797+0000 7fbcceffd700 1 --2- 172.21.15.45:0/604076581 >> [v2:172.21.15.45:6800/172486393,v1:172.21.15.45:6801/172486393] conn(0x7fbcbc02ff70 0x7fbcbc032430 unknown :-1 s=START_CONNECT pgs=0 cs=0 l=1 rev1=0 rx=0 tx=0)._fault waiting 0.200000
2024-02-19T22:13:59.827 INFO:teuthology.orchestra.run.smithi045.stderr:/usr/bin/ceph:
2024-02-19T22:13:59.802+0000 7fbcb7fff700 1 -- 172.21.15.45:0/604076581 <== mon.0 v2:172.21.15.45:3300/0 6 ==== mon_command_ack([{"prefix": "get_command_descriptions"}]=0 v0) v1 ==== 72+0+152212 (secure 0 0 0) 0x7fbcc0016070 con 0x7fbcd00fad90
2024-02-19T22:14:00.000 INFO:teuthology.orchestra.run.smithi045.stderr:/usr/bin/ceph:
2024-02-19T22:13:59.998+0000 7fbcceffd700 1 -- 172.21.15.45:0/604076581 >> [v2:172.21.15.45:6800/172486393,v1:172.21.15.45:6801/172486393] conn(0x7fbcbc02ff70 msgr2=0x7fbcbc032430 unknown :-1 s=STATE_CONNECTING_RE l=1).process reconnect failed to v2:172.21.15.45:6800/172486393
2024-02-19T22:14:00.000 INFO:teuthology.orchestra.run.smithi045.stderr:/usr/bin/ceph:
2024-02-19T22:13:59.998+0000 7fbcceffd700 1 --2- 172.21.15.45:0/604076581 >> [v2:172.21.15.45:6800/172486393,v1:172.21.15.45:6801/172486393] conn(0x7fbcbc02ff70 0x7fbcbc032430 unknown :-1 s=START_CONNECT pgs=0 cs=0 l=1 rev1=0 rx=0 tx=0)._fault waiting 0.400000
2024-02-19T22:14:00.048 INFO:teuthology.orchestra.run.smithi045.stderr:/usr/bin/ceph:
2024-02-19T22:14:00.046+0000 7fbcd5b60700 1 -- 172.21.15.45:0/604076581 --> [v2:172.21.15.45:3300/0,v1:172.21.15.45:6789/0] -- mon_command({"prefix": "mgr stat"} v 0) v1 -- 0x7fbcd00fcc60 con 0x7fbcd00fad90
2024-02-19T22:14:00.049 INFO:teuthology.orchestra.run.smithi045.stderr:/usr/bin/ceph:
2024-02-19T22:14:00.047+0000 7fbcb7fff700 1 -- 172.21.15.45:0/604076581 <== mon.0 v2:172.21.15.45:3300/0 7 ==== mon_command_ack([{"prefix": "mgr stat"}]=0 v13) v1 ==== 56+0+104 (secure 0 0 0) 0x7fbcc0022960 con 0x7fbcd00fad90
2024-02-19T22:14:00.049 INFO:teuthology.orchestra.run.smithi045.stderr:/usr/bin/ceph: {
2024-02-19T22:14:00.049 INFO:teuthology.orchestra.run.smithi045.stderr:/usr/bin/ceph: "epoch": 13,
2024-02-19T22:14:00.049 INFO:teuthology.orchestra.run.smithi045.stderr:/usr/bin/ceph: "available": true,
2024-02-19T22:14:00.049 INFO:teuthology.orchestra.run.smithi045.stderr:/usr/bin/ceph: "active_name": "smithi045.bvlamo",
2024-02-19T22:14:00.049 INFO:teuthology.orchestra.run.smithi045.stderr:/usr/bin/ceph: "num_standby": 0
2024-02-19T22:14:00.049 INFO:teuthology.orchestra.run.smithi045.stderr:/usr/bin/ceph: }
2024-02-19T22:14:00.051 INFO:teuthology.orchestra.run.smithi045.stderr:/usr/bin/ceph:
2024-02-19T22:14:00.048+0000 7fbcd5b60700 1 -- 172.21.15.45:0/604076581 >> [v2:172.21.15.45:6800/172486393,v1:172.21.15.45:6801/172486393] conn(0x7fbcbc02ff70 msgr2=0x7fbcbc032430 unknown :-1 s=STATE_CONNECTING l=1).mark_down
2024-02-19T22:14:00.051 INFO:teuthology.orchestra.run.smithi045.stderr:/usr/bin/ceph:
2024-02-19T22:14:00.048+0000 7fbcd5b60700 1 --2- 172.21.15.45:0/604076581 >> [v2:172.21.15.45:6800/172486393,v1:172.21.15.45:6801/172486393] conn(0x7fbcbc02ff70 0x7fbcbc032430 unknown :-1 s=START_CONNECT pgs=0 cs=0 l=1 rev1=0 rx=0 tx=0).stop
2024-02-19T22:14:00.051 INFO:teuthology.orchestra.run.smithi045.stderr:/usr/bin/ceph:
2024-02-19T22:14:00.048+0000 7fbcd5b60700 1 -- 172.21.15.45:0/604076581 >> [v2:172.21.15.45:3300/0,v1:172.21.15.45:6789/0] conn(0x7fbcd00fad90 msgr2=0x7fbcd01010b0 secure :-1 s=STATE_CONNECTION_ESTABLISHED l=1).mark_down
2024-02-19T22:14:00.051 INFO:teuthology.orchestra.run.smithi045.stderr:/usr/bin/ceph:
2024-02-19T22:14:00.048+0000 7fbcd5b60700 1 --2- 172.21.15.45:0/604076581 >> [v2:172.21.15.45:3300/0,v1:172.21.15.45:6789/0] conn(0x7fbcd00fad90 0x7fbcd01010b0 secure :-1 s=READY pgs=71 cs=0 l=1 rev1=1 rx=0x7fbcc0006b80 tx=0x7fbcc0006ee0).stop
2024-02-19T22:14:00.051 INFO:teuthology.orchestra.run.smithi045.stderr:/usr/bin/ceph:
2024-02-19T22:14:00.048+0000 7fbcd5b60700 1 -- 172.21.15.45:0/604076581 shutdown_connections
2024-02-19T22:14:00.051 INFO:teuthology.orchestra.run.smithi045.stderr:/usr/bin/ceph:
2024-02-19T22:14:00.048+0000 7fbcd5b60700 1 --2- 172.21.15.45:0/604076581 >> [v2:172.21.15.45:6800/172486393,v1:172.21.15.45:6801/172486393] conn(0x7fbcbc02ff70 0x7fbcbc032430 unknown :-1 s=CLOSED pgs=0 cs=0 l=1 rev1=0 rx=0 tx=0).stop
2024-02-19T22:14:00.051 INFO:teuthology.orchestra.run.smithi045.stderr:/usr/bin/ceph:
2024-02-19T22:14:00.049+0000 7fbcd5b60700 1 --2- 172.21.15.45:0/604076581 >> [v2:172.21.15.45:3300/0,v1:172.21.15.45:6789/0] conn(0x7fbcd00fad90 0x7fbcd01010b0 unknown :-1 s=CLOSED pgs=71 cs=0 l=1 rev1=1 rx=0 tx=0).stop
2024-02-19T22:14:00.051 INFO:teuthology.orchestra.run.smithi045.stderr:/usr/bin/ceph:
2024-02-19T22:14:00.049+0000 7fbcd5b60700 1 -- 172.21.15.45:0/604076581 >> 172.21.15.45:0/604076581 conn(0x7fbcd00f6530 msgr2=0x7fbcd0070070 unknown :-1 s=STATE_NONE l=0).mark_down
2024-02-19T22:14:00.051 INFO:teuthology.orchestra.run.smithi045.stderr:/usr/bin/ceph:
2024-02-19T22:14:00.049+0000 7fbcd5b60700 1 -- 172.21.15.45:0/604076581 shutdown_connections
2024-02-19T22:14:00.051 INFO:teuthology.orchestra.run.smithi045.stderr:/usr/bin/ceph:
2024-02-19T22:14:00.049+0000 7fbcd5b60700 1 -- 172.21.15.45:0/604076581 wait complete.
2024-02-19T22:14:00.640 INFO:journalctl@ceph.mon.smithi045.smithi045.stdout:Feb 19 22:14:00 smithi045 ceph-f6020aec-cf73-11ee-95bb-87774f69a715-mon.smithi045[38092]: audit
2024-02-19T22:14:00.047836+0000 mon.smithi045 (mon.0) 89 : audit [DBG] from='client.? 172.21.15.45:0/604076581' entity='client.admin' cmd=[{"prefix": "mgr stat"}]: dispatch
2024-02-19T22:14:00.708 INFO:teuthology.orchestra.run.smithi045.stderr:Waiting for the mgr to restart...
2024-02-19T22:14:00.709 INFO:teuthology.orchestra.run.smithi045.stderr:Waiting for mgr epoch 13...
2024-02-19T22:14:00.709 INFO:teuthology.orchestra.run.smithi045.stderr:Running command: /bin/podman run --rm --ipc=host --no-hosts --net=host --entrypoint /usr/bin/ceph --init -e CONTAINER_IMAGE=docker.io/ceph/ceph:v16.2.4 -e NODE_NAME=smithi045 -e CEPH_USE_RANDOM_NONCE=1 -v /var/log/ceph/f6020aec-cf73-11ee-95bb-87774f69a715:/var/log/ceph:z -v /tmp/ceph-tmp0319umfa:/etc/ceph/ceph.client.admin.keyring:z -v /tmp/ceph-tmph7b0n6i4:/etc/ceph/ceph.conf:z docker.io/ceph/ceph:v16.2.4 tell mgr mgr_status
2024-02-19T22:14:01.339 INFO:teuthology.orchestra.run.smithi045.stderr:/usr/bin/ceph:
2024-02-19T22:14:01.336+0000 7fce197d8700 1 Processor -- start
2024-02-19T22:14:01.339 INFO:teuthology.orchestra.run.smithi045.stderr:/usr/bin/ceph:
2024-02-19T22:14:01.336+0000 7fce197d8700 1 -- start start
2024-02-19T22:14:01.339 INFO:teuthology.orchestra.run.smithi045.stderr:/usr/bin/ceph:
2024-02-19T22:14:01.336+0000 7fce197d8700 1 --2- >> [v2:172.21.15.45:3300/0,v1:172.21.15.45:6789/0] conn(0x7fce140703f0 0x7fce140fe8d0 unknown :-1 s=NONE pgs=0 cs=0 l=0 rev1=0 rx=0 tx=0).connect
2024-02-19T22:14:01.339 INFO:teuthology.orchestra.run.smithi045.stderr:/usr/bin/ceph:
2024-02-19T22:14:01.336+0000 7fce197d8700 1 -- --> [v2:172.21.15.45:3300/0,v1:172.21.15.45:6789/0] -- mon_getmap magic: 0 v1 -- 0x7fce140fedc0 con 0x7fce140703f0
2024-02-19T22:14:01.339 INFO:teuthology.orchestra.run.smithi045.stderr:/usr/bin/ceph:
2024-02-19T22:14:01.336+0000 7fce13fff700 1 --2- >> [v2:172.21.15.45:3300/0,v1:172.21.15.45:6789/0] conn(0x7fce140703f0 0x7fce140fe8d0 unknown :-1 s=BANNER_CONNECTING pgs=0 cs=0 l=0 rev1=0 rx=0 tx=0)._handle_peer_banner_payload supported=1 required=0
2024-02-19T22:14:01.340 INFO:teuthology.orchestra.run.smithi045.stderr:/usr/bin/ceph:
2024-02-19T22:14:01.336+0000 7fce13fff700 1 --2- >> [v2:172.21.15.45:3300/0,v1:172.21.15.45:6789/0] conn(0x7fce140703f0 0x7fce140fe8d0 unknown :-1 s=HELLO_CONNECTING pgs=0 cs=0 l=0 rev1=1 rx=0 tx=0).handle_hello peer v2:172.21.15.45:3300/0 says I am v2:172.21.15.45:36952/0 (socket says 172.21.15.45:36952)
2024-02-19T22:14:01.340 INFO:teuthology.orchestra.run.smithi045.stderr:/usr/bin/ceph:
2024-02-19T22:14:01.336+0000 7fce13fff700 1 -- 172.21.15.45:0/2899145837 learned_addr learned my addr 172.21.15.45:0/2899145837 (peer_addr_for_me v2:172.21.15.45:0/0)
2024-02-19T22:14:01.340 INFO:teuthology.orchestra.run.smithi045.stderr:/usr/bin/ceph:
2024-02-19T22:14:01.337+0000 7fce13fff700 1 -- 172.21.15.45:0/2899145837 --> [v2:172.21.15.45:3300/0,v1:172.21.15.45:6789/0] -- mon_subscribe({config=0+,monmap=0+}) v3 -- 0x7fce140fef00 con 0x7fce140703f0
2024-02-19T22:14:01.340 INFO:teuthology.orchestra.run.smithi045.stderr:/usr/bin/ceph:
2024-02-19T22:14:01.337+0000 7fce13fff700 1 --2- 172.21.15.45:0/2899145837 >> [v2:172.21.15.45:3300/0,v1:172.21.15.45:6789/0] conn(0x7fce140703f0 0x7fce140fe8d0 secure :-1 s=READY pgs=72 cs=0 l=1 rev1=1 rx=0x7fce0400b5f0 tx=0x7fce04006ee0).ready entity=mon.0 client_cookie=94ab508ca3bf9227 server_cookie=0 in_seq=0 out_seq=0
2024-02-19T22:14:01.340 INFO:teuthology.orchestra.run.smithi045.stderr:/usr/bin/ceph:
2024-02-19T22:14:01.337+0000 7fce12ffd700 1 -- 172.21.15.45:0/2899145837 <== mon.0 v2:172.21.15.45:3300/0 1 ==== mon_map magic: 0 v1 ==== 229+0+0 (secure 0 0 0) 0x7fce0400d600 con 0x7fce140703f0
2024-02-19T22:14:01.340 INFO:teuthology.orchestra.run.smithi045.stderr:/usr/bin/ceph:
2024-02-19T22:14:01.337+0000 7fce12ffd700 1 -- 172.21.15.45:0/2899145837 <== mon.0 v2:172.21.15.45:3300/0 2 ==== config(26 keys) v1 ==== 1109+0+0 (secure 0 0 0) 0x7fce0400dc30 con 0x7fce140703f0
2024-02-19T22:14:01.340 INFO:teuthology.orchestra.run.smithi045.stderr:/usr/bin/ceph:
2024-02-19T22:14:01.337+0000 7fce12ffd700 1 -- 172.21.15.45:0/2899145837 <== mon.0 v2:172.21.15.45:3300/0 3 ==== mon_map magic: 0 v1 ==== 229+0+0 (secure 0 0 0) 0x7fce04011d60 con 0x7fce140703f0
2024-02-19T22:14:01.340 INFO:teuthology.orchestra.run.smithi045.stderr:/usr/bin/ceph:
2024-02-19T22:14:01.338+0000 7fce197d8700 1 -- 172.21.15.45:0/2899145837 >> [v2:172.21.15.45:3300/0,v1:172.21.15.45:6789/0] conn(0x7fce140703f0 msgr2=0x7fce140fe8d0 secure :-1 s=STATE_CONNECTION_ESTABLISHED l=1).mark_down
2024-02-19T22:14:01.340 INFO:teuthology.orchestra.run.smithi045.stderr:/usr/bin/ceph:
2024-02-19T22:14:01.338+0000 7fce197d8700 1 --2- 172.21.15.45:0/2899145837 >> [v2:172.21.15.45:3300/0,v1:172.21.15.45:6789/0] conn(0x7fce140703f0 0x7fce140fe8d0 secure :-1 s=READY pgs=72 cs=0 l=1 rev1=1 rx=0x7fce0400b5f0 tx=0x7fce04006ee0).stop
2024-02-19T22:14:01.340 INFO:teuthology.orchestra.run.smithi045.stderr:/usr/bin/ceph:
2024-02-19T22:14:01.338+0000 7fce197d8700 1 -- 172.21.15.45:0/2899145837 shutdown_connections
2024-02-19T22:14:01.340 INFO:teuthology.orchestra.run.smithi045.stderr:/usr/bin/ceph:
2024-02-19T22:14:01.338+0000 7fce197d8700 1 --2- 172.21.15.45:0/2899145837 >> [v2:172.21.15.45:3300/0,v1:172.21.15.45:6789/0] conn(0x7fce140703f0 0x7fce140fe8d0 unknown :-1 s=CLOSED pgs=72 cs=0 l=1 rev1=1 rx=0 tx=0).stop
2024-02-19T22:14:01.342 INFO:teuthology.orchestra.run.smithi045.stderr:/usr/bin/ceph:
2024-02-19T22:14:01.338+0000 7fce197d8700 1 -- 172.21.15.45:0/2899145837 >> 172.21.15.45:0/2899145837 conn(0x7fce140f6390 msgr2=0x7fce140f87b0 unknown :-1 s=STATE_NONE l=0).mark_down
2024-02-19T22:14:01.342 INFO:teuthology.orchestra.run.smithi045.stderr:/usr/bin/ceph:
2024-02-19T22:14:01.338+0000 7fce197d8700 1 -- 172.21.15.45:0/2899145837 shutdown_connections
2024-02-19T22:14:01.342 INFO:teuthology.orchestra.run.smithi045.stderr:/usr/bin/ceph:
2024-02-19T22:14:01.338+0000 7fce197d8700 1 -- 172.21.15.45:0/2899145837 wait complete.
2024-02-19T22:14:01.342 INFO:teuthology.orchestra.run.smithi045.stderr:/usr/bin/ceph:
2024-02-19T22:14:01.338+0000 7fce197d8700 1 Processor -- start
2024-02-19T22:14:01.343 INFO:teuthology.orchestra.run.smithi045.stderr:/usr/bin/ceph:
2024-02-19T22:14:01.339+0000 7fce197d8700 1 -- start start
2024-02-19T22:14:01.343 INFO:teuthology.orchestra.run.smithi045.stderr:/usr/bin/ceph:
2024-02-19T22:14:01.339+0000 7fce197d8700 1 --2- >> [v2:172.21.15.45:3300/0,v1:172.21.15.45:6789/0] conn(0x7fce140703f0 0x7fce140fc350 unknown :-1 s=NONE pgs=0 cs=0 l=1 rev1=0 rx=0 tx=0).connect
2024-02-19T22:14:01.343 INFO:teuthology.orchestra.run.smithi045.stderr:/usr/bin/ceph:
2024-02-19T22:14:01.339+0000 7fce197d8700 1 -- --> [v2:172.21.15.45:3300/0,v1:172.21.15.45:6789/0] -- mon_getmap magic: 0 v1 -- 0x7fce140fa7d0 con 0x7fce140703f0
2024-02-19T22:14:01.343 INFO:teuthology.orchestra.run.smithi045.stderr:/usr/bin/ceph:
2024-02-19T22:14:01.339+0000 7fce13fff700 1 --2- >> [v2:172.21.15.45:3300/0,v1:172.21.15.45:6789/0] conn(0x7fce140703f0 0x7fce140fc350 unknown :-1 s=BANNER_CONNECTING pgs=0 cs=0 l=1 rev1=0 rx=0 tx=0)._handle_peer_banner_payload supported=1 required=0
2024-02-19T22:14:01.343 INFO:teuthology.orchestra.run.smithi045.stderr:/usr/bin/ceph:
2024-02-19T22:14:01.339+0000 7fce13fff700 1 --2- >> [v2:172.21.15.45:3300/0,v1:172.21.15.45:6789/0] conn(0x7fce140703f0 0x7fce140fc350 unknown :-1 s=HELLO_CONNECTING pgs=0 cs=0 l=1 rev1=1 rx=0 tx=0).handle_hello peer v2:172.21.15.45:3300/0 says I am v2:172.21.15.45:36968/0 (socket says 172.21.15.45:36968)
2024-02-19T22:14:01.343 INFO:teuthology.orchestra.run.smithi045.stderr:/usr/bin/ceph:
2024-02-19T22:14:01.339+0000 7fce13fff700 1 -- 172.21.15.45:0/2506304819 learned_addr learned my addr 172.21.15.45:0/2506304819 (peer_addr_for_me v2:172.21.15.45:0/0)
2024-02-19T22:14:01.343 INFO:teuthology.orchestra.run.smithi045.stderr:/usr/bin/ceph:
2024-02-19T22:14:01.339+0000 7fce13fff700 1 -- 172.21.15.45:0/2506304819 --> [v2:172.21.15.45:3300/0,v1:172.21.15.45:6789/0] -- mon_subscribe({config=0+,monmap=0+}) v3 -- 0x7fce0400b200 con 0x7fce140703f0
2024-02-19T22:14:01.343 INFO:teuthology.orchestra.run.smithi045.stderr:/usr/bin/ceph:
2024-02-19T22:14:01.340+0000 7fce13fff700 1 --2- 172.21.15.45:0/2506304819 >> [v2:172.21.15.45:3300/0,v1:172.21.15.45:6789/0] conn(0x7fce140703f0 0x7fce140fc350 secure :-1 s=READY pgs=73 cs=0 l=1 rev1=1 rx=0x7fce0400e040 tx=0x7fce04006ee0).ready entity=mon.0 client_cookie=0 server_cookie=0 in_seq=0 out_seq=0
2024-02-19T22:14:01.343 INFO:teuthology.orchestra.run.smithi045.stderr:/usr/bin/ceph:
2024-02-19T22:14:01.340+0000 7fce10ff9700 1 -- 172.21.15.45:0/2506304819 <== mon.0 v2:172.21.15.45:3300/0 1 ==== mon_map magic: 0 v1 ==== 229+0+0 (secure 0 0 0) 0x7fce04011e10 con 0x7fce140703f0
2024-02-19T22:14:01.343 INFO:teuthology.orchestra.run.smithi045.stderr:/usr/bin/ceph:
2024-02-19T22:14:01.340+0000 7fce10ff9700 1 -- 172.21.15.45:0/2506304819 <== mon.0 v2:172.21.15.45:3300/0 2 ==== config(26 keys) v1 ==== 1109+0+0 (secure 0 0 0) 0x7fce0401b8e0 con 0x7fce140703f0
2024-02-19T22:14:01.343 INFO:teuthology.orchestra.run.smithi045.stderr:/usr/bin/ceph:
2024-02-19T22:14:01.340+0000 7fce10ff9700 1 -- 172.21.15.45:0/2506304819 <== mon.0 v2:172.21.15.45:3300/0 3 ==== mon_map magic: 0 v1 ==== 229+0+0 (secure 0 0 0) 0x7fce0401a930 con 0x7fce140703f0
2024-02-19T22:14:01.343 INFO:teuthology.orchestra.run.smithi045.stderr:/usr/bin/ceph:
2024-02-19T22:14:01.341+0000 7fce197d8700 1 -- 172.21.15.45:0/2506304819 --> [v2:172.21.15.45:3300/0,v1:172.21.15.45:6789/0] -- mon_subscribe({mgrmap=0+}) v3 -- 0x7fce140fa970 con 0x7fce140703f0
2024-02-19T22:14:01.343 INFO:teuthology.orchestra.run.smithi045.stderr:/usr/bin/ceph:
2024-02-19T22:14:01.341+0000 7fce197d8700 1 -- 172.21.15.45:0/2506304819 --> [v2:172.21.15.45:3300/0,v1:172.21.15.45:6789/0] -- mon_subscribe({osdmap=0}) v3 -- 0x7fce140fae00 con 0x7fce140703f0
