2024-02-19T22:13:38.352+0000 7f4d7526b700 1 -- 172.21.15.45:0/968338223 --> [v2:172.21.15.45:3300/0,v1:172.21.15.45:6789/0] -- mon_subscribe({config=0+,monmap=0+}) v3 -- 0x7f4d700fb580 con 0x7f4d700fab30
2024-02-19T22:13:38.389 INFO:teuthology.orchestra.run.smithi045.stderr:/usr/bin/ceph:
2024-02-19T22:13:38.353+0000 7f4d7526b700 1 --2- 172.21.15.45:0/968338223 >> [v2:172.21.15.45:3300/0,v1:172.21.15.45:6789/0] conn(0x7f4d700fab30 0x7f4d700faf50 secure :-1 s=READY pgs=41 cs=0 l=1 rev1=1 rx=0x7f4d6c00b5f0 tx=0x7f4d6c006ee0).ready entity=mon.0 client_cookie=c057fec3a0d104cc server_cookie=0 in_seq=0 out_seq=0
2024-02-19T22:13:38.389 INFO:teuthology.orchestra.run.smithi045.stderr:/usr/bin/ceph:
2024-02-19T22:13:38.353+0000 7f4d63fff700 1 -- 172.21.15.45:0/968338223 <== mon.0 v2:172.21.15.45:3300/0 1 ==== mon_map magic: 0 v1 ==== 229+0+0 (secure 0 0 0) 0x7f4d6c00d600 con 0x7f4d700fab30
2024-02-19T22:13:38.389 INFO:teuthology.orchestra.run.smithi045.stderr:/usr/bin/ceph:
2024-02-19T22:13:38.353+0000 7f4d63fff700 1 -- 172.21.15.45:0/968338223 <== mon.0 v2:172.21.15.45:3300/0 2 ==== config(26 keys) v1 ==== 1045+0+0 (secure 0 0 0) 0x7f4d6c00dbf0 con 0x7f4d700fab30
2024-02-19T22:13:38.389 INFO:teuthology.orchestra.run.smithi045.stderr:/usr/bin/ceph:
2024-02-19T22:13:38.353+0000 7f4d63fff700 1 -- 172.21.15.45:0/968338223 <== mon.0 v2:172.21.15.45:3300/0 3 ==== mon_map magic: 0 v1 ==== 229+0+0 (secure 0 0 0) 0x7f4d6c011cb0 con 0x7f4d700fab30
2024-02-19T22:13:38.389 INFO:teuthology.orchestra.run.smithi045.stderr:/usr/bin/ceph:
2024-02-19T22:13:38.353+0000 7f4d7626d700 1 -- 172.21.15.45:0/968338223 >> [v2:172.21.15.45:3300/0,v1:172.21.15.45:6789/0] conn(0x7f4d700fab30 msgr2=0x7f4d700faf50 secure :-1 s=STATE_CONNECTION_ESTABLISHED l=1).mark_down
2024-02-19T22:13:38.389 INFO:teuthology.orchestra.run.smithi045.stderr:/usr/bin/ceph:
2024-02-19T22:13:38.353+0000 7f4d7626d700 1 --2- 172.21.15.45:0/968338223 >> [v2:172.21.15.45:3300/0,v1:172.21.15.45:6789/0] conn(0x7f4d700fab30 0x7f4d700faf50 secure :-1 s=READY pgs=41 cs=0 l=1 rev1=1 rx=0x7f4d6c00b5f0 tx=0x7f4d6c006ee0).stop
2024-02-19T22:13:38.389 INFO:teuthology.orchestra.run.smithi045.stderr:/usr/bin/ceph:
2024-02-19T22:13:38.353+0000 7f4d7626d700 1 -- 172.21.15.45:0/968338223 shutdown_connections
2024-02-19T22:13:38.389 INFO:teuthology.orchestra.run.smithi045.stderr:/usr/bin/ceph:
2024-02-19T22:13:38.353+0000 7f4d7626d700 1 --2- 172.21.15.45:0/968338223 >> [v2:172.21.15.45:3300/0,v1:172.21.15.45:6789/0] conn(0x7f4d700fab30 0x7f4d700faf50 unknown :-1 s=CLOSED pgs=41 cs=0 l=1 rev1=1 rx=0 tx=0).stop
2024-02-19T22:13:38.389 INFO:teuthology.orchestra.run.smithi045.stderr:/usr/bin/ceph:
2024-02-19T22:13:38.353+0000 7f4d7626d700 1 -- 172.21.15.45:0/968338223 >> 172.21.15.45:0/968338223 conn(0x7f4d700f6390 msgr2=0x7f4d700f87b0 unknown :-1 s=STATE_NONE l=0).mark_down
2024-02-19T22:13:38.389 INFO:teuthology.orchestra.run.smithi045.stderr:/usr/bin/ceph:
2024-02-19T22:13:38.353+0000 7f4d7626d700 1 -- 172.21.15.45:0/968338223 shutdown_connections
2024-02-19T22:13:38.389 INFO:teuthology.orchestra.run.smithi045.stderr:/usr/bin/ceph:
2024-02-19T22:13:38.353+0000 7f4d7626d700 1 -- 172.21.15.45:0/968338223 wait complete.
2024-02-19T22:13:38.390 INFO:teuthology.orchestra.run.smithi045.stderr:/usr/bin/ceph:
2024-02-19T22:13:38.354+0000 7f4d7626d700 1 Processor -- start
2024-02-19T22:13:38.390 INFO:teuthology.orchestra.run.smithi045.stderr:/usr/bin/ceph:
2024-02-19T22:13:38.354+0000 7f4d7626d700 1 -- start start
2024-02-19T22:13:38.390 INFO:teuthology.orchestra.run.smithi045.stderr:/usr/bin/ceph:
2024-02-19T22:13:38.354+0000 7f4d7626d700 1 --2- >> [v2:172.21.15.45:3300/0,v1:172.21.15.45:6789/0] conn(0x7f4d700fab30 0x7f4d7010a970 unknown :-1 s=NONE pgs=0 cs=0 l=1 rev1=0 rx=0 tx=0).connect
2024-02-19T22:13:38.390 INFO:teuthology.orchestra.run.smithi045.stderr:/usr/bin/ceph:
2024-02-19T22:13:38.354+0000 7f4d7626d700 1 -- --> [v2:172.21.15.45:3300/0,v1:172.21.15.45:6789/0] -- mon_getmap magic: 0 v1 -- 0x7f4d7010ae60 con 0x7f4d700fab30
2024-02-19T22:13:38.390 INFO:teuthology.orchestra.run.smithi045.stderr:/usr/bin/ceph:
2024-02-19T22:13:38.354+0000 7f4d7526b700 1 --2- >> [v2:172.21.15.45:3300/0,v1:172.21.15.45:6789/0] conn(0x7f4d700fab30 0x7f4d7010a970 unknown :-1 s=BANNER_CONNECTING pgs=0 cs=0 l=1 rev1=0 rx=0 tx=0)._handle_peer_banner_payload supported=1 required=0
2024-02-19T22:13:38.390 INFO:teuthology.orchestra.run.smithi045.stderr:/usr/bin/ceph:
2024-02-19T22:13:38.354+0000 7f4d7526b700 1 --2- >> [v2:172.21.15.45:3300/0,v1:172.21.15.45:6789/0] conn(0x7f4d700fab30 0x7f4d7010a970 unknown :-1 s=HELLO_CONNECTING pgs=0 cs=0 l=1 rev1=1 rx=0 tx=0).handle_hello peer v2:172.21.15.45:3300/0 says I am v2:172.21.15.45:45976/0 (socket says 172.21.15.45:45976)
2024-02-19T22:13:38.390 INFO:teuthology.orchestra.run.smithi045.stderr:/usr/bin/ceph:
2024-02-19T22:13:38.354+0000 7f4d7526b700 1 -- 172.21.15.45:0/966472873 learned_addr learned my addr 172.21.15.45:0/966472873 (peer_addr_for_me v2:172.21.15.45:0/0)
2024-02-19T22:13:38.390 INFO:teuthology.orchestra.run.smithi045.stderr:/usr/bin/ceph:
2024-02-19T22:13:38.355+0000 7f4d7526b700 1 -- 172.21.15.45:0/966472873 --> [v2:172.21.15.45:3300/0,v1:172.21.15.45:6789/0] -- mon_subscribe({config=0+,monmap=0+}) v3 -- 0x7f4d6c00b200 con 0x7f4d700fab30
2024-02-19T22:13:38.390 INFO:teuthology.orchestra.run.smithi045.stderr:/usr/bin/ceph:
2024-02-19T22:13:38.355+0000 7f4d7526b700 1 --2- 172.21.15.45:0/966472873 >> [v2:172.21.15.45:3300/0,v1:172.21.15.45:6789/0] conn(0x7f4d700fab30 0x7f4d7010a970 secure :-1 s=READY pgs=42 cs=0 l=1 rev1=1 rx=0x7f4d6c011ea0 tx=0x7f4d6c006ee0).ready entity=mon.0 client_cookie=0 server_cookie=0 in_seq=0 out_seq=0
2024-02-19T22:13:38.390 INFO:teuthology.orchestra.run.smithi045.stderr:/usr/bin/ceph:
2024-02-19T22:13:38.355+0000 7f4d61ffb700 1 -- 172.21.15.45:0/966472873 <== mon.0 v2:172.21.15.45:3300/0 1 ==== mon_map magic: 0 v1 ==== 229+0+0 (secure 0 0 0) 0x7f4d6c01b570 con 0x7f4d700fab30
2024-02-19T22:13:38.390 INFO:teuthology.orchestra.run.smithi045.stderr:/usr/bin/ceph:
2024-02-19T22:13:38.355+0000 7f4d61ffb700 1 -- 172.21.15.45:0/966472873 <== mon.0 v2:172.21.15.45:3300/0 2 ==== config(26 keys) v1 ==== 1045+0+0 (secure 0 0 0) 0x7f4d6c01bb60 con 0x7f4d700fab30
2024-02-19T22:13:38.390 INFO:teuthology.orchestra.run.smithi045.stderr:/usr/bin/ceph:
2024-02-19T22:13:38.355+0000 7f4d7626d700 1 -- 172.21.15.45:0/966472873 --> [v2:172.21.15.45:3300/0,v1:172.21.15.45:6789/0] -- mon_subscribe({mgrmap=0+}) v3 -- 0x7f4d7010b060 con 0x7f4d700fab30
2024-02-19T22:13:38.390 INFO:teuthology.orchestra.run.smithi045.stderr:/usr/bin/ceph:
2024-02-19T22:13:38.355+0000 7f4d61ffb700 1 -- 172.21.15.45:0/966472873 <== mon.0 v2:172.21.15.45:3300/0 3 ==== mon_map magic: 0 v1 ==== 229+0+0 (secure 0 0 0) 0x7f4d6c01a8d0 con 0x7f4d700fab30
2024-02-19T22:13:38.390 INFO:teuthology.orchestra.run.smithi045.stderr:/usr/bin/ceph:
2024-02-19T22:13:38.355+0000 7f4d7626d700 1 -- 172.21.15.45:0/966472873 --> [v2:172.21.15.45:3300/0,v1:172.21.15.45:6789/0] -- mon_subscribe({osdmap=0}) v3 -- 0x7f4d7010b4f0 con 0x7f4d700fab30
2024-02-19T22:13:38.390 INFO:teuthology.orchestra.run.smithi045.stderr:/usr/bin/ceph:
2024-02-19T22:13:38.356+0000 7f4d61ffb700 1 -- 172.21.15.45:0/966472873 <== mon.0 v2:172.21.15.45:3300/0 4 ==== mgrmap(e 8) v1 ==== 36120+0+0 (secure 0 0 0) 0x7f4d6c00f070 con 0x7f4d700fab30
2024-02-19T22:13:38.391 INFO:teuthology.orchestra.run.smithi045.stderr:/usr/bin/ceph:
2024-02-19T22:13:38.356+0000 7f4d61ffb700 1 --2- 172.21.15.45:0/966472873 >> [v2:172.21.15.45:6800/62557027,v1:172.21.15.45:6801/62557027] conn(0x7f4d5802fe10 0x7f4d580322d0 unknown :-1 s=NONE pgs=0 cs=0 l=1 rev1=0 rx=0 tx=0).connect
2024-02-19T22:13:38.391 INFO:teuthology.orchestra.run.smithi045.stderr:/usr/bin/ceph:
2024-02-19T22:13:38.356+0000 7f4d61ffb700 1 -- 172.21.15.45:0/966472873 <== mon.0 v2:172.21.15.45:3300/0 5 ==== osd_map(2..2 src has 1..2) v4 ==== 926+0+0 (secure 0 0 0) 0x7f4d6c041450 con 0x7f4d700fab30
2024-02-19T22:13:38.391 INFO:teuthology.orchestra.run.smithi045.stderr:/usr/bin/ceph:
2024-02-19T22:13:38.356+0000 7f4d7626d700 1 -- 172.21.15.45:0/966472873 --> [v2:172.21.15.45:3300/0,v1:172.21.15.45:6789/0] -- mon_command({"prefix": "get_command_descriptions"} v 0) v1 -- 0x7f4d70045ad0 con 0x7f4d700fab30
2024-02-19T22:13:38.391 INFO:teuthology.orchestra.run.smithi045.stderr:/usr/bin/ceph:
2024-02-19T22:13:38.356+0000 7f4d74a6a700 1 --2- 172.21.15.45:0/966472873 >> [v2:172.21.15.45:6800/62557027,v1:172.21.15.45:6801/62557027] conn(0x7f4d5802fe10 0x7f4d580322d0 unknown :-1 s=BANNER_CONNECTING pgs=0 cs=0 l=1 rev1=0 rx=0 tx=0)._handle_peer_banner_payload supported=1 required=0
2024-02-19T22:13:38.391 INFO:teuthology.orchestra.run.smithi045.stderr:/usr/bin/ceph:
2024-02-19T22:13:38.356+0000 7f4d74a6a700 1 --2- 172.21.15.45:0/966472873 >> [v2:172.21.15.45:6800/62557027,v1:172.21.15.45:6801/62557027] conn(0x7f4d5802fe10 0x7f4d580322d0 secure :-1 s=READY pgs=12 cs=0 l=1 rev1=1 rx=0x7f4d640096a0 tx=0x7f4d64006b40).ready entity=mgr.14114 client_cookie=0 server_cookie=0 in_seq=0 out_seq=0
2024-02-19T22:13:38.391 INFO:teuthology.orchestra.run.smithi045.stderr:/usr/bin/ceph:
2024-02-19T22:13:38.360+0000 7f4d61ffb700 1 -- 172.21.15.45:0/966472873 <== mon.0 v2:172.21.15.45:3300/0 6 ==== mon_command_ack([{"prefix": "get_command_descriptions"}]=0 v0) v1 ==== 72+0+152212 (secure 0 0 0) 0x7f4d6c016070 con 0x7f4d700fab30
2024-02-19T22:13:38.391 INFO:journalctl@ceph.mon.smithi045.smithi045.stdout:Feb 19 22:13:38 smithi045 ceph-f6020aec-cf73-11ee-95bb-87774f69a715-mon.smithi045[38092]: audit
2024-02-19T22:13:37.196405+0000 mgr.smithi045.bvlamo (mgr.14114) 10 : audit [DBG] from='client.14134 -' entity='client.admin' cmd=[{"prefix": "orch apply", "service_type": "mon", "target": ["mon-mgr", ""]}]: dispatch
2024-02-19T22:13:38.391 INFO:journalctl@ceph.mon.smithi045.smithi045.stdout:Feb 19 22:13:38 smithi045 ceph-f6020aec-cf73-11ee-95bb-87774f69a715-mon.smithi045[38092]: cephadm
2024-02-19T22:13:37.197168+0000 mgr.smithi045.bvlamo (mgr.14114) 11 : cephadm [INF] Saving service mon spec with placement count:5
2024-02-19T22:13:38.391 INFO:journalctl@ceph.mon.smithi045.smithi045.stdout:Feb 19 22:13:38 smithi045 ceph-f6020aec-cf73-11ee-95bb-87774f69a715-mon.smithi045[38092]: audit
2024-02-19T22:13:37.199395+0000 mon.smithi045 (mon.0) 56 : audit [INF] from='mgr.14114 172.21.15.45:0/567225831' entity='mgr.smithi045.bvlamo'
2024-02-19T22:13:38.549 INFO:teuthology.orchestra.run.smithi045.stderr:/usr/bin/ceph:
2024-02-19T22:13:38.547+0000 7f4d7626d700 1 -- 172.21.15.45:0/966472873 --> [v2:172.21.15.45:6800/62557027,v1:172.21.15.45:6801/62557027] -- mgr_command(tid 0: {"prefix": "orch apply", "service_type": "mgr", "target": ["mon-mgr", ""]}) v1 -- 0x7f4d7010be10 con 0x7f4d5802fe10
2024-02-19T22:13:38.552 INFO:teuthology.orchestra.run.smithi045.stderr:/usr/bin/ceph:
2024-02-19T22:13:38.551+0000 7f4d61ffb700 1 -- 172.21.15.45:0/966472873 <== mgr.14114 v2:172.21.15.45:6800/62557027 1 ==== mgr_command_reply(tid 0: 0 ) v1 ==== 8+0+24 (secure 0 0 0) 0x7f4d7010be10 con 0x7f4d5802fe10
2024-02-19T22:13:38.553 INFO:teuthology.orchestra.run.smithi045.stderr:/usr/bin/ceph: Scheduled mgr update...
2024-02-19T22:13:38.555 INFO:teuthology.orchestra.run.smithi045.stderr:/usr/bin/ceph:
2024-02-19T22:13:38.553+0000 7f4d7626d700 1 -- 172.21.15.45:0/966472873 >> [v2:172.21.15.45:6800/62557027,v1:172.21.15.45:6801/62557027] conn(0x7f4d5802fe10 msgr2=0x7f4d580322d0 secure :-1 s=STATE_CONNECTION_ESTABLISHED l=1).mark_down
2024-02-19T22:13:38.555 INFO:teuthology.orchestra.run.smithi045.stderr:/usr/bin/ceph:
2024-02-19T22:13:38.553+0000 7f4d7626d700 1 --2- 172.21.15.45:0/966472873 >> [v2:172.21.15.45:6800/62557027,v1:172.21.15.45:6801/62557027] conn(0x7f4d5802fe10 0x7f4d580322d0 secure :-1 s=READY pgs=12 cs=0 l=1 rev1=1 rx=0x7f4d640096a0 tx=0x7f4d64006b40).stop
2024-02-19T22:13:38.555 INFO:teuthology.orchestra.run.smithi045.stderr:/usr/bin/ceph:
2024-02-19T22:13:38.553+0000 7f4d7626d700 1 -- 172.21.15.45:0/966472873 >> [v2:172.21.15.45:3300/0,v1:172.21.15.45:6789/0] conn(0x7f4d700fab30 msgr2=0x7f4d7010a970 secure :-1 s=STATE_CONNECTION_ESTABLISHED l=1).mark_down
2024-02-19T22:13:38.555 INFO:teuthology.orchestra.run.smithi045.stderr:/usr/bin/ceph:
2024-02-19T22:13:38.553+0000 7f4d7626d700 1 --2- 172.21.15.45:0/966472873 >> [v2:172.21.15.45:3300/0,v1:172.21.15.45:6789/0] conn(0x7f4d700fab30 0x7f4d7010a970 secure :-1 s=READY pgs=42 cs=0 l=1 rev1=1 rx=0x7f4d6c011ea0 tx=0x7f4d6c006ee0).stop
2024-02-19T22:13:38.555 INFO:teuthology.orchestra.run.smithi045.stderr:/usr/bin/ceph:
2024-02-19T22:13:38.553+0000 7f4d7626d700 1 -- 172.21.15.45:0/966472873 shutdown_connections
2024-02-19T22:13:38.555 INFO:teuthology.orchestra.run.smithi045.stderr:/usr/bin/ceph:
2024-02-19T22:13:38.553+0000 7f4d7626d700 1 --2- 172.21.15.45:0/966472873 >> [v2:172.21.15.45:6800/62557027,v1:172.21.15.45:6801/62557027] conn(0x7f4d5802fe10 0x7f4d580322d0 unknown :-1 s=CLOSED pgs=12 cs=0 l=1 rev1=1 rx=0 tx=0).stop
2024-02-19T22:13:38.555 INFO:teuthology.orchestra.run.smithi045.stderr:/usr/bin/ceph:
2024-02-19T22:13:38.553+0000 7f4d7626d700 1 --2- 172.21.15.45:0/966472873 >> [v2:172.21.15.45:3300/0,v1:172.21.15.45:6789/0] conn(0x7f4d700fab30 0x7f4d7010a970 unknown :-1 s=CLOSED pgs=42 cs=0 l=1 rev1=1 rx=0 tx=0).stop
2024-02-19T22:13:38.555 INFO:teuthology.orchestra.run.smithi045.stderr:/usr/bin/ceph:
2024-02-19T22:13:38.553+0000 7f4d7626d700 1 -- 172.21.15.45:0/966472873 >> 172.21.15.45:0/966472873 conn(0x7f4d700f6390 msgr2=0x7f4d70070050 unknown :-1 s=STATE_NONE l=0).mark_down
2024-02-19T22:13:38.555 INFO:teuthology.orchestra.run.smithi045.stderr:/usr/bin/ceph:
2024-02-19T22:13:38.553+0000 7f4d7626d700 1 -- 172.21.15.45:0/966472873 shutdown_connections
2024-02-19T22:13:38.556 INFO:teuthology.orchestra.run.smithi045.stderr:/usr/bin/ceph:
2024-02-19T22:13:38.553+0000 7f4d7626d700 1 -- 172.21.15.45:0/966472873 wait complete.
2024-02-19T22:13:39.174 INFO:teuthology.orchestra.run.smithi045.stderr:Deploying crash service with default placement...
2024-02-19T22:13:39.174 INFO:teuthology.orchestra.run.smithi045.stderr:Running command: /bin/podman run --rm --ipc=host --no-hosts --net=host --entrypoint /usr/bin/ceph --init -e CONTAINER_IMAGE=docker.io/ceph/ceph:v16.2.4 -e NODE_NAME=smithi045 -e CEPH_USE_RANDOM_NONCE=1 -v /var/log/ceph/f6020aec-cf73-11ee-95bb-87774f69a715:/var/log/ceph:z -v /tmp/ceph-tmp0319umfa:/etc/ceph/ceph.client.admin.keyring:z -v /tmp/ceph-tmph7b0n6i4:/etc/ceph/ceph.conf:z docker.io/ceph/ceph:v16.2.4 orch apply crash
2024-02-19T22:13:39.816 INFO:teuthology.orchestra.run.smithi045.stderr:/usr/bin/ceph:
2024-02-19T22:13:39.812+0000 7f41093a0700 1 Processor -- start
2024-02-19T22:13:39.816 INFO:teuthology.orchestra.run.smithi045.stderr:/usr/bin/ceph:
2024-02-19T22:13:39.812+0000 7f41093a0700 1 -- start start
2024-02-19T22:13:39.816 INFO:teuthology.orchestra.run.smithi045.stderr:/usr/bin/ceph:
2024-02-19T22:13:39.812+0000 7f41093a0700 1 --2- >> [v2:172.21.15.45:3300/0,v1:172.21.15.45:6789/0] conn(0x7f4104070430 0x7f41040fe890 unknown :-1 s=NONE pgs=0 cs=0 l=0 rev1=0 rx=0 tx=0).connect
2024-02-19T22:13:39.816 INFO:teuthology.orchestra.run.smithi045.stderr:/usr/bin/ceph:
2024-02-19T22:13:39.812+0000 7f41093a0700 1 -- --> [v2:172.21.15.45:3300/0,v1:172.21.15.45:6789/0] -- mon_getmap magic: 0 v1 -- 0x7f41040fed80 con 0x7f4104070430
2024-02-19T22:13:39.816 INFO:teuthology.orchestra.run.smithi045.stderr:/usr/bin/ceph:
2024-02-19T22:13:39.812+0000 7f4103fff700 1 --2- >> [v2:172.21.15.45:3300/0,v1:172.21.15.45:6789/0] conn(0x7f4104070430 0x7f41040fe890 unknown :-1 s=BANNER_CONNECTING pgs=0 cs=0 l=0 rev1=0 rx=0 tx=0)._handle_peer_banner_payload supported=1 required=0
2024-02-19T22:13:39.816 INFO:teuthology.orchestra.run.smithi045.stderr:/usr/bin/ceph:
2024-02-19T22:13:39.812+0000 7f4103fff700 1 --2- >> [v2:172.21.15.45:3300/0,v1:172.21.15.45:6789/0] conn(0x7f4104070430 0x7f41040fe890 unknown :-1 s=HELLO_CONNECTING pgs=0 cs=0 l=0 rev1=1 rx=0 tx=0).handle_hello peer v2:172.21.15.45:3300/0 says I am v2:172.21.15.45:45980/0 (socket says 172.21.15.45:45980)
2024-02-19T22:13:39.816 INFO:teuthology.orchestra.run.smithi045.stderr:/usr/bin/ceph:
2024-02-19T22:13:39.812+0000 7f4103fff700 1 -- 172.21.15.45:0/3638671915 learned_addr learned my addr 172.21.15.45:0/3638671915 (peer_addr_for_me v2:172.21.15.45:0/0)
2024-02-19T22:13:39.816 INFO:teuthology.orchestra.run.smithi045.stderr:/usr/bin/ceph:
2024-02-19T22:13:39.813+0000 7f4103fff700 1 -- 172.21.15.45:0/3638671915 --> [v2:172.21.15.45:3300/0,v1:172.21.15.45:6789/0] -- mon_subscribe({config=0+,monmap=0+}) v3 -- 0x7f41040feec0 con 0x7f4104070430
2024-02-19T22:13:39.816 INFO:teuthology.orchestra.run.smithi045.stderr:/usr/bin/ceph:
2024-02-19T22:13:39.813+0000 7f4103fff700 1 --2- 172.21.15.45:0/3638671915 >> [v2:172.21.15.45:3300/0,v1:172.21.15.45:6789/0] conn(0x7f4104070430 0x7f41040fe890 secure :-1 s=READY pgs=43 cs=0 l=1 rev1=1 rx=0x7f40f400b5f0 tx=0x7f40f4006ee0).ready entity=mon.0 client_cookie=cb7312a9b1d382ac server_cookie=0 in_seq=0 out_seq=0
2024-02-19T22:13:39.816 INFO:teuthology.orchestra.run.smithi045.stderr:/usr/bin/ceph:
2024-02-19T22:13:39.813+0000 7f4102ffd700 1 -- 172.21.15.45:0/3638671915 <== mon.0 v2:172.21.15.45:3300/0 1 ==== mon_map magic: 0 v1 ==== 229+0+0 (secure 0 0 0) 0x7f40f400d600 con 0x7f4104070430
2024-02-19T22:13:39.816 INFO:teuthology.orchestra.run.smithi045.stderr:/usr/bin/ceph:
2024-02-19T22:13:39.813+0000 7f4102ffd700 1 -- 172.21.15.45:0/3638671915 <== mon.0 v2:172.21.15.45:3300/0 2 ==== config(26 keys) v1 ==== 1045+0+0 (secure 0 0 0) 0x7f40f400dbf0 con 0x7f4104070430
2024-02-19T22:13:39.817 INFO:teuthology.orchestra.run.smithi045.stderr:/usr/bin/ceph:
2024-02-19T22:13:39.813+0000 7f4102ffd700 1 -- 172.21.15.45:0/3638671915 <== mon.0 v2:172.21.15.45:3300/0 3 ==== mon_map magic: 0 v1 ==== 229+0+0 (secure 0 0 0) 0x7f40f4011cb0 con 0x7f4104070430
2024-02-19T22:13:39.817 INFO:teuthology.orchestra.run.smithi045.stderr:/usr/bin/ceph:
2024-02-19T22:13:39.813+0000 7f41093a0700 1 -- 172.21.15.45:0/3638671915 >> [v2:172.21.15.45:3300/0,v1:172.21.15.45:6789/0] conn(0x7f4104070430 msgr2=0x7f41040fe890 secure :-1 s=STATE_CONNECTION_ESTABLISHED l=1).mark_down
2024-02-19T22:13:39.817 INFO:teuthology.orchestra.run.smithi045.stderr:/usr/bin/ceph:
2024-02-19T22:13:39.813+0000 7f41093a0700 1 --2- 172.21.15.45:0/3638671915 >> [v2:172.21.15.45:3300/0,v1:172.21.15.45:6789/0] conn(0x7f4104070430 0x7f41040fe890 secure :-1 s=READY pgs=43 cs=0 l=1 rev1=1 rx=0x7f40f400b5f0 tx=0x7f40f4006ee0).stop
2024-02-19T22:13:39.817 INFO:teuthology.orchestra.run.smithi045.stderr:/usr/bin/ceph:
2024-02-19T22:13:39.813+0000 7f41093a0700 1 -- 172.21.15.45:0/3638671915 shutdown_connections
2024-02-19T22:13:39.817 INFO:teuthology.orchestra.run.smithi045.stderr:/usr/bin/ceph:
2024-02-19T22:13:39.813+0000 7f41093a0700 1 --2- 172.21.15.45:0/3638671915 >> [v2:172.21.15.45:3300/0,v1:172.21.15.45:6789/0] conn(0x7f4104070430 0x7f41040fe890 unknown :-1 s=CLOSED pgs=43 cs=0 l=1 rev1=1 rx=0 tx=0).stop
2024-02-19T22:13:39.817 INFO:teuthology.orchestra.run.smithi045.stderr:/usr/bin/ceph:
2024-02-19T22:13:39.814+0000 7f41093a0700 1 -- 172.21.15.45:0/3638671915 >> 172.21.15.45:0/3638671915 conn(0x7f41040f6390 msgr2=0x7f41040f87b0 unknown :-1 s=STATE_NONE l=0).mark_down
2024-02-19T22:13:39.817 INFO:teuthology.orchestra.run.smithi045.stderr:/usr/bin/ceph:
2024-02-19T22:13:39.814+0000 7f41093a0700 1 -- 172.21.15.45:0/3638671915 shutdown_connections
2024-02-19T22:13:39.817 INFO:teuthology.orchestra.run.smithi045.stderr:/usr/bin/ceph:
2024-02-19T22:13:39.814+0000 7f41093a0700 1 -- 172.21.15.45:0/3638671915 wait complete.
2024-02-19T22:13:39.817 INFO:teuthology.orchestra.run.smithi045.stderr:/usr/bin/ceph:
2024-02-19T22:13:39.814+0000 7f41093a0700 1 Processor -- start
2024-02-19T22:13:39.817 INFO:teuthology.orchestra.run.smithi045.stderr:/usr/bin/ceph:
2024-02-19T22:13:39.814+0000 7f41093a0700 1 -- start start
2024-02-19T22:13:39.819 INFO:teuthology.orchestra.run.smithi045.stderr:/usr/bin/ceph:
2024-02-19T22:13:39.815+0000 7f41093a0700 1 --2- >> [v2:172.21.15.45:3300/0,v1:172.21.15.45:6789/0] conn(0x7f4104070430 0x7f41040fc310 unknown :-1 s=NONE pgs=0 cs=0 l=1 rev1=0 rx=0 tx=0).connect
2024-02-19T22:13:39.819 INFO:teuthology.orchestra.run.smithi045.stderr:/usr/bin/ceph:
2024-02-19T22:13:39.815+0000 7f41093a0700 1 -- --> [v2:172.21.15.45:3300/0,v1:172.21.15.45:6789/0] -- mon_getmap magic: 0 v1 -- 0x7f41040fa790 con 0x7f4104070430
2024-02-19T22:13:39.819 INFO:teuthology.orchestra.run.smithi045.stderr:/usr/bin/ceph:
2024-02-19T22:13:39.815+0000 7f4103fff700 1 --2- >> [v2:172.21.15.45:3300/0,v1:172.21.15.45:6789/0] conn(0x7f4104070430 0x7f41040fc310 unknown :-1 s=BANNER_CONNECTING pgs=0 cs=0 l=1 rev1=0 rx=0 tx=0)._handle_peer_banner_payload supported=1 required=0
2024-02-19T22:13:39.819 INFO:teuthology.orchestra.run.smithi045.stderr:/usr/bin/ceph:
2024-02-19T22:13:39.815+0000 7f4103fff700 1 --2- >> [v2:172.21.15.45:3300/0,v1:172.21.15.45:6789/0] conn(0x7f4104070430 0x7f41040fc310 unknown :-1 s=HELLO_CONNECTING pgs=0 cs=0 l=1 rev1=1 rx=0 tx=0).handle_hello peer v2:172.21.15.45:3300/0 says I am v2:172.21.15.45:45990/0 (socket says 172.21.15.45:45990)
2024-02-19T22:13:39.819 INFO:teuthology.orchestra.run.smithi045.stderr:/usr/bin/ceph:
2024-02-19T22:13:39.815+0000 7f4103fff700 1 -- 172.21.15.45:0/2971977819 learned_addr learned my addr 172.21.15.45:0/2971977819 (peer_addr_for_me v2:172.21.15.45:0/0)
2024-02-19T22:13:39.819 INFO:teuthology.orchestra.run.smithi045.stderr:/usr/bin/ceph:
2024-02-19T22:13:39.815+0000 7f4103fff700 1 -- 172.21.15.45:0/2971977819 --> [v2:172.21.15.45:3300/0,v1:172.21.15.45:6789/0] -- mon_subscribe({config=0+,monmap=0+}) v3 -- 0x7f40f400b200 con 0x7f4104070430
2024-02-19T22:13:39.819 INFO:teuthology.orchestra.run.smithi045.stderr:/usr/bin/ceph:
2024-02-19T22:13:39.815+0000 7f4103fff700 1 --2- 172.21.15.45:0/2971977819 >> [v2:172.21.15.45:3300/0,v1:172.21.15.45:6789/0] conn(0x7f4104070430 0x7f41040fc310 secure :-1 s=READY pgs=44 cs=0 l=1 rev1=1 rx=0x7f40f400df90 tx=0x7f40f4006ee0).ready entity=mon.0 client_cookie=0 server_cookie=0 in_seq=0 out_seq=0
2024-02-19T22:13:39.820 INFO:teuthology.orchestra.run.smithi045.stderr:/usr/bin/ceph:
2024-02-19T22:13:39.815+0000 7f4100ff9700 1 -- 172.21.15.45:0/2971977819 <== mon.0 v2:172.21.15.45:3300/0 1 ==== mon_map magic: 0 v1 ==== 229+0+0 (secure 0 0 0) 0x7f40f401b410 con 0x7f4104070430
2024-02-19T22:13:39.820 INFO:teuthology.orchestra.run.smithi045.stderr:/usr/bin/ceph:
2024-02-19T22:13:39.815+0000 7f4100ff9700 1 -- 172.21.15.45:0/2971977819 <== mon.0 v2:172.21.15.45:3300/0 2 ==== config(26 keys) v1 ==== 1045+0+0 (secure 0 0 0) 0x7f40f401ba00 con 0x7f4104070430
2024-02-19T22:13:39.820 INFO:teuthology.orchestra.run.smithi045.stderr:/usr/bin/ceph:
2024-02-19T22:13:39.815+0000 7f41093a0700 1 -- 172.21.15.45:0/2971977819 --> [v2:172.21.15.45:3300/0,v1:172.21.15.45:6789/0] -- mon_subscribe({mgrmap=0+}) v3 -- 0x7f41040fa930 con 0x7f4104070430
2024-02-19T22:13:39.820 INFO:teuthology.orchestra.run.smithi045.stderr:/usr/bin/ceph:
2024-02-19T22:13:39.815+0000 7f4100ff9700 1 -- 172.21.15.45:0/2971977819 <== mon.0 v2:172.21.15.45:3300/0 3 ==== mon_map magic: 0 v1 ==== 229+0+0 (secure 0 0 0) 0x7f40f401aa30 con 0x7f4104070430
2024-02-19T22:13:39.820 INFO:teuthology.orchestra.run.smithi045.stderr:/usr/bin/ceph:
2024-02-19T22:13:39.816+0000 7f41093a0700 1 -- 172.21.15.45:0/2971977819 --> [v2:172.21.15.45:3300/0,v1:172.21.15.45:6789/0] -- mon_subscribe({osdmap=0}) v3 -- 0x7f41040fadc0 con 0x7f4104070430
2024-02-19T22:13:39.820 INFO:teuthology.orchestra.run.smithi045.stderr:/usr/bin/ceph:
2024-02-19T22:13:39.816+0000 7f4100ff9700 1 -- 172.21.15.45:0/2971977819 <== mon.0 v2:172.21.15.45:3300/0 4 ==== mgrmap(e 8) v1 ==== 36120+0+0 (secure 0 0 0) 0x7f40f400f070 con 0x7f4104070430
2024-02-19T22:13:39.820 INFO:teuthology.orchestra.run.smithi045.stderr:/usr/bin/ceph:
2024-02-19T22:13:39.817+0000 7f41093a0700 1 -- 172.21.15.45:0/2971977819 --> [v2:172.21.15.45:3300/0,v1:172.21.15.45:6789/0] -- mon_command({"prefix": "get_command_descriptions"} v 0) v1 -- 0x7f4104045ad0 con 0x7f4104070430
2024-02-19T22:13:39.820 INFO:teuthology.orchestra.run.smithi045.stderr:/usr/bin/ceph:
2024-02-19T22:13:39.817+0000 7f4100ff9700 1 --2- 172.21.15.45:0/2971977819 >> [v2:172.21.15.45:6800/62557027,v1:172.21.15.45:6801/62557027] conn(0x7f40f002fe70 0x7f40f0032330 unknown :-1 s=NONE pgs=0 cs=0 l=1 rev1=0 rx=0 tx=0).connect
2024-02-19T22:13:39.822 INFO:teuthology.orchestra.run.smithi045.stderr:/usr/bin/ceph:
2024-02-19T22:13:39.817+0000 7f4100ff9700 1 -- 172.21.15.45:0/2971977819 <== mon.0 v2:172.21.15.45:3300/0 5 ==== osd_map(2..2 src has 1..2) v4 ==== 926+0+0 (secure 0 0 0) 0x7f40f4041140 con 0x7f4104070430
2024-02-19T22:13:39.822 INFO:teuthology.orchestra.run.smithi045.stderr:/usr/bin/ceph:
2024-02-19T22:13:39.817+0000 7f41037fe700 1 --2- 172.21.15.45:0/2971977819 >> [v2:172.21.15.45:6800/62557027,v1:172.21.15.45:6801/62557027] conn(0x7f40f002fe70 0x7f40f0032330 unknown :-1 s=BANNER_CONNECTING pgs=0 cs=0 l=1 rev1=0 rx=0 tx=0)._handle_peer_banner_payload supported=1 required=0
2024-02-19T22:13:39.822 INFO:teuthology.orchestra.run.smithi045.stderr:/usr/bin/ceph:
2024-02-19T22:13:39.817+0000 7f41037fe700 1 --2- 172.21.15.45:0/2971977819 >> [v2:172.21.15.45:6800/62557027,v1:172.21.15.45:6801/62557027] conn(0x7f40f002fe70 0x7f40f0032330 secure :-1 s=READY pgs=13 cs=0 l=1 rev1=1 rx=0x7f40f80096a0 tx=0x7f40f8006b40).ready entity=mgr.14114 client_cookie=0 server_cookie=0 in_seq=0 out_seq=0
2024-02-19T22:13:39.822 INFO:teuthology.orchestra.run.smithi045.stderr:/usr/bin/ceph:
2024-02-19T22:13:39.821+0000 7f4100ff9700 1 -- 172.21.15.45:0/2971977819 <== mon.0 v2:172.21.15.45:3300/0 6 ==== mon_command_ack([{"prefix": "get_command_descriptions"}]=0 v0) v1 ==== 72+0+152212 (secure 0 0 0) 0x7f40f401ab90 con 0x7f4104070430
2024-02-19T22:13:39.890 INFO:journalctl@ceph.mon.smithi045.smithi045.stdout:Feb 19 22:13:39 smithi045 ceph-f6020aec-cf73-11ee-95bb-87774f69a715-mon.smithi045[38092]: audit
2024-02-19T22:13:38.549405+0000 mgr.smithi045.bvlamo (mgr.14114) 12 : audit [DBG] from='client.14136 -' entity='client.admin' cmd=[{"prefix": "orch apply", "service_type": "mgr", "target": ["mon-mgr", ""]}]: dispatch
2024-02-19T22:13:39.890 INFO:journalctl@ceph.mon.smithi045.smithi045.stdout:Feb 19 22:13:39 smithi045 ceph-f6020aec-cf73-11ee-95bb-87774f69a715-mon.smithi045[38092]: cephadm
2024-02-19T22:13:38.549907+0000 mgr.smithi045.bvlamo (mgr.14114) 13 : cephadm [INF] Saving service mgr spec with placement count:2
2024-02-19T22:13:39.890 INFO:journalctl@ceph.mon.smithi045.smithi045.stdout:Feb 19 22:13:39 smithi045 ceph-f6020aec-cf73-11ee-95bb-87774f69a715-mon.smithi045[38092]: audit
2024-02-19T22:13:38.552102+0000 mon.smithi045 (mon.0) 57 : audit [INF] from='mgr.14114 172.21.15.45:0/567225831' entity='mgr.smithi045.bvlamo'
2024-02-19T22:13:40.009 INFO:teuthology.orchestra.run.smithi045.stderr:/usr/bin/ceph:
2024-02-19T22:13:40.007+0000 7f41093a0700 1 -- 172.21.15.45:0/2971977819 --> [v2:172.21.15.45:6800/62557027,v1:172.21.15.45:6801/62557027] -- mgr_command(tid 0: {"prefix": "orch apply", "service_type": "crash", "target": ["mon-mgr", ""]}) v1 -- 0x7f41040fb000 con 0x7f40f002fe70
2024-02-19T22:13:40.012 INFO:teuthology.orchestra.run.smithi045.stderr:/usr/bin/ceph:
2024-02-19T22:13:40.011+0000 7f4100ff9700 1 -- 172.21.15.45:0/2971977819 <== mgr.14114 v2:172.21.15.45:6800/62557027 1 ==== mgr_command_reply(tid 0: 0 ) v1 ==== 8+0+26 (secure 0 0 0) 0x7f41040fb000 con 0x7f40f002fe70
2024-02-19T22:13:40.012 INFO:teuthology.orchestra.run.smithi045.stderr:/usr/bin/ceph: Scheduled crash update...
2024-02-19T22:13:40.015 INFO:teuthology.orchestra.run.smithi045.stderr:/usr/bin/ceph:
2024-02-19T22:13:40.013+0000 7f41093a0700 1 -- 172.21.15.45:0/2971977819 >> [v2:172.21.15.45:6800/62557027,v1:172.21.15.45:6801/62557027] conn(0x7f40f002fe70 msgr2=0x7f40f0032330 secure :-1 s=STATE_CONNECTION_ESTABLISHED l=1).mark_down
2024-02-19T22:13:40.015 INFO:teuthology.orchestra.run.smithi045.stderr:/usr/bin/ceph:
2024-02-19T22:13:40.013+0000 7f41093a0700 1 --2- 172.21.15.45:0/2971977819 >> [v2:172.21.15.45:6800/62557027,v1:172.21.15.45:6801/62557027] conn(0x7f40f002fe70 0x7f40f0032330 secure :-1 s=READY pgs=13 cs=0 l=1 rev1=1 rx=0x7f40f80096a0 tx=0x7f40f8006b40).stop
2024-02-19T22:13:40.015 INFO:teuthology.orchestra.run.smithi045.stderr:/usr/bin/ceph:
2024-02-19T22:13:40.013+0000 7f41093a0700 1 -- 172.21.15.45:0/2971977819 >> [v2:172.21.15.45:3300/0,v1:172.21.15.45:6789/0] conn(0x7f4104070430 msgr2=0x7f41040fc310 secure :-1 s=STATE_CONNECTION_ESTABLISHED l=1).mark_down
2024-02-19T22:13:40.015 INFO:teuthology.orchestra.run.smithi045.stderr:/usr/bin/ceph:
2024-02-19T22:13:40.013+0000 7f41093a0700 1 --2- 172.21.15.45:0/2971977819 >> [v2:172.21.15.45:3300/0,v1:172.21.15.45:6789/0] conn(0x7f4104070430 0x7f41040fc310 secure :-1 s=READY pgs=44 cs=0 l=1 rev1=1 rx=0x7f40f400df90 tx=0x7f40f4006ee0).stop
2024-02-19T22:13:40.015 INFO:teuthology.orchestra.run.smithi045.stderr:/usr/bin/ceph:
2024-02-19T22:13:40.013+0000 7f41093a0700 1 -- 172.21.15.45:0/2971977819 shutdown_connections
2024-02-19T22:13:40.015 INFO:teuthology.orchestra.run.smithi045.stderr:/usr/bin/ceph:
2024-02-19T22:13:40.013+0000 7f41093a0700 1 --2- 172.21.15.45:0/2971977819 >> [v2:172.21.15.45:6800/62557027,v1:172.21.15.45:6801/62557027] conn(0x7f40f002fe70 0x7f40f0032330 unknown :-1 s=CLOSED pgs=13 cs=0 l=1 rev1=1 rx=0 tx=0).stop
2024-02-19T22:13:40.015 INFO:teuthology.orchestra.run.smithi045.stderr:/usr/bin/ceph:
2024-02-19T22:13:40.013+0000 7f41093a0700 1 --2- 172.21.15.45:0/2971977819 >> [v2:172.21.15.45:3300/0,v1:172.21.15.45:6789/0] conn(0x7f4104070430 0x7f41040fc310 unknown :-1 s=CLOSED pgs=44 cs=0 l=1 rev1=1 rx=0 tx=0).stop
2024-02-19T22:13:40.015 INFO:teuthology.orchestra.run.smithi045.stderr:/usr/bin/ceph:
2024-02-19T22:13:40.013+0000 7f41093a0700 1 -- 172.21.15.45:0/2971977819 >> 172.21.15.45:0/2971977819 conn(0x7f41040f6390 msgr2=0x7f41040f7e00 unknown :-1 s=STATE_NONE l=0).mark_down
2024-02-19T22:13:40.016 INFO:teuthology.orchestra.run.smithi045.stderr:/usr/bin/ceph:
2024-02-19T22:13:40.013+0000 7f41093a0700 1 -- 172.21.15.45:0/2971977819 shutdown_connections
2024-02-19T22:13:40.016 INFO:teuthology.orchestra.run.smithi045.stderr:/usr/bin/ceph:
2024-02-19T22:13:40.013+0000 7f41093a0700 1 -- 172.21.15.45:0/2971977819 wait complete.
2024-02-19T22:13:40.746 INFO:teuthology.orchestra.run.smithi045.stderr:Enabling mgr prometheus module...
2024-02-19T22:13:40.746 INFO:teuthology.orchestra.run.smithi045.stderr:Running command: /bin/podman run --rm --ipc=host --no-hosts --net=host --entrypoint /usr/bin/ceph --init -e CONTAINER_IMAGE=docker.io/ceph/ceph:v16.2.4 -e NODE_NAME=smithi045 -e CEPH_USE_RANDOM_NONCE=1 -v /var/log/ceph/f6020aec-cf73-11ee-95bb-87774f69a715:/var/log/ceph:z -v /tmp/ceph-tmp0319umfa:/etc/ceph/ceph.client.admin.keyring:z -v /tmp/ceph-tmph7b0n6i4:/etc/ceph/ceph.conf:z docker.io/ceph/ceph:v16.2.4 mgr module enable prometheus
2024-02-19T22:13:41.330 INFO:teuthology.orchestra.run.smithi045.stderr:/usr/bin/ceph:
2024-02-19T22:13:41.328+0000 7f5db06a6700 1 Processor -- start
2024-02-19T22:13:41.330 INFO:teuthology.orchestra.run.smithi045.stderr:/usr/bin/ceph:
2024-02-19T22:13:41.328+0000 7f5db06a6700 1 -- start start
2024-02-19T22:13:41.330 INFO:teuthology.orchestra.run.smithi045.stderr:/usr/bin/ceph:
2024-02-19T22:13:41.329+0000 7f5db06a6700 1 --2- >> [v2:172.21.15.45:3300/0,v1:172.21.15.45:6789/0] conn(0x7f5da80703f0 0x7f5da80fea90 unknown :-1 s=NONE pgs=0 cs=0 l=0 rev1=0 rx=0 tx=0).connect
2024-02-19T22:13:41.331 INFO:teuthology.orchestra.run.smithi045.stderr:/usr/bin/ceph:
2024-02-19T22:13:41.329+0000 7f5db06a6700 1 -- --> [v2:172.21.15.45:3300/0,v1:172.21.15.45:6789/0] -- mon_getmap magic: 0 v1 -- 0x7f5da80fef80 con 0x7f5da80703f0
2024-02-19T22:13:41.331 INFO:teuthology.orchestra.run.smithi045.stderr:/usr/bin/ceph:
2024-02-19T22:13:41.329+0000 7f5dae442700 1 --2- >> [v2:172.21.15.45:3300/0,v1:172.21.15.45:6789/0] conn(0x7f5da80703f0 0x7f5da80fea90 unknown :-1 s=BANNER_CONNECTING pgs=0 cs=0 l=0 rev1=0 rx=0 tx=0)._handle_peer_banner_payload supported=1 required=0
2024-02-19T22:13:41.333 INFO:teuthology.orchestra.run.smithi045.stderr:/usr/bin/ceph:
2024-02-19T22:13:41.329+0000 7f5dae442700 1 --2- >> [v2:172.21.15.45:3300/0,v1:172.21.15.45:6789/0] conn(0x7f5da80703f0 0x7f5da80fea90 unknown :-1 s=HELLO_CONNECTING pgs=0 cs=0 l=0 rev1=1 rx=0 tx=0).handle_hello peer v2:172.21.15.45:3300/0 says I am v2:172.21.15.45:46002/0 (socket says 172.21.15.45:46002)
2024-02-19T22:13:41.334 INFO:teuthology.orchestra.run.smithi045.stderr:/usr/bin/ceph:
2024-02-19T22:13:41.329+0000 7f5dae442700 1 -- 172.21.15.45:0/4210119050 learned_addr learned my addr 172.21.15.45:0/4210119050 (peer_addr_for_me v2:172.21.15.45:0/0)
2024-02-19T22:13:41.334 INFO:teuthology.orchestra.run.smithi045.stderr:/usr/bin/ceph:
2024-02-19T22:13:41.329+0000 7f5dae442700 1 -- 172.21.15.45:0/4210119050 --> [v2:172.21.15.45:3300/0,v1:172.21.15.45:6789/0] -- mon_subscribe({config=0+,monmap=0+}) v3 -- 0x7f5da80ff0c0 con 0x7f5da80703f0
2024-02-19T22:13:41.334 INFO:teuthology.orchestra.run.smithi045.stderr:/usr/bin/ceph:
2024-02-19T22:13:41.329+0000 7f5dae442700 1 --2- 172.21.15.45:0/4210119050 >> [v2:172.21.15.45:3300/0,v1:172.21.15.45:6789/0] conn(0x7f5da80703f0 0x7f5da80fea90 secure :-1 s=READY pgs=45 cs=0 l=1 rev1=1 rx=0x7f5da400b5f0 tx=0x7f5da4006ee0).ready entity=mon.0 client_cookie=d1c8ec96752b1d9 server_cookie=0 in_seq=0 out_seq=0
2024-02-19T22:13:41.334 INFO:teuthology.orchestra.run.smithi045.stderr:/usr/bin/ceph:
2024-02-19T22:13:41.329+0000 7f5dad440700 1 -- 172.21.15.45:0/4210119050 <== mon.0 v2:172.21.15.45:3300/0 1 ==== mon_map magic: 0 v1 ==== 229+0+0 (secure 0 0 0) 0x7f5da400d600 con 0x7f5da80703f0
2024-02-19T22:13:41.334 INFO:teuthology.orchestra.run.smithi045.stderr:/usr/bin/ceph:
2024-02-19T22:13:41.329+0000 7f5dad440700 1 -- 172.21.15.45:0/4210119050 <== mon.0 v2:172.21.15.45:3300/0 2 ==== config(26 keys) v1 ==== 1045+0+0 (secure 0 0 0) 0x7f5da400dbf0 con 0x7f5da80703f0
2024-02-19T22:13:41.334 INFO:teuthology.orchestra.run.smithi045.stderr:/usr/bin/ceph:
2024-02-19T22:13:41.329+0000 7f5dad440700 1 -- 172.21.15.45:0/4210119050 <== mon.0 v2:172.21.15.45:3300/0 3 ==== mon_map magic: 0 v1 ==== 229+0+0 (secure 0 0 0) 0x7f5da4011ce0 con 0x7f5da80703f0
2024-02-19T22:13:41.334 INFO:teuthology.orchestra.run.smithi045.stderr:/usr/bin/ceph:
2024-02-19T22:13:41.330+0000 7f5db06a6700 1 -- 172.21.15.45:0/4210119050 >> [v2:172.21.15.45:3300/0,v1:172.21.15.45:6789/0] conn(0x7f5da80703f0 msgr2=0x7f5da80fea90 secure :-1 s=STATE_CONNECTION_ESTABLISHED l=1).mark_down
2024-02-19T22:13:41.334 INFO:teuthology.orchestra.run.smithi045.stderr:/usr/bin/ceph:
2024-02-19T22:13:41.330+0000 7f5db06a6700 1 --2- 172.21.15.45:0/4210119050 >> [v2:172.21.15.45:3300/0,v1:172.21.15.45:6789/0] conn(0x7f5da80703f0 0x7f5da80fea90 secure :-1 s=READY pgs=45 cs=0 l=1 rev1=1 rx=0x7f5da400b5f0 tx=0x7f5da4006ee0).stop
2024-02-19T22:13:41.334 INFO:teuthology.orchestra.run.smithi045.stderr:/usr/bin/ceph:
2024-02-19T22:13:41.330+0000 7f5db06a6700 1 -- 172.21.15.45:0/4210119050 shutdown_connections
2024-02-19T22:13:41.334 INFO:teuthology.orchestra.run.smithi045.stderr:/usr/bin/ceph:
2024-02-19T22:13:41.330+0000 7f5db06a6700 1 --2- 172.21.15.45:0/4210119050 >> [v2:172.21.15.45:3300/0,v1:172.21.15.45:6789/0] conn(0x7f5da80703f0 0x7f5da80fea90 unknown :-1 s=CLOSED pgs=45 cs=0 l=1 rev1=1 rx=0 tx=0).stop
2024-02-19T22:13:41.334 INFO:teuthology.orchestra.run.smithi045.stderr:/usr/bin/ceph:
2024-02-19T22:13:41.330+0000 7f5db06a6700 1 -- 172.21.15.45:0/4210119050 >> 172.21.15.45:0/4210119050 conn(0x7f5da80f6530 msgr2=0x7f5da80f8950 unknown :-1 s=STATE_NONE l=0).mark_down
2024-02-19T22:13:41.334 INFO:teuthology.orchestra.run.smithi045.stderr:/usr/bin/ceph:
2024-02-19T22:13:41.330+0000 7f5db06a6700 1 -- 172.21.15.45:0/4210119050 shutdown_connections
2024-02-19T22:13:41.334 INFO:teuthology.orchestra.run.smithi045.stderr:/usr/bin/ceph:
2024-02-19T22:13:41.330+0000 7f5db06a6700 1 -- 172.21.15.45:0/4210119050 wait complete.
2024-02-19T22:13:41.334 INFO:teuthology.orchestra.run.smithi045.stderr:/usr/bin/ceph:
2024-02-19T22:13:41.331+0000 7f5db06a6700 1 Processor -- start
2024-02-19T22:13:41.335 INFO:teuthology.orchestra.run.smithi045.stderr:/usr/bin/ceph:
2024-02-19T22:13:41.331+0000 7f5db06a6700 1 -- start start
2024-02-19T22:13:41.335 INFO:teuthology.orchestra.run.smithi045.stderr:/usr/bin/ceph:
2024-02-19T22:13:41.331+0000 7f5db06a6700 1 --2- >> [v2:172.21.15.45:3300/0,v1:172.21.15.45:6789/0] conn(0x7f5da80703f0 0x7f5da810ab90 unknown :-1 s=NONE pgs=0 cs=0 l=1 rev1=0 rx=0 tx=0).connect
2024-02-19T22:13:41.335 INFO:teuthology.orchestra.run.smithi045.stderr:/usr/bin/ceph:
2024-02-19T22:13:41.331+0000 7f5db06a6700 1 -- --> [v2:172.21.15.45:3300/0,v1:172.21.15.45:6789/0] -- mon_getmap magic: 0 v1 -- 0x7f5da810b080 con 0x7f5da80703f0
2024-02-19T22:13:41.335 INFO:teuthology.orchestra.run.smithi045.stderr:/usr/bin/ceph:
2024-02-19T22:13:41.331+0000 7f5dae442700 1 --2- >> [v2:172.21.15.45:3300/0,v1:172.21.15.45:6789/0] conn(0x7f5da80703f0 0x7f5da810ab90 unknown :-1 s=BANNER_CONNECTING pgs=0 cs=0 l=1 rev1=0 rx=0 tx=0)._handle_peer_banner_payload supported=1 required=0
2024-02-19T22:13:41.335 INFO:teuthology.orchestra.run.smithi045.stderr:/usr/bin/ceph:
2024-02-19T22:13:41.331+0000 7f5dae442700 1 --2- >> [v2:172.21.15.45:3300/0,v1:172.21.15.45:6789/0] conn(0x7f5da80703f0 0x7f5da810ab90 unknown :-1 s=HELLO_CONNECTING pgs=0 cs=0 l=1 rev1=1 rx=0 tx=0).handle_hello peer v2:172.21.15.45:3300/0 says I am v2:172.21.15.45:46004/0 (socket says 172.21.15.45:46004)
2024-02-19T22:13:41.335 INFO:teuthology.orchestra.run.smithi045.stderr:/usr/bin/ceph:
2024-02-19T22:13:41.331+0000 7f5dae442700 1 -- 172.21.15.45:0/4124393829 learned_addr learned my addr 172.21.15.45:0/4124393829 (peer_addr_for_me v2:172.21.15.45:0/0)
2024-02-19T22:13:41.335 INFO:teuthology.orchestra.run.smithi045.stderr:/usr/bin/ceph:
2024-02-19T22:13:41.331+0000 7f5dae442700 1 -- 172.21.15.45:0/4124393829 --> [v2:172.21.15.45:3300/0,v1:172.21.15.45:6789/0] -- mon_subscribe({config=0+,monmap=0+}) v3 -- 0x7f5da400b200 con 0x7f5da80703f0
2024-02-19T22:13:41.335 INFO:teuthology.orchestra.run.smithi045.stderr:/usr/bin/ceph:
2024-02-19T22:13:41.332+0000 7f5dae442700 1 --2- 172.21.15.45:0/4124393829 >> [v2:172.21.15.45:3300/0,v1:172.21.15.45:6789/0] conn(0x7f5da80703f0 0x7f5da810ab90 secure :-1 s=READY pgs=46 cs=0 l=1 rev1=1 rx=0x7f5da40115c0 tx=0x7f5da4006ee0).ready entity=mon.0 client_cookie=0 server_cookie=0 in_seq=0 out_seq=0
2024-02-19T22:13:41.335 INFO:teuthology.orchestra.run.smithi045.stderr:/usr/bin/ceph:
2024-02-19T22:13:41.332+0000 7f5d9affd700 1 -- 172.21.15.45:0/4124393829 <== mon.0 v2:172.21.15.45:3300/0 1 ==== mon_map magic: 0 v1 ==== 229+0+0 (secure 0 0 0) 0x7f5da401b410 con 0x7f5da80703f0
2024-02-19T22:13:41.335 INFO:teuthology.orchestra.run.smithi045.stderr:/usr/bin/ceph:
2024-02-19T22:13:41.332+0000 7f5db06a6700 1 -- 172.21.15.45:0/4124393829 --> [v2:172.21.15.45:3300/0,v1:172.21.15.45:6789/0] -- mon_subscribe({mgrmap=0+}) v3 -- 0x7f5da810b280 con 0x7f5da80703f0
2024-02-19T22:13:41.335 INFO:teuthology.orchestra.run.smithi045.stderr:/usr/bin/ceph:
2024-02-19T22:13:41.332+0000 7f5d9affd700 1 -- 172.21.15.45:0/4124393829 <== mon.0 v2:172.21.15.45:3300/0 2 ==== config(26 keys) v1 ==== 1045+0+0 (secure 0 0 0) 0x7f5da401ba00 con 0x7f5da80703f0
2024-02-19T22:13:41.335 INFO:teuthology.orchestra.run.smithi045.stderr:/usr/bin/ceph:
2024-02-19T22:13:41.332+0000 7f5d9affd700 1 -- 172.21.15.45:0/4124393829 <== mon.0 v2:172.21.15.45:3300/0 3 ==== mon_map magic: 0 v1 ==== 229+0+0 (secure 0 0 0) 0x7f5da401aaa0 con 0x7f5da80703f0
2024-02-19T22:13:41.336 INFO:teuthology.orchestra.run.smithi045.stderr:/usr/bin/ceph:
2024-02-19T22:13:41.332+0000 7f5db06a6700 1 -- 172.21.15.45:0/4124393829 --> [v2:172.21.15.45:3300/0,v1:172.21.15.45:6789/0] -- mon_subscribe({osdmap=0}) v3 -- 0x7f5da810b710 con 0x7f5da80703f0
2024-02-19T22:13:41.336 INFO:teuthology.orchestra.run.smithi045.stderr:/usr/bin/ceph:
2024-02-19T22:13:41.333+0000 7f5d9affd700 1 -- 172.21.15.45:0/4124393829 <== mon.0 v2:172.21.15.45:3300/0 4 ==== mgrmap(e 8) v1 ==== 36120+0+0 (secure 0 0 0) 0x7f5da400f070 con 0x7f5da80703f0
2024-02-19T22:13:41.336 INFO:teuthology.orchestra.run.smithi045.stderr:/usr/bin/ceph:
2024-02-19T22:13:41.333+0000 7f5d9affd700 1 --2- 172.21.15.45:0/4124393829 >> [v2:172.21.15.45:6800/62557027,v1:172.21.15.45:6801/62557027] conn(0x7f5d9002fe10 0x7f5d900322d0 unknown :-1 s=NONE pgs=0 cs=0 l=1 rev1=0 rx=0 tx=0).connect
2024-02-19T22:13:41.336 INFO:teuthology.orchestra.run.smithi045.stderr:/usr/bin/ceph:
2024-02-19T22:13:41.333+0000 7f5d9affd700 1 -- 172.21.15.45:0/4124393829 <== mon.0 v2:172.21.15.45:3300/0 5 ==== osd_map(2..2 src has 1..2) v4 ==== 926+0+0 (secure 0 0 0) 0x7f5da4041020 con 0x7f5da80703f0
2024-02-19T22:13:41.337 INFO:teuthology.orchestra.run.smithi045.stderr:/usr/bin/ceph:
2024-02-19T22:13:41.333+0000 7f5dadc41700 1 --2- 172.21.15.45:0/4124393829 >> [v2:172.21.15.45:6800/62557027,v1:172.21.15.45:6801/62557027] conn(0x7f5d9002fe10 0x7f5d900322d0 unknown :-1 s=BANNER_CONNECTING pgs=0 cs=0 l=1 rev1=0 rx=0 tx=0)._handle_peer_banner_payload supported=1 required=0
2024-02-19T22:13:41.337 INFO:teuthology.orchestra.run.smithi045.stderr:/usr/bin/ceph:
2024-02-19T22:13:41.333+0000 7f5db06a6700 1 -- 172.21.15.45:0/4124393829 --> [v2:172.21.15.45:3300/0,v1:172.21.15.45:6789/0] -- mon_command({"prefix": "get_command_descriptions"} v 0) v1 -- 0x7f5da8045ad0 con 0x7f5da80703f0
2024-02-19T22:13:41.337 INFO:teuthology.orchestra.run.smithi045.stderr:/usr/bin/ceph:
2024-02-19T22:13:41.333+0000 7f5dadc41700 1 --2- 172.21.15.45:0/4124393829 >> [v2:172.21.15.45:6800/62557027,v1:172.21.15.45:6801/62557027] conn(0x7f5d9002fe10 0x7f5d900322d0 secure :-1 s=READY pgs=14 cs=0 l=1 rev1=1 rx=0x7f5d9c0096a0 tx=0x7f5d9c006b40).ready entity=mgr.14114 client_cookie=0 server_cookie=0 in_seq=0 out_seq=0
2024-02-19T22:13:41.339 INFO:teuthology.orchestra.run.smithi045.stderr:/usr/bin/ceph:
2024-02-19T22:13:41.337+0000 7f5d9affd700 1 -- 172.21.15.45:0/4124393829 <== mon.0 v2:172.21.15.45:3300/0 6 ==== mon_command_ack([{"prefix": "get_command_descriptions"}]=0 v0) v1 ==== 72+0+152212 (secure 0 0 0) 0x7f5da4016070 con 0x7f5da80703f0
2024-02-19T22:13:41.390 INFO:journalctl@ceph.mon.smithi045.smithi045.stdout:Feb 19 22:13:41 smithi045 ceph-f6020aec-cf73-11ee-95bb-87774f69a715-mon.smithi045[38092]: audit
2024-02-19T22:13:40.009127+0000 mgr.smithi045.bvlamo (mgr.14114) 14 : audit [DBG] from='client.14138 -' entity='client.admin' cmd=[{"prefix": "orch apply", "service_type": "crash", "target": ["mon-mgr", ""]}]: dispatch
2024-02-19T22:13:41.390 INFO:journalctl@ceph.mon.smithi045.smithi045.stdout:Feb 19 22:13:41 smithi045 ceph-f6020aec-cf73-11ee-95bb-87774f69a715-mon.smithi045[38092]: cephadm
2024-02-19T22:13:40.009790+0000 mgr.smithi045.bvlamo (mgr.14114) 15 : cephadm [INF] Saving service crash spec with placement *
2024-02-19T22:13:41.390 INFO:journalctl@ceph.mon.smithi045.smithi045.stdout:Feb 19 22:13:41 smithi045 ceph-f6020aec-cf73-11ee-95bb-87774f69a715-mon.smithi045[38092]: audit
2024-02-19T22:13:40.011954+0000 mon.smithi045 (mon.0) 58 : audit [INF] from='mgr.14114 172.21.15.45:0/567225831' entity='mgr.smithi045.bvlamo'
2024-02-19T22:13:41.538 INFO:teuthology.orchestra.run.smithi045.stderr:/usr/bin/ceph:
2024-02-19T22:13:41.537+0000 7f5db06a6700 1 -- 172.21.15.45:0/4124393829 --> [v2:172.21.15.45:3300/0,v1:172.21.15.45:6789/0] -- mon_command({"prefix": "mgr module enable", "module": "prometheus"} v 0) v1 -- 0x7f5da8104b30 con 0x7f5da80703f0
2024-02-19T22:13:42.016 INFO:teuthology.orchestra.run.smithi045.stderr:/usr/bin/ceph:
2024-02-19T22:13:42.014+0000 7f5d9affd700 1 -- 172.21.15.45:0/4124393829 <== mon.0 v2:172.21.15.45:3300/0 7 ==== mgrmap(e 9) v1 ==== 36134+0+0 (secure 0 0 0) 0x7f5da4024930 con 0x7f5da80703f0
2024-02-19T22:13:42.017 INFO:teuthology.orchestra.run.smithi045.stderr:/usr/bin/ceph:
2024-02-19T22:13:42.015+0000 7f5d9affd700 1 -- 172.21.15.45:0/4124393829 <== mon.0 v2:172.21.15.45:3300/0 8 ==== mon_command_ack([{"prefix": "mgr module enable", "module": "prometheus"}]=0 v9) v1 ==== 89+0+0 (secure 0 0 0) 0x7f5da40224f0 con 0x7f5da80703f0
2024-02-19T22:13:42.019 INFO:teuthology.orchestra.run.smithi045.stderr:/usr/bin/ceph:
2024-02-19T22:13:42.017+0000 7f5db06a6700 1 -- 172.21.15.45:0/4124393829 >> [v2:172.21.15.45:6800/62557027,v1:172.21.15.45:6801/62557027] conn(0x7f5d9002fe10 msgr2=0x7f5d900322d0 secure :-1 s=STATE_CONNECTION_ESTABLISHED l=1).mark_down
2024-02-19T22:13:42.020 INFO:teuthology.orchestra.run.smithi045.stderr:/usr/bin/ceph:
2024-02-19T22:13:42.017+0000 7f5db06a6700 1 --2- 172.21.15.45:0/4124393829 >> [v2:172.21.15.45:6800/62557027,v1:172.21.15.45:6801/62557027] conn(0x7f5d9002fe10 0x7f5d900322d0 secure :-1 s=READY pgs=14 cs=0 l=1 rev1=1 rx=0x7f5d9c0096a0 tx=0x7f5d9c006b40).stop
2024-02-19T22:13:42.020 INFO:teuthology.orchestra.run.smithi045.stderr:/usr/bin/ceph:
2024-02-19T22:13:42.017+0000 7f5db06a6700 1 -- 172.21.15.45:0/4124393829 >> [v2:172.21.15.45:3300/0,v1:172.21.15.45:6789/0] conn(0x7f5da80703f0 msgr2=0x7f5da810ab90 secure :-1 s=STATE_CONNECTION_ESTABLISHED l=1).mark_down
2024-02-19T22:13:42.020 INFO:teuthology.orchestra.run.smithi045.stderr:/usr/bin/ceph:
2024-02-19T22:13:42.017+0000 7f5db06a6700 1 --2- 172.21.15.45:0/4124393829 >> [v2:172.21.15.45:3300/0,v1:172.21.15.45:6789/0] conn(0x7f5da80703f0 0x7f5da810ab90 secure :-1 s=READY pgs=46 cs=0 l=1 rev1=1 rx=0x7f5da40115c0 tx=0x7f5da4006ee0).stop
2024-02-19T22:13:42.020 INFO:teuthology.orchestra.run.smithi045.stderr:/usr/bin/ceph:
2024-02-19T22:13:42.017+0000 7f5db06a6700 1 -- 172.21.15.45:0/4124393829 shutdown_connections
2024-02-19T22:13:42.020 INFO:teuthology.orchestra.run.smithi045.stderr:/usr/bin/ceph:
2024-02-19T22:13:42.017+0000 7f5db06a6700 1 --2- 172.21.15.45:0/4124393829 >> [v2:172.21.15.45:6800/62557027,v1:172.21.15.45:6801/62557027] conn(0x7f5d9002fe10 0x7f5d900322d0 unknown :-1 s=CLOSED pgs=14 cs=0 l=1 rev1=1 rx=0 tx=0).stop
2024-02-19T22:13:42.020 INFO:teuthology.orchestra.run.smithi045.stderr:/usr/bin/ceph:
2024-02-19T22:13:42.017+0000 7f5db06a6700 1 --2- 172.21.15.45:0/4124393829 >> [v2:172.21.15.45:3300/0,v1:172.21.15.45:6789/0] conn(0x7f5da80703f0 0x7f5da810ab90 unknown :-1 s=CLOSED pgs=46 cs=0 l=1 rev1=1 rx=0 tx=0).stop
2024-02-19T22:13:42.020 INFO:teuthology.orchestra.run.smithi045.stderr:/usr/bin/ceph:
2024-02-19T22:13:42.017+0000 7f5db06a6700 1 -- 172.21.15.45:0/4124393829 >> 172.21.15.45:0/4124393829 conn(0x7f5da80f6530 msgr2=0x7f5da80f7f40 unknown :-1 s=STATE_NONE l=0).mark_down
2024-02-19T22:13:42.020 INFO:teuthology.orchestra.run.smithi045.stderr:/usr/bin/ceph:
2024-02-19T22:13:42.019+0000 7f5db06a6700 1 -- 172.21.15.45:0/4124393829 shutdown_connections
2024-02-19T22:13:42.021 INFO:teuthology.orchestra.run.smithi045.stderr:/usr/bin/ceph:
2024-02-19T22:13:42.019+0000 7f5db06a6700 1 -- 172.21.15.45:0/4124393829 wait complete.
2024-02-19T22:13:42.390 INFO:journalctl@ceph.mon.smithi045.smithi045.stdout:Feb 19 22:13:42 smithi045 ceph-f6020aec-cf73-11ee-95bb-87774f69a715-mon.smithi045[38092]: audit
2024-02-19T22:13:41.538297+0000 mon.smithi045 (mon.0) 59 : audit [INF] from='client.? 172.21.15.45:0/4124393829' entity='client.admin' cmd=[{"prefix": "mgr module enable", "module": "prometheus"}]: dispatch
2024-02-19T22:13:42.778 INFO:teuthology.orchestra.run.smithi045.stderr:Deploying prometheus service with default placement...
2024-02-19T22:13:42.778 INFO:teuthology.orchestra.run.smithi045.stderr:Running command: /bin/podman run --rm --ipc=host --no-hosts --net=host --entrypoint /usr/bin/ceph --init -e CONTAINER_IMAGE=docker.io/ceph/ceph:v16.2.4 -e NODE_NAME=smithi045 -e CEPH_USE_RANDOM_NONCE=1 -v /var/log/ceph/f6020aec-cf73-11ee-95bb-87774f69a715:/var/log/ceph:z -v /tmp/ceph-tmp0319umfa:/etc/ceph/ceph.client.admin.keyring:z -v /tmp/ceph-tmph7b0n6i4:/etc/ceph/ceph.conf:z docker.io/ceph/ceph:v16.2.4 orch apply prometheus
2024-02-19T22:13:43.032 INFO:journalctl@ceph.mon.smithi045.smithi045.stdout:Feb 19 22:13:43 smithi045 ceph-f6020aec-cf73-11ee-95bb-87774f69a715-mon.smithi045[38092]: audit
2024-02-19T22:13:42.016517+0000 mon.smithi045 (mon.0) 60 : audit [INF] from='client.? 172.21.15.45:0/4124393829' entity='client.admin' cmd='[{"prefix": "mgr module enable", "module": "prometheus"}]': finished
2024-02-19T22:13:43.032 INFO:journalctl@ceph.mon.smithi045.smithi045.stdout:Feb 19 22:13:43 smithi045 ceph-f6020aec-cf73-11ee-95bb-87774f69a715-mon.smithi045[38092]: cluster
2024-02-19T22:13:42.016568+0000 mon.smithi045 (mon.0) 61 : cluster [DBG] mgrmap e9: smithi045.bvlamo(active, since 15s)
2024-02-19T22:13:43.414 INFO:teuthology.orchestra.run.smithi045.stderr:/usr/bin/ceph:
2024-02-19T22:13:43.409+0000 7f08ca777700 1 Processor -- start
2024-02-19T22:13:43.414 INFO:teuthology.orchestra.run.smithi045.stderr:/usr/bin/ceph:
2024-02-19T22:13:43.409+0000 7f08ca777700 1 -- start start
2024-02-19T22:13:43.414 INFO:teuthology.orchestra.run.smithi045.stderr:/usr/bin/ceph:
2024-02-19T22:13:43.409+0000 7f08ca777700 1 --2- >> [v2:172.21.15.45:3300/0,v1:172.21.15.45:6789/0] conn(0x7f08c40703d0 0x7f08c40feab0 unknown :-1 s=NONE pgs=0 cs=0 l=0 rev1=0 rx=0 tx=0).connect
2024-02-19T22:13:43.414 INFO:teuthology.orchestra.run.smithi045.stderr:/usr/bin/ceph:
2024-02-19T22:13:43.409+0000 7f08ca777700 1 -- --> [v2:172.21.15.45:3300/0,v1:172.21.15.45:6789/0] -- mon_getmap magic: 0 v1 -- 0x7f08c40fefa0 con 0x7f08c40703d0
2024-02-19T22:13:43.414 INFO:teuthology.orchestra.run.smithi045.stderr:/usr/bin/ceph:
2024-02-19T22:13:43.409+0000 7f08c3fff700 1 --2- >> [v2:172.21.15.45:3300/0,v1:172.21.15.45:6789/0] conn(0x7f08c40703d0 0x7f08c40feab0 unknown :-1 s=BANNER_CONNECTING pgs=0 cs=0 l=0 rev1=0 rx=0 tx=0)._handle_peer_banner_payload supported=1 required=0
2024-02-19T22:13:43.414 INFO:teuthology.orchestra.run.smithi045.stderr:/usr/bin/ceph:
