2024-02-19T22:15:02.027 INFO:teuthology.orchestra.run.smithi079.stderr:/usr/bin/ceph:
2024-02-19T22:15:02.020+0000 7ff63a59c700 1 --2- >> [v2:172.21.15.79:3300/0,v1:172.21.15.79:6789/0] conn(0x7ff63c070430 0x7ff63c0fea50 unknown :-1 s=BANNER_CONNECTING pgs=0 cs=0 l=0 rev1=0 rx=0 tx=0)._handle_peer_banner_payload supported=1 required=0
2024-02-19T22:15:02.027 INFO:teuthology.orchestra.run.smithi079.stderr:/usr/bin/ceph:
2024-02-19T22:15:02.020+0000 7ff63a59c700 1 --2- >> [v2:172.21.15.79:3300/0,v1:172.21.15.79:6789/0] conn(0x7ff63c070430 0x7ff63c0fea50 unknown :-1 s=HELLO_CONNECTING pgs=0 cs=0 l=0 rev1=1 rx=0 tx=0).handle_hello peer v2:172.21.15.79:3300/0 says I am v2:172.21.15.79:38640/0 (socket says 172.21.15.79:38640)
2024-02-19T22:15:02.027 INFO:teuthology.orchestra.run.smithi079.stderr:/usr/bin/ceph:
2024-02-19T22:15:02.020+0000 7ff63a59c700 1 -- 172.21.15.79:0/2578609131 learned_addr learned my addr 172.21.15.79:0/2578609131 (peer_addr_for_me v2:172.21.15.79:0/0)
2024-02-19T22:15:02.027 INFO:teuthology.orchestra.run.smithi079.stderr:/usr/bin/ceph:
2024-02-19T22:15:02.020+0000 7ff63a59c700 1 -- 172.21.15.79:0/2578609131 --> [v2:172.21.15.79:3300/0,v1:172.21.15.79:6789/0] -- mon_subscribe({config=0+,monmap=0+}) v3 -- 0x7ff63c0ff080 con 0x7ff63c070430
2024-02-19T22:15:02.027 INFO:teuthology.orchestra.run.smithi079.stderr:/usr/bin/ceph:
2024-02-19T22:15:02.020+0000 7ff63a59c700 1 --2- 172.21.15.79:0/2578609131 >> [v2:172.21.15.79:3300/0,v1:172.21.15.79:6789/0] conn(0x7ff63c070430 0x7ff63c0fea50 secure :-1 s=READY pgs=35 cs=0 l=1 rev1=1 rx=0x7ff63000b5f0 tx=0x7ff630006ee0).ready entity=mon.0 client_cookie=2124e8bf77c5a99 server_cookie=0 in_seq=0 out_seq=0
2024-02-19T22:15:02.027 INFO:teuthology.orchestra.run.smithi079.stderr:/usr/bin/ceph:
2024-02-19T22:15:02.021+0000 7ff63959a700 1 -- 172.21.15.79:0/2578609131 <== mon.0 v2:172.21.15.79:3300/0 1 ==== mon_map magic: 0 v1 ==== 229+0+0 (secure 0 0 0) 0x7ff63000d600 con 0x7ff63c070430
2024-02-19T22:15:02.027 INFO:teuthology.orchestra.run.smithi079.stderr:/usr/bin/ceph:
2024-02-19T22:15:02.021+0000 7ff63959a700 1 -- 172.21.15.79:0/2578609131 <== mon.0 v2:172.21.15.79:3300/0 2 ==== config(26 keys) v1 ==== 1045+0+0 (secure 0 0 0) 0x7ff63000dbf0 con 0x7ff63c070430
2024-02-19T22:15:02.027 INFO:teuthology.orchestra.run.smithi079.stderr:/usr/bin/ceph:
2024-02-19T22:15:02.021+0000 7ff63959a700 1 -- 172.21.15.79:0/2578609131 <== mon.0 v2:172.21.15.79:3300/0 3 ==== mon_map magic: 0 v1 ==== 229+0+0 (secure 0 0 0) 0x7ff630011cb0 con 0x7ff63c070430
2024-02-19T22:15:02.027 INFO:teuthology.orchestra.run.smithi079.stderr:/usr/bin/ceph:
2024-02-19T22:15:02.021+0000 7ff640808700 1 -- 172.21.15.79:0/2578609131 >> [v2:172.21.15.79:3300/0,v1:172.21.15.79:6789/0] conn(0x7ff63c070430 msgr2=0x7ff63c0fea50 secure :-1 s=STATE_CONNECTION_ESTABLISHED l=1).mark_down
2024-02-19T22:15:02.028 INFO:teuthology.orchestra.run.smithi079.stderr:/usr/bin/ceph:
2024-02-19T22:15:02.021+0000 7ff640808700 1 --2- 172.21.15.79:0/2578609131 >> [v2:172.21.15.79:3300/0,v1:172.21.15.79:6789/0] conn(0x7ff63c070430 0x7ff63c0fea50 secure :-1 s=READY pgs=35 cs=0 l=1 rev1=1 rx=0x7ff63000b5f0 tx=0x7ff630006ee0).stop
2024-02-19T22:15:02.028 INFO:teuthology.orchestra.run.smithi079.stderr:/usr/bin/ceph:
2024-02-19T22:15:02.021+0000 7ff640808700 1 -- 172.21.15.79:0/2578609131 shutdown_connections
2024-02-19T22:15:02.028 INFO:teuthology.orchestra.run.smithi079.stderr:/usr/bin/ceph:
2024-02-19T22:15:02.021+0000 7ff640808700 1 --2- 172.21.15.79:0/2578609131 >> [v2:172.21.15.79:3300/0,v1:172.21.15.79:6789/0] conn(0x7ff63c070430 0x7ff63c0fea50 unknown :-1 s=CLOSED pgs=35 cs=0 l=1 rev1=1 rx=0 tx=0).stop
2024-02-19T22:15:02.028 INFO:teuthology.orchestra.run.smithi079.stderr:/usr/bin/ceph:
2024-02-19T22:15:02.021+0000 7ff640808700 1 -- 172.21.15.79:0/2578609131 >> 172.21.15.79:0/2578609131 conn(0x7ff63c0f6530 msgr2=0x7ff63c0f8950 unknown :-1 s=STATE_NONE l=0).mark_down
2024-02-19T22:15:02.028 INFO:teuthology.orchestra.run.smithi079.stderr:/usr/bin/ceph:
2024-02-19T22:15:02.021+0000 7ff640808700 1 -- 172.21.15.79:0/2578609131 shutdown_connections
2024-02-19T22:15:02.028 INFO:teuthology.orchestra.run.smithi079.stderr:/usr/bin/ceph:
2024-02-19T22:15:02.021+0000 7ff640808700 1 -- 172.21.15.79:0/2578609131 wait complete.
2024-02-19T22:15:02.028 INFO:teuthology.orchestra.run.smithi079.stderr:/usr/bin/ceph:
2024-02-19T22:15:02.022+0000 7ff640808700 1 Processor -- start
2024-02-19T22:15:02.028 INFO:teuthology.orchestra.run.smithi079.stderr:/usr/bin/ceph:
2024-02-19T22:15:02.022+0000 7ff640808700 1 -- start start
2024-02-19T22:15:02.028 INFO:teuthology.orchestra.run.smithi079.stderr:/usr/bin/ceph:
2024-02-19T22:15:02.022+0000 7ff640808700 1 --2- >> [v2:172.21.15.79:3300/0,v1:172.21.15.79:6789/0] conn(0x7ff63c070430 0x7ff63c0fc4d0 unknown :-1 s=NONE pgs=0 cs=0 l=1 rev1=0 rx=0 tx=0).connect
2024-02-19T22:15:02.028 INFO:teuthology.orchestra.run.smithi079.stderr:/usr/bin/ceph:
2024-02-19T22:15:02.022+0000 7ff640808700 1 -- --> [v2:172.21.15.79:3300/0,v1:172.21.15.79:6789/0] -- mon_getmap magic: 0 v1 -- 0x7ff63c0fa950 con 0x7ff63c070430
2024-02-19T22:15:02.028 INFO:teuthology.orchestra.run.smithi079.stderr:/usr/bin/ceph:
2024-02-19T22:15:02.022+0000 7ff63a59c700 1 --2- >> [v2:172.21.15.79:3300/0,v1:172.21.15.79:6789/0] conn(0x7ff63c070430 0x7ff63c0fc4d0 unknown :-1 s=BANNER_CONNECTING pgs=0 cs=0 l=1 rev1=0 rx=0 tx=0)._handle_peer_banner_payload supported=1 required=0
2024-02-19T22:15:02.028 INFO:teuthology.orchestra.run.smithi079.stderr:/usr/bin/ceph:
2024-02-19T22:15:02.022+0000 7ff63a59c700 1 --2- >> [v2:172.21.15.79:3300/0,v1:172.21.15.79:6789/0] conn(0x7ff63c070430 0x7ff63c0fc4d0 unknown :-1 s=HELLO_CONNECTING pgs=0 cs=0 l=1 rev1=1 rx=0 tx=0).handle_hello peer v2:172.21.15.79:3300/0 says I am v2:172.21.15.79:38642/0 (socket says 172.21.15.79:38642)
2024-02-19T22:15:02.028 INFO:teuthology.orchestra.run.smithi079.stderr:/usr/bin/ceph:
2024-02-19T22:15:02.022+0000 7ff63a59c700 1 -- 172.21.15.79:0/771577358 learned_addr learned my addr 172.21.15.79:0/771577358 (peer_addr_for_me v2:172.21.15.79:0/0)
2024-02-19T22:15:02.029 INFO:teuthology.orchestra.run.smithi079.stderr:/usr/bin/ceph:
2024-02-19T22:15:02.022+0000 7ff63a59c700 1 -- 172.21.15.79:0/771577358 --> [v2:172.21.15.79:3300/0,v1:172.21.15.79:6789/0] -- mon_subscribe({config=0+,monmap=0+}) v3 -- 0x7ff63000b200 con 0x7ff63c070430
2024-02-19T22:15:02.029 INFO:teuthology.orchestra.run.smithi079.stderr:/usr/bin/ceph:
2024-02-19T22:15:02.022+0000 7ff63a59c700 1 --2- 172.21.15.79:0/771577358 >> [v2:172.21.15.79:3300/0,v1:172.21.15.79:6789/0] conn(0x7ff63c070430 0x7ff63c0fc4d0 secure :-1 s=READY pgs=36 cs=0 l=1 rev1=1 rx=0x7ff630006800 tx=0x7ff630006ee0).ready entity=mon.0 client_cookie=0 server_cookie=0 in_seq=0 out_seq=0
2024-02-19T22:15:02.029 INFO:teuthology.orchestra.run.smithi079.stderr:/usr/bin/ceph:
2024-02-19T22:15:02.023+0000 7ff62affd700 1 -- 172.21.15.79:0/771577358 <== mon.0 v2:172.21.15.79:3300/0 1 ==== mon_map magic: 0 v1 ==== 229+0+0 (secure 0 0 0) 0x7ff63001b570 con 0x7ff63c070430
2024-02-19T22:15:02.029 INFO:teuthology.orchestra.run.smithi079.stderr:/usr/bin/ceph:
2024-02-19T22:15:02.023+0000 7ff640808700 1 -- 172.21.15.79:0/771577358 --> [v2:172.21.15.79:3300/0,v1:172.21.15.79:6789/0] -- mon_subscribe({mgrmap=0+}) v3 -- 0x7ff63c0faaf0 con 0x7ff63c070430
2024-02-19T22:15:02.029 INFO:teuthology.orchestra.run.smithi079.stderr:/usr/bin/ceph:
2024-02-19T22:15:02.023+0000 7ff62affd700 1 -- 172.21.15.79:0/771577358 <== mon.0 v2:172.21.15.79:3300/0 2 ==== config(26 keys) v1 ==== 1045+0+0 (secure 0 0 0) 0x7ff63001bb60 con 0x7ff63c070430
2024-02-19T22:15:02.029 INFO:teuthology.orchestra.run.smithi079.stderr:/usr/bin/ceph:
2024-02-19T22:15:02.023+0000 7ff62affd700 1 -- 172.21.15.79:0/771577358 <== mon.0 v2:172.21.15.79:3300/0 3 ==== mon_map magic: 0 v1 ==== 229+0+0 (secure 0 0 0) 0x7ff63001a9f0 con 0x7ff63c070430
2024-02-19T22:15:02.029 INFO:teuthology.orchestra.run.smithi079.stderr:/usr/bin/ceph:
2024-02-19T22:15:02.023+0000 7ff640808700 1 -- 172.21.15.79:0/771577358 --> [v2:172.21.15.79:3300/0,v1:172.21.15.79:6789/0] -- mon_subscribe({osdmap=0}) v3 -- 0x7ff63c0faf80 con 0x7ff63c070430
2024-02-19T22:15:02.029 INFO:teuthology.orchestra.run.smithi079.stderr:/usr/bin/ceph:
2024-02-19T22:15:02.024+0000 7ff62affd700 1 -- 172.21.15.79:0/771577358 <== mon.0 v2:172.21.15.79:3300/0 4 ==== mgrmap(e 8) v1 ==== 36120+0+0 (secure 0 0 0) 0x7ff63000f070 con 0x7ff63c070430
2024-02-19T22:15:02.029 INFO:teuthology.orchestra.run.smithi079.stderr:/usr/bin/ceph:
2024-02-19T22:15:02.024+0000 7ff640808700 1 -- 172.21.15.79:0/771577358 --> [v2:172.21.15.79:3300/0,v1:172.21.15.79:6789/0] -- mon_command({"prefix": "get_command_descriptions"} v 0) v1 -- 0x7ff63c045ad0 con 0x7ff63c070430
2024-02-19T22:15:02.029 INFO:teuthology.orchestra.run.smithi079.stderr:/usr/bin/ceph:
2024-02-19T22:15:02.024+0000 7ff62affd700 1 --2- 172.21.15.79:0/771577358 >> [v2:172.21.15.79:6800/1253420946,v1:172.21.15.79:6801/1253420946] conn(0x7ff62002fe10 0x7ff6200322d0 unknown :-1 s=NONE pgs=0 cs=0 l=1 rev1=0 rx=0 tx=0).connect
2024-02-19T22:15:02.029 INFO:teuthology.orchestra.run.smithi079.stderr:/usr/bin/ceph:
2024-02-19T22:15:02.024+0000 7ff62affd700 1 -- 172.21.15.79:0/771577358 <== mon.0 v2:172.21.15.79:3300/0 5 ==== osd_map(2..2 src has 1..2) v4 ==== 926+0+0 (secure 0 0 0) 0x7ff6300414c0 con 0x7ff63c070430
2024-02-19T22:15:02.029 INFO:teuthology.orchestra.run.smithi079.stderr:/usr/bin/ceph:
2024-02-19T22:15:02.024+0000 7ff639d9b700 1 --2- 172.21.15.79:0/771577358 >> [v2:172.21.15.79:6800/1253420946,v1:172.21.15.79:6801/1253420946] conn(0x7ff62002fe10 0x7ff6200322d0 unknown :-1 s=BANNER_CONNECTING pgs=0 cs=0 l=1 rev1=0 rx=0 tx=0)._handle_peer_banner_payload supported=1 required=0
2024-02-19T22:15:02.029 INFO:teuthology.orchestra.run.smithi079.stderr:/usr/bin/ceph:
2024-02-19T22:15:02.024+0000 7ff639d9b700 1 --2- 172.21.15.79:0/771577358 >> [v2:172.21.15.79:6800/1253420946,v1:172.21.15.79:6801/1253420946] conn(0x7ff62002fe10 0x7ff6200322d0 secure :-1 s=READY pgs=9 cs=0 l=1 rev1=1 rx=0x7ff62c0096a0 tx=0x7ff62c006b40).ready entity=mgr.14114 client_cookie=0 server_cookie=0 in_seq=0 out_seq=0
2024-02-19T22:15:02.030 INFO:teuthology.orchestra.run.smithi079.stderr:/usr/bin/ceph:
2024-02-19T22:15:02.028+0000 7ff62affd700 1 -- 172.21.15.79:0/771577358 <== mon.0 v2:172.21.15.79:3300/0 6 ==== mon_command_ack([{"prefix": "get_command_descriptions"}]=0 v0) v1 ==== 72+0+152212 (secure 0 0 0) 0x7ff630019af0 con 0x7ff63c070430
2024-02-19T22:15:02.180 INFO:teuthology.orchestra.run.smithi079.stderr:/usr/bin/ceph:
2024-02-19T22:15:02.177+0000 7ff640808700 1 -- 172.21.15.79:0/771577358 --> [v2:172.21.15.79:6800/1253420946,v1:172.21.15.79:6801/1253420946] -- mgr_command(tid 0: {"prefix": "cephadm get-pub-key", "target": ["mon-mgr", ""]}) v1 -- 0x7ff63c0fb1c0 con 0x7ff62002fe10
2024-02-19T22:15:02.180 INFO:teuthology.orchestra.run.smithi079.stderr:/usr/bin/ceph:
2024-02-19T22:15:02.178+0000 7ff62affd700 1 -- 172.21.15.79:0/771577358 <== mgr.14114 v2:172.21.15.79:6800/1253420946 1 ==== mgr_command_reply(tid 0: 0 ) v1 ==== 8+0+595 (secure 0 0 0) 0x7ff63c0fb1c0 con 0x7ff62002fe10
2024-02-19T22:15:02.180 INFO:teuthology.orchestra.run.smithi079.stderr:/usr/bin/ceph: ssh-rsa AAAAB3NzaC1yc2EAAAADAQABAAABgQDPHVLWflm4Wv93I1hmlofAtOfpSLUPC9gnaVPT2AvXmw/EmPlkeRUNSxH9bkfRxst0eAf9nVcgaXM4KSq+0c/nisqmw8H1LbmdsQI4FPBduizxO3xEiGZptgyk6yeHz9JxpWjw4p7qvppY1l7BlTLSfAenOXRLhB+eWhqn9fcbY3NySzdQxr4a+TM1zpoXKfbKphZcNH+u2mA4dW2vB5skFMLejxTFsB+3FXxuJsP0M9Kkj7BUJPY1XhQlBsE8y5bDszZp+vfOZ6YvbMFbAZn5yrMymIE1nUQ44c339v/0CfxtKwxYb7MbpZ6ovKE7kmgRDKah8L9ejaAvdD/iaa1R39+B5jDtmsDk7aXECYnyeDd9aktNBPUIa/o0Gvu82PgCfWhYJGgIzGaBGgn6++3PPfdPqEXiKzoCb7SjR6PMd00EhQmgrDF21u62XSGgRdmNGQE9u5IGGo4MWyN51Y2KYqOk26jZPo8jj5TrzAacqg6Vz1M6y8bkwNKH55RFS/s= ceph-2db841b8-cf74-11ee-95bb-87774f69a715
2024-02-19T22:15:02.184 INFO:teuthology.orchestra.run.smithi079.stderr:/usr/bin/ceph:
2024-02-19T22:15:02.179+0000 7ff640808700 1 -- 172.21.15.79:0/771577358 >> [v2:172.21.15.79:6800/1253420946,v1:172.21.15.79:6801/1253420946] conn(0x7ff62002fe10 msgr2=0x7ff6200322d0 secure :-1 s=STATE_CONNECTION_ESTABLISHED l=1).mark_down
2024-02-19T22:15:02.184 INFO:teuthology.orchestra.run.smithi079.stderr:/usr/bin/ceph:
2024-02-19T22:15:02.179+0000 7ff640808700 1 --2- 172.21.15.79:0/771577358 >> [v2:172.21.15.79:6800/1253420946,v1:172.21.15.79:6801/1253420946] conn(0x7ff62002fe10 0x7ff6200322d0 secure :-1 s=READY pgs=9 cs=0 l=1 rev1=1 rx=0x7ff62c0096a0 tx=0x7ff62c006b40).stop
2024-02-19T22:15:02.184 INFO:teuthology.orchestra.run.smithi079.stderr:/usr/bin/ceph:
2024-02-19T22:15:02.180+0000 7ff640808700 1 -- 172.21.15.79:0/771577358 >> [v2:172.21.15.79:3300/0,v1:172.21.15.79:6789/0] conn(0x7ff63c070430 msgr2=0x7ff63c0fc4d0 secure :-1 s=STATE_CONNECTION_ESTABLISHED l=1).mark_down
2024-02-19T22:15:02.184 INFO:teuthology.orchestra.run.smithi079.stderr:/usr/bin/ceph:
2024-02-19T22:15:02.180+0000 7ff640808700 1 --2- 172.21.15.79:0/771577358 >> [v2:172.21.15.79:3300/0,v1:172.21.15.79:6789/0] conn(0x7ff63c070430 0x7ff63c0fc4d0 secure :-1 s=READY pgs=36 cs=0 l=1 rev1=1 rx=0x7ff630006800 tx=0x7ff630006ee0).stop
2024-02-19T22:15:02.185 INFO:teuthology.orchestra.run.smithi079.stderr:/usr/bin/ceph:
2024-02-19T22:15:02.180+0000 7ff640808700 1 -- 172.21.15.79:0/771577358 shutdown_connections
2024-02-19T22:15:02.185 INFO:teuthology.orchestra.run.smithi079.stderr:/usr/bin/ceph:
2024-02-19T22:15:02.180+0000 7ff640808700 1 --2- 172.21.15.79:0/771577358 >> [v2:172.21.15.79:6800/1253420946,v1:172.21.15.79:6801/1253420946] conn(0x7ff62002fe10 0x7ff6200322d0 unknown :-1 s=CLOSED pgs=9 cs=0 l=1 rev1=1 rx=0 tx=0).stop
2024-02-19T22:15:02.185 INFO:teuthology.orchestra.run.smithi079.stderr:/usr/bin/ceph:
2024-02-19T22:15:02.180+0000 7ff640808700 1 --2- 172.21.15.79:0/771577358 >> [v2:172.21.15.79:3300/0,v1:172.21.15.79:6789/0] conn(0x7ff63c070430 0x7ff63c0fc4d0 unknown :-1 s=CLOSED pgs=36 cs=0 l=1 rev1=1 rx=0 tx=0).stop
2024-02-19T22:15:02.185 INFO:teuthology.orchestra.run.smithi079.stderr:/usr/bin/ceph:
2024-02-19T22:15:02.180+0000 7ff640808700 1 -- 172.21.15.79:0/771577358 >> 172.21.15.79:0/771577358 conn(0x7ff63c0f6530 msgr2=0x7ff63c0f7f30 unknown :-1 s=STATE_NONE l=0).mark_down
2024-02-19T22:15:02.185 INFO:teuthology.orchestra.run.smithi079.stderr:/usr/bin/ceph:
2024-02-19T22:15:02.180+0000 7ff640808700 1 -- 172.21.15.79:0/771577358 shutdown_connections
2024-02-19T22:15:02.186 INFO:teuthology.orchestra.run.smithi079.stderr:/usr/bin/ceph:
2024-02-19T22:15:02.180+0000 7ff640808700 1 -- 172.21.15.79:0/771577358 wait complete.
2024-02-19T22:15:02.869 INFO:teuthology.orchestra.run.smithi079.stderr:Wrote public SSH key to /home/ubuntu/cephtest/ceph.pub
2024-02-19T22:15:02.869 INFO:teuthology.orchestra.run.smithi079.stderr:Adding key to root@localhost authorized_keys...
2024-02-19T22:15:02.869 INFO:teuthology.orchestra.run.smithi079.stderr:Adding host smithi079...
2024-02-19T22:15:02.869 INFO:teuthology.orchestra.run.smithi079.stderr:Running command: /bin/podman run --rm --ipc=host --no-hosts --net=host --entrypoint /usr/bin/ceph --init -e CONTAINER_IMAGE=docker.io/ceph/ceph:v16.2.4 -e NODE_NAME=smithi079 -e CEPH_USE_RANDOM_NONCE=1 -v /var/log/ceph/2db841b8-cf74-11ee-95bb-87774f69a715:/var/log/ceph:z -v /tmp/ceph-tmpc9hvc7sa:/etc/ceph/ceph.client.admin.keyring:z -v /tmp/ceph-tmpg7auwlkr:/etc/ceph/ceph.conf:z docker.io/ceph/ceph:v16.2.4 orch host add smithi079 172.21.15.79
2024-02-19T22:15:03.378 INFO:teuthology.orchestra.run.smithi079.stderr:/usr/bin/ceph:
2024-02-19T22:15:03.374+0000 7f8b98753700 1 Processor -- start
2024-02-19T22:15:03.378 INFO:teuthology.orchestra.run.smithi079.stderr:/usr/bin/ceph:
2024-02-19T22:15:03.374+0000 7f8b98753700 1 -- start start
2024-02-19T22:15:03.378 INFO:teuthology.orchestra.run.smithi079.stderr:/usr/bin/ceph:
2024-02-19T22:15:03.374+0000 7f8b98753700 1 --2- >> [v2:172.21.15.79:3300/0,v1:172.21.15.79:6789/0] conn(0x7f8b900703f0 0x7f8b900fea90 unknown :-1 s=NONE pgs=0 cs=0 l=0 rev1=0 rx=0 tx=0).connect
2024-02-19T22:15:03.378 INFO:teuthology.orchestra.run.smithi079.stderr:/usr/bin/ceph:
2024-02-19T22:15:03.374+0000 7f8b98753700 1 -- --> [v2:172.21.15.79:3300/0,v1:172.21.15.79:6789/0] -- mon_getmap magic: 0 v1 -- 0x7f8b900fef80 con 0x7f8b900703f0
2024-02-19T22:15:03.378 INFO:teuthology.orchestra.run.smithi079.stderr:/usr/bin/ceph:
2024-02-19T22:15:03.375+0000 7f8b964ef700 1 --2- >> [v2:172.21.15.79:3300/0,v1:172.21.15.79:6789/0] conn(0x7f8b900703f0 0x7f8b900fea90 unknown :-1 s=BANNER_CONNECTING pgs=0 cs=0 l=0 rev1=0 rx=0 tx=0)._handle_peer_banner_payload supported=1 required=0
2024-02-19T22:15:03.378 INFO:teuthology.orchestra.run.smithi079.stderr:/usr/bin/ceph:
2024-02-19T22:15:03.375+0000 7f8b964ef700 1 --2- >> [v2:172.21.15.79:3300/0,v1:172.21.15.79:6789/0] conn(0x7f8b900703f0 0x7f8b900fea90 unknown :-1 s=HELLO_CONNECTING pgs=0 cs=0 l=0 rev1=1 rx=0 tx=0).handle_hello peer v2:172.21.15.79:3300/0 says I am v2:172.21.15.79:38652/0 (socket says 172.21.15.79:38652)
2024-02-19T22:15:03.378 INFO:teuthology.orchestra.run.smithi079.stderr:/usr/bin/ceph:
2024-02-19T22:15:03.375+0000 7f8b964ef700 1 -- 172.21.15.79:0/1899413050 learned_addr learned my addr 172.21.15.79:0/1899413050 (peer_addr_for_me v2:172.21.15.79:0/0)
2024-02-19T22:15:03.378 INFO:teuthology.orchestra.run.smithi079.stderr:/usr/bin/ceph:
2024-02-19T22:15:03.375+0000 7f8b964ef700 1 -- 172.21.15.79:0/1899413050 --> [v2:172.21.15.79:3300/0,v1:172.21.15.79:6789/0] -- mon_subscribe({config=0+,monmap=0+}) v3 -- 0x7f8b900ff0c0 con 0x7f8b900703f0
2024-02-19T22:15:03.378 INFO:teuthology.orchestra.run.smithi079.stderr:/usr/bin/ceph:
2024-02-19T22:15:03.375+0000 7f8b964ef700 1 --2- 172.21.15.79:0/1899413050 >> [v2:172.21.15.79:3300/0,v1:172.21.15.79:6789/0] conn(0x7f8b900703f0 0x7f8b900fea90 secure :-1 s=READY pgs=37 cs=0 l=1 rev1=1 rx=0x7f8b8000b5f0 tx=0x7f8b80006ee0).ready entity=mon.0 client_cookie=a6bcd88a5567ee1c server_cookie=0 in_seq=0 out_seq=0
2024-02-19T22:15:03.378 INFO:teuthology.orchestra.run.smithi079.stderr:/usr/bin/ceph:
2024-02-19T22:15:03.375+0000 7f8b954ed700 1 -- 172.21.15.79:0/1899413050 <== mon.0 v2:172.21.15.79:3300/0 1 ==== mon_map magic: 0 v1 ==== 229+0+0 (secure 0 0 0) 0x7f8b8000d600 con 0x7f8b900703f0
2024-02-19T22:15:03.378 INFO:teuthology.orchestra.run.smithi079.stderr:/usr/bin/ceph:
2024-02-19T22:15:03.375+0000 7f8b954ed700 1 -- 172.21.15.79:0/1899413050 <== mon.0 v2:172.21.15.79:3300/0 2 ==== config(26 keys) v1 ==== 1045+0+0 (secure 0 0 0) 0x7f8b8000dbf0 con 0x7f8b900703f0
2024-02-19T22:15:03.378 INFO:teuthology.orchestra.run.smithi079.stderr:/usr/bin/ceph:
2024-02-19T22:15:03.375+0000 7f8b954ed700 1 -- 172.21.15.79:0/1899413050 <== mon.0 v2:172.21.15.79:3300/0 3 ==== mon_map magic: 0 v1 ==== 229+0+0 (secure 0 0 0) 0x7f8b80011ce0 con 0x7f8b900703f0
2024-02-19T22:15:03.379 INFO:teuthology.orchestra.run.smithi079.stderr:/usr/bin/ceph:
2024-02-19T22:15:03.376+0000 7f8b98753700 1 -- 172.21.15.79:0/1899413050 >> [v2:172.21.15.79:3300/0,v1:172.21.15.79:6789/0] conn(0x7f8b900703f0 msgr2=0x7f8b900fea90 secure :-1 s=STATE_CONNECTION_ESTABLISHED l=1).mark_down
2024-02-19T22:15:03.381 INFO:teuthology.orchestra.run.smithi079.stderr:/usr/bin/ceph:
2024-02-19T22:15:03.376+0000 7f8b98753700 1 --2- 172.21.15.79:0/1899413050 >> [v2:172.21.15.79:3300/0,v1:172.21.15.79:6789/0] conn(0x7f8b900703f0 0x7f8b900fea90 secure :-1 s=READY pgs=37 cs=0 l=1 rev1=1 rx=0x7f8b8000b5f0 tx=0x7f8b80006ee0).stop
2024-02-19T22:15:03.381 INFO:teuthology.orchestra.run.smithi079.stderr:/usr/bin/ceph:
2024-02-19T22:15:03.376+0000 7f8b98753700 1 -- 172.21.15.79:0/1899413050 shutdown_connections
2024-02-19T22:15:03.381 INFO:teuthology.orchestra.run.smithi079.stderr:/usr/bin/ceph:
2024-02-19T22:15:03.376+0000 7f8b98753700 1 --2- 172.21.15.79:0/1899413050 >> [v2:172.21.15.79:3300/0,v1:172.21.15.79:6789/0] conn(0x7f8b900703f0 0x7f8b900fea90 unknown :-1 s=CLOSED pgs=37 cs=0 l=1 rev1=1 rx=0 tx=0).stop
2024-02-19T22:15:03.382 INFO:teuthology.orchestra.run.smithi079.stderr:/usr/bin/ceph:
2024-02-19T22:15:03.376+0000 7f8b98753700 1 -- 172.21.15.79:0/1899413050 >> 172.21.15.79:0/1899413050 conn(0x7f8b900f6530 msgr2=0x7f8b900f8950 unknown :-1 s=STATE_NONE l=0).mark_down
2024-02-19T22:15:03.382 INFO:teuthology.orchestra.run.smithi079.stderr:/usr/bin/ceph:
2024-02-19T22:15:03.376+0000 7f8b98753700 1 -- 172.21.15.79:0/1899413050 shutdown_connections
2024-02-19T22:15:03.382 INFO:teuthology.orchestra.run.smithi079.stderr:/usr/bin/ceph:
2024-02-19T22:15:03.376+0000 7f8b98753700 1 -- 172.21.15.79:0/1899413050 wait complete.
2024-02-19T22:15:03.382 INFO:teuthology.orchestra.run.smithi079.stderr:/usr/bin/ceph:
2024-02-19T22:15:03.376+0000 7f8b98753700 1 Processor -- start
2024-02-19T22:15:03.382 INFO:teuthology.orchestra.run.smithi079.stderr:/usr/bin/ceph:
2024-02-19T22:15:03.376+0000 7f8b98753700 1 -- start start
2024-02-19T22:15:03.382 INFO:teuthology.orchestra.run.smithi079.stderr:/usr/bin/ceph:
2024-02-19T22:15:03.377+0000 7f8b98753700 1 --2- >> [v2:172.21.15.79:3300/0,v1:172.21.15.79:6789/0] conn(0x7f8b900703f0 0x7f8b900fc510 unknown :-1 s=NONE pgs=0 cs=0 l=1 rev1=0 rx=0 tx=0).connect
2024-02-19T22:15:03.382 INFO:teuthology.orchestra.run.smithi079.stderr:/usr/bin/ceph:
2024-02-19T22:15:03.377+0000 7f8b98753700 1 -- --> [v2:172.21.15.79:3300/0,v1:172.21.15.79:6789/0] -- mon_getmap magic: 0 v1 -- 0x7f8b900fa990 con 0x7f8b900703f0
2024-02-19T22:15:03.382 INFO:teuthology.orchestra.run.smithi079.stderr:/usr/bin/ceph:
2024-02-19T22:15:03.377+0000 7f8b964ef700 1 --2- >> [v2:172.21.15.79:3300/0,v1:172.21.15.79:6789/0] conn(0x7f8b900703f0 0x7f8b900fc510 unknown :-1 s=BANNER_CONNECTING pgs=0 cs=0 l=1 rev1=0 rx=0 tx=0)._handle_peer_banner_payload supported=1 required=0
2024-02-19T22:15:03.382 INFO:teuthology.orchestra.run.smithi079.stderr:/usr/bin/ceph:
2024-02-19T22:15:03.377+0000 7f8b964ef700 1 --2- >> [v2:172.21.15.79:3300/0,v1:172.21.15.79:6789/0] conn(0x7f8b900703f0 0x7f8b900fc510 unknown :-1 s=HELLO_CONNECTING pgs=0 cs=0 l=1 rev1=1 rx=0 tx=0).handle_hello peer v2:172.21.15.79:3300/0 says I am v2:172.21.15.79:38664/0 (socket says 172.21.15.79:38664)
2024-02-19T22:15:03.382 INFO:teuthology.orchestra.run.smithi079.stderr:/usr/bin/ceph:
2024-02-19T22:15:03.377+0000 7f8b964ef700 1 -- 172.21.15.79:0/103565085 learned_addr learned my addr 172.21.15.79:0/103565085 (peer_addr_for_me v2:172.21.15.79:0/0)
2024-02-19T22:15:03.382 INFO:teuthology.orchestra.run.smithi079.stderr:/usr/bin/ceph:
2024-02-19T22:15:03.377+0000 7f8b964ef700 1 -- 172.21.15.79:0/103565085 --> [v2:172.21.15.79:3300/0,v1:172.21.15.79:6789/0] -- mon_subscribe({config=0+,monmap=0+}) v3 -- 0x7f8b8000b200 con 0x7f8b900703f0
2024-02-19T22:15:03.382 INFO:teuthology.orchestra.run.smithi079.stderr:/usr/bin/ceph:
2024-02-19T22:15:03.377+0000 7f8b964ef700 1 --2- 172.21.15.79:0/103565085 >> [v2:172.21.15.79:3300/0,v1:172.21.15.79:6789/0] conn(0x7f8b900703f0 0x7f8b900fc510 secure :-1 s=READY pgs=38 cs=0 l=1 rev1=1 rx=0x7f8b80011ed0 tx=0x7f8b80006ee0).ready entity=mon.0 client_cookie=0 server_cookie=0 in_seq=0 out_seq=0
2024-02-19T22:15:03.382 INFO:teuthology.orchestra.run.smithi079.stderr:/usr/bin/ceph:
2024-02-19T22:15:03.377+0000 7f8b7effd700 1 -- 172.21.15.79:0/103565085 <== mon.0 v2:172.21.15.79:3300/0 1 ==== mon_map magic: 0 v1 ==== 229+0+0 (secure 0 0 0) 0x7f8b8001b570 con 0x7f8b900703f0
2024-02-19T22:15:03.382 INFO:teuthology.orchestra.run.smithi079.stderr:/usr/bin/ceph:
2024-02-19T22:15:03.377+0000 7f8b7effd700 1 -- 172.21.15.79:0/103565085 <== mon.0 v2:172.21.15.79:3300/0 2 ==== config(26 keys) v1 ==== 1045+0+0 (secure 0 0 0) 0x7f8b8001bb60 con 0x7f8b900703f0
2024-02-19T22:15:03.383 INFO:teuthology.orchestra.run.smithi079.stderr:/usr/bin/ceph:
2024-02-19T22:15:03.377+0000 7f8b98753700 1 -- 172.21.15.79:0/103565085 --> [v2:172.21.15.79:3300/0,v1:172.21.15.79:6789/0] -- mon_subscribe({mgrmap=0+}) v3 -- 0x7f8b900fab30 con 0x7f8b900703f0
2024-02-19T22:15:03.383 INFO:teuthology.orchestra.run.smithi079.stderr:/usr/bin/ceph:
2024-02-19T22:15:03.377+0000 7f8b7effd700 1 -- 172.21.15.79:0/103565085 <== mon.0 v2:172.21.15.79:3300/0 3 ==== mon_map magic: 0 v1 ==== 229+0+0 (secure 0 0 0) 0x7f8b8001aad0 con 0x7f8b900703f0
2024-02-19T22:15:03.383 INFO:teuthology.orchestra.run.smithi079.stderr:/usr/bin/ceph:
2024-02-19T22:15:03.377+0000 7f8b98753700 1 -- 172.21.15.79:0/103565085 --> [v2:172.21.15.79:3300/0,v1:172.21.15.79:6789/0] -- mon_subscribe({osdmap=0}) v3 -- 0x7f8b900fafc0 con 0x7f8b900703f0
2024-02-19T22:15:03.383 INFO:teuthology.orchestra.run.smithi079.stderr:/usr/bin/ceph:
2024-02-19T22:15:03.378+0000 7f8b7effd700 1 -- 172.21.15.79:0/103565085 <== mon.0 v2:172.21.15.79:3300/0 4 ==== mgrmap(e 8) v1 ==== 36120+0+0 (secure 0 0 0) 0x7f8b8000f070 con 0x7f8b900703f0
2024-02-19T22:15:03.383 INFO:teuthology.orchestra.run.smithi079.stderr:/usr/bin/ceph:
2024-02-19T22:15:03.378+0000 7f8b98753700 1 -- 172.21.15.79:0/103565085 --> [v2:172.21.15.79:3300/0,v1:172.21.15.79:6789/0] -- mon_command({"prefix": "get_command_descriptions"} v 0) v1 -- 0x7f8b90045ad0 con 0x7f8b900703f0
2024-02-19T22:15:03.383 INFO:teuthology.orchestra.run.smithi079.stderr:/usr/bin/ceph:
2024-02-19T22:15:03.378+0000 7f8b7effd700 1 --2- 172.21.15.79:0/103565085 >> [v2:172.21.15.79:6800/1253420946,v1:172.21.15.79:6801/1253420946] conn(0x7f8b7802fe10 0x7f8b780322d0 unknown :-1 s=NONE pgs=0 cs=0 l=1 rev1=0 rx=0 tx=0).connect
2024-02-19T22:15:03.383 INFO:teuthology.orchestra.run.smithi079.stderr:/usr/bin/ceph:
2024-02-19T22:15:03.378+0000 7f8b7effd700 1 -- 172.21.15.79:0/103565085 <== mon.0 v2:172.21.15.79:3300/0 5 ==== osd_map(2..2 src has 1..2) v4 ==== 926+0+0 (secure 0 0 0) 0x7f8b80041370 con 0x7f8b900703f0
2024-02-19T22:15:03.383 INFO:teuthology.orchestra.run.smithi079.stderr:/usr/bin/ceph:
2024-02-19T22:15:03.378+0000 7f8b95cee700 1 --2- 172.21.15.79:0/103565085 >> [v2:172.21.15.79:6800/1253420946,v1:172.21.15.79:6801/1253420946] conn(0x7f8b7802fe10 0x7f8b780322d0 unknown :-1 s=BANNER_CONNECTING pgs=0 cs=0 l=1 rev1=0 rx=0 tx=0)._handle_peer_banner_payload supported=1 required=0
2024-02-19T22:15:03.383 INFO:teuthology.orchestra.run.smithi079.stderr:/usr/bin/ceph:
2024-02-19T22:15:03.379+0000 7f8b95cee700 1 --2- 172.21.15.79:0/103565085 >> [v2:172.21.15.79:6800/1253420946,v1:172.21.15.79:6801/1253420946] conn(0x7f8b7802fe10 0x7f8b780322d0 secure :-1 s=READY pgs=10 cs=0 l=1 rev1=1 rx=0x7f8b8c0096a0 tx=0x7f8b8c006b40).ready entity=mgr.14114 client_cookie=0 server_cookie=0 in_seq=0 out_seq=0
2024-02-19T22:15:03.384 INFO:teuthology.orchestra.run.smithi079.stderr:/usr/bin/ceph:
2024-02-19T22:15:03.383+0000 7f8b7effd700 1 -- 172.21.15.79:0/103565085 <== mon.0 v2:172.21.15.79:3300/0 6 ==== mon_command_ack([{"prefix": "get_command_descriptions"}]=0 v0) v1 ==== 72+0+152212 (secure 0 0 0) 0x7f8b80022310 con 0x7f8b900703f0
2024-02-19T22:15:03.555 INFO:teuthology.orchestra.run.smithi079.stderr:/usr/bin/ceph:
2024-02-19T22:15:03.553+0000 7f8b98753700 1 -- 172.21.15.79:0/103565085 --> [v2:172.21.15.79:6800/1253420946,v1:172.21.15.79:6801/1253420946] -- mgr_command(tid 0: {"prefix": "orch host add", "hostname": "smithi079", "addr": "172.21.15.79", "target": ["mon-mgr", ""]}) v1 -- 0x7f8b900fff80 con 0x7f8b7802fe10
2024-02-19T22:15:03.968 INFO:journalctl@ceph.mon.smithi079.smithi079.stdout:Feb 19 22:15:03 smithi079 ceph-2db841b8-cf74-11ee-95bb-87774f69a715-mon.smithi079[38073]: audit
2024-02-19T22:15:02.179820+0000 mgr.smithi079.gxfuwy (mgr.14114) 7 : audit [DBG] from='client.14130 -' entity='client.admin' cmd=[{"prefix": "cephadm get-pub-key", "target": ["mon-mgr", ""]}]: dispatch
2024-02-19T22:15:04.149 INFO:teuthology.orchestra.run.smithi079.stderr:/usr/bin/ceph: Added host 'smithi079'
2024-02-19T22:15:04.149 INFO:teuthology.orchestra.run.smithi079.stderr:/usr/bin/ceph:
2024-02-19T22:15:04.146+0000 7f8b7effd700 1 -- 172.21.15.79:0/103565085 <== mgr.14114 v2:172.21.15.79:6800/1253420946 1 ==== mgr_command_reply(tid 0: 0 ) v1 ==== 8+0+23 (secure 0 0 0) 0x7f8b900fff80 con 0x7f8b7802fe10
2024-02-19T22:15:04.150 INFO:teuthology.orchestra.run.smithi079.stderr:/usr/bin/ceph:
2024-02-19T22:15:04.148+0000 7f8b98753700 1 -- 172.21.15.79:0/103565085 >> [v2:172.21.15.79:6800/1253420946,v1:172.21.15.79:6801/1253420946] conn(0x7f8b7802fe10 msgr2=0x7f8b780322d0 secure :-1 s=STATE_CONNECTION_ESTABLISHED l=1).mark_down
2024-02-19T22:15:04.151 INFO:teuthology.orchestra.run.smithi079.stderr:/usr/bin/ceph:
2024-02-19T22:15:04.148+0000 7f8b98753700 1 --2- 172.21.15.79:0/103565085 >> [v2:172.21.15.79:6800/1253420946,v1:172.21.15.79:6801/1253420946] conn(0x7f8b7802fe10 0x7f8b780322d0 secure :-1 s=READY pgs=10 cs=0 l=1 rev1=1 rx=0x7f8b8c0096a0 tx=0x7f8b8c006b40).stop
2024-02-19T22:15:04.151 INFO:teuthology.orchestra.run.smithi079.stderr:/usr/bin/ceph:
2024-02-19T22:15:04.148+0000 7f8b98753700 1 -- 172.21.15.79:0/103565085 >> [v2:172.21.15.79:3300/0,v1:172.21.15.79:6789/0] conn(0x7f8b900703f0 msgr2=0x7f8b900fc510 secure :-1 s=STATE_CONNECTION_ESTABLISHED l=1).mark_down
2024-02-19T22:15:04.151 INFO:teuthology.orchestra.run.smithi079.stderr:/usr/bin/ceph:
2024-02-19T22:15:04.148+0000 7f8b98753700 1 --2- 172.21.15.79:0/103565085 >> [v2:172.21.15.79:3300/0,v1:172.21.15.79:6789/0] conn(0x7f8b900703f0 0x7f8b900fc510 secure :-1 s=READY pgs=38 cs=0 l=1 rev1=1 rx=0x7f8b80011ed0 tx=0x7f8b80006ee0).stop
2024-02-19T22:15:04.152 INFO:teuthology.orchestra.run.smithi079.stderr:/usr/bin/ceph:
2024-02-19T22:15:04.149+0000 7f8b98753700 1 -- 172.21.15.79:0/103565085 shutdown_connections
2024-02-19T22:15:04.152 INFO:teuthology.orchestra.run.smithi079.stderr:/usr/bin/ceph:
2024-02-19T22:15:04.149+0000 7f8b98753700 1 --2- 172.21.15.79:0/103565085 >> [v2:172.21.15.79:6800/1253420946,v1:172.21.15.79:6801/1253420946] conn(0x7f8b7802fe10 0x7f8b780322d0 unknown :-1 s=CLOSED pgs=10 cs=0 l=1 rev1=1 rx=0 tx=0).stop
2024-02-19T22:15:04.152 INFO:teuthology.orchestra.run.smithi079.stderr:/usr/bin/ceph:
2024-02-19T22:15:04.149+0000 7f8b98753700 1 --2- 172.21.15.79:0/103565085 >> [v2:172.21.15.79:3300/0,v1:172.21.15.79:6789/0] conn(0x7f8b900703f0 0x7f8b900fc510 unknown :-1 s=CLOSED pgs=38 cs=0 l=1 rev1=1 rx=0 tx=0).stop
2024-02-19T22:15:04.152 INFO:teuthology.orchestra.run.smithi079.stderr:/usr/bin/ceph:
2024-02-19T22:15:04.149+0000 7f8b98753700 1 -- 172.21.15.79:0/103565085 >> 172.21.15.79:0/103565085 conn(0x7f8b900f6530 msgr2=0x7f8b900f7ee0 unknown :-1 s=STATE_NONE l=0).mark_down
2024-02-19T22:15:04.152 INFO:teuthology.orchestra.run.smithi079.stderr:/usr/bin/ceph:
2024-02-19T22:15:04.149+0000 7f8b98753700 1 -- 172.21.15.79:0/103565085 shutdown_connections
2024-02-19T22:15:04.152 INFO:teuthology.orchestra.run.smithi079.stderr:/usr/bin/ceph:
2024-02-19T22:15:04.149+0000 7f8b98753700 1 -- 172.21.15.79:0/103565085 wait complete.
2024-02-19T22:15:04.750 INFO:teuthology.orchestra.run.smithi079.stderr:Deploying mon service with default placement...
2024-02-19T22:15:04.750 INFO:teuthology.orchestra.run.smithi079.stderr:Running command: /bin/podman run --rm --ipc=host --no-hosts --net=host --entrypoint /usr/bin/ceph --init -e CONTAINER_IMAGE=docker.io/ceph/ceph:v16.2.4 -e NODE_NAME=smithi079 -e CEPH_USE_RANDOM_NONCE=1 -v /var/log/ceph/2db841b8-cf74-11ee-95bb-87774f69a715:/var/log/ceph:z -v /tmp/ceph-tmpc9hvc7sa:/etc/ceph/ceph.client.admin.keyring:z -v /tmp/ceph-tmpg7auwlkr:/etc/ceph/ceph.conf:z docker.io/ceph/ceph:v16.2.4 orch apply mon
2024-02-19T22:15:04.950 INFO:journalctl@ceph.mon.smithi079.smithi079.stdout:Feb 19 22:15:04 smithi079 ceph-2db841b8-cf74-11ee-95bb-87774f69a715-mon.smithi079[38073]: audit
2024-02-19T22:15:03.555672+0000 mgr.smithi079.gxfuwy (mgr.14114) 8 : audit [DBG] from='client.14132 -' entity='client.admin' cmd=[{"prefix": "orch host add", "hostname": "smithi079", "addr": "172.21.15.79", "target": ["mon-mgr", ""]}]: dispatch
2024-02-19T22:15:04.950 INFO:journalctl@ceph.mon.smithi079.smithi079.stdout:Feb 19 22:15:04 smithi079 ceph-2db841b8-cf74-11ee-95bb-87774f69a715-mon.smithi079[38073]: audit
2024-02-19T22:15:04.146742+0000 mon.smithi079 (mon.0) 54 : audit [INF] from='mgr.14114 172.21.15.79:0/3678357289' entity='mgr.smithi079.gxfuwy'
2024-02-19T22:15:04.950 INFO:journalctl@ceph.mon.smithi079.smithi079.stdout:Feb 19 22:15:04 smithi079 ceph-2db841b8-cf74-11ee-95bb-87774f69a715-mon.smithi079[38073]: audit
2024-02-19T22:15:04.147283+0000 mon.smithi079 (mon.0) 55 : audit [DBG] from='mgr.14114 172.21.15.79:0/3678357289' entity='mgr.smithi079.gxfuwy' cmd=[{"prefix": "config dump", "format": "json"}]: dispatch
2024-02-19T22:15:05.265 INFO:teuthology.orchestra.run.smithi079.stderr:/usr/bin/ceph:
2024-02-19T22:15:05.262+0000 7f4e59ba1700 1 Processor -- start
2024-02-19T22:15:05.267 INFO:teuthology.orchestra.run.smithi079.stderr:/usr/bin/ceph:
2024-02-19T22:15:05.262+0000 7f4e59ba1700 1 -- start start
2024-02-19T22:15:05.268 INFO:teuthology.orchestra.run.smithi079.stderr:/usr/bin/ceph:
2024-02-19T22:15:05.262+0000 7f4e59ba1700 1 --2- >> [v2:172.21.15.79:3300/0,v1:172.21.15.79:6789/0] conn(0x7f4e54070350 0x7f4e540fe970 unknown :-1 s=NONE pgs=0 cs=0 l=0 rev1=0 rx=0 tx=0).connect
2024-02-19T22:15:05.268 INFO:teuthology.orchestra.run.smithi079.stderr:/usr/bin/ceph:
2024-02-19T22:15:05.262+0000 7f4e59ba1700 1 -- --> [v2:172.21.15.79:3300/0,v1:172.21.15.79:6789/0] -- mon_getmap magic: 0 v1 -- 0x7f4e54070770 con 0x7f4e54070350
2024-02-19T22:15:05.268 INFO:teuthology.orchestra.run.smithi079.stderr:/usr/bin/ceph:
2024-02-19T22:15:05.263+0000 7f4e58b9f700 1 --2- >> [v2:172.21.15.79:3300/0,v1:172.21.15.79:6789/0] conn(0x7f4e54070350 0x7f4e540fe970 unknown :-1 s=BANNER_CONNECTING pgs=0 cs=0 l=0 rev1=0 rx=0 tx=0)._handle_peer_banner_payload supported=1 required=0
2024-02-19T22:15:05.268 INFO:teuthology.orchestra.run.smithi079.stderr:/usr/bin/ceph:
2024-02-19T22:15:05.263+0000 7f4e58b9f700 1 --2- >> [v2:172.21.15.79:3300/0,v1:172.21.15.79:6789/0] conn(0x7f4e54070350 0x7f4e540fe970 unknown :-1 s=HELLO_CONNECTING pgs=0 cs=0 l=0 rev1=1 rx=0 tx=0).handle_hello peer v2:172.21.15.79:3300/0 says I am v2:172.21.15.79:38676/0 (socket says 172.21.15.79:38676)
2024-02-19T22:15:05.268 INFO:teuthology.orchestra.run.smithi079.stderr:/usr/bin/ceph:
2024-02-19T22:15:05.263+0000 7f4e58b9f700 1 -- 172.21.15.79:0/369258028 learned_addr learned my addr 172.21.15.79:0/369258028 (peer_addr_for_me v2:172.21.15.79:0/0)
2024-02-19T22:15:05.268 INFO:teuthology.orchestra.run.smithi079.stderr:/usr/bin/ceph:
2024-02-19T22:15:05.263+0000 7f4e58b9f700 1 -- 172.21.15.79:0/369258028 --> [v2:172.21.15.79:3300/0,v1:172.21.15.79:6789/0] -- mon_subscribe({config=0+,monmap=0+}) v3 -- 0x7f4e540fee60 con 0x7f4e54070350
2024-02-19T22:15:05.268 INFO:teuthology.orchestra.run.smithi079.stderr:/usr/bin/ceph:
2024-02-19T22:15:05.263+0000 7f4e58b9f700 1 --2- 172.21.15.79:0/369258028 >> [v2:172.21.15.79:3300/0,v1:172.21.15.79:6789/0] conn(0x7f4e54070350 0x7f4e540fe970 secure :-1 s=READY pgs=39 cs=0 l=1 rev1=1 rx=0x7f4e4800b5f0 tx=0x7f4e48006ee0).ready entity=mon.0 client_cookie=3afcc1fae454435c server_cookie=0 in_seq=0 out_seq=0
2024-02-19T22:15:05.268 INFO:teuthology.orchestra.run.smithi079.stderr:/usr/bin/ceph:
2024-02-19T22:15:05.263+0000 7f4e537fe700 1 -- 172.21.15.79:0/369258028 <== mon.0 v2:172.21.15.79:3300/0 1 ==== mon_map magic: 0 v1 ==== 229+0+0 (secure 0 0 0) 0x7f4e4800d600 con 0x7f4e54070350
2024-02-19T22:15:05.268 INFO:teuthology.orchestra.run.smithi079.stderr:/usr/bin/ceph:
2024-02-19T22:15:05.263+0000 7f4e537fe700 1 -- 172.21.15.79:0/369258028 <== mon.0 v2:172.21.15.79:3300/0 2 ==== config(26 keys) v1 ==== 1045+0+0 (secure 0 0 0) 0x7f4e4800dbf0 con 0x7f4e54070350
2024-02-19T22:15:05.268 INFO:teuthology.orchestra.run.smithi079.stderr:/usr/bin/ceph:
2024-02-19T22:15:05.263+0000 7f4e537fe700 1 -- 172.21.15.79:0/369258028 <== mon.0 v2:172.21.15.79:3300/0 3 ==== mon_map magic: 0 v1 ==== 229+0+0 (secure 0 0 0) 0x7f4e48011cb0 con 0x7f4e54070350
2024-02-19T22:15:05.268 INFO:teuthology.orchestra.run.smithi079.stderr:/usr/bin/ceph:
2024-02-19T22:15:05.264+0000 7f4e59ba1700 1 -- 172.21.15.79:0/369258028 >> [v2:172.21.15.79:3300/0,v1:172.21.15.79:6789/0] conn(0x7f4e54070350 msgr2=0x7f4e540fe970 secure :-1 s=STATE_CONNECTION_ESTABLISHED l=1).mark_down
2024-02-19T22:15:05.268 INFO:teuthology.orchestra.run.smithi079.stderr:/usr/bin/ceph:
2024-02-19T22:15:05.264+0000 7f4e59ba1700 1 --2- 172.21.15.79:0/369258028 >> [v2:172.21.15.79:3300/0,v1:172.21.15.79:6789/0] conn(0x7f4e54070350 0x7f4e540fe970 secure :-1 s=READY pgs=39 cs=0 l=1 rev1=1 rx=0x7f4e4800b5f0 tx=0x7f4e48006ee0).stop
2024-02-19T22:15:05.269 INFO:teuthology.orchestra.run.smithi079.stderr:/usr/bin/ceph:
2024-02-19T22:15:05.264+0000 7f4e59ba1700 1 -- 172.21.15.79:0/369258028 shutdown_connections
2024-02-19T22:15:05.269 INFO:teuthology.orchestra.run.smithi079.stderr:/usr/bin/ceph:
2024-02-19T22:15:05.264+0000 7f4e59ba1700 1 --2- 172.21.15.79:0/369258028 >> [v2:172.21.15.79:3300/0,v1:172.21.15.79:6789/0] conn(0x7f4e54070350 0x7f4e540fe970 unknown :-1 s=CLOSED pgs=39 cs=0 l=1 rev1=1 rx=0 tx=0).stop
2024-02-19T22:15:05.269 INFO:teuthology.orchestra.run.smithi079.stderr:/usr/bin/ceph:
2024-02-19T22:15:05.264+0000 7f4e59ba1700 1 -- 172.21.15.79:0/369258028 >> 172.21.15.79:0/369258028 conn(0x7f4e540f6390 msgr2=0x7f4e540f87b0 unknown :-1 s=STATE_NONE l=0).mark_down
2024-02-19T22:15:05.269 INFO:teuthology.orchestra.run.smithi079.stderr:/usr/bin/ceph:
2024-02-19T22:15:05.264+0000 7f4e59ba1700 1 -- 172.21.15.79:0/369258028 shutdown_connections
2024-02-19T22:15:05.269 INFO:teuthology.orchestra.run.smithi079.stderr:/usr/bin/ceph:
2024-02-19T22:15:05.264+0000 7f4e59ba1700 1 -- 172.21.15.79:0/369258028 wait complete.
2024-02-19T22:15:05.269 INFO:teuthology.orchestra.run.smithi079.stderr:/usr/bin/ceph:
2024-02-19T22:15:05.264+0000 7f4e59ba1700 1 Processor -- start
2024-02-19T22:15:05.269 INFO:teuthology.orchestra.run.smithi079.stderr:/usr/bin/ceph:
2024-02-19T22:15:05.264+0000 7f4e59ba1700 1 -- start start
2024-02-19T22:15:05.269 INFO:teuthology.orchestra.run.smithi079.stderr:/usr/bin/ceph:
2024-02-19T22:15:05.265+0000 7f4e59ba1700 1 --2- >> [v2:172.21.15.79:3300/0,v1:172.21.15.79:6789/0] conn(0x7f4e54070350 0x7f4e540fc3f0 unknown :-1 s=NONE pgs=0 cs=0 l=1 rev1=0 rx=0 tx=0).connect
2024-02-19T22:15:05.269 INFO:teuthology.orchestra.run.smithi079.stderr:/usr/bin/ceph:
2024-02-19T22:15:05.265+0000 7f4e59ba1700 1 -- --> [v2:172.21.15.79:3300/0,v1:172.21.15.79:6789/0] -- mon_getmap magic: 0 v1 -- 0x7f4e540fa870 con 0x7f4e54070350
2024-02-19T22:15:05.269 INFO:teuthology.orchestra.run.smithi079.stderr:/usr/bin/ceph:
2024-02-19T22:15:05.265+0000 7f4e58b9f700 1 --2- >> [v2:172.21.15.79:3300/0,v1:172.21.15.79:6789/0] conn(0x7f4e54070350 0x7f4e540fc3f0 unknown :-1 s=BANNER_CONNECTING pgs=0 cs=0 l=1 rev1=0 rx=0 tx=0)._handle_peer_banner_payload supported=1 required=0
2024-02-19T22:15:05.270 INFO:teuthology.orchestra.run.smithi079.stderr:/usr/bin/ceph:
2024-02-19T22:15:05.265+0000 7f4e58b9f700 1 --2- >> [v2:172.21.15.79:3300/0,v1:172.21.15.79:6789/0] conn(0x7f4e54070350 0x7f4e540fc3f0 unknown :-1 s=HELLO_CONNECTING pgs=0 cs=0 l=1 rev1=1 rx=0 tx=0).handle_hello peer v2:172.21.15.79:3300/0 says I am v2:172.21.15.79:38688/0 (socket says 172.21.15.79:38688)
2024-02-19T22:15:05.270 INFO:teuthology.orchestra.run.smithi079.stderr:/usr/bin/ceph:
2024-02-19T22:15:05.265+0000 7f4e58b9f700 1 -- 172.21.15.79:0/3669688697 learned_addr learned my addr 172.21.15.79:0/3669688697 (peer_addr_for_me v2:172.21.15.79:0/0)
2024-02-19T22:15:05.270 INFO:teuthology.orchestra.run.smithi079.stderr:/usr/bin/ceph:
2024-02-19T22:15:05.265+0000 7f4e58b9f700 1 -- 172.21.15.79:0/3669688697 --> [v2:172.21.15.79:3300/0,v1:172.21.15.79:6789/0] -- mon_subscribe({config=0+,monmap=0+}) v3 -- 0x7f4e4800b200 con 0x7f4e54070350
2024-02-19T22:15:05.270 INFO:teuthology.orchestra.run.smithi079.stderr:/usr/bin/ceph:
2024-02-19T22:15:05.265+0000 7f4e58b9f700 1 --2- 172.21.15.79:0/3669688697 >> [v2:172.21.15.79:3300/0,v1:172.21.15.79:6789/0] conn(0x7f4e54070350 0x7f4e540fc3f0 secure :-1 s=READY pgs=40 cs=0 l=1 rev1=1 rx=0x7f4e4800df90 tx=0x7f4e48006ee0).ready entity=mon.0 client_cookie=0 server_cookie=0 in_seq=0 out_seq=0
2024-02-19T22:15:05.271 INFO:teuthology.orchestra.run.smithi079.stderr:/usr/bin/ceph:
2024-02-19T22:15:05.265+0000 7f4e517fa700 1 -- 172.21.15.79:0/3669688697 <== mon.0 v2:172.21.15.79:3300/0 1 ==== mon_map magic: 0 v1 ==== 229+0+0 (secure 0 0 0) 0x7f4e4801b410 con 0x7f4e54070350
2024-02-19T22:15:05.271 INFO:teuthology.orchestra.run.smithi079.stderr:/usr/bin/ceph:
2024-02-19T22:15:05.265+0000 7f4e517fa700 1 -- 172.21.15.79:0/3669688697 <== mon.0 v2:172.21.15.79:3300/0 2 ==== config(26 keys) v1 ==== 1045+0+0 (secure 0 0 0) 0x7f4e4801ba00 con 0x7f4e54070350
2024-02-19T22:15:05.271 INFO:teuthology.orchestra.run.smithi079.stderr:/usr/bin/ceph:
2024-02-19T22:15:05.265+0000 7f4e59ba1700 1 -- 172.21.15.79:0/3669688697 --> [v2:172.21.15.79:3300/0,v1:172.21.15.79:6789/0] -- mon_subscribe({mgrmap=0+}) v3 -- 0x7f4e540faa10 con 0x7f4e54070350
2024-02-19T22:15:05.271 INFO:teuthology.orchestra.run.smithi079.stderr:/usr/bin/ceph:
2024-02-19T22:15:05.265+0000 7f4e517fa700 1 -- 172.21.15.79:0/3669688697 <== mon.0 v2:172.21.15.79:3300/0 3 ==== mon_map magic: 0 v1 ==== 229+0+0 (secure 0 0 0) 0x7f4e4801aa30 con 0x7f4e54070350
2024-02-19T22:15:05.271 INFO:teuthology.orchestra.run.smithi079.stderr:/usr/bin/ceph:
2024-02-19T22:15:05.266+0000 7f4e59ba1700 1 -- 172.21.15.79:0/3669688697 --> [v2:172.21.15.79:3300/0,v1:172.21.15.79:6789/0] -- mon_subscribe({osdmap=0}) v3 -- 0x7f4e540faea0 con 0x7f4e54070350
2024-02-19T22:15:05.271 INFO:teuthology.orchestra.run.smithi079.stderr:/usr/bin/ceph:
2024-02-19T22:15:05.266+0000 7f4e517fa700 1 -- 172.21.15.79:0/3669688697 <== mon.0 v2:172.21.15.79:3300/0 4 ==== mgrmap(e 8) v1 ==== 36120+0+0 (secure 0 0 0) 0x7f4e4800f070 con 0x7f4e54070350
2024-02-19T22:15:05.271 INFO:teuthology.orchestra.run.smithi079.stderr:/usr/bin/ceph:
2024-02-19T22:15:05.266+0000 7f4e517fa700 1 --2- 172.21.15.79:0/3669688697 >> [v2:172.21.15.79:6800/1253420946,v1:172.21.15.79:6801/1253420946] conn(0x7f4e3802fe10 0x7f4e380322d0 unknown :-1 s=NONE pgs=0 cs=0 l=1 rev1=0 rx=0 tx=0).connect
2024-02-19T22:15:05.271 INFO:teuthology.orchestra.run.smithi079.stderr:/usr/bin/ceph:
2024-02-19T22:15:05.266+0000 7f4e517fa700 1 -- 172.21.15.79:0/3669688697 <== mon.0 v2:172.21.15.79:3300/0 5 ==== osd_map(2..2 src has 1..2) v4 ==== 926+0+0 (secure 0 0 0) 0x7f4e480412a0 con 0x7f4e54070350
2024-02-19T22:15:05.271 INFO:teuthology.orchestra.run.smithi079.stderr:/usr/bin/ceph:
2024-02-19T22:15:05.266+0000 7f4e59ba1700 1 -- 172.21.15.79:0/3669688697 --> [v2:172.21.15.79:3300/0,v1:172.21.15.79:6789/0] -- mon_command({"prefix": "get_command_descriptions"} v 0) v1 -- 0x7f4e54045ad0 con 0x7f4e54070350
2024-02-19T22:15:05.271 INFO:teuthology.orchestra.run.smithi079.stderr:/usr/bin/ceph:
2024-02-19T22:15:05.267+0000 7f4e53fff700 1 --2- 172.21.15.79:0/3669688697 >> [v2:172.21.15.79:6800/1253420946,v1:172.21.15.79:6801/1253420946] conn(0x7f4e3802fe10 0x7f4e380322d0 unknown :-1 s=BANNER_CONNECTING pgs=0 cs=0 l=1 rev1=0 rx=0 tx=0)._handle_peer_banner_payload supported=1 required=0
2024-02-19T22:15:05.271 INFO:teuthology.orchestra.run.smithi079.stderr:/usr/bin/ceph:
2024-02-19T22:15:05.267+0000 7f4e53fff700 1 --2- 172.21.15.79:0/3669688697 >> [v2:172.21.15.79:6800/1253420946,v1:172.21.15.79:6801/1253420946] conn(0x7f4e3802fe10 0x7f4e380322d0 secure :-1 s=READY pgs=11 cs=0 l=1 rev1=1 rx=0x7f4e400096a0 tx=0x7f4e40006b40).ready entity=mgr.14114 client_cookie=0 server_cookie=0 in_seq=0 out_seq=0
2024-02-19T22:15:05.273 INFO:teuthology.orchestra.run.smithi079.stderr:/usr/bin/ceph:
2024-02-19T22:15:05.271+0000 7f4e517fa700 1 -- 172.21.15.79:0/3669688697 <== mon.0 v2:172.21.15.79:3300/0 6 ==== mon_command_ack([{"prefix": "get_command_descriptions"}]=0 v0) v1 ==== 72+0+152212 (secure 0 0 0) 0x7f4e480224f0 con 0x7f4e54070350
2024-02-19T22:15:05.449 INFO:teuthology.orchestra.run.smithi079.stderr:/usr/bin/ceph:
2024-02-19T22:15:05.446+0000 7f4e59ba1700 1 -- 172.21.15.79:0/3669688697 --> [v2:172.21.15.79:6800/1253420946,v1:172.21.15.79:6801/1253420946] -- mgr_command(tid 0: {"prefix": "orch apply", "service_type": "mon", "target": ["mon-mgr", ""]}) v1 -- 0x7f4e54104a00 con 0x7f4e3802fe10
2024-02-19T22:15:05.452 INFO:teuthology.orchestra.run.smithi079.stderr:/usr/bin/ceph:
2024-02-19T22:15:05.450+0000 7f4e517fa700 1 -- 172.21.15.79:0/3669688697 <== mgr.14114 v2:172.21.15.79:6800/1253420946 1 ==== mgr_command_reply(tid 0: 0 ) v1 ==== 8+0+24 (secure 0 0 0) 0x7f4e54104a00 con 0x7f4e3802fe10
2024-02-19T22:15:05.453 INFO:teuthology.orchestra.run.smithi079.stderr:/usr/bin/ceph: Scheduled mon update...
2024-02-19T22:15:05.455 INFO:teuthology.orchestra.run.smithi079.stderr:/usr/bin/ceph:
2024-02-19T22:15:05.452+0000 7f4e59ba1700 1 -- 172.21.15.79:0/3669688697 >> [v2:172.21.15.79:6800/1253420946,v1:172.21.15.79:6801/1253420946] conn(0x7f4e3802fe10 msgr2=0x7f4e380322d0 secure :-1 s=STATE_CONNECTION_ESTABLISHED l=1).mark_down
2024-02-19T22:15:05.455 INFO:teuthology.orchestra.run.smithi079.stderr:/usr/bin/ceph:
2024-02-19T22:15:05.452+0000 7f4e59ba1700 1 --2- 172.21.15.79:0/3669688697 >> [v2:172.21.15.79:6800/1253420946,v1:172.21.15.79:6801/1253420946] conn(0x7f4e3802fe10 0x7f4e380322d0 secure :-1 s=READY pgs=11 cs=0 l=1 rev1=1 rx=0x7f4e400096a0 tx=0x7f4e40006b40).stop
2024-02-19T22:15:05.455 INFO:teuthology.orchestra.run.smithi079.stderr:/usr/bin/ceph:
2024-02-19T22:15:05.452+0000 7f4e59ba1700 1 -- 172.21.15.79:0/3669688697 >> [v2:172.21.15.79:3300/0,v1:172.21.15.79:6789/0] conn(0x7f4e54070350 msgr2=0x7f4e540fc3f0 secure :-1 s=STATE_CONNECTION_ESTABLISHED l=1).mark_down
2024-02-19T22:15:05.455 INFO:teuthology.orchestra.run.smithi079.stderr:/usr/bin/ceph:
2024-02-19T22:15:05.452+0000 7f4e59ba1700 1 --2- 172.21.15.79:0/3669688697 >> [v2:172.21.15.79:3300/0,v1:172.21.15.79:6789/0] conn(0x7f4e54070350 0x7f4e540fc3f0 secure :-1 s=READY pgs=40 cs=0 l=1 rev1=1 rx=0x7f4e4800df90 tx=0x7f4e48006ee0).stop
2024-02-19T22:15:05.455 INFO:teuthology.orchestra.run.smithi079.stderr:/usr/bin/ceph:
2024-02-19T22:15:05.452+0000 7f4e59ba1700 1 -- 172.21.15.79:0/3669688697 shutdown_connections
2024-02-19T22:15:05.455 INFO:teuthology.orchestra.run.smithi079.stderr:/usr/bin/ceph:
2024-02-19T22:15:05.452+0000 7f4e59ba1700 1 --2- 172.21.15.79:0/3669688697 >> [v2:172.21.15.79:6800/1253420946,v1:172.21.15.79:6801/1253420946] conn(0x7f4e3802fe10 0x7f4e380322d0 unknown :-1 s=CLOSED pgs=11 cs=0 l=1 rev1=1 rx=0 tx=0).stop
2024-02-19T22:15:05.455 INFO:teuthology.orchestra.run.smithi079.stderr:/usr/bin/ceph:
2024-02-19T22:15:05.452+0000 7f4e59ba1700 1 --2- 172.21.15.79:0/3669688697 >> [v2:172.21.15.79:3300/0,v1:172.21.15.79:6789/0] conn(0x7f4e54070350 0x7f4e540fc3f0 unknown :-1 s=CLOSED pgs=40 cs=0 l=1 rev1=1 rx=0 tx=0).stop
2024-02-19T22:15:05.455 INFO:teuthology.orchestra.run.smithi079.stderr:/usr/bin/ceph:
2024-02-19T22:15:05.452+0000 7f4e59ba1700 1 -- 172.21.15.79:0/3669688697 >> 172.21.15.79:0/3669688697 conn(0x7f4e540f6390 msgr2=0x7f4e540f7e20 unknown :-1 s=STATE_NONE l=0).mark_down
2024-02-19T22:15:05.456 INFO:teuthology.orchestra.run.smithi079.stderr:/usr/bin/ceph:
2024-02-19T22:15:05.452+0000 7f4e59ba1700 1 -- 172.21.15.79:0/3669688697 shutdown_connections
2024-02-19T22:15:05.456 INFO:teuthology.orchestra.run.smithi079.stderr:/usr/bin/ceph:
2024-02-19T22:15:05.452+0000 7f4e59ba1700 1 -- 172.21.15.79:0/3669688697 wait complete.
2024-02-19T22:15:05.829 INFO:journalctl@ceph.mon.smithi079.smithi079.stdout:Feb 19 22:15:05 smithi079 ceph-2db841b8-cf74-11ee-95bb-87774f69a715-mon.smithi079[38073]: cephadm
2024-02-19T22:15:04.147055+0000 mgr.smithi079.gxfuwy (mgr.14114) 9 : cephadm [INF] Added host smithi079
2024-02-19T22:15:05.829 INFO:journalctl@ceph.mon.smithi079.smithi079.stdout:Feb 19 22:15:05 smithi079 ceph-2db841b8-cf74-11ee-95bb-87774f69a715-mon.smithi079[38073]: audit
2024-02-19T22:15:05.451888+0000 mon.smithi079 (mon.0) 56 : audit [INF] from='mgr.14114 172.21.15.79:0/3678357289' entity='mgr.smithi079.gxfuwy'
2024-02-19T22:15:06.090 INFO:teuthology.orchestra.run.smithi079.stderr:Deploying mgr service with default placement...
2024-02-19T22:15:06.090 INFO:teuthology.orchestra.run.smithi079.stderr:Running command: /bin/podman run --rm --ipc=host --no-hosts --net=host --entrypoint /usr/bin/ceph --init -e CONTAINER_IMAGE=docker.io/ceph/ceph:v16.2.4 -e NODE_NAME=smithi079 -e CEPH_USE_RANDOM_NONCE=1 -v /var/log/ceph/2db841b8-cf74-11ee-95bb-87774f69a715:/var/log/ceph:z -v /tmp/ceph-tmpc9hvc7sa:/etc/ceph/ceph.client.admin.keyring:z -v /tmp/ceph-tmpg7auwlkr:/etc/ceph/ceph.conf:z docker.io/ceph/ceph:v16.2.4 orch apply mgr
2024-02-19T22:15:06.643 INFO:teuthology.orchestra.run.smithi079.stderr:/usr/bin/ceph:
2024-02-19T22:15:06.638+0000 7fc82e84b700 1 Processor -- start
2024-02-19T22:15:06.643 INFO:teuthology.orchestra.run.smithi079.stderr:/usr/bin/ceph:
2024-02-19T22:15:06.638+0000 7fc82e84b700 1 -- start start
2024-02-19T22:15:06.643 INFO:teuthology.orchestra.run.smithi079.stderr:/usr/bin/ceph:
2024-02-19T22:15:06.638+0000 7fc82e84b700 1 --2- >> [v2:172.21.15.79:3300/0,v1:172.21.15.79:6789/0] conn(0x7fc8280fad90 0x7fc8280fb1b0 unknown :-1 s=NONE pgs=0 cs=0 l=0 rev1=0 rx=0 tx=0).connect
2024-02-19T22:15:06.643 INFO:teuthology.orchestra.run.smithi079.stderr:/usr/bin/ceph:
2024-02-19T22:15:06.638+0000 7fc82e84b700 1 -- --> [v2:172.21.15.79:3300/0,v1:172.21.15.79:6789/0] -- mon_getmap magic: 0 v1 -- 0x7fc8280fb6a0 con 0x7fc8280fad90
2024-02-19T22:15:06.643 INFO:teuthology.orchestra.run.smithi079.stderr:/usr/bin/ceph:
2024-02-19T22:15:06.638+0000 7fc827fff700 1 --2- >> [v2:172.21.15.79:3300/0,v1:172.21.15.79:6789/0] conn(0x7fc8280fad90 0x7fc8280fb1b0 unknown :-1 s=BANNER_CONNECTING pgs=0 cs=0 l=0 rev1=0 rx=0 tx=0)._handle_peer_banner_payload supported=1 required=0
2024-02-19T22:15:06.644 INFO:teuthology.orchestra.run.smithi079.stderr:/usr/bin/ceph:
2024-02-19T22:15:06.639+0000 7fc827fff700 1 --2- >> [v2:172.21.15.79:3300/0,v1:172.21.15.79:6789/0] conn(0x7fc8280fad90 0x7fc8280fb1b0 unknown :-1 s=HELLO_CONNECTING pgs=0 cs=0 l=0 rev1=1 rx=0 tx=0).handle_hello peer v2:172.21.15.79:3300/0 says I am v2:172.21.15.79:56880/0 (socket says 172.21.15.79:56880)
