2024-02-19T22:15:18.462 INFO:teuthology.orchestra.run.smithi079.stderr:/usr/bin/ceph:
2024-02-19T22:15:18.457+0000 7ff00e7fc700 1 -- 172.21.15.79:0/224649697 <== mon.0 v2:172.21.15.79:3300/0 3 ==== mon_map magic: 0 v1 ==== 229+0+0 (secure 0 0 0) 0x7ff01001aad0 con 0x7ff0200703f0
2024-02-19T22:15:18.462 INFO:teuthology.orchestra.run.smithi079.stderr:/usr/bin/ceph:
2024-02-19T22:15:18.457+0000 7ff027d93700 1 -- 172.21.15.79:0/224649697 --> [v2:172.21.15.79:3300/0,v1:172.21.15.79:6789/0] -- mon_subscribe({mgrmap=0+}) v3 -- 0x7ff02010d490 con 0x7ff0200703f0
2024-02-19T22:15:18.462 INFO:teuthology.orchestra.run.smithi079.stderr:/usr/bin/ceph:
2024-02-19T22:15:18.457+0000 7ff027d93700 1 -- 172.21.15.79:0/224649697 --> [v2:172.21.15.79:3300/0,v1:172.21.15.79:6789/0] -- mon_subscribe({osdmap=0}) v3 -- 0x7ff02010e0d0 con 0x7ff0200703f0
2024-02-19T22:15:18.462 INFO:teuthology.orchestra.run.smithi079.stderr:/usr/bin/ceph:
2024-02-19T22:15:18.458+0000 7ff00e7fc700 1 -- 172.21.15.79:0/224649697 <== mon.0 v2:172.21.15.79:3300/0 4 ==== mgrmap(e 12) v1 ==== 36195+0+0 (secure 0 0 0) 0x7ff01000f070 con 0x7ff0200703f0
2024-02-19T22:15:18.462 INFO:teuthology.orchestra.run.smithi079.stderr:/usr/bin/ceph:
2024-02-19T22:15:18.458+0000 7ff00e7fc700 1 --2- 172.21.15.79:0/224649697 >> [v2:172.21.15.79:6800/2993887917,v1:172.21.15.79:6801/2993887917] conn(0x7ff00802ff70 0x7ff008032430 unknown :-1 s=NONE pgs=0 cs=0 l=1 rev1=0 rx=0 tx=0).connect
2024-02-19T22:15:18.462 INFO:teuthology.orchestra.run.smithi079.stderr:/usr/bin/ceph:
2024-02-19T22:15:18.458+0000 7ff00e7fc700 1 -- 172.21.15.79:0/224649697 <== mon.0 v2:172.21.15.79:3300/0 5 ==== osd_map(3..3 src has 1..3) v4 ==== 1098+0+0 (secure 0 0 0) 0x7ff0100414e0 con 0x7ff0200703f0
2024-02-19T22:15:18.462 INFO:teuthology.orchestra.run.smithi079.stderr:/usr/bin/ceph:
2024-02-19T22:15:18.458+0000 7ff02532e700 1 --2- 172.21.15.79:0/224649697 >> [v2:172.21.15.79:6800/2993887917,v1:172.21.15.79:6801/2993887917] conn(0x7ff00802ff70 0x7ff008032430 unknown :-1 s=BANNER_CONNECTING pgs=0 cs=0 l=1 rev1=0 rx=0 tx=0)._handle_peer_banner_payload supported=1 required=0
2024-02-19T22:15:18.462 INFO:teuthology.orchestra.run.smithi079.stderr:/usr/bin/ceph:
2024-02-19T22:15:18.458+0000 7ff027d93700 1 -- 172.21.15.79:0/224649697 --> [v2:172.21.15.79:3300/0,v1:172.21.15.79:6789/0] -- mon_command({"prefix": "get_command_descriptions"} v 0) v1 -- 0x7ff02010d920 con 0x7ff0200703f0
2024-02-19T22:15:18.462 INFO:teuthology.orchestra.run.smithi079.stderr:/usr/bin/ceph:
2024-02-19T22:15:18.458+0000 7ff02532e700 1 --2- 172.21.15.79:0/224649697 >> [v2:172.21.15.79:6800/2993887917,v1:172.21.15.79:6801/2993887917] conn(0x7ff00802ff70 0x7ff008032430 secure :-1 s=READY pgs=7 cs=0 l=1 rev1=1 rx=0x7ff01c0096a0 tx=0x7ff01c006b40).ready entity=mgr.14142 client_cookie=0 server_cookie=0 in_seq=0 out_seq=0
2024-02-19T22:15:18.464 INFO:teuthology.orchestra.run.smithi079.stderr:/usr/bin/ceph:
2024-02-19T22:15:18.462+0000 7ff00e7fc700 1 -- 172.21.15.79:0/224649697 <== mon.0 v2:172.21.15.79:3300/0 6 ==== mon_command_ack([{"prefix": "get_command_descriptions"}]=0 v0) v1 ==== 72+0+152212 (secure 0 0 0) 0x7ff010016070 con 0x7ff0200703f0
2024-02-19T22:15:18.468 INFO:journalctl@ceph.mon.smithi079.smithi079.stdout:Feb 19 22:15:18 smithi079 ceph-2db841b8-cf74-11ee-95bb-87774f69a715-mon.smithi079[38073]: cluster
2024-02-19T22:15:17.159045+0000 mon.smithi079 (mon.0) 78 : cluster [DBG] mgrmap e12: smithi079.gxfuwy(active, since 2s)
2024-02-19T22:15:18.468 INFO:journalctl@ceph.mon.smithi079.smithi079.stdout:Feb 19 22:15:18 smithi079 ceph-2db841b8-cf74-11ee-95bb-87774f69a715-mon.smithi079[38073]: audit
2024-02-19T22:15:17.401388+0000 mon.smithi079 (mon.0) 79 : audit [INF] from='mgr.14142 172.21.15.79:0/1608825414' entity='mgr.smithi079.gxfuwy'
2024-02-19T22:15:18.639 INFO:teuthology.orchestra.run.smithi079.stderr:/usr/bin/ceph:
2024-02-19T22:15:18.637+0000 7ff027d93700 1 -- 172.21.15.79:0/224649697 --> [v2:172.21.15.79:6800/2993887917,v1:172.21.15.79:6801/2993887917] -- mgr_command(tid 0: {"prefix": "orch apply", "service_type": "node-exporter", "target": ["mon-mgr", ""]}) v1 -- 0x7ff020102180 con 0x7ff00802ff70
2024-02-19T22:15:18.643 INFO:teuthology.orchestra.run.smithi079.stderr:/usr/bin/ceph:
2024-02-19T22:15:18.641+0000 7ff00e7fc700 1 -- 172.21.15.79:0/224649697 <== mgr.14142 v2:172.21.15.79:6800/2993887917 1 ==== mgr_command_reply(tid 0: 0 ) v1 ==== 8+0+34 (secure 0 0 0) 0x7ff020102180 con 0x7ff00802ff70
2024-02-19T22:15:18.643 INFO:teuthology.orchestra.run.smithi079.stderr:/usr/bin/ceph: Scheduled node-exporter update...
2024-02-19T22:15:18.645 INFO:teuthology.orchestra.run.smithi079.stderr:/usr/bin/ceph:
2024-02-19T22:15:18.642+0000 7ff027d93700 1 -- 172.21.15.79:0/224649697 >> [v2:172.21.15.79:6800/2993887917,v1:172.21.15.79:6801/2993887917] conn(0x7ff00802ff70 msgr2=0x7ff008032430 secure :-1 s=STATE_CONNECTION_ESTABLISHED l=1).mark_down
2024-02-19T22:15:18.645 INFO:teuthology.orchestra.run.smithi079.stderr:/usr/bin/ceph:
2024-02-19T22:15:18.642+0000 7ff027d93700 1 --2- 172.21.15.79:0/224649697 >> [v2:172.21.15.79:6800/2993887917,v1:172.21.15.79:6801/2993887917] conn(0x7ff00802ff70 0x7ff008032430 secure :-1 s=READY pgs=7 cs=0 l=1 rev1=1 rx=0x7ff01c0096a0 tx=0x7ff01c006b40).stop
2024-02-19T22:15:18.645 INFO:teuthology.orchestra.run.smithi079.stderr:/usr/bin/ceph:
2024-02-19T22:15:18.642+0000 7ff027d93700 1 -- 172.21.15.79:0/224649697 >> [v2:172.21.15.79:3300/0,v1:172.21.15.79:6789/0] conn(0x7ff0200703f0 msgr2=0x7ff02010cda0 secure :-1 s=STATE_CONNECTION_ESTABLISHED l=1).mark_down
2024-02-19T22:15:18.645 INFO:teuthology.orchestra.run.smithi079.stderr:/usr/bin/ceph:
2024-02-19T22:15:18.642+0000 7ff027d93700 1 --2- 172.21.15.79:0/224649697 >> [v2:172.21.15.79:3300/0,v1:172.21.15.79:6789/0] conn(0x7ff0200703f0 0x7ff02010cda0 secure :-1 s=READY pgs=59 cs=0 l=1 rev1=1 rx=0x7ff010011ed0 tx=0x7ff010006ee0).stop
2024-02-19T22:15:18.645 INFO:teuthology.orchestra.run.smithi079.stderr:/usr/bin/ceph:
2024-02-19T22:15:18.642+0000 7ff027d93700 1 -- 172.21.15.79:0/224649697 shutdown_connections
2024-02-19T22:15:18.645 INFO:teuthology.orchestra.run.smithi079.stderr:/usr/bin/ceph:
2024-02-19T22:15:18.642+0000 7ff027d93700 1 --2- 172.21.15.79:0/224649697 >> [v2:172.21.15.79:6800/2993887917,v1:172.21.15.79:6801/2993887917] conn(0x7ff00802ff70 0x7ff008032430 unknown :-1 s=CLOSED pgs=7 cs=0 l=1 rev1=1 rx=0 tx=0).stop
2024-02-19T22:15:18.646 INFO:teuthology.orchestra.run.smithi079.stderr:/usr/bin/ceph:
2024-02-19T22:15:18.642+0000 7ff027d93700 1 --2- 172.21.15.79:0/224649697 >> [v2:172.21.15.79:3300/0,v1:172.21.15.79:6789/0] conn(0x7ff0200703f0 0x7ff02010cda0 unknown :-1 s=CLOSED pgs=59 cs=0 l=1 rev1=1 rx=0 tx=0).stop
2024-02-19T22:15:18.646 INFO:teuthology.orchestra.run.smithi079.stderr:/usr/bin/ceph:
2024-02-19T22:15:18.642+0000 7ff027d93700 1 -- 172.21.15.79:0/224649697 >> 172.21.15.79:0/224649697 conn(0x7ff0200f6530 msgr2=0x7ff0200f7ef0 unknown :-1 s=STATE_NONE l=0).mark_down
2024-02-19T22:15:18.646 INFO:teuthology.orchestra.run.smithi079.stderr:/usr/bin/ceph:
2024-02-19T22:15:18.642+0000 7ff027d93700 1 -- 172.21.15.79:0/224649697 shutdown_connections
2024-02-19T22:15:18.646 INFO:teuthology.orchestra.run.smithi079.stderr:/usr/bin/ceph:
2024-02-19T22:15:18.642+0000 7ff027d93700 1 -- 172.21.15.79:0/224649697 wait complete.
2024-02-19T22:15:19.219 INFO:journalctl@ceph.mon.smithi079.smithi079.stdout:Feb 19 22:15:19 smithi079 ceph-2db841b8-cf74-11ee-95bb-87774f69a715-mon.smithi079[38073]: audit
2024-02-19T22:15:17.395858+0000 mgr.smithi079.gxfuwy (mgr.14142) 3 : audit [DBG] from='client.14150 -' entity='client.admin' cmd=[{"prefix": "orch apply", "service_type": "grafana", "target": ["mon-mgr", ""]}]: dispatch
2024-02-19T22:15:19.219 INFO:journalctl@ceph.mon.smithi079.smithi079.stdout:Feb 19 22:15:19 smithi079 ceph-2db841b8-cf74-11ee-95bb-87774f69a715-mon.smithi079[38073]: cephadm
2024-02-19T22:15:17.396379+0000 mgr.smithi079.gxfuwy (mgr.14142) 4 : cephadm [INF] Saving service grafana spec with placement count:1
2024-02-19T22:15:19.219 INFO:journalctl@ceph.mon.smithi079.smithi079.stdout:Feb 19 22:15:19 smithi079 ceph-2db841b8-cf74-11ee-95bb-87774f69a715-mon.smithi079[38073]: audit
2024-02-19T22:15:18.642112+0000 mon.smithi079 (mon.0) 80 : audit [INF] from='mgr.14142 172.21.15.79:0/1608825414' entity='mgr.smithi079.gxfuwy'
2024-02-19T22:15:19.221 INFO:teuthology.orchestra.run.smithi079.stderr:Deploying alertmanager service with default placement...
2024-02-19T22:15:19.221 INFO:teuthology.orchestra.run.smithi079.stderr:Running command: /bin/podman run --rm --ipc=host --no-hosts --net=host --entrypoint /usr/bin/ceph --init -e CONTAINER_IMAGE=docker.io/ceph/ceph:v16.2.4 -e NODE_NAME=smithi079 -e CEPH_USE_RANDOM_NONCE=1 -v /var/log/ceph/2db841b8-cf74-11ee-95bb-87774f69a715:/var/log/ceph:z -v /tmp/ceph-tmpc9hvc7sa:/etc/ceph/ceph.client.admin.keyring:z -v /tmp/ceph-tmpg7auwlkr:/etc/ceph/ceph.conf:z docker.io/ceph/ceph:v16.2.4 orch apply alertmanager
2024-02-19T22:15:19.731 INFO:teuthology.orchestra.run.smithi079.stderr:/usr/bin/ceph:
2024-02-19T22:15:19.727+0000 7f9347bf6700 1 Processor -- start
2024-02-19T22:15:19.731 INFO:teuthology.orchestra.run.smithi079.stderr:/usr/bin/ceph:
2024-02-19T22:15:19.727+0000 7f9347bf6700 1 -- start start
2024-02-19T22:15:19.732 INFO:teuthology.orchestra.run.smithi079.stderr:/usr/bin/ceph:
2024-02-19T22:15:19.727+0000 7f9347bf6700 1 --2- >> [v2:172.21.15.79:3300/0,v1:172.21.15.79:6789/0] conn(0x7f9340072520 0x7f9340070ac0 unknown :-1 s=NONE pgs=0 cs=0 l=0 rev1=0 rx=0 tx=0).connect
2024-02-19T22:15:19.732 INFO:teuthology.orchestra.run.smithi079.stderr:/usr/bin/ceph:
2024-02-19T22:15:19.727+0000 7f9347bf6700 1 -- --> [v2:172.21.15.79:3300/0,v1:172.21.15.79:6789/0] -- mon_getmap magic: 0 v1 -- 0x7f9340072940 con 0x7f9340072520
2024-02-19T22:15:19.732 INFO:teuthology.orchestra.run.smithi079.stderr:/usr/bin/ceph:
2024-02-19T22:15:19.728+0000 7f9345992700 1 --2- >> [v2:172.21.15.79:3300/0,v1:172.21.15.79:6789/0] conn(0x7f9340072520 0x7f9340070ac0 unknown :-1 s=BANNER_CONNECTING pgs=0 cs=0 l=0 rev1=0 rx=0 tx=0)._handle_peer_banner_payload supported=1 required=0
2024-02-19T22:15:19.732 INFO:teuthology.orchestra.run.smithi079.stderr:/usr/bin/ceph:
2024-02-19T22:15:19.728+0000 7f9345992700 1 --2- >> [v2:172.21.15.79:3300/0,v1:172.21.15.79:6789/0] conn(0x7f9340072520 0x7f9340070ac0 unknown :-1 s=HELLO_CONNECTING pgs=0 cs=0 l=0 rev1=1 rx=0 tx=0).handle_hello peer v2:172.21.15.79:3300/0 says I am v2:172.21.15.79:42828/0 (socket says 172.21.15.79:42828)
2024-02-19T22:15:19.732 INFO:teuthology.orchestra.run.smithi079.stderr:/usr/bin/ceph:
2024-02-19T22:15:19.728+0000 7f9345992700 1 -- 172.21.15.79:0/668408349 learned_addr learned my addr 172.21.15.79:0/668408349 (peer_addr_for_me v2:172.21.15.79:0/0)
2024-02-19T22:15:19.732 INFO:teuthology.orchestra.run.smithi079.stderr:/usr/bin/ceph:
2024-02-19T22:15:19.728+0000 7f9345992700 1 -- 172.21.15.79:0/668408349 --> [v2:172.21.15.79:3300/0,v1:172.21.15.79:6789/0] -- mon_subscribe({config=0+,monmap=0+}) v3 -- 0x7f9340070fb0 con 0x7f9340072520
2024-02-19T22:15:19.732 INFO:teuthology.orchestra.run.smithi079.stderr:/usr/bin/ceph:
2024-02-19T22:15:19.728+0000 7f9345992700 1 --2- 172.21.15.79:0/668408349 >> [v2:172.21.15.79:3300/0,v1:172.21.15.79:6789/0] conn(0x7f9340072520 0x7f9340070ac0 secure :-1 s=READY pgs=60 cs=0 l=1 rev1=1 rx=0x7f933c00b5f0 tx=0x7f933c006ee0).ready entity=mon.0 client_cookie=8a73b34f3a359b65 server_cookie=0 in_seq=0 out_seq=0
2024-02-19T22:15:19.732 INFO:teuthology.orchestra.run.smithi079.stderr:/usr/bin/ceph:
2024-02-19T22:15:19.728+0000 7f9344990700 1 -- 172.21.15.79:0/668408349 <== mon.0 v2:172.21.15.79:3300/0 1 ==== mon_map magic: 0 v1 ==== 229+0+0 (secure 0 0 0) 0x7f933c00d600 con 0x7f9340072520
2024-02-19T22:15:19.732 INFO:teuthology.orchestra.run.smithi079.stderr:/usr/bin/ceph:
2024-02-19T22:15:19.728+0000 7f9344990700 1 -- 172.21.15.79:0/668408349 <== mon.0 v2:172.21.15.79:3300/0 2 ==== config(26 keys) v1 ==== 1045+0+0 (secure 0 0 0) 0x7f933c00dbf0 con 0x7f9340072520
2024-02-19T22:15:19.732 INFO:teuthology.orchestra.run.smithi079.stderr:/usr/bin/ceph:
2024-02-19T22:15:19.728+0000 7f9344990700 1 -- 172.21.15.79:0/668408349 <== mon.0 v2:172.21.15.79:3300/0 3 ==== mon_map magic: 0 v1 ==== 229+0+0 (secure 0 0 0) 0x7f933c011cb0 con 0x7f9340072520
2024-02-19T22:15:19.732 INFO:teuthology.orchestra.run.smithi079.stderr:/usr/bin/ceph:
2024-02-19T22:15:19.729+0000 7f9347bf6700 1 -- 172.21.15.79:0/668408349 >> [v2:172.21.15.79:3300/0,v1:172.21.15.79:6789/0] conn(0x7f9340072520 msgr2=0x7f9340070ac0 secure :-1 s=STATE_CONNECTION_ESTABLISHED l=1).mark_down
2024-02-19T22:15:19.732 INFO:teuthology.orchestra.run.smithi079.stderr:/usr/bin/ceph:
2024-02-19T22:15:19.729+0000 7f9347bf6700 1 --2- 172.21.15.79:0/668408349 >> [v2:172.21.15.79:3300/0,v1:172.21.15.79:6789/0] conn(0x7f9340072520 0x7f9340070ac0 secure :-1 s=READY pgs=60 cs=0 l=1 rev1=1 rx=0x7f933c00b5f0 tx=0x7f933c006ee0).stop
2024-02-19T22:15:19.732 INFO:teuthology.orchestra.run.smithi079.stderr:/usr/bin/ceph:
2024-02-19T22:15:19.729+0000 7f9347bf6700 1 -- 172.21.15.79:0/668408349 shutdown_connections
2024-02-19T22:15:19.733 INFO:teuthology.orchestra.run.smithi079.stderr:/usr/bin/ceph:
2024-02-19T22:15:19.729+0000 7f9347bf6700 1 --2- 172.21.15.79:0/668408349 >> [v2:172.21.15.79:3300/0,v1:172.21.15.79:6789/0] conn(0x7f9340072520 0x7f9340070ac0 unknown :-1 s=CLOSED pgs=60 cs=0 l=1 rev1=1 rx=0 tx=0).stop
2024-02-19T22:15:19.733 INFO:teuthology.orchestra.run.smithi079.stderr:/usr/bin/ceph:
2024-02-19T22:15:19.729+0000 7f9347bf6700 1 -- 172.21.15.79:0/668408349 >> 172.21.15.79:0/668408349 conn(0x7f93400f76a0 msgr2=0x7f93400f9ac0 unknown :-1 s=STATE_NONE l=0).mark_down
2024-02-19T22:15:19.733 INFO:teuthology.orchestra.run.smithi079.stderr:/usr/bin/ceph:
2024-02-19T22:15:19.729+0000 7f9347bf6700 1 -- 172.21.15.79:0/668408349 shutdown_connections
2024-02-19T22:15:19.733 INFO:teuthology.orchestra.run.smithi079.stderr:/usr/bin/ceph:
2024-02-19T22:15:19.729+0000 7f9347bf6700 1 -- 172.21.15.79:0/668408349 wait complete.
2024-02-19T22:15:19.735 INFO:teuthology.orchestra.run.smithi079.stderr:/usr/bin/ceph:
2024-02-19T22:15:19.730+0000 7f9347bf6700 1 Processor -- start
2024-02-19T22:15:19.735 INFO:teuthology.orchestra.run.smithi079.stderr:/usr/bin/ceph:
2024-02-19T22:15:19.730+0000 7f9347bf6700 1 -- start start
2024-02-19T22:15:19.735 INFO:teuthology.orchestra.run.smithi079.stderr:/usr/bin/ceph:
2024-02-19T22:15:19.730+0000 7f9347bf6700 1 --2- >> [v2:172.21.15.79:3300/0,v1:172.21.15.79:6789/0] conn(0x7f9340072520 0x7f934010ce00 unknown :-1 s=NONE pgs=0 cs=0 l=1 rev1=0 rx=0 tx=0).connect
2024-02-19T22:15:19.735 INFO:teuthology.orchestra.run.smithi079.stderr:/usr/bin/ceph:
2024-02-19T22:15:19.730+0000 7f9347bf6700 1 -- --> [v2:172.21.15.79:3300/0,v1:172.21.15.79:6789/0] -- mon_getmap magic: 0 v1 -- 0x7f934010d2f0 con 0x7f9340072520
2024-02-19T22:15:19.735 INFO:teuthology.orchestra.run.smithi079.stderr:/usr/bin/ceph:
2024-02-19T22:15:19.730+0000 7f9345992700 1 --2- >> [v2:172.21.15.79:3300/0,v1:172.21.15.79:6789/0] conn(0x7f9340072520 0x7f934010ce00 unknown :-1 s=BANNER_CONNECTING pgs=0 cs=0 l=1 rev1=0 rx=0 tx=0)._handle_peer_banner_payload supported=1 required=0
2024-02-19T22:15:19.735 INFO:teuthology.orchestra.run.smithi079.stderr:/usr/bin/ceph:
2024-02-19T22:15:19.730+0000 7f9345992700 1 --2- >> [v2:172.21.15.79:3300/0,v1:172.21.15.79:6789/0] conn(0x7f9340072520 0x7f934010ce00 unknown :-1 s=HELLO_CONNECTING pgs=0 cs=0 l=1 rev1=1 rx=0 tx=0).handle_hello peer v2:172.21.15.79:3300/0 says I am v2:172.21.15.79:42834/0 (socket says 172.21.15.79:42834)
2024-02-19T22:15:19.735 INFO:teuthology.orchestra.run.smithi079.stderr:/usr/bin/ceph:
2024-02-19T22:15:19.730+0000 7f9345992700 1 -- 172.21.15.79:0/2846534047 learned_addr learned my addr 172.21.15.79:0/2846534047 (peer_addr_for_me v2:172.21.15.79:0/0)
2024-02-19T22:15:19.735 INFO:teuthology.orchestra.run.smithi079.stderr:/usr/bin/ceph:
2024-02-19T22:15:19.731+0000 7f9345992700 1 -- 172.21.15.79:0/2846534047 --> [v2:172.21.15.79:3300/0,v1:172.21.15.79:6789/0] -- mon_subscribe({config=0+,monmap=0+}) v3 -- 0x7f933c00b200 con 0x7f9340072520
2024-02-19T22:15:19.735 INFO:teuthology.orchestra.run.smithi079.stderr:/usr/bin/ceph:
2024-02-19T22:15:19.731+0000 7f9345992700 1 --2- 172.21.15.79:0/2846534047 >> [v2:172.21.15.79:3300/0,v1:172.21.15.79:6789/0] conn(0x7f9340072520 0x7f934010ce00 secure :-1 s=READY pgs=61 cs=0 l=1 rev1=1 rx=0x7f933c006800 tx=0x7f933c006ee0).ready entity=mon.0 client_cookie=0 server_cookie=0 in_seq=0 out_seq=0
2024-02-19T22:15:19.736 INFO:teuthology.orchestra.run.smithi079.stderr:/usr/bin/ceph:
2024-02-19T22:15:19.731+0000 7f93327fc700 1 -- 172.21.15.79:0/2846534047 <== mon.0 v2:172.21.15.79:3300/0 1 ==== mon_map magic: 0 v1 ==== 229+0+0 (secure 0 0 0) 0x7f933c01b570 con 0x7f9340072520
2024-02-19T22:15:19.736 INFO:teuthology.orchestra.run.smithi079.stderr:/usr/bin/ceph:
2024-02-19T22:15:19.731+0000 7f93327fc700 1 -- 172.21.15.79:0/2846534047 <== mon.0 v2:172.21.15.79:3300/0 2 ==== config(26 keys) v1 ==== 1045+0+0 (secure 0 0 0) 0x7f933c01bb60 con 0x7f9340072520
2024-02-19T22:15:19.736 INFO:teuthology.orchestra.run.smithi079.stderr:/usr/bin/ceph:
2024-02-19T22:15:19.731+0000 7f9347bf6700 1 -- 172.21.15.79:0/2846534047 --> [v2:172.21.15.79:3300/0,v1:172.21.15.79:6789/0] -- mon_subscribe({mgrmap=0+}) v3 -- 0x7f934010d4f0 con 0x7f9340072520
2024-02-19T22:15:19.736 INFO:teuthology.orchestra.run.smithi079.stderr:/usr/bin/ceph:
2024-02-19T22:15:19.731+0000 7f93327fc700 1 -- 172.21.15.79:0/2846534047 <== mon.0 v2:172.21.15.79:3300/0 3 ==== mon_map magic: 0 v1 ==== 229+0+0 (secure 0 0 0) 0x7f933c01a9f0 con 0x7f9340072520
2024-02-19T22:15:19.736 INFO:teuthology.orchestra.run.smithi079.stderr:/usr/bin/ceph:
2024-02-19T22:15:19.731+0000 7f9347bf6700 1 -- 172.21.15.79:0/2846534047 --> [v2:172.21.15.79:3300/0,v1:172.21.15.79:6789/0] -- mon_subscribe({osdmap=0}) v3 -- 0x7f934010e100 con 0x7f9340072520
2024-02-19T22:15:19.736 INFO:teuthology.orchestra.run.smithi079.stderr:/usr/bin/ceph:
2024-02-19T22:15:19.732+0000 7f93327fc700 1 -- 172.21.15.79:0/2846534047 <== mon.0 v2:172.21.15.79:3300/0 4 ==== mgrmap(e 12) v1 ==== 36195+0+0 (secure 0 0 0) 0x7f933c00f070 con 0x7f9340072520
2024-02-19T22:15:19.736 INFO:teuthology.orchestra.run.smithi079.stderr:/usr/bin/ceph:
2024-02-19T22:15:19.732+0000 7f93327fc700 1 --2- 172.21.15.79:0/2846534047 >> [v2:172.21.15.79:6800/2993887917,v1:172.21.15.79:6801/2993887917] conn(0x7f932802ff70 0x7f9328032430 unknown :-1 s=NONE pgs=0 cs=0 l=1 rev1=0 rx=0 tx=0).connect
2024-02-19T22:15:19.736 INFO:teuthology.orchestra.run.smithi079.stderr:/usr/bin/ceph:
2024-02-19T22:15:19.732+0000 7f93327fc700 1 -- 172.21.15.79:0/2846534047 <== mon.0 v2:172.21.15.79:3300/0 5 ==== osd_map(3..3 src has 1..3) v4 ==== 1098+0+0 (secure 0 0 0) 0x7f933c041590 con 0x7f9340072520
2024-02-19T22:15:19.736 INFO:teuthology.orchestra.run.smithi079.stderr:/usr/bin/ceph:
2024-02-19T22:15:19.732+0000 7f9347bf6700 1 -- 172.21.15.79:0/2846534047 --> [v2:172.21.15.79:3300/0,v1:172.21.15.79:6789/0] -- mon_command({"prefix": "get_command_descriptions"} v 0) v1 -- 0x7f9340059100 con 0x7f9340072520
2024-02-19T22:15:19.736 INFO:teuthology.orchestra.run.smithi079.stderr:/usr/bin/ceph:
2024-02-19T22:15:19.732+0000 7f9345191700 1 --2- 172.21.15.79:0/2846534047 >> [v2:172.21.15.79:6800/2993887917,v1:172.21.15.79:6801/2993887917] conn(0x7f932802ff70 0x7f9328032430 unknown :-1 s=BANNER_CONNECTING pgs=0 cs=0 l=1 rev1=0 rx=0 tx=0)._handle_peer_banner_payload supported=1 required=0
2024-02-19T22:15:19.736 INFO:teuthology.orchestra.run.smithi079.stderr:/usr/bin/ceph:
2024-02-19T22:15:19.732+0000 7f9345191700 1 --2- 172.21.15.79:0/2846534047 >> [v2:172.21.15.79:6800/2993887917,v1:172.21.15.79:6801/2993887917] conn(0x7f932802ff70 0x7f9328032430 secure :-1 s=READY pgs=8 cs=0 l=1 rev1=1 rx=0x7f93340096a0 tx=0x7f9334006b40).ready entity=mgr.14142 client_cookie=0 server_cookie=0 in_seq=0 out_seq=0
2024-02-19T22:15:19.738 INFO:teuthology.orchestra.run.smithi079.stderr:/usr/bin/ceph:
2024-02-19T22:15:19.736+0000 7f93327fc700 1 -- 172.21.15.79:0/2846534047 <== mon.0 v2:172.21.15.79:3300/0 6 ==== mon_command_ack([{"prefix": "get_command_descriptions"}]=0 v0) v1 ==== 72+0+152212 (secure 0 0 0) 0x7f933c019c90 con 0x7f9340072520
2024-02-19T22:15:19.913 INFO:teuthology.orchestra.run.smithi079.stderr:/usr/bin/ceph:
2024-02-19T22:15:19.910+0000 7f9347bf6700 1 -- 172.21.15.79:0/2846534047 --> [v2:172.21.15.79:6800/2993887917,v1:172.21.15.79:6801/2993887917] -- mgr_command(tid 0: {"prefix": "orch apply", "service_type": "alertmanager", "target": ["mon-mgr", ""]}) v1 -- 0x7f9340102190 con 0x7f932802ff70
2024-02-19T22:15:19.916 INFO:teuthology.orchestra.run.smithi079.stderr:/usr/bin/ceph:
2024-02-19T22:15:19.914+0000 7f93327fc700 1 -- 172.21.15.79:0/2846534047 <== mgr.14142 v2:172.21.15.79:6800/2993887917 1 ==== mgr_command_reply(tid 0: 0 ) v1 ==== 8+0+33 (secure 0 0 0) 0x7f9340102190 con 0x7f932802ff70
2024-02-19T22:15:19.916 INFO:teuthology.orchestra.run.smithi079.stderr:/usr/bin/ceph: Scheduled alertmanager update...
2024-02-19T22:15:19.918 INFO:teuthology.orchestra.run.smithi079.stderr:/usr/bin/ceph:
2024-02-19T22:15:19.916+0000 7f9347bf6700 1 -- 172.21.15.79:0/2846534047 >> [v2:172.21.15.79:6800/2993887917,v1:172.21.15.79:6801/2993887917] conn(0x7f932802ff70 msgr2=0x7f9328032430 secure :-1 s=STATE_CONNECTION_ESTABLISHED l=1).mark_down
2024-02-19T22:15:19.919 INFO:teuthology.orchestra.run.smithi079.stderr:/usr/bin/ceph:
2024-02-19T22:15:19.916+0000 7f9347bf6700 1 --2- 172.21.15.79:0/2846534047 >> [v2:172.21.15.79:6800/2993887917,v1:172.21.15.79:6801/2993887917] conn(0x7f932802ff70 0x7f9328032430 secure :-1 s=READY pgs=8 cs=0 l=1 rev1=1 rx=0x7f93340096a0 tx=0x7f9334006b40).stop
2024-02-19T22:15:19.919 INFO:teuthology.orchestra.run.smithi079.stderr:/usr/bin/ceph:
2024-02-19T22:15:19.916+0000 7f9347bf6700 1 -- 172.21.15.79:0/2846534047 >> [v2:172.21.15.79:3300/0,v1:172.21.15.79:6789/0] conn(0x7f9340072520 msgr2=0x7f934010ce00 secure :-1 s=STATE_CONNECTION_ESTABLISHED l=1).mark_down
2024-02-19T22:15:19.919 INFO:teuthology.orchestra.run.smithi079.stderr:/usr/bin/ceph:
2024-02-19T22:15:19.916+0000 7f9347bf6700 1 --2- 172.21.15.79:0/2846534047 >> [v2:172.21.15.79:3300/0,v1:172.21.15.79:6789/0] conn(0x7f9340072520 0x7f934010ce00 secure :-1 s=READY pgs=61 cs=0 l=1 rev1=1 rx=0x7f933c006800 tx=0x7f933c006ee0).stop
2024-02-19T22:15:19.919 INFO:teuthology.orchestra.run.smithi079.stderr:/usr/bin/ceph:
2024-02-19T22:15:19.916+0000 7f9347bf6700 1 -- 172.21.15.79:0/2846534047 shutdown_connections
2024-02-19T22:15:19.919 INFO:teuthology.orchestra.run.smithi079.stderr:/usr/bin/ceph:
2024-02-19T22:15:19.916+0000 7f9347bf6700 1 --2- 172.21.15.79:0/2846534047 >> [v2:172.21.15.79:6800/2993887917,v1:172.21.15.79:6801/2993887917] conn(0x7f932802ff70 0x7f9328032430 unknown :-1 s=CLOSED pgs=8 cs=0 l=1 rev1=1 rx=0 tx=0).stop
2024-02-19T22:15:19.919 INFO:teuthology.orchestra.run.smithi079.stderr:/usr/bin/ceph:
2024-02-19T22:15:19.916+0000 7f9347bf6700 1 --2- 172.21.15.79:0/2846534047 >> [v2:172.21.15.79:3300/0,v1:172.21.15.79:6789/0] conn(0x7f9340072520 0x7f934010ce00 unknown :-1 s=CLOSED pgs=61 cs=0 l=1 rev1=1 rx=0 tx=0).stop
2024-02-19T22:15:19.919 INFO:teuthology.orchestra.run.smithi079.stderr:/usr/bin/ceph:
2024-02-19T22:15:19.916+0000 7f9347bf6700 1 -- 172.21.15.79:0/2846534047 >> 172.21.15.79:0/2846534047 conn(0x7f93400f76a0 msgr2=0x7f93400f90c0 unknown :-1 s=STATE_NONE l=0).mark_down
2024-02-19T22:15:19.919 INFO:teuthology.orchestra.run.smithi079.stderr:/usr/bin/ceph:
2024-02-19T22:15:19.916+0000 7f9347bf6700 1 -- 172.21.15.79:0/2846534047 shutdown_connections
2024-02-19T22:15:19.919 INFO:teuthology.orchestra.run.smithi079.stderr:/usr/bin/ceph:
2024-02-19T22:15:19.917+0000 7f9347bf6700 1 -- 172.21.15.79:0/2846534047 wait complete.
2024-02-19T22:15:20.218 INFO:journalctl@ceph.mon.smithi079.smithi079.stdout:Feb 19 22:15:20 smithi079 ceph-2db841b8-cf74-11ee-95bb-87774f69a715-mon.smithi079[38073]: audit
2024-02-19T22:15:18.639348+0000 mgr.smithi079.gxfuwy (mgr.14142) 5 : audit [DBG] from='client.14152 -' entity='client.admin' cmd=[{"prefix": "orch apply", "service_type": "node-exporter", "target": ["mon-mgr", ""]}]: dispatch
2024-02-19T22:15:20.218 INFO:journalctl@ceph.mon.smithi079.smithi079.stdout:Feb 19 22:15:20 smithi079 ceph-2db841b8-cf74-11ee-95bb-87774f69a715-mon.smithi079[38073]: cephadm
2024-02-19T22:15:18.639984+0000 mgr.smithi079.gxfuwy (mgr.14142) 6 : cephadm [INF] Saving service node-exporter spec with placement *
2024-02-19T22:15:20.219 INFO:journalctl@ceph.mon.smithi079.smithi079.stdout:Feb 19 22:15:20 smithi079 ceph-2db841b8-cf74-11ee-95bb-87774f69a715-mon.smithi079[38073]: audit
2024-02-19T22:15:19.915527+0000 mon.smithi079 (mon.0) 81 : audit [INF] from='mgr.14142 172.21.15.79:0/1608825414' entity='mgr.smithi079.gxfuwy'
2024-02-19T22:15:20.453 INFO:teuthology.orchestra.run.smithi079.stderr:Running command: /bin/podman run --rm --ipc=host --no-hosts --net=host --entrypoint /usr/bin/ceph --init -e CONTAINER_IMAGE=docker.io/ceph/ceph:v16.2.4 -e NODE_NAME=smithi079 -e CEPH_USE_RANDOM_NONCE=1 -v /var/log/ceph/2db841b8-cf74-11ee-95bb-87774f69a715:/var/log/ceph:z -v /tmp/ceph-tmpc9hvc7sa:/etc/ceph/ceph.client.admin.keyring:z -v /tmp/ceph-tmpg7auwlkr:/etc/ceph/ceph.conf:z docker.io/ceph/ceph:v16.2.4 config set mgr mgr/cephadm/container_init True --force
2024-02-19T22:15:20.982 INFO:teuthology.orchestra.run.smithi079.stderr:/usr/bin/ceph:
2024-02-19T22:15:20.977+0000 7f67ac123700 1 Processor -- start
2024-02-19T22:15:20.982 INFO:teuthology.orchestra.run.smithi079.stderr:/usr/bin/ceph:
2024-02-19T22:15:20.977+0000 7f67ac123700 1 -- start start
2024-02-19T22:15:20.982 INFO:teuthology.orchestra.run.smithi079.stderr:/usr/bin/ceph:
2024-02-19T22:15:20.977+0000 7f67ac123700 1 --2- >> [v2:172.21.15.79:3300/0,v1:172.21.15.79:6789/0] conn(0x7f67a40703f0 0x7f67a4100e90 unknown :-1 s=NONE pgs=0 cs=0 l=0 rev1=0 rx=0 tx=0).connect
2024-02-19T22:15:20.982 INFO:teuthology.orchestra.run.smithi079.stderr:/usr/bin/ceph:
2024-02-19T22:15:20.977+0000 7f67ac123700 1 -- --> [v2:172.21.15.79:3300/0,v1:172.21.15.79:6789/0] -- mon_getmap magic: 0 v1 -- 0x7f67a40fc880 con 0x7f67a40703f0
2024-02-19T22:15:20.982 INFO:teuthology.orchestra.run.smithi079.stderr:/usr/bin/ceph:
2024-02-19T22:15:20.977+0000 7f67a9ebf700 1 --2- >> [v2:172.21.15.79:3300/0,v1:172.21.15.79:6789/0] conn(0x7f67a40703f0 0x7f67a4100e90 unknown :-1 s=BANNER_CONNECTING pgs=0 cs=0 l=0 rev1=0 rx=0 tx=0)._handle_peer_banner_payload supported=1 required=0
2024-02-19T22:15:20.983 INFO:teuthology.orchestra.run.smithi079.stderr:/usr/bin/ceph:
2024-02-19T22:15:20.978+0000 7f67a9ebf700 1 --2- >> [v2:172.21.15.79:3300/0,v1:172.21.15.79:6789/0] conn(0x7f67a40703f0 0x7f67a4100e90 unknown :-1 s=HELLO_CONNECTING pgs=0 cs=0 l=0 rev1=1 rx=0 tx=0).handle_hello peer v2:172.21.15.79:3300/0 says I am v2:172.21.15.79:42840/0 (socket says 172.21.15.79:42840)
2024-02-19T22:15:20.983 INFO:teuthology.orchestra.run.smithi079.stderr:/usr/bin/ceph:
2024-02-19T22:15:20.978+0000 7f67a9ebf700 1 -- 172.21.15.79:0/3877703881 learned_addr learned my addr 172.21.15.79:0/3877703881 (peer_addr_for_me v2:172.21.15.79:0/0)
2024-02-19T22:15:20.983 INFO:teuthology.orchestra.run.smithi079.stderr:/usr/bin/ceph:
2024-02-19T22:15:20.978+0000 7f67a9ebf700 1 -- 172.21.15.79:0/3877703881 --> [v2:172.21.15.79:3300/0,v1:172.21.15.79:6789/0] -- mon_subscribe({config=0+,monmap=0+}) v3 -- 0x7f67a4101380 con 0x7f67a40703f0
2024-02-19T22:15:20.983 INFO:teuthology.orchestra.run.smithi079.stderr:/usr/bin/ceph:
2024-02-19T22:15:20.978+0000 7f67a9ebf700 1 --2- 172.21.15.79:0/3877703881 >> [v2:172.21.15.79:3300/0,v1:172.21.15.79:6789/0] conn(0x7f67a40703f0 0x7f67a4100e90 secure :-1 s=READY pgs=62 cs=0 l=1 rev1=1 rx=0x7f679400b5f0 tx=0x7f6794006ee0).ready entity=mon.0 client_cookie=672209abbacb401b server_cookie=0 in_seq=0 out_seq=0
2024-02-19T22:15:20.983 INFO:teuthology.orchestra.run.smithi079.stderr:/usr/bin/ceph:
2024-02-19T22:15:20.978+0000 7f67a8ebd700 1 -- 172.21.15.79:0/3877703881 <== mon.0 v2:172.21.15.79:3300/0 1 ==== mon_map magic: 0 v1 ==== 229+0+0 (secure 0 0 0) 0x7f679400d600 con 0x7f67a40703f0
2024-02-19T22:15:20.983 INFO:teuthology.orchestra.run.smithi079.stderr:/usr/bin/ceph:
2024-02-19T22:15:20.978+0000 7f67a8ebd700 1 -- 172.21.15.79:0/3877703881 <== mon.0 v2:172.21.15.79:3300/0 2 ==== config(26 keys) v1 ==== 1045+0+0 (secure 0 0 0) 0x7f679400dbf0 con 0x7f67a40703f0
2024-02-19T22:15:20.983 INFO:teuthology.orchestra.run.smithi079.stderr:/usr/bin/ceph:
2024-02-19T22:15:20.978+0000 7f67a8ebd700 1 -- 172.21.15.79:0/3877703881 <== mon.0 v2:172.21.15.79:3300/0 3 ==== mon_map magic: 0 v1 ==== 229+0+0 (secure 0 0 0) 0x7f6794011ce0 con 0x7f67a40703f0
2024-02-19T22:15:20.983 INFO:teuthology.orchestra.run.smithi079.stderr:/usr/bin/ceph:
2024-02-19T22:15:20.979+0000 7f67ac123700 1 -- 172.21.15.79:0/3877703881 >> [v2:172.21.15.79:3300/0,v1:172.21.15.79:6789/0] conn(0x7f67a40703f0 msgr2=0x7f67a4100e90 secure :-1 s=STATE_CONNECTION_ESTABLISHED l=1).mark_down
2024-02-19T22:15:20.983 INFO:teuthology.orchestra.run.smithi079.stderr:/usr/bin/ceph:
2024-02-19T22:15:20.979+0000 7f67ac123700 1 --2- 172.21.15.79:0/3877703881 >> [v2:172.21.15.79:3300/0,v1:172.21.15.79:6789/0] conn(0x7f67a40703f0 0x7f67a4100e90 secure :-1 s=READY pgs=62 cs=0 l=1 rev1=1 rx=0x7f679400b5f0 tx=0x7f6794006ee0).stop
2024-02-19T22:15:20.983 INFO:teuthology.orchestra.run.smithi079.stderr:/usr/bin/ceph:
2024-02-19T22:15:20.979+0000 7f67ac123700 1 -- 172.21.15.79:0/3877703881 shutdown_connections
2024-02-19T22:15:20.983 INFO:teuthology.orchestra.run.smithi079.stderr:/usr/bin/ceph:
2024-02-19T22:15:20.979+0000 7f67ac123700 1 --2- 172.21.15.79:0/3877703881 >> [v2:172.21.15.79:3300/0,v1:172.21.15.79:6789/0] conn(0x7f67a40703f0 0x7f67a4100e90 unknown :-1 s=CLOSED pgs=62 cs=0 l=1 rev1=1 rx=0 tx=0).stop
2024-02-19T22:15:20.983 INFO:teuthology.orchestra.run.smithi079.stderr:/usr/bin/ceph:
2024-02-19T22:15:20.979+0000 7f67ac123700 1 -- 172.21.15.79:0/3877703881 >> 172.21.15.79:0/3877703881 conn(0x7f67a40f6530 msgr2=0x7f67a40f8950 unknown :-1 s=STATE_NONE l=0).mark_down
2024-02-19T22:15:20.983 INFO:teuthology.orchestra.run.smithi079.stderr:/usr/bin/ceph:
2024-02-19T22:15:20.979+0000 7f67ac123700 1 -- 172.21.15.79:0/3877703881 shutdown_connections
2024-02-19T22:15:20.983 INFO:teuthology.orchestra.run.smithi079.stderr:/usr/bin/ceph:
2024-02-19T22:15:20.979+0000 7f67ac123700 1 -- 172.21.15.79:0/3877703881 wait complete.
2024-02-19T22:15:20.984 INFO:teuthology.orchestra.run.smithi079.stderr:/usr/bin/ceph:
2024-02-19T22:15:20.979+0000 7f67ac123700 1 Processor -- start
2024-02-19T22:15:20.984 INFO:teuthology.orchestra.run.smithi079.stderr:/usr/bin/ceph:
2024-02-19T22:15:20.979+0000 7f67ac123700 1 -- start start
2024-02-19T22:15:20.984 INFO:teuthology.orchestra.run.smithi079.stderr:/usr/bin/ceph:
2024-02-19T22:15:20.980+0000 7f67ac123700 1 --2- >> [v2:172.21.15.79:3300/0,v1:172.21.15.79:6789/0] conn(0x7f67a40703f0 0x7f67a410ce10 unknown :-1 s=NONE pgs=0 cs=0 l=1 rev1=0 rx=0 tx=0).connect
2024-02-19T22:15:20.984 INFO:teuthology.orchestra.run.smithi079.stderr:/usr/bin/ceph:
2024-02-19T22:15:20.980+0000 7f67ac123700 1 -- --> [v2:172.21.15.79:3300/0,v1:172.21.15.79:6789/0] -- mon_getmap magic: 0 v1 -- 0x7f67a410d300 con 0x7f67a40703f0
2024-02-19T22:15:20.984 INFO:teuthology.orchestra.run.smithi079.stderr:/usr/bin/ceph:
2024-02-19T22:15:20.980+0000 7f67a9ebf700 1 --2- >> [v2:172.21.15.79:3300/0,v1:172.21.15.79:6789/0] conn(0x7f67a40703f0 0x7f67a410ce10 unknown :-1 s=BANNER_CONNECTING pgs=0 cs=0 l=1 rev1=0 rx=0 tx=0)._handle_peer_banner_payload supported=1 required=0
2024-02-19T22:15:20.984 INFO:teuthology.orchestra.run.smithi079.stderr:/usr/bin/ceph:
2024-02-19T22:15:20.980+0000 7f67a9ebf700 1 --2- >> [v2:172.21.15.79:3300/0,v1:172.21.15.79:6789/0] conn(0x7f67a40703f0 0x7f67a410ce10 unknown :-1 s=HELLO_CONNECTING pgs=0 cs=0 l=1 rev1=1 rx=0 tx=0).handle_hello peer v2:172.21.15.79:3300/0 says I am v2:172.21.15.79:42848/0 (socket says 172.21.15.79:42848)
2024-02-19T22:15:20.984 INFO:teuthology.orchestra.run.smithi079.stderr:/usr/bin/ceph:
2024-02-19T22:15:20.980+0000 7f67a9ebf700 1 -- 172.21.15.79:0/2294107915 learned_addr learned my addr 172.21.15.79:0/2294107915 (peer_addr_for_me v2:172.21.15.79:0/0)
2024-02-19T22:15:20.985 INFO:teuthology.orchestra.run.smithi079.stderr:/usr/bin/ceph:
2024-02-19T22:15:20.980+0000 7f67a9ebf700 1 -- 172.21.15.79:0/2294107915 --> [v2:172.21.15.79:3300/0,v1:172.21.15.79:6789/0] -- mon_subscribe({config=0+,monmap=0+}) v3 -- 0x7f679400b200 con 0x7f67a40703f0
2024-02-19T22:15:20.985 INFO:teuthology.orchestra.run.smithi079.stderr:/usr/bin/ceph:
2024-02-19T22:15:20.980+0000 7f67a9ebf700 1 --2- 172.21.15.79:0/2294107915 >> [v2:172.21.15.79:3300/0,v1:172.21.15.79:6789/0] conn(0x7f67a40703f0 0x7f67a410ce10 secure :-1 s=READY pgs=63 cs=0 l=1 rev1=1 rx=0x7f67940115c0 tx=0x7f6794006ee0).ready entity=mon.0 client_cookie=0 server_cookie=0 in_seq=0 out_seq=0
2024-02-19T22:15:20.985 INFO:teuthology.orchestra.run.smithi079.stderr:/usr/bin/ceph:
2024-02-19T22:15:20.980+0000 7f67927fc700 1 -- 172.21.15.79:0/2294107915 <== mon.0 v2:172.21.15.79:3300/0 1 ==== mon_map magic: 0 v1 ==== 229+0+0 (secure 0 0 0) 0x7f679401b410 con 0x7f67a40703f0
2024-02-19T22:15:20.985 INFO:teuthology.orchestra.run.smithi079.stderr:/usr/bin/ceph:
2024-02-19T22:15:20.980+0000 7f67927fc700 1 -- 172.21.15.79:0/2294107915 <== mon.0 v2:172.21.15.79:3300/0 2 ==== config(26 keys) v1 ==== 1045+0+0 (secure 0 0 0) 0x7f679401ba00 con 0x7f67a40703f0
2024-02-19T22:15:20.986 INFO:teuthology.orchestra.run.smithi079.stderr:/usr/bin/ceph:
2024-02-19T22:15:20.980+0000 7f67ac123700 1 -- 172.21.15.79:0/2294107915 --> [v2:172.21.15.79:3300/0,v1:172.21.15.79:6789/0] -- mon_subscribe({mgrmap=0+}) v3 -- 0x7f67a410d500 con 0x7f67a40703f0
2024-02-19T22:15:20.986 INFO:teuthology.orchestra.run.smithi079.stderr:/usr/bin/ceph:
2024-02-19T22:15:20.980+0000 7f67927fc700 1 -- 172.21.15.79:0/2294107915 <== mon.0 v2:172.21.15.79:3300/0 3 ==== mon_map magic: 0 v1 ==== 229+0+0 (secure 0 0 0) 0x7f679401aaa0 con 0x7f67a40703f0
2024-02-19T22:15:20.986 INFO:teuthology.orchestra.run.smithi079.stderr:/usr/bin/ceph:
2024-02-19T22:15:20.980+0000 7f67ac123700 1 -- 172.21.15.79:0/2294107915 --> [v2:172.21.15.79:3300/0,v1:172.21.15.79:6789/0] -- mon_subscribe({osdmap=0}) v3 -- 0x7f67a410e110 con 0x7f67a40703f0
2024-02-19T22:15:20.986 INFO:teuthology.orchestra.run.smithi079.stderr:/usr/bin/ceph:
2024-02-19T22:15:20.981+0000 7f67927fc700 1 -- 172.21.15.79:0/2294107915 <== mon.0 v2:172.21.15.79:3300/0 4 ==== mgrmap(e 12) v1 ==== 36195+0+0 (secure 0 0 0) 0x7f679400f070 con 0x7f67a40703f0
2024-02-19T22:15:20.986 INFO:teuthology.orchestra.run.smithi079.stderr:/usr/bin/ceph:
2024-02-19T22:15:20.981+0000 7f67927fc700 1 --2- 172.21.15.79:0/2294107915 >> [v2:172.21.15.79:6800/2993887917,v1:172.21.15.79:6801/2993887917] conn(0x7f678c02ff70 0x7f678c032430 unknown :-1 s=NONE pgs=0 cs=0 l=1 rev1=0 rx=0 tx=0).connect
2024-02-19T22:15:20.986 INFO:teuthology.orchestra.run.smithi079.stderr:/usr/bin/ceph:
2024-02-19T22:15:20.981+0000 7f67927fc700 1 -- 172.21.15.79:0/2294107915 <== mon.0 v2:172.21.15.79:3300/0 5 ==== osd_map(3..3 src has 1..3) v4 ==== 1098+0+0 (secure 0 0 0) 0x7f679401bb70 con 0x7f67a40703f0
2024-02-19T22:15:20.986 INFO:teuthology.orchestra.run.smithi079.stderr:/usr/bin/ceph:
2024-02-19T22:15:20.981+0000 7f67a96be700 1 --2- 172.21.15.79:0/2294107915 >> [v2:172.21.15.79:6800/2993887917,v1:172.21.15.79:6801/2993887917] conn(0x7f678c02ff70 0x7f678c032430 unknown :-1 s=BANNER_CONNECTING pgs=0 cs=0 l=1 rev1=0 rx=0 tx=0)._handle_peer_banner_payload supported=1 required=0
2024-02-19T22:15:20.986 INFO:teuthology.orchestra.run.smithi079.stderr:/usr/bin/ceph:
2024-02-19T22:15:20.981+0000 7f67ac123700 1 -- 172.21.15.79:0/2294107915 --> [v2:172.21.15.79:3300/0,v1:172.21.15.79:6789/0] -- mon_command({"prefix": "get_command_descriptions"} v 0) v1 -- 0x7f67a4059100 con 0x7f67a40703f0
2024-02-19T22:15:20.986 INFO:teuthology.orchestra.run.smithi079.stderr:/usr/bin/ceph:
2024-02-19T22:15:20.982+0000 7f67a96be700 1 --2- 172.21.15.79:0/2294107915 >> [v2:172.21.15.79:6800/2993887917,v1:172.21.15.79:6801/2993887917] conn(0x7f678c02ff70 0x7f678c032430 secure :-1 s=READY pgs=9 cs=0 l=1 rev1=1 rx=0x7f67a00096a0 tx=0x7f67a0006b40).ready entity=mgr.14142 client_cookie=0 server_cookie=0 in_seq=0 out_seq=0
2024-02-19T22:15:20.987 INFO:teuthology.orchestra.run.smithi079.stderr:/usr/bin/ceph:
2024-02-19T22:15:20.985+0000 7f67927fc700 1 -- 172.21.15.79:0/2294107915 <== mon.0 v2:172.21.15.79:3300/0 6 ==== mon_command_ack([{"prefix": "get_command_descriptions"}]=0 v0) v1 ==== 72+0+152212 (secure 0 0 0) 0x7f6794016070 con 0x7f67a40703f0
2024-02-19T22:15:21.136 INFO:teuthology.orchestra.run.smithi079.stderr:/usr/bin/ceph:
2024-02-19T22:15:21.133+0000 7f67ac123700 1 -- 172.21.15.79:0/2294107915 --> [v2:172.21.15.79:3300/0,v1:172.21.15.79:6789/0] -- mon_command([{prefix=config set, name=mgr/cephadm/container_init}] v 0) v1 -- 0x7f67a4102030 con 0x7f67a40703f0
2024-02-19T22:15:21.138 INFO:teuthology.orchestra.run.smithi079.stderr:/usr/bin/ceph:
2024-02-19T22:15:21.136+0000 7f67927fc700 1 -- 172.21.15.79:0/2294107915 <== mon.0 v2:172.21.15.79:3300/0 7 ==== mon_command_ack([{prefix=config set, name=mgr/cephadm/container_init}]=0 v8)=0 v8) v1 ==== 142+0+0 (secure 0 0 0) 0x7f6794010be0 con 0x7f67a40703f0
2024-02-19T22:15:21.141 INFO:teuthology.orchestra.run.smithi079.stderr:/usr/bin/ceph:
2024-02-19T22:15:21.138+0000 7f67ac123700 1 -- 172.21.15.79:0/2294107915 >> [v2:172.21.15.79:6800/2993887917,v1:172.21.15.79:6801/2993887917] conn(0x7f678c02ff70 msgr2=0x7f678c032430 secure :-1 s=STATE_CONNECTION_ESTABLISHED l=1).mark_down
2024-02-19T22:15:21.141 INFO:teuthology.orchestra.run.smithi079.stderr:/usr/bin/ceph:
2024-02-19T22:15:21.138+0000 7f67ac123700 1 --2- 172.21.15.79:0/2294107915 >> [v2:172.21.15.79:6800/2993887917,v1:172.21.15.79:6801/2993887917] conn(0x7f678c02ff70 0x7f678c032430 secure :-1 s=READY pgs=9 cs=0 l=1 rev1=1 rx=0x7f67a00096a0 tx=0x7f67a0006b40).stop
2024-02-19T22:15:21.141 INFO:teuthology.orchestra.run.smithi079.stderr:/usr/bin/ceph:
2024-02-19T22:15:21.138+0000 7f67ac123700 1 -- 172.21.15.79:0/2294107915 >> [v2:172.21.15.79:3300/0,v1:172.21.15.79:6789/0] conn(0x7f67a40703f0 msgr2=0x7f67a410ce10 secure :-1 s=STATE_CONNECTION_ESTABLISHED l=1).mark_down
2024-02-19T22:15:21.141 INFO:teuthology.orchestra.run.smithi079.stderr:/usr/bin/ceph:
2024-02-19T22:15:21.138+0000 7f67ac123700 1 --2- 172.21.15.79:0/2294107915 >> [v2:172.21.15.79:3300/0,v1:172.21.15.79:6789/0] conn(0x7f67a40703f0 0x7f67a410ce10 secure :-1 s=READY pgs=63 cs=0 l=1 rev1=1 rx=0x7f67940115c0 tx=0x7f6794006ee0).stop
2024-02-19T22:15:21.141 INFO:teuthology.orchestra.run.smithi079.stderr:/usr/bin/ceph:
2024-02-19T22:15:21.138+0000 7f67ac123700 1 -- 172.21.15.79:0/2294107915 shutdown_connections
2024-02-19T22:15:21.141 INFO:teuthology.orchestra.run.smithi079.stderr:/usr/bin/ceph:
2024-02-19T22:15:21.138+0000 7f67ac123700 1 --2- 172.21.15.79:0/2294107915 >> [v2:172.21.15.79:6800/2993887917,v1:172.21.15.79:6801/2993887917] conn(0x7f678c02ff70 0x7f678c032430 unknown :-1 s=CLOSED pgs=9 cs=0 l=1 rev1=1 rx=0 tx=0).stop
2024-02-19T22:15:21.141 INFO:teuthology.orchestra.run.smithi079.stderr:/usr/bin/ceph:
2024-02-19T22:15:21.138+0000 7f67ac123700 1 --2- 172.21.15.79:0/2294107915 >> [v2:172.21.15.79:3300/0,v1:172.21.15.79:6789/0] conn(0x7f67a40703f0 0x7f67a410ce10 unknown :-1 s=CLOSED pgs=63 cs=0 l=1 rev1=1 rx=0 tx=0).stop
2024-02-19T22:15:21.141 INFO:teuthology.orchestra.run.smithi079.stderr:/usr/bin/ceph:
2024-02-19T22:15:21.138+0000 7f67ac123700 1 -- 172.21.15.79:0/2294107915 >> 172.21.15.79:0/2294107915 conn(0x7f67a40f6530 msgr2=0x7f67a40f7f90 unknown :-1 s=STATE_NONE l=0).mark_down
2024-02-19T22:15:21.141 INFO:teuthology.orchestra.run.smithi079.stderr:/usr/bin/ceph:
2024-02-19T22:15:21.138+0000 7f67ac123700 1 -- 172.21.15.79:0/2294107915 shutdown_connections
2024-02-19T22:15:21.141 INFO:teuthology.orchestra.run.smithi079.stderr:/usr/bin/ceph:
2024-02-19T22:15:21.138+0000 7f67ac123700 1 -- 172.21.15.79:0/2294107915 wait complete.
2024-02-19T22:15:21.468 INFO:journalctl@ceph.mon.smithi079.smithi079.stdout:Feb 19 22:15:21 smithi079 ceph-2db841b8-cf74-11ee-95bb-87774f69a715-mon.smithi079[38073]: audit
2024-02-19T22:15:19.912879+0000 mgr.smithi079.gxfuwy (mgr.14142) 7 : audit [DBG] from='client.14154 -' entity='client.admin' cmd=[{"prefix": "orch apply", "service_type": "alertmanager", "target": ["mon-mgr", ""]}]: dispatch
2024-02-19T22:15:21.468 INFO:journalctl@ceph.mon.smithi079.smithi079.stdout:Feb 19 22:15:21 smithi079 ceph-2db841b8-cf74-11ee-95bb-87774f69a715-mon.smithi079[38073]: cephadm
2024-02-19T22:15:19.913384+0000 mgr.smithi079.gxfuwy (mgr.14142) 8 : cephadm [INF] Saving service alertmanager spec with placement count:1
2024-02-19T22:15:21.468 INFO:journalctl@ceph.mon.smithi079.smithi079.stdout:Feb 19 22:15:21 smithi079 ceph-2db841b8-cf74-11ee-95bb-87774f69a715-mon.smithi079[38073]: audit
2024-02-19T22:15:21.138031+0000 mon.smithi079 (mon.0) 82 : audit [INF] from='client.? 172.21.15.79:0/2294107915' entity='client.admin'
2024-02-19T22:15:21.700 INFO:teuthology.orchestra.run.smithi079.stderr:Running command: /bin/podman run --rm --ipc=host --no-hosts --net=host --entrypoint /usr/bin/ceph --init -e CONTAINER_IMAGE=docker.io/ceph/ceph:v16.2.4 -e NODE_NAME=smithi079 -e CEPH_USE_RANDOM_NONCE=1 -v /var/log/ceph/2db841b8-cf74-11ee-95bb-87774f69a715:/var/log/ceph:z -v /tmp/ceph-tmpc9hvc7sa:/etc/ceph/ceph.client.admin.keyring:z -v /tmp/ceph-tmpg7auwlkr:/etc/ceph/ceph.conf:z docker.io/ceph/ceph:v16.2.4 config set mgr mgr/dashboard/ssl_server_port 8443
2024-02-19T22:15:22.151 INFO:teuthology.orchestra.run.smithi079.stderr:/usr/bin/ceph:
2024-02-19T22:15:22.145+0000 7f78014b3700 1 Processor -- start
2024-02-19T22:15:22.151 INFO:teuthology.orchestra.run.smithi079.stderr:/usr/bin/ceph:
2024-02-19T22:15:22.145+0000 7f78014b3700 1 -- start start
2024-02-19T22:15:22.151 INFO:teuthology.orchestra.run.smithi079.stderr:/usr/bin/ceph:
2024-02-19T22:15:22.146+0000 7f78014b3700 1 --2- >> [v2:172.21.15.79:3300/0,v1:172.21.15.79:6789/0] conn(0x7f77fc0703d0 0x7f77fc100eb0 unknown :-1 s=NONE pgs=0 cs=0 l=0 rev1=0 rx=0 tx=0).connect
2024-02-19T22:15:22.151 INFO:teuthology.orchestra.run.smithi079.stderr:/usr/bin/ceph:
2024-02-19T22:15:22.146+0000 7f78014b3700 1 -- --> [v2:172.21.15.79:3300/0,v1:172.21.15.79:6789/0] -- mon_getmap magic: 0 v1 -- 0x7f77fc0fc8a0 con 0x7f77fc0703d0
2024-02-19T22:15:22.151 INFO:teuthology.orchestra.run.smithi079.stderr:/usr/bin/ceph:
2024-02-19T22:15:22.146+0000 7f77faffd700 1 --2- >> [v2:172.21.15.79:3300/0,v1:172.21.15.79:6789/0] conn(0x7f77fc0703d0 0x7f77fc100eb0 unknown :-1 s=BANNER_CONNECTING pgs=0 cs=0 l=0 rev1=0 rx=0 tx=0)._handle_peer_banner_payload supported=1 required=0
2024-02-19T22:15:22.151 INFO:teuthology.orchestra.run.smithi079.stderr:/usr/bin/ceph:
2024-02-19T22:15:22.146+0000 7f77faffd700 1 --2- >> [v2:172.21.15.79:3300/0,v1:172.21.15.79:6789/0] conn(0x7f77fc0703d0 0x7f77fc100eb0 unknown :-1 s=HELLO_CONNECTING pgs=0 cs=0 l=0 rev1=1 rx=0 tx=0).handle_hello peer v2:172.21.15.79:3300/0 says I am v2:172.21.15.79:42852/0 (socket says 172.21.15.79:42852)
2024-02-19T22:15:22.151 INFO:teuthology.orchestra.run.smithi079.stderr:/usr/bin/ceph:
2024-02-19T22:15:22.146+0000 7f77faffd700 1 -- 172.21.15.79:0/690286609 learned_addr learned my addr 172.21.15.79:0/690286609 (peer_addr_for_me v2:172.21.15.79:0/0)
2024-02-19T22:15:22.151 INFO:teuthology.orchestra.run.smithi079.stderr:/usr/bin/ceph:
2024-02-19T22:15:22.146+0000 7f77faffd700 1 -- 172.21.15.79:0/690286609 --> [v2:172.21.15.79:3300/0,v1:172.21.15.79:6789/0] -- mon_subscribe({config=0+,monmap=0+}) v3 -- 0x7f77fc1013a0 con 0x7f77fc0703d0
2024-02-19T22:15:22.151 INFO:teuthology.orchestra.run.smithi079.stderr:/usr/bin/ceph:
2024-02-19T22:15:22.146+0000 7f77faffd700 1 --2- 172.21.15.79:0/690286609 >> [v2:172.21.15.79:3300/0,v1:172.21.15.79:6789/0] conn(0x7f77fc0703d0 0x7f77fc100eb0 secure :-1 s=READY pgs=64 cs=0 l=1 rev1=1 rx=0x7f77e400b5f0 tx=0x7f77e4006ee0).ready entity=mon.0 client_cookie=b700524d1037fa29 server_cookie=0 in_seq=0 out_seq=0
2024-02-19T22:15:22.151 INFO:teuthology.orchestra.run.smithi079.stderr:/usr/bin/ceph:
2024-02-19T22:15:22.146+0000 7f77f9ffb700 1 -- 172.21.15.79:0/690286609 <== mon.0 v2:172.21.15.79:3300/0 1 ==== mon_map magic: 0 v1 ==== 229+0+0 (secure 0 0 0) 0x7f77e400d600 con 0x7f77fc0703d0
2024-02-19T22:15:22.152 INFO:teuthology.orchestra.run.smithi079.stderr:/usr/bin/ceph:
2024-02-19T22:15:22.146+0000 7f77f9ffb700 1 -- 172.21.15.79:0/690286609 <== mon.0 v2:172.21.15.79:3300/0 2 ==== config(26 keys) v1 ==== 1045+0+0 (secure 0 0 0) 0x7f77e400dbf0 con 0x7f77fc0703d0
2024-02-19T22:15:22.152 INFO:teuthology.orchestra.run.smithi079.stderr:/usr/bin/ceph:
2024-02-19T22:15:22.146+0000 7f77f9ffb700 1 -- 172.21.15.79:0/690286609 <== mon.0 v2:172.21.15.79:3300/0 3 ==== mon_map magic: 0 v1 ==== 229+0+0 (secure 0 0 0) 0x7f77e4011cb0 con 0x7f77fc0703d0
2024-02-19T22:15:22.152 INFO:teuthology.orchestra.run.smithi079.stderr:/usr/bin/ceph:
2024-02-19T22:15:22.147+0000 7f78014b3700 1 -- 172.21.15.79:0/690286609 >> [v2:172.21.15.79:3300/0,v1:172.21.15.79:6789/0] conn(0x7f77fc0703d0 msgr2=0x7f77fc100eb0 secure :-1 s=STATE_CONNECTION_ESTABLISHED l=1).mark_down
2024-02-19T22:15:22.152 INFO:teuthology.orchestra.run.smithi079.stderr:/usr/bin/ceph:
2024-02-19T22:15:22.147+0000 7f78014b3700 1 --2- 172.21.15.79:0/690286609 >> [v2:172.21.15.79:3300/0,v1:172.21.15.79:6789/0] conn(0x7f77fc0703d0 0x7f77fc100eb0 secure :-1 s=READY pgs=64 cs=0 l=1 rev1=1 rx=0x7f77e400b5f0 tx=0x7f77e4006ee0).stop
2024-02-19T22:15:22.152 INFO:teuthology.orchestra.run.smithi079.stderr:/usr/bin/ceph:
2024-02-19T22:15:22.147+0000 7f78014b3700 1 -- 172.21.15.79:0/690286609 shutdown_connections
2024-02-19T22:15:22.152 INFO:teuthology.orchestra.run.smithi079.stderr:/usr/bin/ceph:
2024-02-19T22:15:22.147+0000 7f78014b3700 1 --2- 172.21.15.79:0/690286609 >> [v2:172.21.15.79:3300/0,v1:172.21.15.79:6789/0] conn(0x7f77fc0703d0 0x7f77fc100eb0 unknown :-1 s=CLOSED pgs=64 cs=0 l=1 rev1=1 rx=0 tx=0).stop
2024-02-19T22:15:22.152 INFO:teuthology.orchestra.run.smithi079.stderr:/usr/bin/ceph:
2024-02-19T22:15:22.147+0000 7f78014b3700 1 -- 172.21.15.79:0/690286609 >> 172.21.15.79:0/690286609 conn(0x7f77fc0f6530 msgr2=0x7f77fc0f8950 unknown :-1 s=STATE_NONE l=0).mark_down
2024-02-19T22:15:22.152 INFO:teuthology.orchestra.run.smithi079.stderr:/usr/bin/ceph:
2024-02-19T22:15:22.147+0000 7f78014b3700 1 -- 172.21.15.79:0/690286609 shutdown_connections
2024-02-19T22:15:22.152 INFO:teuthology.orchestra.run.smithi079.stderr:/usr/bin/ceph:
2024-02-19T22:15:22.147+0000 7f78014b3700 1 -- 172.21.15.79:0/690286609 wait complete.
2024-02-19T22:15:22.152 INFO:teuthology.orchestra.run.smithi079.stderr:/usr/bin/ceph:
2024-02-19T22:15:22.148+0000 7f78014b3700 1 Processor -- start
2024-02-19T22:15:22.152 INFO:teuthology.orchestra.run.smithi079.stderr:/usr/bin/ceph:
2024-02-19T22:15:22.148+0000 7f78014b3700 1 -- start start
2024-02-19T22:15:22.152 INFO:teuthology.orchestra.run.smithi079.stderr:/usr/bin/ceph:
2024-02-19T22:15:22.148+0000 7f78014b3700 1 --2- >> [v2:172.21.15.79:3300/0,v1:172.21.15.79:6789/0] conn(0x7f77fc0703d0 0x7f77fc10ce40 unknown :-1 s=NONE pgs=0 cs=0 l=1 rev1=0 rx=0 tx=0).connect
2024-02-19T22:15:22.152 INFO:teuthology.orchestra.run.smithi079.stderr:/usr/bin/ceph:
2024-02-19T22:15:22.148+0000 7f78014b3700 1 -- --> [v2:172.21.15.79:3300/0,v1:172.21.15.79:6789/0] -- mon_getmap magic: 0 v1 -- 0x7f77fc10d330 con 0x7f77fc0703d0
2024-02-19T22:15:22.152 INFO:teuthology.orchestra.run.smithi079.stderr:/usr/bin/ceph:
2024-02-19T22:15:22.148+0000 7f77faffd700 1 --2- >> [v2:172.21.15.79:3300/0,v1:172.21.15.79:6789/0] conn(0x7f77fc0703d0 0x7f77fc10ce40 unknown :-1 s=BANNER_CONNECTING pgs=0 cs=0 l=1 rev1=0 rx=0 tx=0)._handle_peer_banner_payload supported=1 required=0
2024-02-19T22:15:22.153 INFO:teuthology.orchestra.run.smithi079.stderr:/usr/bin/ceph:
2024-02-19T22:15:22.148+0000 7f77faffd700 1 --2- >> [v2:172.21.15.79:3300/0,v1:172.21.15.79:6789/0] conn(0x7f77fc0703d0 0x7f77fc10ce40 unknown :-1 s=HELLO_CONNECTING pgs=0 cs=0 l=1 rev1=1 rx=0 tx=0).handle_hello peer v2:172.21.15.79:3300/0 says I am v2:172.21.15.79:42860/0 (socket says 172.21.15.79:42860)
2024-02-19T22:15:22.153 INFO:teuthology.orchestra.run.smithi079.stderr:/usr/bin/ceph:
2024-02-19T22:15:22.148+0000 7f77faffd700 1 -- 172.21.15.79:0/2194486521 learned_addr learned my addr 172.21.15.79:0/2194486521 (peer_addr_for_me v2:172.21.15.79:0/0)
2024-02-19T22:15:22.153 INFO:teuthology.orchestra.run.smithi079.stderr:/usr/bin/ceph:
2024-02-19T22:15:22.148+0000 7f77faffd700 1 -- 172.21.15.79:0/2194486521 --> [v2:172.21.15.79:3300/0,v1:172.21.15.79:6789/0] -- mon_subscribe({config=0+,monmap=0+}) v3 -- 0x7f77e400b200 con 0x7f77fc0703d0
2024-02-19T22:15:22.153 INFO:teuthology.orchestra.run.smithi079.stderr:/usr/bin/ceph:
2024-02-19T22:15:22.148+0000 7f77faffd700 1 --2- 172.21.15.79:0/2194486521 >> [v2:172.21.15.79:3300/0,v1:172.21.15.79:6789/0] conn(0x7f77fc0703d0 0x7f77fc10ce40 secure :-1 s=READY pgs=65 cs=0 l=1 rev1=1 rx=0x7f77e4006800 tx=0x7f77e4006ee0).ready entity=mon.0 client_cookie=0 server_cookie=0 in_seq=0 out_seq=0
2024-02-19T22:15:22.153 INFO:teuthology.orchestra.run.smithi079.stderr:/usr/bin/ceph:
2024-02-19T22:15:22.148+0000 7f77f37fe700 1 -- 172.21.15.79:0/2194486521 <== mon.0 v2:172.21.15.79:3300/0 1 ==== mon_map magic: 0 v1 ==== 229+0+0 (secure 0 0 0) 0x7f77e401b570 con 0x7f77fc0703d0
2024-02-19T22:15:22.154 INFO:teuthology.orchestra.run.smithi079.stderr:/usr/bin/ceph:
2024-02-19T22:15:22.148+0000 7f77f37fe700 1 -- 172.21.15.79:0/2194486521 <== mon.0 v2:172.21.15.79:3300/0 2 ==== config(26 keys) v1 ==== 1045+0+0 (secure 0 0 0) 0x7f77e401bb60 con 0x7f77fc0703d0
2024-02-19T22:15:22.154 INFO:teuthology.orchestra.run.smithi079.stderr:/usr/bin/ceph:
