2024-02-19T22:15:22.148+0000 7f78014b3700 1 -- 172.21.15.79:0/2194486521 --> [v2:172.21.15.79:3300/0,v1:172.21.15.79:6789/0] -- mon_subscribe({mgrmap=0+}) v3 -- 0x7f77fc10d530 con 0x7f77fc0703d0
2024-02-19T22:15:22.154 INFO:teuthology.orchestra.run.smithi079.stderr:/usr/bin/ceph:
2024-02-19T22:15:22.149+0000 7f77f37fe700 1 -- 172.21.15.79:0/2194486521 <== mon.0 v2:172.21.15.79:3300/0 3 ==== mon_map magic: 0 v1 ==== 229+0+0 (secure 0 0 0) 0x7f77e401a940 con 0x7f77fc0703d0
2024-02-19T22:15:22.154 INFO:teuthology.orchestra.run.smithi079.stderr:/usr/bin/ceph:
2024-02-19T22:15:22.149+0000 7f78014b3700 1 -- 172.21.15.79:0/2194486521 --> [v2:172.21.15.79:3300/0,v1:172.21.15.79:6789/0] -- mon_subscribe({osdmap=0}) v3 -- 0x7f77fc10e140 con 0x7f77fc0703d0
2024-02-19T22:15:22.154 INFO:teuthology.orchestra.run.smithi079.stderr:/usr/bin/ceph:
2024-02-19T22:15:22.149+0000 7f77f37fe700 1 -- 172.21.15.79:0/2194486521 <== mon.0 v2:172.21.15.79:3300/0 4 ==== mgrmap(e 12) v1 ==== 36195+0+0 (secure 0 0 0) 0x7f77e400f070 con 0x7f77fc0703d0
2024-02-19T22:15:22.154 INFO:teuthology.orchestra.run.smithi079.stderr:/usr/bin/ceph:
2024-02-19T22:15:22.150+0000 7f77f37fe700 1 --2- 172.21.15.79:0/2194486521 >> [v2:172.21.15.79:6800/2993887917,v1:172.21.15.79:6801/2993887917] conn(0x7f77dc02ff20 0x7f77dc0323e0 unknown :-1 s=NONE pgs=0 cs=0 l=1 rev1=0 rx=0 tx=0).connect
2024-02-19T22:15:22.154 INFO:teuthology.orchestra.run.smithi079.stderr:/usr/bin/ceph:
2024-02-19T22:15:22.150+0000 7f77f37fe700 1 -- 172.21.15.79:0/2194486521 <== mon.0 v2:172.21.15.79:3300/0 5 ==== osd_map(3..3 src has 1..3) v4 ==== 1098+0+0 (secure 0 0 0) 0x7f77e4041560 con 0x7f77fc0703d0
2024-02-19T22:15:22.154 INFO:teuthology.orchestra.run.smithi079.stderr:/usr/bin/ceph:
2024-02-19T22:15:22.150+0000 7f77fa7fc700 1 --2- 172.21.15.79:0/2194486521 >> [v2:172.21.15.79:6800/2993887917,v1:172.21.15.79:6801/2993887917] conn(0x7f77dc02ff20 0x7f77dc0323e0 unknown :-1 s=BANNER_CONNECTING pgs=0 cs=0 l=1 rev1=0 rx=0 tx=0)._handle_peer_banner_payload supported=1 required=0
2024-02-19T22:15:22.154 INFO:teuthology.orchestra.run.smithi079.stderr:/usr/bin/ceph:
2024-02-19T22:15:22.150+0000 7f78014b3700 1 -- 172.21.15.79:0/2194486521 --> [v2:172.21.15.79:3300/0,v1:172.21.15.79:6789/0] -- mon_command({"prefix": "get_command_descriptions"} v 0) v1 -- 0x7f77fc059100 con 0x7f77fc0703d0
2024-02-19T22:15:22.154 INFO:teuthology.orchestra.run.smithi079.stderr:/usr/bin/ceph:
2024-02-19T22:15:22.150+0000 7f77fa7fc700 1 --2- 172.21.15.79:0/2194486521 >> [v2:172.21.15.79:6800/2993887917,v1:172.21.15.79:6801/2993887917] conn(0x7f77dc02ff20 0x7f77dc0323e0 secure :-1 s=READY pgs=10 cs=0 l=1 rev1=1 rx=0x7f77ec0096a0 tx=0x7f77ec006b40).ready entity=mgr.14142 client_cookie=0 server_cookie=0 in_seq=0 out_seq=0
2024-02-19T22:15:22.156 INFO:teuthology.orchestra.run.smithi079.stderr:/usr/bin/ceph:
2024-02-19T22:15:22.154+0000 7f77f37fe700 1 -- 172.21.15.79:0/2194486521 <== mon.0 v2:172.21.15.79:3300/0 6 ==== mon_command_ack([{"prefix": "get_command_descriptions"}]=0 v0) v1 ==== 72+0+152212 (secure 0 0 0) 0x7f77e4016070 con 0x7f77fc0703d0
2024-02-19T22:15:22.306 INFO:teuthology.orchestra.run.smithi079.stderr:/usr/bin/ceph:
2024-02-19T22:15:22.304+0000 7f78014b3700 1 -- 172.21.15.79:0/2194486521 --> [v2:172.21.15.79:3300/0,v1:172.21.15.79:6789/0] -- mon_command([{prefix=config set, name=mgr/dashboard/ssl_server_port}] v 0) v1 -- 0x7f77fc10ef70 con 0x7f77fc0703d0
2024-02-19T22:15:22.309 INFO:teuthology.orchestra.run.smithi079.stderr:/usr/bin/ceph:
2024-02-19T22:15:22.307+0000 7f77f37fe700 1 -- 172.21.15.79:0/2194486521 <== mon.0 v2:172.21.15.79:3300/0 7 ==== mon_command_ack([{prefix=config set, name=mgr/dashboard/ssl_server_port}]=0 v9)=0 v9) v1 ==== 130+0+0 (secure 0 0 0) 0x7f77e4019c90 con 0x7f77fc0703d0
2024-02-19T22:15:22.312 INFO:teuthology.orchestra.run.smithi079.stderr:/usr/bin/ceph:
2024-02-19T22:15:22.308+0000 7f78014b3700 1 -- 172.21.15.79:0/2194486521 >> [v2:172.21.15.79:6800/2993887917,v1:172.21.15.79:6801/2993887917] conn(0x7f77dc02ff20 msgr2=0x7f77dc0323e0 secure :-1 s=STATE_CONNECTION_ESTABLISHED l=1).mark_down
2024-02-19T22:15:22.312 INFO:teuthology.orchestra.run.smithi079.stderr:/usr/bin/ceph:
2024-02-19T22:15:22.308+0000 7f78014b3700 1 --2- 172.21.15.79:0/2194486521 >> [v2:172.21.15.79:6800/2993887917,v1:172.21.15.79:6801/2993887917] conn(0x7f77dc02ff20 0x7f77dc0323e0 secure :-1 s=READY pgs=10 cs=0 l=1 rev1=1 rx=0x7f77ec0096a0 tx=0x7f77ec006b40).stop
2024-02-19T22:15:22.312 INFO:teuthology.orchestra.run.smithi079.stderr:/usr/bin/ceph:
2024-02-19T22:15:22.308+0000 7f78014b3700 1 -- 172.21.15.79:0/2194486521 >> [v2:172.21.15.79:3300/0,v1:172.21.15.79:6789/0] conn(0x7f77fc0703d0 msgr2=0x7f77fc10ce40 secure :-1 s=STATE_CONNECTION_ESTABLISHED l=1).mark_down
2024-02-19T22:15:22.312 INFO:teuthology.orchestra.run.smithi079.stderr:/usr/bin/ceph:
2024-02-19T22:15:22.308+0000 7f78014b3700 1 --2- 172.21.15.79:0/2194486521 >> [v2:172.21.15.79:3300/0,v1:172.21.15.79:6789/0] conn(0x7f77fc0703d0 0x7f77fc10ce40 secure :-1 s=READY pgs=65 cs=0 l=1 rev1=1 rx=0x7f77e4006800 tx=0x7f77e4006ee0).stop
2024-02-19T22:15:22.312 INFO:teuthology.orchestra.run.smithi079.stderr:/usr/bin/ceph:
2024-02-19T22:15:22.308+0000 7f78014b3700 1 -- 172.21.15.79:0/2194486521 shutdown_connections
2024-02-19T22:15:22.312 INFO:teuthology.orchestra.run.smithi079.stderr:/usr/bin/ceph:
2024-02-19T22:15:22.309+0000 7f78014b3700 1 --2- 172.21.15.79:0/2194486521 >> [v2:172.21.15.79:6800/2993887917,v1:172.21.15.79:6801/2993887917] conn(0x7f77dc02ff20 0x7f77dc0323e0 unknown :-1 s=CLOSED pgs=10 cs=0 l=1 rev1=1 rx=0 tx=0).stop
2024-02-19T22:15:22.312 INFO:teuthology.orchestra.run.smithi079.stderr:/usr/bin/ceph:
2024-02-19T22:15:22.309+0000 7f78014b3700 1 --2- 172.21.15.79:0/2194486521 >> [v2:172.21.15.79:3300/0,v1:172.21.15.79:6789/0] conn(0x7f77fc0703d0 0x7f77fc10ce40 unknown :-1 s=CLOSED pgs=65 cs=0 l=1 rev1=1 rx=0 tx=0).stop
2024-02-19T22:15:22.312 INFO:teuthology.orchestra.run.smithi079.stderr:/usr/bin/ceph:
2024-02-19T22:15:22.309+0000 7f78014b3700 1 -- 172.21.15.79:0/2194486521 >> 172.21.15.79:0/2194486521 conn(0x7f77fc0f6530 msgr2=0x7f77fc0f7f50 unknown :-1 s=STATE_NONE l=0).mark_down
2024-02-19T22:15:22.312 INFO:teuthology.orchestra.run.smithi079.stderr:/usr/bin/ceph:
2024-02-19T22:15:22.309+0000 7f78014b3700 1 -- 172.21.15.79:0/2194486521 shutdown_connections
2024-02-19T22:15:22.312 INFO:teuthology.orchestra.run.smithi079.stderr:/usr/bin/ceph:
2024-02-19T22:15:22.309+0000 7f78014b3700 1 -- 172.21.15.79:0/2194486521 wait complete.
2024-02-19T22:15:23.120 INFO:teuthology.orchestra.run.smithi079.stderr:Enabling the dashboard module...
2024-02-19T22:15:23.120 INFO:teuthology.orchestra.run.smithi079.stderr:Running command: /bin/podman run --rm --ipc=host --no-hosts --net=host --entrypoint /usr/bin/ceph --init -e CONTAINER_IMAGE=docker.io/ceph/ceph:v16.2.4 -e NODE_NAME=smithi079 -e CEPH_USE_RANDOM_NONCE=1 -v /var/log/ceph/2db841b8-cf74-11ee-95bb-87774f69a715:/var/log/ceph:z -v /tmp/ceph-tmpc9hvc7sa:/etc/ceph/ceph.client.admin.keyring:z -v /tmp/ceph-tmpg7auwlkr:/etc/ceph/ceph.conf:z docker.io/ceph/ceph:v16.2.4 mgr module enable dashboard
2024-02-19T22:15:23.393 INFO:journalctl@ceph.mon.smithi079.smithi079.stdout:Feb 19 22:15:23 smithi079 ceph-2db841b8-cf74-11ee-95bb-87774f69a715-mon.smithi079[38073]: audit
2024-02-19T22:15:22.308471+0000 mon.smithi079 (mon.0) 83 : audit [INF] from='client.? 172.21.15.79:0/2194486521' entity='client.admin'
2024-02-19T22:15:23.684 INFO:teuthology.orchestra.run.smithi079.stderr:/usr/bin/ceph:
2024-02-19T22:15:23.666+0000 7f259558e700 1 Processor -- start
2024-02-19T22:15:23.684 INFO:teuthology.orchestra.run.smithi079.stderr:/usr/bin/ceph:
2024-02-19T22:15:23.666+0000 7f259558e700 1 -- start start
2024-02-19T22:15:23.684 INFO:teuthology.orchestra.run.smithi079.stderr:/usr/bin/ceph:
2024-02-19T22:15:23.666+0000 7f259558e700 1 --2- >> [v2:172.21.15.79:3300/0,v1:172.21.15.79:6789/0] conn(0x7f25900703d0 0x7f2590100eb0 unknown :-1 s=NONE pgs=0 cs=0 l=0 rev1=0 rx=0 tx=0).connect
2024-02-19T22:15:23.684 INFO:teuthology.orchestra.run.smithi079.stderr:/usr/bin/ceph:
2024-02-19T22:15:23.666+0000 7f259558e700 1 -- --> [v2:172.21.15.79:3300/0,v1:172.21.15.79:6789/0] -- mon_getmap magic: 0 v1 -- 0x7f25900fc8a0 con 0x7f25900703d0
2024-02-19T22:15:23.684 INFO:teuthology.orchestra.run.smithi079.stderr:/usr/bin/ceph:
2024-02-19T22:15:23.667+0000 7f258effd700 1 --2- >> [v2:172.21.15.79:3300/0,v1:172.21.15.79:6789/0] conn(0x7f25900703d0 0x7f2590100eb0 unknown :-1 s=BANNER_CONNECTING pgs=0 cs=0 l=0 rev1=0 rx=0 tx=0)._handle_peer_banner_payload supported=1 required=0
2024-02-19T22:15:23.684 INFO:teuthology.orchestra.run.smithi079.stderr:/usr/bin/ceph:
2024-02-19T22:15:23.667+0000 7f258effd700 1 --2- >> [v2:172.21.15.79:3300/0,v1:172.21.15.79:6789/0] conn(0x7f25900703d0 0x7f2590100eb0 unknown :-1 s=HELLO_CONNECTING pgs=0 cs=0 l=0 rev1=1 rx=0 tx=0).handle_hello peer v2:172.21.15.79:3300/0 says I am v2:172.21.15.79:42874/0 (socket says 172.21.15.79:42874)
2024-02-19T22:15:23.684 INFO:teuthology.orchestra.run.smithi079.stderr:/usr/bin/ceph:
2024-02-19T22:15:23.667+0000 7f258effd700 1 -- 172.21.15.79:0/2960077251 learned_addr learned my addr 172.21.15.79:0/2960077251 (peer_addr_for_me v2:172.21.15.79:0/0)
2024-02-19T22:15:23.684 INFO:teuthology.orchestra.run.smithi079.stderr:/usr/bin/ceph:
2024-02-19T22:15:23.667+0000 7f258effd700 1 -- 172.21.15.79:0/2960077251 --> [v2:172.21.15.79:3300/0,v1:172.21.15.79:6789/0] -- mon_subscribe({config=0+,monmap=0+}) v3 -- 0x7f25901013a0 con 0x7f25900703d0
2024-02-19T22:15:23.685 INFO:teuthology.orchestra.run.smithi079.stderr:/usr/bin/ceph:
2024-02-19T22:15:23.667+0000 7f258effd700 1 --2- 172.21.15.79:0/2960077251 >> [v2:172.21.15.79:3300/0,v1:172.21.15.79:6789/0] conn(0x7f25900703d0 0x7f2590100eb0 secure :-1 s=READY pgs=66 cs=0 l=1 rev1=1 rx=0x7f258400b5f0 tx=0x7f2584006ee0).ready entity=mon.0 client_cookie=d6392ddb2f02002e server_cookie=0 in_seq=0 out_seq=0
2024-02-19T22:15:23.685 INFO:teuthology.orchestra.run.smithi079.stderr:/usr/bin/ceph:
2024-02-19T22:15:23.667+0000 7f258dffb700 1 -- 172.21.15.79:0/2960077251 <== mon.0 v2:172.21.15.79:3300/0 1 ==== mon_map magic: 0 v1 ==== 229+0+0 (secure 0 0 0) 0x7f258400d600 con 0x7f25900703d0
2024-02-19T22:15:23.685 INFO:teuthology.orchestra.run.smithi079.stderr:/usr/bin/ceph:
2024-02-19T22:15:23.667+0000 7f258dffb700 1 -- 172.21.15.79:0/2960077251 <== mon.0 v2:172.21.15.79:3300/0 2 ==== config(26 keys) v1 ==== 1045+0+0 (secure 0 0 0) 0x7f258400dbf0 con 0x7f25900703d0
2024-02-19T22:15:23.685 INFO:teuthology.orchestra.run.smithi079.stderr:/usr/bin/ceph:
2024-02-19T22:15:23.667+0000 7f258dffb700 1 -- 172.21.15.79:0/2960077251 <== mon.0 v2:172.21.15.79:3300/0 3 ==== mon_map magic: 0 v1 ==== 229+0+0 (secure 0 0 0) 0x7f2584011cb0 con 0x7f25900703d0
2024-02-19T22:15:23.685 INFO:teuthology.orchestra.run.smithi079.stderr:/usr/bin/ceph:
2024-02-19T22:15:23.668+0000 7f259558e700 1 -- 172.21.15.79:0/2960077251 >> [v2:172.21.15.79:3300/0,v1:172.21.15.79:6789/0] conn(0x7f25900703d0 msgr2=0x7f2590100eb0 secure :-1 s=STATE_CONNECTION_ESTABLISHED l=1).mark_down
2024-02-19T22:15:23.685 INFO:teuthology.orchestra.run.smithi079.stderr:/usr/bin/ceph:
2024-02-19T22:15:23.668+0000 7f259558e700 1 --2- 172.21.15.79:0/2960077251 >> [v2:172.21.15.79:3300/0,v1:172.21.15.79:6789/0] conn(0x7f25900703d0 0x7f2590100eb0 secure :-1 s=READY pgs=66 cs=0 l=1 rev1=1 rx=0x7f258400b5f0 tx=0x7f2584006ee0).stop
2024-02-19T22:15:23.685 INFO:teuthology.orchestra.run.smithi079.stderr:/usr/bin/ceph:
2024-02-19T22:15:23.668+0000 7f259558e700 1 -- 172.21.15.79:0/2960077251 shutdown_connections
2024-02-19T22:15:23.685 INFO:teuthology.orchestra.run.smithi079.stderr:/usr/bin/ceph:
2024-02-19T22:15:23.668+0000 7f259558e700 1 --2- 172.21.15.79:0/2960077251 >> [v2:172.21.15.79:3300/0,v1:172.21.15.79:6789/0] conn(0x7f25900703d0 0x7f2590100eb0 unknown :-1 s=CLOSED pgs=66 cs=0 l=1 rev1=1 rx=0 tx=0).stop
2024-02-19T22:15:23.685 INFO:teuthology.orchestra.run.smithi079.stderr:/usr/bin/ceph:
2024-02-19T22:15:23.668+0000 7f259558e700 1 -- 172.21.15.79:0/2960077251 >> 172.21.15.79:0/2960077251 conn(0x7f25900f6530 msgr2=0x7f25900f8950 unknown :-1 s=STATE_NONE l=0).mark_down
2024-02-19T22:15:23.685 INFO:teuthology.orchestra.run.smithi079.stderr:/usr/bin/ceph:
2024-02-19T22:15:23.668+0000 7f259558e700 1 -- 172.21.15.79:0/2960077251 shutdown_connections
2024-02-19T22:15:23.685 INFO:teuthology.orchestra.run.smithi079.stderr:/usr/bin/ceph:
2024-02-19T22:15:23.668+0000 7f259558e700 1 -- 172.21.15.79:0/2960077251 wait complete.
2024-02-19T22:15:23.685 INFO:teuthology.orchestra.run.smithi079.stderr:/usr/bin/ceph:
2024-02-19T22:15:23.668+0000 7f259558e700 1 Processor -- start
2024-02-19T22:15:23.685 INFO:teuthology.orchestra.run.smithi079.stderr:/usr/bin/ceph:
2024-02-19T22:15:23.668+0000 7f259558e700 1 -- start start
2024-02-19T22:15:23.685 INFO:teuthology.orchestra.run.smithi079.stderr:/usr/bin/ceph:
2024-02-19T22:15:23.669+0000 7f259558e700 1 --2- >> [v2:172.21.15.79:3300/0,v1:172.21.15.79:6789/0] conn(0x7f25900703d0 0x7f259010ce40 unknown :-1 s=NONE pgs=0 cs=0 l=1 rev1=0 rx=0 tx=0).connect
2024-02-19T22:15:23.686 INFO:teuthology.orchestra.run.smithi079.stderr:/usr/bin/ceph:
2024-02-19T22:15:23.669+0000 7f259558e700 1 -- --> [v2:172.21.15.79:3300/0,v1:172.21.15.79:6789/0] -- mon_getmap magic: 0 v1 -- 0x7f259010d330 con 0x7f25900703d0
2024-02-19T22:15:23.686 INFO:teuthology.orchestra.run.smithi079.stderr:/usr/bin/ceph:
2024-02-19T22:15:23.669+0000 7f258effd700 1 --2- >> [v2:172.21.15.79:3300/0,v1:172.21.15.79:6789/0] conn(0x7f25900703d0 0x7f259010ce40 unknown :-1 s=BANNER_CONNECTING pgs=0 cs=0 l=1 rev1=0 rx=0 tx=0)._handle_peer_banner_payload supported=1 required=0
2024-02-19T22:15:23.686 INFO:teuthology.orchestra.run.smithi079.stderr:/usr/bin/ceph:
2024-02-19T22:15:23.669+0000 7f258effd700 1 --2- >> [v2:172.21.15.79:3300/0,v1:172.21.15.79:6789/0] conn(0x7f25900703d0 0x7f259010ce40 unknown :-1 s=HELLO_CONNECTING pgs=0 cs=0 l=1 rev1=1 rx=0 tx=0).handle_hello peer v2:172.21.15.79:3300/0 says I am v2:172.21.15.79:42878/0 (socket says 172.21.15.79:42878)
2024-02-19T22:15:23.686 INFO:teuthology.orchestra.run.smithi079.stderr:/usr/bin/ceph:
2024-02-19T22:15:23.669+0000 7f258effd700 1 -- 172.21.15.79:0/3596618482 learned_addr learned my addr 172.21.15.79:0/3596618482 (peer_addr_for_me v2:172.21.15.79:0/0)
2024-02-19T22:15:23.686 INFO:teuthology.orchestra.run.smithi079.stderr:/usr/bin/ceph:
2024-02-19T22:15:23.669+0000 7f258effd700 1 -- 172.21.15.79:0/3596618482 --> [v2:172.21.15.79:3300/0,v1:172.21.15.79:6789/0] -- mon_subscribe({config=0+,monmap=0+}) v3 -- 0x7f258400b200 con 0x7f25900703d0
2024-02-19T22:15:23.686 INFO:teuthology.orchestra.run.smithi079.stderr:/usr/bin/ceph:
2024-02-19T22:15:23.669+0000 7f258effd700 1 --2- 172.21.15.79:0/3596618482 >> [v2:172.21.15.79:3300/0,v1:172.21.15.79:6789/0] conn(0x7f25900703d0 0x7f259010ce40 secure :-1 s=READY pgs=67 cs=0 l=1 rev1=1 rx=0x7f2584006800 tx=0x7f2584006ee0).ready entity=mon.0 client_cookie=0 server_cookie=0 in_seq=0 out_seq=0
2024-02-19T22:15:23.686 INFO:teuthology.orchestra.run.smithi079.stderr:/usr/bin/ceph:
2024-02-19T22:15:23.669+0000 7f25777fe700 1 -- 172.21.15.79:0/3596618482 <== mon.0 v2:172.21.15.79:3300/0 1 ==== mon_map magic: 0 v1 ==== 229+0+0 (secure 0 0 0) 0x7f258401b570 con 0x7f25900703d0
2024-02-19T22:15:23.686 INFO:teuthology.orchestra.run.smithi079.stderr:/usr/bin/ceph:
2024-02-19T22:15:23.669+0000 7f25777fe700 1 -- 172.21.15.79:0/3596618482 <== mon.0 v2:172.21.15.79:3300/0 2 ==== config(26 keys) v1 ==== 1045+0+0 (secure 0 0 0) 0x7f258401bb60 con 0x7f25900703d0
2024-02-19T22:15:23.686 INFO:teuthology.orchestra.run.smithi079.stderr:/usr/bin/ceph:
2024-02-19T22:15:23.669+0000 7f259558e700 1 -- 172.21.15.79:0/3596618482 --> [v2:172.21.15.79:3300/0,v1:172.21.15.79:6789/0] -- mon_subscribe({mgrmap=0+}) v3 -- 0x7f259010d530 con 0x7f25900703d0
2024-02-19T22:15:23.686 INFO:teuthology.orchestra.run.smithi079.stderr:/usr/bin/ceph:
2024-02-19T22:15:23.669+0000 7f25777fe700 1 -- 172.21.15.79:0/3596618482 <== mon.0 v2:172.21.15.79:3300/0 3 ==== mon_map magic: 0 v1 ==== 229+0+0 (secure 0 0 0) 0x7f258401a940 con 0x7f25900703d0
2024-02-19T22:15:23.686 INFO:teuthology.orchestra.run.smithi079.stderr:/usr/bin/ceph:
2024-02-19T22:15:23.669+0000 7f259558e700 1 -- 172.21.15.79:0/3596618482 --> [v2:172.21.15.79:3300/0,v1:172.21.15.79:6789/0] -- mon_subscribe({osdmap=0}) v3 -- 0x7f259010e140 con 0x7f25900703d0
2024-02-19T22:15:23.686 INFO:teuthology.orchestra.run.smithi079.stderr:/usr/bin/ceph:
2024-02-19T22:15:23.670+0000 7f25777fe700 1 -- 172.21.15.79:0/3596618482 <== mon.0 v2:172.21.15.79:3300/0 4 ==== mgrmap(e 12) v1 ==== 36195+0+0 (secure 0 0 0) 0x7f258400f070 con 0x7f25900703d0
2024-02-19T22:15:23.686 INFO:teuthology.orchestra.run.smithi079.stderr:/usr/bin/ceph:
2024-02-19T22:15:23.670+0000 7f25777fe700 1 --2- 172.21.15.79:0/3596618482 >> [v2:172.21.15.79:6800/2993887917,v1:172.21.15.79:6801/2993887917] conn(0x7f257c02ff70 0x7f257c032430 unknown :-1 s=NONE pgs=0 cs=0 l=1 rev1=0 rx=0 tx=0).connect
2024-02-19T22:15:23.687 INFO:teuthology.orchestra.run.smithi079.stderr:/usr/bin/ceph:
2024-02-19T22:15:23.670+0000 7f25777fe700 1 -- 172.21.15.79:0/3596618482 <== mon.0 v2:172.21.15.79:3300/0 5 ==== osd_map(3..3 src has 1..3) v4 ==== 1098+0+0 (secure 0 0 0) 0x7f258401bcd0 con 0x7f25900703d0
2024-02-19T22:15:23.687 INFO:teuthology.orchestra.run.smithi079.stderr:/usr/bin/ceph:
2024-02-19T22:15:23.670+0000 7f258e7fc700 1 --2- 172.21.15.79:0/3596618482 >> [v2:172.21.15.79:6800/2993887917,v1:172.21.15.79:6801/2993887917] conn(0x7f257c02ff70 0x7f257c032430 unknown :-1 s=BANNER_CONNECTING pgs=0 cs=0 l=1 rev1=0 rx=0 tx=0)._handle_peer_banner_payload supported=1 required=0
2024-02-19T22:15:23.687 INFO:teuthology.orchestra.run.smithi079.stderr:/usr/bin/ceph:
2024-02-19T22:15:23.670+0000 7f259558e700 1 -- 172.21.15.79:0/3596618482 --> [v2:172.21.15.79:3300/0,v1:172.21.15.79:6789/0] -- mon_command({"prefix": "get_command_descriptions"} v 0) v1 -- 0x7f2590059100 con 0x7f25900703d0
2024-02-19T22:15:23.687 INFO:teuthology.orchestra.run.smithi079.stderr:/usr/bin/ceph:
2024-02-19T22:15:23.670+0000 7f258e7fc700 1 --2- 172.21.15.79:0/3596618482 >> [v2:172.21.15.79:6800/2993887917,v1:172.21.15.79:6801/2993887917] conn(0x7f257c02ff70 0x7f257c032430 secure :-1 s=READY pgs=11 cs=0 l=1 rev1=1 rx=0x7f25800096a0 tx=0x7f2580006b40).ready entity=mgr.14142 client_cookie=0 server_cookie=0 in_seq=0 out_seq=0
2024-02-19T22:15:23.687 INFO:teuthology.orchestra.run.smithi079.stderr:/usr/bin/ceph:
2024-02-19T22:15:23.674+0000 7f25777fe700 1 -- 172.21.15.79:0/3596618482 <== mon.0 v2:172.21.15.79:3300/0 6 ==== mon_command_ack([{"prefix": "get_command_descriptions"}]=0 v0) v1 ==== 72+0+152212 (secure 0 0 0) 0x7f2584016070 con 0x7f25900703d0
2024-02-19T22:15:23.867 INFO:teuthology.orchestra.run.smithi079.stderr:/usr/bin/ceph:
2024-02-19T22:15:23.866+0000 7f259558e700 1 -- 172.21.15.79:0/3596618482 --> [v2:172.21.15.79:3300/0,v1:172.21.15.79:6789/0] -- mon_command({"prefix": "mgr module enable", "module": "dashboard"} v 0) v1 -- 0x7f2590102020 con 0x7f25900703d0
2024-02-19T22:15:24.266 INFO:teuthology.orchestra.run.smithi079.stderr:/usr/bin/ceph:
2024-02-19T22:15:24.264+0000 7f25777fe700 1 -- 172.21.15.79:0/3596618482 <== mon.0 v2:172.21.15.79:3300/0 7 ==== config(26 keys) v1 ==== 1109+0+0 (secure 0 0 0) 0x7f2584022d70 con 0x7f25900703d0
2024-02-19T22:15:24.317 INFO:teuthology.orchestra.run.smithi079.stderr:/usr/bin/ceph:
2024-02-19T22:15:24.316+0000 7f25777fe700 1 -- 172.21.15.79:0/3596618482 <== mon.0 v2:172.21.15.79:3300/0 8 ==== mgrmap(e 13) v1 ==== 36208+0+0 (secure 0 0 0) 0x7f2584025460 con 0x7f25900703d0
2024-02-19T22:15:24.319 INFO:teuthology.orchestra.run.smithi079.stderr:/usr/bin/ceph:
2024-02-19T22:15:24.318+0000 7f25777fe700 1 -- 172.21.15.79:0/3596618482 <== mon.0 v2:172.21.15.79:3300/0 9 ==== mon_command_ack([{"prefix": "mgr module enable", "module": "dashboard"}]=0 v13) v1 ==== 88+0+0 (secure 0 0 0) 0x7f2584023ab0 con 0x7f25900703d0
2024-02-19T22:15:24.321 INFO:teuthology.orchestra.run.smithi079.stderr:/usr/bin/ceph:
2024-02-19T22:15:24.320+0000 7f259558e700 1 -- 172.21.15.79:0/3596618482 >> [v2:172.21.15.79:6800/2993887917,v1:172.21.15.79:6801/2993887917] conn(0x7f257c02ff70 msgr2=0x7f257c032430 secure :-1 s=STATE_CONNECTION_ESTABLISHED l=1).mark_down
2024-02-19T22:15:24.321 INFO:teuthology.orchestra.run.smithi079.stderr:/usr/bin/ceph:
2024-02-19T22:15:24.320+0000 7f259558e700 1 --2- 172.21.15.79:0/3596618482 >> [v2:172.21.15.79:6800/2993887917,v1:172.21.15.79:6801/2993887917] conn(0x7f257c02ff70 0x7f257c032430 secure :-1 s=READY pgs=11 cs=0 l=1 rev1=1 rx=0x7f25800096a0 tx=0x7f2580006b40).stop
2024-02-19T22:15:24.322 INFO:teuthology.orchestra.run.smithi079.stderr:/usr/bin/ceph:
2024-02-19T22:15:24.320+0000 7f259558e700 1 -- 172.21.15.79:0/3596618482 >> [v2:172.21.15.79:3300/0,v1:172.21.15.79:6789/0] conn(0x7f25900703d0 msgr2=0x7f259010ce40 secure :-1 s=STATE_CONNECTION_ESTABLISHED l=1).mark_down
2024-02-19T22:15:24.322 INFO:teuthology.orchestra.run.smithi079.stderr:/usr/bin/ceph:
2024-02-19T22:15:24.320+0000 7f259558e700 1 --2- 172.21.15.79:0/3596618482 >> [v2:172.21.15.79:3300/0,v1:172.21.15.79:6789/0] conn(0x7f25900703d0 0x7f259010ce40 secure :-1 s=READY pgs=67 cs=0 l=1 rev1=1 rx=0x7f2584006800 tx=0x7f2584006ee0).stop
2024-02-19T22:15:24.324 INFO:teuthology.orchestra.run.smithi079.stderr:/usr/bin/ceph:
2024-02-19T22:15:24.323+0000 7f259558e700 1 -- 172.21.15.79:0/3596618482 shutdown_connections
2024-02-19T22:15:24.324 INFO:teuthology.orchestra.run.smithi079.stderr:/usr/bin/ceph:
2024-02-19T22:15:24.323+0000 7f259558e700 1 --2- 172.21.15.79:0/3596618482 >> [v2:172.21.15.79:6800/2993887917,v1:172.21.15.79:6801/2993887917] conn(0x7f257c02ff70 0x7f257c032430 unknown :-1 s=CLOSED pgs=11 cs=0 l=1 rev1=1 rx=0 tx=0).stop
2024-02-19T22:15:24.324 INFO:teuthology.orchestra.run.smithi079.stderr:/usr/bin/ceph:
2024-02-19T22:15:24.323+0000 7f259558e700 1 --2- 172.21.15.79:0/3596618482 >> [v2:172.21.15.79:3300/0,v1:172.21.15.79:6789/0] conn(0x7f25900703d0 0x7f259010ce40 unknown :-1 s=CLOSED pgs=67 cs=0 l=1 rev1=1 rx=0 tx=0).stop
2024-02-19T22:15:24.324 INFO:teuthology.orchestra.run.smithi079.stderr:/usr/bin/ceph:
2024-02-19T22:15:24.323+0000 7f259558e700 1 -- 172.21.15.79:0/3596618482 >> 172.21.15.79:0/3596618482 conn(0x7f25900f6530 msgr2=0x7f25900f7f50 unknown :-1 s=STATE_NONE l=0).mark_down
2024-02-19T22:15:24.324 INFO:teuthology.orchestra.run.smithi079.stderr:/usr/bin/ceph:
2024-02-19T22:15:24.323+0000 7f259558e700 1 -- 172.21.15.79:0/3596618482 shutdown_connections
2024-02-19T22:15:24.325 INFO:teuthology.orchestra.run.smithi079.stderr:/usr/bin/ceph:
2024-02-19T22:15:24.323+0000 7f259558e700 1 -- 172.21.15.79:0/3596618482 wait complete.
2024-02-19T22:15:24.656 INFO:journalctl@ceph.mon.smithi079.smithi079.stdout:Feb 19 22:15:24 smithi079 ceph-2db841b8-cf74-11ee-95bb-87774f69a715-mon.smithi079[38073]: audit
2024-02-19T22:15:23.866718+0000 mon.smithi079 (mon.0) 84 : audit [INF] from='client.? 172.21.15.79:0/3596618482' entity='client.admin' cmd=[{"prefix": "mgr module enable", "module": "dashboard"}]: dispatch
2024-02-19T22:15:24.656 INFO:journalctl@ceph.mon.smithi079.smithi079.stdout:Feb 19 22:15:24 smithi079 ceph-2db841b8-cf74-11ee-95bb-87774f69a715-mon.smithi079[38073]: audit
2024-02-19T22:15:24.265222+0000 mon.smithi079 (mon.0) 85 : audit [INF] from='mgr.14142 172.21.15.79:0/1608825414' entity='mgr.smithi079.gxfuwy'
2024-02-19T22:15:24.964 INFO:teuthology.orchestra.run.smithi079.stderr:Running command: /bin/podman run --rm --ipc=host --no-hosts --net=host --entrypoint /usr/bin/ceph --init -e CONTAINER_IMAGE=docker.io/ceph/ceph:v16.2.4 -e NODE_NAME=smithi079 -e CEPH_USE_RANDOM_NONCE=1 -v /var/log/ceph/2db841b8-cf74-11ee-95bb-87774f69a715:/var/log/ceph:z -v /tmp/ceph-tmpc9hvc7sa:/etc/ceph/ceph.client.admin.keyring:z -v /tmp/ceph-tmpg7auwlkr:/etc/ceph/ceph.conf:z docker.io/ceph/ceph:v16.2.4 mgr stat
2024-02-19T22:15:25.478 INFO:teuthology.orchestra.run.smithi079.stderr:/usr/bin/ceph:
2024-02-19T22:15:25.475+0000 7f39e6676700 1 Processor -- start
2024-02-19T22:15:25.479 INFO:teuthology.orchestra.run.smithi079.stderr:/usr/bin/ceph:
2024-02-19T22:15:25.475+0000 7f39e6676700 1 -- start start
2024-02-19T22:15:25.479 INFO:teuthology.orchestra.run.smithi079.stderr:/usr/bin/ceph:
2024-02-19T22:15:25.475+0000 7f39e6676700 1 --2- >> [v2:172.21.15.79:3300/0,v1:172.21.15.79:6789/0] conn(0x7f39e00703f0 0x7f39e00fea90 unknown :-1 s=NONE pgs=0 cs=0 l=0 rev1=0 rx=0 tx=0).connect
2024-02-19T22:15:25.479 INFO:teuthology.orchestra.run.smithi079.stderr:/usr/bin/ceph:
2024-02-19T22:15:25.475+0000 7f39e6676700 1 -- --> [v2:172.21.15.79:3300/0,v1:172.21.15.79:6789/0] -- mon_getmap magic: 0 v1 -- 0x7f39e00fef80 con 0x7f39e00703f0
2024-02-19T22:15:25.479 INFO:teuthology.orchestra.run.smithi079.stderr:/usr/bin/ceph:
2024-02-19T22:15:25.476+0000 7f39dffff700 1 --2- >> [v2:172.21.15.79:3300/0,v1:172.21.15.79:6789/0] conn(0x7f39e00703f0 0x7f39e00fea90 unknown :-1 s=BANNER_CONNECTING pgs=0 cs=0 l=0 rev1=0 rx=0 tx=0)._handle_peer_banner_payload supported=1 required=0
2024-02-19T22:15:25.479 INFO:teuthology.orchestra.run.smithi079.stderr:/usr/bin/ceph:
2024-02-19T22:15:25.476+0000 7f39dffff700 1 --2- >> [v2:172.21.15.79:3300/0,v1:172.21.15.79:6789/0] conn(0x7f39e00703f0 0x7f39e00fea90 unknown :-1 s=HELLO_CONNECTING pgs=0 cs=0 l=0 rev1=1 rx=0 tx=0).handle_hello peer v2:172.21.15.79:3300/0 says I am v2:172.21.15.79:49070/0 (socket says 172.21.15.79:49070)
2024-02-19T22:15:25.479 INFO:teuthology.orchestra.run.smithi079.stderr:/usr/bin/ceph:
2024-02-19T22:15:25.476+0000 7f39dffff700 1 -- 172.21.15.79:0/3511094436 learned_addr learned my addr 172.21.15.79:0/3511094436 (peer_addr_for_me v2:172.21.15.79:0/0)
2024-02-19T22:15:25.479 INFO:teuthology.orchestra.run.smithi079.stderr:/usr/bin/ceph:
2024-02-19T22:15:25.476+0000 7f39dffff700 1 -- 172.21.15.79:0/3511094436 --> [v2:172.21.15.79:3300/0,v1:172.21.15.79:6789/0] -- mon_subscribe({config=0+,monmap=0+}) v3 -- 0x7f39e00ff0c0 con 0x7f39e00703f0
2024-02-19T22:15:25.479 INFO:teuthology.orchestra.run.smithi079.stderr:/usr/bin/ceph:
2024-02-19T22:15:25.476+0000 7f39dffff700 1 --2- 172.21.15.79:0/3511094436 >> [v2:172.21.15.79:3300/0,v1:172.21.15.79:6789/0] conn(0x7f39e00703f0 0x7f39e00fea90 secure :-1 s=READY pgs=70 cs=0 l=1 rev1=1 rx=0x7f39d000b5f0 tx=0x7f39d0006ee0).ready entity=mon.0 client_cookie=442efbfd40889aab server_cookie=0 in_seq=0 out_seq=0
2024-02-19T22:15:25.479 INFO:teuthology.orchestra.run.smithi079.stderr:/usr/bin/ceph:
2024-02-19T22:15:25.476+0000 7f39deffd700 1 -- 172.21.15.79:0/3511094436 <== mon.0 v2:172.21.15.79:3300/0 1 ==== mon_map magic: 0 v1 ==== 229+0+0 (secure 0 0 0) 0x7f39d000d600 con 0x7f39e00703f0
2024-02-19T22:15:25.479 INFO:teuthology.orchestra.run.smithi079.stderr:/usr/bin/ceph:
2024-02-19T22:15:25.476+0000 7f39deffd700 1 -- 172.21.15.79:0/3511094436 <== mon.0 v2:172.21.15.79:3300/0 2 ==== config(26 keys) v1 ==== 1109+0+0 (secure 0 0 0) 0x7f39d000dc30 con 0x7f39e00703f0
2024-02-19T22:15:25.479 INFO:teuthology.orchestra.run.smithi079.stderr:/usr/bin/ceph:
2024-02-19T22:15:25.476+0000 7f39deffd700 1 -- 172.21.15.79:0/3511094436 <== mon.0 v2:172.21.15.79:3300/0 3 ==== mon_map magic: 0 v1 ==== 229+0+0 (secure 0 0 0) 0x7f39d0011d60 con 0x7f39e00703f0
2024-02-19T22:15:25.479 INFO:teuthology.orchestra.run.smithi079.stderr:/usr/bin/ceph:
2024-02-19T22:15:25.477+0000 7f39e6676700 1 -- 172.21.15.79:0/3511094436 >> [v2:172.21.15.79:3300/0,v1:172.21.15.79:6789/0] conn(0x7f39e00703f0 msgr2=0x7f39e00fea90 secure :-1 s=STATE_CONNECTION_ESTABLISHED l=1).mark_down
2024-02-19T22:15:25.479 INFO:teuthology.orchestra.run.smithi079.stderr:/usr/bin/ceph:
2024-02-19T22:15:25.477+0000 7f39e6676700 1 --2- 172.21.15.79:0/3511094436 >> [v2:172.21.15.79:3300/0,v1:172.21.15.79:6789/0] conn(0x7f39e00703f0 0x7f39e00fea90 secure :-1 s=READY pgs=70 cs=0 l=1 rev1=1 rx=0x7f39d000b5f0 tx=0x7f39d0006ee0).stop
2024-02-19T22:15:25.481 INFO:teuthology.orchestra.run.smithi079.stderr:/usr/bin/ceph:
2024-02-19T22:15:25.477+0000 7f39e6676700 1 -- 172.21.15.79:0/3511094436 shutdown_connections
2024-02-19T22:15:25.481 INFO:teuthology.orchestra.run.smithi079.stderr:/usr/bin/ceph:
2024-02-19T22:15:25.477+0000 7f39e6676700 1 --2- 172.21.15.79:0/3511094436 >> [v2:172.21.15.79:3300/0,v1:172.21.15.79:6789/0] conn(0x7f39e00703f0 0x7f39e00fea90 unknown :-1 s=CLOSED pgs=70 cs=0 l=1 rev1=1 rx=0 tx=0).stop
2024-02-19T22:15:25.481 INFO:teuthology.orchestra.run.smithi079.stderr:/usr/bin/ceph:
2024-02-19T22:15:25.477+0000 7f39e6676700 1 -- 172.21.15.79:0/3511094436 >> 172.21.15.79:0/3511094436 conn(0x7f39e00f6530 msgr2=0x7f39e00f8950 unknown :-1 s=STATE_NONE l=0).mark_down
2024-02-19T22:15:25.482 INFO:teuthology.orchestra.run.smithi079.stderr:/usr/bin/ceph:
2024-02-19T22:15:25.477+0000 7f39e6676700 1 -- 172.21.15.79:0/3511094436 shutdown_connections
2024-02-19T22:15:25.482 INFO:teuthology.orchestra.run.smithi079.stderr:/usr/bin/ceph:
2024-02-19T22:15:25.477+0000 7f39e6676700 1 -- 172.21.15.79:0/3511094436 wait complete.
2024-02-19T22:15:25.482 INFO:teuthology.orchestra.run.smithi079.stderr:/usr/bin/ceph:
2024-02-19T22:15:25.477+0000 7f39e6676700 1 Processor -- start
2024-02-19T22:15:25.482 INFO:teuthology.orchestra.run.smithi079.stderr:/usr/bin/ceph:
2024-02-19T22:15:25.478+0000 7f39e6676700 1 -- start start
2024-02-19T22:15:25.482 INFO:teuthology.orchestra.run.smithi079.stderr:/usr/bin/ceph:
2024-02-19T22:15:25.478+0000 7f39e6676700 1 --2- >> [v2:172.21.15.79:3300/0,v1:172.21.15.79:6789/0] conn(0x7f39e00703f0 0x7f39e00fc510 unknown :-1 s=NONE pgs=0 cs=0 l=1 rev1=0 rx=0 tx=0).connect
2024-02-19T22:15:25.482 INFO:teuthology.orchestra.run.smithi079.stderr:/usr/bin/ceph:
2024-02-19T22:15:25.478+0000 7f39e6676700 1 -- --> [v2:172.21.15.79:3300/0,v1:172.21.15.79:6789/0] -- mon_getmap magic: 0 v1 -- 0x7f39e00fa990 con 0x7f39e00703f0
2024-02-19T22:15:25.482 INFO:teuthology.orchestra.run.smithi079.stderr:/usr/bin/ceph:
2024-02-19T22:15:25.478+0000 7f39dffff700 1 --2- >> [v2:172.21.15.79:3300/0,v1:172.21.15.79:6789/0] conn(0x7f39e00703f0 0x7f39e00fc510 unknown :-1 s=BANNER_CONNECTING pgs=0 cs=0 l=1 rev1=0 rx=0 tx=0)._handle_peer_banner_payload supported=1 required=0
2024-02-19T22:15:25.482 INFO:teuthology.orchestra.run.smithi079.stderr:/usr/bin/ceph:
2024-02-19T22:15:25.478+0000 7f39dffff700 1 --2- >> [v2:172.21.15.79:3300/0,v1:172.21.15.79:6789/0] conn(0x7f39e00703f0 0x7f39e00fc510 unknown :-1 s=HELLO_CONNECTING pgs=0 cs=0 l=1 rev1=1 rx=0 tx=0).handle_hello peer v2:172.21.15.79:3300/0 says I am v2:172.21.15.79:49080/0 (socket says 172.21.15.79:49080)
2024-02-19T22:15:25.482 INFO:teuthology.orchestra.run.smithi079.stderr:/usr/bin/ceph:
2024-02-19T22:15:25.478+0000 7f39dffff700 1 -- 172.21.15.79:0/2800646190 learned_addr learned my addr 172.21.15.79:0/2800646190 (peer_addr_for_me v2:172.21.15.79:0/0)
2024-02-19T22:15:25.482 INFO:teuthology.orchestra.run.smithi079.stderr:/usr/bin/ceph:
2024-02-19T22:15:25.478+0000 7f39dffff700 1 -- 172.21.15.79:0/2800646190 --> [v2:172.21.15.79:3300/0,v1:172.21.15.79:6789/0] -- mon_subscribe({config=0+,monmap=0+}) v3 -- 0x7f39d000b200 con 0x7f39e00703f0
2024-02-19T22:15:25.482 INFO:teuthology.orchestra.run.smithi079.stderr:/usr/bin/ceph:
2024-02-19T22:15:25.478+0000 7f39dffff700 1 --2- 172.21.15.79:0/2800646190 >> [v2:172.21.15.79:3300/0,v1:172.21.15.79:6789/0] conn(0x7f39e00703f0 0x7f39e00fc510 secure :-1 s=READY pgs=71 cs=0 l=1 rev1=1 rx=0x7f39d0006b80 tx=0x7f39d0006ee0).ready entity=mon.0 client_cookie=0 server_cookie=0 in_seq=0 out_seq=0
2024-02-19T22:15:25.482 INFO:teuthology.orchestra.run.smithi079.stderr:/usr/bin/ceph:
2024-02-19T22:15:25.478+0000 7f39dcff9700 1 -- 172.21.15.79:0/2800646190 <== mon.0 v2:172.21.15.79:3300/0 1 ==== mon_map magic: 0 v1 ==== 229+0+0 (secure 0 0 0) 0x7f39d0011e10 con 0x7f39e00703f0
2024-02-19T22:15:25.482 INFO:teuthology.orchestra.run.smithi079.stderr:/usr/bin/ceph:
2024-02-19T22:15:25.478+0000 7f39dcff9700 1 -- 172.21.15.79:0/2800646190 <== mon.0 v2:172.21.15.79:3300/0 2 ==== config(26 keys) v1 ==== 1109+0+0 (secure 0 0 0) 0x7f39d0011610 con 0x7f39e00703f0
2024-02-19T22:15:25.483 INFO:teuthology.orchestra.run.smithi079.stderr:/usr/bin/ceph:
2024-02-19T22:15:25.478+0000 7f39e6676700 1 -- 172.21.15.79:0/2800646190 --> [v2:172.21.15.79:3300/0,v1:172.21.15.79:6789/0] -- mon_subscribe({mgrmap=0+}) v3 -- 0x7f39e00fab30 con 0x7f39e00703f0
2024-02-19T22:15:25.483 INFO:teuthology.orchestra.run.smithi079.stderr:/usr/bin/ceph:
2024-02-19T22:15:25.478+0000 7f39dcff9700 1 -- 172.21.15.79:0/2800646190 <== mon.0 v2:172.21.15.79:3300/0 3 ==== mon_map magic: 0 v1 ==== 229+0+0 (secure 0 0 0) 0x7f39d001a7b0 con 0x7f39e00703f0
2024-02-19T22:15:25.483 INFO:teuthology.orchestra.run.smithi079.stderr:/usr/bin/ceph:
2024-02-19T22:15:25.478+0000 7f39e6676700 1 -- 172.21.15.79:0/2800646190 --> [v2:172.21.15.79:3300/0,v1:172.21.15.79:6789/0] -- mon_subscribe({osdmap=0}) v3 -- 0x7f39e00fafc0 con 0x7f39e00703f0
2024-02-19T22:15:25.483 INFO:teuthology.orchestra.run.smithi079.stderr:/usr/bin/ceph:
2024-02-19T22:15:25.479+0000 7f39dcff9700 1 -- 172.21.15.79:0/2800646190 <== mon.0 v2:172.21.15.79:3300/0 4 ==== mgrmap(e 13) v1 ==== 36208+0+0 (secure 0 0 0) 0x7f39d000f070 con 0x7f39e00703f0
2024-02-19T22:15:25.483 INFO:teuthology.orchestra.run.smithi079.stderr:/usr/bin/ceph:
2024-02-19T22:15:25.479+0000 7f39e6676700 1 -- 172.21.15.79:0/2800646190 --> [v2:172.21.15.79:3300/0,v1:172.21.15.79:6789/0] -- mon_command({"prefix": "get_command_descriptions"} v 0) v1 -- 0x7f39e0045ad0 con 0x7f39e00703f0
2024-02-19T22:15:25.483 INFO:teuthology.orchestra.run.smithi079.stderr:/usr/bin/ceph:
2024-02-19T22:15:25.479+0000 7f39dcff9700 1 --2- 172.21.15.79:0/2800646190 >> [v2:172.21.15.79:6800/2993887917,v1:172.21.15.79:6801/2993887917] conn(0x7f39cc02ff70 0x7f39cc032430 unknown :-1 s=NONE pgs=0 cs=0 l=1 rev1=0 rx=0 tx=0).connect
2024-02-19T22:15:25.483 INFO:teuthology.orchestra.run.smithi079.stderr:/usr/bin/ceph:
2024-02-19T22:15:25.480+0000 7f39dcff9700 1 -- 172.21.15.79:0/2800646190 <== mon.0 v2:172.21.15.79:3300/0 5 ==== osd_map(3..3 src has 1..3) v4 ==== 1098+0+0 (secure 0 0 0) 0x7f39d001bd80 con 0x7f39e00703f0
2024-02-19T22:15:25.483 INFO:teuthology.orchestra.run.smithi079.stderr:/usr/bin/ceph:
2024-02-19T22:15:25.480+0000 7f39df7fe700 1 -- 172.21.15.79:0/2800646190 >> [v2:172.21.15.79:6800/2993887917,v1:172.21.15.79:6801/2993887917] conn(0x7f39cc02ff70 msgr2=0x7f39cc032430 unknown :-1 s=STATE_CONNECTING_RE l=1).process reconnect failed to v2:172.21.15.79:6800/2993887917
2024-02-19T22:15:25.483 INFO:teuthology.orchestra.run.smithi079.stderr:/usr/bin/ceph:
2024-02-19T22:15:25.480+0000 7f39df7fe700 1 --2- 172.21.15.79:0/2800646190 >> [v2:172.21.15.79:6800/2993887917,v1:172.21.15.79:6801/2993887917] conn(0x7f39cc02ff70 0x7f39cc032430 unknown :-1 s=START_CONNECT pgs=0 cs=0 l=1 rev1=0 rx=0 tx=0)._fault waiting 0.200000
2024-02-19T22:15:25.485 INFO:teuthology.orchestra.run.smithi079.stderr:/usr/bin/ceph:
2024-02-19T22:15:25.484+0000 7f39dcff9700 1 -- 172.21.15.79:0/2800646190 <== mon.0 v2:172.21.15.79:3300/0 6 ==== mon_command_ack([{"prefix": "get_command_descriptions"}]=0 v0) v1 ==== 72+0+152212 (secure 0 0 0) 0x7f39d00107d0 con 0x7f39e00703f0
2024-02-19T22:15:25.682 INFO:teuthology.orchestra.run.smithi079.stderr:/usr/bin/ceph:
2024-02-19T22:15:25.681+0000 7f39df7fe700 1 -- 172.21.15.79:0/2800646190 >> [v2:172.21.15.79:6800/2993887917,v1:172.21.15.79:6801/2993887917] conn(0x7f39cc02ff70 msgr2=0x7f39cc032430 unknown :-1 s=STATE_CONNECTING_RE l=1).process reconnect failed to v2:172.21.15.79:6800/2993887917
2024-02-19T22:15:25.682 INFO:teuthology.orchestra.run.smithi079.stderr:/usr/bin/ceph:
2024-02-19T22:15:25.681+0000 7f39df7fe700 1 --2- 172.21.15.79:0/2800646190 >> [v2:172.21.15.79:6800/2993887917,v1:172.21.15.79:6801/2993887917] conn(0x7f39cc02ff70 0x7f39cc032430 unknown :-1 s=START_CONNECT pgs=0 cs=0 l=1 rev1=0 rx=0 tx=0)._fault waiting 0.400000
2024-02-19T22:15:25.715 INFO:teuthology.orchestra.run.smithi079.stderr:/usr/bin/ceph:
2024-02-19T22:15:25.713+0000 7f39e6676700 1 -- 172.21.15.79:0/2800646190 --> [v2:172.21.15.79:3300/0,v1:172.21.15.79:6789/0] -- mon_command({"prefix": "mgr stat"} v 0) v1 -- 0x7f39e0110b90 con 0x7f39e00703f0
2024-02-19T22:15:25.715 INFO:teuthology.orchestra.run.smithi079.stderr:/usr/bin/ceph:
2024-02-19T22:15:25.713+0000 7f39dcff9700 1 -- 172.21.15.79:0/2800646190 <== mon.0 v2:172.21.15.79:3300/0 7 ==== mon_command_ack([{"prefix": "mgr stat"}]=0 v13) v1 ==== 56+0+104 (secure 0 0 0) 0x7f39d0016030 con 0x7f39e00703f0
2024-02-19T22:15:25.715 INFO:teuthology.orchestra.run.smithi079.stderr:/usr/bin/ceph: {
2024-02-19T22:15:25.715 INFO:teuthology.orchestra.run.smithi079.stderr:/usr/bin/ceph: "epoch": 13,
2024-02-19T22:15:25.715 INFO:teuthology.orchestra.run.smithi079.stderr:/usr/bin/ceph: "available": true,
2024-02-19T22:15:25.715 INFO:teuthology.orchestra.run.smithi079.stderr:/usr/bin/ceph: "active_name": "smithi079.gxfuwy",
2024-02-19T22:15:25.715 INFO:teuthology.orchestra.run.smithi079.stderr:/usr/bin/ceph: "num_standby": 0
2024-02-19T22:15:25.715 INFO:teuthology.orchestra.run.smithi079.stderr:/usr/bin/ceph: }
2024-02-19T22:15:25.717 INFO:teuthology.orchestra.run.smithi079.stderr:/usr/bin/ceph:
2024-02-19T22:15:25.715+0000 7f39e6676700 1 -- 172.21.15.79:0/2800646190 >> [v2:172.21.15.79:6800/2993887917,v1:172.21.15.79:6801/2993887917] conn(0x7f39cc02ff70 msgr2=0x7f39cc032430 unknown :-1 s=STATE_CONNECTING l=1).mark_down
2024-02-19T22:15:25.717 INFO:teuthology.orchestra.run.smithi079.stderr:/usr/bin/ceph:
2024-02-19T22:15:25.715+0000 7f39e6676700 1 --2- 172.21.15.79:0/2800646190 >> [v2:172.21.15.79:6800/2993887917,v1:172.21.15.79:6801/2993887917] conn(0x7f39cc02ff70 0x7f39cc032430 unknown :-1 s=START_CONNECT pgs=0 cs=0 l=1 rev1=0 rx=0 tx=0).stop
2024-02-19T22:15:25.717 INFO:teuthology.orchestra.run.smithi079.stderr:/usr/bin/ceph:
2024-02-19T22:15:25.715+0000 7f39e6676700 1 -- 172.21.15.79:0/2800646190 >> [v2:172.21.15.79:3300/0,v1:172.21.15.79:6789/0] conn(0x7f39e00703f0 msgr2=0x7f39e00fc510 secure :-1 s=STATE_CONNECTION_ESTABLISHED l=1).mark_down
2024-02-19T22:15:25.717 INFO:teuthology.orchestra.run.smithi079.stderr:/usr/bin/ceph:
2024-02-19T22:15:25.715+0000 7f39e6676700 1 --2- 172.21.15.79:0/2800646190 >> [v2:172.21.15.79:3300/0,v1:172.21.15.79:6789/0] conn(0x7f39e00703f0 0x7f39e00fc510 secure :-1 s=READY pgs=71 cs=0 l=1 rev1=1 rx=0x7f39d0006b80 tx=0x7f39d0006ee0).stop
2024-02-19T22:15:25.717 INFO:teuthology.orchestra.run.smithi079.stderr:/usr/bin/ceph:
2024-02-19T22:15:25.715+0000 7f39e6676700 1 -- 172.21.15.79:0/2800646190 shutdown_connections
2024-02-19T22:15:25.717 INFO:teuthology.orchestra.run.smithi079.stderr:/usr/bin/ceph:
2024-02-19T22:15:25.715+0000 7f39e6676700 1 --2- 172.21.15.79:0/2800646190 >> [v2:172.21.15.79:6800/2993887917,v1:172.21.15.79:6801/2993887917] conn(0x7f39cc02ff70 0x7f39cc032430 unknown :-1 s=CLOSED pgs=0 cs=0 l=1 rev1=0 rx=0 tx=0).stop
2024-02-19T22:15:25.717 INFO:teuthology.orchestra.run.smithi079.stderr:/usr/bin/ceph:
2024-02-19T22:15:25.715+0000 7f39e6676700 1 --2- 172.21.15.79:0/2800646190 >> [v2:172.21.15.79:3300/0,v1:172.21.15.79:6789/0] conn(0x7f39e00703f0 0x7f39e00fc510 unknown :-1 s=CLOSED pgs=71 cs=0 l=1 rev1=1 rx=0 tx=0).stop
2024-02-19T22:15:25.717 INFO:teuthology.orchestra.run.smithi079.stderr:/usr/bin/ceph:
2024-02-19T22:15:25.715+0000 7f39e6676700 1 -- 172.21.15.79:0/2800646190 >> 172.21.15.79:0/2800646190 conn(0x7f39e00f6530 msgr2=0x7f39e00f7ec0 unknown :-1 s=STATE_NONE l=0).mark_down
2024-02-19T22:15:25.717 INFO:teuthology.orchestra.run.smithi079.stderr:/usr/bin/ceph:
2024-02-19T22:15:25.715+0000 7f39e6676700 1 -- 172.21.15.79:0/2800646190 shutdown_connections
2024-02-19T22:15:25.717 INFO:teuthology.orchestra.run.smithi079.stderr:/usr/bin/ceph:
2024-02-19T22:15:25.715+0000 7f39e6676700 1 -- 172.21.15.79:0/2800646190 wait complete.
2024-02-19T22:15:25.718 INFO:journalctl@ceph.mon.smithi079.smithi079.stdout:Feb 19 22:15:25 smithi079 ceph-2db841b8-cf74-11ee-95bb-87774f69a715-mon.smithi079[38073]: audit
2024-02-19T22:15:24.318582+0000 mon.smithi079 (mon.0) 86 : audit [INF] from='client.? 172.21.15.79:0/3596618482' entity='client.admin' cmd='[{"prefix": "mgr module enable", "module": "dashboard"}]': finished
2024-02-19T22:15:25.718 INFO:journalctl@ceph.mon.smithi079.smithi079.stdout:Feb 19 22:15:25 smithi079 ceph-2db841b8-cf74-11ee-95bb-87774f69a715-mon.smithi079[38073]: cluster
2024-02-19T22:15:24.318648+0000 mon.smithi079 (mon.0) 87 : cluster [DBG] mgrmap e13: smithi079.gxfuwy(active, since 9s)
2024-02-19T22:15:26.204 INFO:teuthology.orchestra.run.smithi079.stderr:Waiting for the mgr to restart...
2024-02-19T22:15:26.204 INFO:teuthology.orchestra.run.smithi079.stderr:Waiting for mgr epoch 13...
2024-02-19T22:15:26.204 INFO:teuthology.orchestra.run.smithi079.stderr:Running command: /bin/podman run --rm --ipc=host --no-hosts --net=host --entrypoint /usr/bin/ceph --init -e CONTAINER_IMAGE=docker.io/ceph/ceph:v16.2.4 -e NODE_NAME=smithi079 -e CEPH_USE_RANDOM_NONCE=1 -v /var/log/ceph/2db841b8-cf74-11ee-95bb-87774f69a715:/var/log/ceph:z -v /tmp/ceph-tmpc9hvc7sa:/etc/ceph/ceph.client.admin.keyring:z -v /tmp/ceph-tmpg7auwlkr:/etc/ceph/ceph.conf:z docker.io/ceph/ceph:v16.2.4 tell mgr mgr_status
2024-02-19T22:15:26.718 INFO:journalctl@ceph.mon.smithi079.smithi079.stdout:Feb 19 22:15:26 smithi079 ceph-2db841b8-cf74-11ee-95bb-87774f69a715-mon.smithi079[38073]: audit
2024-02-19T22:15:25.713744+0000 mon.smithi079 (mon.0) 88 : audit [DBG] from='client.? 172.21.15.79:0/2800646190' entity='client.admin' cmd=[{"prefix": "mgr stat"}]: dispatch
2024-02-19T22:15:26.761 INFO:teuthology.orchestra.run.smithi079.stderr:/usr/bin/ceph:
2024-02-19T22:15:26.758+0000 7fa5ca11b700 1 Processor -- start
2024-02-19T22:15:26.761 INFO:teuthology.orchestra.run.smithi079.stderr:/usr/bin/ceph:
2024-02-19T22:15:26.759+0000 7fa5ca11b700 1 -- start start
2024-02-19T22:15:26.761 INFO:teuthology.orchestra.run.smithi079.stderr:/usr/bin/ceph:
2024-02-19T22:15:26.759+0000 7fa5ca11b700 1 --2- >> [v2:172.21.15.79:3300/0,v1:172.21.15.79:6789/0] conn(0x7fa5c40703f0 0x7fa5c4100e90 unknown :-1 s=NONE pgs=0 cs=0 l=0 rev1=0 rx=0 tx=0).connect
2024-02-19T22:15:26.762 INFO:teuthology.orchestra.run.smithi079.stderr:/usr/bin/ceph:
2024-02-19T22:15:26.759+0000 7fa5ca11b700 1 -- --> [v2:172.21.15.79:3300/0,v1:172.21.15.79:6789/0] -- mon_getmap magic: 0 v1 -- 0x7fa5c40fc880 con 0x7fa5c40703f0
2024-02-19T22:15:26.762 INFO:teuthology.orchestra.run.smithi079.stderr:/usr/bin/ceph:
2024-02-19T22:15:26.759+0000 7fa5c37fe700 1 --2- >> [v2:172.21.15.79:3300/0,v1:172.21.15.79:6789/0] conn(0x7fa5c40703f0 0x7fa5c4100e90 unknown :-1 s=BANNER_CONNECTING pgs=0 cs=0 l=0 rev1=0 rx=0 tx=0)._handle_peer_banner_payload supported=1 required=0
2024-02-19T22:15:26.762 INFO:teuthology.orchestra.run.smithi079.stderr:/usr/bin/ceph:
2024-02-19T22:15:26.759+0000 7fa5c37fe700 1 --2- >> [v2:172.21.15.79:3300/0,v1:172.21.15.79:6789/0] conn(0x7fa5c40703f0 0x7fa5c4100e90 unknown :-1 s=HELLO_CONNECTING pgs=0 cs=0 l=0 rev1=1 rx=0 tx=0).handle_hello peer v2:172.21.15.79:3300/0 says I am v2:172.21.15.79:49094/0 (socket says 172.21.15.79:49094)
2024-02-19T22:15:26.762 INFO:teuthology.orchestra.run.smithi079.stderr:/usr/bin/ceph:
2024-02-19T22:15:26.759+0000 7fa5c37fe700 1 -- 172.21.15.79:0/1925702462 learned_addr learned my addr 172.21.15.79:0/1925702462 (peer_addr_for_me v2:172.21.15.79:0/0)
2024-02-19T22:15:26.762 INFO:teuthology.orchestra.run.smithi079.stderr:/usr/bin/ceph:
2024-02-19T22:15:26.759+0000 7fa5c37fe700 1 -- 172.21.15.79:0/1925702462 --> [v2:172.21.15.79:3300/0,v1:172.21.15.79:6789/0] -- mon_subscribe({config=0+,monmap=0+}) v3 -- 0x7fa5c4101380 con 0x7fa5c40703f0
2024-02-19T22:15:26.762 INFO:teuthology.orchestra.run.smithi079.stderr:/usr/bin/ceph:
2024-02-19T22:15:26.759+0000 7fa5c37fe700 1 --2- 172.21.15.79:0/1925702462 >> [v2:172.21.15.79:3300/0,v1:172.21.15.79:6789/0] conn(0x7fa5c40703f0 0x7fa5c4100e90 secure :-1 s=READY pgs=72 cs=0 l=1 rev1=1 rx=0x7fa5b400b5f0 tx=0x7fa5b4006ee0).ready entity=mon.0 client_cookie=e13655c5679c5317 server_cookie=0 in_seq=0 out_seq=0
2024-02-19T22:15:26.762 INFO:teuthology.orchestra.run.smithi079.stderr:/usr/bin/ceph:
2024-02-19T22:15:26.759+0000 7fa5c27fc700 1 -- 172.21.15.79:0/1925702462 <== mon.0 v2:172.21.15.79:3300/0 1 ==== mon_map magic: 0 v1 ==== 229+0+0 (secure 0 0 0) 0x7fa5b400d600 con 0x7fa5c40703f0
2024-02-19T22:15:26.762 INFO:teuthology.orchestra.run.smithi079.stderr:/usr/bin/ceph:
2024-02-19T22:15:26.760+0000 7fa5c27fc700 1 -- 172.21.15.79:0/1925702462 <== mon.0 v2:172.21.15.79:3300/0 2 ==== config(26 keys) v1 ==== 1109+0+0 (secure 0 0 0) 0x7fa5b400dc30 con 0x7fa5c40703f0
2024-02-19T22:15:26.763 INFO:teuthology.orchestra.run.smithi079.stderr:/usr/bin/ceph:
2024-02-19T22:15:26.760+0000 7fa5c27fc700 1 -- 172.21.15.79:0/1925702462 <== mon.0 v2:172.21.15.79:3300/0 3 ==== mon_map magic: 0 v1 ==== 229+0+0 (secure 0 0 0) 0x7fa5b4011d60 con 0x7fa5c40703f0
2024-02-19T22:15:26.764 INFO:teuthology.orchestra.run.smithi079.stderr:/usr/bin/ceph:
2024-02-19T22:15:26.760+0000 7fa5ca11b700 1 -- 172.21.15.79:0/1925702462 >> [v2:172.21.15.79:3300/0,v1:172.21.15.79:6789/0] conn(0x7fa5c40703f0 msgr2=0x7fa5c4100e90 secure :-1 s=STATE_CONNECTION_ESTABLISHED l=1).mark_down
2024-02-19T22:15:26.764 INFO:teuthology.orchestra.run.smithi079.stderr:/usr/bin/ceph:
2024-02-19T22:15:26.760+0000 7fa5ca11b700 1 --2- 172.21.15.79:0/1925702462 >> [v2:172.21.15.79:3300/0,v1:172.21.15.79:6789/0] conn(0x7fa5c40703f0 0x7fa5c4100e90 secure :-1 s=READY pgs=72 cs=0 l=1 rev1=1 rx=0x7fa5b400b5f0 tx=0x7fa5b4006ee0).stop
2024-02-19T22:15:26.764 INFO:teuthology.orchestra.run.smithi079.stderr:/usr/bin/ceph:
2024-02-19T22:15:26.760+0000 7fa5ca11b700 1 -- 172.21.15.79:0/1925702462 shutdown_connections
2024-02-19T22:15:26.764 INFO:teuthology.orchestra.run.smithi079.stderr:/usr/bin/ceph:
2024-02-19T22:15:26.760+0000 7fa5ca11b700 1 --2- 172.21.15.79:0/1925702462 >> [v2:172.21.15.79:3300/0,v1:172.21.15.79:6789/0] conn(0x7fa5c40703f0 0x7fa5c4100e90 unknown :-1 s=CLOSED pgs=72 cs=0 l=1 rev1=1 rx=0 tx=0).stop
2024-02-19T22:15:26.764 INFO:teuthology.orchestra.run.smithi079.stderr:/usr/bin/ceph:
2024-02-19T22:15:26.760+0000 7fa5ca11b700 1 -- 172.21.15.79:0/1925702462 >> 172.21.15.79:0/1925702462 conn(0x7fa5c40f6530 msgr2=0x7fa5c40f8950 unknown :-1 s=STATE_NONE l=0).mark_down
2024-02-19T22:15:26.764 INFO:teuthology.orchestra.run.smithi079.stderr:/usr/bin/ceph:
2024-02-19T22:15:26.760+0000 7fa5ca11b700 1 -- 172.21.15.79:0/1925702462 shutdown_connections
2024-02-19T22:15:26.764 INFO:teuthology.orchestra.run.smithi079.stderr:/usr/bin/ceph:
2024-02-19T22:15:26.760+0000 7fa5ca11b700 1 -- 172.21.15.79:0/1925702462 wait complete.
2024-02-19T22:15:26.764 INFO:teuthology.orchestra.run.smithi079.stderr:/usr/bin/ceph:
2024-02-19T22:15:26.761+0000 7fa5ca11b700 1 Processor -- start
2024-02-19T22:15:26.764 INFO:teuthology.orchestra.run.smithi079.stderr:/usr/bin/ceph:
2024-02-19T22:15:26.761+0000 7fa5ca11b700 1 -- start start
2024-02-19T22:15:26.764 INFO:teuthology.orchestra.run.smithi079.stderr:/usr/bin/ceph:
2024-02-19T22:15:26.762+0000 7fa5ca11b700 1 --2- >> [v2:172.21.15.79:3300/0,v1:172.21.15.79:6789/0] conn(0x7fa5c40703f0 0x7fa5c410cdc0 unknown :-1 s=NONE pgs=0 cs=0 l=1 rev1=0 rx=0 tx=0).connect
2024-02-19T22:15:26.765 INFO:teuthology.orchestra.run.smithi079.stderr:/usr/bin/ceph:
2024-02-19T22:15:26.762+0000 7fa5ca11b700 1 -- --> [v2:172.21.15.79:3300/0,v1:172.21.15.79:6789/0] -- mon_getmap magic: 0 v1 -- 0x7fa5c410d2b0 con 0x7fa5c40703f0
2024-02-19T22:15:26.765 INFO:teuthology.orchestra.run.smithi079.stderr:/usr/bin/ceph:
2024-02-19T22:15:26.762+0000 7fa5c37fe700 1 --2- >> [v2:172.21.15.79:3300/0,v1:172.21.15.79:6789/0] conn(0x7fa5c40703f0 0x7fa5c410cdc0 unknown :-1 s=BANNER_CONNECTING pgs=0 cs=0 l=1 rev1=0 rx=0 tx=0)._handle_peer_banner_payload supported=1 required=0
2024-02-19T22:15:26.765 INFO:teuthology.orchestra.run.smithi079.stderr:/usr/bin/ceph:
2024-02-19T22:15:26.762+0000 7fa5c37fe700 1 --2- >> [v2:172.21.15.79:3300/0,v1:172.21.15.79:6789/0] conn(0x7fa5c40703f0 0x7fa5c410cdc0 unknown :-1 s=HELLO_CONNECTING pgs=0 cs=0 l=1 rev1=1 rx=0 tx=0).handle_hello peer v2:172.21.15.79:3300/0 says I am v2:172.21.15.79:49106/0 (socket says 172.21.15.79:49106)
2024-02-19T22:15:26.765 INFO:teuthology.orchestra.run.smithi079.stderr:/usr/bin/ceph:
2024-02-19T22:15:26.762+0000 7fa5c37fe700 1 -- 172.21.15.79:0/1064450544 learned_addr learned my addr 172.21.15.79:0/1064450544 (peer_addr_for_me v2:172.21.15.79:0/0)
2024-02-19T22:15:26.765 INFO:teuthology.orchestra.run.smithi079.stderr:/usr/bin/ceph:
2024-02-19T22:15:26.762+0000 7fa5c37fe700 1 -- 172.21.15.79:0/1064450544 --> [v2:172.21.15.79:3300/0,v1:172.21.15.79:6789/0] -- mon_subscribe({config=0+,monmap=0+}) v3 -- 0x7fa5b400b200 con 0x7fa5c40703f0
2024-02-19T22:15:26.766 INFO:teuthology.orchestra.run.smithi079.stderr:/usr/bin/ceph:
2024-02-19T22:15:26.762+0000 7fa5c37fe700 1 --2- 172.21.15.79:0/1064450544 >> [v2:172.21.15.79:3300/0,v1:172.21.15.79:6789/0] conn(0x7fa5c40703f0 0x7fa5c410cdc0 secure :-1 s=READY pgs=73 cs=0 l=1 rev1=1 rx=0x7fa5b4006b80 tx=0x7fa5b4006ee0).ready entity=mon.0 client_cookie=0 server_cookie=0 in_seq=0 out_seq=0
2024-02-19T22:15:26.766 INFO:teuthology.orchestra.run.smithi079.stderr:/usr/bin/ceph:
2024-02-19T22:15:26.762+0000 7fa5abfff700 1 -- 172.21.15.79:0/1064450544 <== mon.0 v2:172.21.15.79:3300/0 1 ==== mon_map magic: 0 v1 ==== 229+0+0 (secure 0 0 0) 0x7fa5b4011e10 con 0x7fa5c40703f0
2024-02-19T22:15:26.766 INFO:teuthology.orchestra.run.smithi079.stderr:/usr/bin/ceph:
2024-02-19T22:15:26.762+0000 7fa5ca11b700 1 -- 172.21.15.79:0/1064450544 --> [v2:172.21.15.79:3300/0,v1:172.21.15.79:6789/0] -- mon_subscribe({mgrmap=0+}) v3 -- 0x7fa5c410d4b0 con 0x7fa5c40703f0
2024-02-19T22:15:26.766 INFO:teuthology.orchestra.run.smithi079.stderr:/usr/bin/ceph:
2024-02-19T22:15:26.762+0000 7fa5abfff700 1 -- 172.21.15.79:0/1064450544 <== mon.0 v2:172.21.15.79:3300/0 2 ==== config(26 keys) v1 ==== 1109+0+0 (secure 0 0 0) 0x7fa5b4011610 con 0x7fa5c40703f0
