2024-02-20T13:00:16.369+0000 7f38a9e32700 1 -- 172.21.15.133:0/2786159858 >> [v2:172.21.15.133:3300/0,v1:172.21.15.133:6789/0] conn(0x7f38a40fc950 msgr2=0x7f38a40fed40 secure :-1 s=STATE_CONNECTION_ESTABLISHED l=1).mark_down
2024-02-20T13:00:16.372 INFO:teuthology.orchestra.run.smithi133.stderr:/usr/bin/ceph:
2024-02-20T13:00:16.369+0000 7f38a9e32700 1 --2- 172.21.15.133:0/2786159858 >> [v2:172.21.15.133:3300/0,v1:172.21.15.133:6789/0] conn(0x7f38a40fc950 0x7f38a40fed40 secure :-1 s=READY pgs=81 cs=0 l=1 rev1=1 rx=0x7f389800b5f0 tx=0x7f3898006ee0).stop
2024-02-20T13:00:16.372 INFO:teuthology.orchestra.run.smithi133.stderr:/usr/bin/ceph:
2024-02-20T13:00:16.369+0000 7f38a9e32700 1 -- 172.21.15.133:0/2786159858 shutdown_connections
2024-02-20T13:00:16.372 INFO:teuthology.orchestra.run.smithi133.stderr:/usr/bin/ceph:
2024-02-20T13:00:16.369+0000 7f38a9e32700 1 --2- 172.21.15.133:0/2786159858 >> [v2:172.21.15.133:3300/0,v1:172.21.15.133:6789/0] conn(0x7f38a40fc950 0x7f38a40fed40 unknown :-1 s=CLOSED pgs=81 cs=0 l=1 rev1=1 rx=0 tx=0).stop
2024-02-20T13:00:16.373 INFO:teuthology.orchestra.run.smithi133.stderr:/usr/bin/ceph:
2024-02-20T13:00:16.369+0000 7f38a9e32700 1 -- 172.21.15.133:0/2786159858 >> 172.21.15.133:0/2786159858 conn(0x7f38a40f6400 msgr2=0x7f38a40f8820 unknown :-1 s=STATE_NONE l=0).mark_down
2024-02-20T13:00:16.373 INFO:teuthology.orchestra.run.smithi133.stderr:/usr/bin/ceph:
2024-02-20T13:00:16.369+0000 7f38a9e32700 1 -- 172.21.15.133:0/2786159858 shutdown_connections
2024-02-20T13:00:16.373 INFO:teuthology.orchestra.run.smithi133.stderr:/usr/bin/ceph:
2024-02-20T13:00:16.369+0000 7f38a9e32700 1 -- 172.21.15.133:0/2786159858 wait complete.
2024-02-20T13:00:16.373 INFO:teuthology.orchestra.run.smithi133.stderr:/usr/bin/ceph:
2024-02-20T13:00:16.369+0000 7f38a9e32700 1 Processor -- start
2024-02-20T13:00:16.373 INFO:teuthology.orchestra.run.smithi133.stderr:/usr/bin/ceph:
2024-02-20T13:00:16.369+0000 7f38a9e32700 1 -- start start
2024-02-20T13:00:16.373 INFO:teuthology.orchestra.run.smithi133.stderr:/usr/bin/ceph:
2024-02-20T13:00:16.370+0000 7f38a9e32700 1 --2- >> [v2:172.21.15.133:3300/0,v1:172.21.15.133:6789/0] conn(0x7f38a40fc950 0x7f38a40fc3e0 unknown :-1 s=NONE pgs=0 cs=0 l=1 rev1=0 rx=0 tx=0).connect
2024-02-20T13:00:16.373 INFO:teuthology.orchestra.run.smithi133.stderr:/usr/bin/ceph:
2024-02-20T13:00:16.370+0000 7f38a9e32700 1 -- --> [v2:172.21.15.133:3300/0,v1:172.21.15.133:6789/0] -- mon_getmap magic: 0 v1 -- 0x7f38a40fa860 con 0x7f38a40fc950
2024-02-20T13:00:16.373 INFO:teuthology.orchestra.run.smithi133.stderr:/usr/bin/ceph:
2024-02-20T13:00:16.370+0000 7f38a37fe700 1 --2- >> [v2:172.21.15.133:3300/0,v1:172.21.15.133:6789/0] conn(0x7f38a40fc950 0x7f38a40fc3e0 unknown :-1 s=BANNER_CONNECTING pgs=0 cs=0 l=1 rev1=0 rx=0 tx=0)._handle_peer_banner_payload supported=1 required=0
2024-02-20T13:00:16.373 INFO:teuthology.orchestra.run.smithi133.stderr:/usr/bin/ceph:
2024-02-20T13:00:16.370+0000 7f38a37fe700 1 --2- >> [v2:172.21.15.133:3300/0,v1:172.21.15.133:6789/0] conn(0x7f38a40fc950 0x7f38a40fc3e0 unknown :-1 s=HELLO_CONNECTING pgs=0 cs=0 l=1 rev1=1 rx=0 tx=0).handle_hello peer v2:172.21.15.133:3300/0 says I am v2:172.21.15.133:54202/0 (socket says 172.21.15.133:54202)
2024-02-20T13:00:16.373 INFO:teuthology.orchestra.run.smithi133.stderr:/usr/bin/ceph:
2024-02-20T13:00:16.370+0000 7f38a37fe700 1 -- 172.21.15.133:0/1459746397 learned_addr learned my addr 172.21.15.133:0/1459746397 (peer_addr_for_me v2:172.21.15.133:0/0)
2024-02-20T13:00:16.373 INFO:teuthology.orchestra.run.smithi133.stderr:/usr/bin/ceph:
2024-02-20T13:00:16.370+0000 7f38a37fe700 1 -- 172.21.15.133:0/1459746397 --> [v2:172.21.15.133:3300/0,v1:172.21.15.133:6789/0] -- mon_subscribe({config=0+,monmap=0+}) v3 -- 0x7f389800b200 con 0x7f38a40fc950
2024-02-20T13:00:16.373 INFO:teuthology.orchestra.run.smithi133.stderr:/usr/bin/ceph:
2024-02-20T13:00:16.370+0000 7f38a37fe700 1 --2- 172.21.15.133:0/1459746397 >> [v2:172.21.15.133:3300/0,v1:172.21.15.133:6789/0] conn(0x7f38a40fc950 0x7f38a40fc3e0 secure :-1 s=READY pgs=82 cs=0 l=1 rev1=1 rx=0x7f389800db50 tx=0x7f3898006ee0).ready entity=mon.0 client_cookie=0 server_cookie=0 in_seq=0 out_seq=0
2024-02-20T13:00:16.373 INFO:teuthology.orchestra.run.smithi133.stderr:/usr/bin/ceph:
2024-02-20T13:00:16.370+0000 7f388bfff700 1 -- 172.21.15.133:0/1459746397 <== mon.0 v2:172.21.15.133:3300/0 1 ==== mon_map magic: 0 v1 ==== 229+0+0 (secure 0 0 0) 0x7f389801b570 con 0x7f38a40fc950
2024-02-20T13:00:16.373 INFO:teuthology.orchestra.run.smithi133.stderr:/usr/bin/ceph:
2024-02-20T13:00:16.370+0000 7f38a9e32700 1 -- 172.21.15.133:0/1459746397 --> [v2:172.21.15.133:3300/0,v1:172.21.15.133:6789/0] -- mon_subscribe({mgrmap=0+}) v3 -- 0x7f38a40faa00 con 0x7f38a40fc950
2024-02-20T13:00:16.374 INFO:teuthology.orchestra.run.smithi133.stderr:/usr/bin/ceph:
2024-02-20T13:00:16.370+0000 7f388bfff700 1 -- 172.21.15.133:0/1459746397 <== mon.0 v2:172.21.15.133:3300/0 2 ==== config(25 keys) v1 ==== 983+0+0 (secure 0 0 0) 0x7f389801bb20 con 0x7f38a40fc950
2024-02-20T13:00:16.375 INFO:teuthology.orchestra.run.smithi133.stderr:/usr/bin/ceph:
2024-02-20T13:00:16.370+0000 7f388bfff700 1 -- 172.21.15.133:0/1459746397 <== mon.0 v2:172.21.15.133:3300/0 3 ==== mon_map magic: 0 v1 ==== 229+0+0 (secure 0 0 0) 0x7f389801a850 con 0x7f38a40fc950
2024-02-20T13:00:16.375 INFO:teuthology.orchestra.run.smithi133.stderr:/usr/bin/ceph:
2024-02-20T13:00:16.370+0000 7f38a9e32700 1 -- 172.21.15.133:0/1459746397 --> [v2:172.21.15.133:3300/0,v1:172.21.15.133:6789/0] -- mon_subscribe({osdmap=0}) v3 -- 0x7f38a40fae10 con 0x7f38a40fc950
2024-02-20T13:00:16.375 INFO:teuthology.orchestra.run.smithi133.stderr:/usr/bin/ceph:
2024-02-20T13:00:16.371+0000 7f388bfff700 1 -- 172.21.15.133:0/1459746397 <== mon.0 v2:172.21.15.133:3300/0 4 ==== mgrmap(e 16) v1 ==== 36208+0+0 (secure 0 0 0) 0x7f389800f070 con 0x7f38a40fc950
2024-02-20T13:00:16.375 INFO:teuthology.orchestra.run.smithi133.stderr:/usr/bin/ceph:
2024-02-20T13:00:16.371+0000 7f388bfff700 1 --2- 172.21.15.133:0/1459746397 >> [v2:172.21.15.133:6800/4033027774,v1:172.21.15.133:6801/4033027774] conn(0x7f389002feb0 0x7f3890032370 unknown :-1 s=NONE pgs=0 cs=0 l=1 rev1=0 rx=0 tx=0).connect
2024-02-20T13:00:16.375 INFO:teuthology.orchestra.run.smithi133.stderr:/usr/bin/ceph:
2024-02-20T13:00:16.371+0000 7f388bfff700 1 -- 172.21.15.133:0/1459746397 <== mon.0 v2:172.21.15.133:3300/0 5 ==== osd_map(4..4 src has 1..4) v4 ==== 1237+0+0 (secure 0 0 0) 0x7f3898042510 con 0x7f38a40fc950
2024-02-20T13:00:16.375 INFO:teuthology.orchestra.run.smithi133.stderr:/usr/bin/ceph:
2024-02-20T13:00:16.371+0000 7f38a2ffd700 1 --2- 172.21.15.133:0/1459746397 >> [v2:172.21.15.133:6800/4033027774,v1:172.21.15.133:6801/4033027774] conn(0x7f389002feb0 0x7f3890032370 unknown :-1 s=BANNER_CONNECTING pgs=0 cs=0 l=1 rev1=0 rx=0 tx=0)._handle_peer_banner_payload supported=1 required=0
2024-02-20T13:00:16.375 INFO:teuthology.orchestra.run.smithi133.stderr:/usr/bin/ceph:
2024-02-20T13:00:16.372+0000 7f38a9e32700 1 -- 172.21.15.133:0/1459746397 --> [v2:172.21.15.133:3300/0,v1:172.21.15.133:6789/0] -- mon_command({"prefix": "get_command_descriptions"} v 0) v1 -- 0x7f38a4046940 con 0x7f38a40fc950
2024-02-20T13:00:16.375 INFO:teuthology.orchestra.run.smithi133.stderr:/usr/bin/ceph:
2024-02-20T13:00:16.372+0000 7f38a2ffd700 1 --2- 172.21.15.133:0/1459746397 >> [v2:172.21.15.133:6800/4033027774,v1:172.21.15.133:6801/4033027774] conn(0x7f389002feb0 0x7f3890032370 secure :-1 s=READY pgs=7 cs=0 l=1 rev1=1 rx=0x7f38940096a0 tx=0x7f3894006b40).ready entity=mgr.14162 client_cookie=0 server_cookie=0 in_seq=0 out_seq=0
2024-02-20T13:00:16.377 INFO:teuthology.orchestra.run.smithi133.stderr:/usr/bin/ceph:
2024-02-20T13:00:16.376+0000 7f388bfff700 1 -- 172.21.15.133:0/1459746397 <== mon.0 v2:172.21.15.133:3300/0 6 ==== mon_command_ack([{"prefix": "get_command_descriptions"}]=0 v0) v1 ==== 72+0+152212 (secure 0 0 0) 0x7f3898016070 con 0x7f38a40fc950
2024-02-20T13:00:16.539 INFO:teuthology.orchestra.run.smithi133.stderr:/usr/bin/ceph:
2024-02-20T13:00:16.538+0000 7f38a9e32700 1 -- 172.21.15.133:0/1459746397 --> [v2:172.21.15.133:6800/4033027774,v1:172.21.15.133:6801/4033027774] -- mgr_command(tid 0: {"prefix": "dashboard ac-user-create", "username": "admin", "rolename": "administrator", "force_password": true, "pwd_update_required": true, "target": ["mon-mgr", ""]}) v1 -- 0x7f38a4027ab0 con 0x7f389002feb0
2024-02-20T13:00:16.755 INFO:teuthology.orchestra.run.smithi133.stderr:/usr/bin/ceph:
2024-02-20T13:00:16.753+0000 7f388bfff700 1 -- 172.21.15.133:0/1459746397 <== mgr.14162 v2:172.21.15.133:6800/4033027774 1 ==== mgr_command_reply(tid 0: 0 ) v1 ==== 8+0+252 (secure 0 0 0) 0x7f38a4027ab0 con 0x7f389002feb0
2024-02-20T13:00:16.755 INFO:teuthology.orchestra.run.smithi133.stderr:/usr/bin/ceph: {"username": "admin", "password": "$2b$12$ayUQzGd2.RTfrDFQOz6S8OySpj1Og65cIA.xEXkJD6BFZvlzMSMmS", "roles": ["administrator"], "name": null, "email": null, "lastUpdate": 1708434016, "enabled": true, "pwdExpirationDate": null, "pwdUpdateRequired": true}
2024-02-20T13:00:16.757 INFO:teuthology.orchestra.run.smithi133.stderr:/usr/bin/ceph:
2024-02-20T13:00:16.755+0000 7f38a9e32700 1 -- 172.21.15.133:0/1459746397 >> [v2:172.21.15.133:6800/4033027774,v1:172.21.15.133:6801/4033027774] conn(0x7f389002feb0 msgr2=0x7f3890032370 secure :-1 s=STATE_CONNECTION_ESTABLISHED l=1).mark_down
2024-02-20T13:00:16.757 INFO:teuthology.orchestra.run.smithi133.stderr:/usr/bin/ceph:
2024-02-20T13:00:16.755+0000 7f38a9e32700 1 --2- 172.21.15.133:0/1459746397 >> [v2:172.21.15.133:6800/4033027774,v1:172.21.15.133:6801/4033027774] conn(0x7f389002feb0 0x7f3890032370 secure :-1 s=READY pgs=7 cs=0 l=1 rev1=1 rx=0x7f38940096a0 tx=0x7f3894006b40).stop
2024-02-20T13:00:16.757 INFO:teuthology.orchestra.run.smithi133.stderr:/usr/bin/ceph:
2024-02-20T13:00:16.755+0000 7f38a9e32700 1 -- 172.21.15.133:0/1459746397 >> [v2:172.21.15.133:3300/0,v1:172.21.15.133:6789/0] conn(0x7f38a40fc950 msgr2=0x7f38a40fc3e0 secure :-1 s=STATE_CONNECTION_ESTABLISHED l=1).mark_down
2024-02-20T13:00:16.757 INFO:teuthology.orchestra.run.smithi133.stderr:/usr/bin/ceph:
2024-02-20T13:00:16.755+0000 7f38a9e32700 1 --2- 172.21.15.133:0/1459746397 >> [v2:172.21.15.133:3300/0,v1:172.21.15.133:6789/0] conn(0x7f38a40fc950 0x7f38a40fc3e0 secure :-1 s=READY pgs=82 cs=0 l=1 rev1=1 rx=0x7f389800db50 tx=0x7f3898006ee0).stop
2024-02-20T13:00:16.757 INFO:teuthology.orchestra.run.smithi133.stderr:/usr/bin/ceph:
2024-02-20T13:00:16.755+0000 7f38a9e32700 1 -- 172.21.15.133:0/1459746397 shutdown_connections
2024-02-20T13:00:16.757 INFO:teuthology.orchestra.run.smithi133.stderr:/usr/bin/ceph:
2024-02-20T13:00:16.755+0000 7f38a9e32700 1 --2- 172.21.15.133:0/1459746397 >> [v2:172.21.15.133:6800/4033027774,v1:172.21.15.133:6801/4033027774] conn(0x7f389002feb0 0x7f3890032370 unknown :-1 s=CLOSED pgs=7 cs=0 l=1 rev1=1 rx=0 tx=0).stop
2024-02-20T13:00:16.757 INFO:teuthology.orchestra.run.smithi133.stderr:/usr/bin/ceph:
2024-02-20T13:00:16.755+0000 7f38a9e32700 1 --2- 172.21.15.133:0/1459746397 >> [v2:172.21.15.133:3300/0,v1:172.21.15.133:6789/0] conn(0x7f38a40fc950 0x7f38a40fc3e0 unknown :-1 s=CLOSED pgs=82 cs=0 l=1 rev1=1 rx=0 tx=0).stop
2024-02-20T13:00:16.758 INFO:teuthology.orchestra.run.smithi133.stderr:/usr/bin/ceph:
2024-02-20T13:00:16.755+0000 7f38a9e32700 1 -- 172.21.15.133:0/1459746397 >> 172.21.15.133:0/1459746397 conn(0x7f38a40f6400 msgr2=0x7f38a40f7f20 unknown :-1 s=STATE_NONE l=0).mark_down
2024-02-20T13:00:16.758 INFO:teuthology.orchestra.run.smithi133.stderr:/usr/bin/ceph:
2024-02-20T13:00:16.755+0000 7f38a9e32700 1 -- 172.21.15.133:0/1459746397 shutdown_connections
2024-02-20T13:00:16.758 INFO:teuthology.orchestra.run.smithi133.stderr:/usr/bin/ceph:
2024-02-20T13:00:16.755+0000 7f38a9e32700 1 -- 172.21.15.133:0/1459746397 wait complete.
2024-02-20T13:00:17.051 INFO:journalctl@ceph.mon.smithi133.smithi133.stdout:Feb 20 13:00:16 smithi133 ceph-ba9433aa-cfef-11ee-95bb-87774f69a715-mon.smithi133[38235]: audit
2024-02-20T13:00:16.539726+0000 mgr.smithi133.gmzmpa (mgr.14162) 4 : audit [DBG] from='client.14174 -' entity='client.admin' cmd=[{"prefix": "dashboard ac-user-create", "username": "admin", "rolename": "administrator", "force_password": true, "pwd_update_required": true, "target": ["mon-mgr", ""]}]: dispatch
2024-02-20T13:00:17.052 INFO:journalctl@ceph.mon.smithi133.smithi133.stdout:Feb 20 13:00:16 smithi133 ceph-ba9433aa-cfef-11ee-95bb-87774f69a715-mon.smithi133[38235]: audit
2024-02-20T13:00:16.754512+0000 mon.smithi133 (mon.0) 106 : audit [INF] from='mgr.14162 172.21.15.133:0/727513385' entity='mgr.smithi133.gmzmpa'
2024-02-20T13:00:17.319 INFO:teuthology.orchestra.run.smithi133.stderr:Fetching dashboard port number...
2024-02-20T13:00:17.320 INFO:teuthology.orchestra.run.smithi133.stderr:Running command: /bin/podman run --rm --ipc=host --no-hosts --net=host --entrypoint /usr/bin/ceph --init -e CONTAINER_IMAGE=docker.io/ceph/ceph:v16.2.4 -e NODE_NAME=smithi133 -e CEPH_USE_RANDOM_NONCE=1 -v /var/log/ceph/ba9433aa-cfef-11ee-95bb-87774f69a715:/var/log/ceph:z -v /tmp/ceph-tmpd6wy7wm6:/etc/ceph/ceph.client.admin.keyring:z -v /tmp/ceph-tmpt984cog1:/etc/ceph/ceph.conf:z docker.io/ceph/ceph:v16.2.4 config get mgr mgr/dashboard/ssl_server_port
2024-02-20T13:00:17.815 INFO:teuthology.orchestra.run.smithi133.stderr:/usr/bin/ceph:
2024-02-20T13:00:17.813+0000 7f9bc1b21700 1 Processor -- start
2024-02-20T13:00:17.815 INFO:teuthology.orchestra.run.smithi133.stderr:/usr/bin/ceph:
2024-02-20T13:00:17.813+0000 7f9bc1b21700 1 -- start start
2024-02-20T13:00:17.815 INFO:teuthology.orchestra.run.smithi133.stderr:/usr/bin/ceph:
2024-02-20T13:00:17.813+0000 7f9bc1b21700 1 --2- >> [v2:172.21.15.133:3300/0,v1:172.21.15.133:6789/0] conn(0x7f9bbc0fc2b0 0x7f9bbc0fc6d0 unknown :-1 s=NONE pgs=0 cs=0 l=0 rev1=0 rx=0 tx=0).connect
2024-02-20T13:00:17.815 INFO:teuthology.orchestra.run.smithi133.stderr:/usr/bin/ceph:
2024-02-20T13:00:17.813+0000 7f9bc1b21700 1 -- --> [v2:172.21.15.133:3300/0,v1:172.21.15.133:6789/0] -- mon_getmap magic: 0 v1 -- 0x7f9bbc0fcbc0 con 0x7f9bbc0fc2b0
2024-02-20T13:00:17.815 INFO:teuthology.orchestra.run.smithi133.stderr:/usr/bin/ceph:
2024-02-20T13:00:17.813+0000 7f9bbb7fe700 1 --2- >> [v2:172.21.15.133:3300/0,v1:172.21.15.133:6789/0] conn(0x7f9bbc0fc2b0 0x7f9bbc0fc6d0 unknown :-1 s=BANNER_CONNECTING pgs=0 cs=0 l=0 rev1=0 rx=0 tx=0)._handle_peer_banner_payload supported=1 required=0
2024-02-20T13:00:17.817 INFO:teuthology.orchestra.run.smithi133.stderr:/usr/bin/ceph:
2024-02-20T13:00:17.813+0000 7f9bbb7fe700 1 --2- >> [v2:172.21.15.133:3300/0,v1:172.21.15.133:6789/0] conn(0x7f9bbc0fc2b0 0x7f9bbc0fc6d0 unknown :-1 s=HELLO_CONNECTING pgs=0 cs=0 l=0 rev1=1 rx=0 tx=0).handle_hello peer v2:172.21.15.133:3300/0 says I am v2:172.21.15.133:54212/0 (socket says 172.21.15.133:54212)
2024-02-20T13:00:17.817 INFO:teuthology.orchestra.run.smithi133.stderr:/usr/bin/ceph:
2024-02-20T13:00:17.813+0000 7f9bbb7fe700 1 -- 172.21.15.133:0/1841605947 learned_addr learned my addr 172.21.15.133:0/1841605947 (peer_addr_for_me v2:172.21.15.133:0/0)
2024-02-20T13:00:17.817 INFO:teuthology.orchestra.run.smithi133.stderr:/usr/bin/ceph:
2024-02-20T13:00:17.814+0000 7f9bbb7fe700 1 -- 172.21.15.133:0/1841605947 --> [v2:172.21.15.133:3300/0,v1:172.21.15.133:6789/0] -- mon_subscribe({config=0+,monmap=0+}) v3 -- 0x7f9bbc0fcd00 con 0x7f9bbc0fc2b0
2024-02-20T13:00:17.818 INFO:teuthology.orchestra.run.smithi133.stderr:/usr/bin/ceph:
2024-02-20T13:00:17.814+0000 7f9bbb7fe700 1 --2- 172.21.15.133:0/1841605947 >> [v2:172.21.15.133:3300/0,v1:172.21.15.133:6789/0] conn(0x7f9bbc0fc2b0 0x7f9bbc0fc6d0 secure :-1 s=READY pgs=83 cs=0 l=1 rev1=1 rx=0x7f9bac00b870 tx=0x7f9bac006f70).ready entity=mon.0 client_cookie=2fb0a71fae9621d2 server_cookie=0 in_seq=0 out_seq=0
2024-02-20T13:00:17.818 INFO:teuthology.orchestra.run.smithi133.stderr:/usr/bin/ceph:
2024-02-20T13:00:17.814+0000 7f9bba7fc700 1 -- 172.21.15.133:0/1841605947 <== mon.0 v2:172.21.15.133:3300/0 1 ==== mon_map magic: 0 v1 ==== 229+0+0 (secure 0 0 0) 0x7f9bac00da20 con 0x7f9bbc0fc2b0
2024-02-20T13:00:17.818 INFO:teuthology.orchestra.run.smithi133.stderr:/usr/bin/ceph:
2024-02-20T13:00:17.814+0000 7f9bba7fc700 1 -- 172.21.15.133:0/1841605947 <== mon.0 v2:172.21.15.133:3300/0 2 ==== config(25 keys) v1 ==== 983+0+0 (secure 0 0 0) 0x7f9bac010470 con 0x7f9bbc0fc2b0
2024-02-20T13:00:17.818 INFO:teuthology.orchestra.run.smithi133.stderr:/usr/bin/ceph:
2024-02-20T13:00:17.814+0000 7f9bba7fc700 1 -- 172.21.15.133:0/1841605947 <== mon.0 v2:172.21.15.133:3300/0 3 ==== mon_map magic: 0 v1 ==== 229+0+0 (secure 0 0 0) 0x7f9bac00f5b0 con 0x7f9bbc0fc2b0
2024-02-20T13:00:17.818 INFO:teuthology.orchestra.run.smithi133.stderr:/usr/bin/ceph:
2024-02-20T13:00:17.815+0000 7f9bc1b21700 1 -- 172.21.15.133:0/1841605947 >> [v2:172.21.15.133:3300/0,v1:172.21.15.133:6789/0] conn(0x7f9bbc0fc2b0 msgr2=0x7f9bbc0fc6d0 secure :-1 s=STATE_CONNECTION_ESTABLISHED l=1).mark_down
2024-02-20T13:00:17.818 INFO:teuthology.orchestra.run.smithi133.stderr:/usr/bin/ceph:
2024-02-20T13:00:17.815+0000 7f9bc1b21700 1 --2- 172.21.15.133:0/1841605947 >> [v2:172.21.15.133:3300/0,v1:172.21.15.133:6789/0] conn(0x7f9bbc0fc2b0 0x7f9bbc0fc6d0 secure :-1 s=READY pgs=83 cs=0 l=1 rev1=1 rx=0x7f9bac00b870 tx=0x7f9bac006f70).stop
2024-02-20T13:00:17.818 INFO:teuthology.orchestra.run.smithi133.stderr:/usr/bin/ceph:
2024-02-20T13:00:17.815+0000 7f9bc1b21700 1 -- 172.21.15.133:0/1841605947 shutdown_connections
2024-02-20T13:00:17.818 INFO:teuthology.orchestra.run.smithi133.stderr:/usr/bin/ceph:
2024-02-20T13:00:17.815+0000 7f9bc1b21700 1 --2- 172.21.15.133:0/1841605947 >> [v2:172.21.15.133:3300/0,v1:172.21.15.133:6789/0] conn(0x7f9bbc0fc2b0 0x7f9bbc0fc6d0 unknown :-1 s=CLOSED pgs=83 cs=0 l=1 rev1=1 rx=0 tx=0).stop
2024-02-20T13:00:17.818 INFO:teuthology.orchestra.run.smithi133.stderr:/usr/bin/ceph:
2024-02-20T13:00:17.815+0000 7f9bc1b21700 1 -- 172.21.15.133:0/1841605947 >> 172.21.15.133:0/1841605947 conn(0x7f9bbc0f6400 msgr2=0x7f9bbc0f8820 unknown :-1 s=STATE_NONE l=0).mark_down
2024-02-20T13:00:17.818 INFO:teuthology.orchestra.run.smithi133.stderr:/usr/bin/ceph:
2024-02-20T13:00:17.815+0000 7f9bc1b21700 1 -- 172.21.15.133:0/1841605947 shutdown_connections
2024-02-20T13:00:17.818 INFO:teuthology.orchestra.run.smithi133.stderr:/usr/bin/ceph:
2024-02-20T13:00:17.815+0000 7f9bc1b21700 1 -- 172.21.15.133:0/1841605947 wait complete.
2024-02-20T13:00:17.818 INFO:teuthology.orchestra.run.smithi133.stderr:/usr/bin/ceph:
2024-02-20T13:00:17.815+0000 7f9bc1b21700 1 Processor -- start
2024-02-20T13:00:17.818 INFO:teuthology.orchestra.run.smithi133.stderr:/usr/bin/ceph:
2024-02-20T13:00:17.815+0000 7f9bc1b21700 1 -- start start
2024-02-20T13:00:17.818 INFO:teuthology.orchestra.run.smithi133.stderr:/usr/bin/ceph:
2024-02-20T13:00:17.816+0000 7f9bc1b21700 1 --2- >> [v2:172.21.15.133:3300/0,v1:172.21.15.133:6789/0] conn(0x7f9bbc0fc2b0 0x7f9bbc10cdd0 unknown :-1 s=NONE pgs=0 cs=0 l=1 rev1=0 rx=0 tx=0).connect
2024-02-20T13:00:17.819 INFO:teuthology.orchestra.run.smithi133.stderr:/usr/bin/ceph:
2024-02-20T13:00:17.816+0000 7f9bc1b21700 1 -- --> [v2:172.21.15.133:3300/0,v1:172.21.15.133:6789/0] -- mon_getmap magic: 0 v1 -- 0x7f9bbc10d2c0 con 0x7f9bbc0fc2b0
2024-02-20T13:00:17.819 INFO:teuthology.orchestra.run.smithi133.stderr:/usr/bin/ceph:
2024-02-20T13:00:17.816+0000 7f9bbb7fe700 1 --2- >> [v2:172.21.15.133:3300/0,v1:172.21.15.133:6789/0] conn(0x7f9bbc0fc2b0 0x7f9bbc10cdd0 unknown :-1 s=BANNER_CONNECTING pgs=0 cs=0 l=1 rev1=0 rx=0 tx=0)._handle_peer_banner_payload supported=1 required=0
2024-02-20T13:00:17.819 INFO:teuthology.orchestra.run.smithi133.stderr:/usr/bin/ceph:
2024-02-20T13:00:17.816+0000 7f9bbb7fe700 1 --2- >> [v2:172.21.15.133:3300/0,v1:172.21.15.133:6789/0] conn(0x7f9bbc0fc2b0 0x7f9bbc10cdd0 unknown :-1 s=HELLO_CONNECTING pgs=0 cs=0 l=1 rev1=1 rx=0 tx=0).handle_hello peer v2:172.21.15.133:3300/0 says I am v2:172.21.15.133:54220/0 (socket says 172.21.15.133:54220)
2024-02-20T13:00:17.819 INFO:teuthology.orchestra.run.smithi133.stderr:/usr/bin/ceph:
2024-02-20T13:00:17.816+0000 7f9bbb7fe700 1 -- 172.21.15.133:0/3447021465 learned_addr learned my addr 172.21.15.133:0/3447021465 (peer_addr_for_me v2:172.21.15.133:0/0)
2024-02-20T13:00:17.819 INFO:teuthology.orchestra.run.smithi133.stderr:/usr/bin/ceph:
2024-02-20T13:00:17.816+0000 7f9bbb7fe700 1 -- 172.21.15.133:0/3447021465 --> [v2:172.21.15.133:3300/0,v1:172.21.15.133:6789/0] -- mon_subscribe({config=0+,monmap=0+}) v3 -- 0x7f9bac00b480 con 0x7f9bbc0fc2b0
2024-02-20T13:00:17.820 INFO:teuthology.orchestra.run.smithi133.stderr:/usr/bin/ceph:
2024-02-20T13:00:17.816+0000 7f9bbb7fe700 1 --2- 172.21.15.133:0/3447021465 >> [v2:172.21.15.133:3300/0,v1:172.21.15.133:6789/0] conn(0x7f9bbc0fc2b0 0x7f9bbc10cdd0 secure :-1 s=READY pgs=84 cs=0 l=1 rev1=1 rx=0x7f9bac0109c0 tx=0x7f9bac006f70).ready entity=mon.0 client_cookie=0 server_cookie=0 in_seq=0 out_seq=0
2024-02-20T13:00:17.820 INFO:teuthology.orchestra.run.smithi133.stderr:/usr/bin/ceph:
2024-02-20T13:00:17.816+0000 7f9ba3fff700 1 -- 172.21.15.133:0/3447021465 <== mon.0 v2:172.21.15.133:3300/0 1 ==== mon_map magic: 0 v1 ==== 229+0+0 (secure 0 0 0) 0x7f9bac00f870 con 0x7f9bbc0fc2b0
2024-02-20T13:00:17.820 INFO:teuthology.orchestra.run.smithi133.stderr:/usr/bin/ceph:
2024-02-20T13:00:17.816+0000 7f9ba3fff700 1 -- 172.21.15.133:0/3447021465 <== mon.0 v2:172.21.15.133:3300/0 2 ==== config(25 keys) v1 ==== 983+0+0 (secure 0 0 0) 0x7f9bac00fe20 con 0x7f9bbc0fc2b0
2024-02-20T13:00:17.820 INFO:teuthology.orchestra.run.smithi133.stderr:/usr/bin/ceph:
2024-02-20T13:00:17.816+0000 7f9bc1b21700 1 -- 172.21.15.133:0/3447021465 --> [v2:172.21.15.133:3300/0,v1:172.21.15.133:6789/0] -- mon_subscribe({mgrmap=0+}) v3 -- 0x7f9bbc10d4c0 con 0x7f9bbc0fc2b0
2024-02-20T13:00:17.820 INFO:teuthology.orchestra.run.smithi133.stderr:/usr/bin/ceph:
2024-02-20T13:00:17.816+0000 7f9ba3fff700 1 -- 172.21.15.133:0/3447021465 <== mon.0 v2:172.21.15.133:3300/0 3 ==== mon_map magic: 0 v1 ==== 229+0+0 (secure 0 0 0) 0x7f9bac019da0 con 0x7f9bbc0fc2b0
2024-02-20T13:00:17.820 INFO:teuthology.orchestra.run.smithi133.stderr:/usr/bin/ceph:
2024-02-20T13:00:17.816+0000 7f9bc1b21700 1 -- 172.21.15.133:0/3447021465 --> [v2:172.21.15.133:3300/0,v1:172.21.15.133:6789/0] -- mon_subscribe({osdmap=0}) v3 -- 0x7f9bbc10d8d0 con 0x7f9bbc0fc2b0
2024-02-20T13:00:17.821 INFO:teuthology.orchestra.run.smithi133.stderr:/usr/bin/ceph:
2024-02-20T13:00:17.817+0000 7f9ba3fff700 1 -- 172.21.15.133:0/3447021465 <== mon.0 v2:172.21.15.133:3300/0 4 ==== mgrmap(e 16) v1 ==== 36208+0+0 (secure 0 0 0) 0x7f9bac016030 con 0x7f9bbc0fc2b0
2024-02-20T13:00:17.821 INFO:teuthology.orchestra.run.smithi133.stderr:/usr/bin/ceph:
2024-02-20T13:00:17.818+0000 7f9bc1b21700 1 -- 172.21.15.133:0/3447021465 --> [v2:172.21.15.133:3300/0,v1:172.21.15.133:6789/0] -- mon_command({"prefix": "get_command_descriptions"} v 0) v1 -- 0x7f9bbc059100 con 0x7f9bbc0fc2b0
2024-02-20T13:00:17.821 INFO:teuthology.orchestra.run.smithi133.stderr:/usr/bin/ceph:
2024-02-20T13:00:17.818+0000 7f9ba3fff700 1 --2- 172.21.15.133:0/3447021465 >> [v2:172.21.15.133:6800/4033027774,v1:172.21.15.133:6801/4033027774] conn(0x7f9ba802feb0 0x7f9ba8032370 unknown :-1 s=NONE pgs=0 cs=0 l=1 rev1=0 rx=0 tx=0).connect
2024-02-20T13:00:17.821 INFO:teuthology.orchestra.run.smithi133.stderr:/usr/bin/ceph:
2024-02-20T13:00:17.818+0000 7f9ba3fff700 1 -- 172.21.15.133:0/3447021465 <== mon.0 v2:172.21.15.133:3300/0 5 ==== osd_map(4..4 src has 1..4) v4 ==== 1237+0+0 (secure 0 0 0) 0x7f9bac042030 con 0x7f9bbc0fc2b0
2024-02-20T13:00:17.821 INFO:teuthology.orchestra.run.smithi133.stderr:/usr/bin/ceph:
2024-02-20T13:00:17.818+0000 7f9bbaffd700 1 --2- 172.21.15.133:0/3447021465 >> [v2:172.21.15.133:6800/4033027774,v1:172.21.15.133:6801/4033027774] conn(0x7f9ba802feb0 0x7f9ba8032370 unknown :-1 s=BANNER_CONNECTING pgs=0 cs=0 l=1 rev1=0 rx=0 tx=0)._handle_peer_banner_payload supported=1 required=0
2024-02-20T13:00:17.821 INFO:teuthology.orchestra.run.smithi133.stderr:/usr/bin/ceph:
2024-02-20T13:00:17.818+0000 7f9bbaffd700 1 --2- 172.21.15.133:0/3447021465 >> [v2:172.21.15.133:6800/4033027774,v1:172.21.15.133:6801/4033027774] conn(0x7f9ba802feb0 0x7f9ba8032370 secure :-1 s=READY pgs=8 cs=0 l=1 rev1=1 rx=0x7f9bb00096a0 tx=0x7f9bb0006b40).ready entity=mgr.14162 client_cookie=0 server_cookie=0 in_seq=0 out_seq=0
2024-02-20T13:00:17.823 INFO:teuthology.orchestra.run.smithi133.stderr:/usr/bin/ceph:
2024-02-20T13:00:17.822+0000 7f9ba3fff700 1 -- 172.21.15.133:0/3447021465 <== mon.0 v2:172.21.15.133:3300/0 6 ==== mon_command_ack([{"prefix": "get_command_descriptions"}]=0 v0) v1 ==== 72+0+152212 (secure 0 0 0) 0x7f9bac02c3f0 con 0x7f9bbc0fc2b0
2024-02-20T13:00:17.980 INFO:teuthology.orchestra.run.smithi133.stderr:/usr/bin/ceph:
2024-02-20T13:00:17.979+0000 7f9bc1b21700 1 -- 172.21.15.133:0/3447021465 --> [v2:172.21.15.133:3300/0,v1:172.21.15.133:6789/0] -- mon_command({"prefix": "config get", "who": "mgr", "key": "mgr/dashboard/ssl_server_port"} v 0) v1 -- 0x7f9bbc045ad0 con 0x7f9bbc0fc2b0
2024-02-20T13:00:17.980 INFO:teuthology.orchestra.run.smithi133.stderr:/usr/bin/ceph:
2024-02-20T13:00:17.979+0000 7f9ba3fff700 1 -- 172.21.15.133:0/3447021465 <== mon.0 v2:172.21.15.133:3300/0 7 ==== mon_command_ack([{"prefix": "config get", "who": "mgr", "key": "mgr/dashboard/ssl_server_port"}]=0 v9) v1 ==== 112+0+5 (secure 0 0 0) 0x7f9bac014070 con 0x7f9bbc0fc2b0
2024-02-20T13:00:17.981 INFO:teuthology.orchestra.run.smithi133.stderr:/usr/bin/ceph: 8443
2024-02-20T13:00:17.983 INFO:teuthology.orchestra.run.smithi133.stderr:/usr/bin/ceph:
2024-02-20T13:00:17.981+0000 7f9bc1b21700 1 -- 172.21.15.133:0/3447021465 >> [v2:172.21.15.133:6800/4033027774,v1:172.21.15.133:6801/4033027774] conn(0x7f9ba802feb0 msgr2=0x7f9ba8032370 secure :-1 s=STATE_CONNECTION_ESTABLISHED l=1).mark_down
2024-02-20T13:00:17.983 INFO:teuthology.orchestra.run.smithi133.stderr:/usr/bin/ceph:
2024-02-20T13:00:17.981+0000 7f9bc1b21700 1 --2- 172.21.15.133:0/3447021465 >> [v2:172.21.15.133:6800/4033027774,v1:172.21.15.133:6801/4033027774] conn(0x7f9ba802feb0 0x7f9ba8032370 secure :-1 s=READY pgs=8 cs=0 l=1 rev1=1 rx=0x7f9bb00096a0 tx=0x7f9bb0006b40).stop
2024-02-20T13:00:17.983 INFO:teuthology.orchestra.run.smithi133.stderr:/usr/bin/ceph:
2024-02-20T13:00:17.981+0000 7f9bc1b21700 1 -- 172.21.15.133:0/3447021465 >> [v2:172.21.15.133:3300/0,v1:172.21.15.133:6789/0] conn(0x7f9bbc0fc2b0 msgr2=0x7f9bbc10cdd0 secure :-1 s=STATE_CONNECTION_ESTABLISHED l=1).mark_down
2024-02-20T13:00:17.983 INFO:teuthology.orchestra.run.smithi133.stderr:/usr/bin/ceph:
2024-02-20T13:00:17.981+0000 7f9bc1b21700 1 --2- 172.21.15.133:0/3447021465 >> [v2:172.21.15.133:3300/0,v1:172.21.15.133:6789/0] conn(0x7f9bbc0fc2b0 0x7f9bbc10cdd0 secure :-1 s=READY pgs=84 cs=0 l=1 rev1=1 rx=0x7f9bac0109c0 tx=0x7f9bac006f70).stop
2024-02-20T13:00:17.983 INFO:teuthology.orchestra.run.smithi133.stderr:/usr/bin/ceph:
2024-02-20T13:00:17.981+0000 7f9bc1b21700 1 -- 172.21.15.133:0/3447021465 shutdown_connections
2024-02-20T13:00:17.983 INFO:teuthology.orchestra.run.smithi133.stderr:/usr/bin/ceph:
2024-02-20T13:00:17.981+0000 7f9bc1b21700 1 --2- 172.21.15.133:0/3447021465 >> [v2:172.21.15.133:6800/4033027774,v1:172.21.15.133:6801/4033027774] conn(0x7f9ba802feb0 0x7f9ba8032370 unknown :-1 s=CLOSED pgs=8 cs=0 l=1 rev1=1 rx=0 tx=0).stop
2024-02-20T13:00:17.983 INFO:teuthology.orchestra.run.smithi133.stderr:/usr/bin/ceph:
2024-02-20T13:00:17.981+0000 7f9bc1b21700 1 --2- 172.21.15.133:0/3447021465 >> [v2:172.21.15.133:3300/0,v1:172.21.15.133:6789/0] conn(0x7f9bbc0fc2b0 0x7f9bbc10cdd0 unknown :-1 s=CLOSED pgs=84 cs=0 l=1 rev1=1 rx=0 tx=0).stop
2024-02-20T13:00:17.983 INFO:teuthology.orchestra.run.smithi133.stderr:/usr/bin/ceph:
2024-02-20T13:00:17.981+0000 7f9bc1b21700 1 -- 172.21.15.133:0/3447021465 >> 172.21.15.133:0/3447021465 conn(0x7f9bbc0f6400 msgr2=0x7f9bbc0ff990 unknown :-1 s=STATE_NONE l=0).mark_down
2024-02-20T13:00:17.984 INFO:teuthology.orchestra.run.smithi133.stderr:/usr/bin/ceph:
2024-02-20T13:00:17.982+0000 7f9bc1b21700 1 -- 172.21.15.133:0/3447021465 shutdown_connections
2024-02-20T13:00:17.984 INFO:teuthology.orchestra.run.smithi133.stderr:/usr/bin/ceph:
2024-02-20T13:00:17.982+0000 7f9bc1b21700 1 -- 172.21.15.133:0/3447021465 wait complete.
2024-02-20T13:00:18.301 INFO:journalctl@ceph.mon.smithi133.smithi133.stdout:Feb 20 13:00:18 smithi133 ceph-ba9433aa-cfef-11ee-95bb-87774f69a715-mon.smithi133[38235]: audit
2024-02-20T13:00:17.980400+0000 mon.smithi133 (mon.0) 107 : audit [DBG] from='client.? 172.21.15.133:0/3447021465' entity='client.admin' cmd=[{"prefix": "config get", "who": "mgr", "key": "mgr/dashboard/ssl_server_port"}]: dispatch
2024-02-20T13:00:18.626 INFO:teuthology.orchestra.run.smithi133.stderr:Running command: systemctl is-enabled firewalld.service
2024-02-20T13:00:18.635 INFO:teuthology.orchestra.run.smithi133.stderr:systemctl: disabled
2024-02-20T13:00:18.635 INFO:teuthology.orchestra.run.smithi133.stderr:Running command: systemctl is-active firewalld.service
2024-02-20T13:00:18.643 INFO:teuthology.orchestra.run.smithi133.stderr:systemctl: inactive
2024-02-20T13:00:18.643 INFO:teuthology.orchestra.run.smithi133.stderr:firewalld.service is not enabled
2024-02-20T13:00:18.644 INFO:teuthology.orchestra.run.smithi133.stderr:Not possible to open ports <[8443]>. firewalld.service is not available
2024-02-20T13:00:18.646 INFO:teuthology.orchestra.run.smithi133.stderr:Ceph Dashboard is now available at:
2024-02-20T13:00:18.646 INFO:teuthology.orchestra.run.smithi133.stderr:
2024-02-20T13:00:18.646 INFO:teuthology.orchestra.run.smithi133.stderr: URL: https://smithi133.front.sepia.ceph.com:8443/
2024-02-20T13:00:18.646 INFO:teuthology.orchestra.run.smithi133.stderr: User: admin
2024-02-20T13:00:18.646 INFO:teuthology.orchestra.run.smithi133.stderr: Password: yw9fvgmmpu
2024-02-20T13:00:18.647 INFO:teuthology.orchestra.run.smithi133.stderr:
2024-02-20T13:00:18.647 INFO:teuthology.orchestra.run.smithi133.stderr:You can access the Ceph CLI with:
2024-02-20T13:00:18.647 INFO:teuthology.orchestra.run.smithi133.stderr:
2024-02-20T13:00:18.647 INFO:teuthology.orchestra.run.smithi133.stderr: sudo /home/ubuntu/cephtest/cephadm shell --fsid ba9433aa-cfef-11ee-95bb-87774f69a715 -c /etc/ceph/ceph.conf -k /etc/ceph/ceph.client.admin.keyring
2024-02-20T13:00:18.648 INFO:teuthology.orchestra.run.smithi133.stderr:
2024-02-20T13:00:18.648 INFO:teuthology.orchestra.run.smithi133.stderr:Please consider enabling telemetry to help improve Ceph:
2024-02-20T13:00:18.648 INFO:teuthology.orchestra.run.smithi133.stderr:
2024-02-20T13:00:18.648 INFO:teuthology.orchestra.run.smithi133.stderr: ceph telemetry on
2024-02-20T13:00:18.648 INFO:teuthology.orchestra.run.smithi133.stderr:
2024-02-20T13:00:18.648 INFO:teuthology.orchestra.run.smithi133.stderr:For more information see:
2024-02-20T13:00:18.648 INFO:teuthology.orchestra.run.smithi133.stderr:
2024-02-20T13:00:18.648 INFO:teuthology.orchestra.run.smithi133.stderr: https://docs.ceph.com/docs/pacific/mgr/telemetry/
2024-02-20T13:00:18.648 INFO:teuthology.orchestra.run.smithi133.stderr:
2024-02-20T13:00:18.648 INFO:teuthology.orchestra.run.smithi133.stderr:Bootstrap complete.
2024-02-20T13:00:18.648 INFO:teuthology.orchestra.run.smithi133.stderr:Releasing lock 140260545612264 on /run/cephadm/ba9433aa-cfef-11ee-95bb-87774f69a715.lock
2024-02-20T13:00:18.648 INFO:teuthology.orchestra.run.smithi133.stderr:Lock 140260545612264 released on /run/cephadm/ba9433aa-cfef-11ee-95bb-87774f69a715.lock
2024-02-20T13:00:18.681 INFO:tasks.cephadm:Fetching config...
2024-02-20T13:00:18.682 DEBUG:teuthology.orchestra.run.smithi133:> set -ex
2024-02-20T13:00:18.682 DEBUG:teuthology.orchestra.run.smithi133:> dd if=/etc/ceph/ceph.conf of=/dev/stdout
2024-02-20T13:00:18.740 INFO:tasks.cephadm:Fetching client.admin keyring...
2024-02-20T13:00:18.741 DEBUG:teuthology.orchestra.run.smithi133:> set -ex
2024-02-20T13:00:18.741 DEBUG:teuthology.orchestra.run.smithi133:> dd if=/etc/ceph/ceph.client.admin.keyring of=/dev/stdout
2024-02-20T13:00:18.798 INFO:tasks.cephadm:Fetching mon keyring...
2024-02-20T13:00:18.799 DEBUG:teuthology.orchestra.run.smithi133:> set -ex
2024-02-20T13:00:18.799 DEBUG:teuthology.orchestra.run.smithi133:> sudo dd if=/var/lib/ceph/ba9433aa-cfef-11ee-95bb-87774f69a715/mon.smithi133/keyring of=/dev/stdout
2024-02-20T13:00:18.866 INFO:tasks.cephadm:Fetching pub ssh key...
2024-02-20T13:00:18.866 DEBUG:teuthology.orchestra.run.smithi133:> set -ex
2024-02-20T13:00:18.866 DEBUG:teuthology.orchestra.run.smithi133:> dd if=/home/ubuntu/cephtest/ceph.pub of=/dev/stdout
2024-02-20T13:00:18.924 INFO:tasks.cephadm:Installing pub ssh key for root users...
2024-02-20T13:00:18.924 DEBUG:teuthology.orchestra.run.smithi133:> sudo install -d -m 0700 /root/.ssh && echo 'ssh-rsa AAAAB3NzaC1yc2EAAAADAQABAAABgQC00IaJjJYdDj4mbFdYGmvdDk/WrsMAGjSHEVojakW1brXetOB9NKTxhIZDNZeaXnkdCRnfl+IS/9JssoodguVcZ0JgmkO8BFJfNl5W87Rg8i6CJW2rVh36kUx5vzN1ILAtlKKjEg2cWM2oJnX+1LOyMiBdZFhcEqPjwX6/RYIAaY6JjZoKe99OlzQ28wZY21Ax0BLQP6xEKIeAIO85iHXsldxD0AnCm/aAr6YeD+tZzCTkoGR3IkZvS13rgRdAlSUq3TNNF+yOXNwef13OxdPwXW81SWh9o3NAyRg07BAKsMvVU/Y84agyajx8aIo5dQiL4p4GIcjmbyGo8So0ZZauWwOkNt6euCxxqdfRWE63+7PQ0N81muWDlWfQlTf3r7pi2PAUkQ8dW8V8cLHNolGxdG9JFytNIVegscXIsGzXNrZHATcEkgxF+1TiAseD/Y6Dv4qS/eMYeQZjeNdlCwRicJglyiF6cXIvb8EEikI/DcjvnHK+hYgMiQQE40xXcKU= ceph-ba9433aa-cfef-11ee-95bb-87774f69a715' | sudo tee -a /root/.ssh/authorized_keys && sudo chmod 0600 /root/.ssh/authorized_keys
2024-02-20T13:00:19.000 INFO:teuthology.orchestra.run.smithi133.stdout:ssh-rsa AAAAB3NzaC1yc2EAAAADAQABAAABgQC00IaJjJYdDj4mbFdYGmvdDk/WrsMAGjSHEVojakW1brXetOB9NKTxhIZDNZeaXnkdCRnfl+IS/9JssoodguVcZ0JgmkO8BFJfNl5W87Rg8i6CJW2rVh36kUx5vzN1ILAtlKKjEg2cWM2oJnX+1LOyMiBdZFhcEqPjwX6/RYIAaY6JjZoKe99OlzQ28wZY21Ax0BLQP6xEKIeAIO85iHXsldxD0AnCm/aAr6YeD+tZzCTkoGR3IkZvS13rgRdAlSUq3TNNF+yOXNwef13OxdPwXW81SWh9o3NAyRg07BAKsMvVU/Y84agyajx8aIo5dQiL4p4GIcjmbyGo8So0ZZauWwOkNt6euCxxqdfRWE63+7PQ0N81muWDlWfQlTf3r7pi2PAUkQ8dW8V8cLHNolGxdG9JFytNIVegscXIsGzXNrZHATcEkgxF+1TiAseD/Y6Dv4qS/eMYeQZjeNdlCwRicJglyiF6cXIvb8EEikI/DcjvnHK+hYgMiQQE40xXcKU= ceph-ba9433aa-cfef-11ee-95bb-87774f69a715
2024-02-20T13:00:19.010 DEBUG:teuthology.orchestra.run.smithi157:> sudo install -d -m 0700 /root/.ssh && echo 'ssh-rsa AAAAB3NzaC1yc2EAAAADAQABAAABgQC00IaJjJYdDj4mbFdYGmvdDk/WrsMAGjSHEVojakW1brXetOB9NKTxhIZDNZeaXnkdCRnfl+IS/9JssoodguVcZ0JgmkO8BFJfNl5W87Rg8i6CJW2rVh36kUx5vzN1ILAtlKKjEg2cWM2oJnX+1LOyMiBdZFhcEqPjwX6/RYIAaY6JjZoKe99OlzQ28wZY21Ax0BLQP6xEKIeAIO85iHXsldxD0AnCm/aAr6YeD+tZzCTkoGR3IkZvS13rgRdAlSUq3TNNF+yOXNwef13OxdPwXW81SWh9o3NAyRg07BAKsMvVU/Y84agyajx8aIo5dQiL4p4GIcjmbyGo8So0ZZauWwOkNt6euCxxqdfRWE63+7PQ0N81muWDlWfQlTf3r7pi2PAUkQ8dW8V8cLHNolGxdG9JFytNIVegscXIsGzXNrZHATcEkgxF+1TiAseD/Y6Dv4qS/eMYeQZjeNdlCwRicJglyiF6cXIvb8EEikI/DcjvnHK+hYgMiQQE40xXcKU= ceph-ba9433aa-cfef-11ee-95bb-87774f69a715' | sudo tee -a /root/.ssh/authorized_keys && sudo chmod 0600 /root/.ssh/authorized_keys
2024-02-20T13:00:19.057 INFO:teuthology.orchestra.run.smithi157.stdout:ssh-rsa AAAAB3NzaC1yc2EAAAADAQABAAABgQC00IaJjJYdDj4mbFdYGmvdDk/WrsMAGjSHEVojakW1brXetOB9NKTxhIZDNZeaXnkdCRnfl+IS/9JssoodguVcZ0JgmkO8BFJfNl5W87Rg8i6CJW2rVh36kUx5vzN1ILAtlKKjEg2cWM2oJnX+1LOyMiBdZFhcEqPjwX6/RYIAaY6JjZoKe99OlzQ28wZY21Ax0BLQP6xEKIeAIO85iHXsldxD0AnCm/aAr6YeD+tZzCTkoGR3IkZvS13rgRdAlSUq3TNNF+yOXNwef13OxdPwXW81SWh9o3NAyRg07BAKsMvVU/Y84agyajx8aIo5dQiL4p4GIcjmbyGo8So0ZZauWwOkNt6euCxxqdfRWE63+7PQ0N81muWDlWfQlTf3r7pi2PAUkQ8dW8V8cLHNolGxdG9JFytNIVegscXIsGzXNrZHATcEkgxF+1TiAseD/Y6Dv4qS/eMYeQZjeNdlCwRicJglyiF6cXIvb8EEikI/DcjvnHK+hYgMiQQE40xXcKU= ceph-ba9433aa-cfef-11ee-95bb-87774f69a715
2024-02-20T13:00:19.069 DEBUG:teuthology.orchestra.run.smithi133:> sudo /home/ubuntu/cephtest/cephadm --image docker.io/ceph/ceph:v16.2.4 shell -c /etc/ceph/ceph.conf -k /etc/ceph/ceph.client.admin.keyring --fsid ba9433aa-cfef-11ee-95bb-87774f69a715 -- ceph config set mgr mgr/cephadm/allow_ptrace true
2024-02-20T13:00:20.302 INFO:journalctl@ceph.mon.smithi133.smithi133.stdout:Feb 20 13:00:20 smithi133 ceph-ba9433aa-cfef-11ee-95bb-87774f69a715-mon.smithi133[38235]: cluster
2024-02-20T13:00:19.035196+0000 mon.smithi133 (mon.0) 108 : cluster [DBG] mgrmap e17: smithi133.gmzmpa(active, since 6s)
2024-02-20T13:00:21.547 INFO:teuthology.orchestra.run.smithi133.stderr:2024-02-20T13:00:21.516+0000 7fef6c58e700 1 -- 172.21.15.133:0/3851025582 >> [v2:172.21.15.133:3300/0,v1:172.21.15.133:6789/0] conn(0x7fef640f6510 msgr2=0x7fef640f6930 secure :-1 s=STATE_CONNECTION_ESTABLISHED l=1).mark_down
2024-02-20T13:00:21.547 INFO:teuthology.orchestra.run.smithi133.stderr:2024-02-20T13:00:21.516+0000 7fef6c58e700 1 --2- 172.21.15.133:0/3851025582 >> [v2:172.21.15.133:3300/0,v1:172.21.15.133:6789/0] conn(0x7fef640f6510 0x7fef640f6930 secure :-1 s=READY pgs=85 cs=0 l=1 rev1=1 rx=0x7fef54009fb0 tx=0x7fef54009b30).stop
2024-02-20T13:00:21.547 INFO:teuthology.orchestra.run.smithi133.stderr:2024-02-20T13:00:21.516+0000 7fef6c58e700 1 -- 172.21.15.133:0/3851025582 shutdown_connections
2024-02-20T13:00:21.547 INFO:teuthology.orchestra.run.smithi133.stderr:2024-02-20T13:00:21.516+0000 7fef6c58e700 1 --2- 172.21.15.133:0/3851025582 >> [v2:172.21.15.133:3300/0,v1:172.21.15.133:6789/0] conn(0x7fef640f6510 0x7fef640f6930 unknown :-1 s=CLOSED pgs=85 cs=0 l=1 rev1=1 rx=0 tx=0).stop
2024-02-20T13:00:21.547 INFO:teuthology.orchestra.run.smithi133.stderr:2024-02-20T13:00:21.516+0000 7fef6c58e700 1 -- 172.21.15.133:0/3851025582 >> 172.21.15.133:0/3851025582 conn(0x7fef640f1c70 msgr2=0x7fef640f4090 unknown :-1 s=STATE_NONE l=0).mark_down
2024-02-20T13:00:21.547 INFO:teuthology.orchestra.run.smithi133.stderr:2024-02-20T13:00:21.516+0000 7fef6c58e700 1 -- 172.21.15.133:0/3851025582 shutdown_connections
2024-02-20T13:00:21.547 INFO:teuthology.orchestra.run.smithi133.stderr:2024-02-20T13:00:21.516+0000 7fef6c58e700 1 -- 172.21.15.133:0/3851025582 wait complete.
2024-02-20T13:00:21.547 INFO:teuthology.orchestra.run.smithi133.stderr:2024-02-20T13:00:21.517+0000 7fef6c58e700 1 Processor -- start
2024-02-20T13:00:21.547 INFO:teuthology.orchestra.run.smithi133.stderr:2024-02-20T13:00:21.517+0000 7fef6c58e700 1 -- start start
2024-02-20T13:00:21.548 INFO:teuthology.orchestra.run.smithi133.stderr:2024-02-20T13:00:21.517+0000 7fef6c58e700 1 --2- >> [v2:172.21.15.133:3300/0,v1:172.21.15.133:6789/0] conn(0x7fef640f6510 0x7fef641066d0 unknown :-1 s=NONE pgs=0 cs=0 l=1 rev1=0 rx=0 tx=0).connect
2024-02-20T13:00:21.548 INFO:teuthology.orchestra.run.smithi133.stderr:2024-02-20T13:00:21.517+0000 7fef6c58e700 1 -- --> [v2:172.21.15.133:3300/0,v1:172.21.15.133:6789/0] -- mon_getmap magic: 0 v1 -- 0x7fef64106bc0 con 0x7fef640f6510
2024-02-20T13:00:21.548 INFO:teuthology.orchestra.run.smithi133.stderr:2024-02-20T13:00:21.517+0000 7fef6a32a700 1 --2- >> [v2:172.21.15.133:3300/0,v1:172.21.15.133:6789/0] conn(0x7fef640f6510 0x7fef641066d0 unknown :-1 s=BANNER_CONNECTING pgs=0 cs=0 l=1 rev1=0 rx=0 tx=0)._handle_peer_banner_payload supported=1 required=0
2024-02-20T13:00:21.548 INFO:teuthology.orchestra.run.smithi133.stderr:2024-02-20T13:00:21.517+0000 7fef6a32a700 1 --2- >> [v2:172.21.15.133:3300/0,v1:172.21.15.133:6789/0] conn(0x7fef640f6510 0x7fef641066d0 unknown :-1 s=HELLO_CONNECTING pgs=0 cs=0 l=1 rev1=1 rx=0 tx=0).handle_hello peer v2:172.21.15.133:3300/0 says I am v2:172.21.15.133:52878/0 (socket says 172.21.15.133:52878)
2024-02-20T13:00:21.548 INFO:teuthology.orchestra.run.smithi133.stderr:2024-02-20T13:00:21.517+0000 7fef6a32a700 1 -- 172.21.15.133:0/718001542 learned_addr learned my addr 172.21.15.133:0/718001542 (peer_addr_for_me v2:172.21.15.133:0/0)
2024-02-20T13:00:21.548 INFO:teuthology.orchestra.run.smithi133.stderr:2024-02-20T13:00:21.517+0000 7fef6a32a700 1 -- 172.21.15.133:0/718001542 --> [v2:172.21.15.133:3300/0,v1:172.21.15.133:6789/0] -- mon_subscribe({config=0+,monmap=0+}) v3 -- 0x7fef54005040 con 0x7fef640f6510
2024-02-20T13:00:21.548 INFO:teuthology.orchestra.run.smithi133.stderr:2024-02-20T13:00:21.518+0000 7fef6a32a700 1 --2- 172.21.15.133:0/718001542 >> [v2:172.21.15.133:3300/0,v1:172.21.15.133:6789/0] conn(0x7fef640f6510 0x7fef641066d0 secure :-1 s=READY pgs=86 cs=0 l=1 rev1=1 rx=0x7fef54013fa0 tx=0x7fef5400b040).ready entity=mon.0 client_cookie=0 server_cookie=0 in_seq=0 out_seq=0
2024-02-20T13:00:21.548 INFO:teuthology.orchestra.run.smithi133.stderr:2024-02-20T13:00:21.518+0000 7fef5affd700 1 -- 172.21.15.133:0/718001542 <== mon.0 v2:172.21.15.133:3300/0 1 ==== mon_map magic: 0 v1 ==== 229+0+0 (secure 0 0 0) 0x7fef540095f0 con 0x7fef640f6510
2024-02-20T13:00:21.548 INFO:teuthology.orchestra.run.smithi133.stderr:2024-02-20T13:00:21.518+0000 7fef5affd700 1 -- 172.21.15.133:0/718001542 <== mon.0 v2:172.21.15.133:3300/0 2 ==== config(25 keys) v1 ==== 983+0+0 (secure 0 0 0) 0x7fef54007e10 con 0x7fef640f6510
2024-02-20T13:00:21.548 INFO:teuthology.orchestra.run.smithi133.stderr:2024-02-20T13:00:21.518+0000 7fef6c58e700 1 -- 172.21.15.133:0/718001542 --> [v2:172.21.15.133:3300/0,v1:172.21.15.133:6789/0] -- mon_subscribe({mgrmap=0+}) v3 -- 0x7fef64106dc0 con 0x7fef640f6510
2024-02-20T13:00:21.548 INFO:teuthology.orchestra.run.smithi133.stderr:2024-02-20T13:00:21.518+0000 7fef5affd700 1 -- 172.21.15.133:0/718001542 <== mon.0 v2:172.21.15.133:3300/0 3 ==== mon_map magic: 0 v1 ==== 229+0+0 (secure 0 0 0) 0x7fef54014d40 con 0x7fef640f6510
2024-02-20T13:00:21.548 INFO:teuthology.orchestra.run.smithi133.stderr:2024-02-20T13:00:21.518+0000 7fef6c58e700 1 -- 172.21.15.133:0/718001542 --> [v2:172.21.15.133:3300/0,v1:172.21.15.133:6789/0] -- mon_subscribe({osdmap=0}) v3 -- 0x7fef64107250 con 0x7fef640f6510
2024-02-20T13:00:21.548 INFO:teuthology.orchestra.run.smithi133.stderr:2024-02-20T13:00:21.518+0000 7fef5affd700 1 -- 172.21.15.133:0/718001542 <== mon.0 v2:172.21.15.133:3300/0 4 ==== mgrmap(e 17) v1 ==== 36269+0+0 (secure 0 0 0) 0x7fef54025070 con 0x7fef640f6510
2024-02-20T13:00:21.548 INFO:teuthology.orchestra.run.smithi133.stderr:2024-02-20T13:00:21.518+0000 7fef6c58e700 1 -- 172.21.15.133:0/718001542 --> [v2:172.21.15.133:3300/0,v1:172.21.15.133:6789/0] -- mon_command({"prefix": "get_command_descriptions"} v 0) v1 -- 0x7fef64045ad0 con 0x7fef640f6510
2024-02-20T13:00:21.549 INFO:teuthology.orchestra.run.smithi133.stderr:2024-02-20T13:00:21.519+0000 7fef5affd700 1 --2- 172.21.15.133:0/718001542 >> [v2:172.21.15.133:6800/4033027774,v1:172.21.15.133:6801/4033027774] conn(0x7fef5002ff60 0x7fef50032420 unknown :-1 s=NONE pgs=0 cs=0 l=1 rev1=0 rx=0 tx=0).connect
2024-02-20T13:00:21.549 INFO:teuthology.orchestra.run.smithi133.stderr:2024-02-20T13:00:21.519+0000 7fef5affd700 1 -- 172.21.15.133:0/718001542 <== mon.0 v2:172.21.15.133:3300/0 5 ==== osd_map(4..4 src has 1..4) v4 ==== 1237+0+0 (secure 0 0 0) 0x7fef54040b20 con 0x7fef640f6510
2024-02-20T13:00:21.549 INFO:teuthology.orchestra.run.smithi133.stderr:2024-02-20T13:00:21.519+0000 7fef69b29700 1 --2- 172.21.15.133:0/718001542 >> [v2:172.21.15.133:6800/4033027774,v1:172.21.15.133:6801/4033027774] conn(0x7fef5002ff60 0x7fef50032420 unknown :-1 s=BANNER_CONNECTING pgs=0 cs=0 l=1 rev1=0 rx=0 tx=0)._handle_peer_banner_payload supported=1 required=0
2024-02-20T13:00:21.549 INFO:teuthology.orchestra.run.smithi133.stderr:2024-02-20T13:00:21.519+0000 7fef69b29700 1 --2- 172.21.15.133:0/718001542 >> [v2:172.21.15.133:6800/4033027774,v1:172.21.15.133:6801/4033027774] conn(0x7fef5002ff60 0x7fef50032420 secure :-1 s=READY pgs=9 cs=0 l=1 rev1=1 rx=0x7fef600096a0 tx=0x7fef60006b40).ready entity=mgr.14162 client_cookie=0 server_cookie=0 in_seq=0 out_seq=0
2024-02-20T13:00:21.549 INFO:teuthology.orchestra.run.smithi133.stderr:2024-02-20T13:00:21.523+0000 7fef5affd700 1 -- 172.21.15.133:0/718001542 <== mon.0 v2:172.21.15.133:3300/0 6 ==== mon_command_ack([{"prefix": "get_command_descriptions"}]=0 v0) v1 ==== 72+0+152212 (secure 0 0 0) 0x7fef5400f300 con 0x7fef640f6510
2024-02-20T13:00:21.678 INFO:teuthology.orchestra.run.smithi133.stderr:2024-02-20T13:00:21.677+0000 7fef6c58e700 1 -- 172.21.15.133:0/718001542 --> [v2:172.21.15.133:3300/0,v1:172.21.15.133:6789/0] -- mon_command([{prefix=config set, name=mgr/cephadm/allow_ptrace}] v 0) v1 -- 0x7fef640fbf10 con 0x7fef640f6510
2024-02-20T13:00:21.681 INFO:teuthology.orchestra.run.smithi133.stderr:2024-02-20T13:00:21.680+0000 7fef5affd700 1 -- 172.21.15.133:0/718001542 <== mon.0 v2:172.21.15.133:3300/0 7 ==== mon_command_ack([{prefix=config set, name=mgr/cephadm/allow_ptrace}]=0 v10)=0 v10) v1 ==== 125+0+0 (secure 0 0 0) 0x7fef5400f300 con 0x7fef640f6510
2024-02-20T13:00:21.683 INFO:teuthology.orchestra.run.smithi133.stderr:2024-02-20T13:00:21.682+0000 7fef6c58e700 1 -- 172.21.15.133:0/718001542 >> [v2:172.21.15.133:6800/4033027774,v1:172.21.15.133:6801/4033027774] conn(0x7fef5002ff60 msgr2=0x7fef50032420 secure :-1 s=STATE_CONNECTION_ESTABLISHED l=1).mark_down
2024-02-20T13:00:21.683 INFO:teuthology.orchestra.run.smithi133.stderr:2024-02-20T13:00:21.682+0000 7fef6c58e700 1 --2- 172.21.15.133:0/718001542 >> [v2:172.21.15.133:6800/4033027774,v1:172.21.15.133:6801/4033027774] conn(0x7fef5002ff60 0x7fef50032420 secure :-1 s=READY pgs=9 cs=0 l=1 rev1=1 rx=0x7fef600096a0 tx=0x7fef60006b40).stop
2024-02-20T13:00:21.683 INFO:teuthology.orchestra.run.smithi133.stderr:2024-02-20T13:00:21.682+0000 7fef6c58e700 1 -- 172.21.15.133:0/718001542 >> [v2:172.21.15.133:3300/0,v1:172.21.15.133:6789/0] conn(0x7fef640f6510 msgr2=0x7fef641066d0 secure :-1 s=STATE_CONNECTION_ESTABLISHED l=1).mark_down
2024-02-20T13:00:21.683 INFO:teuthology.orchestra.run.smithi133.stderr:2024-02-20T13:00:21.682+0000 7fef6c58e700 1 --2- 172.21.15.133:0/718001542 >> [v2:172.21.15.133:3300/0,v1:172.21.15.133:6789/0] conn(0x7fef640f6510 0x7fef641066d0 secure :-1 s=READY pgs=86 cs=0 l=1 rev1=1 rx=0x7fef54013fa0 tx=0x7fef5400b040).stop
2024-02-20T13:00:21.683 INFO:teuthology.orchestra.run.smithi133.stderr:2024-02-20T13:00:21.682+0000 7fef6c58e700 1 -- 172.21.15.133:0/718001542 shutdown_connections
2024-02-20T13:00:21.683 INFO:teuthology.orchestra.run.smithi133.stderr:2024-02-20T13:00:21.682+0000 7fef6c58e700 1 --2- 172.21.15.133:0/718001542 >> [v2:172.21.15.133:6800/4033027774,v1:172.21.15.133:6801/4033027774] conn(0x7fef5002ff60 0x7fef50032420 unknown :-1 s=CLOSED pgs=9 cs=0 l=1 rev1=1 rx=0 tx=0).stop
2024-02-20T13:00:21.683 INFO:teuthology.orchestra.run.smithi133.stderr:2024-02-20T13:00:21.682+0000 7fef6c58e700 1 --2- 172.21.15.133:0/718001542 >> [v2:172.21.15.133:3300/0,v1:172.21.15.133:6789/0] conn(0x7fef640f6510 0x7fef641066d0 unknown :-1 s=CLOSED pgs=86 cs=0 l=1 rev1=1 rx=0 tx=0).stop
2024-02-20T13:00:21.683 INFO:teuthology.orchestra.run.smithi133.stderr:2024-02-20T13:00:21.682+0000 7fef6c58e700 1 -- 172.21.15.133:0/718001542 >> 172.21.15.133:0/718001542 conn(0x7fef640f1c70 msgr2=0x7fef640f2740 unknown :-1 s=STATE_NONE l=0).mark_down
2024-02-20T13:00:21.684 INFO:teuthology.orchestra.run.smithi133.stderr:2024-02-20T13:00:21.682+0000 7fef6c58e700 1 -- 172.21.15.133:0/718001542 shutdown_connections
2024-02-20T13:00:21.684 INFO:teuthology.orchestra.run.smithi133.stderr:2024-02-20T13:00:21.682+0000 7fef6c58e700 1 -- 172.21.15.133:0/718001542 wait complete.
2024-02-20T13:00:22.419 INFO:tasks.cephadm:Writing (initial) conf and keyring to smithi157
2024-02-20T13:00:22.419 DEBUG:teuthology.orchestra.run.smithi157:> set -ex
2024-02-20T13:00:22.419 DEBUG:teuthology.orchestra.run.smithi157:> dd of=/etc/ceph/ceph.conf
2024-02-20T13:00:22.441 DEBUG:teuthology.orchestra.run.smithi157:> set -ex
2024-02-20T13:00:22.441 DEBUG:teuthology.orchestra.run.smithi157:> dd of=/etc/ceph/ceph.client.admin.keyring
2024-02-20T13:00:22.502 INFO:tasks.cephadm:Adding host smithi157 to orchestrator...
2024-02-20T13:00:22.502 DEBUG:teuthology.orchestra.run.smithi133:> sudo /home/ubuntu/cephtest/cephadm --image docker.io/ceph/ceph:v16.2.4 shell -c /etc/ceph/ceph.conf -k /etc/ceph/ceph.client.admin.keyring --fsid ba9433aa-cfef-11ee-95bb-87774f69a715 -- ceph orch host add smithi157
2024-02-20T13:00:22.802 INFO:journalctl@ceph.mon.smithi133.smithi133.stdout:Feb 20 13:00:22 smithi133 ceph-ba9433aa-cfef-11ee-95bb-87774f69a715-mon.smithi133[38235]: audit
2024-02-20T13:00:21.681453+0000 mon.smithi133 (mon.0) 109 : audit [INF] from='client.? 172.21.15.133:0/718001542' entity='client.admin'
2024-02-20T13:00:24.240 INFO:journalctl@ceph.mon.smithi133.smithi133.stdout:Feb 20 13:00:23 smithi133 ceph-ba9433aa-cfef-11ee-95bb-87774f69a715-mon.smithi133[38235]: audit
2024-02-20T13:00:22.955442+0000 mon.smithi133 (mon.0) 110 : audit [INF] from='mgr.14162 172.21.15.133:0/727513385' entity='mgr.smithi133.gmzmpa'
2024-02-20T13:00:24.241 INFO:journalctl@ceph.mon.smithi133.smithi133.stdout:Feb 20 13:00:23 smithi133 ceph-ba9433aa-cfef-11ee-95bb-87774f69a715-mon.smithi133[38235]: audit
2024-02-20T13:00:23.191809+0000 mon.smithi133 (mon.0) 111 : audit [INF] from='mgr.14162 172.21.15.133:0/727513385' entity='mgr.smithi133.gmzmpa'
2024-02-20T13:00:24.853 INFO:teuthology.orchestra.run.smithi133.stderr:2024-02-20T13:00:24.852+0000 7f3bb1eb7700 1 -- 172.21.15.133:0/3782645018 >> [v2:172.21.15.133:3300/0,v1:172.21.15.133:6789/0] conn(0x7f3bac0f51a0 msgr2=0x7f3bac0f55c0 secure :-1 s=STATE_CONNECTION_ESTABLISHED l=1).mark_down
2024-02-20T13:00:24.853 INFO:teuthology.orchestra.run.smithi133.stderr:2024-02-20T13:00:24.852+0000 7f3bb1eb7700 1 --2- 172.21.15.133:0/3782645018 >> [v2:172.21.15.133:3300/0,v1:172.21.15.133:6789/0] conn(0x7f3bac0f51a0 0x7f3bac0f55c0 secure :-1 s=READY pgs=87 cs=0 l=1 rev1=1 rx=0x7f3ba4009960 tx=0x7f3ba4004d10).stop
2024-02-20T13:00:24.853 INFO:teuthology.orchestra.run.smithi133.stderr:2024-02-20T13:00:24.852+0000 7f3bb1eb7700 1 -- 172.21.15.133:0/3782645018 shutdown_connections
2024-02-20T13:00:24.853 INFO:teuthology.orchestra.run.smithi133.stderr:2024-02-20T13:00:24.852+0000 7f3bb1eb7700 1 --2- 172.21.15.133:0/3782645018 >> [v2:172.21.15.133:3300/0,v1:172.21.15.133:6789/0] conn(0x7f3bac0f51a0 0x7f3bac0f55c0 unknown :-1 s=CLOSED pgs=87 cs=0 l=1 rev1=1 rx=0 tx=0).stop
