2024-02-20T12:59:43.051+0000 7f9f61ffb700 1 -- 172.21.15.133:0/3832094203 <== mon.0 v2:172.21.15.133:3300/0 1 ==== mon_map magic: 0 v1 ==== 229+0+0 (secure 0 0 0) 0x7f9f6400f870 con 0x7f9f700fc2b0
2024-02-20T12:59:43.055 INFO:teuthology.orchestra.run.smithi133.stderr:/usr/bin/ceph:
2024-02-20T12:59:43.051+0000 7f9f77759700 1 -- 172.21.15.133:0/3832094203 --> [v2:172.21.15.133:3300/0,v1:172.21.15.133:6789/0] -- mon_subscribe({mgrmap=0+}) v3 -- 0x7f9f7010d500 con 0x7f9f700fc2b0
2024-02-20T12:59:43.055 INFO:teuthology.orchestra.run.smithi133.stderr:/usr/bin/ceph:
2024-02-20T12:59:43.051+0000 7f9f61ffb700 1 -- 172.21.15.133:0/3832094203 <== mon.0 v2:172.21.15.133:3300/0 2 ==== config(25 keys) v1 ==== 983+0+0 (secure 0 0 0) 0x7f9f6400fe20 con 0x7f9f700fc2b0
2024-02-20T12:59:43.055 INFO:teuthology.orchestra.run.smithi133.stderr:/usr/bin/ceph:
2024-02-20T12:59:43.051+0000 7f9f61ffb700 1 -- 172.21.15.133:0/3832094203 <== mon.0 v2:172.21.15.133:3300/0 3 ==== mon_map magic: 0 v1 ==== 229+0+0 (secure 0 0 0) 0x7f9f64019da0 con 0x7f9f700fc2b0
2024-02-20T12:59:43.055 INFO:teuthology.orchestra.run.smithi133.stderr:/usr/bin/ceph:
2024-02-20T12:59:43.051+0000 7f9f77759700 1 -- 172.21.15.133:0/3832094203 --> [v2:172.21.15.133:3300/0,v1:172.21.15.133:6789/0] -- mon_subscribe({osdmap=0}) v3 -- 0x7f9f7010d910 con 0x7f9f700fc2b0
2024-02-20T12:59:43.055 INFO:teuthology.orchestra.run.smithi133.stderr:/usr/bin/ceph:
2024-02-20T12:59:43.052+0000 7f9f61ffb700 1 -- 172.21.15.133:0/3832094203 <== mon.0 v2:172.21.15.133:3300/0 4 ==== mgrmap(e 8) v1 ==== 36120+0+0 (secure 0 0 0) 0x7f9f64016030 con 0x7f9f700fc2b0
2024-02-20T12:59:43.055 INFO:teuthology.orchestra.run.smithi133.stderr:/usr/bin/ceph:
2024-02-20T12:59:43.052+0000 7f9f77759700 1 -- 172.21.15.133:0/3832094203 --> [v2:172.21.15.133:3300/0,v1:172.21.15.133:6789/0] -- mon_command({"prefix": "get_command_descriptions"} v 0) v1 -- 0x7f9f70045ad0 con 0x7f9f700fc2b0
2024-02-20T12:59:43.055 INFO:teuthology.orchestra.run.smithi133.stderr:/usr/bin/ceph:
2024-02-20T12:59:43.052+0000 7f9f61ffb700 1 --2- 172.21.15.133:0/3832094203 >> [v2:172.21.15.133:6800/1248899614,v1:172.21.15.133:6801/1248899614] conn(0x7f9f5802fd50 0x7f9f58032210 unknown :-1 s=NONE pgs=0 cs=0 l=1 rev1=0 rx=0 tx=0).connect
2024-02-20T12:59:43.055 INFO:teuthology.orchestra.run.smithi133.stderr:/usr/bin/ceph:
2024-02-20T12:59:43.052+0000 7f9f61ffb700 1 -- 172.21.15.133:0/3832094203 <== mon.0 v2:172.21.15.133:3300/0 5 ==== osd_map(2..2 src has 1..2) v4 ==== 893+0+0 (secure 0 0 0) 0x7f9f64041e70 con 0x7f9f700fc2b0
2024-02-20T12:59:43.055 INFO:teuthology.orchestra.run.smithi133.stderr:/usr/bin/ceph:
2024-02-20T12:59:43.052+0000 7f9f74cf4700 1 --2- 172.21.15.133:0/3832094203 >> [v2:172.21.15.133:6800/1248899614,v1:172.21.15.133:6801/1248899614] conn(0x7f9f5802fd50 0x7f9f58032210 unknown :-1 s=BANNER_CONNECTING pgs=0 cs=0 l=1 rev1=0 rx=0 tx=0)._handle_peer_banner_payload supported=1 required=0
2024-02-20T12:59:43.056 INFO:teuthology.orchestra.run.smithi133.stderr:/usr/bin/ceph:
2024-02-20T12:59:43.053+0000 7f9f74cf4700 1 --2- 172.21.15.133:0/3832094203 >> [v2:172.21.15.133:6800/1248899614,v1:172.21.15.133:6801/1248899614] conn(0x7f9f5802fd50 0x7f9f58032210 secure :-1 s=READY pgs=8 cs=0 l=1 rev1=1 rx=0x7f9f6c0096a0 tx=0x7f9f6c006b40).ready entity=mgr.14114 client_cookie=0 server_cookie=0 in_seq=0 out_seq=0
2024-02-20T12:59:43.057 INFO:teuthology.orchestra.run.smithi133.stderr:/usr/bin/ceph:
2024-02-20T12:59:43.056+0000 7f9f61ffb700 1 -- 172.21.15.133:0/3832094203 <== mon.0 v2:172.21.15.133:3300/0 6 ==== mon_command_ack([{"prefix": "get_command_descriptions"}]=0 v0) v1 ==== 72+0+152212 (secure 0 0 0) 0x7f9f64018eb0 con 0x7f9f700fc2b0
2024-02-20T12:59:43.211 INFO:teuthology.orchestra.run.smithi133.stderr:/usr/bin/ceph:
2024-02-20T12:59:43.209+0000 7f9f77759700 1 -- 172.21.15.133:0/3832094203 --> [v2:172.21.15.133:6800/1248899614,v1:172.21.15.133:6801/1248899614] -- mgr_command(tid 0: {"prefix": "cephadm generate-key", "target": ["mon-mgr", ""]}) v1 -- 0x7f9f70102810 con 0x7f9f5802fd50
2024-02-20T12:59:43.330 INFO:teuthology.orchestra.run.smithi133.stderr:/usr/bin/ceph:
2024-02-20T12:59:43.328+0000 7f9f61ffb700 1 -- 172.21.15.133:0/3832094203 <== mgr.14114 v2:172.21.15.133:6800/1248899614 1 ==== mgr_command_reply(tid 0: 0 ) v1 ==== 8+0+0 (secure 0 0 0) 0x7f9f70102810 con 0x7f9f5802fd50
2024-02-20T12:59:43.332 INFO:teuthology.orchestra.run.smithi133.stderr:/usr/bin/ceph:
2024-02-20T12:59:43.330+0000 7f9f77759700 1 -- 172.21.15.133:0/3832094203 >> [v2:172.21.15.133:6800/1248899614,v1:172.21.15.133:6801/1248899614] conn(0x7f9f5802fd50 msgr2=0x7f9f58032210 secure :-1 s=STATE_CONNECTION_ESTABLISHED l=1).mark_down
2024-02-20T12:59:43.333 INFO:teuthology.orchestra.run.smithi133.stderr:/usr/bin/ceph:
2024-02-20T12:59:43.330+0000 7f9f77759700 1 --2- 172.21.15.133:0/3832094203 >> [v2:172.21.15.133:6800/1248899614,v1:172.21.15.133:6801/1248899614] conn(0x7f9f5802fd50 0x7f9f58032210 secure :-1 s=READY pgs=8 cs=0 l=1 rev1=1 rx=0x7f9f6c0096a0 tx=0x7f9f6c006b40).stop
2024-02-20T12:59:43.333 INFO:teuthology.orchestra.run.smithi133.stderr:/usr/bin/ceph:
2024-02-20T12:59:43.330+0000 7f9f77759700 1 -- 172.21.15.133:0/3832094203 >> [v2:172.21.15.133:3300/0,v1:172.21.15.133:6789/0] conn(0x7f9f700fc2b0 msgr2=0x7f9f7010ce10 secure :-1 s=STATE_CONNECTION_ESTABLISHED l=1).mark_down
2024-02-20T12:59:43.333 INFO:teuthology.orchestra.run.smithi133.stderr:/usr/bin/ceph:
2024-02-20T12:59:43.330+0000 7f9f77759700 1 --2- 172.21.15.133:0/3832094203 >> [v2:172.21.15.133:3300/0,v1:172.21.15.133:6789/0] conn(0x7f9f700fc2b0 0x7f9f7010ce10 secure :-1 s=READY pgs=34 cs=0 l=1 rev1=1 rx=0x7f9f640109c0 tx=0x7f9f64006f70).stop
2024-02-20T12:59:43.333 INFO:teuthology.orchestra.run.smithi133.stderr:/usr/bin/ceph:
2024-02-20T12:59:43.330+0000 7f9f77759700 1 -- 172.21.15.133:0/3832094203 shutdown_connections
2024-02-20T12:59:43.333 INFO:teuthology.orchestra.run.smithi133.stderr:/usr/bin/ceph:
2024-02-20T12:59:43.330+0000 7f9f77759700 1 --2- 172.21.15.133:0/3832094203 >> [v2:172.21.15.133:6800/1248899614,v1:172.21.15.133:6801/1248899614] conn(0x7f9f5802fd50 0x7f9f58032210 unknown :-1 s=CLOSED pgs=8 cs=0 l=1 rev1=1 rx=0 tx=0).stop
2024-02-20T12:59:43.333 INFO:teuthology.orchestra.run.smithi133.stderr:/usr/bin/ceph:
2024-02-20T12:59:43.330+0000 7f9f77759700 1 --2- 172.21.15.133:0/3832094203 >> [v2:172.21.15.133:3300/0,v1:172.21.15.133:6789/0] conn(0x7f9f700fc2b0 0x7f9f7010ce10 unknown :-1 s=CLOSED pgs=34 cs=0 l=1 rev1=1 rx=0 tx=0).stop
2024-02-20T12:59:43.333 INFO:teuthology.orchestra.run.smithi133.stderr:/usr/bin/ceph:
2024-02-20T12:59:43.330+0000 7f9f77759700 1 -- 172.21.15.133:0/3832094203 >> 172.21.15.133:0/3832094203 conn(0x7f9f700f6400 msgr2=0x7f9f700ff990 unknown :-1 s=STATE_NONE l=0).mark_down
2024-02-20T12:59:43.333 INFO:teuthology.orchestra.run.smithi133.stderr:/usr/bin/ceph:
2024-02-20T12:59:43.331+0000 7f9f77759700 1 -- 172.21.15.133:0/3832094203 shutdown_connections
2024-02-20T12:59:43.333 INFO:teuthology.orchestra.run.smithi133.stderr:/usr/bin/ceph:
2024-02-20T12:59:43.331+0000 7f9f77759700 1 -- 172.21.15.133:0/3832094203 wait complete.
2024-02-20T12:59:43.551 INFO:journalctl@ceph.mon.smithi133.smithi133.stdout:Feb 20 12:59:43 smithi133 ceph-ba9433aa-cfef-11ee-95bb-87774f69a715-mon.smithi133[38235]: audit
2024-02-20T12:59:41.775255+0000 mgr.smithi133.gmzmpa (mgr.14114) 4 : audit [DBG] from='client.14126 -' entity='client.admin' cmd=[{"prefix": "cephadm set-user", "user": "root", "target": ["mon-mgr", ""]}]: dispatch
2024-02-20T12:59:43.909 INFO:teuthology.orchestra.run.smithi133.stderr:Running command: /bin/podman run --rm --ipc=host --no-hosts --net=host --entrypoint /usr/bin/ceph --init -e CONTAINER_IMAGE=docker.io/ceph/ceph:v16.2.4 -e NODE_NAME=smithi133 -e CEPH_USE_RANDOM_NONCE=1 -v /var/log/ceph/ba9433aa-cfef-11ee-95bb-87774f69a715:/var/log/ceph:z -v /tmp/ceph-tmpd6wy7wm6:/etc/ceph/ceph.client.admin.keyring:z -v /tmp/ceph-tmpt984cog1:/etc/ceph/ceph.conf:z docker.io/ceph/ceph:v16.2.4 cephadm get-pub-key
2024-02-20T12:59:44.425 INFO:teuthology.orchestra.run.smithi133.stderr:/usr/bin/ceph:
2024-02-20T12:59:44.420+0000 7fa02d310700 1 Processor -- start
2024-02-20T12:59:44.426 INFO:teuthology.orchestra.run.smithi133.stderr:/usr/bin/ceph:
2024-02-20T12:59:44.420+0000 7fa02d310700 1 -- start start
2024-02-20T12:59:44.426 INFO:teuthology.orchestra.run.smithi133.stderr:/usr/bin/ceph:
2024-02-20T12:59:44.420+0000 7fa02d310700 1 --2- >> [v2:172.21.15.133:3300/0,v1:172.21.15.133:6789/0] conn(0x7fa028070510 0x7fa028100de0 unknown :-1 s=NONE pgs=0 cs=0 l=0 rev1=0 rx=0 tx=0).connect
2024-02-20T12:59:44.426 INFO:teuthology.orchestra.run.smithi133.stderr:/usr/bin/ceph:
2024-02-20T12:59:44.420+0000 7fa02d310700 1 -- --> [v2:172.21.15.133:3300/0,v1:172.21.15.133:6789/0] -- mon_getmap magic: 0 v1 -- 0x7fa0280fc7d0 con 0x7fa028070510
2024-02-20T12:59:44.426 INFO:teuthology.orchestra.run.smithi133.stderr:/usr/bin/ceph:
2024-02-20T12:59:44.420+0000 7fa026ffd700 1 --2- >> [v2:172.21.15.133:3300/0,v1:172.21.15.133:6789/0] conn(0x7fa028070510 0x7fa028100de0 unknown :-1 s=BANNER_CONNECTING pgs=0 cs=0 l=0 rev1=0 rx=0 tx=0)._handle_peer_banner_payload supported=1 required=0
2024-02-20T12:59:44.426 INFO:teuthology.orchestra.run.smithi133.stderr:/usr/bin/ceph:
2024-02-20T12:59:44.420+0000 7fa026ffd700 1 --2- >> [v2:172.21.15.133:3300/0,v1:172.21.15.133:6789/0] conn(0x7fa028070510 0x7fa028100de0 unknown :-1 s=HELLO_CONNECTING pgs=0 cs=0 l=0 rev1=1 rx=0 tx=0).handle_hello peer v2:172.21.15.133:3300/0 says I am v2:172.21.15.133:41196/0 (socket says 172.21.15.133:41196)
2024-02-20T12:59:44.426 INFO:teuthology.orchestra.run.smithi133.stderr:/usr/bin/ceph:
2024-02-20T12:59:44.420+0000 7fa026ffd700 1 -- 172.21.15.133:0/3478866882 learned_addr learned my addr 172.21.15.133:0/3478866882 (peer_addr_for_me v2:172.21.15.133:0/0)
2024-02-20T12:59:44.426 INFO:teuthology.orchestra.run.smithi133.stderr:/usr/bin/ceph:
2024-02-20T12:59:44.420+0000 7fa026ffd700 1 -- 172.21.15.133:0/3478866882 --> [v2:172.21.15.133:3300/0,v1:172.21.15.133:6789/0] -- mon_subscribe({config=0+,monmap=0+}) v3 -- 0x7fa0281012d0 con 0x7fa028070510
2024-02-20T12:59:44.426 INFO:teuthology.orchestra.run.smithi133.stderr:/usr/bin/ceph:
2024-02-20T12:59:44.420+0000 7fa026ffd700 1 --2- 172.21.15.133:0/3478866882 >> [v2:172.21.15.133:3300/0,v1:172.21.15.133:6789/0] conn(0x7fa028070510 0x7fa028100de0 secure :-1 s=READY pgs=35 cs=0 l=1 rev1=1 rx=0x7fa01000b5f0 tx=0x7fa010006ee0).ready entity=mon.0 client_cookie=8a350cd398e848f2 server_cookie=0 in_seq=0 out_seq=0
2024-02-20T12:59:44.426 INFO:teuthology.orchestra.run.smithi133.stderr:/usr/bin/ceph:
2024-02-20T12:59:44.420+0000 7fa025ffb700 1 -- 172.21.15.133:0/3478866882 <== mon.0 v2:172.21.15.133:3300/0 1 ==== mon_map magic: 0 v1 ==== 229+0+0 (secure 0 0 0) 0x7fa01000d600 con 0x7fa028070510
2024-02-20T12:59:44.426 INFO:teuthology.orchestra.run.smithi133.stderr:/usr/bin/ceph:
2024-02-20T12:59:44.420+0000 7fa025ffb700 1 -- 172.21.15.133:0/3478866882 <== mon.0 v2:172.21.15.133:3300/0 2 ==== config(25 keys) v1 ==== 983+0+0 (secure 0 0 0) 0x7fa01000dbb0 con 0x7fa028070510
2024-02-20T12:59:44.426 INFO:teuthology.orchestra.run.smithi133.stderr:/usr/bin/ceph:
2024-02-20T12:59:44.420+0000 7fa025ffb700 1 -- 172.21.15.133:0/3478866882 <== mon.0 v2:172.21.15.133:3300/0 3 ==== mon_map magic: 0 v1 ==== 229+0+0 (secure 0 0 0) 0x7fa010011bb0 con 0x7fa028070510
2024-02-20T12:59:44.427 INFO:teuthology.orchestra.run.smithi133.stderr:/usr/bin/ceph:
2024-02-20T12:59:44.421+0000 7fa02d310700 1 -- 172.21.15.133:0/3478866882 >> [v2:172.21.15.133:3300/0,v1:172.21.15.133:6789/0] conn(0x7fa028070510 msgr2=0x7fa028100de0 secure :-1 s=STATE_CONNECTION_ESTABLISHED l=1).mark_down
2024-02-20T12:59:44.427 INFO:teuthology.orchestra.run.smithi133.stderr:/usr/bin/ceph:
2024-02-20T12:59:44.421+0000 7fa02d310700 1 --2- 172.21.15.133:0/3478866882 >> [v2:172.21.15.133:3300/0,v1:172.21.15.133:6789/0] conn(0x7fa028070510 0x7fa028100de0 secure :-1 s=READY pgs=35 cs=0 l=1 rev1=1 rx=0x7fa01000b5f0 tx=0x7fa010006ee0).stop
2024-02-20T12:59:44.427 INFO:teuthology.orchestra.run.smithi133.stderr:/usr/bin/ceph:
2024-02-20T12:59:44.421+0000 7fa02d310700 1 -- 172.21.15.133:0/3478866882 shutdown_connections
2024-02-20T12:59:44.427 INFO:teuthology.orchestra.run.smithi133.stderr:/usr/bin/ceph:
2024-02-20T12:59:44.421+0000 7fa02d310700 1 --2- 172.21.15.133:0/3478866882 >> [v2:172.21.15.133:3300/0,v1:172.21.15.133:6789/0] conn(0x7fa028070510 0x7fa028100de0 unknown :-1 s=CLOSED pgs=35 cs=0 l=1 rev1=1 rx=0 tx=0).stop
2024-02-20T12:59:44.427 INFO:teuthology.orchestra.run.smithi133.stderr:/usr/bin/ceph:
2024-02-20T12:59:44.421+0000 7fa02d310700 1 -- 172.21.15.133:0/3478866882 >> 172.21.15.133:0/3478866882 conn(0x7fa0280f6420 msgr2=0x7fa0280f8840 unknown :-1 s=STATE_NONE l=0).mark_down
2024-02-20T12:59:44.427 INFO:teuthology.orchestra.run.smithi133.stderr:/usr/bin/ceph:
2024-02-20T12:59:44.421+0000 7fa02d310700 1 -- 172.21.15.133:0/3478866882 shutdown_connections
2024-02-20T12:59:44.427 INFO:teuthology.orchestra.run.smithi133.stderr:/usr/bin/ceph:
2024-02-20T12:59:44.421+0000 7fa02d310700 1 -- 172.21.15.133:0/3478866882 wait complete.
2024-02-20T12:59:44.427 INFO:teuthology.orchestra.run.smithi133.stderr:/usr/bin/ceph:
2024-02-20T12:59:44.422+0000 7fa02d310700 1 Processor -- start
2024-02-20T12:59:44.427 INFO:teuthology.orchestra.run.smithi133.stderr:/usr/bin/ceph:
2024-02-20T12:59:44.422+0000 7fa02d310700 1 -- start start
2024-02-20T12:59:44.427 INFO:teuthology.orchestra.run.smithi133.stderr:/usr/bin/ceph:
2024-02-20T12:59:44.422+0000 7fa02d310700 1 --2- >> [v2:172.21.15.133:3300/0,v1:172.21.15.133:6789/0] conn(0x7fa028070510 0x7fa02810ce20 unknown :-1 s=NONE pgs=0 cs=0 l=1 rev1=0 rx=0 tx=0).connect
2024-02-20T12:59:44.427 INFO:teuthology.orchestra.run.smithi133.stderr:/usr/bin/ceph:
2024-02-20T12:59:44.422+0000 7fa02d310700 1 -- --> [v2:172.21.15.133:3300/0,v1:172.21.15.133:6789/0] -- mon_getmap magic: 0 v1 -- 0x7fa02810d310 con 0x7fa028070510
2024-02-20T12:59:44.427 INFO:teuthology.orchestra.run.smithi133.stderr:/usr/bin/ceph:
2024-02-20T12:59:44.422+0000 7fa026ffd700 1 --2- >> [v2:172.21.15.133:3300/0,v1:172.21.15.133:6789/0] conn(0x7fa028070510 0x7fa02810ce20 unknown :-1 s=BANNER_CONNECTING pgs=0 cs=0 l=1 rev1=0 rx=0 tx=0)._handle_peer_banner_payload supported=1 required=0
2024-02-20T12:59:44.427 INFO:teuthology.orchestra.run.smithi133.stderr:/usr/bin/ceph:
2024-02-20T12:59:44.422+0000 7fa026ffd700 1 --2- >> [v2:172.21.15.133:3300/0,v1:172.21.15.133:6789/0] conn(0x7fa028070510 0x7fa02810ce20 unknown :-1 s=HELLO_CONNECTING pgs=0 cs=0 l=1 rev1=1 rx=0 tx=0).handle_hello peer v2:172.21.15.133:3300/0 says I am v2:172.21.15.133:41206/0 (socket says 172.21.15.133:41206)
2024-02-20T12:59:44.427 INFO:teuthology.orchestra.run.smithi133.stderr:/usr/bin/ceph:
2024-02-20T12:59:44.422+0000 7fa026ffd700 1 -- 172.21.15.133:0/4204780254 learned_addr learned my addr 172.21.15.133:0/4204780254 (peer_addr_for_me v2:172.21.15.133:0/0)
2024-02-20T12:59:44.428 INFO:teuthology.orchestra.run.smithi133.stderr:/usr/bin/ceph:
2024-02-20T12:59:44.423+0000 7fa026ffd700 1 -- 172.21.15.133:0/4204780254 --> [v2:172.21.15.133:3300/0,v1:172.21.15.133:6789/0] -- mon_subscribe({config=0+,monmap=0+}) v3 -- 0x7fa01000b200 con 0x7fa028070510
2024-02-20T12:59:44.428 INFO:teuthology.orchestra.run.smithi133.stderr:/usr/bin/ceph:
2024-02-20T12:59:44.423+0000 7fa026ffd700 1 --2- 172.21.15.133:0/4204780254 >> [v2:172.21.15.133:3300/0,v1:172.21.15.133:6789/0] conn(0x7fa028070510 0x7fa02810ce20 secure :-1 s=READY pgs=36 cs=0 l=1 rev1=1 rx=0x7fa010006a30 tx=0x7fa010006ee0).ready entity=mon.0 client_cookie=0 server_cookie=0 in_seq=0 out_seq=0
2024-02-20T12:59:44.428 INFO:teuthology.orchestra.run.smithi133.stderr:/usr/bin/ceph:
2024-02-20T12:59:44.423+0000 7fa01f7fe700 1 -- 172.21.15.133:0/4204780254 <== mon.0 v2:172.21.15.133:3300/0 1 ==== mon_map magic: 0 v1 ==== 229+0+0 (secure 0 0 0) 0x7fa01001b570 con 0x7fa028070510
2024-02-20T12:59:44.428 INFO:teuthology.orchestra.run.smithi133.stderr:/usr/bin/ceph:
2024-02-20T12:59:44.423+0000 7fa01f7fe700 1 -- 172.21.15.133:0/4204780254 <== mon.0 v2:172.21.15.133:3300/0 2 ==== config(25 keys) v1 ==== 983+0+0 (secure 0 0 0) 0x7fa01001bb20 con 0x7fa028070510
2024-02-20T12:59:44.428 INFO:teuthology.orchestra.run.smithi133.stderr:/usr/bin/ceph:
2024-02-20T12:59:44.423+0000 7fa02d310700 1 -- 172.21.15.133:0/4204780254 --> [v2:172.21.15.133:3300/0,v1:172.21.15.133:6789/0] -- mon_subscribe({mgrmap=0+}) v3 -- 0x7fa02810d510 con 0x7fa028070510
2024-02-20T12:59:44.428 INFO:teuthology.orchestra.run.smithi133.stderr:/usr/bin/ceph:
2024-02-20T12:59:44.423+0000 7fa01f7fe700 1 -- 172.21.15.133:0/4204780254 <== mon.0 v2:172.21.15.133:3300/0 3 ==== mon_map magic: 0 v1 ==== 229+0+0 (secure 0 0 0) 0x7fa01001a9c0 con 0x7fa028070510
2024-02-20T12:59:44.428 INFO:teuthology.orchestra.run.smithi133.stderr:/usr/bin/ceph:
2024-02-20T12:59:44.423+0000 7fa02d310700 1 -- 172.21.15.133:0/4204780254 --> [v2:172.21.15.133:3300/0,v1:172.21.15.133:6789/0] -- mon_subscribe({osdmap=0}) v3 -- 0x7fa02810d920 con 0x7fa028070510
2024-02-20T12:59:44.428 INFO:teuthology.orchestra.run.smithi133.stderr:/usr/bin/ceph:
2024-02-20T12:59:44.424+0000 7fa01f7fe700 1 -- 172.21.15.133:0/4204780254 <== mon.0 v2:172.21.15.133:3300/0 4 ==== mgrmap(e 8) v1 ==== 36120+0+0 (secure 0 0 0) 0x7fa01000f070 con 0x7fa028070510
2024-02-20T12:59:44.428 INFO:teuthology.orchestra.run.smithi133.stderr:/usr/bin/ceph:
2024-02-20T12:59:44.424+0000 7fa01f7fe700 1 --2- 172.21.15.133:0/4204780254 >> [v2:172.21.15.133:6800/1248899614,v1:172.21.15.133:6801/1248899614] conn(0x7fa00802fd50 0x7fa008032210 unknown :-1 s=NONE pgs=0 cs=0 l=1 rev1=0 rx=0 tx=0).connect
2024-02-20T12:59:44.428 INFO:teuthology.orchestra.run.smithi133.stderr:/usr/bin/ceph:
2024-02-20T12:59:44.424+0000 7fa01f7fe700 1 -- 172.21.15.133:0/4204780254 <== mon.0 v2:172.21.15.133:3300/0 5 ==== osd_map(2..2 src has 1..2) v4 ==== 893+0+0 (secure 0 0 0) 0x7fa010041080 con 0x7fa028070510
2024-02-20T12:59:44.428 INFO:teuthology.orchestra.run.smithi133.stderr:/usr/bin/ceph:
2024-02-20T12:59:44.424+0000 7fa0267fc700 1 --2- 172.21.15.133:0/4204780254 >> [v2:172.21.15.133:6800/1248899614,v1:172.21.15.133:6801/1248899614] conn(0x7fa00802fd50 0x7fa008032210 unknown :-1 s=BANNER_CONNECTING pgs=0 cs=0 l=1 rev1=0 rx=0 tx=0)._handle_peer_banner_payload supported=1 required=0
2024-02-20T12:59:44.428 INFO:teuthology.orchestra.run.smithi133.stderr:/usr/bin/ceph:
2024-02-20T12:59:44.424+0000 7fa02d310700 1 -- 172.21.15.133:0/4204780254 --> [v2:172.21.15.133:3300/0,v1:172.21.15.133:6789/0] -- mon_command({"prefix": "get_command_descriptions"} v 0) v1 -- 0x7fa028059100 con 0x7fa028070510
2024-02-20T12:59:44.428 INFO:teuthology.orchestra.run.smithi133.stderr:/usr/bin/ceph:
2024-02-20T12:59:44.424+0000 7fa0267fc700 1 --2- 172.21.15.133:0/4204780254 >> [v2:172.21.15.133:6800/1248899614,v1:172.21.15.133:6801/1248899614] conn(0x7fa00802fd50 0x7fa008032210 secure :-1 s=READY pgs=9 cs=0 l=1 rev1=1 rx=0x7fa0180096a0 tx=0x7fa018006b40).ready entity=mgr.14114 client_cookie=0 server_cookie=0 in_seq=0 out_seq=0
2024-02-20T12:59:44.429 INFO:teuthology.orchestra.run.smithi133.stderr:/usr/bin/ceph:
2024-02-20T12:59:44.428+0000 7fa01f7fe700 1 -- 172.21.15.133:0/4204780254 <== mon.0 v2:172.21.15.133:3300/0 6 ==== mon_command_ack([{"prefix": "get_command_descriptions"}]=0 v0) v1 ==== 72+0+152212 (secure 0 0 0) 0x7fa010016070 con 0x7fa028070510
2024-02-20T12:59:44.580 INFO:teuthology.orchestra.run.smithi133.stderr:/usr/bin/ceph:
2024-02-20T12:59:44.578+0000 7fa02d310700 1 -- 172.21.15.133:0/4204780254 --> [v2:172.21.15.133:6800/1248899614,v1:172.21.15.133:6801/1248899614] -- mgr_command(tid 0: {"prefix": "cephadm get-pub-key", "target": ["mon-mgr", ""]}) v1 -- 0x7fa028106cb0 con 0x7fa00802fd50
2024-02-20T12:59:44.580 INFO:teuthology.orchestra.run.smithi133.stderr:/usr/bin/ceph:
2024-02-20T12:59:44.579+0000 7fa01f7fe700 1 -- 172.21.15.133:0/4204780254 <== mgr.14114 v2:172.21.15.133:6800/1248899614 1 ==== mgr_command_reply(tid 0: 0 ) v1 ==== 8+0+595 (secure 0 0 0) 0x7fa028106cb0 con 0x7fa00802fd50
2024-02-20T12:59:44.580 INFO:teuthology.orchestra.run.smithi133.stderr:/usr/bin/ceph: ssh-rsa AAAAB3NzaC1yc2EAAAADAQABAAABgQC00IaJjJYdDj4mbFdYGmvdDk/WrsMAGjSHEVojakW1brXetOB9NKTxhIZDNZeaXnkdCRnfl+IS/9JssoodguVcZ0JgmkO8BFJfNl5W87Rg8i6CJW2rVh36kUx5vzN1ILAtlKKjEg2cWM2oJnX+1LOyMiBdZFhcEqPjwX6/RYIAaY6JjZoKe99OlzQ28wZY21Ax0BLQP6xEKIeAIO85iHXsldxD0AnCm/aAr6YeD+tZzCTkoGR3IkZvS13rgRdAlSUq3TNNF+yOXNwef13OxdPwXW81SWh9o3NAyRg07BAKsMvVU/Y84agyajx8aIo5dQiL4p4GIcjmbyGo8So0ZZauWwOkNt6euCxxqdfRWE63+7PQ0N81muWDlWfQlTf3r7pi2PAUkQ8dW8V8cLHNolGxdG9JFytNIVegscXIsGzXNrZHATcEkgxF+1TiAseD/Y6Dv4qS/eMYeQZjeNdlCwRicJglyiF6cXIvb8EEikI/DcjvnHK+hYgMiQQE40xXcKU= ceph-ba9433aa-cfef-11ee-95bb-87774f69a715
2024-02-20T12:59:44.583 INFO:teuthology.orchestra.run.smithi133.stderr:/usr/bin/ceph:
2024-02-20T12:59:44.581+0000 7fa02d310700 1 -- 172.21.15.133:0/4204780254 >> [v2:172.21.15.133:6800/1248899614,v1:172.21.15.133:6801/1248899614] conn(0x7fa00802fd50 msgr2=0x7fa008032210 secure :-1 s=STATE_CONNECTION_ESTABLISHED l=1).mark_down
2024-02-20T12:59:44.583 INFO:teuthology.orchestra.run.smithi133.stderr:/usr/bin/ceph:
2024-02-20T12:59:44.581+0000 7fa02d310700 1 --2- 172.21.15.133:0/4204780254 >> [v2:172.21.15.133:6800/1248899614,v1:172.21.15.133:6801/1248899614] conn(0x7fa00802fd50 0x7fa008032210 secure :-1 s=READY pgs=9 cs=0 l=1 rev1=1 rx=0x7fa0180096a0 tx=0x7fa018006b40).stop
2024-02-20T12:59:44.583 INFO:teuthology.orchestra.run.smithi133.stderr:/usr/bin/ceph:
2024-02-20T12:59:44.581+0000 7fa02d310700 1 -- 172.21.15.133:0/4204780254 >> [v2:172.21.15.133:3300/0,v1:172.21.15.133:6789/0] conn(0x7fa028070510 msgr2=0x7fa02810ce20 secure :-1 s=STATE_CONNECTION_ESTABLISHED l=1).mark_down
2024-02-20T12:59:44.583 INFO:teuthology.orchestra.run.smithi133.stderr:/usr/bin/ceph:
2024-02-20T12:59:44.581+0000 7fa02d310700 1 --2- 172.21.15.133:0/4204780254 >> [v2:172.21.15.133:3300/0,v1:172.21.15.133:6789/0] conn(0x7fa028070510 0x7fa02810ce20 secure :-1 s=READY pgs=36 cs=0 l=1 rev1=1 rx=0x7fa010006a30 tx=0x7fa010006ee0).stop
2024-02-20T12:59:44.583 INFO:teuthology.orchestra.run.smithi133.stderr:/usr/bin/ceph:
2024-02-20T12:59:44.581+0000 7fa02d310700 1 -- 172.21.15.133:0/4204780254 shutdown_connections
2024-02-20T12:59:44.583 INFO:teuthology.orchestra.run.smithi133.stderr:/usr/bin/ceph:
2024-02-20T12:59:44.581+0000 7fa02d310700 1 --2- 172.21.15.133:0/4204780254 >> [v2:172.21.15.133:6800/1248899614,v1:172.21.15.133:6801/1248899614] conn(0x7fa00802fd50 0x7fa008032210 unknown :-1 s=CLOSED pgs=9 cs=0 l=1 rev1=1 rx=0 tx=0).stop
2024-02-20T12:59:44.583 INFO:teuthology.orchestra.run.smithi133.stderr:/usr/bin/ceph:
2024-02-20T12:59:44.581+0000 7fa02d310700 1 --2- 172.21.15.133:0/4204780254 >> [v2:172.21.15.133:3300/0,v1:172.21.15.133:6789/0] conn(0x7fa028070510 0x7fa02810ce20 unknown :-1 s=CLOSED pgs=36 cs=0 l=1 rev1=1 rx=0 tx=0).stop
2024-02-20T12:59:44.583 INFO:teuthology.orchestra.run.smithi133.stderr:/usr/bin/ceph:
2024-02-20T12:59:44.581+0000 7fa02d310700 1 -- 172.21.15.133:0/4204780254 >> 172.21.15.133:0/4204780254 conn(0x7fa0280f6420 msgr2=0x7fa0280f7ef0 unknown :-1 s=STATE_NONE l=0).mark_down
2024-02-20T12:59:44.583 INFO:teuthology.orchestra.run.smithi133.stderr:/usr/bin/ceph:
2024-02-20T12:59:44.581+0000 7fa02d310700 1 -- 172.21.15.133:0/4204780254 shutdown_connections
2024-02-20T12:59:44.583 INFO:teuthology.orchestra.run.smithi133.stderr:/usr/bin/ceph:
2024-02-20T12:59:44.581+0000 7fa02d310700 1 -- 172.21.15.133:0/4204780254 wait complete.
2024-02-20T12:59:44.606 INFO:journalctl@ceph.mon.smithi133.smithi133.stdout:Feb 20 12:59:44 smithi133 ceph-ba9433aa-cfef-11ee-95bb-87774f69a715-mon.smithi133[38235]: cephadm
2024-02-20T12:59:43.211574+0000 mgr.smithi133.gmzmpa (mgr.14114) 6 : cephadm [INF] Generating ssh key...
2024-02-20T12:59:44.607 INFO:journalctl@ceph.mon.smithi133.smithi133.stdout:Feb 20 12:59:44 smithi133 ceph-ba9433aa-cfef-11ee-95bb-87774f69a715-mon.smithi133[38235]: audit
2024-02-20T12:59:43.327430+0000 mon.smithi133 (mon.0) 52 : audit [INF] from='mgr.14114 172.21.15.133:0/3272701074' entity='mgr.smithi133.gmzmpa'
2024-02-20T12:59:44.607 INFO:journalctl@ceph.mon.smithi133.smithi133.stdout:Feb 20 12:59:44 smithi133 ceph-ba9433aa-cfef-11ee-95bb-87774f69a715-mon.smithi133[38235]: audit
2024-02-20T12:59:43.329223+0000 mon.smithi133 (mon.0) 53 : audit [INF] from='mgr.14114 172.21.15.133:0/3272701074' entity='mgr.smithi133.gmzmpa'
2024-02-20T12:59:45.159 INFO:teuthology.orchestra.run.smithi133.stderr:Wrote public SSH key to /home/ubuntu/cephtest/ceph.pub
2024-02-20T12:59:45.159 INFO:teuthology.orchestra.run.smithi133.stderr:Adding key to root@localhost authorized_keys...
2024-02-20T12:59:45.160 INFO:teuthology.orchestra.run.smithi133.stderr:Adding host smithi133...
2024-02-20T12:59:45.160 INFO:teuthology.orchestra.run.smithi133.stderr:Running command: /bin/podman run --rm --ipc=host --no-hosts --net=host --entrypoint /usr/bin/ceph --init -e CONTAINER_IMAGE=docker.io/ceph/ceph:v16.2.4 -e NODE_NAME=smithi133 -e CEPH_USE_RANDOM_NONCE=1 -v /var/log/ceph/ba9433aa-cfef-11ee-95bb-87774f69a715:/var/log/ceph:z -v /tmp/ceph-tmpd6wy7wm6:/etc/ceph/ceph.client.admin.keyring:z -v /tmp/ceph-tmpt984cog1:/etc/ceph/ceph.conf:z docker.io/ceph/ceph:v16.2.4 orch host add smithi133 172.21.15.133
2024-02-20T12:59:45.708 INFO:teuthology.orchestra.run.smithi133.stderr:/usr/bin/ceph:
2024-02-20T12:59:45.706+0000 7fbc4d6fa700 1 Processor -- start
2024-02-20T12:59:45.708 INFO:teuthology.orchestra.run.smithi133.stderr:/usr/bin/ceph:
2024-02-20T12:59:45.706+0000 7fbc4d6fa700 1 -- start start
2024-02-20T12:59:45.709 INFO:teuthology.orchestra.run.smithi133.stderr:/usr/bin/ceph:
2024-02-20T12:59:45.706+0000 7fbc4d6fa700 1 --2- >> [v2:172.21.15.133:3300/0,v1:172.21.15.133:6789/0] conn(0x7fbc48072630 0x7fbc48070b00 unknown :-1 s=NONE pgs=0 cs=0 l=0 rev1=0 rx=0 tx=0).connect
2024-02-20T12:59:45.709 INFO:teuthology.orchestra.run.smithi133.stderr:/usr/bin/ceph:
2024-02-20T12:59:45.706+0000 7fbc4d6fa700 1 -- --> [v2:172.21.15.133:3300/0,v1:172.21.15.133:6789/0] -- mon_getmap magic: 0 v1 -- 0x7fbc48070ff0 con 0x7fbc48072630
2024-02-20T12:59:45.709 INFO:teuthology.orchestra.run.smithi133.stderr:/usr/bin/ceph:
2024-02-20T12:59:45.706+0000 7fbc46ffd700 1 --2- >> [v2:172.21.15.133:3300/0,v1:172.21.15.133:6789/0] conn(0x7fbc48072630 0x7fbc48070b00 unknown :-1 s=BANNER_CONNECTING pgs=0 cs=0 l=0 rev1=0 rx=0 tx=0)._handle_peer_banner_payload supported=1 required=0
2024-02-20T12:59:45.709 INFO:teuthology.orchestra.run.smithi133.stderr:/usr/bin/ceph:
2024-02-20T12:59:45.707+0000 7fbc46ffd700 1 --2- >> [v2:172.21.15.133:3300/0,v1:172.21.15.133:6789/0] conn(0x7fbc48072630 0x7fbc48070b00 unknown :-1 s=HELLO_CONNECTING pgs=0 cs=0 l=0 rev1=1 rx=0 tx=0).handle_hello peer v2:172.21.15.133:3300/0 says I am v2:172.21.15.133:41220/0 (socket says 172.21.15.133:41220)
2024-02-20T12:59:45.709 INFO:teuthology.orchestra.run.smithi133.stderr:/usr/bin/ceph:
2024-02-20T12:59:45.707+0000 7fbc46ffd700 1 -- 172.21.15.133:0/403112586 learned_addr learned my addr 172.21.15.133:0/403112586 (peer_addr_for_me v2:172.21.15.133:0/0)
2024-02-20T12:59:45.709 INFO:teuthology.orchestra.run.smithi133.stderr:/usr/bin/ceph:
2024-02-20T12:59:45.707+0000 7fbc46ffd700 1 -- 172.21.15.133:0/403112586 --> [v2:172.21.15.133:3300/0,v1:172.21.15.133:6789/0] -- mon_subscribe({config=0+,monmap=0+}) v3 -- 0x7fbc48071130 con 0x7fbc48072630
2024-02-20T12:59:45.709 INFO:teuthology.orchestra.run.smithi133.stderr:/usr/bin/ceph:
2024-02-20T12:59:45.707+0000 7fbc46ffd700 1 --2- 172.21.15.133:0/403112586 >> [v2:172.21.15.133:3300/0,v1:172.21.15.133:6789/0] conn(0x7fbc48072630 0x7fbc48070b00 secure :-1 s=READY pgs=37 cs=0 l=1 rev1=1 rx=0x7fbc3800b5f0 tx=0x7fbc38006ee0).ready entity=mon.0 client_cookie=3c4168d5e38e90f7 server_cookie=0 in_seq=0 out_seq=0
2024-02-20T12:59:45.709 INFO:teuthology.orchestra.run.smithi133.stderr:/usr/bin/ceph:
2024-02-20T12:59:45.707+0000 7fbc45ffb700 1 -- 172.21.15.133:0/403112586 <== mon.0 v2:172.21.15.133:3300/0 1 ==== mon_map magic: 0 v1 ==== 229+0+0 (secure 0 0 0) 0x7fbc3800d600 con 0x7fbc48072630
2024-02-20T12:59:45.709 INFO:teuthology.orchestra.run.smithi133.stderr:/usr/bin/ceph:
2024-02-20T12:59:45.707+0000 7fbc45ffb700 1 -- 172.21.15.133:0/403112586 <== mon.0 v2:172.21.15.133:3300/0 2 ==== config(25 keys) v1 ==== 983+0+0 (secure 0 0 0) 0x7fbc3800dbb0 con 0x7fbc48072630
2024-02-20T12:59:45.709 INFO:teuthology.orchestra.run.smithi133.stderr:/usr/bin/ceph:
2024-02-20T12:59:45.707+0000 7fbc45ffb700 1 -- 172.21.15.133:0/403112586 <== mon.0 v2:172.21.15.133:3300/0 3 ==== mon_map magic: 0 v1 ==== 229+0+0 (secure 0 0 0) 0x7fbc38011bb0 con 0x7fbc48072630
2024-02-20T12:59:45.713 INFO:teuthology.orchestra.run.smithi133.stderr:/usr/bin/ceph:
2024-02-20T12:59:45.708+0000 7fbc4d6fa700 1 -- 172.21.15.133:0/403112586 >> [v2:172.21.15.133:3300/0,v1:172.21.15.133:6789/0] conn(0x7fbc48072630 msgr2=0x7fbc48070b00 secure :-1 s=STATE_CONNECTION_ESTABLISHED l=1).mark_down
2024-02-20T12:59:45.713 INFO:teuthology.orchestra.run.smithi133.stderr:/usr/bin/ceph:
2024-02-20T12:59:45.708+0000 7fbc4d6fa700 1 --2- 172.21.15.133:0/403112586 >> [v2:172.21.15.133:3300/0,v1:172.21.15.133:6789/0] conn(0x7fbc48072630 0x7fbc48070b00 secure :-1 s=READY pgs=37 cs=0 l=1 rev1=1 rx=0x7fbc3800b5f0 tx=0x7fbc38006ee0).stop
2024-02-20T12:59:45.713 INFO:teuthology.orchestra.run.smithi133.stderr:/usr/bin/ceph:
2024-02-20T12:59:45.708+0000 7fbc4d6fa700 1 -- 172.21.15.133:0/403112586 shutdown_connections
2024-02-20T12:59:45.713 INFO:teuthology.orchestra.run.smithi133.stderr:/usr/bin/ceph:
2024-02-20T12:59:45.708+0000 7fbc4d6fa700 1 --2- 172.21.15.133:0/403112586 >> [v2:172.21.15.133:3300/0,v1:172.21.15.133:6789/0] conn(0x7fbc48072630 0x7fbc48070b00 unknown :-1 s=CLOSED pgs=37 cs=0 l=1 rev1=1 rx=0 tx=0).stop
2024-02-20T12:59:45.713 INFO:teuthology.orchestra.run.smithi133.stderr:/usr/bin/ceph:
2024-02-20T12:59:45.708+0000 7fbc4d6fa700 1 -- 172.21.15.133:0/403112586 >> 172.21.15.133:0/403112586 conn(0x7fbc480f7560 msgr2=0x7fbc480f9980 unknown :-1 s=STATE_NONE l=0).mark_down
2024-02-20T12:59:45.713 INFO:teuthology.orchestra.run.smithi133.stderr:/usr/bin/ceph:
2024-02-20T12:59:45.708+0000 7fbc4d6fa700 1 -- 172.21.15.133:0/403112586 shutdown_connections
2024-02-20T12:59:45.713 INFO:teuthology.orchestra.run.smithi133.stderr:/usr/bin/ceph:
2024-02-20T12:59:45.708+0000 7fbc4d6fa700 1 -- 172.21.15.133:0/403112586 wait complete.
2024-02-20T12:59:45.713 INFO:teuthology.orchestra.run.smithi133.stderr:/usr/bin/ceph:
2024-02-20T12:59:45.709+0000 7fbc4d6fa700 1 Processor -- start
2024-02-20T12:59:45.713 INFO:teuthology.orchestra.run.smithi133.stderr:/usr/bin/ceph:
2024-02-20T12:59:45.709+0000 7fbc4d6fa700 1 -- start start
2024-02-20T12:59:45.713 INFO:teuthology.orchestra.run.smithi133.stderr:/usr/bin/ceph:
2024-02-20T12:59:45.709+0000 7fbc4d6fa700 1 --2- >> [v2:172.21.15.133:3300/0,v1:172.21.15.133:6789/0] conn(0x7fbc48072630 0x7fbc4810cda0 unknown :-1 s=NONE pgs=0 cs=0 l=1 rev1=0 rx=0 tx=0).connect
2024-02-20T12:59:45.713 INFO:teuthology.orchestra.run.smithi133.stderr:/usr/bin/ceph:
2024-02-20T12:59:45.709+0000 7fbc4d6fa700 1 -- --> [v2:172.21.15.133:3300/0,v1:172.21.15.133:6789/0] -- mon_getmap magic: 0 v1 -- 0x7fbc4810d290 con 0x7fbc48072630
2024-02-20T12:59:45.713 INFO:teuthology.orchestra.run.smithi133.stderr:/usr/bin/ceph:
2024-02-20T12:59:45.709+0000 7fbc46ffd700 1 --2- >> [v2:172.21.15.133:3300/0,v1:172.21.15.133:6789/0] conn(0x7fbc48072630 0x7fbc4810cda0 unknown :-1 s=BANNER_CONNECTING pgs=0 cs=0 l=1 rev1=0 rx=0 tx=0)._handle_peer_banner_payload supported=1 required=0
2024-02-20T12:59:45.713 INFO:teuthology.orchestra.run.smithi133.stderr:/usr/bin/ceph:
2024-02-20T12:59:45.709+0000 7fbc46ffd700 1 --2- >> [v2:172.21.15.133:3300/0,v1:172.21.15.133:6789/0] conn(0x7fbc48072630 0x7fbc4810cda0 unknown :-1 s=HELLO_CONNECTING pgs=0 cs=0 l=1 rev1=1 rx=0 tx=0).handle_hello peer v2:172.21.15.133:3300/0 says I am v2:172.21.15.133:41226/0 (socket says 172.21.15.133:41226)
2024-02-20T12:59:45.714 INFO:teuthology.orchestra.run.smithi133.stderr:/usr/bin/ceph:
2024-02-20T12:59:45.709+0000 7fbc46ffd700 1 -- 172.21.15.133:0/1511043753 learned_addr learned my addr 172.21.15.133:0/1511043753 (peer_addr_for_me v2:172.21.15.133:0/0)
2024-02-20T12:59:45.714 INFO:teuthology.orchestra.run.smithi133.stderr:/usr/bin/ceph:
2024-02-20T12:59:45.709+0000 7fbc46ffd700 1 -- 172.21.15.133:0/1511043753 --> [v2:172.21.15.133:3300/0,v1:172.21.15.133:6789/0] -- mon_subscribe({config=0+,monmap=0+}) v3 -- 0x7fbc3800b200 con 0x7fbc48072630
2024-02-20T12:59:45.714 INFO:teuthology.orchestra.run.smithi133.stderr:/usr/bin/ceph:
2024-02-20T12:59:45.709+0000 7fbc46ffd700 1 --2- 172.21.15.133:0/1511043753 >> [v2:172.21.15.133:3300/0,v1:172.21.15.133:6789/0] conn(0x7fbc48072630 0x7fbc4810cda0 secure :-1 s=READY pgs=38 cs=0 l=1 rev1=1 rx=0x7fbc38006cb0 tx=0x7fbc38006ee0).ready entity=mon.0 client_cookie=0 server_cookie=0 in_seq=0 out_seq=0
2024-02-20T12:59:45.714 INFO:teuthology.orchestra.run.smithi133.stderr:/usr/bin/ceph:
2024-02-20T12:59:45.710+0000 7fbc2f7fe700 1 -- 172.21.15.133:0/1511043753 <== mon.0 v2:172.21.15.133:3300/0 1 ==== mon_map magic: 0 v1 ==== 229+0+0 (secure 0 0 0) 0x7fbc3801b570 con 0x7fbc48072630
2024-02-20T12:59:45.714 INFO:teuthology.orchestra.run.smithi133.stderr:/usr/bin/ceph:
2024-02-20T12:59:45.710+0000 7fbc4d6fa700 1 -- 172.21.15.133:0/1511043753 --> [v2:172.21.15.133:3300/0,v1:172.21.15.133:6789/0] -- mon_subscribe({mgrmap=0+}) v3 -- 0x7fbc4810d490 con 0x7fbc48072630
2024-02-20T12:59:45.714 INFO:teuthology.orchestra.run.smithi133.stderr:/usr/bin/ceph:
2024-02-20T12:59:45.710+0000 7fbc2f7fe700 1 -- 172.21.15.133:0/1511043753 <== mon.0 v2:172.21.15.133:3300/0 2 ==== config(25 keys) v1 ==== 983+0+0 (secure 0 0 0) 0x7fbc3801bb20 con 0x7fbc48072630
2024-02-20T12:59:45.714 INFO:teuthology.orchestra.run.smithi133.stderr:/usr/bin/ceph:
2024-02-20T12:59:45.710+0000 7fbc2f7fe700 1 -- 172.21.15.133:0/1511043753 <== mon.0 v2:172.21.15.133:3300/0 3 ==== mon_map magic: 0 v1 ==== 229+0+0 (secure 0 0 0) 0x7fbc3801a960 con 0x7fbc48072630
2024-02-20T12:59:45.714 INFO:teuthology.orchestra.run.smithi133.stderr:/usr/bin/ceph:
2024-02-20T12:59:45.710+0000 7fbc4d6fa700 1 -- 172.21.15.133:0/1511043753 --> [v2:172.21.15.133:3300/0,v1:172.21.15.133:6789/0] -- mon_subscribe({osdmap=0}) v3 -- 0x7fbc4810d8a0 con 0x7fbc48072630
2024-02-20T12:59:45.714 INFO:teuthology.orchestra.run.smithi133.stderr:/usr/bin/ceph:
2024-02-20T12:59:45.710+0000 7fbc2f7fe700 1 -- 172.21.15.133:0/1511043753 <== mon.0 v2:172.21.15.133:3300/0 4 ==== mgrmap(e 8) v1 ==== 36120+0+0 (secure 0 0 0) 0x7fbc3800f070 con 0x7fbc48072630
2024-02-20T12:59:45.714 INFO:teuthology.orchestra.run.smithi133.stderr:/usr/bin/ceph:
2024-02-20T12:59:45.711+0000 7fbc2f7fe700 1 --2- 172.21.15.133:0/1511043753 >> [v2:172.21.15.133:6800/1248899614,v1:172.21.15.133:6801/1248899614] conn(0x7fbc3402fd50 0x7fbc34032210 unknown :-1 s=NONE pgs=0 cs=0 l=1 rev1=0 rx=0 tx=0).connect
2024-02-20T12:59:45.714 INFO:teuthology.orchestra.run.smithi133.stderr:/usr/bin/ceph:
2024-02-20T12:59:45.711+0000 7fbc2f7fe700 1 -- 172.21.15.133:0/1511043753 <== mon.0 v2:172.21.15.133:3300/0 5 ==== osd_map(2..2 src has 1..2) v4 ==== 893+0+0 (secure 0 0 0) 0x7fbc380411f0 con 0x7fbc48072630
2024-02-20T12:59:45.714 INFO:teuthology.orchestra.run.smithi133.stderr:/usr/bin/ceph:
2024-02-20T12:59:45.711+0000 7fbc2d7fa700 1 -- 172.21.15.133:0/1511043753 --> [v2:172.21.15.133:3300/0,v1:172.21.15.133:6789/0] -- mon_command({"prefix": "get_command_descriptions"} v 0) v1 -- 0x7fbc20004fa0 con 0x7fbc48072630
2024-02-20T12:59:45.714 INFO:teuthology.orchestra.run.smithi133.stderr:/usr/bin/ceph:
2024-02-20T12:59:45.711+0000 7fbc467fc700 1 --2- 172.21.15.133:0/1511043753 >> [v2:172.21.15.133:6800/1248899614,v1:172.21.15.133:6801/1248899614] conn(0x7fbc3402fd50 0x7fbc34032210 unknown :-1 s=BANNER_CONNECTING pgs=0 cs=0 l=1 rev1=0 rx=0 tx=0)._handle_peer_banner_payload supported=1 required=0
2024-02-20T12:59:45.715 INFO:teuthology.orchestra.run.smithi133.stderr:/usr/bin/ceph:
2024-02-20T12:59:45.711+0000 7fbc467fc700 1 --2- 172.21.15.133:0/1511043753 >> [v2:172.21.15.133:6800/1248899614,v1:172.21.15.133:6801/1248899614] conn(0x7fbc3402fd50 0x7fbc34032210 secure :-1 s=READY pgs=10 cs=0 l=1 rev1=1 rx=0x7fbc3c0096a0 tx=0x7fbc3c006b40).ready entity=mgr.14114 client_cookie=0 server_cookie=0 in_seq=0 out_seq=0
2024-02-20T12:59:45.716 INFO:teuthology.orchestra.run.smithi133.stderr:/usr/bin/ceph:
2024-02-20T12:59:45.715+0000 7fbc2f7fe700 1 -- 172.21.15.133:0/1511043753 <== mon.0 v2:172.21.15.133:3300/0 6 ==== mon_command_ack([{"prefix": "get_command_descriptions"}]=0 v0) v1 ==== 72+0+152212 (secure 0 0 0) 0x7fbc38010be0 con 0x7fbc48072630
2024-02-20T12:59:45.801 INFO:journalctl@ceph.mon.smithi133.smithi133.stdout:Feb 20 12:59:45 smithi133 ceph-ba9433aa-cfef-11ee-95bb-87774f69a715-mon.smithi133[38235]: audit
2024-02-20T12:59:44.580426+0000 mgr.smithi133.gmzmpa (mgr.14114) 7 : audit [DBG] from='client.14130 -' entity='client.admin' cmd=[{"prefix": "cephadm get-pub-key", "target": ["mon-mgr", ""]}]: dispatch
2024-02-20T12:59:45.888 INFO:teuthology.orchestra.run.smithi133.stderr:/usr/bin/ceph:
2024-02-20T12:59:45.887+0000 7fbc2d7fa700 1 -- 172.21.15.133:0/1511043753 --> [v2:172.21.15.133:6800/1248899614,v1:172.21.15.133:6801/1248899614] -- mgr_command(tid 0: {"prefix": "orch host add", "hostname": "smithi133", "addr": "172.21.15.133", "target": ["mon-mgr", ""]}) v1 -- 0x7fbc200029f0 con 0x7fbc3402fd50
2024-02-20T12:59:46.479 INFO:teuthology.orchestra.run.smithi133.stderr:/usr/bin/ceph: Added host 'smithi133'
2024-02-20T12:59:46.479 INFO:teuthology.orchestra.run.smithi133.stderr:/usr/bin/ceph:
2024-02-20T12:59:46.477+0000 7fbc2f7fe700 1 -- 172.21.15.133:0/1511043753 <== mgr.14114 v2:172.21.15.133:6800/1248899614 1 ==== mgr_command_reply(tid 0: 0 ) v1 ==== 8+0+23 (secure 0 0 0) 0x7fbc200029f0 con 0x7fbc3402fd50
2024-02-20T12:59:46.481 INFO:teuthology.orchestra.run.smithi133.stderr:/usr/bin/ceph:
2024-02-20T12:59:46.480+0000 7fbc2d7fa700 1 -- 172.21.15.133:0/1511043753 >> [v2:172.21.15.133:6800/1248899614,v1:172.21.15.133:6801/1248899614] conn(0x7fbc3402fd50 msgr2=0x7fbc34032210 secure :-1 s=STATE_CONNECTION_ESTABLISHED l=1).mark_down
2024-02-20T12:59:46.481 INFO:teuthology.orchestra.run.smithi133.stderr:/usr/bin/ceph:
2024-02-20T12:59:46.480+0000 7fbc2d7fa700 1 --2- 172.21.15.133:0/1511043753 >> [v2:172.21.15.133:6800/1248899614,v1:172.21.15.133:6801/1248899614] conn(0x7fbc3402fd50 0x7fbc34032210 secure :-1 s=READY pgs=10 cs=0 l=1 rev1=1 rx=0x7fbc3c0096a0 tx=0x7fbc3c006b40).stop
2024-02-20T12:59:46.481 INFO:teuthology.orchestra.run.smithi133.stderr:/usr/bin/ceph:
2024-02-20T12:59:46.480+0000 7fbc2d7fa700 1 -- 172.21.15.133:0/1511043753 >> [v2:172.21.15.133:3300/0,v1:172.21.15.133:6789/0] conn(0x7fbc48072630 msgr2=0x7fbc4810cda0 secure :-1 s=STATE_CONNECTION_ESTABLISHED l=1).mark_down
2024-02-20T12:59:46.481 INFO:teuthology.orchestra.run.smithi133.stderr:/usr/bin/ceph:
2024-02-20T12:59:46.480+0000 7fbc2d7fa700 1 --2- 172.21.15.133:0/1511043753 >> [v2:172.21.15.133:3300/0,v1:172.21.15.133:6789/0] conn(0x7fbc48072630 0x7fbc4810cda0 secure :-1 s=READY pgs=38 cs=0 l=1 rev1=1 rx=0x7fbc38006cb0 tx=0x7fbc38006ee0).stop
2024-02-20T12:59:46.482 INFO:teuthology.orchestra.run.smithi133.stderr:/usr/bin/ceph:
2024-02-20T12:59:46.481+0000 7fbc2d7fa700 1 -- 172.21.15.133:0/1511043753 shutdown_connections
2024-02-20T12:59:46.482 INFO:teuthology.orchestra.run.smithi133.stderr:/usr/bin/ceph:
2024-02-20T12:59:46.481+0000 7fbc2d7fa700 1 --2- 172.21.15.133:0/1511043753 >> [v2:172.21.15.133:6800/1248899614,v1:172.21.15.133:6801/1248899614] conn(0x7fbc3402fd50 0x7fbc34032210 unknown :-1 s=CLOSED pgs=10 cs=0 l=1 rev1=1 rx=0 tx=0).stop
2024-02-20T12:59:46.482 INFO:teuthology.orchestra.run.smithi133.stderr:/usr/bin/ceph:
2024-02-20T12:59:46.481+0000 7fbc2d7fa700 1 --2- 172.21.15.133:0/1511043753 >> [v2:172.21.15.133:3300/0,v1:172.21.15.133:6789/0] conn(0x7fbc48072630 0x7fbc4810cda0 unknown :-1 s=CLOSED pgs=38 cs=0 l=1 rev1=1 rx=0 tx=0).stop
2024-02-20T12:59:46.482 INFO:teuthology.orchestra.run.smithi133.stderr:/usr/bin/ceph:
2024-02-20T12:59:46.481+0000 7fbc2d7fa700 1 -- 172.21.15.133:0/1511043753 >> 172.21.15.133:0/1511043753 conn(0x7fbc480f7560 msgr2=0x7fbc480f8fe0 unknown :-1 s=STATE_NONE l=0).mark_down
2024-02-20T12:59:46.482 INFO:teuthology.orchestra.run.smithi133.stderr:/usr/bin/ceph:
2024-02-20T12:59:46.481+0000 7fbc2d7fa700 1 -- 172.21.15.133:0/1511043753 shutdown_connections
2024-02-20T12:59:46.482 INFO:teuthology.orchestra.run.smithi133.stderr:/usr/bin/ceph:
2024-02-20T12:59:46.481+0000 7fbc2d7fa700 1 -- 172.21.15.133:0/1511043753 wait complete.
2024-02-20T12:59:46.802 INFO:journalctl@ceph.mon.smithi133.smithi133.stdout:Feb 20 12:59:46 smithi133 ceph-ba9433aa-cfef-11ee-95bb-87774f69a715-mon.smithi133[38235]: audit
2024-02-20T12:59:45.889140+0000 mgr.smithi133.gmzmpa (mgr.14114) 8 : audit [DBG] from='client.14132 -' entity='client.admin' cmd=[{"prefix": "orch host add", "hostname": "smithi133", "addr": "172.21.15.133", "target": ["mon-mgr", ""]}]: dispatch
2024-02-20T12:59:47.114 INFO:teuthology.orchestra.run.smithi133.stderr:Deploying mon service with default placement...
2024-02-20T12:59:47.115 INFO:teuthology.orchestra.run.smithi133.stderr:Running command: /bin/podman run --rm --ipc=host --no-hosts --net=host --entrypoint /usr/bin/ceph --init -e CONTAINER_IMAGE=docker.io/ceph/ceph:v16.2.4 -e NODE_NAME=smithi133 -e CEPH_USE_RANDOM_NONCE=1 -v /var/log/ceph/ba9433aa-cfef-11ee-95bb-87774f69a715:/var/log/ceph:z -v /tmp/ceph-tmpd6wy7wm6:/etc/ceph/ceph.client.admin.keyring:z -v /tmp/ceph-tmpt984cog1:/etc/ceph/ceph.conf:z docker.io/ceph/ceph:v16.2.4 orch apply mon
2024-02-20T12:59:47.689 INFO:teuthology.orchestra.run.smithi133.stderr:/usr/bin/ceph:
2024-02-20T12:59:47.687+0000 7f41fbbef700 1 Processor -- start
2024-02-20T12:59:47.691 INFO:teuthology.orchestra.run.smithi133.stderr:/usr/bin/ceph:
2024-02-20T12:59:47.687+0000 7f41fbbef700 1 -- start start
2024-02-20T12:59:47.691 INFO:teuthology.orchestra.run.smithi133.stderr:/usr/bin/ceph:
2024-02-20T12:59:47.687+0000 7f41fbbef700 1 --2- >> [v2:172.21.15.133:3300/0,v1:172.21.15.133:6789/0] conn(0x7f41f40fc2b0 0x7f41f40fc6d0 unknown :-1 s=NONE pgs=0 cs=0 l=0 rev1=0 rx=0 tx=0).connect
2024-02-20T12:59:47.691 INFO:teuthology.orchestra.run.smithi133.stderr:/usr/bin/ceph:
2024-02-20T12:59:47.687+0000 7f41fbbef700 1 -- --> [v2:172.21.15.133:3300/0,v1:172.21.15.133:6789/0] -- mon_getmap magic: 0 v1 -- 0x7f41f40fcbc0 con 0x7f41f40fc2b0
2024-02-20T12:59:47.691 INFO:teuthology.orchestra.run.smithi133.stderr:/usr/bin/ceph:
2024-02-20T12:59:47.688+0000 7f41f998b700 1 --2- >> [v2:172.21.15.133:3300/0,v1:172.21.15.133:6789/0] conn(0x7f41f40fc2b0 0x7f41f40fc6d0 unknown :-1 s=BANNER_CONNECTING pgs=0 cs=0 l=0 rev1=0 rx=0 tx=0)._handle_peer_banner_payload supported=1 required=0
2024-02-20T12:59:47.691 INFO:teuthology.orchestra.run.smithi133.stderr:/usr/bin/ceph:
2024-02-20T12:59:47.688+0000 7f41f998b700 1 --2- >> [v2:172.21.15.133:3300/0,v1:172.21.15.133:6789/0] conn(0x7f41f40fc2b0 0x7f41f40fc6d0 unknown :-1 s=HELLO_CONNECTING pgs=0 cs=0 l=0 rev1=1 rx=0 tx=0).handle_hello peer v2:172.21.15.133:3300/0 says I am v2:172.21.15.133:41240/0 (socket says 172.21.15.133:41240)
2024-02-20T12:59:47.691 INFO:teuthology.orchestra.run.smithi133.stderr:/usr/bin/ceph:
2024-02-20T12:59:47.688+0000 7f41f998b700 1 -- 172.21.15.133:0/2069347462 learned_addr learned my addr 172.21.15.133:0/2069347462 (peer_addr_for_me v2:172.21.15.133:0/0)
2024-02-20T12:59:47.691 INFO:teuthology.orchestra.run.smithi133.stderr:/usr/bin/ceph:
2024-02-20T12:59:47.688+0000 7f41f998b700 1 -- 172.21.15.133:0/2069347462 --> [v2:172.21.15.133:3300/0,v1:172.21.15.133:6789/0] -- mon_subscribe({config=0+,monmap=0+}) v3 -- 0x7f41f40fcd00 con 0x7f41f40fc2b0
2024-02-20T12:59:47.691 INFO:teuthology.orchestra.run.smithi133.stderr:/usr/bin/ceph:
2024-02-20T12:59:47.688+0000 7f41f998b700 1 --2- 172.21.15.133:0/2069347462 >> [v2:172.21.15.133:3300/0,v1:172.21.15.133:6789/0] conn(0x7f41f40fc2b0 0x7f41f40fc6d0 secure :-1 s=READY pgs=39 cs=0 l=1 rev1=1 rx=0x7f41e400b5f0 tx=0x7f41e4006ee0).ready entity=mon.0 client_cookie=6b8e949b8d443e05 server_cookie=0 in_seq=0 out_seq=0
2024-02-20T12:59:47.692 INFO:teuthology.orchestra.run.smithi133.stderr:/usr/bin/ceph:
2024-02-20T12:59:47.688+0000 7f41f8989700 1 -- 172.21.15.133:0/2069347462 <== mon.0 v2:172.21.15.133:3300/0 1 ==== mon_map magic: 0 v1 ==== 229+0+0 (secure 0 0 0) 0x7f41e400d600 con 0x7f41f40fc2b0
2024-02-20T12:59:47.692 INFO:teuthology.orchestra.run.smithi133.stderr:/usr/bin/ceph:
2024-02-20T12:59:47.688+0000 7f41f8989700 1 -- 172.21.15.133:0/2069347462 <== mon.0 v2:172.21.15.133:3300/0 2 ==== config(25 keys) v1 ==== 983+0+0 (secure 0 0 0) 0x7f41e400dbb0 con 0x7f41f40fc2b0
2024-02-20T12:59:47.692 INFO:teuthology.orchestra.run.smithi133.stderr:/usr/bin/ceph:
2024-02-20T12:59:47.688+0000 7f41f8989700 1 -- 172.21.15.133:0/2069347462 <== mon.0 v2:172.21.15.133:3300/0 3 ==== mon_map magic: 0 v1 ==== 229+0+0 (secure 0 0 0) 0x7f41e4011bb0 con 0x7f41f40fc2b0
2024-02-20T12:59:47.692 INFO:teuthology.orchestra.run.smithi133.stderr:/usr/bin/ceph:
2024-02-20T12:59:47.689+0000 7f41fbbef700 1 -- 172.21.15.133:0/2069347462 >> [v2:172.21.15.133:3300/0,v1:172.21.15.133:6789/0] conn(0x7f41f40fc2b0 msgr2=0x7f41f40fc6d0 secure :-1 s=STATE_CONNECTION_ESTABLISHED l=1).mark_down
2024-02-20T12:59:47.692 INFO:teuthology.orchestra.run.smithi133.stderr:/usr/bin/ceph:
2024-02-20T12:59:47.689+0000 7f41fbbef700 1 --2- 172.21.15.133:0/2069347462 >> [v2:172.21.15.133:3300/0,v1:172.21.15.133:6789/0] conn(0x7f41f40fc2b0 0x7f41f40fc6d0 secure :-1 s=READY pgs=39 cs=0 l=1 rev1=1 rx=0x7f41e400b5f0 tx=0x7f41e4006ee0).stop
2024-02-20T12:59:47.692 INFO:teuthology.orchestra.run.smithi133.stderr:/usr/bin/ceph:
2024-02-20T12:59:47.689+0000 7f41fbbef700 1 -- 172.21.15.133:0/2069347462 shutdown_connections
2024-02-20T12:59:47.692 INFO:teuthology.orchestra.run.smithi133.stderr:/usr/bin/ceph:
2024-02-20T12:59:47.689+0000 7f41fbbef700 1 --2- 172.21.15.133:0/2069347462 >> [v2:172.21.15.133:3300/0,v1:172.21.15.133:6789/0] conn(0x7f41f40fc2b0 0x7f41f40fc6d0 unknown :-1 s=CLOSED pgs=39 cs=0 l=1 rev1=1 rx=0 tx=0).stop
2024-02-20T12:59:47.692 INFO:teuthology.orchestra.run.smithi133.stderr:/usr/bin/ceph:
2024-02-20T12:59:47.689+0000 7f41fbbef700 1 -- 172.21.15.133:0/2069347462 >> 172.21.15.133:0/2069347462 conn(0x7f41f40f6400 msgr2=0x7f41f40f8820 unknown :-1 s=STATE_NONE l=0).mark_down
2024-02-20T12:59:47.692 INFO:teuthology.orchestra.run.smithi133.stderr:/usr/bin/ceph:
2024-02-20T12:59:47.689+0000 7f41fbbef700 1 -- 172.21.15.133:0/2069347462 shutdown_connections
2024-02-20T12:59:47.693 INFO:teuthology.orchestra.run.smithi133.stderr:/usr/bin/ceph:
2024-02-20T12:59:47.689+0000 7f41fbbef700 1 -- 172.21.15.133:0/2069347462 wait complete.
2024-02-20T12:59:47.693 INFO:teuthology.orchestra.run.smithi133.stderr:/usr/bin/ceph:
2024-02-20T12:59:47.690+0000 7f41fbbef700 1 Processor -- start
2024-02-20T12:59:47.693 INFO:teuthology.orchestra.run.smithi133.stderr:/usr/bin/ceph:
2024-02-20T12:59:47.690+0000 7f41fbbef700 1 -- start start
2024-02-20T12:59:47.693 INFO:teuthology.orchestra.run.smithi133.stderr:/usr/bin/ceph:
2024-02-20T12:59:47.690+0000 7f41fbbef700 1 --2- >> [v2:172.21.15.133:3300/0,v1:172.21.15.133:6789/0] conn(0x7f41f40fc2b0 0x7f41f410d860 unknown :-1 s=NONE pgs=0 cs=0 l=1 rev1=0 rx=0 tx=0).connect
2024-02-20T12:59:47.693 INFO:teuthology.orchestra.run.smithi133.stderr:/usr/bin/ceph:
2024-02-20T12:59:47.690+0000 7f41fbbef700 1 -- --> [v2:172.21.15.133:3300/0,v1:172.21.15.133:6789/0] -- mon_getmap magic: 0 v1 -- 0x7f41f4070450 con 0x7f41f40fc2b0
2024-02-20T12:59:47.693 INFO:teuthology.orchestra.run.smithi133.stderr:/usr/bin/ceph:
2024-02-20T12:59:47.690+0000 7f41f998b700 1 --2- >> [v2:172.21.15.133:3300/0,v1:172.21.15.133:6789/0] conn(0x7f41f40fc2b0 0x7f41f410d860 unknown :-1 s=BANNER_CONNECTING pgs=0 cs=0 l=1 rev1=0 rx=0 tx=0)._handle_peer_banner_payload supported=1 required=0
2024-02-20T12:59:47.693 INFO:teuthology.orchestra.run.smithi133.stderr:/usr/bin/ceph:
2024-02-20T12:59:47.690+0000 7f41f998b700 1 --2- >> [v2:172.21.15.133:3300/0,v1:172.21.15.133:6789/0] conn(0x7f41f40fc2b0 0x7f41f410d860 unknown :-1 s=HELLO_CONNECTING pgs=0 cs=0 l=1 rev1=1 rx=0 tx=0).handle_hello peer v2:172.21.15.133:3300/0 says I am v2:172.21.15.133:41250/0 (socket says 172.21.15.133:41250)
2024-02-20T12:59:47.693 INFO:teuthology.orchestra.run.smithi133.stderr:/usr/bin/ceph:
2024-02-20T12:59:47.690+0000 7f41f998b700 1 -- 172.21.15.133:0/529942355 learned_addr learned my addr 172.21.15.133:0/529942355 (peer_addr_for_me v2:172.21.15.133:0/0)
2024-02-20T12:59:47.693 INFO:teuthology.orchestra.run.smithi133.stderr:/usr/bin/ceph:
2024-02-20T12:59:47.690+0000 7f41f998b700 1 -- 172.21.15.133:0/529942355 --> [v2:172.21.15.133:3300/0,v1:172.21.15.133:6789/0] -- mon_subscribe({config=0+,monmap=0+}) v3 -- 0x7f41e400b200 con 0x7f41f40fc2b0
2024-02-20T12:59:47.694 INFO:teuthology.orchestra.run.smithi133.stderr:/usr/bin/ceph:
2024-02-20T12:59:47.690+0000 7f41f998b700 1 --2- 172.21.15.133:0/529942355 >> [v2:172.21.15.133:3300/0,v1:172.21.15.133:6789/0] conn(0x7f41f40fc2b0 0x7f41f410d860 secure :-1 s=READY pgs=40 cs=0 l=1 rev1=1 rx=0x7f41e400bf20 tx=0x7f41e4006ee0).ready entity=mon.0 client_cookie=0 server_cookie=0 in_seq=0 out_seq=0
2024-02-20T12:59:47.694 INFO:teuthology.orchestra.run.smithi133.stderr:/usr/bin/ceph:
2024-02-20T12:59:47.690+0000 7f41e27fc700 1 -- 172.21.15.133:0/529942355 <== mon.0 v2:172.21.15.133:3300/0 1 ==== mon_map magic: 0 v1 ==== 229+0+0 (secure 0 0 0) 0x7f41e401b570 con 0x7f41f40fc2b0
2024-02-20T12:59:47.694 INFO:teuthology.orchestra.run.smithi133.stderr:/usr/bin/ceph:
2024-02-20T12:59:47.690+0000 7f41e27fc700 1 -- 172.21.15.133:0/529942355 <== mon.0 v2:172.21.15.133:3300/0 2 ==== config(25 keys) v1 ==== 983+0+0 (secure 0 0 0) 0x7f41e401bb20 con 0x7f41f40fc2b0
