2024-02-20T12:59:32.765 INFO:teuthology.orchestra.run.smithi133.stderr:/usr/bin/ceph:
2024-02-20T12:59:32.760+0000 7fae8affd700 1 -- 172.21.15.133:0/3526193121 <== mon.0 v2:172.21.15.133:3300/0 2 ==== config(25 keys) v1 ==== 983+0+0 (secure 0 0 0) 0x7fae80010470 con 0x7fae8c0fc2e0
2024-02-20T12:59:32.765 INFO:teuthology.orchestra.run.smithi133.stderr:/usr/bin/ceph:
2024-02-20T12:59:32.760+0000 7fae8affd700 1 -- 172.21.15.133:0/3526193121 <== mon.0 v2:172.21.15.133:3300/0 3 ==== mon_map magic: 0 v1 ==== 229+0+0 (secure 0 0 0) 0x7fae8000f5b0 con 0x7fae8c0fc2e0
2024-02-20T12:59:32.766 INFO:teuthology.orchestra.run.smithi133.stderr:/usr/bin/ceph:
2024-02-20T12:59:32.760+0000 7fae9262f700 1 -- 172.21.15.133:0/3526193121 >> [v2:172.21.15.133:3300/0,v1:172.21.15.133:6789/0] conn(0x7fae8c0fc2e0 msgr2=0x7fae8c0fc700 secure :-1 s=STATE_CONNECTION_ESTABLISHED l=1).mark_down
2024-02-20T12:59:32.766 INFO:teuthology.orchestra.run.smithi133.stderr:/usr/bin/ceph:
2024-02-20T12:59:32.760+0000 7fae9262f700 1 --2- 172.21.15.133:0/3526193121 >> [v2:172.21.15.133:3300/0,v1:172.21.15.133:6789/0] conn(0x7fae8c0fc2e0 0x7fae8c0fc700 secure :-1 s=READY pgs=16 cs=0 l=1 rev1=1 rx=0x7fae8000b870 tx=0x7fae80006f70).stop
2024-02-20T12:59:32.766 INFO:teuthology.orchestra.run.smithi133.stderr:/usr/bin/ceph:
2024-02-20T12:59:32.760+0000 7fae9262f700 1 -- 172.21.15.133:0/3526193121 shutdown_connections
2024-02-20T12:59:32.766 INFO:teuthology.orchestra.run.smithi133.stderr:/usr/bin/ceph:
2024-02-20T12:59:32.760+0000 7fae9262f700 1 --2- 172.21.15.133:0/3526193121 >> [v2:172.21.15.133:3300/0,v1:172.21.15.133:6789/0] conn(0x7fae8c0fc2e0 0x7fae8c0fc700 unknown :-1 s=CLOSED pgs=16 cs=0 l=1 rev1=1 rx=0 tx=0).stop
2024-02-20T12:59:32.766 INFO:teuthology.orchestra.run.smithi133.stderr:/usr/bin/ceph:
2024-02-20T12:59:32.760+0000 7fae9262f700 1 -- 172.21.15.133:0/3526193121 >> 172.21.15.133:0/3526193121 conn(0x7fae8c0f6430 msgr2=0x7fae8c0f8850 unknown :-1 s=STATE_NONE l=0).mark_down
2024-02-20T12:59:32.766 INFO:teuthology.orchestra.run.smithi133.stderr:/usr/bin/ceph:
2024-02-20T12:59:32.760+0000 7fae9262f700 1 -- 172.21.15.133:0/3526193121 shutdown_connections
2024-02-20T12:59:32.766 INFO:teuthology.orchestra.run.smithi133.stderr:/usr/bin/ceph:
2024-02-20T12:59:32.760+0000 7fae9262f700 1 -- 172.21.15.133:0/3526193121 wait complete.
2024-02-20T12:59:32.766 INFO:teuthology.orchestra.run.smithi133.stderr:/usr/bin/ceph:
2024-02-20T12:59:32.761+0000 7fae9262f700 1 Processor -- start
2024-02-20T12:59:32.766 INFO:teuthology.orchestra.run.smithi133.stderr:/usr/bin/ceph:
2024-02-20T12:59:32.761+0000 7fae9262f700 1 -- start start
2024-02-20T12:59:32.766 INFO:teuthology.orchestra.run.smithi133.stderr:/usr/bin/ceph:
2024-02-20T12:59:32.761+0000 7fae9262f700 1 --2- >> [v2:172.21.15.133:3300/0,v1:172.21.15.133:6789/0] conn(0x7fae8c0fc2e0 0x7fae8c1089c0 unknown :-1 s=NONE pgs=0 cs=0 l=1 rev1=0 rx=0 tx=0).connect
2024-02-20T12:59:32.766 INFO:teuthology.orchestra.run.smithi133.stderr:/usr/bin/ceph:
2024-02-20T12:59:32.761+0000 7fae9262f700 1 -- --> [v2:172.21.15.133:3300/0,v1:172.21.15.133:6789/0] -- mon_getmap magic: 0 v1 -- 0x7fae8c108eb0 con 0x7fae8c0fc2e0
2024-02-20T12:59:32.766 INFO:teuthology.orchestra.run.smithi133.stderr:/usr/bin/ceph:
2024-02-20T12:59:32.761+0000 7fae8bfff700 1 --2- >> [v2:172.21.15.133:3300/0,v1:172.21.15.133:6789/0] conn(0x7fae8c0fc2e0 0x7fae8c1089c0 unknown :-1 s=BANNER_CONNECTING pgs=0 cs=0 l=1 rev1=0 rx=0 tx=0)._handle_peer_banner_payload supported=1 required=0
2024-02-20T12:59:32.766 INFO:teuthology.orchestra.run.smithi133.stderr:/usr/bin/ceph:
2024-02-20T12:59:32.761+0000 7fae8bfff700 1 --2- >> [v2:172.21.15.133:3300/0,v1:172.21.15.133:6789/0] conn(0x7fae8c0fc2e0 0x7fae8c1089c0 unknown :-1 s=HELLO_CONNECTING pgs=0 cs=0 l=1 rev1=1 rx=0 tx=0).handle_hello peer v2:172.21.15.133:3300/0 says I am v2:172.21.15.133:58004/0 (socket says 172.21.15.133:58004)
2024-02-20T12:59:32.766 INFO:teuthology.orchestra.run.smithi133.stderr:/usr/bin/ceph:
2024-02-20T12:59:32.761+0000 7fae8bfff700 1 -- 172.21.15.133:0/3777555946 learned_addr learned my addr 172.21.15.133:0/3777555946 (peer_addr_for_me v2:172.21.15.133:0/0)
2024-02-20T12:59:32.767 INFO:teuthology.orchestra.run.smithi133.stderr:/usr/bin/ceph:
2024-02-20T12:59:32.762+0000 7fae8bfff700 1 -- 172.21.15.133:0/3777555946 --> [v2:172.21.15.133:3300/0,v1:172.21.15.133:6789/0] -- mon_subscribe({config=0+,monmap=0+}) v3 -- 0x7fae8000b480 con 0x7fae8c0fc2e0
2024-02-20T12:59:32.767 INFO:teuthology.orchestra.run.smithi133.stderr:/usr/bin/ceph:
2024-02-20T12:59:32.762+0000 7fae8bfff700 1 --2- 172.21.15.133:0/3777555946 >> [v2:172.21.15.133:3300/0,v1:172.21.15.133:6789/0] conn(0x7fae8c0fc2e0 0x7fae8c1089c0 secure :-1 s=READY pgs=17 cs=0 l=1 rev1=1 rx=0x7fae800109c0 tx=0x7fae80006f70).ready entity=mon.0 client_cookie=0 server_cookie=0 in_seq=0 out_seq=0
2024-02-20T12:59:32.767 INFO:teuthology.orchestra.run.smithi133.stderr:/usr/bin/ceph:
2024-02-20T12:59:32.762+0000 7fae88ff9700 1 -- 172.21.15.133:0/3777555946 <== mon.0 v2:172.21.15.133:3300/0 1 ==== mon_map magic: 0 v1 ==== 229+0+0 (secure 0 0 0) 0x7fae8000f3d0 con 0x7fae8c0fc2e0
2024-02-20T12:59:32.767 INFO:teuthology.orchestra.run.smithi133.stderr:/usr/bin/ceph:
2024-02-20T12:59:32.762+0000 7fae88ff9700 1 -- 172.21.15.133:0/3777555946 <== mon.0 v2:172.21.15.133:3300/0 2 ==== config(25 keys) v1 ==== 983+0+0 (secure 0 0 0) 0x7fae8000fcc0 con 0x7fae8c0fc2e0
2024-02-20T12:59:32.767 INFO:teuthology.orchestra.run.smithi133.stderr:/usr/bin/ceph:
2024-02-20T12:59:32.762+0000 7fae9262f700 1 -- 172.21.15.133:0/3777555946 --> [v2:172.21.15.133:3300/0,v1:172.21.15.133:6789/0] -- mon_subscribe({mgrmap=0+}) v3 -- 0x7fae8c1090b0 con 0x7fae8c0fc2e0
2024-02-20T12:59:32.767 INFO:teuthology.orchestra.run.smithi133.stderr:/usr/bin/ceph:
2024-02-20T12:59:32.762+0000 7fae88ff9700 1 -- 172.21.15.133:0/3777555946 <== mon.0 v2:172.21.15.133:3300/0 3 ==== mon_map magic: 0 v1 ==== 229+0+0 (secure 0 0 0) 0x7fae80019c90 con 0x7fae8c0fc2e0
2024-02-20T12:59:32.767 INFO:teuthology.orchestra.run.smithi133.stderr:/usr/bin/ceph:
2024-02-20T12:59:32.762+0000 7fae9262f700 1 -- 172.21.15.133:0/3777555946 --> [v2:172.21.15.133:3300/0,v1:172.21.15.133:6789/0] -- mon_subscribe({osdmap=0}) v3 -- 0x7fae8c1094c0 con 0x7fae8c0fc2e0
2024-02-20T12:59:32.767 INFO:teuthology.orchestra.run.smithi133.stderr:/usr/bin/ceph:
2024-02-20T12:59:32.763+0000 7fae88ff9700 1 -- 172.21.15.133:0/3777555946 <== mon.0 v2:172.21.15.133:3300/0 4 ==== mgrmap(e 4) v1 ==== 36109+0+0 (secure 0 0 0) 0x7fae80016030 con 0x7fae8c0fc2e0
2024-02-20T12:59:32.767 INFO:teuthology.orchestra.run.smithi133.stderr:/usr/bin/ceph:
2024-02-20T12:59:32.763+0000 7fae88ff9700 1 --2- 172.21.15.133:0/3777555946 >> [v2:172.21.15.133:6800/3600236528,v1:172.21.15.133:6801/3600236528] conn(0x7fae7802fd00 0x7fae780321c0 unknown :-1 s=NONE pgs=0 cs=0 l=1 rev1=0 rx=0 tx=0).connect
2024-02-20T12:59:32.767 INFO:teuthology.orchestra.run.smithi133.stderr:/usr/bin/ceph:
2024-02-20T12:59:32.763+0000 7fae88ff9700 1 -- 172.21.15.133:0/3777555946 <== mon.0 v2:172.21.15.133:3300/0 5 ==== osd_map(1..1 src has 1..1) v4 ==== 721+0+0 (secure 0 0 0) 0x7fae800452a0 con 0x7fae8c0fc2e0
2024-02-20T12:59:32.767 INFO:teuthology.orchestra.run.smithi133.stderr:/usr/bin/ceph:
2024-02-20T12:59:32.763+0000 7fae8b7fe700 1 --2- 172.21.15.133:0/3777555946 >> [v2:172.21.15.133:6800/3600236528,v1:172.21.15.133:6801/3600236528] conn(0x7fae7802fd00 0x7fae780321c0 unknown :-1 s=BANNER_CONNECTING pgs=0 cs=0 l=1 rev1=0 rx=0 tx=0)._handle_peer_banner_payload supported=1 required=0
2024-02-20T12:59:32.767 INFO:teuthology.orchestra.run.smithi133.stderr:/usr/bin/ceph:
2024-02-20T12:59:32.763+0000 7fae9262f700 1 -- 172.21.15.133:0/3777555946 --> [v2:172.21.15.133:3300/0,v1:172.21.15.133:6789/0] -- mon_command({"prefix": "get_command_descriptions"} v 0) v1 -- 0x7fae8c046940 con 0x7fae8c0fc2e0
2024-02-20T12:59:32.767 INFO:teuthology.orchestra.run.smithi133.stderr:/usr/bin/ceph:
2024-02-20T12:59:32.763+0000 7fae8b7fe700 1 --2- 172.21.15.133:0/3777555946 >> [v2:172.21.15.133:6800/3600236528,v1:172.21.15.133:6801/3600236528] conn(0x7fae7802fd00 0x7fae780321c0 secure :-1 s=READY pgs=6 cs=0 l=1 rev1=1 rx=0x7fae7c0096a0 tx=0x7fae7c006b40).ready entity=mgr.14100 client_cookie=0 server_cookie=0 in_seq=0 out_seq=0
2024-02-20T12:59:32.768 INFO:teuthology.orchestra.run.smithi133.stderr:/usr/bin/ceph:
2024-02-20T12:59:32.767+0000 7fae88ff9700 1 -- 172.21.15.133:0/3777555946 <== mon.0 v2:172.21.15.133:3300/0 6 ==== mon_command_ack([{"prefix": "get_command_descriptions"}]=0 v0) v1 ==== 72+0+152212 (secure 0 0 0) 0x7fae80014030 con 0x7fae8c0fc2e0
2024-02-20T12:59:32.954 INFO:teuthology.orchestra.run.smithi133.stderr:/usr/bin/ceph:
2024-02-20T12:59:32.952+0000 7fae9262f700 1 -- 172.21.15.133:0/3777555946 --> [v2:172.21.15.133:3300/0,v1:172.21.15.133:6789/0] -- mon_command({"prefix": "mgr module enable", "module": "cephadm"} v 0) v1 -- 0x7fae8c059100 con 0x7fae8c0fc2e0
2024-02-20T12:59:33.079 INFO:teuthology.orchestra.run.smithi133.stderr:/usr/bin/ceph:
2024-02-20T12:59:33.078+0000 7fae88ff9700 1 -- 172.21.15.133:0/3777555946 <== mon.0 v2:172.21.15.133:3300/0 7 ==== mgrmap(e 5) v1 ==== 36120+0+0 (secure 0 0 0) 0x7fae8002ece0 con 0x7fae8c0fc2e0
2024-02-20T12:59:33.080 INFO:teuthology.orchestra.run.smithi133.stderr:/usr/bin/ceph:
2024-02-20T12:59:33.079+0000 7fae88ff9700 1 -- 172.21.15.133:0/3777555946 <== mon.0 v2:172.21.15.133:3300/0 8 ==== mon_command_ack([{"prefix": "mgr module enable", "module": "cephadm"}]=0 v5) v1 ==== 86+0+0 (secure 0 0 0) 0x7fae8002d5b0 con 0x7fae8c0fc2e0
2024-02-20T12:59:33.083 INFO:teuthology.orchestra.run.smithi133.stderr:/usr/bin/ceph:
2024-02-20T12:59:33.081+0000 7fae9262f700 1 -- 172.21.15.133:0/3777555946 >> [v2:172.21.15.133:6800/3600236528,v1:172.21.15.133:6801/3600236528] conn(0x7fae7802fd00 msgr2=0x7fae780321c0 secure :-1 s=STATE_CONNECTION_ESTABLISHED l=1).mark_down
2024-02-20T12:59:33.083 INFO:teuthology.orchestra.run.smithi133.stderr:/usr/bin/ceph:
2024-02-20T12:59:33.081+0000 7fae9262f700 1 --2- 172.21.15.133:0/3777555946 >> [v2:172.21.15.133:6800/3600236528,v1:172.21.15.133:6801/3600236528] conn(0x7fae7802fd00 0x7fae780321c0 secure :-1 s=READY pgs=6 cs=0 l=1 rev1=1 rx=0x7fae7c0096a0 tx=0x7fae7c006b40).stop
2024-02-20T12:59:33.083 INFO:teuthology.orchestra.run.smithi133.stderr:/usr/bin/ceph:
2024-02-20T12:59:33.081+0000 7fae9262f700 1 -- 172.21.15.133:0/3777555946 >> [v2:172.21.15.133:3300/0,v1:172.21.15.133:6789/0] conn(0x7fae8c0fc2e0 msgr2=0x7fae8c1089c0 secure :-1 s=STATE_CONNECTION_ESTABLISHED l=1).mark_down
2024-02-20T12:59:33.083 INFO:teuthology.orchestra.run.smithi133.stderr:/usr/bin/ceph:
2024-02-20T12:59:33.081+0000 7fae9262f700 1 --2- 172.21.15.133:0/3777555946 >> [v2:172.21.15.133:3300/0,v1:172.21.15.133:6789/0] conn(0x7fae8c0fc2e0 0x7fae8c1089c0 secure :-1 s=READY pgs=17 cs=0 l=1 rev1=1 rx=0x7fae800109c0 tx=0x7fae80006f70).stop
2024-02-20T12:59:33.083 INFO:teuthology.orchestra.run.smithi133.stderr:/usr/bin/ceph:
2024-02-20T12:59:33.081+0000 7fae9262f700 1 -- 172.21.15.133:0/3777555946 shutdown_connections
2024-02-20T12:59:33.083 INFO:teuthology.orchestra.run.smithi133.stderr:/usr/bin/ceph:
2024-02-20T12:59:33.081+0000 7fae9262f700 1 --2- 172.21.15.133:0/3777555946 >> [v2:172.21.15.133:6800/3600236528,v1:172.21.15.133:6801/3600236528] conn(0x7fae7802fd00 0x7fae780321c0 unknown :-1 s=CLOSED pgs=6 cs=0 l=1 rev1=1 rx=0 tx=0).stop
2024-02-20T12:59:33.083 INFO:teuthology.orchestra.run.smithi133.stderr:/usr/bin/ceph:
2024-02-20T12:59:33.081+0000 7fae9262f700 1 --2- 172.21.15.133:0/3777555946 >> [v2:172.21.15.133:3300/0,v1:172.21.15.133:6789/0] conn(0x7fae8c0fc2e0 0x7fae8c1089c0 unknown :-1 s=CLOSED pgs=17 cs=0 l=1 rev1=1 rx=0 tx=0).stop
2024-02-20T12:59:33.084 INFO:teuthology.orchestra.run.smithi133.stderr:/usr/bin/ceph:
2024-02-20T12:59:33.081+0000 7fae9262f700 1 -- 172.21.15.133:0/3777555946 >> 172.21.15.133:0/3777555946 conn(0x7fae8c0f6430 msgr2=0x7fae8c0ff9c0 unknown :-1 s=STATE_NONE l=0).mark_down
2024-02-20T12:59:33.084 INFO:teuthology.orchestra.run.smithi133.stderr:/usr/bin/ceph:
2024-02-20T12:59:33.081+0000 7fae9262f700 1 -- 172.21.15.133:0/3777555946 shutdown_connections
2024-02-20T12:59:33.084 INFO:teuthology.orchestra.run.smithi133.stderr:/usr/bin/ceph:
2024-02-20T12:59:33.081+0000 7fae9262f700 1 -- 172.21.15.133:0/3777555946 wait complete.
2024-02-20T12:59:33.419 INFO:journalctl@ceph.mon.smithi133.smithi133.stdout:Feb 20 12:59:33 smithi133 ceph-ba9433aa-cfef-11ee-95bb-87774f69a715-mon.smithi133[38235]: cluster
2024-02-20T12:59:32.077244+0000 mon.smithi133 (mon.0) 24 : cluster [DBG] mgrmap e4: smithi133.gmzmpa(active, since 3s)
2024-02-20T12:59:33.419 INFO:journalctl@ceph.mon.smithi133.smithi133.stdout:Feb 20 12:59:33 smithi133 ceph-ba9433aa-cfef-11ee-95bb-87774f69a715-mon.smithi133[38235]: audit
2024-02-20T12:59:32.954130+0000 mon.smithi133 (mon.0) 25 : audit [INF] from='client.? 172.21.15.133:0/3777555946' entity='client.admin' cmd=[{"prefix": "mgr module enable", "module": "cephadm"}]: dispatch
2024-02-20T12:59:33.717 INFO:teuthology.orchestra.run.smithi133.stderr:Running command: /bin/podman run --rm --ipc=host --no-hosts --net=host --entrypoint /usr/bin/ceph --init -e CONTAINER_IMAGE=docker.io/ceph/ceph:v16.2.4 -e NODE_NAME=smithi133 -e CEPH_USE_RANDOM_NONCE=1 -v /var/log/ceph/ba9433aa-cfef-11ee-95bb-87774f69a715:/var/log/ceph:z -v /tmp/ceph-tmpd6wy7wm6:/etc/ceph/ceph.client.admin.keyring:z -v /tmp/ceph-tmpt984cog1:/etc/ceph/ceph.conf:z docker.io/ceph/ceph:v16.2.4 mgr stat
2024-02-20T12:59:34.301 INFO:journalctl@ceph.mon.smithi133.smithi133.stdout:Feb 20 12:59:34 smithi133 ceph-ba9433aa-cfef-11ee-95bb-87774f69a715-mon.smithi133[38235]: audit
2024-02-20T12:59:33.080614+0000 mon.smithi133 (mon.0) 26 : audit [INF] from='client.? 172.21.15.133:0/3777555946' entity='client.admin' cmd='[{"prefix": "mgr module enable", "module": "cephadm"}]': finished
2024-02-20T12:59:34.301 INFO:journalctl@ceph.mon.smithi133.smithi133.stdout:Feb 20 12:59:34 smithi133 ceph-ba9433aa-cfef-11ee-95bb-87774f69a715-mon.smithi133[38235]: cluster
2024-02-20T12:59:33.080697+0000 mon.smithi133 (mon.0) 27 : cluster [DBG] mgrmap e5: smithi133.gmzmpa(active, since 4s)
2024-02-20T12:59:34.305 INFO:teuthology.orchestra.run.smithi133.stderr:/usr/bin/ceph:
2024-02-20T12:59:34.284+0000 7f2c7a218700 1 Processor -- start
2024-02-20T12:59:34.305 INFO:teuthology.orchestra.run.smithi133.stderr:/usr/bin/ceph:
2024-02-20T12:59:34.284+0000 7f2c7a218700 1 -- start start
2024-02-20T12:59:34.305 INFO:teuthology.orchestra.run.smithi133.stderr:/usr/bin/ceph:
2024-02-20T12:59:34.285+0000 7f2c7a218700 1 --2- >> [v2:172.21.15.133:3300/0,v1:172.21.15.133:6789/0] conn(0x7f2c740fbdd0 0x7f2c740fc1f0 unknown :-1 s=NONE pgs=0 cs=0 l=0 rev1=0 rx=0 tx=0).connect
2024-02-20T12:59:34.305 INFO:teuthology.orchestra.run.smithi133.stderr:/usr/bin/ceph:
2024-02-20T12:59:34.285+0000 7f2c7a218700 1 -- --> [v2:172.21.15.133:3300/0,v1:172.21.15.133:6789/0] -- mon_getmap magic: 0 v1 -- 0x7f2c740fc6e0 con 0x7f2c740fbdd0
2024-02-20T12:59:34.306 INFO:teuthology.orchestra.run.smithi133.stderr:/usr/bin/ceph:
2024-02-20T12:59:34.285+0000 7f2c737fe700 1 --2- >> [v2:172.21.15.133:3300/0,v1:172.21.15.133:6789/0] conn(0x7f2c740fbdd0 0x7f2c740fc1f0 unknown :-1 s=BANNER_CONNECTING pgs=0 cs=0 l=0 rev1=0 rx=0 tx=0)._handle_peer_banner_payload supported=1 required=0
2024-02-20T12:59:34.306 INFO:teuthology.orchestra.run.smithi133.stderr:/usr/bin/ceph:
2024-02-20T12:59:34.285+0000 7f2c737fe700 1 --2- >> [v2:172.21.15.133:3300/0,v1:172.21.15.133:6789/0] conn(0x7f2c740fbdd0 0x7f2c740fc1f0 unknown :-1 s=HELLO_CONNECTING pgs=0 cs=0 l=0 rev1=1 rx=0 tx=0).handle_hello peer v2:172.21.15.133:3300/0 says I am v2:172.21.15.133:58022/0 (socket says 172.21.15.133:58022)
2024-02-20T12:59:34.306 INFO:teuthology.orchestra.run.smithi133.stderr:/usr/bin/ceph:
2024-02-20T12:59:34.285+0000 7f2c737fe700 1 -- 172.21.15.133:0/153346290 learned_addr learned my addr 172.21.15.133:0/153346290 (peer_addr_for_me v2:172.21.15.133:0/0)
2024-02-20T12:59:34.306 INFO:teuthology.orchestra.run.smithi133.stderr:/usr/bin/ceph:
2024-02-20T12:59:34.285+0000 7f2c737fe700 1 -- 172.21.15.133:0/153346290 --> [v2:172.21.15.133:3300/0,v1:172.21.15.133:6789/0] -- mon_subscribe({config=0+,monmap=0+}) v3 -- 0x7f2c740fc820 con 0x7f2c740fbdd0
2024-02-20T12:59:34.306 INFO:teuthology.orchestra.run.smithi133.stderr:/usr/bin/ceph:
2024-02-20T12:59:34.285+0000 7f2c737fe700 1 --2- 172.21.15.133:0/153346290 >> [v2:172.21.15.133:3300/0,v1:172.21.15.133:6789/0] conn(0x7f2c740fbdd0 0x7f2c740fc1f0 secure :-1 s=READY pgs=20 cs=0 l=1 rev1=1 rx=0x7f2c6400b5f0 tx=0x7f2c64006ee0).ready entity=mon.0 client_cookie=1fa14fb23069c332 server_cookie=0 in_seq=0 out_seq=0
2024-02-20T12:59:34.306 INFO:teuthology.orchestra.run.smithi133.stderr:/usr/bin/ceph:
2024-02-20T12:59:34.285+0000 7f2c727fc700 1 -- 172.21.15.133:0/153346290 <== mon.0 v2:172.21.15.133:3300/0 1 ==== mon_map magic: 0 v1 ==== 229+0+0 (secure 0 0 0) 0x7f2c6400d600 con 0x7f2c740fbdd0
2024-02-20T12:59:34.306 INFO:teuthology.orchestra.run.smithi133.stderr:/usr/bin/ceph:
2024-02-20T12:59:34.285+0000 7f2c727fc700 1 -- 172.21.15.133:0/153346290 <== mon.0 v2:172.21.15.133:3300/0 2 ==== config(25 keys) v1 ==== 983+0+0 (secure 0 0 0) 0x7f2c6400dbb0 con 0x7f2c740fbdd0
2024-02-20T12:59:34.306 INFO:teuthology.orchestra.run.smithi133.stderr:/usr/bin/ceph:
2024-02-20T12:59:34.285+0000 7f2c727fc700 1 -- 172.21.15.133:0/153346290 <== mon.0 v2:172.21.15.133:3300/0 3 ==== mon_map magic: 0 v1 ==== 229+0+0 (secure 0 0 0) 0x7f2c64011bb0 con 0x7f2c740fbdd0
2024-02-20T12:59:34.306 INFO:teuthology.orchestra.run.smithi133.stderr:/usr/bin/ceph:
2024-02-20T12:59:34.286+0000 7f2c7a218700 1 -- 172.21.15.133:0/153346290 >> [v2:172.21.15.133:3300/0,v1:172.21.15.133:6789/0] conn(0x7f2c740fbdd0 msgr2=0x7f2c740fc1f0 secure :-1 s=STATE_CONNECTION_ESTABLISHED l=1).mark_down
2024-02-20T12:59:34.306 INFO:teuthology.orchestra.run.smithi133.stderr:/usr/bin/ceph:
2024-02-20T12:59:34.286+0000 7f2c7a218700 1 --2- 172.21.15.133:0/153346290 >> [v2:172.21.15.133:3300/0,v1:172.21.15.133:6789/0] conn(0x7f2c740fbdd0 0x7f2c740fc1f0 secure :-1 s=READY pgs=20 cs=0 l=1 rev1=1 rx=0x7f2c6400b5f0 tx=0x7f2c64006ee0).stop
2024-02-20T12:59:34.306 INFO:teuthology.orchestra.run.smithi133.stderr:/usr/bin/ceph:
2024-02-20T12:59:34.286+0000 7f2c7a218700 1 -- 172.21.15.133:0/153346290 shutdown_connections
2024-02-20T12:59:34.306 INFO:teuthology.orchestra.run.smithi133.stderr:/usr/bin/ceph:
2024-02-20T12:59:34.286+0000 7f2c7a218700 1 --2- 172.21.15.133:0/153346290 >> [v2:172.21.15.133:3300/0,v1:172.21.15.133:6789/0] conn(0x7f2c740fbdd0 0x7f2c740fc1f0 unknown :-1 s=CLOSED pgs=20 cs=0 l=1 rev1=1 rx=0 tx=0).stop
2024-02-20T12:59:34.306 INFO:teuthology.orchestra.run.smithi133.stderr:/usr/bin/ceph:
2024-02-20T12:59:34.286+0000 7f2c7a218700 1 -- 172.21.15.133:0/153346290 >> 172.21.15.133:0/153346290 conn(0x7f2c740f7530 msgr2=0x7f2c740f9950 unknown :-1 s=STATE_NONE l=0).mark_down
2024-02-20T12:59:34.306 INFO:teuthology.orchestra.run.smithi133.stderr:/usr/bin/ceph:
2024-02-20T12:59:34.286+0000 7f2c7a218700 1 -- 172.21.15.133:0/153346290 shutdown_connections
2024-02-20T12:59:34.307 INFO:teuthology.orchestra.run.smithi133.stderr:/usr/bin/ceph:
2024-02-20T12:59:34.286+0000 7f2c7a218700 1 -- 172.21.15.133:0/153346290 wait complete.
2024-02-20T12:59:34.307 INFO:teuthology.orchestra.run.smithi133.stderr:/usr/bin/ceph:
2024-02-20T12:59:34.286+0000 7f2c7a218700 1 Processor -- start
2024-02-20T12:59:34.307 INFO:teuthology.orchestra.run.smithi133.stderr:/usr/bin/ceph:
2024-02-20T12:59:34.287+0000 7f2c7a218700 1 -- start start
2024-02-20T12:59:34.307 INFO:teuthology.orchestra.run.smithi133.stderr:/usr/bin/ceph:
2024-02-20T12:59:34.287+0000 7f2c7a218700 1 --2- >> [v2:172.21.15.133:3300/0,v1:172.21.15.133:6789/0] conn(0x7f2c740fbdd0 0x7f2c740725e0 unknown :-1 s=NONE pgs=0 cs=0 l=1 rev1=0 rx=0 tx=0).connect
2024-02-20T12:59:34.307 INFO:teuthology.orchestra.run.smithi133.stderr:/usr/bin/ceph:
2024-02-20T12:59:34.287+0000 7f2c7a218700 1 -- --> [v2:172.21.15.133:3300/0,v1:172.21.15.133:6789/0] -- mon_getmap magic: 0 v1 -- 0x7f2c74070a60 con 0x7f2c740fbdd0
2024-02-20T12:59:34.307 INFO:teuthology.orchestra.run.smithi133.stderr:/usr/bin/ceph:
2024-02-20T12:59:34.287+0000 7f2c737fe700 1 --2- >> [v2:172.21.15.133:3300/0,v1:172.21.15.133:6789/0] conn(0x7f2c740fbdd0 0x7f2c740725e0 unknown :-1 s=BANNER_CONNECTING pgs=0 cs=0 l=1 rev1=0 rx=0 tx=0)._handle_peer_banner_payload supported=1 required=0
2024-02-20T12:59:34.307 INFO:teuthology.orchestra.run.smithi133.stderr:/usr/bin/ceph:
2024-02-20T12:59:34.287+0000 7f2c737fe700 1 --2- >> [v2:172.21.15.133:3300/0,v1:172.21.15.133:6789/0] conn(0x7f2c740fbdd0 0x7f2c740725e0 unknown :-1 s=HELLO_CONNECTING pgs=0 cs=0 l=1 rev1=1 rx=0 tx=0).handle_hello peer v2:172.21.15.133:3300/0 says I am v2:172.21.15.133:58036/0 (socket says 172.21.15.133:58036)
2024-02-20T12:59:34.307 INFO:teuthology.orchestra.run.smithi133.stderr:/usr/bin/ceph:
2024-02-20T12:59:34.287+0000 7f2c737fe700 1 -- 172.21.15.133:0/2631034428 learned_addr learned my addr 172.21.15.133:0/2631034428 (peer_addr_for_me v2:172.21.15.133:0/0)
2024-02-20T12:59:34.307 INFO:teuthology.orchestra.run.smithi133.stderr:/usr/bin/ceph:
2024-02-20T12:59:34.287+0000 7f2c737fe700 1 -- 172.21.15.133:0/2631034428 --> [v2:172.21.15.133:3300/0,v1:172.21.15.133:6789/0] -- mon_subscribe({config=0+,monmap=0+}) v3 -- 0x7f2c6400b200 con 0x7f2c740fbdd0
2024-02-20T12:59:34.307 INFO:teuthology.orchestra.run.smithi133.stderr:/usr/bin/ceph:
2024-02-20T12:59:34.287+0000 7f2c737fe700 1 --2- 172.21.15.133:0/2631034428 >> [v2:172.21.15.133:3300/0,v1:172.21.15.133:6789/0] conn(0x7f2c740fbdd0 0x7f2c740725e0 secure :-1 s=READY pgs=21 cs=0 l=1 rev1=1 rx=0x7f2c64003000 tx=0x7f2c64006ee0).ready entity=mon.0 client_cookie=0 server_cookie=0 in_seq=0 out_seq=0
2024-02-20T12:59:34.307 INFO:teuthology.orchestra.run.smithi133.stderr:/usr/bin/ceph:
2024-02-20T12:59:34.287+0000 7f2c5bfff700 1 -- 172.21.15.133:0/2631034428 <== mon.0 v2:172.21.15.133:3300/0 1 ==== mon_map magic: 0 v1 ==== 229+0+0 (secure 0 0 0) 0x7f2c64011e30 con 0x7f2c740fbdd0
2024-02-20T12:59:34.307 INFO:teuthology.orchestra.run.smithi133.stderr:/usr/bin/ceph:
2024-02-20T12:59:34.287+0000 7f2c5bfff700 1 -- 172.21.15.133:0/2631034428 <== mon.0 v2:172.21.15.133:3300/0 2 ==== config(25 keys) v1 ==== 983+0+0 (secure 0 0 0) 0x7f2c6400d9c0 con 0x7f2c740fbdd0
2024-02-20T12:59:34.307 INFO:teuthology.orchestra.run.smithi133.stderr:/usr/bin/ceph:
2024-02-20T12:59:34.287+0000 7f2c7a218700 1 -- 172.21.15.133:0/2631034428 --> [v2:172.21.15.133:3300/0,v1:172.21.15.133:6789/0] -- mon_subscribe({mgrmap=0+}) v3 -- 0x7f2c74070c00 con 0x7f2c740fbdd0
2024-02-20T12:59:34.308 INFO:teuthology.orchestra.run.smithi133.stderr:/usr/bin/ceph:
2024-02-20T12:59:34.287+0000 7f2c5bfff700 1 -- 172.21.15.133:0/2631034428 <== mon.0 v2:172.21.15.133:3300/0 3 ==== mon_map magic: 0 v1 ==== 229+0+0 (secure 0 0 0) 0x7f2c6401b740 con 0x7f2c740fbdd0
2024-02-20T12:59:34.308 INFO:teuthology.orchestra.run.smithi133.stderr:/usr/bin/ceph:
2024-02-20T12:59:34.287+0000 7f2c7a218700 1 -- 172.21.15.133:0/2631034428 --> [v2:172.21.15.133:3300/0,v1:172.21.15.133:6789/0] -- mon_subscribe({osdmap=0}) v3 -- 0x7f2c74071010 con 0x7f2c740fbdd0
2024-02-20T12:59:34.308 INFO:teuthology.orchestra.run.smithi133.stderr:/usr/bin/ceph:
2024-02-20T12:59:34.288+0000 7f2c5bfff700 1 -- 172.21.15.133:0/2631034428 <== mon.0 v2:172.21.15.133:3300/0 4 ==== mgrmap(e 5) v1 ==== 36120+0+0 (secure 0 0 0) 0x7f2c6400f070 con 0x7f2c740fbdd0
2024-02-20T12:59:34.308 INFO:teuthology.orchestra.run.smithi133.stderr:/usr/bin/ceph:
2024-02-20T12:59:34.289+0000 7f2c5bfff700 1 --2- 172.21.15.133:0/2631034428 >> [v2:172.21.15.133:6800/3600236528,v1:172.21.15.133:6801/3600236528] conn(0x7f2c6002fdb0 0x7f2c60032270 unknown :-1 s=NONE pgs=0 cs=0 l=1 rev1=0 rx=0 tx=0).connect
2024-02-20T12:59:34.308 INFO:teuthology.orchestra.run.smithi133.stderr:/usr/bin/ceph:
2024-02-20T12:59:34.289+0000 7f2c5bfff700 1 -- 172.21.15.133:0/2631034428 <== mon.0 v2:172.21.15.133:3300/0 5 ==== osd_map(1..1 src has 1..1) v4 ==== 721+0+0 (secure 0 0 0) 0x7f2c64040f80 con 0x7f2c740fbdd0
2024-02-20T12:59:34.308 INFO:teuthology.orchestra.run.smithi133.stderr:/usr/bin/ceph:
2024-02-20T12:59:34.289+0000 7f2c72ffd700 1 -- 172.21.15.133:0/2631034428 >> [v2:172.21.15.133:6800/3600236528,v1:172.21.15.133:6801/3600236528] conn(0x7f2c6002fdb0 msgr2=0x7f2c60032270 unknown :-1 s=STATE_CONNECTING_RE l=1).process reconnect failed to v2:172.21.15.133:6800/3600236528
2024-02-20T12:59:34.308 INFO:teuthology.orchestra.run.smithi133.stderr:/usr/bin/ceph:
2024-02-20T12:59:34.289+0000 7f2c72ffd700 1 --2- 172.21.15.133:0/2631034428 >> [v2:172.21.15.133:6800/3600236528,v1:172.21.15.133:6801/3600236528] conn(0x7f2c6002fdb0 0x7f2c60032270 unknown :-1 s=START_CONNECT pgs=0 cs=0 l=1 rev1=0 rx=0 tx=0)._fault waiting 0.200000
2024-02-20T12:59:34.308 INFO:teuthology.orchestra.run.smithi133.stderr:/usr/bin/ceph:
2024-02-20T12:59:34.289+0000 7f2c7a218700 1 -- 172.21.15.133:0/2631034428 --> [v2:172.21.15.133:3300/0,v1:172.21.15.133:6789/0] -- mon_command({"prefix": "get_command_descriptions"} v 0) v1 -- 0x7f2c74059100 con 0x7f2c740fbdd0
2024-02-20T12:59:34.308 INFO:teuthology.orchestra.run.smithi133.stderr:/usr/bin/ceph:
2024-02-20T12:59:34.296+0000 7f2c5bfff700 1 -- 172.21.15.133:0/2631034428 <== mon.0 v2:172.21.15.133:3300/0 6 ==== mon_command_ack([{"prefix": "get_command_descriptions"}]=0 v0) v1 ==== 72+0+152212 (secure 0 0 0) 0x7f2c64016070 con 0x7f2c740fbdd0
2024-02-20T12:59:34.491 INFO:teuthology.orchestra.run.smithi133.stderr:/usr/bin/ceph:
2024-02-20T12:59:34.490+0000 7f2c72ffd700 1 -- 172.21.15.133:0/2631034428 >> [v2:172.21.15.133:6800/3600236528,v1:172.21.15.133:6801/3600236528] conn(0x7f2c6002fdb0 msgr2=0x7f2c60032270 unknown :-1 s=STATE_CONNECTING_RE l=1).process reconnect failed to v2:172.21.15.133:6800/3600236528
2024-02-20T12:59:34.491 INFO:teuthology.orchestra.run.smithi133.stderr:/usr/bin/ceph:
2024-02-20T12:59:34.490+0000 7f2c72ffd700 1 --2- 172.21.15.133:0/2631034428 >> [v2:172.21.15.133:6800/3600236528,v1:172.21.15.133:6801/3600236528] conn(0x7f2c6002fdb0 0x7f2c60032270 unknown :-1 s=START_CONNECT pgs=0 cs=0 l=1 rev1=0 rx=0 tx=0)._fault waiting 0.400000
2024-02-20T12:59:34.523 INFO:teuthology.orchestra.run.smithi133.stderr:/usr/bin/ceph:
2024-02-20T12:59:34.521+0000 7f2c7a218700 1 -- 172.21.15.133:0/2631034428 --> [v2:172.21.15.133:3300/0,v1:172.21.15.133:6789/0] -- mon_command({"prefix": "mgr stat"} v 0) v1 -- 0x7f2c74104960 con 0x7f2c740fbdd0
2024-02-20T12:59:34.523 INFO:teuthology.orchestra.run.smithi133.stderr:/usr/bin/ceph:
2024-02-20T12:59:34.521+0000 7f2c5bfff700 1 -- 172.21.15.133:0/2631034428 <== mon.0 v2:172.21.15.133:3300/0 7 ==== mon_command_ack([{"prefix": "mgr stat"}]=0 v5) v1 ==== 56+0+103 (secure 0 0 0) 0x7f2c64024410 con 0x7f2c740fbdd0
2024-02-20T12:59:34.524 INFO:teuthology.orchestra.run.smithi133.stderr:/usr/bin/ceph: {
2024-02-20T12:59:34.524 INFO:teuthology.orchestra.run.smithi133.stderr:/usr/bin/ceph: "epoch": 5,
2024-02-20T12:59:34.524 INFO:teuthology.orchestra.run.smithi133.stderr:/usr/bin/ceph: "available": true,
2024-02-20T12:59:34.524 INFO:teuthology.orchestra.run.smithi133.stderr:/usr/bin/ceph: "active_name": "smithi133.gmzmpa",
2024-02-20T12:59:34.524 INFO:teuthology.orchestra.run.smithi133.stderr:/usr/bin/ceph: "num_standby": 0
2024-02-20T12:59:34.524 INFO:teuthology.orchestra.run.smithi133.stderr:/usr/bin/ceph: }
2024-02-20T12:59:34.526 INFO:teuthology.orchestra.run.smithi133.stderr:/usr/bin/ceph:
2024-02-20T12:59:34.524+0000 7f2c7a218700 1 -- 172.21.15.133:0/2631034428 >> [v2:172.21.15.133:6800/3600236528,v1:172.21.15.133:6801/3600236528] conn(0x7f2c6002fdb0 msgr2=0x7f2c60032270 unknown :-1 s=STATE_CONNECTING l=1).mark_down
2024-02-20T12:59:34.526 INFO:teuthology.orchestra.run.smithi133.stderr:/usr/bin/ceph:
2024-02-20T12:59:34.524+0000 7f2c7a218700 1 --2- 172.21.15.133:0/2631034428 >> [v2:172.21.15.133:6800/3600236528,v1:172.21.15.133:6801/3600236528] conn(0x7f2c6002fdb0 0x7f2c60032270 unknown :-1 s=START_CONNECT pgs=0 cs=0 l=1 rev1=0 rx=0 tx=0).stop
2024-02-20T12:59:34.526 INFO:teuthology.orchestra.run.smithi133.stderr:/usr/bin/ceph:
2024-02-20T12:59:34.524+0000 7f2c7a218700 1 -- 172.21.15.133:0/2631034428 >> [v2:172.21.15.133:3300/0,v1:172.21.15.133:6789/0] conn(0x7f2c740fbdd0 msgr2=0x7f2c740725e0 secure :-1 s=STATE_CONNECTION_ESTABLISHED l=1).mark_down
2024-02-20T12:59:34.526 INFO:teuthology.orchestra.run.smithi133.stderr:/usr/bin/ceph:
2024-02-20T12:59:34.524+0000 7f2c7a218700 1 --2- 172.21.15.133:0/2631034428 >> [v2:172.21.15.133:3300/0,v1:172.21.15.133:6789/0] conn(0x7f2c740fbdd0 0x7f2c740725e0 secure :-1 s=READY pgs=21 cs=0 l=1 rev1=1 rx=0x7f2c64003000 tx=0x7f2c64006ee0).stop
2024-02-20T12:59:34.526 INFO:teuthology.orchestra.run.smithi133.stderr:/usr/bin/ceph:
2024-02-20T12:59:34.524+0000 7f2c7a218700 1 -- 172.21.15.133:0/2631034428 shutdown_connections
2024-02-20T12:59:34.526 INFO:teuthology.orchestra.run.smithi133.stderr:/usr/bin/ceph:
2024-02-20T12:59:34.524+0000 7f2c7a218700 1 --2- 172.21.15.133:0/2631034428 >> [v2:172.21.15.133:6800/3600236528,v1:172.21.15.133:6801/3600236528] conn(0x7f2c6002fdb0 0x7f2c60032270 unknown :-1 s=CLOSED pgs=0 cs=0 l=1 rev1=0 rx=0 tx=0).stop
2024-02-20T12:59:34.526 INFO:teuthology.orchestra.run.smithi133.stderr:/usr/bin/ceph:
2024-02-20T12:59:34.524+0000 7f2c7a218700 1 --2- 172.21.15.133:0/2631034428 >> [v2:172.21.15.133:3300/0,v1:172.21.15.133:6789/0] conn(0x7f2c740fbdd0 0x7f2c740725e0 unknown :-1 s=CLOSED pgs=21 cs=0 l=1 rev1=1 rx=0 tx=0).stop
2024-02-20T12:59:34.526 INFO:teuthology.orchestra.run.smithi133.stderr:/usr/bin/ceph:
2024-02-20T12:59:34.524+0000 7f2c7a218700 1 -- 172.21.15.133:0/2631034428 >> 172.21.15.133:0/2631034428 conn(0x7f2c740f7530 msgr2=0x7f2c740f8fb0 unknown :-1 s=STATE_NONE l=0).mark_down
2024-02-20T12:59:34.526 INFO:teuthology.orchestra.run.smithi133.stderr:/usr/bin/ceph:
2024-02-20T12:59:34.524+0000 7f2c7a218700 1 -- 172.21.15.133:0/2631034428 shutdown_connections
2024-02-20T12:59:34.526 INFO:teuthology.orchestra.run.smithi133.stderr:/usr/bin/ceph:
2024-02-20T12:59:34.524+0000 7f2c7a218700 1 -- 172.21.15.133:0/2631034428 wait complete.
2024-02-20T12:59:35.207 INFO:teuthology.orchestra.run.smithi133.stderr:Waiting for the mgr to restart...
2024-02-20T12:59:35.208 INFO:teuthology.orchestra.run.smithi133.stderr:Waiting for mgr epoch 5...
2024-02-20T12:59:35.208 INFO:teuthology.orchestra.run.smithi133.stderr:Running command: /bin/podman run --rm --ipc=host --no-hosts --net=host --entrypoint /usr/bin/ceph --init -e CONTAINER_IMAGE=docker.io/ceph/ceph:v16.2.4 -e NODE_NAME=smithi133 -e CEPH_USE_RANDOM_NONCE=1 -v /var/log/ceph/ba9433aa-cfef-11ee-95bb-87774f69a715:/var/log/ceph:z -v /tmp/ceph-tmpd6wy7wm6:/etc/ceph/ceph.client.admin.keyring:z -v /tmp/ceph-tmpt984cog1:/etc/ceph/ceph.conf:z docker.io/ceph/ceph:v16.2.4 tell mgr mgr_status
2024-02-20T12:59:35.210 INFO:journalctl@ceph.mon.smithi133.smithi133.stdout:Feb 20 12:59:35 smithi133 ceph-ba9433aa-cfef-11ee-95bb-87774f69a715-mon.smithi133[38235]: audit
2024-02-20T12:59:34.522783+0000 mon.smithi133 (mon.0) 28 : audit [DBG] from='client.? 172.21.15.133:0/2631034428' entity='client.admin' cmd=[{"prefix": "mgr stat"}]: dispatch
2024-02-20T12:59:35.804 INFO:teuthology.orchestra.run.smithi133.stderr:/usr/bin/ceph:
2024-02-20T12:59:35.790+0000 7fd901c57700 1 Processor -- start
2024-02-20T12:59:35.804 INFO:teuthology.orchestra.run.smithi133.stderr:/usr/bin/ceph:
2024-02-20T12:59:35.790+0000 7fd901c57700 1 -- start start
2024-02-20T12:59:35.804 INFO:teuthology.orchestra.run.smithi133.stderr:/usr/bin/ceph:
2024-02-20T12:59:35.790+0000 7fd901c57700 1 --2- >> [v2:172.21.15.133:3300/0,v1:172.21.15.133:6789/0] conn(0x7fd8fc0fc2b0 0x7fd8fc0fc6d0 unknown :-1 s=NONE pgs=0 cs=0 l=0 rev1=0 rx=0 tx=0).connect
2024-02-20T12:59:35.804 INFO:teuthology.orchestra.run.smithi133.stderr:/usr/bin/ceph:
2024-02-20T12:59:35.790+0000 7fd901c57700 1 -- --> [v2:172.21.15.133:3300/0,v1:172.21.15.133:6789/0] -- mon_getmap magic: 0 v1 -- 0x7fd8fc0fcbc0 con 0x7fd8fc0fc2b0
2024-02-20T12:59:35.804 INFO:teuthology.orchestra.run.smithi133.stderr:/usr/bin/ceph:
2024-02-20T12:59:35.790+0000 7fd8fb7fe700 1 --2- >> [v2:172.21.15.133:3300/0,v1:172.21.15.133:6789/0] conn(0x7fd8fc0fc2b0 0x7fd8fc0fc6d0 unknown :-1 s=BANNER_CONNECTING pgs=0 cs=0 l=0 rev1=0 rx=0 tx=0)._handle_peer_banner_payload supported=1 required=0
2024-02-20T12:59:35.805 INFO:teuthology.orchestra.run.smithi133.stderr:/usr/bin/ceph:
2024-02-20T12:59:35.790+0000 7fd8fb7fe700 1 --2- >> [v2:172.21.15.133:3300/0,v1:172.21.15.133:6789/0] conn(0x7fd8fc0fc2b0 0x7fd8fc0fc6d0 unknown :-1 s=HELLO_CONNECTING pgs=0 cs=0 l=0 rev1=1 rx=0 tx=0).handle_hello peer v2:172.21.15.133:3300/0 says I am v2:172.21.15.133:58048/0 (socket says 172.21.15.133:58048)
2024-02-20T12:59:35.805 INFO:teuthology.orchestra.run.smithi133.stderr:/usr/bin/ceph:
2024-02-20T12:59:35.790+0000 7fd8fb7fe700 1 -- 172.21.15.133:0/2758047598 learned_addr learned my addr 172.21.15.133:0/2758047598 (peer_addr_for_me v2:172.21.15.133:0/0)
2024-02-20T12:59:35.805 INFO:teuthology.orchestra.run.smithi133.stderr:/usr/bin/ceph:
2024-02-20T12:59:35.790+0000 7fd8fb7fe700 1 -- 172.21.15.133:0/2758047598 --> [v2:172.21.15.133:3300/0,v1:172.21.15.133:6789/0] -- mon_subscribe({config=0+,monmap=0+}) v3 -- 0x7fd8fc0fcd00 con 0x7fd8fc0fc2b0
2024-02-20T12:59:35.805 INFO:teuthology.orchestra.run.smithi133.stderr:/usr/bin/ceph:
2024-02-20T12:59:35.791+0000 7fd8fb7fe700 1 --2- 172.21.15.133:0/2758047598 >> [v2:172.21.15.133:3300/0,v1:172.21.15.133:6789/0] conn(0x7fd8fc0fc2b0 0x7fd8fc0fc6d0 secure :-1 s=READY pgs=22 cs=0 l=1 rev1=1 rx=0x7fd8ec00b5f0 tx=0x7fd8ec006ee0).ready entity=mon.0 client_cookie=c02df74212d394b2 server_cookie=0 in_seq=0 out_seq=0
2024-02-20T12:59:35.805 INFO:teuthology.orchestra.run.smithi133.stderr:/usr/bin/ceph:
2024-02-20T12:59:35.791+0000 7fd8fa7fc700 1 -- 172.21.15.133:0/2758047598 <== mon.0 v2:172.21.15.133:3300/0 1 ==== mon_map magic: 0 v1 ==== 229+0+0 (secure 0 0 0) 0x7fd8ec00d600 con 0x7fd8fc0fc2b0
2024-02-20T12:59:35.805 INFO:teuthology.orchestra.run.smithi133.stderr:/usr/bin/ceph:
2024-02-20T12:59:35.791+0000 7fd8fa7fc700 1 -- 172.21.15.133:0/2758047598 <== mon.0 v2:172.21.15.133:3300/0 2 ==== config(25 keys) v1 ==== 983+0+0 (secure 0 0 0) 0x7fd8ec00dbb0 con 0x7fd8fc0fc2b0
2024-02-20T12:59:35.805 INFO:teuthology.orchestra.run.smithi133.stderr:/usr/bin/ceph:
2024-02-20T12:59:35.791+0000 7fd8fa7fc700 1 -- 172.21.15.133:0/2758047598 <== mon.0 v2:172.21.15.133:3300/0 3 ==== mon_map magic: 0 v1 ==== 229+0+0 (secure 0 0 0) 0x7fd8ec011bb0 con 0x7fd8fc0fc2b0
2024-02-20T12:59:35.805 INFO:teuthology.orchestra.run.smithi133.stderr:/usr/bin/ceph:
2024-02-20T12:59:35.791+0000 7fd901c57700 1 -- 172.21.15.133:0/2758047598 >> [v2:172.21.15.133:3300/0,v1:172.21.15.133:6789/0] conn(0x7fd8fc0fc2b0 msgr2=0x7fd8fc0fc6d0 secure :-1 s=STATE_CONNECTION_ESTABLISHED l=1).mark_down
2024-02-20T12:59:35.805 INFO:teuthology.orchestra.run.smithi133.stderr:/usr/bin/ceph:
2024-02-20T12:59:35.791+0000 7fd901c57700 1 --2- 172.21.15.133:0/2758047598 >> [v2:172.21.15.133:3300/0,v1:172.21.15.133:6789/0] conn(0x7fd8fc0fc2b0 0x7fd8fc0fc6d0 secure :-1 s=READY pgs=22 cs=0 l=1 rev1=1 rx=0x7fd8ec00b5f0 tx=0x7fd8ec006ee0).stop
2024-02-20T12:59:35.805 INFO:teuthology.orchestra.run.smithi133.stderr:/usr/bin/ceph:
2024-02-20T12:59:35.791+0000 7fd901c57700 1 -- 172.21.15.133:0/2758047598 shutdown_connections
2024-02-20T12:59:35.805 INFO:teuthology.orchestra.run.smithi133.stderr:/usr/bin/ceph:
2024-02-20T12:59:35.791+0000 7fd901c57700 1 --2- 172.21.15.133:0/2758047598 >> [v2:172.21.15.133:3300/0,v1:172.21.15.133:6789/0] conn(0x7fd8fc0fc2b0 0x7fd8fc0fc6d0 unknown :-1 s=CLOSED pgs=22 cs=0 l=1 rev1=1 rx=0 tx=0).stop
2024-02-20T12:59:35.805 INFO:teuthology.orchestra.run.smithi133.stderr:/usr/bin/ceph:
2024-02-20T12:59:35.791+0000 7fd901c57700 1 -- 172.21.15.133:0/2758047598 >> 172.21.15.133:0/2758047598 conn(0x7fd8fc0f6400 msgr2=0x7fd8fc0f8820 unknown :-1 s=STATE_NONE l=0).mark_down
2024-02-20T12:59:35.805 INFO:teuthology.orchestra.run.smithi133.stderr:/usr/bin/ceph:
2024-02-20T12:59:35.791+0000 7fd901c57700 1 -- 172.21.15.133:0/2758047598 shutdown_connections
2024-02-20T12:59:35.806 INFO:teuthology.orchestra.run.smithi133.stderr:/usr/bin/ceph:
2024-02-20T12:59:35.791+0000 7fd901c57700 1 -- 172.21.15.133:0/2758047598 wait complete.
2024-02-20T12:59:35.806 INFO:teuthology.orchestra.run.smithi133.stderr:/usr/bin/ceph:
2024-02-20T12:59:35.792+0000 7fd901c57700 1 Processor -- start
2024-02-20T12:59:35.806 INFO:teuthology.orchestra.run.smithi133.stderr:/usr/bin/ceph:
2024-02-20T12:59:35.792+0000 7fd901c57700 1 -- start start
2024-02-20T12:59:35.806 INFO:teuthology.orchestra.run.smithi133.stderr:/usr/bin/ceph:
2024-02-20T12:59:35.792+0000 7fd901c57700 1 --2- >> [v2:172.21.15.133:3300/0,v1:172.21.15.133:6789/0] conn(0x7fd8fc0fc2b0 0x7fd8fc100fb0 unknown :-1 s=NONE pgs=0 cs=0 l=1 rev1=0 rx=0 tx=0).connect
2024-02-20T12:59:35.806 INFO:teuthology.orchestra.run.smithi133.stderr:/usr/bin/ceph:
2024-02-20T12:59:35.792+0000 7fd901c57700 1 -- --> [v2:172.21.15.133:3300/0,v1:172.21.15.133:6789/0] -- mon_getmap magic: 0 v1 -- 0x7fd8fc0ff430 con 0x7fd8fc0fc2b0
2024-02-20T12:59:35.806 INFO:teuthology.orchestra.run.smithi133.stderr:/usr/bin/ceph:
2024-02-20T12:59:35.792+0000 7fd8fb7fe700 1 --2- >> [v2:172.21.15.133:3300/0,v1:172.21.15.133:6789/0] conn(0x7fd8fc0fc2b0 0x7fd8fc100fb0 unknown :-1 s=BANNER_CONNECTING pgs=0 cs=0 l=1 rev1=0 rx=0 tx=0)._handle_peer_banner_payload supported=1 required=0
2024-02-20T12:59:35.806 INFO:teuthology.orchestra.run.smithi133.stderr:/usr/bin/ceph:
2024-02-20T12:59:35.792+0000 7fd8fb7fe700 1 --2- >> [v2:172.21.15.133:3300/0,v1:172.21.15.133:6789/0] conn(0x7fd8fc0fc2b0 0x7fd8fc100fb0 unknown :-1 s=HELLO_CONNECTING pgs=0 cs=0 l=1 rev1=1 rx=0 tx=0).handle_hello peer v2:172.21.15.133:3300/0 says I am v2:172.21.15.133:58052/0 (socket says 172.21.15.133:58052)
2024-02-20T12:59:35.806 INFO:teuthology.orchestra.run.smithi133.stderr:/usr/bin/ceph:
2024-02-20T12:59:35.792+0000 7fd8fb7fe700 1 -- 172.21.15.133:0/1394171115 learned_addr learned my addr 172.21.15.133:0/1394171115 (peer_addr_for_me v2:172.21.15.133:0/0)
2024-02-20T12:59:35.806 INFO:teuthology.orchestra.run.smithi133.stderr:/usr/bin/ceph:
2024-02-20T12:59:35.793+0000 7fd8fb7fe700 1 -- 172.21.15.133:0/1394171115 --> [v2:172.21.15.133:3300/0,v1:172.21.15.133:6789/0] -- mon_subscribe({config=0+,monmap=0+}) v3 -- 0x7fd8ec00b200 con 0x7fd8fc0fc2b0
2024-02-20T12:59:35.806 INFO:teuthology.orchestra.run.smithi133.stderr:/usr/bin/ceph:
2024-02-20T12:59:35.793+0000 7fd8fb7fe700 1 --2- 172.21.15.133:0/1394171115 >> [v2:172.21.15.133:3300/0,v1:172.21.15.133:6789/0] conn(0x7fd8fc0fc2b0 0x7fd8fc100fb0 secure :-1 s=READY pgs=23 cs=0 l=1 rev1=1 rx=0x7fd8ec00db70 tx=0x7fd8ec006ee0).ready entity=mon.0 client_cookie=0 server_cookie=0 in_seq=0 out_seq=0
2024-02-20T12:59:35.806 INFO:teuthology.orchestra.run.smithi133.stderr:/usr/bin/ceph:
2024-02-20T12:59:35.793+0000 7fd8e3fff700 1 -- 172.21.15.133:0/1394171115 <== mon.0 v2:172.21.15.133:3300/0 1 ==== mon_map magic: 0 v1 ==== 229+0+0 (secure 0 0 0) 0x7fd8ec01b570 con 0x7fd8fc0fc2b0
2024-02-20T12:59:35.806 INFO:teuthology.orchestra.run.smithi133.stderr:/usr/bin/ceph:
2024-02-20T12:59:35.793+0000 7fd8e3fff700 1 -- 172.21.15.133:0/1394171115 <== mon.0 v2:172.21.15.133:3300/0 2 ==== config(25 keys) v1 ==== 983+0+0 (secure 0 0 0) 0x7fd8ec01bb20 con 0x7fd8fc0fc2b0
2024-02-20T12:59:35.806 INFO:teuthology.orchestra.run.smithi133.stderr:/usr/bin/ceph:
2024-02-20T12:59:35.793+0000 7fd901c57700 1 -- 172.21.15.133:0/1394171115 --> [v2:172.21.15.133:3300/0,v1:172.21.15.133:6789/0] -- mon_subscribe({mgrmap=0+}) v3 -- 0x7fd8fc0ff5d0 con 0x7fd8fc0fc2b0
2024-02-20T12:59:35.806 INFO:teuthology.orchestra.run.smithi133.stderr:/usr/bin/ceph:
2024-02-20T12:59:35.793+0000 7fd8e3fff700 1 -- 172.21.15.133:0/1394171115 <== mon.0 v2:172.21.15.133:3300/0 3 ==== mon_map magic: 0 v1 ==== 229+0+0 (secure 0 0 0) 0x7fd8ec01a7f0 con 0x7fd8fc0fc2b0
2024-02-20T12:59:35.807 INFO:teuthology.orchestra.run.smithi133.stderr:/usr/bin/ceph:
2024-02-20T12:59:35.793+0000 7fd901c57700 1 -- 172.21.15.133:0/1394171115 --> [v2:172.21.15.133:3300/0,v1:172.21.15.133:6789/0] -- mon_subscribe({osdmap=0}) v3 -- 0x7fd8fc0ff9e0 con 0x7fd8fc0fc2b0
2024-02-20T12:59:35.807 INFO:teuthology.orchestra.run.smithi133.stderr:/usr/bin/ceph:
2024-02-20T12:59:35.794+0000 7fd8e3fff700 1 -- 172.21.15.133:0/1394171115 <== mon.0 v2:172.21.15.133:3300/0 4 ==== mgrmap(e 5) v1 ==== 36120+0+0 (secure 0 0 0) 0x7fd8ec00f070 con 0x7fd8fc0fc2b0
2024-02-20T12:59:35.807 INFO:teuthology.orchestra.run.smithi133.stderr:/usr/bin/ceph:
2024-02-20T12:59:35.794+0000 7fd8e3fff700 1 --2- 172.21.15.133:0/1394171115 >> [v2:172.21.15.133:6800/3600236528,v1:172.21.15.133:6801/3600236528] conn(0x7fd8e802fdb0 0x7fd8e8032270 unknown :-1 s=NONE pgs=0 cs=0 l=1 rev1=0 rx=0 tx=0).connect
2024-02-20T12:59:35.807 INFO:teuthology.orchestra.run.smithi133.stderr:/usr/bin/ceph:
2024-02-20T12:59:35.794+0000 7fd8e3fff700 1 -- 172.21.15.133:0/1394171115 <== mon.0 v2:172.21.15.133:3300/0 5 ==== osd_map(1..1 src has 1..1) v4 ==== 721+0+0 (secure 0 0 0) 0x7fd8ec0413a0 con 0x7fd8fc0fc2b0
2024-02-20T12:59:35.807 INFO:teuthology.orchestra.run.smithi133.stderr:/usr/bin/ceph:
2024-02-20T12:59:35.794+0000 7fd8faffd700 1 -- 172.21.15.133:0/1394171115 >> [v2:172.21.15.133:6800/3600236528,v1:172.21.15.133:6801/3600236528] conn(0x7fd8e802fdb0 msgr2=0x7fd8e8032270 unknown :-1 s=STATE_CONNECTING_RE l=1).process reconnect failed to v2:172.21.15.133:6800/3600236528
2024-02-20T12:59:35.807 INFO:teuthology.orchestra.run.smithi133.stderr:/usr/bin/ceph:
2024-02-20T12:59:35.794+0000 7fd8faffd700 1 --2- 172.21.15.133:0/1394171115 >> [v2:172.21.15.133:6800/3600236528,v1:172.21.15.133:6801/3600236528] conn(0x7fd8e802fdb0 0x7fd8e8032270 unknown :-1 s=START_CONNECT pgs=0 cs=0 l=1 rev1=0 rx=0 tx=0)._fault waiting 0.200000
2024-02-20T12:59:35.807 INFO:teuthology.orchestra.run.smithi133.stderr:/usr/bin/ceph:
2024-02-20T12:59:35.794+0000 7fd901c57700 1 -- 172.21.15.133:0/1394171115 --> [v2:172.21.15.133:6800/3600236528,v1:172.21.15.133:6801/3600236528] -- command(tid 0: {"prefix": "get_command_descriptions"}) v1 -- 0x7fd8fc046940 con 0x7fd8e802fdb0
2024-02-20T12:59:35.996 INFO:teuthology.orchestra.run.smithi133.stderr:/usr/bin/ceph:
2024-02-20T12:59:35.995+0000 7fd8faffd700 1 -- 172.21.15.133:0/1394171115 >> [v2:172.21.15.133:6800/3600236528,v1:172.21.15.133:6801/3600236528] conn(0x7fd8e802fdb0 msgr2=0x7fd8e8032270 unknown :-1 s=STATE_CONNECTING_RE l=1).process reconnect failed to v2:172.21.15.133:6800/3600236528
2024-02-20T12:59:35.996 INFO:teuthology.orchestra.run.smithi133.stderr:/usr/bin/ceph:
2024-02-20T12:59:35.995+0000 7fd8faffd700 1 --2- 172.21.15.133:0/1394171115 >> [v2:172.21.15.133:6800/3600236528,v1:172.21.15.133:6801/3600236528] conn(0x7fd8e802fdb0 0x7fd8e8032270 unknown :-1 s=START_CONNECT pgs=0 cs=0 l=1 rev1=0 rx=0 tx=0)._fault waiting 0.400000
2024-02-20T12:59:36.398 INFO:teuthology.orchestra.run.smithi133.stderr:/usr/bin/ceph:
2024-02-20T12:59:36.396+0000 7fd8faffd700 1 -- 172.21.15.133:0/1394171115 >> [v2:172.21.15.133:6800/3600236528,v1:172.21.15.133:6801/3600236528] conn(0x7fd8e802fdb0 msgr2=0x7fd8e8032270 unknown :-1 s=STATE_CONNECTING_RE l=1).process reconnect failed to v2:172.21.15.133:6800/3600236528
2024-02-20T12:59:36.415 INFO:teuthology.orchestra.run.smithi133.stderr:/usr/bin/ceph:
2024-02-20T12:59:36.396+0000 7fd8faffd700 1 --2- 172.21.15.133:0/1394171115 >> [v2:172.21.15.133:6800/3600236528,v1:172.21.15.133:6801/3600236528] conn(0x7fd8e802fdb0 0x7fd8e8032270 unknown :-1 s=START_CONNECT pgs=0 cs=0 l=1 rev1=0 rx=0 tx=0)._fault waiting 0.800000
2024-02-20T12:59:37.199 INFO:teuthology.orchestra.run.smithi133.stderr:/usr/bin/ceph:
2024-02-20T12:59:37.197+0000 7fd8faffd700 1 -- 172.21.15.133:0/1394171115 >> [v2:172.21.15.133:6800/3600236528,v1:172.21.15.133:6801/3600236528] conn(0x7fd8e802fdb0 msgr2=0x7fd8e8032270 unknown :-1 s=STATE_CONNECTING_RE l=1).process reconnect failed to v2:172.21.15.133:6800/3600236528
2024-02-20T12:59:37.199 INFO:teuthology.orchestra.run.smithi133.stderr:/usr/bin/ceph:
2024-02-20T12:59:37.197+0000 7fd8faffd700 1 --2- 172.21.15.133:0/1394171115 >> [v2:172.21.15.133:6800/3600236528,v1:172.21.15.133:6801/3600236528] conn(0x7fd8e802fdb0 0x7fd8e8032270 unknown :-1 s=START_CONNECT pgs=0 cs=0 l=1 rev1=0 rx=0 tx=0)._fault waiting 1.600000
2024-02-20T12:59:38.104 INFO:teuthology.orchestra.run.smithi133.stderr:/usr/bin/ceph:
2024-02-20T12:59:38.102+0000 7fd8e3fff700 1 -- 172.21.15.133:0/1394171115 <== mon.0 v2:172.21.15.133:3300/0 6 ==== mgrmap(e 6) v1 ==== 35970+0+0 (secure 0 0 0) 0x7fd8ec0257e0 con 0x7fd8fc0fc2b0
2024-02-20T12:59:38.104 INFO:teuthology.orchestra.run.smithi133.stderr:/usr/bin/ceph:
2024-02-20T12:59:38.102+0000 7fd8e3fff700 1 -- 172.21.15.133:0/1394171115 >> [v2:172.21.15.133:6800/3600236528,v1:172.21.15.133:6801/3600236528] conn(0x7fd8e802fdb0 msgr2=0x7fd8e8032270 unknown :-1 s=STATE_CONNECTING l=1).mark_down
2024-02-20T12:59:38.104 INFO:teuthology.orchestra.run.smithi133.stderr:/usr/bin/ceph:
2024-02-20T12:59:38.102+0000 7fd8e3fff700 1 --2- 172.21.15.133:0/1394171115 >> [v2:172.21.15.133:6800/3600236528,v1:172.21.15.133:6801/3600236528] conn(0x7fd8e802fdb0 0x7fd8e8032270 unknown :-1 s=START_CONNECT pgs=0 cs=0 l=1 rev1=0 rx=0 tx=0).stop
2024-02-20T12:59:38.552 INFO:journalctl@ceph.mon.smithi133.smithi133.stdout:Feb 20 12:59:38 smithi133 ceph-ba9433aa-cfef-11ee-95bb-87774f69a715-mon.smithi133[38235]: cluster
2024-02-20T12:59:38.050765+0000 mon.smithi133 (mon.0) 29 : cluster [INF] Active manager daemon smithi133.gmzmpa restarted
2024-02-20T12:59:38.552 INFO:journalctl@ceph.mon.smithi133.smithi133.stdout:Feb 20 12:59:38 smithi133 ceph-ba9433aa-cfef-11ee-95bb-87774f69a715-mon.smithi133[38235]: cluster
2024-02-20T12:59:38.051145+0000 mon.smithi133 (mon.0) 30 : cluster [INF] Activating manager daemon smithi133.gmzmpa
2024-02-20T12:59:38.552 INFO:journalctl@ceph.mon.smithi133.smithi133.stdout:Feb 20 12:59:38 smithi133 ceph-ba9433aa-cfef-11ee-95bb-87774f69a715-mon.smithi133[38235]: cluster
2024-02-20T12:59:38.053420+0000 mon.smithi133 (mon.0) 31 : cluster [DBG] osdmap e2: 0 total, 0 up, 0 in
2024-02-20T12:59:39.110 INFO:teuthology.orchestra.run.smithi133.stderr:/usr/bin/ceph:
2024-02-20T12:59:39.109+0000 7fd8e3fff700 1 -- 172.21.15.133:0/1394171115 <== mon.0 v2:172.21.15.133:3300/0 7 ==== mgrmap(e 7) v1 ==== 36040+0+0 (secure 0 0 0) 0x7fd8ec01bc90 con 0x7fd8fc0fc2b0
2024-02-20T12:59:39.111 INFO:teuthology.orchestra.run.smithi133.stderr:/usr/bin/ceph:
2024-02-20T12:59:39.109+0000 7fd8e3fff700 1 --2- 172.21.15.133:0/1394171115 >> [v2:172.21.15.133:6800/1248899614,v1:172.21.15.133:6801/1248899614] conn(0x7fd8e8033660 0x7fd8e8035a50 unknown :-1 s=NONE pgs=0 cs=0 l=1 rev1=0 rx=0 tx=0).connect
2024-02-20T12:59:39.111 INFO:teuthology.orchestra.run.smithi133.stderr:/usr/bin/ceph:
2024-02-20T12:59:39.109+0000 7fd8e3fff700 1 -- 172.21.15.133:0/1394171115 --> [v2:172.21.15.133:6800/1248899614,v1:172.21.15.133:6801/1248899614] -- command(tid 0: {"prefix": "get_command_descriptions"}) v1 -- 0x7fd8fc046940 con 0x7fd8e8033660
2024-02-20T12:59:39.111 INFO:teuthology.orchestra.run.smithi133.stderr:/usr/bin/ceph:
2024-02-20T12:59:39.110+0000 7fd8faffd700 1 --2- 172.21.15.133:0/1394171115 >> [v2:172.21.15.133:6800/1248899614,v1:172.21.15.133:6801/1248899614] conn(0x7fd8e8033660 0x7fd8e8035a50 unknown :-1 s=BANNER_CONNECTING pgs=0 cs=0 l=1 rev1=0 rx=0 tx=0)._handle_peer_banner_payload supported=1 required=0
2024-02-20T12:59:39.112 INFO:teuthology.orchestra.run.smithi133.stderr:/usr/bin/ceph:
2024-02-20T12:59:39.110+0000 7fd8faffd700 1 --2- 172.21.15.133:0/1394171115 >> [v2:172.21.15.133:6800/1248899614,v1:172.21.15.133:6801/1248899614] conn(0x7fd8e8033660 0x7fd8e8035a50 secure :-1 s=READY pgs=1 cs=0 l=1 rev1=1 rx=0x7fd8f00036d0 tx=0x7fd8f0006d20).ready entity=mgr.14114 client_cookie=0 server_cookie=0 in_seq=0 out_seq=0
2024-02-20T12:59:39.112 INFO:teuthology.orchestra.run.smithi133.stderr:/usr/bin/ceph:
2024-02-20T12:59:39.111+0000 7fd8e3fff700 1 -- 172.21.15.133:0/1394171115 <== mgr.14114 v2:172.21.15.133:6800/1248899614 1 ==== command_reply(tid 0: 0 ) v1 ==== 8+0+6438 (secure 0 0 0) 0x7fd8fc046940 con 0x7fd8e8033660
2024-02-20T12:59:39.118 INFO:teuthology.orchestra.run.smithi133.stderr:/usr/bin/ceph:
2024-02-20T12:59:39.117+0000 7fd901c57700 1 -- 172.21.15.133:0/1394171115 --> [v2:172.21.15.133:6800/1248899614,v1:172.21.15.133:6801/1248899614] -- command(tid 1: {"prefix": "mgr_status"}) v1 -- 0x7fd8fc059100 con 0x7fd8e8033660
2024-02-20T12:59:39.118 INFO:teuthology.orchestra.run.smithi133.stderr:/usr/bin/ceph:
2024-02-20T12:59:39.117+0000 7fd8e3fff700 1 -- 172.21.15.133:0/1394171115 <== mgr.14114 v2:172.21.15.133:6800/1248899614 2 ==== command_reply(tid 1: 0 ) v1 ==== 8+0+51 (secure 0 0 0) 0x7fd8fc059100 con 0x7fd8e8033660
2024-02-20T12:59:39.119 INFO:teuthology.orchestra.run.smithi133.stderr:/usr/bin/ceph: {
2024-02-20T12:59:39.120 INFO:teuthology.orchestra.run.smithi133.stderr:/usr/bin/ceph: "mgrmap_epoch": 7,
2024-02-20T12:59:39.120 INFO:teuthology.orchestra.run.smithi133.stderr:/usr/bin/ceph: "initialized": true
2024-02-20T12:59:39.120 INFO:teuthology.orchestra.run.smithi133.stderr:/usr/bin/ceph: }
2024-02-20T12:59:39.120 INFO:teuthology.orchestra.run.smithi133.stderr:/usr/bin/ceph:
2024-02-20T12:59:39.118+0000 7fd901c57700 1 -- 172.21.15.133:0/1394171115 >> [v2:172.21.15.133:6800/1248899614,v1:172.21.15.133:6801/1248899614] conn(0x7fd8e8033660 msgr2=0x7fd8e8035a50 secure :-1 s=STATE_CONNECTION_ESTABLISHED l=1).mark_down
2024-02-20T12:59:39.120 INFO:teuthology.orchestra.run.smithi133.stderr:/usr/bin/ceph:
2024-02-20T12:59:39.118+0000 7fd901c57700 1 --2- 172.21.15.133:0/1394171115 >> [v2:172.21.15.133:6800/1248899614,v1:172.21.15.133:6801/1248899614] conn(0x7fd8e8033660 0x7fd8e8035a50 secure :-1 s=READY pgs=1 cs=0 l=1 rev1=1 rx=0x7fd8f00036d0 tx=0x7fd8f0006d20).stop
