2024-02-20T13:00:04.251+0000 7f678d887700 1 -- 172.21.15.133:0/1009577222 >> [v2:172.21.15.133:3300/0,v1:172.21.15.133:6789/0] conn(0x7f67880fc950 msgr2=0x7f678810ab80 secure :-1 s=STATE_CONNECTION_ESTABLISHED l=1).mark_down
2024-02-20T13:00:04.253 INFO:teuthology.orchestra.run.smithi133.stderr:/usr/bin/ceph:
2024-02-20T13:00:04.251+0000 7f678d887700 1 --2- 172.21.15.133:0/1009577222 >> [v2:172.21.15.133:3300/0,v1:172.21.15.133:6789/0] conn(0x7f67880fc950 0x7f678810ab80 secure :-1 s=READY pgs=63 cs=0 l=1 rev1=1 rx=0x7f677c006cb0 tx=0x7f677c006ee0).stop
2024-02-20T13:00:04.253 INFO:teuthology.orchestra.run.smithi133.stderr:/usr/bin/ceph:
2024-02-20T13:00:04.251+0000 7f678d887700 1 -- 172.21.15.133:0/1009577222 shutdown_connections
2024-02-20T13:00:04.253 INFO:teuthology.orchestra.run.smithi133.stderr:/usr/bin/ceph:
2024-02-20T13:00:04.251+0000 7f678d887700 1 --2- 172.21.15.133:0/1009577222 >> [v2:172.21.15.133:6800/2378593676,v1:172.21.15.133:6801/2378593676] conn(0x7f677402fe60 0x7f6774032320 unknown :-1 s=CLOSED pgs=9 cs=0 l=1 rev1=1 rx=0 tx=0).stop
2024-02-20T13:00:04.253 INFO:teuthology.orchestra.run.smithi133.stderr:/usr/bin/ceph:
2024-02-20T13:00:04.251+0000 7f678d887700 1 --2- 172.21.15.133:0/1009577222 >> [v2:172.21.15.133:3300/0,v1:172.21.15.133:6789/0] conn(0x7f67880fc950 0x7f678810ab80 unknown :-1 s=CLOSED pgs=63 cs=0 l=1 rev1=1 rx=0 tx=0).stop
2024-02-20T13:00:04.253 INFO:teuthology.orchestra.run.smithi133.stderr:/usr/bin/ceph:
2024-02-20T13:00:04.251+0000 7f678d887700 1 -- 172.21.15.133:0/1009577222 >> 172.21.15.133:0/1009577222 conn(0x7f67880f6400 msgr2=0x7f67880f7f20 unknown :-1 s=STATE_NONE l=0).mark_down
2024-02-20T13:00:04.253 INFO:teuthology.orchestra.run.smithi133.stderr:/usr/bin/ceph:
2024-02-20T13:00:04.251+0000 7f678d887700 1 -- 172.21.15.133:0/1009577222 shutdown_connections
2024-02-20T13:00:04.253 INFO:teuthology.orchestra.run.smithi133.stderr:/usr/bin/ceph:
2024-02-20T13:00:04.251+0000 7f678d887700 1 -- 172.21.15.133:0/1009577222 wait complete.
2024-02-20T13:00:04.887 INFO:teuthology.orchestra.run.smithi133.stderr:Running command: /bin/podman run --rm --ipc=host --no-hosts --net=host --entrypoint /usr/bin/ceph --init -e CONTAINER_IMAGE=docker.io/ceph/ceph:v16.2.4 -e NODE_NAME=smithi133 -e CEPH_USE_RANDOM_NONCE=1 -v /var/log/ceph/ba9433aa-cfef-11ee-95bb-87774f69a715:/var/log/ceph:z -v /tmp/ceph-tmpd6wy7wm6:/etc/ceph/ceph.client.admin.keyring:z -v /tmp/ceph-tmpt984cog1:/etc/ceph/ceph.conf:z docker.io/ceph/ceph:v16.2.4 config set mgr mgr/dashboard/ssl_server_port 8443
2024-02-20T13:00:05.414 INFO:teuthology.orchestra.run.smithi133.stderr:/usr/bin/ceph:
2024-02-20T13:00:05.411+0000 7f449d548700 1 Processor -- start
2024-02-20T13:00:05.414 INFO:teuthology.orchestra.run.smithi133.stderr:/usr/bin/ceph:
2024-02-20T13:00:05.411+0000 7f449d548700 1 -- start start
2024-02-20T13:00:05.414 INFO:teuthology.orchestra.run.smithi133.stderr:/usr/bin/ceph:
2024-02-20T13:00:05.412+0000 7f449d548700 1 --2- >> [v2:172.21.15.133:3300/0,v1:172.21.15.133:6789/0] conn(0x7f44980fc2c0 0x7f44980fc6e0 unknown :-1 s=NONE pgs=0 cs=0 l=0 rev1=0 rx=0 tx=0).connect
2024-02-20T13:00:05.414 INFO:teuthology.orchestra.run.smithi133.stderr:/usr/bin/ceph:
2024-02-20T13:00:05.412+0000 7f449d548700 1 -- --> [v2:172.21.15.133:3300/0,v1:172.21.15.133:6789/0] -- mon_getmap magic: 0 v1 -- 0x7f44980fcbd0 con 0x7f44980fc2c0
2024-02-20T13:00:05.415 INFO:teuthology.orchestra.run.smithi133.stderr:/usr/bin/ceph:
2024-02-20T13:00:05.412+0000 7f4496ffd700 1 --2- >> [v2:172.21.15.133:3300/0,v1:172.21.15.133:6789/0] conn(0x7f44980fc2c0 0x7f44980fc6e0 unknown :-1 s=BANNER_CONNECTING pgs=0 cs=0 l=0 rev1=0 rx=0 tx=0)._handle_peer_banner_payload supported=1 required=0
2024-02-20T13:00:05.415 INFO:teuthology.orchestra.run.smithi133.stderr:/usr/bin/ceph:
2024-02-20T13:00:05.412+0000 7f4496ffd700 1 --2- >> [v2:172.21.15.133:3300/0,v1:172.21.15.133:6789/0] conn(0x7f44980fc2c0 0x7f44980fc6e0 unknown :-1 s=HELLO_CONNECTING pgs=0 cs=0 l=0 rev1=1 rx=0 tx=0).handle_hello peer v2:172.21.15.133:3300/0 says I am v2:172.21.15.133:52556/0 (socket says 172.21.15.133:52556)
2024-02-20T13:00:05.415 INFO:teuthology.orchestra.run.smithi133.stderr:/usr/bin/ceph:
2024-02-20T13:00:05.412+0000 7f4496ffd700 1 -- 172.21.15.133:0/736780473 learned_addr learned my addr 172.21.15.133:0/736780473 (peer_addr_for_me v2:172.21.15.133:0/0)
2024-02-20T13:00:05.415 INFO:teuthology.orchestra.run.smithi133.stderr:/usr/bin/ceph:
2024-02-20T13:00:05.412+0000 7f4496ffd700 1 -- 172.21.15.133:0/736780473 --> [v2:172.21.15.133:3300/0,v1:172.21.15.133:6789/0] -- mon_subscribe({config=0+,monmap=0+}) v3 -- 0x7f44980fcd10 con 0x7f44980fc2c0
2024-02-20T13:00:05.415 INFO:teuthology.orchestra.run.smithi133.stderr:/usr/bin/ceph:
2024-02-20T13:00:05.412+0000 7f4496ffd700 1 --2- 172.21.15.133:0/736780473 >> [v2:172.21.15.133:3300/0,v1:172.21.15.133:6789/0] conn(0x7f44980fc2c0 0x7f44980fc6e0 secure :-1 s=READY pgs=64 cs=0 l=1 rev1=1 rx=0x7f448800b5f0 tx=0x7f4488006ee0).ready entity=mon.0 client_cookie=7cf39b35c6d94806 server_cookie=0 in_seq=0 out_seq=0
2024-02-20T13:00:05.415 INFO:teuthology.orchestra.run.smithi133.stderr:/usr/bin/ceph:
2024-02-20T13:00:05.412+0000 7f4495ffb700 1 -- 172.21.15.133:0/736780473 <== mon.0 v2:172.21.15.133:3300/0 1 ==== mon_map magic: 0 v1 ==== 229+0+0 (secure 0 0 0) 0x7f448800d600 con 0x7f44980fc2c0
2024-02-20T13:00:05.418 INFO:teuthology.orchestra.run.smithi133.stderr:/usr/bin/ceph:
2024-02-20T13:00:05.412+0000 7f4495ffb700 1 -- 172.21.15.133:0/736780473 <== mon.0 v2:172.21.15.133:3300/0 2 ==== config(25 keys) v1 ==== 983+0+0 (secure 0 0 0) 0x7f448800dbb0 con 0x7f44980fc2c0
2024-02-20T13:00:05.418 INFO:teuthology.orchestra.run.smithi133.stderr:/usr/bin/ceph:
2024-02-20T13:00:05.412+0000 7f4495ffb700 1 -- 172.21.15.133:0/736780473 <== mon.0 v2:172.21.15.133:3300/0 3 ==== mon_map magic: 0 v1 ==== 229+0+0 (secure 0 0 0) 0x7f4488011bb0 con 0x7f44980fc2c0
2024-02-20T13:00:05.418 INFO:teuthology.orchestra.run.smithi133.stderr:/usr/bin/ceph:
2024-02-20T13:00:05.413+0000 7f449d548700 1 -- 172.21.15.133:0/736780473 >> [v2:172.21.15.133:3300/0,v1:172.21.15.133:6789/0] conn(0x7f44980fc2c0 msgr2=0x7f44980fc6e0 secure :-1 s=STATE_CONNECTION_ESTABLISHED l=1).mark_down
2024-02-20T13:00:05.418 INFO:teuthology.orchestra.run.smithi133.stderr:/usr/bin/ceph:
2024-02-20T13:00:05.413+0000 7f449d548700 1 --2- 172.21.15.133:0/736780473 >> [v2:172.21.15.133:3300/0,v1:172.21.15.133:6789/0] conn(0x7f44980fc2c0 0x7f44980fc6e0 secure :-1 s=READY pgs=64 cs=0 l=1 rev1=1 rx=0x7f448800b5f0 tx=0x7f4488006ee0).stop
2024-02-20T13:00:05.419 INFO:teuthology.orchestra.run.smithi133.stderr:/usr/bin/ceph:
2024-02-20T13:00:05.413+0000 7f449d548700 1 -- 172.21.15.133:0/736780473 shutdown_connections
2024-02-20T13:00:05.419 INFO:teuthology.orchestra.run.smithi133.stderr:/usr/bin/ceph:
2024-02-20T13:00:05.413+0000 7f449d548700 1 --2- 172.21.15.133:0/736780473 >> [v2:172.21.15.133:3300/0,v1:172.21.15.133:6789/0] conn(0x7f44980fc2c0 0x7f44980fc6e0 unknown :-1 s=CLOSED pgs=64 cs=0 l=1 rev1=1 rx=0 tx=0).stop
2024-02-20T13:00:05.419 INFO:teuthology.orchestra.run.smithi133.stderr:/usr/bin/ceph:
2024-02-20T13:00:05.413+0000 7f449d548700 1 -- 172.21.15.133:0/736780473 >> 172.21.15.133:0/736780473 conn(0x7f44980f6410 msgr2=0x7f44980f8830 unknown :-1 s=STATE_NONE l=0).mark_down
2024-02-20T13:00:05.419 INFO:teuthology.orchestra.run.smithi133.stderr:/usr/bin/ceph:
2024-02-20T13:00:05.413+0000 7f449d548700 1 -- 172.21.15.133:0/736780473 shutdown_connections
2024-02-20T13:00:05.419 INFO:teuthology.orchestra.run.smithi133.stderr:/usr/bin/ceph:
2024-02-20T13:00:05.413+0000 7f449d548700 1 -- 172.21.15.133:0/736780473 wait complete.
2024-02-20T13:00:05.419 INFO:teuthology.orchestra.run.smithi133.stderr:/usr/bin/ceph:
2024-02-20T13:00:05.414+0000 7f449d548700 1 Processor -- start
2024-02-20T13:00:05.419 INFO:teuthology.orchestra.run.smithi133.stderr:/usr/bin/ceph:
2024-02-20T13:00:05.414+0000 7f449d548700 1 -- start start
2024-02-20T13:00:05.419 INFO:teuthology.orchestra.run.smithi133.stderr:/usr/bin/ceph:
2024-02-20T13:00:05.414+0000 7f449d548700 1 --2- >> [v2:172.21.15.133:3300/0,v1:172.21.15.133:6789/0] conn(0x7f44980fc2c0 0x7f4498100fc0 unknown :-1 s=NONE pgs=0 cs=0 l=1 rev1=0 rx=0 tx=0).connect
2024-02-20T13:00:05.419 INFO:teuthology.orchestra.run.smithi133.stderr:/usr/bin/ceph:
2024-02-20T13:00:05.414+0000 7f449d548700 1 -- --> [v2:172.21.15.133:3300/0,v1:172.21.15.133:6789/0] -- mon_getmap magic: 0 v1 -- 0x7f44980ff440 con 0x7f44980fc2c0
2024-02-20T13:00:05.419 INFO:teuthology.orchestra.run.smithi133.stderr:/usr/bin/ceph:
2024-02-20T13:00:05.414+0000 7f4496ffd700 1 --2- >> [v2:172.21.15.133:3300/0,v1:172.21.15.133:6789/0] conn(0x7f44980fc2c0 0x7f4498100fc0 unknown :-1 s=BANNER_CONNECTING pgs=0 cs=0 l=1 rev1=0 rx=0 tx=0)._handle_peer_banner_payload supported=1 required=0
2024-02-20T13:00:05.419 INFO:teuthology.orchestra.run.smithi133.stderr:/usr/bin/ceph:
2024-02-20T13:00:05.414+0000 7f4496ffd700 1 --2- >> [v2:172.21.15.133:3300/0,v1:172.21.15.133:6789/0] conn(0x7f44980fc2c0 0x7f4498100fc0 unknown :-1 s=HELLO_CONNECTING pgs=0 cs=0 l=1 rev1=1 rx=0 tx=0).handle_hello peer v2:172.21.15.133:3300/0 says I am v2:172.21.15.133:52566/0 (socket says 172.21.15.133:52566)
2024-02-20T13:00:05.419 INFO:teuthology.orchestra.run.smithi133.stderr:/usr/bin/ceph:
2024-02-20T13:00:05.414+0000 7f4496ffd700 1 -- 172.21.15.133:0/235577816 learned_addr learned my addr 172.21.15.133:0/235577816 (peer_addr_for_me v2:172.21.15.133:0/0)
2024-02-20T13:00:05.419 INFO:teuthology.orchestra.run.smithi133.stderr:/usr/bin/ceph:
2024-02-20T13:00:05.414+0000 7f4496ffd700 1 -- 172.21.15.133:0/235577816 --> [v2:172.21.15.133:3300/0,v1:172.21.15.133:6789/0] -- mon_subscribe({config=0+,monmap=0+}) v3 -- 0x7f448800b200 con 0x7f44980fc2c0
2024-02-20T13:00:05.420 INFO:teuthology.orchestra.run.smithi133.stderr:/usr/bin/ceph:
2024-02-20T13:00:05.414+0000 7f4496ffd700 1 --2- 172.21.15.133:0/235577816 >> [v2:172.21.15.133:3300/0,v1:172.21.15.133:6789/0] conn(0x7f44980fc2c0 0x7f4498100fc0 secure :-1 s=READY pgs=65 cs=0 l=1 rev1=1 rx=0x7f448800db70 tx=0x7f4488006ee0).ready entity=mon.0 client_cookie=0 server_cookie=0 in_seq=0 out_seq=0
2024-02-20T13:00:05.420 INFO:teuthology.orchestra.run.smithi133.stderr:/usr/bin/ceph:
2024-02-20T13:00:05.414+0000 7f448f7fe700 1 -- 172.21.15.133:0/235577816 <== mon.0 v2:172.21.15.133:3300/0 1 ==== mon_map magic: 0 v1 ==== 229+0+0 (secure 0 0 0) 0x7f448801b570 con 0x7f44980fc2c0
2024-02-20T13:00:05.420 INFO:teuthology.orchestra.run.smithi133.stderr:/usr/bin/ceph:
2024-02-20T13:00:05.414+0000 7f448f7fe700 1 -- 172.21.15.133:0/235577816 <== mon.0 v2:172.21.15.133:3300/0 2 ==== config(25 keys) v1 ==== 983+0+0 (secure 0 0 0) 0x7f448801bb20 con 0x7f44980fc2c0
2024-02-20T13:00:05.420 INFO:teuthology.orchestra.run.smithi133.stderr:/usr/bin/ceph:
2024-02-20T13:00:05.414+0000 7f449d548700 1 -- 172.21.15.133:0/235577816 --> [v2:172.21.15.133:3300/0,v1:172.21.15.133:6789/0] -- mon_subscribe({mgrmap=0+}) v3 -- 0x7f44980ff5e0 con 0x7f44980fc2c0
2024-02-20T13:00:05.420 INFO:teuthology.orchestra.run.smithi133.stderr:/usr/bin/ceph:
2024-02-20T13:00:05.414+0000 7f448f7fe700 1 -- 172.21.15.133:0/235577816 <== mon.0 v2:172.21.15.133:3300/0 3 ==== mon_map magic: 0 v1 ==== 229+0+0 (secure 0 0 0) 0x7f448801a7f0 con 0x7f44980fc2c0
2024-02-20T13:00:05.420 INFO:teuthology.orchestra.run.smithi133.stderr:/usr/bin/ceph:
2024-02-20T13:00:05.414+0000 7f449d548700 1 -- 172.21.15.133:0/235577816 --> [v2:172.21.15.133:3300/0,v1:172.21.15.133:6789/0] -- mon_subscribe({osdmap=0}) v3 -- 0x7f44980ff9f0 con 0x7f44980fc2c0
2024-02-20T13:00:05.420 INFO:teuthology.orchestra.run.smithi133.stderr:/usr/bin/ceph:
2024-02-20T13:00:05.415+0000 7f448f7fe700 1 -- 172.21.15.133:0/235577816 <== mon.0 v2:172.21.15.133:3300/0 4 ==== mgrmap(e 12) v1 ==== 36195+0+0 (secure 0 0 0) 0x7f448800f070 con 0x7f44980fc2c0
2024-02-20T13:00:05.420 INFO:teuthology.orchestra.run.smithi133.stderr:/usr/bin/ceph:
2024-02-20T13:00:05.415+0000 7f449d548700 1 -- 172.21.15.133:0/235577816 --> [v2:172.21.15.133:3300/0,v1:172.21.15.133:6789/0] -- mon_command({"prefix": "get_command_descriptions"} v 0) v1 -- 0x7f4498059100 con 0x7f44980fc2c0
2024-02-20T13:00:05.420 INFO:teuthology.orchestra.run.smithi133.stderr:/usr/bin/ceph:
2024-02-20T13:00:05.416+0000 7f448f7fe700 1 --2- 172.21.15.133:0/235577816 >> [v2:172.21.15.133:6800/2378593676,v1:172.21.15.133:6801/2378593676] conn(0x7f447802feb0 0x7f4478032370 unknown :-1 s=NONE pgs=0 cs=0 l=1 rev1=0 rx=0 tx=0).connect
2024-02-20T13:00:05.420 INFO:teuthology.orchestra.run.smithi133.stderr:/usr/bin/ceph:
2024-02-20T13:00:05.416+0000 7f448f7fe700 1 -- 172.21.15.133:0/235577816 <== mon.0 v2:172.21.15.133:3300/0 5 ==== osd_map(3..3 src has 1..3) v4 ==== 1065+0+0 (secure 0 0 0) 0x7f44880414d0 con 0x7f44980fc2c0
2024-02-20T13:00:05.420 INFO:teuthology.orchestra.run.smithi133.stderr:/usr/bin/ceph:
2024-02-20T13:00:05.416+0000 7f44967fc700 1 --2- 172.21.15.133:0/235577816 >> [v2:172.21.15.133:6800/2378593676,v1:172.21.15.133:6801/2378593676] conn(0x7f447802feb0 0x7f4478032370 unknown :-1 s=BANNER_CONNECTING pgs=0 cs=0 l=1 rev1=0 rx=0 tx=0)._handle_peer_banner_payload supported=1 required=0
2024-02-20T13:00:05.420 INFO:teuthology.orchestra.run.smithi133.stderr:/usr/bin/ceph:
2024-02-20T13:00:05.416+0000 7f44967fc700 1 --2- 172.21.15.133:0/235577816 >> [v2:172.21.15.133:6800/2378593676,v1:172.21.15.133:6801/2378593676] conn(0x7f447802feb0 0x7f4478032370 secure :-1 s=READY pgs=10 cs=0 l=1 rev1=1 rx=0x7f44800096a0 tx=0x7f4480006b40).ready entity=mgr.14142 client_cookie=0 server_cookie=0 in_seq=0 out_seq=0
2024-02-20T13:00:05.421 INFO:teuthology.orchestra.run.smithi133.stderr:/usr/bin/ceph:
2024-02-20T13:00:05.420+0000 7f448f7fe700 1 -- 172.21.15.133:0/235577816 <== mon.0 v2:172.21.15.133:3300/0 6 ==== mon_command_ack([{"prefix": "get_command_descriptions"}]=0 v0) v1 ==== 72+0+152212 (secure 0 0 0) 0x7f4488022310 con 0x7f44980fc2c0
2024-02-20T13:00:05.552 INFO:journalctl@ceph.mon.smithi133.smithi133.stdout:Feb 20 13:00:05 smithi133 ceph-ba9433aa-cfef-11ee-95bb-87774f69a715-mon.smithi133[38235]: audit
2024-02-20T13:00:04.249982+0000 mon.smithi133 (mon.0) 82 : audit [INF] from='client.? 172.21.15.133:0/1009577222' entity='client.admin'
2024-02-20T13:00:05.569 INFO:teuthology.orchestra.run.smithi133.stderr:/usr/bin/ceph:
2024-02-20T13:00:05.568+0000 7f449d548700 1 -- 172.21.15.133:0/235577816 --> [v2:172.21.15.133:3300/0,v1:172.21.15.133:6789/0] -- mon_command([{prefix=config set, name=mgr/dashboard/ssl_server_port}] v 0) v1 -- 0x7f4498045ad0 con 0x7f44980fc2c0
2024-02-20T13:00:05.572 INFO:teuthology.orchestra.run.smithi133.stderr:/usr/bin/ceph:
2024-02-20T13:00:05.571+0000 7f448f7fe700 1 -- 172.21.15.133:0/235577816 <== mon.0 v2:172.21.15.133:3300/0 7 ==== mon_command_ack([{prefix=config set, name=mgr/dashboard/ssl_server_port}]=0 v9)=0 v9) v1 ==== 130+0+0 (secure 0 0 0) 0x7f4488016070 con 0x7f44980fc2c0
2024-02-20T13:00:05.574 INFO:teuthology.orchestra.run.smithi133.stderr:/usr/bin/ceph:
2024-02-20T13:00:05.572+0000 7f449d548700 1 -- 172.21.15.133:0/235577816 >> [v2:172.21.15.133:6800/2378593676,v1:172.21.15.133:6801/2378593676] conn(0x7f447802feb0 msgr2=0x7f4478032370 secure :-1 s=STATE_CONNECTION_ESTABLISHED l=1).mark_down
2024-02-20T13:00:05.574 INFO:teuthology.orchestra.run.smithi133.stderr:/usr/bin/ceph:
2024-02-20T13:00:05.572+0000 7f449d548700 1 --2- 172.21.15.133:0/235577816 >> [v2:172.21.15.133:6800/2378593676,v1:172.21.15.133:6801/2378593676] conn(0x7f447802feb0 0x7f4478032370 secure :-1 s=READY pgs=10 cs=0 l=1 rev1=1 rx=0x7f44800096a0 tx=0x7f4480006b40).stop
2024-02-20T13:00:05.574 INFO:teuthology.orchestra.run.smithi133.stderr:/usr/bin/ceph:
2024-02-20T13:00:05.572+0000 7f449d548700 1 -- 172.21.15.133:0/235577816 >> [v2:172.21.15.133:3300/0,v1:172.21.15.133:6789/0] conn(0x7f44980fc2c0 msgr2=0x7f4498100fc0 secure :-1 s=STATE_CONNECTION_ESTABLISHED l=1).mark_down
2024-02-20T13:00:05.574 INFO:teuthology.orchestra.run.smithi133.stderr:/usr/bin/ceph:
2024-02-20T13:00:05.572+0000 7f449d548700 1 --2- 172.21.15.133:0/235577816 >> [v2:172.21.15.133:3300/0,v1:172.21.15.133:6789/0] conn(0x7f44980fc2c0 0x7f4498100fc0 secure :-1 s=READY pgs=65 cs=0 l=1 rev1=1 rx=0x7f448800db70 tx=0x7f4488006ee0).stop
2024-02-20T13:00:05.575 INFO:teuthology.orchestra.run.smithi133.stderr:/usr/bin/ceph:
2024-02-20T13:00:05.573+0000 7f449d548700 1 -- 172.21.15.133:0/235577816 shutdown_connections
2024-02-20T13:00:05.575 INFO:teuthology.orchestra.run.smithi133.stderr:/usr/bin/ceph:
2024-02-20T13:00:05.573+0000 7f449d548700 1 --2- 172.21.15.133:0/235577816 >> [v2:172.21.15.133:6800/2378593676,v1:172.21.15.133:6801/2378593676] conn(0x7f447802feb0 0x7f4478032370 unknown :-1 s=CLOSED pgs=10 cs=0 l=1 rev1=1 rx=0 tx=0).stop
2024-02-20T13:00:05.575 INFO:teuthology.orchestra.run.smithi133.stderr:/usr/bin/ceph:
2024-02-20T13:00:05.573+0000 7f449d548700 1 --2- 172.21.15.133:0/235577816 >> [v2:172.21.15.133:3300/0,v1:172.21.15.133:6789/0] conn(0x7f44980fc2c0 0x7f4498100fc0 unknown :-1 s=CLOSED pgs=65 cs=0 l=1 rev1=1 rx=0 tx=0).stop
2024-02-20T13:00:05.575 INFO:teuthology.orchestra.run.smithi133.stderr:/usr/bin/ceph:
2024-02-20T13:00:05.573+0000 7f449d548700 1 -- 172.21.15.133:0/235577816 >> 172.21.15.133:0/235577816 conn(0x7f44980f6410 msgr2=0x7f44980700a0 unknown :-1 s=STATE_NONE l=0).mark_down
2024-02-20T13:00:05.575 INFO:teuthology.orchestra.run.smithi133.stderr:/usr/bin/ceph:
2024-02-20T13:00:05.573+0000 7f449d548700 1 -- 172.21.15.133:0/235577816 shutdown_connections
2024-02-20T13:00:05.576 INFO:teuthology.orchestra.run.smithi133.stderr:/usr/bin/ceph:
2024-02-20T13:00:05.573+0000 7f449d548700 1 -- 172.21.15.133:0/235577816 wait complete.
2024-02-20T13:00:06.184 INFO:teuthology.orchestra.run.smithi133.stderr:Enabling the dashboard module...
2024-02-20T13:00:06.185 INFO:teuthology.orchestra.run.smithi133.stderr:Running command: /bin/podman run --rm --ipc=host --no-hosts --net=host --entrypoint /usr/bin/ceph --init -e CONTAINER_IMAGE=docker.io/ceph/ceph:v16.2.4 -e NODE_NAME=smithi133 -e CEPH_USE_RANDOM_NONCE=1 -v /var/log/ceph/ba9433aa-cfef-11ee-95bb-87774f69a715:/var/log/ceph:z -v /tmp/ceph-tmpd6wy7wm6:/etc/ceph/ceph.client.admin.keyring:z -v /tmp/ceph-tmpt984cog1:/etc/ceph/ceph.conf:z docker.io/ceph/ceph:v16.2.4 mgr module enable dashboard
2024-02-20T13:00:06.722 INFO:teuthology.orchestra.run.smithi133.stderr:/usr/bin/ceph:
2024-02-20T13:00:06.708+0000 7fb636a64700 1 Processor -- start
2024-02-20T13:00:06.722 INFO:teuthology.orchestra.run.smithi133.stderr:/usr/bin/ceph:
2024-02-20T13:00:06.708+0000 7fb636a64700 1 -- start start
2024-02-20T13:00:06.722 INFO:teuthology.orchestra.run.smithi133.stderr:/usr/bin/ceph:
2024-02-20T13:00:06.708+0000 7fb636a64700 1 --2- >> [v2:172.21.15.133:3300/0,v1:172.21.15.133:6789/0] conn(0x7fb630072560 0x7fb630070a30 unknown :-1 s=NONE pgs=0 cs=0 l=0 rev1=0 rx=0 tx=0).connect
2024-02-20T13:00:06.723 INFO:teuthology.orchestra.run.smithi133.stderr:/usr/bin/ceph:
2024-02-20T13:00:06.708+0000 7fb636a64700 1 -- --> [v2:172.21.15.133:3300/0,v1:172.21.15.133:6789/0] -- mon_getmap magic: 0 v1 -- 0x7fb630072980 con 0x7fb630072560
2024-02-20T13:00:06.723 INFO:teuthology.orchestra.run.smithi133.stderr:/usr/bin/ceph:
2024-02-20T13:00:06.708+0000 7fb634800700 1 --2- >> [v2:172.21.15.133:3300/0,v1:172.21.15.133:6789/0] conn(0x7fb630072560 0x7fb630070a30 unknown :-1 s=BANNER_CONNECTING pgs=0 cs=0 l=0 rev1=0 rx=0 tx=0)._handle_peer_banner_payload supported=1 required=0
2024-02-20T13:00:06.723 INFO:teuthology.orchestra.run.smithi133.stderr:/usr/bin/ceph:
2024-02-20T13:00:06.708+0000 7fb634800700 1 --2- >> [v2:172.21.15.133:3300/0,v1:172.21.15.133:6789/0] conn(0x7fb630072560 0x7fb630070a30 unknown :-1 s=HELLO_CONNECTING pgs=0 cs=0 l=0 rev1=1 rx=0 tx=0).handle_hello peer v2:172.21.15.133:3300/0 says I am v2:172.21.15.133:52570/0 (socket says 172.21.15.133:52570)
2024-02-20T13:00:06.723 INFO:teuthology.orchestra.run.smithi133.stderr:/usr/bin/ceph:
2024-02-20T13:00:06.709+0000 7fb634800700 1 -- 172.21.15.133:0/1191841130 learned_addr learned my addr 172.21.15.133:0/1191841130 (peer_addr_for_me v2:172.21.15.133:0/0)
2024-02-20T13:00:06.723 INFO:teuthology.orchestra.run.smithi133.stderr:/usr/bin/ceph:
2024-02-20T13:00:06.709+0000 7fb634800700 1 -- 172.21.15.133:0/1191841130 --> [v2:172.21.15.133:3300/0,v1:172.21.15.133:6789/0] -- mon_subscribe({config=0+,monmap=0+}) v3 -- 0x7fb630070f20 con 0x7fb630072560
2024-02-20T13:00:06.723 INFO:teuthology.orchestra.run.smithi133.stderr:/usr/bin/ceph:
2024-02-20T13:00:06.709+0000 7fb634800700 1 --2- 172.21.15.133:0/1191841130 >> [v2:172.21.15.133:3300/0,v1:172.21.15.133:6789/0] conn(0x7fb630072560 0x7fb630070a30 secure :-1 s=READY pgs=66 cs=0 l=1 rev1=1 rx=0x7fb62400b5f0 tx=0x7fb624006ee0).ready entity=mon.0 client_cookie=fc83c7afed4a9e07 server_cookie=0 in_seq=0 out_seq=0
2024-02-20T13:00:06.724 INFO:teuthology.orchestra.run.smithi133.stderr:/usr/bin/ceph:
2024-02-20T13:00:06.709+0000 7fb62f7fe700 1 -- 172.21.15.133:0/1191841130 <== mon.0 v2:172.21.15.133:3300/0 1 ==== mon_map magic: 0 v1 ==== 229+0+0 (secure 0 0 0) 0x7fb62400d600 con 0x7fb630072560
2024-02-20T13:00:06.724 INFO:teuthology.orchestra.run.smithi133.stderr:/usr/bin/ceph:
2024-02-20T13:00:06.709+0000 7fb62f7fe700 1 -- 172.21.15.133:0/1191841130 <== mon.0 v2:172.21.15.133:3300/0 2 ==== config(25 keys) v1 ==== 983+0+0 (secure 0 0 0) 0x7fb62400dbb0 con 0x7fb630072560
2024-02-20T13:00:06.724 INFO:teuthology.orchestra.run.smithi133.stderr:/usr/bin/ceph:
2024-02-20T13:00:06.709+0000 7fb62f7fe700 1 -- 172.21.15.133:0/1191841130 <== mon.0 v2:172.21.15.133:3300/0 3 ==== mon_map magic: 0 v1 ==== 229+0+0 (secure 0 0 0) 0x7fb624011bb0 con 0x7fb630072560
2024-02-20T13:00:06.724 INFO:teuthology.orchestra.run.smithi133.stderr:/usr/bin/ceph:
2024-02-20T13:00:06.709+0000 7fb636a64700 1 -- 172.21.15.133:0/1191841130 >> [v2:172.21.15.133:3300/0,v1:172.21.15.133:6789/0] conn(0x7fb630072560 msgr2=0x7fb630070a30 secure :-1 s=STATE_CONNECTION_ESTABLISHED l=1).mark_down
2024-02-20T13:00:06.724 INFO:teuthology.orchestra.run.smithi133.stderr:/usr/bin/ceph:
2024-02-20T13:00:06.709+0000 7fb636a64700 1 --2- 172.21.15.133:0/1191841130 >> [v2:172.21.15.133:3300/0,v1:172.21.15.133:6789/0] conn(0x7fb630072560 0x7fb630070a30 secure :-1 s=READY pgs=66 cs=0 l=1 rev1=1 rx=0x7fb62400b5f0 tx=0x7fb624006ee0).stop
2024-02-20T13:00:06.724 INFO:teuthology.orchestra.run.smithi133.stderr:/usr/bin/ceph:
2024-02-20T13:00:06.710+0000 7fb636a64700 1 -- 172.21.15.133:0/1191841130 shutdown_connections
2024-02-20T13:00:06.725 INFO:teuthology.orchestra.run.smithi133.stderr:/usr/bin/ceph:
2024-02-20T13:00:06.710+0000 7fb636a64700 1 --2- 172.21.15.133:0/1191841130 >> [v2:172.21.15.133:3300/0,v1:172.21.15.133:6789/0] conn(0x7fb630072560 0x7fb630070a30 unknown :-1 s=CLOSED pgs=66 cs=0 l=1 rev1=1 rx=0 tx=0).stop
2024-02-20T13:00:06.725 INFO:teuthology.orchestra.run.smithi133.stderr:/usr/bin/ceph:
2024-02-20T13:00:06.710+0000 7fb636a64700 1 -- 172.21.15.133:0/1191841130 >> 172.21.15.133:0/1191841130 conn(0x7fb6300f7520 msgr2=0x7fb6300f9940 unknown :-1 s=STATE_NONE l=0).mark_down
2024-02-20T13:00:06.725 INFO:teuthology.orchestra.run.smithi133.stderr:/usr/bin/ceph:
2024-02-20T13:00:06.710+0000 7fb636a64700 1 -- 172.21.15.133:0/1191841130 shutdown_connections
2024-02-20T13:00:06.725 INFO:teuthology.orchestra.run.smithi133.stderr:/usr/bin/ceph:
2024-02-20T13:00:06.710+0000 7fb636a64700 1 -- 172.21.15.133:0/1191841130 wait complete.
2024-02-20T13:00:06.725 INFO:teuthology.orchestra.run.smithi133.stderr:/usr/bin/ceph:
2024-02-20T13:00:06.710+0000 7fb636a64700 1 Processor -- start
2024-02-20T13:00:06.725 INFO:teuthology.orchestra.run.smithi133.stderr:/usr/bin/ceph:
2024-02-20T13:00:06.710+0000 7fb636a64700 1 -- start start
2024-02-20T13:00:06.726 INFO:teuthology.orchestra.run.smithi133.stderr:/usr/bin/ceph:
2024-02-20T13:00:06.710+0000 7fb636a64700 1 --2- >> [v2:172.21.15.133:3300/0,v1:172.21.15.133:6789/0] conn(0x7fb630072560 0x7fb63010cd90 unknown :-1 s=NONE pgs=0 cs=0 l=1 rev1=0 rx=0 tx=0).connect
2024-02-20T13:00:06.726 INFO:teuthology.orchestra.run.smithi133.stderr:/usr/bin/ceph:
2024-02-20T13:00:06.710+0000 7fb636a64700 1 -- --> [v2:172.21.15.133:3300/0,v1:172.21.15.133:6789/0] -- mon_getmap magic: 0 v1 -- 0x7fb63010d280 con 0x7fb630072560
2024-02-20T13:00:06.726 INFO:teuthology.orchestra.run.smithi133.stderr:/usr/bin/ceph:
2024-02-20T13:00:06.711+0000 7fb634800700 1 --2- >> [v2:172.21.15.133:3300/0,v1:172.21.15.133:6789/0] conn(0x7fb630072560 0x7fb63010cd90 unknown :-1 s=BANNER_CONNECTING pgs=0 cs=0 l=1 rev1=0 rx=0 tx=0)._handle_peer_banner_payload supported=1 required=0
2024-02-20T13:00:06.726 INFO:teuthology.orchestra.run.smithi133.stderr:/usr/bin/ceph:
2024-02-20T13:00:06.711+0000 7fb634800700 1 --2- >> [v2:172.21.15.133:3300/0,v1:172.21.15.133:6789/0] conn(0x7fb630072560 0x7fb63010cd90 unknown :-1 s=HELLO_CONNECTING pgs=0 cs=0 l=1 rev1=1 rx=0 tx=0).handle_hello peer v2:172.21.15.133:3300/0 says I am v2:172.21.15.133:52586/0 (socket says 172.21.15.133:52586)
2024-02-20T13:00:06.726 INFO:teuthology.orchestra.run.smithi133.stderr:/usr/bin/ceph:
2024-02-20T13:00:06.711+0000 7fb634800700 1 -- 172.21.15.133:0/3661164662 learned_addr learned my addr 172.21.15.133:0/3661164662 (peer_addr_for_me v2:172.21.15.133:0/0)
2024-02-20T13:00:06.726 INFO:teuthology.orchestra.run.smithi133.stderr:/usr/bin/ceph:
2024-02-20T13:00:06.711+0000 7fb634800700 1 -- 172.21.15.133:0/3661164662 --> [v2:172.21.15.133:3300/0,v1:172.21.15.133:6789/0] -- mon_subscribe({config=0+,monmap=0+}) v3 -- 0x7fb62400b200 con 0x7fb630072560
2024-02-20T13:00:06.727 INFO:teuthology.orchestra.run.smithi133.stderr:/usr/bin/ceph:
2024-02-20T13:00:06.711+0000 7fb634800700 1 --2- 172.21.15.133:0/3661164662 >> [v2:172.21.15.133:3300/0,v1:172.21.15.133:6789/0] conn(0x7fb630072560 0x7fb63010cd90 secure :-1 s=READY pgs=67 cs=0 l=1 rev1=1 rx=0x7fb624006cb0 tx=0x7fb624006ee0).ready entity=mon.0 client_cookie=0 server_cookie=0 in_seq=0 out_seq=0
2024-02-20T13:00:06.727 INFO:teuthology.orchestra.run.smithi133.stderr:/usr/bin/ceph:
2024-02-20T13:00:06.711+0000 7fb62d7fa700 1 -- 172.21.15.133:0/3661164662 <== mon.0 v2:172.21.15.133:3300/0 1 ==== mon_map magic: 0 v1 ==== 229+0+0 (secure 0 0 0) 0x7fb62401b570 con 0x7fb630072560
2024-02-20T13:00:06.727 INFO:teuthology.orchestra.run.smithi133.stderr:/usr/bin/ceph:
2024-02-20T13:00:06.711+0000 7fb62d7fa700 1 -- 172.21.15.133:0/3661164662 <== mon.0 v2:172.21.15.133:3300/0 2 ==== config(25 keys) v1 ==== 983+0+0 (secure 0 0 0) 0x7fb62401bb20 con 0x7fb630072560
2024-02-20T13:00:06.727 INFO:teuthology.orchestra.run.smithi133.stderr:/usr/bin/ceph:
2024-02-20T13:00:06.711+0000 7fb636a64700 1 -- 172.21.15.133:0/3661164662 --> [v2:172.21.15.133:3300/0,v1:172.21.15.133:6789/0] -- mon_subscribe({mgrmap=0+}) v3 -- 0x7fb63010d480 con 0x7fb630072560
2024-02-20T13:00:06.727 INFO:teuthology.orchestra.run.smithi133.stderr:/usr/bin/ceph:
2024-02-20T13:00:06.711+0000 7fb62d7fa700 1 -- 172.21.15.133:0/3661164662 <== mon.0 v2:172.21.15.133:3300/0 3 ==== mon_map magic: 0 v1 ==== 229+0+0 (secure 0 0 0) 0x7fb62401a960 con 0x7fb630072560
2024-02-20T13:00:06.728 INFO:teuthology.orchestra.run.smithi133.stderr:/usr/bin/ceph:
2024-02-20T13:00:06.711+0000 7fb636a64700 1 -- 172.21.15.133:0/3661164662 --> [v2:172.21.15.133:3300/0,v1:172.21.15.133:6789/0] -- mon_subscribe({osdmap=0}) v3 -- 0x7fb63010d890 con 0x7fb630072560
2024-02-20T13:00:06.728 INFO:teuthology.orchestra.run.smithi133.stderr:/usr/bin/ceph:
2024-02-20T13:00:06.712+0000 7fb62d7fa700 1 -- 172.21.15.133:0/3661164662 <== mon.0 v2:172.21.15.133:3300/0 4 ==== mgrmap(e 12) v1 ==== 36195+0+0 (secure 0 0 0) 0x7fb62400f070 con 0x7fb630072560
2024-02-20T13:00:06.728 INFO:teuthology.orchestra.run.smithi133.stderr:/usr/bin/ceph:
2024-02-20T13:00:06.712+0000 7fb62d7fa700 1 --2- 172.21.15.133:0/3661164662 >> [v2:172.21.15.133:6800/2378593676,v1:172.21.15.133:6801/2378593676] conn(0x7fb61402fe60 0x7fb614032320 unknown :-1 s=NONE pgs=0 cs=0 l=1 rev1=0 rx=0 tx=0).connect
2024-02-20T13:00:06.728 INFO:teuthology.orchestra.run.smithi133.stderr:/usr/bin/ceph:
2024-02-20T13:00:06.712+0000 7fb62d7fa700 1 -- 172.21.15.133:0/3661164662 <== mon.0 v2:172.21.15.133:3300/0 5 ==== osd_map(3..3 src has 1..3) v4 ==== 1065+0+0 (secure 0 0 0) 0x7fb624042120 con 0x7fb630072560
2024-02-20T13:00:06.728 INFO:teuthology.orchestra.run.smithi133.stderr:/usr/bin/ceph:
2024-02-20T13:00:06.712+0000 7fb62ffff700 1 --2- 172.21.15.133:0/3661164662 >> [v2:172.21.15.133:6800/2378593676,v1:172.21.15.133:6801/2378593676] conn(0x7fb61402fe60 0x7fb614032320 unknown :-1 s=BANNER_CONNECTING pgs=0 cs=0 l=1 rev1=0 rx=0 tx=0)._handle_peer_banner_payload supported=1 required=0
2024-02-20T13:00:06.729 INFO:teuthology.orchestra.run.smithi133.stderr:/usr/bin/ceph:
2024-02-20T13:00:06.712+0000 7fb636a64700 1 -- 172.21.15.133:0/3661164662 --> [v2:172.21.15.133:3300/0,v1:172.21.15.133:6789/0] -- mon_command({"prefix": "get_command_descriptions"} v 0) v1 -- 0x7fb630046940 con 0x7fb630072560
2024-02-20T13:00:06.729 INFO:teuthology.orchestra.run.smithi133.stderr:/usr/bin/ceph:
2024-02-20T13:00:06.712+0000 7fb62ffff700 1 --2- 172.21.15.133:0/3661164662 >> [v2:172.21.15.133:6800/2378593676,v1:172.21.15.133:6801/2378593676] conn(0x7fb61402fe60 0x7fb614032320 secure :-1 s=READY pgs=11 cs=0 l=1 rev1=1 rx=0x7fb61c0096a0 tx=0x7fb61c006b40).ready entity=mgr.14142 client_cookie=0 server_cookie=0 in_seq=0 out_seq=0
2024-02-20T13:00:06.729 INFO:teuthology.orchestra.run.smithi133.stderr:/usr/bin/ceph:
2024-02-20T13:00:06.716+0000 7fb62d7fa700 1 -- 172.21.15.133:0/3661164662 <== mon.0 v2:172.21.15.133:3300/0 6 ==== mon_command_ack([{"prefix": "get_command_descriptions"}]=0 v0) v1 ==== 72+0+152212 (secure 0 0 0) 0x7fb624016070 con 0x7fb630072560
2024-02-20T13:00:06.902 INFO:teuthology.orchestra.run.smithi133.stderr:/usr/bin/ceph:
2024-02-20T13:00:06.900+0000 7fb636a64700 1 -- 172.21.15.133:0/3661164662 --> [v2:172.21.15.133:3300/0,v1:172.21.15.133:6789/0] -- mon_command({"prefix": "mgr module enable", "module": "dashboard"} v 0) v1 -- 0x7fb630059100 con 0x7fb630072560
2024-02-20T13:00:07.051 INFO:journalctl@ceph.mon.smithi133.smithi133.stdout:Feb 20 13:00:06 smithi133 ceph-ba9433aa-cfef-11ee-95bb-87774f69a715-mon.smithi133[38235]: audit
2024-02-20T13:00:05.572206+0000 mon.smithi133 (mon.0) 83 : audit [INF] from='client.? 172.21.15.133:0/235577816' entity='client.admin'
2024-02-20T13:00:07.577 INFO:teuthology.orchestra.run.smithi133.stderr:/usr/bin/ceph:
2024-02-20T13:00:07.576+0000 7fb62d7fa700 1 -- 172.21.15.133:0/3661164662 <== mon.0 v2:172.21.15.133:3300/0 7 ==== mgrmap(e 13) v1 ==== 36208+0+0 (secure 0 0 0) 0x7fb62401bc90 con 0x7fb630072560
2024-02-20T13:00:07.579 INFO:teuthology.orchestra.run.smithi133.stderr:/usr/bin/ceph:
2024-02-20T13:00:07.578+0000 7fb62d7fa700 1 -- 172.21.15.133:0/3661164662 <== mon.0 v2:172.21.15.133:3300/0 8 ==== mon_command_ack([{"prefix": "mgr module enable", "module": "dashboard"}]=0 v13) v1 ==== 88+0+0 (secure 0 0 0) 0x7fb624017510 con 0x7fb630072560
2024-02-20T13:00:07.581 INFO:teuthology.orchestra.run.smithi133.stderr:/usr/bin/ceph:
2024-02-20T13:00:07.580+0000 7fb636a64700 1 -- 172.21.15.133:0/3661164662 >> [v2:172.21.15.133:6800/2378593676,v1:172.21.15.133:6801/2378593676] conn(0x7fb61402fe60 msgr2=0x7fb614032320 secure :-1 s=STATE_CONNECTION_ESTABLISHED l=1).mark_down
2024-02-20T13:00:07.581 INFO:teuthology.orchestra.run.smithi133.stderr:/usr/bin/ceph:
2024-02-20T13:00:07.580+0000 7fb636a64700 1 --2- 172.21.15.133:0/3661164662 >> [v2:172.21.15.133:6800/2378593676,v1:172.21.15.133:6801/2378593676] conn(0x7fb61402fe60 0x7fb614032320 secure :-1 s=READY pgs=11 cs=0 l=1 rev1=1 rx=0x7fb61c0096a0 tx=0x7fb61c006b40).stop
2024-02-20T13:00:07.581 INFO:teuthology.orchestra.run.smithi133.stderr:/usr/bin/ceph:
2024-02-20T13:00:07.580+0000 7fb636a64700 1 -- 172.21.15.133:0/3661164662 >> [v2:172.21.15.133:3300/0,v1:172.21.15.133:6789/0] conn(0x7fb630072560 msgr2=0x7fb63010cd90 secure :-1 s=STATE_CONNECTION_ESTABLISHED l=1).mark_down
2024-02-20T13:00:07.582 INFO:teuthology.orchestra.run.smithi133.stderr:/usr/bin/ceph:
2024-02-20T13:00:07.580+0000 7fb636a64700 1 --2- 172.21.15.133:0/3661164662 >> [v2:172.21.15.133:3300/0,v1:172.21.15.133:6789/0] conn(0x7fb630072560 0x7fb63010cd90 secure :-1 s=READY pgs=67 cs=0 l=1 rev1=1 rx=0x7fb624006cb0 tx=0x7fb624006ee0).stop
2024-02-20T13:00:07.582 INFO:teuthology.orchestra.run.smithi133.stderr:/usr/bin/ceph:
2024-02-20T13:00:07.580+0000 7fb636a64700 1 -- 172.21.15.133:0/3661164662 shutdown_connections
2024-02-20T13:00:07.582 INFO:teuthology.orchestra.run.smithi133.stderr:/usr/bin/ceph:
2024-02-20T13:00:07.580+0000 7fb636a64700 1 --2- 172.21.15.133:0/3661164662 >> [v2:172.21.15.133:6800/2378593676,v1:172.21.15.133:6801/2378593676] conn(0x7fb61402fe60 0x7fb614032320 unknown :-1 s=CLOSED pgs=11 cs=0 l=1 rev1=1 rx=0 tx=0).stop
2024-02-20T13:00:07.582 INFO:teuthology.orchestra.run.smithi133.stderr:/usr/bin/ceph:
2024-02-20T13:00:07.580+0000 7fb636a64700 1 --2- 172.21.15.133:0/3661164662 >> [v2:172.21.15.133:3300/0,v1:172.21.15.133:6789/0] conn(0x7fb630072560 0x7fb63010cd90 unknown :-1 s=CLOSED pgs=67 cs=0 l=1 rev1=1 rx=0 tx=0).stop
2024-02-20T13:00:07.582 INFO:teuthology.orchestra.run.smithi133.stderr:/usr/bin/ceph:
2024-02-20T13:00:07.580+0000 7fb636a64700 1 -- 172.21.15.133:0/3661164662 >> 172.21.15.133:0/3661164662 conn(0x7fb6300f7520 msgr2=0x7fb6300f8fe0 unknown :-1 s=STATE_NONE l=0).mark_down
2024-02-20T13:00:07.582 INFO:teuthology.orchestra.run.smithi133.stderr:/usr/bin/ceph:
2024-02-20T13:00:07.580+0000 7fb636a64700 1 -- 172.21.15.133:0/3661164662 shutdown_connections
2024-02-20T13:00:07.583 INFO:teuthology.orchestra.run.smithi133.stderr:/usr/bin/ceph:
2024-02-20T13:00:07.580+0000 7fb636a64700 1 -- 172.21.15.133:0/3661164662 wait complete.
2024-02-20T13:00:07.880 INFO:journalctl@ceph.mon.smithi133.smithi133.stdout:Feb 20 13:00:07 smithi133 ceph-ba9433aa-cfef-11ee-95bb-87774f69a715-mon.smithi133[38235]: audit
2024-02-20T13:00:06.902328+0000 mon.smithi133 (mon.0) 84 : audit [INF] from='client.? 172.21.15.133:0/3661164662' entity='client.admin' cmd=[{"prefix": "mgr module enable", "module": "dashboard"}]: dispatch
2024-02-20T13:00:08.133 INFO:teuthology.orchestra.run.smithi133.stderr:Running command: /bin/podman run --rm --ipc=host --no-hosts --net=host --entrypoint /usr/bin/ceph --init -e CONTAINER_IMAGE=docker.io/ceph/ceph:v16.2.4 -e NODE_NAME=smithi133 -e CEPH_USE_RANDOM_NONCE=1 -v /var/log/ceph/ba9433aa-cfef-11ee-95bb-87774f69a715:/var/log/ceph:z -v /tmp/ceph-tmpd6wy7wm6:/etc/ceph/ceph.client.admin.keyring:z -v /tmp/ceph-tmpt984cog1:/etc/ceph/ceph.conf:z docker.io/ceph/ceph:v16.2.4 mgr stat
2024-02-20T13:00:08.737 INFO:teuthology.orchestra.run.smithi133.stderr:/usr/bin/ceph:
2024-02-20T13:00:08.709+0000 7fef44674700 1 Processor -- start
2024-02-20T13:00:08.737 INFO:teuthology.orchestra.run.smithi133.stderr:/usr/bin/ceph:
2024-02-20T13:00:08.709+0000 7fef44674700 1 -- start start
2024-02-20T13:00:08.737 INFO:teuthology.orchestra.run.smithi133.stderr:/usr/bin/ceph:
2024-02-20T13:00:08.709+0000 7fef44674700 1 --2- >> [v2:172.21.15.133:3300/0,v1:172.21.15.133:6789/0] conn(0x7fef3c0fd3f0 0x7fef3c0fd810 unknown :-1 s=NONE pgs=0 cs=0 l=0 rev1=0 rx=0 tx=0).connect
2024-02-20T13:00:08.737 INFO:teuthology.orchestra.run.smithi133.stderr:/usr/bin/ceph:
2024-02-20T13:00:08.709+0000 7fef44674700 1 -- --> [v2:172.21.15.133:3300/0,v1:172.21.15.133:6789/0] -- mon_getmap magic: 0 v1 -- 0x7fef3c0fdd00 con 0x7fef3c0fd3f0
2024-02-20T13:00:08.737 INFO:teuthology.orchestra.run.smithi133.stderr:/usr/bin/ceph:
2024-02-20T13:00:08.710+0000 7fef42410700 1 --2- >> [v2:172.21.15.133:3300/0,v1:172.21.15.133:6789/0] conn(0x7fef3c0fd3f0 0x7fef3c0fd810 unknown :-1 s=BANNER_CONNECTING pgs=0 cs=0 l=0 rev1=0 rx=0 tx=0)._handle_peer_banner_payload supported=1 required=0
2024-02-20T13:00:08.737 INFO:teuthology.orchestra.run.smithi133.stderr:/usr/bin/ceph:
2024-02-20T13:00:08.710+0000 7fef42410700 1 --2- >> [v2:172.21.15.133:3300/0,v1:172.21.15.133:6789/0] conn(0x7fef3c0fd3f0 0x7fef3c0fd810 unknown :-1 s=HELLO_CONNECTING pgs=0 cs=0 l=0 rev1=1 rx=0 tx=0).handle_hello peer v2:172.21.15.133:3300/0 says I am v2:172.21.15.133:52610/0 (socket says 172.21.15.133:52610)
2024-02-20T13:00:08.737 INFO:teuthology.orchestra.run.smithi133.stderr:/usr/bin/ceph:
2024-02-20T13:00:08.710+0000 7fef42410700 1 -- 172.21.15.133:0/2297157479 learned_addr learned my addr 172.21.15.133:0/2297157479 (peer_addr_for_me v2:172.21.15.133:0/0)
2024-02-20T13:00:08.737 INFO:teuthology.orchestra.run.smithi133.stderr:/usr/bin/ceph:
2024-02-20T13:00:08.710+0000 7fef42410700 1 -- 172.21.15.133:0/2297157479 --> [v2:172.21.15.133:3300/0,v1:172.21.15.133:6789/0] -- mon_subscribe({config=0+,monmap=0+}) v3 -- 0x7fef3c0fde40 con 0x7fef3c0fd3f0
2024-02-20T13:00:08.737 INFO:teuthology.orchestra.run.smithi133.stderr:/usr/bin/ceph:
2024-02-20T13:00:08.710+0000 7fef42410700 1 --2- 172.21.15.133:0/2297157479 >> [v2:172.21.15.133:3300/0,v1:172.21.15.133:6789/0] conn(0x7fef3c0fd3f0 0x7fef3c0fd810 secure :-1 s=READY pgs=70 cs=0 l=1 rev1=1 rx=0x7fef3800b5f0 tx=0x7fef38006ee0).ready entity=mon.0 client_cookie=80b79ec0ab52b4b8 server_cookie=0 in_seq=0 out_seq=0
2024-02-20T13:00:08.737 INFO:teuthology.orchestra.run.smithi133.stderr:/usr/bin/ceph:
2024-02-20T13:00:08.710+0000 7fef4140e700 1 -- 172.21.15.133:0/2297157479 <== mon.0 v2:172.21.15.133:3300/0 1 ==== mon_map magic: 0 v1 ==== 229+0+0 (secure 0 0 0) 0x7fef3800d600 con 0x7fef3c0fd3f0
2024-02-20T13:00:08.738 INFO:teuthology.orchestra.run.smithi133.stderr:/usr/bin/ceph:
2024-02-20T13:00:08.710+0000 7fef4140e700 1 -- 172.21.15.133:0/2297157479 <== mon.0 v2:172.21.15.133:3300/0 2 ==== config(25 keys) v1 ==== 983+0+0 (secure 0 0 0) 0x7fef3800dbb0 con 0x7fef3c0fd3f0
2024-02-20T13:00:08.738 INFO:teuthology.orchestra.run.smithi133.stderr:/usr/bin/ceph:
2024-02-20T13:00:08.710+0000 7fef4140e700 1 -- 172.21.15.133:0/2297157479 <== mon.0 v2:172.21.15.133:3300/0 3 ==== mon_map magic: 0 v1 ==== 229+0+0 (secure 0 0 0) 0x7fef38011bb0 con 0x7fef3c0fd3f0
2024-02-20T13:00:08.738 INFO:teuthology.orchestra.run.smithi133.stderr:/usr/bin/ceph:
2024-02-20T13:00:08.711+0000 7fef44674700 1 -- 172.21.15.133:0/2297157479 >> [v2:172.21.15.133:3300/0,v1:172.21.15.133:6789/0] conn(0x7fef3c0fd3f0 msgr2=0x7fef3c0fd810 secure :-1 s=STATE_CONNECTION_ESTABLISHED l=1).mark_down
2024-02-20T13:00:08.738 INFO:teuthology.orchestra.run.smithi133.stderr:/usr/bin/ceph:
2024-02-20T13:00:08.711+0000 7fef44674700 1 --2- 172.21.15.133:0/2297157479 >> [v2:172.21.15.133:3300/0,v1:172.21.15.133:6789/0] conn(0x7fef3c0fd3f0 0x7fef3c0fd810 secure :-1 s=READY pgs=70 cs=0 l=1 rev1=1 rx=0x7fef3800b5f0 tx=0x7fef38006ee0).stop
2024-02-20T13:00:08.738 INFO:teuthology.orchestra.run.smithi133.stderr:/usr/bin/ceph:
2024-02-20T13:00:08.711+0000 7fef44674700 1 -- 172.21.15.133:0/2297157479 shutdown_connections
2024-02-20T13:00:08.738 INFO:teuthology.orchestra.run.smithi133.stderr:/usr/bin/ceph:
2024-02-20T13:00:08.711+0000 7fef44674700 1 --2- 172.21.15.133:0/2297157479 >> [v2:172.21.15.133:3300/0,v1:172.21.15.133:6789/0] conn(0x7fef3c0fd3f0 0x7fef3c0fd810 unknown :-1 s=CLOSED pgs=70 cs=0 l=1 rev1=1 rx=0 tx=0).stop
2024-02-20T13:00:08.738 INFO:teuthology.orchestra.run.smithi133.stderr:/usr/bin/ceph:
2024-02-20T13:00:08.711+0000 7fef44674700 1 -- 172.21.15.133:0/2297157479 >> 172.21.15.133:0/2297157479 conn(0x7fef3c0f7560 msgr2=0x7fef3c0f9980 unknown :-1 s=STATE_NONE l=0).mark_down
2024-02-20T13:00:08.738 INFO:teuthology.orchestra.run.smithi133.stderr:/usr/bin/ceph:
2024-02-20T13:00:08.711+0000 7fef44674700 1 -- 172.21.15.133:0/2297157479 shutdown_connections
2024-02-20T13:00:08.738 INFO:teuthology.orchestra.run.smithi133.stderr:/usr/bin/ceph:
2024-02-20T13:00:08.711+0000 7fef44674700 1 -- 172.21.15.133:0/2297157479 wait complete.
2024-02-20T13:00:08.741 INFO:teuthology.orchestra.run.smithi133.stderr:/usr/bin/ceph:
2024-02-20T13:00:08.712+0000 7fef44674700 1 Processor -- start
2024-02-20T13:00:08.741 INFO:teuthology.orchestra.run.smithi133.stderr:/usr/bin/ceph:
2024-02-20T13:00:08.712+0000 7fef44674700 1 -- start start
2024-02-20T13:00:08.741 INFO:teuthology.orchestra.run.smithi133.stderr:/usr/bin/ceph:
2024-02-20T13:00:08.712+0000 7fef44674700 1 --2- >> [v2:172.21.15.133:3300/0,v1:172.21.15.133:6789/0] conn(0x7fef3c0fd3f0 0x7fef3c10ab10 unknown :-1 s=NONE pgs=0 cs=0 l=1 rev1=0 rx=0 tx=0).connect
2024-02-20T13:00:08.741 INFO:teuthology.orchestra.run.smithi133.stderr:/usr/bin/ceph:
2024-02-20T13:00:08.712+0000 7fef44674700 1 -- --> [v2:172.21.15.133:3300/0,v1:172.21.15.133:6789/0] -- mon_getmap magic: 0 v1 -- 0x7fef3c10b000 con 0x7fef3c0fd3f0
2024-02-20T13:00:08.741 INFO:teuthology.orchestra.run.smithi133.stderr:/usr/bin/ceph:
2024-02-20T13:00:08.712+0000 7fef42410700 1 --2- >> [v2:172.21.15.133:3300/0,v1:172.21.15.133:6789/0] conn(0x7fef3c0fd3f0 0x7fef3c10ab10 unknown :-1 s=BANNER_CONNECTING pgs=0 cs=0 l=1 rev1=0 rx=0 tx=0)._handle_peer_banner_payload supported=1 required=0
2024-02-20T13:00:08.741 INFO:teuthology.orchestra.run.smithi133.stderr:/usr/bin/ceph:
2024-02-20T13:00:08.712+0000 7fef42410700 1 --2- >> [v2:172.21.15.133:3300/0,v1:172.21.15.133:6789/0] conn(0x7fef3c0fd3f0 0x7fef3c10ab10 unknown :-1 s=HELLO_CONNECTING pgs=0 cs=0 l=1 rev1=1 rx=0 tx=0).handle_hello peer v2:172.21.15.133:3300/0 says I am v2:172.21.15.133:52616/0 (socket says 172.21.15.133:52616)
2024-02-20T13:00:08.742 INFO:teuthology.orchestra.run.smithi133.stderr:/usr/bin/ceph:
2024-02-20T13:00:08.712+0000 7fef42410700 1 -- 172.21.15.133:0/1162464321 learned_addr learned my addr 172.21.15.133:0/1162464321 (peer_addr_for_me v2:172.21.15.133:0/0)
2024-02-20T13:00:08.742 INFO:teuthology.orchestra.run.smithi133.stderr:/usr/bin/ceph:
2024-02-20T13:00:08.712+0000 7fef42410700 1 -- 172.21.15.133:0/1162464321 --> [v2:172.21.15.133:3300/0,v1:172.21.15.133:6789/0] -- mon_subscribe({config=0+,monmap=0+}) v3 -- 0x7fef3800b200 con 0x7fef3c0fd3f0
2024-02-20T13:00:08.742 INFO:teuthology.orchestra.run.smithi133.stderr:/usr/bin/ceph:
2024-02-20T13:00:08.712+0000 7fef42410700 1 --2- 172.21.15.133:0/1162464321 >> [v2:172.21.15.133:3300/0,v1:172.21.15.133:6789/0] conn(0x7fef3c0fd3f0 0x7fef3c10ab10 secure :-1 s=READY pgs=71 cs=0 l=1 rev1=1 rx=0x7fef38003000 tx=0x7fef38006ee0).ready entity=mon.0 client_cookie=0 server_cookie=0 in_seq=0 out_seq=0
2024-02-20T13:00:08.742 INFO:teuthology.orchestra.run.smithi133.stderr:/usr/bin/ceph:
2024-02-20T13:00:08.712+0000 7fef2affd700 1 -- 172.21.15.133:0/1162464321 <== mon.0 v2:172.21.15.133:3300/0 1 ==== mon_map magic: 0 v1 ==== 229+0+0 (secure 0 0 0) 0x7fef3800d9c0 con 0x7fef3c0fd3f0
2024-02-20T13:00:08.742 INFO:teuthology.orchestra.run.smithi133.stderr:/usr/bin/ceph:
2024-02-20T13:00:08.712+0000 7fef44674700 1 -- 172.21.15.133:0/1162464321 --> [v2:172.21.15.133:3300/0,v1:172.21.15.133:6789/0] -- mon_subscribe({mgrmap=0+}) v3 -- 0x7fef3c10b200 con 0x7fef3c0fd3f0
2024-02-20T13:00:08.742 INFO:teuthology.orchestra.run.smithi133.stderr:/usr/bin/ceph:
2024-02-20T13:00:08.712+0000 7fef2affd700 1 -- 172.21.15.133:0/1162464321 <== mon.0 v2:172.21.15.133:3300/0 2 ==== config(25 keys) v1 ==== 983+0+0 (secure 0 0 0) 0x7fef3801a9d0 con 0x7fef3c0fd3f0
2024-02-20T13:00:08.742 INFO:teuthology.orchestra.run.smithi133.stderr:/usr/bin/ceph:
2024-02-20T13:00:08.713+0000 7fef2affd700 1 -- 172.21.15.133:0/1162464321 <== mon.0 v2:172.21.15.133:3300/0 3 ==== mon_map magic: 0 v1 ==== 229+0+0 (secure 0 0 0) 0x7fef3801b880 con 0x7fef3c0fd3f0
2024-02-20T13:00:08.742 INFO:teuthology.orchestra.run.smithi133.stderr:/usr/bin/ceph:
2024-02-20T13:00:08.713+0000 7fef44674700 1 -- 172.21.15.133:0/1162464321 --> [v2:172.21.15.133:3300/0,v1:172.21.15.133:6789/0] -- mon_subscribe({osdmap=0}) v3 -- 0x7fef3c10b610 con 0x7fef3c0fd3f0
2024-02-20T13:00:08.743 INFO:teuthology.orchestra.run.smithi133.stderr:/usr/bin/ceph:
2024-02-20T13:00:08.713+0000 7fef2affd700 1 -- 172.21.15.133:0/1162464321 <== mon.0 v2:172.21.15.133:3300/0 4 ==== mgrmap(e 13) v1 ==== 36208+0+0 (secure 0 0 0) 0x7fef3800f070 con 0x7fef3c0fd3f0
2024-02-20T13:00:08.743 INFO:teuthology.orchestra.run.smithi133.stderr:/usr/bin/ceph:
2024-02-20T13:00:08.713+0000 7fef2affd700 1 --2- 172.21.15.133:0/1162464321 >> [v2:172.21.15.133:6800/2378593676,v1:172.21.15.133:6801/2378593676] conn(0x7fef2402feb0 0x7fef24032370 unknown :-1 s=NONE pgs=0 cs=0 l=1 rev1=0 rx=0 tx=0).connect
2024-02-20T13:00:08.743 INFO:teuthology.orchestra.run.smithi133.stderr:/usr/bin/ceph:
2024-02-20T13:00:08.713+0000 7fef2affd700 1 -- 172.21.15.133:0/1162464321 <== mon.0 v2:172.21.15.133:3300/0 5 ==== osd_map(3..3 src has 1..3) v4 ==== 1065+0+0 (secure 0 0 0) 0x7fef38042100 con 0x7fef3c0fd3f0
2024-02-20T13:00:08.743 INFO:teuthology.orchestra.run.smithi133.stderr:/usr/bin/ceph:
2024-02-20T13:00:08.713+0000 7fef41c0f700 1 -- 172.21.15.133:0/1162464321 >> [v2:172.21.15.133:6800/2378593676,v1:172.21.15.133:6801/2378593676] conn(0x7fef2402feb0 msgr2=0x7fef24032370 unknown :-1 s=STATE_CONNECTING_RE l=1).process reconnect failed to v2:172.21.15.133:6800/2378593676
2024-02-20T13:00:08.743 INFO:teuthology.orchestra.run.smithi133.stderr:/usr/bin/ceph:
2024-02-20T13:00:08.713+0000 7fef41c0f700 1 --2- 172.21.15.133:0/1162464321 >> [v2:172.21.15.133:6800/2378593676,v1:172.21.15.133:6801/2378593676] conn(0x7fef2402feb0 0x7fef24032370 unknown :-1 s=START_CONNECT pgs=0 cs=0 l=1 rev1=0 rx=0 tx=0)._fault waiting 0.200000
2024-02-20T13:00:08.743 INFO:teuthology.orchestra.run.smithi133.stderr:/usr/bin/ceph:
2024-02-20T13:00:08.714+0000 7fef44674700 1 -- 172.21.15.133:0/1162464321 --> [v2:172.21.15.133:3300/0,v1:172.21.15.133:6789/0] -- mon_command({"prefix": "get_command_descriptions"} v 0) v1 -- 0x7fef3c046940 con 0x7fef3c0fd3f0
2024-02-20T13:00:08.743 INFO:teuthology.orchestra.run.smithi133.stderr:/usr/bin/ceph:
2024-02-20T13:00:08.723+0000 7fef2affd700 1 -- 172.21.15.133:0/1162464321 <== mon.0 v2:172.21.15.133:3300/0 6 ==== mon_command_ack([{"prefix": "get_command_descriptions"}]=0 v0) v1 ==== 72+0+152212 (secure 0 0 0) 0x7fef38016020 con 0x7fef3c0fd3f0
2024-02-20T13:00:08.802 INFO:journalctl@ceph.mon.smithi133.smithi133.stdout:Feb 20 13:00:08 smithi133 ceph-ba9433aa-cfef-11ee-95bb-87774f69a715-mon.smithi133[38235]: audit
2024-02-20T13:00:07.579043+0000 mon.smithi133 (mon.0) 85 : audit [INF] from='client.? 172.21.15.133:0/3661164662' entity='client.admin' cmd='[{"prefix": "mgr module enable", "module": "dashboard"}]': finished
2024-02-20T13:00:08.802 INFO:journalctl@ceph.mon.smithi133.smithi133.stdout:Feb 20 13:00:08 smithi133 ceph-ba9433aa-cfef-11ee-95bb-87774f69a715-mon.smithi133[38235]: cluster
2024-02-20T13:00:07.579100+0000 mon.smithi133 (mon.0) 86 : cluster [DBG] mgrmap e13: smithi133.gmzmpa(active, since 9s)
2024-02-20T13:00:08.916 INFO:teuthology.orchestra.run.smithi133.stderr:/usr/bin/ceph:
2024-02-20T13:00:08.914+0000 7fef41c0f700 1 -- 172.21.15.133:0/1162464321 >> [v2:172.21.15.133:6800/2378593676,v1:172.21.15.133:6801/2378593676] conn(0x7fef2402feb0 msgr2=0x7fef24032370 unknown :-1 s=STATE_CONNECTING_RE l=1).process reconnect failed to v2:172.21.15.133:6800/2378593676
2024-02-20T13:00:08.916 INFO:teuthology.orchestra.run.smithi133.stderr:/usr/bin/ceph:
2024-02-20T13:00:08.914+0000 7fef41c0f700 1 --2- 172.21.15.133:0/1162464321 >> [v2:172.21.15.133:6800/2378593676,v1:172.21.15.133:6801/2378593676] conn(0x7fef2402feb0 0x7fef24032370 unknown :-1 s=START_CONNECT pgs=0 cs=0 l=1 rev1=0 rx=0 tx=0)._fault waiting 0.400000
2024-02-20T13:00:08.956 INFO:teuthology.orchestra.run.smithi133.stderr:/usr/bin/ceph:
2024-02-20T13:00:08.955+0000 7fef44674700 1 -- 172.21.15.133:0/1162464321 --> [v2:172.21.15.133:3300/0,v1:172.21.15.133:6789/0] -- mon_command({"prefix": "mgr stat"} v 0) v1 -- 0x7fef3c104a00 con 0x7fef3c0fd3f0
2024-02-20T13:00:08.956 INFO:teuthology.orchestra.run.smithi133.stderr:/usr/bin/ceph:
2024-02-20T13:00:08.955+0000 7fef2affd700 1 -- 172.21.15.133:0/1162464321 <== mon.0 v2:172.21.15.133:3300/0 7 ==== mon_command_ack([{"prefix": "mgr stat"}]=0 v13) v1 ==== 56+0+104 (secure 0 0 0) 0x7fef38016080 con 0x7fef3c0fd3f0
2024-02-20T13:00:08.957 INFO:teuthology.orchestra.run.smithi133.stderr:/usr/bin/ceph: {
2024-02-20T13:00:08.957 INFO:teuthology.orchestra.run.smithi133.stderr:/usr/bin/ceph: "epoch": 13,
2024-02-20T13:00:08.957 INFO:teuthology.orchestra.run.smithi133.stderr:/usr/bin/ceph: "available": true,
2024-02-20T13:00:08.957 INFO:teuthology.orchestra.run.smithi133.stderr:/usr/bin/ceph: "active_name": "smithi133.gmzmpa",
2024-02-20T13:00:08.958 INFO:teuthology.orchestra.run.smithi133.stderr:/usr/bin/ceph: "num_standby": 0
2024-02-20T13:00:08.958 INFO:teuthology.orchestra.run.smithi133.stderr:/usr/bin/ceph: }
2024-02-20T13:00:08.959 INFO:teuthology.orchestra.run.smithi133.stderr:/usr/bin/ceph:
2024-02-20T13:00:08.957+0000 7fef44674700 1 -- 172.21.15.133:0/1162464321 >> [v2:172.21.15.133:6800/2378593676,v1:172.21.15.133:6801/2378593676] conn(0x7fef2402feb0 msgr2=0x7fef24032370 unknown :-1 s=STATE_CONNECTING l=1).mark_down
2024-02-20T13:00:08.959 INFO:teuthology.orchestra.run.smithi133.stderr:/usr/bin/ceph:
2024-02-20T13:00:08.957+0000 7fef44674700 1 --2- 172.21.15.133:0/1162464321 >> [v2:172.21.15.133:6800/2378593676,v1:172.21.15.133:6801/2378593676] conn(0x7fef2402feb0 0x7fef24032370 unknown :-1 s=START_CONNECT pgs=0 cs=0 l=1 rev1=0 rx=0 tx=0).stop
2024-02-20T13:00:08.959 INFO:teuthology.orchestra.run.smithi133.stderr:/usr/bin/ceph:
2024-02-20T13:00:08.957+0000 7fef44674700 1 -- 172.21.15.133:0/1162464321 >> [v2:172.21.15.133:3300/0,v1:172.21.15.133:6789/0] conn(0x7fef3c0fd3f0 msgr2=0x7fef3c10ab10 secure :-1 s=STATE_CONNECTION_ESTABLISHED l=1).mark_down
2024-02-20T13:00:08.959 INFO:teuthology.orchestra.run.smithi133.stderr:/usr/bin/ceph:
2024-02-20T13:00:08.957+0000 7fef44674700 1 --2- 172.21.15.133:0/1162464321 >> [v2:172.21.15.133:3300/0,v1:172.21.15.133:6789/0] conn(0x7fef3c0fd3f0 0x7fef3c10ab10 secure :-1 s=READY pgs=71 cs=0 l=1 rev1=1 rx=0x7fef38003000 tx=0x7fef38006ee0).stop
2024-02-20T13:00:08.959 INFO:teuthology.orchestra.run.smithi133.stderr:/usr/bin/ceph:
