2024-02-20T13:17:23.555+0000 7f449a7fc700 1 -- 172.21.15.38:0/2539033104 <== mon.0 v2:172.21.15.38:3300/0 3 ==== mon_map magic: 0 v1 ==== 229+0+0 (secure 0 0 0) 0x7f448c011bf0 con 0x7f449c027670
2024-02-20T13:17:23.560 INFO:teuthology.orchestra.run.smithi038.stderr:/usr/bin/ceph:
2024-02-20T13:17:23.556+0000 7f44a1eb3700 1 -- 172.21.15.38:0/2539033104 >> [v2:172.21.15.38:3300/0,v1:172.21.15.38:6789/0] conn(0x7f449c027670 msgr2=0x7f449c0febe0 secure :-1 s=STATE_CONNECTION_ESTABLISHED l=1).mark_down
2024-02-20T13:17:23.560 INFO:teuthology.orchestra.run.smithi038.stderr:/usr/bin/ceph:
2024-02-20T13:17:23.556+0000 7f44a1eb3700 1 --2- 172.21.15.38:0/2539033104 >> [v2:172.21.15.38:3300/0,v1:172.21.15.38:6789/0] conn(0x7f449c027670 0x7f449c0febe0 secure :-1 s=READY pgs=63 cs=0 l=1 rev1=1 rx=0x7f448c00b5f0 tx=0x7f448c006ee0).stop
2024-02-20T13:17:23.560 INFO:teuthology.orchestra.run.smithi038.stderr:/usr/bin/ceph:
2024-02-20T13:17:23.556+0000 7f44a1eb3700 1 -- 172.21.15.38:0/2539033104 shutdown_connections
2024-02-20T13:17:23.560 INFO:teuthology.orchestra.run.smithi038.stderr:/usr/bin/ceph:
2024-02-20T13:17:23.556+0000 7f44a1eb3700 1 --2- 172.21.15.38:0/2539033104 >> [v2:172.21.15.38:3300/0,v1:172.21.15.38:6789/0] conn(0x7f449c027670 0x7f449c0febe0 unknown :-1 s=CLOSED pgs=63 cs=0 l=1 rev1=1 rx=0 tx=0).stop
2024-02-20T13:17:23.560 INFO:teuthology.orchestra.run.smithi038.stderr:/usr/bin/ceph:
2024-02-20T13:17:23.556+0000 7f44a1eb3700 1 -- 172.21.15.38:0/2539033104 >> 172.21.15.38:0/2539033104 conn(0x7f449c0f6680 msgr2=0x7f449c0f8aa0 unknown :-1 s=STATE_NONE l=0).mark_down
2024-02-20T13:17:23.560 INFO:teuthology.orchestra.run.smithi038.stderr:/usr/bin/ceph:
2024-02-20T13:17:23.556+0000 7f44a1eb3700 1 -- 172.21.15.38:0/2539033104 shutdown_connections
2024-02-20T13:17:23.560 INFO:teuthology.orchestra.run.smithi038.stderr:/usr/bin/ceph:
2024-02-20T13:17:23.556+0000 7f44a1eb3700 1 -- 172.21.15.38:0/2539033104 wait complete.
2024-02-20T13:17:23.560 INFO:teuthology.orchestra.run.smithi038.stderr:/usr/bin/ceph:
2024-02-20T13:17:23.557+0000 7f44a1eb3700 1 Processor -- start
2024-02-20T13:17:23.561 INFO:teuthology.orchestra.run.smithi038.stderr:/usr/bin/ceph:
2024-02-20T13:17:23.557+0000 7f44a1eb3700 1 -- start start
2024-02-20T13:17:23.561 INFO:teuthology.orchestra.run.smithi038.stderr:/usr/bin/ceph:
2024-02-20T13:17:23.557+0000 7f44a1eb3700 1 --2- >> [v2:172.21.15.38:3300/0,v1:172.21.15.38:6789/0] conn(0x7f449c027670 0x7f449c10ad60 unknown :-1 s=NONE pgs=0 cs=0 l=1 rev1=0 rx=0 tx=0).connect
2024-02-20T13:17:23.561 INFO:teuthology.orchestra.run.smithi038.stderr:/usr/bin/ceph:
2024-02-20T13:17:23.557+0000 7f44a1eb3700 1 -- --> [v2:172.21.15.38:3300/0,v1:172.21.15.38:6789/0] -- mon_getmap magic: 0 v1 -- 0x7f449c10b250 con 0x7f449c027670
2024-02-20T13:17:23.561 INFO:teuthology.orchestra.run.smithi038.stderr:/usr/bin/ceph:
2024-02-20T13:17:23.557+0000 7f449b7fe700 1 --2- >> [v2:172.21.15.38:3300/0,v1:172.21.15.38:6789/0] conn(0x7f449c027670 0x7f449c10ad60 unknown :-1 s=BANNER_CONNECTING pgs=0 cs=0 l=1 rev1=0 rx=0 tx=0)._handle_peer_banner_payload supported=1 required=0
2024-02-20T13:17:23.561 INFO:teuthology.orchestra.run.smithi038.stderr:/usr/bin/ceph:
2024-02-20T13:17:23.557+0000 7f449b7fe700 1 --2- >> [v2:172.21.15.38:3300/0,v1:172.21.15.38:6789/0] conn(0x7f449c027670 0x7f449c10ad60 unknown :-1 s=HELLO_CONNECTING pgs=0 cs=0 l=1 rev1=1 rx=0 tx=0).handle_hello peer v2:172.21.15.38:3300/0 says I am v2:172.21.15.38:45828/0 (socket says 172.21.15.38:45828)
2024-02-20T13:17:23.561 INFO:teuthology.orchestra.run.smithi038.stderr:/usr/bin/ceph:
2024-02-20T13:17:23.557+0000 7f449b7fe700 1 -- 172.21.15.38:0/3950223604 learned_addr learned my addr 172.21.15.38:0/3950223604 (peer_addr_for_me v2:172.21.15.38:0/0)
2024-02-20T13:17:23.561 INFO:teuthology.orchestra.run.smithi038.stderr:/usr/bin/ceph:
2024-02-20T13:17:23.558+0000 7f449b7fe700 1 -- 172.21.15.38:0/3950223604 --> [v2:172.21.15.38:3300/0,v1:172.21.15.38:6789/0] -- mon_subscribe({config=0+,monmap=0+}) v3 -- 0x7f448c00b200 con 0x7f449c027670
2024-02-20T13:17:23.561 INFO:teuthology.orchestra.run.smithi038.stderr:/usr/bin/ceph:
2024-02-20T13:17:23.558+0000 7f449b7fe700 1 --2- 172.21.15.38:0/3950223604 >> [v2:172.21.15.38:3300/0,v1:172.21.15.38:6789/0] conn(0x7f449c027670 0x7f449c10ad60 secure :-1 s=READY pgs=64 cs=0 l=1 rev1=1 rx=0x7f448c011de0 tx=0x7f448c006ee0).ready entity=mon.0 client_cookie=0 server_cookie=0 in_seq=0 out_seq=0
2024-02-20T13:17:23.561 INFO:teuthology.orchestra.run.smithi038.stderr:/usr/bin/ceph:
2024-02-20T13:17:23.558+0000 7f4483fff700 1 -- 172.21.15.38:0/3950223604 <== mon.0 v2:172.21.15.38:3300/0 1 ==== mon_map magic: 0 v1 ==== 229+0+0 (secure 0 0 0) 0x7f448c01b410 con 0x7f449c027670
2024-02-20T13:17:23.562 INFO:teuthology.orchestra.run.smithi038.stderr:/usr/bin/ceph:
2024-02-20T13:17:23.558+0000 7f4483fff700 1 -- 172.21.15.38:0/3950223604 <== mon.0 v2:172.21.15.38:3300/0 2 ==== config(25 keys) v1 ==== 1054+0+0 (secure 0 0 0) 0x7f448c01ba00 con 0x7f449c027670
2024-02-20T13:17:23.562 INFO:teuthology.orchestra.run.smithi038.stderr:/usr/bin/ceph:
2024-02-20T13:17:23.558+0000 7f4483fff700 1 -- 172.21.15.38:0/3950223604 <== mon.0 v2:172.21.15.38:3300/0 3 ==== mon_map magic: 0 v1 ==== 229+0+0 (secure 0 0 0) 0x7f448c01a770 con 0x7f449c027670
2024-02-20T13:17:23.562 INFO:teuthology.orchestra.run.smithi038.stderr:/usr/bin/ceph:
2024-02-20T13:17:23.558+0000 7f44a1eb3700 1 -- 172.21.15.38:0/3950223604 --> [v2:172.21.15.38:3300/0,v1:172.21.15.38:6789/0] -- mon_subscribe({mgrmap=0+}) v3 -- 0x7f449c10b450 con 0x7f449c027670
2024-02-20T13:17:23.562 INFO:teuthology.orchestra.run.smithi038.stderr:/usr/bin/ceph:
2024-02-20T13:17:23.558+0000 7f44a1eb3700 1 -- 172.21.15.38:0/3950223604 --> [v2:172.21.15.38:3300/0,v1:172.21.15.38:6789/0] -- mon_subscribe({osdmap=0}) v3 -- 0x7f449c10c060 con 0x7f449c027670
2024-02-20T13:17:23.562 INFO:teuthology.orchestra.run.smithi038.stderr:/usr/bin/ceph:
2024-02-20T13:17:23.559+0000 7f4483fff700 1 -- 172.21.15.38:0/3950223604 <== mon.0 v2:172.21.15.38:3300/0 4 ==== mgrmap(e 9) v1 ==== 37108+0+0 (secure 0 0 0) 0x7f448c02b070 con 0x7f449c027670
2024-02-20T13:17:23.562 INFO:teuthology.orchestra.run.smithi038.stderr:/usr/bin/ceph:
2024-02-20T13:17:23.559+0000 7f44a1eb3700 1 -- 172.21.15.38:0/3950223604 --> [v2:172.21.15.38:3300/0,v1:172.21.15.38:6789/0] -- mon_command({"prefix": "get_command_descriptions"} v 0) v1 -- 0x7f449c0591e0 con 0x7f449c027670
2024-02-20T13:17:23.562 INFO:teuthology.orchestra.run.smithi038.stderr:/usr/bin/ceph:
2024-02-20T13:17:23.559+0000 7f4483fff700 1 --2- 172.21.15.38:0/3950223604 >> [v2:172.21.15.38:6800/4148388115,v1:172.21.15.38:6801/4148388115] conn(0x7f4488031040 0x7f4488033500 unknown :-1 s=NONE pgs=0 cs=0 l=1 rev1=0 rx=0 tx=0).connect
2024-02-20T13:17:23.562 INFO:teuthology.orchestra.run.smithi038.stderr:/usr/bin/ceph:
2024-02-20T13:17:23.559+0000 7f4483fff700 1 -- 172.21.15.38:0/3950223604 <== mon.0 v2:172.21.15.38:3300/0 5 ==== osd_map(2..2 src has 1..2) v4 ==== 893+0+0 (secure 0 0 0) 0x7f448c042c80 con 0x7f449c027670
2024-02-20T13:17:23.562 INFO:teuthology.orchestra.run.smithi038.stderr:/usr/bin/ceph:
2024-02-20T13:17:23.559+0000 7f449affd700 1 -- 172.21.15.38:0/3950223604 >> [v2:172.21.15.38:6800/4148388115,v1:172.21.15.38:6801/4148388115] conn(0x7f4488031040 msgr2=0x7f4488033500 unknown :-1 s=STATE_CONNECTING_RE l=1).process reconnect failed to v2:172.21.15.38:6800/4148388115
2024-02-20T13:17:23.562 INFO:teuthology.orchestra.run.smithi038.stderr:/usr/bin/ceph:
2024-02-20T13:17:23.559+0000 7f449affd700 1 --2- 172.21.15.38:0/3950223604 >> [v2:172.21.15.38:6800/4148388115,v1:172.21.15.38:6801/4148388115] conn(0x7f4488031040 0x7f4488033500 unknown :-1 s=START_CONNECT pgs=0 cs=0 l=1 rev1=0 rx=0 tx=0)._fault waiting 0.200000
2024-02-20T13:17:23.565 INFO:teuthology.orchestra.run.smithi038.stderr:/usr/bin/ceph:
2024-02-20T13:17:23.564+0000 7f4483fff700 1 -- 172.21.15.38:0/3950223604 <== mon.0 v2:172.21.15.38:3300/0 6 ==== mon_command_ack([{"prefix": "get_command_descriptions"}]=0 v0) v1 ==== 72+0+153237 (secure 0 0 0) 0x7f448c02b8f0 con 0x7f449c027670
2024-02-20T13:17:23.696 INFO:journalctl@ceph.mon.smithi038.smithi038.stdout:Feb 20 13:17:23 smithi038 ceph-24090638-cff2-11ee-95bb-87774f69a715-mon-smithi038[38379]: audit
2024-02-20T13:17:22.310154+0000 mon.smithi038 (mon.0) 70 : audit [INF] from='client.? 172.21.15.38:0/881633069' entity='client.admin' cmd='[{"prefix": "mgr module enable", "module": "dashboard"}]': finished
2024-02-20T13:17:23.696 INFO:journalctl@ceph.mon.smithi038.smithi038.stdout:Feb 20 13:17:23 smithi038 ceph-24090638-cff2-11ee-95bb-87774f69a715-mon-smithi038[38379]: cluster
2024-02-20T13:17:22.310211+0000 mon.smithi038 (mon.0) 71 : cluster [DBG] mgrmap e9: smithi038.powepi(active, since 25s)
2024-02-20T13:17:23.762 INFO:teuthology.orchestra.run.smithi038.stderr:/usr/bin/ceph:
2024-02-20T13:17:23.760+0000 7f449affd700 1 -- 172.21.15.38:0/3950223604 >> [v2:172.21.15.38:6800/4148388115,v1:172.21.15.38:6801/4148388115] conn(0x7f4488031040 msgr2=0x7f4488033500 unknown :-1 s=STATE_CONNECTING_RE l=1).process reconnect failed to v2:172.21.15.38:6800/4148388115
2024-02-20T13:17:23.762 INFO:teuthology.orchestra.run.smithi038.stderr:/usr/bin/ceph:
2024-02-20T13:17:23.760+0000 7f449affd700 1 --2- 172.21.15.38:0/3950223604 >> [v2:172.21.15.38:6800/4148388115,v1:172.21.15.38:6801/4148388115] conn(0x7f4488031040 0x7f4488033500 unknown :-1 s=START_CONNECT pgs=0 cs=0 l=1 rev1=0 rx=0 tx=0)._fault waiting 0.400000
2024-02-20T13:17:23.816 INFO:teuthology.orchestra.run.smithi038.stderr:/usr/bin/ceph:
2024-02-20T13:17:23.813+0000 7f44a1eb3700 1 -- 172.21.15.38:0/3950223604 --> [v2:172.21.15.38:3300/0,v1:172.21.15.38:6789/0] -- mon_command({"prefix": "mgr stat"} v 0) v1 -- 0x7f449c100050 con 0x7f449c027670
2024-02-20T13:17:23.816 INFO:teuthology.orchestra.run.smithi038.stderr:/usr/bin/ceph:
2024-02-20T13:17:23.814+0000 7f4483fff700 1 -- 172.21.15.38:0/3950223604 <== mon.0 v2:172.21.15.38:3300/0 7 ==== mon_command_ack([{"prefix": "mgr stat"}]=0 v9) v1 ==== 56+0+103 (secure 0 0 0) 0x7f448c01f020 con 0x7f449c027670
2024-02-20T13:17:23.816 INFO:teuthology.orchestra.run.smithi038.stderr:/usr/bin/ceph: {
2024-02-20T13:17:23.816 INFO:teuthology.orchestra.run.smithi038.stderr:/usr/bin/ceph: "epoch": 9,
2024-02-20T13:17:23.816 INFO:teuthology.orchestra.run.smithi038.stderr:/usr/bin/ceph: "available": true,
2024-02-20T13:17:23.816 INFO:teuthology.orchestra.run.smithi038.stderr:/usr/bin/ceph: "active_name": "smithi038.powepi",
2024-02-20T13:17:23.816 INFO:teuthology.orchestra.run.smithi038.stderr:/usr/bin/ceph: "num_standby": 0
2024-02-20T13:17:23.816 INFO:teuthology.orchestra.run.smithi038.stderr:/usr/bin/ceph: }
2024-02-20T13:17:23.818 INFO:teuthology.orchestra.run.smithi038.stderr:/usr/bin/ceph:
2024-02-20T13:17:23.816+0000 7f44a1eb3700 1 -- 172.21.15.38:0/3950223604 >> [v2:172.21.15.38:6800/4148388115,v1:172.21.15.38:6801/4148388115] conn(0x7f4488031040 msgr2=0x7f4488033500 unknown :-1 s=STATE_CONNECTING l=1).mark_down
2024-02-20T13:17:23.818 INFO:teuthology.orchestra.run.smithi038.stderr:/usr/bin/ceph:
2024-02-20T13:17:23.816+0000 7f44a1eb3700 1 --2- 172.21.15.38:0/3950223604 >> [v2:172.21.15.38:6800/4148388115,v1:172.21.15.38:6801/4148388115] conn(0x7f4488031040 0x7f4488033500 unknown :-1 s=START_CONNECT pgs=0 cs=0 l=1 rev1=0 rx=0 tx=0).stop
2024-02-20T13:17:23.818 INFO:teuthology.orchestra.run.smithi038.stderr:/usr/bin/ceph:
2024-02-20T13:17:23.816+0000 7f44a1eb3700 1 -- 172.21.15.38:0/3950223604 >> [v2:172.21.15.38:3300/0,v1:172.21.15.38:6789/0] conn(0x7f449c027670 msgr2=0x7f449c10ad60 secure :-1 s=STATE_CONNECTION_ESTABLISHED l=1).mark_down
2024-02-20T13:17:23.818 INFO:teuthology.orchestra.run.smithi038.stderr:/usr/bin/ceph:
2024-02-20T13:17:23.816+0000 7f44a1eb3700 1 --2- 172.21.15.38:0/3950223604 >> [v2:172.21.15.38:3300/0,v1:172.21.15.38:6789/0] conn(0x7f449c027670 0x7f449c10ad60 secure :-1 s=READY pgs=64 cs=0 l=1 rev1=1 rx=0x7f448c011de0 tx=0x7f448c006ee0).stop
2024-02-20T13:17:23.818 INFO:teuthology.orchestra.run.smithi038.stderr:/usr/bin/ceph:
2024-02-20T13:17:23.816+0000 7f44a1eb3700 1 -- 172.21.15.38:0/3950223604 shutdown_connections
2024-02-20T13:17:23.818 INFO:teuthology.orchestra.run.smithi038.stderr:/usr/bin/ceph:
2024-02-20T13:17:23.816+0000 7f44a1eb3700 1 --2- 172.21.15.38:0/3950223604 >> [v2:172.21.15.38:6800/4148388115,v1:172.21.15.38:6801/4148388115] conn(0x7f4488031040 0x7f4488033500 unknown :-1 s=CLOSED pgs=0 cs=0 l=1 rev1=0 rx=0 tx=0).stop
2024-02-20T13:17:23.818 INFO:teuthology.orchestra.run.smithi038.stderr:/usr/bin/ceph:
2024-02-20T13:17:23.816+0000 7f44a1eb3700 1 --2- 172.21.15.38:0/3950223604 >> [v2:172.21.15.38:3300/0,v1:172.21.15.38:6789/0] conn(0x7f449c027670 0x7f449c10ad60 unknown :-1 s=CLOSED pgs=64 cs=0 l=1 rev1=1 rx=0 tx=0).stop
2024-02-20T13:17:23.818 INFO:teuthology.orchestra.run.smithi038.stderr:/usr/bin/ceph:
2024-02-20T13:17:23.816+0000 7f44a1eb3700 1 -- 172.21.15.38:0/3950223604 >> 172.21.15.38:0/3950223604 conn(0x7f449c0f6680 msgr2=0x7f449c0f8180 unknown :-1 s=STATE_NONE l=0).mark_down
2024-02-20T13:17:23.819 INFO:teuthology.orchestra.run.smithi038.stderr:/usr/bin/ceph:
2024-02-20T13:17:23.816+0000 7f44a1eb3700 1 -- 172.21.15.38:0/3950223604 shutdown_connections
2024-02-20T13:17:23.819 INFO:teuthology.orchestra.run.smithi038.stderr:/usr/bin/ceph:
2024-02-20T13:17:23.816+0000 7f44a1eb3700 1 -- 172.21.15.38:0/3950223604 wait complete.
2024-02-20T13:17:24.445 INFO:journalctl@ceph.mon.smithi038.smithi038.stdout:Feb 20 13:17:24 smithi038 ceph-24090638-cff2-11ee-95bb-87774f69a715-mon-smithi038[38379]: audit
2024-02-20T13:17:23.815504+0000 mon.smithi038 (mon.0) 72 : audit [DBG] from='client.? 172.21.15.38:0/3950223604' entity='client.admin' cmd=[{"prefix": "mgr stat"}]: dispatch
2024-02-20T13:17:24.523 INFO:teuthology.orchestra.run.smithi038.stderr:Waiting for the mgr to restart...
2024-02-20T13:17:24.524 INFO:teuthology.orchestra.run.smithi038.stderr:Waiting for mgr epoch 9...
2024-02-20T13:17:25.125 INFO:teuthology.orchestra.run.smithi038.stderr:/usr/bin/ceph:
2024-02-20T13:17:25.120+0000 7ff0468fd700 1 Processor -- start
2024-02-20T13:17:25.125 INFO:teuthology.orchestra.run.smithi038.stderr:/usr/bin/ceph:
2024-02-20T13:17:25.120+0000 7ff0468fd700 1 -- start start
2024-02-20T13:17:25.125 INFO:teuthology.orchestra.run.smithi038.stderr:/usr/bin/ceph:
2024-02-20T13:17:25.121+0000 7ff0468fd700 1 --2- >> [v2:172.21.15.38:3300/0,v1:172.21.15.38:6789/0] conn(0x7ff040027610 0x7ff0400fec40 unknown :-1 s=NONE pgs=0 cs=0 l=0 rev1=0 rx=0 tx=0).connect
2024-02-20T13:17:25.126 INFO:teuthology.orchestra.run.smithi038.stderr:/usr/bin/ceph:
2024-02-20T13:17:25.121+0000 7ff0468fd700 1 -- --> [v2:172.21.15.38:3300/0,v1:172.21.15.38:6789/0] -- mon_getmap magic: 0 v1 -- 0x7ff0400ff130 con 0x7ff040027610
2024-02-20T13:17:25.127 INFO:teuthology.orchestra.run.smithi038.stderr:/usr/bin/ceph:
2024-02-20T13:17:25.121+0000 7ff03ffff700 1 --2- >> [v2:172.21.15.38:3300/0,v1:172.21.15.38:6789/0] conn(0x7ff040027610 0x7ff0400fec40 unknown :-1 s=BANNER_CONNECTING pgs=0 cs=0 l=0 rev1=0 rx=0 tx=0)._handle_peer_banner_payload supported=1 required=0
2024-02-20T13:17:25.128 INFO:teuthology.orchestra.run.smithi038.stderr:/usr/bin/ceph:
2024-02-20T13:17:25.121+0000 7ff03ffff700 1 --2- >> [v2:172.21.15.38:3300/0,v1:172.21.15.38:6789/0] conn(0x7ff040027610 0x7ff0400fec40 unknown :-1 s=HELLO_CONNECTING pgs=0 cs=0 l=0 rev1=1 rx=0 tx=0).handle_hello peer v2:172.21.15.38:3300/0 says I am v2:172.21.15.38:45830/0 (socket says 172.21.15.38:45830)
2024-02-20T13:17:25.128 INFO:teuthology.orchestra.run.smithi038.stderr:/usr/bin/ceph:
2024-02-20T13:17:25.121+0000 7ff03ffff700 1 -- 172.21.15.38:0/1799958282 learned_addr learned my addr 172.21.15.38:0/1799958282 (peer_addr_for_me v2:172.21.15.38:0/0)
2024-02-20T13:17:25.128 INFO:teuthology.orchestra.run.smithi038.stderr:/usr/bin/ceph:
2024-02-20T13:17:25.121+0000 7ff03ffff700 1 -- 172.21.15.38:0/1799958282 --> [v2:172.21.15.38:3300/0,v1:172.21.15.38:6789/0] -- mon_subscribe({config=0+,monmap=0+}) v3 -- 0x7ff0400ff270 con 0x7ff040027610
2024-02-20T13:17:25.128 INFO:teuthology.orchestra.run.smithi038.stderr:/usr/bin/ceph:
2024-02-20T13:17:25.121+0000 7ff03ffff700 1 --2- 172.21.15.38:0/1799958282 >> [v2:172.21.15.38:3300/0,v1:172.21.15.38:6789/0] conn(0x7ff040027610 0x7ff0400fec40 secure :-1 s=READY pgs=65 cs=0 l=1 rev1=1 rx=0x7ff03000b5f0 tx=0x7ff030006ee0).ready entity=mon.0 client_cookie=20dd03b718ca5ce8 server_cookie=0 in_seq=0 out_seq=0
2024-02-20T13:17:25.128 INFO:teuthology.orchestra.run.smithi038.stderr:/usr/bin/ceph:
2024-02-20T13:17:25.121+0000 7ff03effd700 1 -- 172.21.15.38:0/1799958282 <== mon.0 v2:172.21.15.38:3300/0 1 ==== mon_map magic: 0 v1 ==== 229+0+0 (secure 0 0 0) 0x7ff03000d600 con 0x7ff040027610
2024-02-20T13:17:25.128 INFO:teuthology.orchestra.run.smithi038.stderr:/usr/bin/ceph:
2024-02-20T13:17:25.121+0000 7ff03effd700 1 -- 172.21.15.38:0/1799958282 <== mon.0 v2:172.21.15.38:3300/0 2 ==== config(25 keys) v1 ==== 1054+0+0 (secure 0 0 0) 0x7ff03000dbf0 con 0x7ff040027610
2024-02-20T13:17:25.128 INFO:teuthology.orchestra.run.smithi038.stderr:/usr/bin/ceph:
2024-02-20T13:17:25.121+0000 7ff03effd700 1 -- 172.21.15.38:0/1799958282 <== mon.0 v2:172.21.15.38:3300/0 3 ==== mon_map magic: 0 v1 ==== 229+0+0 (secure 0 0 0) 0x7ff030011bf0 con 0x7ff040027610
2024-02-20T13:17:25.128 INFO:teuthology.orchestra.run.smithi038.stderr:/usr/bin/ceph:
2024-02-20T13:17:25.122+0000 7ff0468fd700 1 -- 172.21.15.38:0/1799958282 >> [v2:172.21.15.38:3300/0,v1:172.21.15.38:6789/0] conn(0x7ff040027610 msgr2=0x7ff0400fec40 secure :-1 s=STATE_CONNECTION_ESTABLISHED l=1).mark_down
2024-02-20T13:17:25.128 INFO:teuthology.orchestra.run.smithi038.stderr:/usr/bin/ceph:
2024-02-20T13:17:25.122+0000 7ff0468fd700 1 --2- 172.21.15.38:0/1799958282 >> [v2:172.21.15.38:3300/0,v1:172.21.15.38:6789/0] conn(0x7ff040027610 0x7ff0400fec40 secure :-1 s=READY pgs=65 cs=0 l=1 rev1=1 rx=0x7ff03000b5f0 tx=0x7ff030006ee0).stop
2024-02-20T13:17:25.128 INFO:teuthology.orchestra.run.smithi038.stderr:/usr/bin/ceph:
2024-02-20T13:17:25.122+0000 7ff0468fd700 1 -- 172.21.15.38:0/1799958282 shutdown_connections
2024-02-20T13:17:25.128 INFO:teuthology.orchestra.run.smithi038.stderr:/usr/bin/ceph:
2024-02-20T13:17:25.122+0000 7ff0468fd700 1 --2- 172.21.15.38:0/1799958282 >> [v2:172.21.15.38:3300/0,v1:172.21.15.38:6789/0] conn(0x7ff040027610 0x7ff0400fec40 unknown :-1 s=CLOSED pgs=65 cs=0 l=1 rev1=1 rx=0 tx=0).stop
2024-02-20T13:17:25.128 INFO:teuthology.orchestra.run.smithi038.stderr:/usr/bin/ceph:
2024-02-20T13:17:25.122+0000 7ff0468fd700 1 -- 172.21.15.38:0/1799958282 >> 172.21.15.38:0/1799958282 conn(0x7ff0400f6680 msgr2=0x7ff0400f8aa0 unknown :-1 s=STATE_NONE l=0).mark_down
2024-02-20T13:17:25.128 INFO:teuthology.orchestra.run.smithi038.stderr:/usr/bin/ceph:
2024-02-20T13:17:25.122+0000 7ff0468fd700 1 -- 172.21.15.38:0/1799958282 shutdown_connections
2024-02-20T13:17:25.128 INFO:teuthology.orchestra.run.smithi038.stderr:/usr/bin/ceph:
2024-02-20T13:17:25.122+0000 7ff0468fd700 1 -- 172.21.15.38:0/1799958282 wait complete.
2024-02-20T13:17:25.129 INFO:teuthology.orchestra.run.smithi038.stderr:/usr/bin/ceph:
2024-02-20T13:17:25.123+0000 7ff0468fd700 1 Processor -- start
2024-02-20T13:17:25.129 INFO:teuthology.orchestra.run.smithi038.stderr:/usr/bin/ceph:
2024-02-20T13:17:25.123+0000 7ff0468fd700 1 -- start start
2024-02-20T13:17:25.129 INFO:teuthology.orchestra.run.smithi038.stderr:/usr/bin/ceph:
2024-02-20T13:17:25.123+0000 7ff0468fd700 1 --2- >> [v2:172.21.15.38:3300/0,v1:172.21.15.38:6789/0] conn(0x7ff040027610 0x7ff0400fc6c0 unknown :-1 s=NONE pgs=0 cs=0 l=1 rev1=0 rx=0 tx=0).connect
2024-02-20T13:17:25.129 INFO:teuthology.orchestra.run.smithi038.stderr:/usr/bin/ceph:
2024-02-20T13:17:25.123+0000 7ff0468fd700 1 -- --> [v2:172.21.15.38:3300/0,v1:172.21.15.38:6789/0] -- mon_getmap magic: 0 v1 -- 0x7ff0400fab40 con 0x7ff040027610
2024-02-20T13:17:25.129 INFO:teuthology.orchestra.run.smithi038.stderr:/usr/bin/ceph:
2024-02-20T13:17:25.123+0000 7ff03ffff700 1 --2- >> [v2:172.21.15.38:3300/0,v1:172.21.15.38:6789/0] conn(0x7ff040027610 0x7ff0400fc6c0 unknown :-1 s=BANNER_CONNECTING pgs=0 cs=0 l=1 rev1=0 rx=0 tx=0)._handle_peer_banner_payload supported=1 required=0
2024-02-20T13:17:25.129 INFO:teuthology.orchestra.run.smithi038.stderr:/usr/bin/ceph:
2024-02-20T13:17:25.123+0000 7ff03ffff700 1 --2- >> [v2:172.21.15.38:3300/0,v1:172.21.15.38:6789/0] conn(0x7ff040027610 0x7ff0400fc6c0 unknown :-1 s=HELLO_CONNECTING pgs=0 cs=0 l=1 rev1=1 rx=0 tx=0).handle_hello peer v2:172.21.15.38:3300/0 says I am v2:172.21.15.38:45838/0 (socket says 172.21.15.38:45838)
2024-02-20T13:17:25.129 INFO:teuthology.orchestra.run.smithi038.stderr:/usr/bin/ceph:
2024-02-20T13:17:25.123+0000 7ff03ffff700 1 -- 172.21.15.38:0/685028438 learned_addr learned my addr 172.21.15.38:0/685028438 (peer_addr_for_me v2:172.21.15.38:0/0)
2024-02-20T13:17:25.129 INFO:teuthology.orchestra.run.smithi038.stderr:/usr/bin/ceph:
2024-02-20T13:17:25.123+0000 7ff03ffff700 1 -- 172.21.15.38:0/685028438 --> [v2:172.21.15.38:3300/0,v1:172.21.15.38:6789/0] -- mon_subscribe({config=0+,monmap=0+}) v3 -- 0x7ff03000b200 con 0x7ff040027610
2024-02-20T13:17:25.129 INFO:teuthology.orchestra.run.smithi038.stderr:/usr/bin/ceph:
2024-02-20T13:17:25.124+0000 7ff03ffff700 1 --2- 172.21.15.38:0/685028438 >> [v2:172.21.15.38:3300/0,v1:172.21.15.38:6789/0] conn(0x7ff040027610 0x7ff0400fc6c0 secure :-1 s=READY pgs=66 cs=0 l=1 rev1=1 rx=0x7ff030011de0 tx=0x7ff030006ee0).ready entity=mon.0 client_cookie=0 server_cookie=0 in_seq=0 out_seq=0
2024-02-20T13:17:25.129 INFO:teuthology.orchestra.run.smithi038.stderr:/usr/bin/ceph:
2024-02-20T13:17:25.124+0000 7ff03cff9700 1 -- 172.21.15.38:0/685028438 <== mon.0 v2:172.21.15.38:3300/0 1 ==== mon_map magic: 0 v1 ==== 229+0+0 (secure 0 0 0) 0x7ff03001b410 con 0x7ff040027610
2024-02-20T13:17:25.129 INFO:teuthology.orchestra.run.smithi038.stderr:/usr/bin/ceph:
2024-02-20T13:17:25.124+0000 7ff03cff9700 1 -- 172.21.15.38:0/685028438 <== mon.0 v2:172.21.15.38:3300/0 2 ==== config(25 keys) v1 ==== 1054+0+0 (secure 0 0 0) 0x7ff03001ba00 con 0x7ff040027610
2024-02-20T13:17:25.129 INFO:teuthology.orchestra.run.smithi038.stderr:/usr/bin/ceph:
2024-02-20T13:17:25.124+0000 7ff0468fd700 1 -- 172.21.15.38:0/685028438 --> [v2:172.21.15.38:3300/0,v1:172.21.15.38:6789/0] -- mon_subscribe({mgrmap=0+}) v3 -- 0x7ff0400face0 con 0x7ff040027610
2024-02-20T13:17:25.129 INFO:teuthology.orchestra.run.smithi038.stderr:/usr/bin/ceph:
2024-02-20T13:17:25.124+0000 7ff03cff9700 1 -- 172.21.15.38:0/685028438 <== mon.0 v2:172.21.15.38:3300/0 3 ==== mon_map magic: 0 v1 ==== 229+0+0 (secure 0 0 0) 0x7ff03001a720 con 0x7ff040027610
2024-02-20T13:17:25.129 INFO:teuthology.orchestra.run.smithi038.stderr:/usr/bin/ceph:
2024-02-20T13:17:25.124+0000 7ff0468fd700 1 -- 172.21.15.38:0/685028438 --> [v2:172.21.15.38:3300/0,v1:172.21.15.38:6789/0] -- mon_subscribe({osdmap=0}) v3 -- 0x7ff0400fb170 con 0x7ff040027610
2024-02-20T13:17:25.129 INFO:teuthology.orchestra.run.smithi038.stderr:/usr/bin/ceph:
2024-02-20T13:17:25.125+0000 7ff03cff9700 1 -- 172.21.15.38:0/685028438 <== mon.0 v2:172.21.15.38:3300/0 4 ==== mgrmap(e 9) v1 ==== 37108+0+0 (secure 0 0 0) 0x7ff03002b070 con 0x7ff040027610
2024-02-20T13:17:25.130 INFO:teuthology.orchestra.run.smithi038.stderr:/usr/bin/ceph:
2024-02-20T13:17:25.125+0000 7ff03cff9700 1 --2- 172.21.15.38:0/685028438 >> [v2:172.21.15.38:6800/4148388115,v1:172.21.15.38:6801/4148388115] conn(0x7ff02c031090 0x7ff02c033550 unknown :-1 s=NONE pgs=0 cs=0 l=1 rev1=0 rx=0 tx=0).connect
2024-02-20T13:17:25.130 INFO:teuthology.orchestra.run.smithi038.stderr:/usr/bin/ceph:
2024-02-20T13:17:25.125+0000 7ff03cff9700 1 -- 172.21.15.38:0/685028438 <== mon.0 v2:172.21.15.38:3300/0 5 ==== osd_map(2..2 src has 1..2) v4 ==== 893+0+0 (secure 0 0 0) 0x7ff030042cb0 con 0x7ff040027610
2024-02-20T13:17:25.130 INFO:teuthology.orchestra.run.smithi038.stderr:/usr/bin/ceph:
2024-02-20T13:17:25.125+0000 7ff03f7fe700 1 -- 172.21.15.38:0/685028438 >> [v2:172.21.15.38:6800/4148388115,v1:172.21.15.38:6801/4148388115] conn(0x7ff02c031090 msgr2=0x7ff02c033550 unknown :-1 s=STATE_CONNECTING_RE l=1).process reconnect failed to v2:172.21.15.38:6800/4148388115
2024-02-20T13:17:25.130 INFO:teuthology.orchestra.run.smithi038.stderr:/usr/bin/ceph:
2024-02-20T13:17:25.125+0000 7ff03f7fe700 1 --2- 172.21.15.38:0/685028438 >> [v2:172.21.15.38:6800/4148388115,v1:172.21.15.38:6801/4148388115] conn(0x7ff02c031090 0x7ff02c033550 unknown :-1 s=START_CONNECT pgs=0 cs=0 l=1 rev1=0 rx=0 tx=0)._fault waiting 0.200000
2024-02-20T13:17:25.131 INFO:teuthology.orchestra.run.smithi038.stderr:/usr/bin/ceph:
2024-02-20T13:17:25.127+0000 7ff0468fd700 1 -- 172.21.15.38:0/685028438 --> [v2:172.21.15.38:6800/4148388115,v1:172.21.15.38:6801/4148388115] -- command(tid 0: {"prefix": "get_command_descriptions"}) v1 -- 0x7ff0400591e0 con 0x7ff02c031090
2024-02-20T13:17:25.327 INFO:teuthology.orchestra.run.smithi038.stderr:/usr/bin/ceph:
2024-02-20T13:17:25.326+0000 7ff03f7fe700 1 -- 172.21.15.38:0/685028438 >> [v2:172.21.15.38:6800/4148388115,v1:172.21.15.38:6801/4148388115] conn(0x7ff02c031090 msgr2=0x7ff02c033550 unknown :-1 s=STATE_CONNECTING_RE l=1).process reconnect failed to v2:172.21.15.38:6800/4148388115
2024-02-20T13:17:25.328 INFO:teuthology.orchestra.run.smithi038.stderr:/usr/bin/ceph:
2024-02-20T13:17:25.326+0000 7ff03f7fe700 1 --2- 172.21.15.38:0/685028438 >> [v2:172.21.15.38:6800/4148388115,v1:172.21.15.38:6801/4148388115] conn(0x7ff02c031090 0x7ff02c033550 unknown :-1 s=START_CONNECT pgs=0 cs=0 l=1 rev1=0 rx=0 tx=0)._fault waiting 0.400000
2024-02-20T13:17:25.728 INFO:teuthology.orchestra.run.smithi038.stderr:/usr/bin/ceph:
2024-02-20T13:17:25.727+0000 7ff03f7fe700 1 -- 172.21.15.38:0/685028438 >> [v2:172.21.15.38:6800/4148388115,v1:172.21.15.38:6801/4148388115] conn(0x7ff02c031090 msgr2=0x7ff02c033550 unknown :-1 s=STATE_CONNECTING_RE l=1).process reconnect failed to v2:172.21.15.38:6800/4148388115
2024-02-20T13:17:25.728 INFO:teuthology.orchestra.run.smithi038.stderr:/usr/bin/ceph:
2024-02-20T13:17:25.727+0000 7ff03f7fe700 1 --2- 172.21.15.38:0/685028438 >> [v2:172.21.15.38:6800/4148388115,v1:172.21.15.38:6801/4148388115] conn(0x7ff02c031090 0x7ff02c033550 unknown :-1 s=START_CONNECT pgs=0 cs=0 l=1 rev1=0 rx=0 tx=0)._fault waiting 0.800000
2024-02-20T13:17:26.529 INFO:teuthology.orchestra.run.smithi038.stderr:/usr/bin/ceph:
2024-02-20T13:17:26.528+0000 7ff03f7fe700 1 -- 172.21.15.38:0/685028438 >> [v2:172.21.15.38:6800/4148388115,v1:172.21.15.38:6801/4148388115] conn(0x7ff02c031090 msgr2=0x7ff02c033550 unknown :-1 s=STATE_CONNECTING_RE l=1).process reconnect failed to v2:172.21.15.38:6800/4148388115
2024-02-20T13:17:26.530 INFO:teuthology.orchestra.run.smithi038.stderr:/usr/bin/ceph:
2024-02-20T13:17:26.528+0000 7ff03f7fe700 1 --2- 172.21.15.38:0/685028438 >> [v2:172.21.15.38:6800/4148388115,v1:172.21.15.38:6801/4148388115] conn(0x7ff02c031090 0x7ff02c033550 unknown :-1 s=START_CONNECT pgs=0 cs=0 l=1 rev1=0 rx=0 tx=0)._fault waiting 1.600000
2024-02-20T13:17:28.131 INFO:teuthology.orchestra.run.smithi038.stderr:/usr/bin/ceph:
2024-02-20T13:17:28.129+0000 7ff03cff9700 1 -- 172.21.15.38:0/685028438 <== mon.0 v2:172.21.15.38:3300/0 6 ==== mgrmap(e 10) v1 ==== 36958+0+0 (secure 0 0 0) 0x7ff03000f070 con 0x7ff040027610
2024-02-20T13:17:28.131 INFO:teuthology.orchestra.run.smithi038.stderr:/usr/bin/ceph:
2024-02-20T13:17:28.129+0000 7ff03cff9700 1 -- 172.21.15.38:0/685028438 >> [v2:172.21.15.38:6800/4148388115,v1:172.21.15.38:6801/4148388115] conn(0x7ff02c031090 msgr2=0x7ff02c033550 unknown :-1 s=STATE_CONNECTING l=1).mark_down
2024-02-20T13:17:28.131 INFO:teuthology.orchestra.run.smithi038.stderr:/usr/bin/ceph:
2024-02-20T13:17:28.129+0000 7ff03cff9700 1 --2- 172.21.15.38:0/685028438 >> [v2:172.21.15.38:6800/4148388115,v1:172.21.15.38:6801/4148388115] conn(0x7ff02c031090 0x7ff02c033550 unknown :-1 s=START_CONNECT pgs=0 cs=0 l=1 rev1=0 rx=0 tx=0).stop
2024-02-20T13:17:28.445 INFO:journalctl@ceph.mon.smithi038.smithi038.stdout:Feb 20 13:17:28 smithi038 ceph-24090638-cff2-11ee-95bb-87774f69a715-mon-smithi038[38379]: cluster
2024-02-20T13:17:27.650536+0000 mon.smithi038 (mon.0) 73 : cluster [INF] Active manager daemon smithi038.powepi restarted
2024-02-20T13:17:28.446 INFO:journalctl@ceph.mon.smithi038.smithi038.stdout:Feb 20 13:17:28 smithi038 ceph-24090638-cff2-11ee-95bb-87774f69a715-mon-smithi038[38379]: cluster
2024-02-20T13:17:27.651169+0000 mon.smithi038 (mon.0) 74 : cluster [INF] Activating manager daemon smithi038.powepi
2024-02-20T13:17:28.446 INFO:journalctl@ceph.mon.smithi038.smithi038.stdout:Feb 20 13:17:28 smithi038 ceph-24090638-cff2-11ee-95bb-87774f69a715-mon-smithi038[38379]: cluster
2024-02-20T13:17:27.653015+0000 mon.smithi038 (mon.0) 75 : cluster [DBG] osdmap e3: 0 total, 0 up, 0 in
2024-02-20T13:17:29.133 INFO:teuthology.orchestra.run.smithi038.stderr:/usr/bin/ceph:
2024-02-20T13:17:29.130+0000 7ff03cff9700 1 -- 172.21.15.38:0/685028438 <== mon.0 v2:172.21.15.38:3300/0 7 ==== mgrmap(e 11) v1 ==== 37028+0+0 (secure 0 0 0) 0x7ff03001bb70 con 0x7ff040027610
2024-02-20T13:17:29.133 INFO:teuthology.orchestra.run.smithi038.stderr:/usr/bin/ceph:
2024-02-20T13:17:29.130+0000 7ff03cff9700 1 --2- 172.21.15.38:0/685028438 >> [v2:172.21.15.38:6800/175894382,v1:172.21.15.38:6801/175894382] conn(0x7ff02c034a30 0x7ff02c036e20 unknown :-1 s=NONE pgs=0 cs=0 l=1 rev1=0 rx=0 tx=0).connect
2024-02-20T13:17:29.133 INFO:teuthology.orchestra.run.smithi038.stderr:/usr/bin/ceph:
2024-02-20T13:17:29.131+0000 7ff03cff9700 1 -- 172.21.15.38:0/685028438 --> [v2:172.21.15.38:6800/175894382,v1:172.21.15.38:6801/175894382] -- command(tid 0: {"prefix": "get_command_descriptions"}) v1 -- 0x7ff0400591e0 con 0x7ff02c034a30
2024-02-20T13:17:29.134 INFO:teuthology.orchestra.run.smithi038.stderr:/usr/bin/ceph:
2024-02-20T13:17:29.131+0000 7ff03f7fe700 1 --2- 172.21.15.38:0/685028438 >> [v2:172.21.15.38:6800/175894382,v1:172.21.15.38:6801/175894382] conn(0x7ff02c034a30 0x7ff02c036e20 unknown :-1 s=BANNER_CONNECTING pgs=0 cs=0 l=1 rev1=0 rx=0 tx=0)._handle_peer_banner_payload supported=1 required=0
2024-02-20T13:17:29.134 INFO:teuthology.orchestra.run.smithi038.stderr:/usr/bin/ceph:
2024-02-20T13:17:29.131+0000 7ff03f7fe700 1 --2- 172.21.15.38:0/685028438 >> [v2:172.21.15.38:6800/175894382,v1:172.21.15.38:6801/175894382] conn(0x7ff02c034a30 0x7ff02c036e20 secure :-1 s=READY pgs=2 cs=0 l=1 rev1=1 rx=0x7ff0340036d0 tx=0x7ff034006d60).ready entity=mgr.14156 client_cookie=0 server_cookie=0 in_seq=0 out_seq=0
2024-02-20T13:17:29.134 INFO:teuthology.orchestra.run.smithi038.stderr:/usr/bin/ceph:
2024-02-20T13:17:29.132+0000 7ff03cff9700 1 -- 172.21.15.38:0/685028438 <== mgr.14156 v2:172.21.15.38:6800/175894382 1 ==== command_reply(tid 0: 0 ) v1 ==== 8+0+6438 (secure 0 0 0) 0x7ff0400591e0 con 0x7ff02c034a30
2024-02-20T13:17:29.141 INFO:teuthology.orchestra.run.smithi038.stderr:/usr/bin/ceph:
2024-02-20T13:17:29.138+0000 7ff0468fd700 1 -- 172.21.15.38:0/685028438 --> [v2:172.21.15.38:6800/175894382,v1:172.21.15.38:6801/175894382] -- command(tid 1: {"prefix": "mgr_status"}) v1 -- 0x7ff040045bb0 con 0x7ff02c034a30
2024-02-20T13:17:29.141 INFO:teuthology.orchestra.run.smithi038.stderr:/usr/bin/ceph:
2024-02-20T13:17:29.138+0000 7ff03cff9700 1 -- 172.21.15.38:0/685028438 <== mgr.14156 v2:172.21.15.38:6800/175894382 2 ==== command_reply(tid 1: 0 ) v1 ==== 8+0+52 (secure 0 0 0) 0x7ff040045bb0 con 0x7ff02c034a30
2024-02-20T13:17:29.141 INFO:teuthology.orchestra.run.smithi038.stderr:/usr/bin/ceph: {
2024-02-20T13:17:29.141 INFO:teuthology.orchestra.run.smithi038.stderr:/usr/bin/ceph: "mgrmap_epoch": 11,
2024-02-20T13:17:29.141 INFO:teuthology.orchestra.run.smithi038.stderr:/usr/bin/ceph: "initialized": true
2024-02-20T13:17:29.141 INFO:teuthology.orchestra.run.smithi038.stderr:/usr/bin/ceph: }
2024-02-20T13:17:29.141 INFO:teuthology.orchestra.run.smithi038.stderr:/usr/bin/ceph:
2024-02-20T13:17:29.139+0000 7ff0468fd700 1 -- 172.21.15.38:0/685028438 >> [v2:172.21.15.38:6800/175894382,v1:172.21.15.38:6801/175894382] conn(0x7ff02c034a30 msgr2=0x7ff02c036e20 secure :-1 s=STATE_CONNECTION_ESTABLISHED l=1).mark_down
2024-02-20T13:17:29.141 INFO:teuthology.orchestra.run.smithi038.stderr:/usr/bin/ceph:
2024-02-20T13:17:29.139+0000 7ff0468fd700 1 --2- 172.21.15.38:0/685028438 >> [v2:172.21.15.38:6800/175894382,v1:172.21.15.38:6801/175894382] conn(0x7ff02c034a30 0x7ff02c036e20 secure :-1 s=READY pgs=2 cs=0 l=1 rev1=1 rx=0x7ff0340036d0 tx=0x7ff034006d60).stop
2024-02-20T13:17:29.141 INFO:teuthology.orchestra.run.smithi038.stderr:/usr/bin/ceph:
2024-02-20T13:17:29.139+0000 7ff0468fd700 1 -- 172.21.15.38:0/685028438 >> [v2:172.21.15.38:3300/0,v1:172.21.15.38:6789/0] conn(0x7ff040027610 msgr2=0x7ff0400fc6c0 secure :-1 s=STATE_CONNECTION_ESTABLISHED l=1).mark_down
2024-02-20T13:17:29.142 INFO:teuthology.orchestra.run.smithi038.stderr:/usr/bin/ceph:
2024-02-20T13:17:29.139+0000 7ff0468fd700 1 --2- 172.21.15.38:0/685028438 >> [v2:172.21.15.38:3300/0,v1:172.21.15.38:6789/0] conn(0x7ff040027610 0x7ff0400fc6c0 secure :-1 s=READY pgs=66 cs=0 l=1 rev1=1 rx=0x7ff030011de0 tx=0x7ff030006ee0).stop
2024-02-20T13:17:29.142 INFO:teuthology.orchestra.run.smithi038.stderr:/usr/bin/ceph:
2024-02-20T13:17:29.139+0000 7ff0468fd700 1 -- 172.21.15.38:0/685028438 shutdown_connections
2024-02-20T13:17:29.142 INFO:teuthology.orchestra.run.smithi038.stderr:/usr/bin/ceph:
2024-02-20T13:17:29.139+0000 7ff0468fd700 1 --2- 172.21.15.38:0/685028438 >> [v2:172.21.15.38:6800/175894382,v1:172.21.15.38:6801/175894382] conn(0x7ff02c034a30 0x7ff02c036e20 unknown :-1 s=CLOSED pgs=2 cs=0 l=1 rev1=1 rx=0 tx=0).stop
2024-02-20T13:17:29.142 INFO:teuthology.orchestra.run.smithi038.stderr:/usr/bin/ceph:
2024-02-20T13:17:29.139+0000 7ff0468fd700 1 --2- 172.21.15.38:0/685028438 >> [v2:172.21.15.38:3300/0,v1:172.21.15.38:6789/0] conn(0x7ff040027610 0x7ff0400fc6c0 unknown :-1 s=CLOSED pgs=66 cs=0 l=1 rev1=1 rx=0 tx=0).stop
2024-02-20T13:17:29.142 INFO:teuthology.orchestra.run.smithi038.stderr:/usr/bin/ceph:
2024-02-20T13:17:29.139+0000 7ff0468fd700 1 --2- 172.21.15.38:0/685028438 >> [v2:172.21.15.38:6800/4148388115,v1:172.21.15.38:6801/4148388115] conn(0x7ff02c031090 0x7ff02c033550 unknown :-1 s=CLOSED pgs=0 cs=0 l=1 rev1=0 rx=0 tx=0).stop
2024-02-20T13:17:29.142 INFO:teuthology.orchestra.run.smithi038.stderr:/usr/bin/ceph:
2024-02-20T13:17:29.139+0000 7ff0468fd700 1 -- 172.21.15.38:0/685028438 >> 172.21.15.38:0/685028438 conn(0x7ff0400f6680 msgr2=0x7ff0400f81a0 unknown :-1 s=STATE_NONE l=0).mark_down
2024-02-20T13:17:29.142 INFO:teuthology.orchestra.run.smithi038.stderr:/usr/bin/ceph:
2024-02-20T13:17:29.139+0000 7ff0468fd700 1 -- 172.21.15.38:0/685028438 shutdown_connections
2024-02-20T13:17:29.142 INFO:teuthology.orchestra.run.smithi038.stderr:/usr/bin/ceph:
2024-02-20T13:17:29.139+0000 7ff0468fd700 1 -- 172.21.15.38:0/685028438 wait complete.
2024-02-20T13:17:29.446 INFO:journalctl@ceph.mon.smithi038.smithi038.stdout:Feb 20 13:17:29 smithi038 ceph-24090638-cff2-11ee-95bb-87774f69a715-mon-smithi038[38379]: cluster
2024-02-20T13:17:28.131845+0000 mon.smithi038 (mon.0) 76 : cluster [DBG] mgrmap e10: smithi038.powepi(active, starting, since 0.480763s)
2024-02-20T13:17:29.446 INFO:journalctl@ceph.mon.smithi038.smithi038.stdout:Feb 20 13:17:29 smithi038 ceph-24090638-cff2-11ee-95bb-87774f69a715-mon-smithi038[38379]: audit
2024-02-20T13:17:28.133157+0000 mon.smithi038 (mon.0) 77 : audit [DBG] from='mgr.14156 172.21.15.38:0/1417782816' entity='mgr.smithi038.powepi' cmd=[{"prefix": "mon metadata", "id": "smithi038"}]: dispatch
2024-02-20T13:17:29.446 INFO:journalctl@ceph.mon.smithi038.smithi038.stdout:Feb 20 13:17:29 smithi038 ceph-24090638-cff2-11ee-95bb-87774f69a715-mon-smithi038[38379]: audit
2024-02-20T13:17:28.133990+0000 mon.smithi038 (mon.0) 78 : audit [DBG] from='mgr.14156 172.21.15.38:0/1417782816' entity='mgr.smithi038.powepi' cmd=[{"prefix": "mgr metadata", "who": "smithi038.powepi", "id": "smithi038.powepi"}]: dispatch
2024-02-20T13:17:29.446 INFO:journalctl@ceph.mon.smithi038.smithi038.stdout:Feb 20 13:17:29 smithi038 ceph-24090638-cff2-11ee-95bb-87774f69a715-mon-smithi038[38379]: audit
2024-02-20T13:17:28.135117+0000 mon.smithi038 (mon.0) 79 : audit [DBG] from='mgr.14156 172.21.15.38:0/1417782816' entity='mgr.smithi038.powepi' cmd=[{"prefix": "mds metadata"}]: dispatch
2024-02-20T13:17:29.446 INFO:journalctl@ceph.mon.smithi038.smithi038.stdout:Feb 20 13:17:29 smithi038 ceph-24090638-cff2-11ee-95bb-87774f69a715-mon-smithi038[38379]: audit
2024-02-20T13:17:28.135372+0000 mon.smithi038 (mon.0) 80 : audit [DBG] from='mgr.14156 172.21.15.38:0/1417782816' entity='mgr.smithi038.powepi' cmd=[{"prefix": "osd metadata"}]: dispatch
2024-02-20T13:17:29.446 INFO:journalctl@ceph.mon.smithi038.smithi038.stdout:Feb 20 13:17:29 smithi038 ceph-24090638-cff2-11ee-95bb-87774f69a715-mon-smithi038[38379]: audit
2024-02-20T13:17:28.135569+0000 mon.smithi038 (mon.0) 81 : audit [DBG] from='mgr.14156 172.21.15.38:0/1417782816' entity='mgr.smithi038.powepi' cmd=[{"prefix": "mon metadata"}]: dispatch
2024-02-20T13:17:29.446 INFO:journalctl@ceph.mon.smithi038.smithi038.stdout:Feb 20 13:17:29 smithi038 ceph-24090638-cff2-11ee-95bb-87774f69a715-mon-smithi038[38379]: cluster
2024-02-20T13:17:28.137794+0000 mon.smithi038 (mon.0) 82 : cluster [INF] Manager daemon smithi038.powepi is now available
2024-02-20T13:17:29.446 INFO:journalctl@ceph.mon.smithi038.smithi038.stdout:Feb 20 13:17:29 smithi038 ceph-24090638-cff2-11ee-95bb-87774f69a715-mon-smithi038[38379]: audit
2024-02-20T13:17:28.250062+0000 mon.smithi038 (mon.0) 83 : audit [DBG] from='mgr.14156 172.21.15.38:0/1417782816' entity='mgr.smithi038.powepi' cmd=[{"prefix": "config dump", "format": "json"}]: dispatch
2024-02-20T13:17:29.446 INFO:journalctl@ceph.mon.smithi038.smithi038.stdout:Feb 20 13:17:29 smithi038 ceph-24090638-cff2-11ee-95bb-87774f69a715-mon-smithi038[38379]: audit
2024-02-20T13:17:28.252521+0000 mon.smithi038 (mon.0) 84 : audit [DBG] from='mgr.14156 172.21.15.38:0/1417782816' entity='mgr.smithi038.powepi' cmd=[{"prefix": "config dump", "format": "json"}]: dispatch
2024-02-20T13:17:29.446 INFO:journalctl@ceph.mon.smithi038.smithi038.stdout:Feb 20 13:17:29 smithi038 ceph-24090638-cff2-11ee-95bb-87774f69a715-mon-smithi038[38379]: audit
2024-02-20T13:17:28.272807+0000 mon.smithi038 (mon.0) 85 : audit [INF] from='mgr.14156 172.21.15.38:0/1417782816' entity='mgr.smithi038.powepi' cmd=[{"prefix":"config rm","who":"mgr","name":"mgr/rbd_support/smithi038.powepi/mirror_snapshot_schedule"}]: dispatch
2024-02-20T13:17:29.446 INFO:journalctl@ceph.mon.smithi038.smithi038.stdout:Feb 20 13:17:29 smithi038 ceph-24090638-cff2-11ee-95bb-87774f69a715-mon-smithi038[38379]: audit
2024-02-20T13:17:28.274388+0000 mon.smithi038 (mon.0) 86 : audit [INF] from='mgr.14156 172.21.15.38:0/1417782816' entity='mgr.smithi038.powepi' cmd=[{"prefix":"config rm","who":"mgr","name":"mgr/rbd_support/smithi038.powepi/trash_purge_schedule"}]: dispatch
2024-02-20T13:17:29.446 INFO:journalctl@ceph.mon.smithi038.smithi038.stdout:Feb 20 13:17:29 smithi038 ceph-24090638-cff2-11ee-95bb-87774f69a715-mon-smithi038[38379]: audit
2024-02-20T13:17:28.879752+0000 mon.smithi038 (mon.0) 87 : audit [INF] from='mgr.14156 172.21.15.38:0/1417782816' entity='mgr.smithi038.powepi'
2024-02-20T13:17:30.445 INFO:teuthology.orchestra.run.smithi038.stderr:mgr epoch 9 is available
2024-02-20T13:17:30.445 INFO:teuthology.orchestra.run.smithi038.stderr:Generating a dashboard self-signed certificate...
2024-02-20T13:17:30.445 INFO:journalctl@ceph.mon.smithi038.smithi038.stdout:Feb 20 13:17:30 smithi038 ceph-24090638-cff2-11ee-95bb-87774f69a715-mon-smithi038[38379]: audit
2024-02-20T13:17:29.133233+0000 mgr.smithi038.powepi (mgr.14156) 1 : audit [DBG] from='client.14160 -' entity='client.admin' cmd=[{"prefix": "get_command_descriptions"}]: dispatch
2024-02-20T13:17:30.445 INFO:journalctl@ceph.mon.smithi038.smithi038.stdout:Feb 20 13:17:30 smithi038 ceph-24090638-cff2-11ee-95bb-87774f69a715-mon-smithi038[38379]: cluster
2024-02-20T13:17:29.133757+0000 mon.smithi038 (mon.0) 88 : cluster [DBG] mgrmap e11: smithi038.powepi(active, since 1.48268s)
2024-02-20T13:17:30.445 INFO:journalctl@ceph.mon.smithi038.smithi038.stdout:Feb 20 13:17:30 smithi038 ceph-24090638-cff2-11ee-95bb-87774f69a715-mon-smithi038[38379]: audit
2024-02-20T13:17:29.139901+0000 mgr.smithi038.powepi (mgr.14156) 2 : audit [DBG] from='client.14160 -' entity='client.admin' cmd=[{"prefix": "mgr_status"}]: dispatch
2024-02-20T13:17:31.209 INFO:journalctl@ceph.mon.smithi038.smithi038.stdout:Feb 20 13:17:31 smithi038 ceph-24090638-cff2-11ee-95bb-87774f69a715-mon-smithi038[38379]: cluster
2024-02-20T13:17:30.143404+0000 mon.smithi038 (mon.0) 89 : cluster [DBG] mgrmap e12: smithi038.powepi(active, since 2s)
2024-02-20T13:17:31.602 INFO:teuthology.orchestra.run.smithi038.stderr:/usr/bin/ceph:
2024-02-20T13:17:31.588+0000 7f3b5c5f5700 1 Processor -- start
2024-02-20T13:17:31.602 INFO:teuthology.orchestra.run.smithi038.stderr:/usr/bin/ceph:
2024-02-20T13:17:31.588+0000 7f3b5c5f5700 1 -- start start
2024-02-20T13:17:31.602 INFO:teuthology.orchestra.run.smithi038.stderr:/usr/bin/ceph:
2024-02-20T13:17:31.589+0000 7f3b5c5f5700 1 --2- >> [v2:172.21.15.38:3300/0,v1:172.21.15.38:6789/0] conn(0x7f3b54027670 0x7f3b540fc9d0 unknown :-1 s=NONE pgs=0 cs=0 l=0 rev1=0 rx=0 tx=0).connect
2024-02-20T13:17:31.602 INFO:teuthology.orchestra.run.smithi038.stderr:/usr/bin/ceph:
2024-02-20T13:17:31.589+0000 7f3b5c5f5700 1 -- --> [v2:172.21.15.38:3300/0,v1:172.21.15.38:6789/0] -- mon_getmap magic: 0 v1 -- 0x7f3b540fcec0 con 0x7f3b54027670
2024-02-20T13:17:31.603 INFO:teuthology.orchestra.run.smithi038.stderr:/usr/bin/ceph:
2024-02-20T13:17:31.589+0000 7f3b5a391700 1 --2- >> [v2:172.21.15.38:3300/0,v1:172.21.15.38:6789/0] conn(0x7f3b54027670 0x7f3b540fc9d0 unknown :-1 s=BANNER_CONNECTING pgs=0 cs=0 l=0 rev1=0 rx=0 tx=0)._handle_peer_banner_payload supported=1 required=0
2024-02-20T13:17:31.603 INFO:teuthology.orchestra.run.smithi038.stderr:/usr/bin/ceph:
2024-02-20T13:17:31.589+0000 7f3b5a391700 1 --2- >> [v2:172.21.15.38:3300/0,v1:172.21.15.38:6789/0] conn(0x7f3b54027670 0x7f3b540fc9d0 unknown :-1 s=HELLO_CONNECTING pgs=0 cs=0 l=0 rev1=1 rx=0 tx=0).handle_hello peer v2:172.21.15.38:3300/0 says I am v2:172.21.15.38:38086/0 (socket says 172.21.15.38:38086)
2024-02-20T13:17:31.603 INFO:teuthology.orchestra.run.smithi038.stderr:/usr/bin/ceph:
2024-02-20T13:17:31.589+0000 7f3b5a391700 1 -- 172.21.15.38:0/1269763281 learned_addr learned my addr 172.21.15.38:0/1269763281 (peer_addr_for_me v2:172.21.15.38:0/0)
2024-02-20T13:17:31.603 INFO:teuthology.orchestra.run.smithi038.stderr:/usr/bin/ceph:
2024-02-20T13:17:31.589+0000 7f3b5a391700 1 -- 172.21.15.38:0/1269763281 --> [v2:172.21.15.38:3300/0,v1:172.21.15.38:6789/0] -- mon_subscribe({config=0+,monmap=0+}) v3 -- 0x7f3b540fd000 con 0x7f3b54027670
2024-02-20T13:17:31.603 INFO:teuthology.orchestra.run.smithi038.stderr:/usr/bin/ceph:
2024-02-20T13:17:31.589+0000 7f3b5a391700 1 --2- 172.21.15.38:0/1269763281 >> [v2:172.21.15.38:3300/0,v1:172.21.15.38:6789/0] conn(0x7f3b54027670 0x7f3b540fc9d0 secure :-1 s=READY pgs=72 cs=0 l=1 rev1=1 rx=0x7f3b4400b5f0 tx=0x7f3b44006ee0).ready entity=mon.0 client_cookie=cddf24be32513c95 server_cookie=0 in_seq=0 out_seq=0
2024-02-20T13:17:31.603 INFO:teuthology.orchestra.run.smithi038.stderr:/usr/bin/ceph:
2024-02-20T13:17:31.589+0000 7f3b5938f700 1 -- 172.21.15.38:0/1269763281 <== mon.0 v2:172.21.15.38:3300/0 1 ==== mon_map magic: 0 v1 ==== 229+0+0 (secure 0 0 0) 0x7f3b4400d600 con 0x7f3b54027670
2024-02-20T13:17:31.603 INFO:teuthology.orchestra.run.smithi038.stderr:/usr/bin/ceph:
2024-02-20T13:17:31.589+0000 7f3b5938f700 1 -- 172.21.15.38:0/1269763281 <== mon.0 v2:172.21.15.38:3300/0 2 ==== config(25 keys) v1 ==== 1054+0+0 (secure 0 0 0) 0x7f3b4400dbf0 con 0x7f3b54027670
2024-02-20T13:17:31.603 INFO:teuthology.orchestra.run.smithi038.stderr:/usr/bin/ceph:
2024-02-20T13:17:31.589+0000 7f3b5938f700 1 -- 172.21.15.38:0/1269763281 <== mon.0 v2:172.21.15.38:3300/0 3 ==== mon_map magic: 0 v1 ==== 229+0+0 (secure 0 0 0) 0x7f3b44011bf0 con 0x7f3b54027670
2024-02-20T13:17:31.603 INFO:teuthology.orchestra.run.smithi038.stderr:/usr/bin/ceph:
2024-02-20T13:17:31.590+0000 7f3b5c5f5700 1 -- 172.21.15.38:0/1269763281 >> [v2:172.21.15.38:3300/0,v1:172.21.15.38:6789/0] conn(0x7f3b54027670 msgr2=0x7f3b540fc9d0 secure :-1 s=STATE_CONNECTION_ESTABLISHED l=1).mark_down
2024-02-20T13:17:31.603 INFO:teuthology.orchestra.run.smithi038.stderr:/usr/bin/ceph:
2024-02-20T13:17:31.590+0000 7f3b5c5f5700 1 --2- 172.21.15.38:0/1269763281 >> [v2:172.21.15.38:3300/0,v1:172.21.15.38:6789/0] conn(0x7f3b54027670 0x7f3b540fc9d0 secure :-1 s=READY pgs=72 cs=0 l=1 rev1=1 rx=0x7f3b4400b5f0 tx=0x7f3b44006ee0).stop
2024-02-20T13:17:31.603 INFO:teuthology.orchestra.run.smithi038.stderr:/usr/bin/ceph:
2024-02-20T13:17:31.590+0000 7f3b5c5f5700 1 -- 172.21.15.38:0/1269763281 shutdown_connections
2024-02-20T13:17:31.603 INFO:teuthology.orchestra.run.smithi038.stderr:/usr/bin/ceph:
2024-02-20T13:17:31.590+0000 7f3b5c5f5700 1 --2- 172.21.15.38:0/1269763281 >> [v2:172.21.15.38:3300/0,v1:172.21.15.38:6789/0] conn(0x7f3b54027670 0x7f3b540fc9d0 unknown :-1 s=CLOSED pgs=72 cs=0 l=1 rev1=1 rx=0 tx=0).stop
2024-02-20T13:17:31.603 INFO:teuthology.orchestra.run.smithi038.stderr:/usr/bin/ceph:
2024-02-20T13:17:31.590+0000 7f3b5c5f5700 1 -- 172.21.15.38:0/1269763281 >> 172.21.15.38:0/1269763281 conn(0x7f3b540f6680 msgr2=0x7f3b540f8aa0 unknown :-1 s=STATE_NONE l=0).mark_down
2024-02-20T13:17:31.604 INFO:teuthology.orchestra.run.smithi038.stderr:/usr/bin/ceph:
2024-02-20T13:17:31.590+0000 7f3b5c5f5700 1 -- 172.21.15.38:0/1269763281 shutdown_connections
2024-02-20T13:17:31.604 INFO:teuthology.orchestra.run.smithi038.stderr:/usr/bin/ceph:
2024-02-20T13:17:31.590+0000 7f3b5c5f5700 1 -- 172.21.15.38:0/1269763281 wait complete.
2024-02-20T13:17:31.604 INFO:teuthology.orchestra.run.smithi038.stderr:/usr/bin/ceph:
2024-02-20T13:17:31.591+0000 7f3b5c5f5700 1 Processor -- start
2024-02-20T13:17:31.604 INFO:teuthology.orchestra.run.smithi038.stderr:/usr/bin/ceph:
2024-02-20T13:17:31.591+0000 7f3b5c5f5700 1 -- start start
2024-02-20T13:17:31.604 INFO:teuthology.orchestra.run.smithi038.stderr:/usr/bin/ceph:
2024-02-20T13:17:31.591+0000 7f3b5c5f5700 1 --2- >> [v2:172.21.15.38:3300/0,v1:172.21.15.38:6789/0] conn(0x7f3b54027670 0x7f3b54111330 unknown :-1 s=NONE pgs=0 cs=0 l=1 rev1=0 rx=0 tx=0).connect
2024-02-20T13:17:31.604 INFO:teuthology.orchestra.run.smithi038.stderr:/usr/bin/ceph:
2024-02-20T13:17:31.591+0000 7f3b5c5f5700 1 -- --> [v2:172.21.15.38:3300/0,v1:172.21.15.38:6789/0] -- mon_getmap magic: 0 v1 -- 0x7f3b54111820 con 0x7f3b54027670
2024-02-20T13:17:31.604 INFO:teuthology.orchestra.run.smithi038.stderr:/usr/bin/ceph:
2024-02-20T13:17:31.591+0000 7f3b5a391700 1 --2- >> [v2:172.21.15.38:3300/0,v1:172.21.15.38:6789/0] conn(0x7f3b54027670 0x7f3b54111330 unknown :-1 s=BANNER_CONNECTING pgs=0 cs=0 l=1 rev1=0 rx=0 tx=0)._handle_peer_banner_payload supported=1 required=0
2024-02-20T13:17:31.604 INFO:teuthology.orchestra.run.smithi038.stderr:/usr/bin/ceph:
2024-02-20T13:17:31.591+0000 7f3b5a391700 1 --2- >> [v2:172.21.15.38:3300/0,v1:172.21.15.38:6789/0] conn(0x7f3b54027670 0x7f3b54111330 unknown :-1 s=HELLO_CONNECTING pgs=0 cs=0 l=1 rev1=1 rx=0 tx=0).handle_hello peer v2:172.21.15.38:3300/0 says I am v2:172.21.15.38:38094/0 (socket says 172.21.15.38:38094)
2024-02-20T13:17:31.604 INFO:teuthology.orchestra.run.smithi038.stderr:/usr/bin/ceph:
2024-02-20T13:17:31.591+0000 7f3b5a391700 1 -- 172.21.15.38:0/2553741429 learned_addr learned my addr 172.21.15.38:0/2553741429 (peer_addr_for_me v2:172.21.15.38:0/0)
2024-02-20T13:17:31.604 INFO:teuthology.orchestra.run.smithi038.stderr:/usr/bin/ceph:
2024-02-20T13:17:31.591+0000 7f3b5a391700 1 -- 172.21.15.38:0/2553741429 --> [v2:172.21.15.38:3300/0,v1:172.21.15.38:6789/0] -- mon_subscribe({config=0+,monmap=0+}) v3 -- 0x7f3b4400b200 con 0x7f3b54027670
2024-02-20T13:17:31.604 INFO:teuthology.orchestra.run.smithi038.stderr:/usr/bin/ceph:
2024-02-20T13:17:31.591+0000 7f3b5a391700 1 --2- 172.21.15.38:0/2553741429 >> [v2:172.21.15.38:3300/0,v1:172.21.15.38:6789/0] conn(0x7f3b54027670 0x7f3b54111330 secure :-1 s=READY pgs=73 cs=0 l=1 rev1=1 rx=0x7f3b44011de0 tx=0x7f3b44006ee0).ready entity=mon.0 client_cookie=0 server_cookie=0 in_seq=0 out_seq=0
2024-02-20T13:17:31.604 INFO:teuthology.orchestra.run.smithi038.stderr:/usr/bin/ceph:
2024-02-20T13:17:31.591+0000 7f3b42ffd700 1 -- 172.21.15.38:0/2553741429 <== mon.0 v2:172.21.15.38:3300/0 1 ==== mon_map magic: 0 v1 ==== 229+0+0 (secure 0 0 0) 0x7f3b4401b410 con 0x7f3b54027670
2024-02-20T13:17:31.604 INFO:teuthology.orchestra.run.smithi038.stderr:/usr/bin/ceph:
2024-02-20T13:17:31.591+0000 7f3b42ffd700 1 -- 172.21.15.38:0/2553741429 <== mon.0 v2:172.21.15.38:3300/0 2 ==== config(25 keys) v1 ==== 1054+0+0 (secure 0 0 0) 0x7f3b4401ba00 con 0x7f3b54027670
2024-02-20T13:17:31.604 INFO:teuthology.orchestra.run.smithi038.stderr:/usr/bin/ceph:
2024-02-20T13:17:31.591+0000 7f3b5c5f5700 1 -- 172.21.15.38:0/2553741429 --> [v2:172.21.15.38:3300/0,v1:172.21.15.38:6789/0] -- mon_subscribe({mgrmap=0+}) v3 -- 0x7f3b54111a20 con 0x7f3b54027670
2024-02-20T13:17:31.604 INFO:teuthology.orchestra.run.smithi038.stderr:/usr/bin/ceph:
2024-02-20T13:17:31.591+0000 7f3b42ffd700 1 -- 172.21.15.38:0/2553741429 <== mon.0 v2:172.21.15.38:3300/0 3 ==== mon_map magic: 0 v1 ==== 229+0+0 (secure 0 0 0) 0x7f3b4401a770 con 0x7f3b54027670
2024-02-20T13:17:31.605 INFO:teuthology.orchestra.run.smithi038.stderr:/usr/bin/ceph:
2024-02-20T13:17:31.591+0000 7f3b5c5f5700 1 -- 172.21.15.38:0/2553741429 --> [v2:172.21.15.38:3300/0,v1:172.21.15.38:6789/0] -- mon_subscribe({osdmap=0}) v3 -- 0x7f3b54111eb0 con 0x7f3b54027670
2024-02-20T13:17:31.605 INFO:teuthology.orchestra.run.smithi038.stderr:/usr/bin/ceph:
