2024-02-21T23:41:14.780 INFO:teuthology.orchestra.run.smithi090.stdout:/usr/bin/ceph: stderr
2024-02-21T23:41:14.393+0000 7fd78bff5700 1 --2- 172.21.15.90:0/2177824926 >> [v2:172.21.15.90:3300/0,v1:172.21.15.90:6789/0] conn(0x7fd784106f00 0x7fd78419a320 secure :-1 s=READY pgs=38 cs=0 l=1 rev1=1 crypto rx=0x7fd780011a20 tx=0x7fd780011b00 comp rx=0 tx=0).stop
2024-02-21T23:41:14.780 INFO:teuthology.orchestra.run.smithi090.stdout:/usr/bin/ceph: stderr
2024-02-21T23:41:14.393+0000 7fd78bff5700 1 -- 172.21.15.90:0/2177824926 shutdown_connections
2024-02-21T23:41:14.780 INFO:teuthology.orchestra.run.smithi090.stdout:/usr/bin/ceph: stderr
2024-02-21T23:41:14.393+0000 7fd78bff5700 1 --2- 172.21.15.90:0/2177824926 >> [v2:172.21.15.90:6800/1385551604,v1:172.21.15.90:6801/1385551604] conn(0x7fd770038620 0x7fd77003aae0 unknown :-1 s=CLOSED pgs=8 cs=0 l=1 rev1=1 crypto rx=0 tx=0 comp rx=0 tx=0).stop
2024-02-21T23:41:14.780 INFO:teuthology.orchestra.run.smithi090.stdout:/usr/bin/ceph: stderr
2024-02-21T23:41:14.393+0000 7fd78bff5700 1 --2- 172.21.15.90:0/2177824926 >> [v2:172.21.15.90:3300/0,v1:172.21.15.90:6789/0] conn(0x7fd784106f00 0x7fd78419a320 unknown :-1 s=CLOSED pgs=38 cs=0 l=1 rev1=1 crypto rx=0 tx=0 comp rx=0 tx=0).stop
2024-02-21T23:41:14.780 INFO:teuthology.orchestra.run.smithi090.stdout:/usr/bin/ceph: stderr
2024-02-21T23:41:14.393+0000 7fd78bff5700 1 -- 172.21.15.90:0/2177824926 >> 172.21.15.90:0/2177824926 conn(0x7fd784100970 msgr2=0x7fd784101540 unknown :-1 s=STATE_NONE l=0).mark_down
2024-02-21T23:41:14.780 INFO:teuthology.orchestra.run.smithi090.stdout:/usr/bin/ceph: stderr
2024-02-21T23:41:14.393+0000 7fd78bff5700 1 -- 172.21.15.90:0/2177824926 shutdown_connections
2024-02-21T23:41:14.781 INFO:teuthology.orchestra.run.smithi090.stdout:/usr/bin/ceph: stderr
2024-02-21T23:41:14.393+0000 7fd78bff5700 1 -- 172.21.15.90:0/2177824926 wait complete.
2024-02-21T23:41:14.781 INFO:teuthology.orchestra.run.smithi090.stdout:Generating ssh key...
2024-02-21T23:41:15.795 INFO:journalctl@ceph.mon.a.smithi090.stdout:Feb 21 23:41:15 smithi090 ceph-mon[43385]: from='client.14132 -' entity='client.admin' cmd=[{"prefix": "cephadm set-user", "user": "root", "target": ["mon-mgr", ""]}]: dispatch
2024-02-21T23:41:15.796 INFO:journalctl@ceph.mgr.x.smithi090.stdout:Feb 21 23:41:15 smithi090 ceph-7ed81218-d112-11ee-95bd-87774f69a715-mgr-x[43633]: Generating public/private rsa key pair.
2024-02-21T23:41:15.796 INFO:journalctl@ceph.mgr.x.smithi090.stdout:Feb 21 23:41:15 smithi090 ceph-7ed81218-d112-11ee-95bd-87774f69a715-mgr-x[43633]: Your identification has been saved in /tmp/tmpgnl9cblb/key.
2024-02-21T23:41:15.796 INFO:journalctl@ceph.mgr.x.smithi090.stdout:Feb 21 23:41:15 smithi090 ceph-7ed81218-d112-11ee-95bd-87774f69a715-mgr-x[43633]: Your public key has been saved in /tmp/tmpgnl9cblb/key.pub.
2024-02-21T23:41:15.796 INFO:journalctl@ceph.mgr.x.smithi090.stdout:Feb 21 23:41:15 smithi090 ceph-7ed81218-d112-11ee-95bd-87774f69a715-mgr-x[43633]: The key fingerprint is:
2024-02-21T23:41:15.796 INFO:journalctl@ceph.mgr.x.smithi090.stdout:Feb 21 23:41:15 smithi090 ceph-7ed81218-d112-11ee-95bd-87774f69a715-mgr-x[43633]: SHA256:xmeSl+3tm4l1eqCKUjaZ2wiFBSsow6yuUwr+uCw+NTQ ceph-7ed81218-d112-11ee-95bd-87774f69a715
2024-02-21T23:41:15.796 INFO:journalctl@ceph.mgr.x.smithi090.stdout:Feb 21 23:41:15 smithi090 ceph-7ed81218-d112-11ee-95bd-87774f69a715-mgr-x[43633]: The key's randomart image is:
2024-02-21T23:41:15.796 INFO:journalctl@ceph.mgr.x.smithi090.stdout:Feb 21 23:41:15 smithi090 ceph-7ed81218-d112-11ee-95bd-87774f69a715-mgr-x[43633]: +---[RSA 3072]----+
2024-02-21T23:41:15.796 INFO:journalctl@ceph.mgr.x.smithi090.stdout:Feb 21 23:41:15 smithi090 ceph-7ed81218-d112-11ee-95bd-87774f69a715-mgr-x[43633]: | .. |
2024-02-21T23:41:15.796 INFO:journalctl@ceph.mgr.x.smithi090.stdout:Feb 21 23:41:15 smithi090 ceph-7ed81218-d112-11ee-95bd-87774f69a715-mgr-x[43633]: |o . .. |
2024-02-21T23:41:15.796 INFO:journalctl@ceph.mgr.x.smithi090.stdout:Feb 21 23:41:15 smithi090 ceph-7ed81218-d112-11ee-95bd-87774f69a715-mgr-x[43633]: |oo. . .o |
2024-02-21T23:41:15.797 INFO:journalctl@ceph.mgr.x.smithi090.stdout:Feb 21 23:41:15 smithi090 ceph-7ed81218-d112-11ee-95bd-87774f69a715-mgr-x[43633]: |.o E ..... o |
2024-02-21T23:41:15.797 INFO:journalctl@ceph.mgr.x.smithi090.stdout:Feb 21 23:41:15 smithi090 ceph-7ed81218-d112-11ee-95bd-87774f69a715-mgr-x[43633]: |. . . .So= . |
2024-02-21T23:41:15.797 INFO:journalctl@ceph.mgr.x.smithi090.stdout:Feb 21 23:41:15 smithi090 ceph-7ed81218-d112-11ee-95bd-87774f69a715-mgr-x[43633]: |o .o ..*= . .. |
2024-02-21T23:41:15.797 INFO:journalctl@ceph.mgr.x.smithi090.stdout:Feb 21 23:41:15 smithi090 ceph-7ed81218-d112-11ee-95bd-87774f69a715-mgr-x[43633]: |o+. . + = ..o..|
2024-02-21T23:41:15.797 INFO:journalctl@ceph.mgr.x.smithi090.stdout:Feb 21 23:41:15 smithi090 ceph-7ed81218-d112-11ee-95bd-87774f69a715-mgr-x[43633]: |*o. . o.. .+ =.|
2024-02-21T23:41:15.797 INFO:journalctl@ceph.mgr.x.smithi090.stdout:Feb 21 23:41:15 smithi090 ceph-7ed81218-d112-11ee-95bd-87774f69a715-mgr-x[43633]: |+*+. .. ... *o |
2024-02-21T23:41:15.797 INFO:journalctl@ceph.mgr.x.smithi090.stdout:Feb 21 23:41:15 smithi090 ceph-7ed81218-d112-11ee-95bd-87774f69a715-mgr-x[43633]: +----[SHA256]-----+
2024-02-21T23:41:16.134 INFO:teuthology.orchestra.run.smithi090.stdout:/usr/bin/ceph: stderr
2024-02-21T23:41:15.121+0000 7fe6b7f3c700 1 Processor -- start
2024-02-21T23:41:16.139 INFO:teuthology.orchestra.run.smithi090.stdout:/usr/bin/ceph: stderr
2024-02-21T23:41:15.121+0000 7fe6b7f3c700 1 -- start start
2024-02-21T23:41:16.139 INFO:teuthology.orchestra.run.smithi090.stdout:/usr/bin/ceph: stderr
2024-02-21T23:41:15.121+0000 7fe6b7f3c700 1 --2- >> [v2:172.21.15.90:3300/0,v1:172.21.15.90:6789/0] conn(0x7fe6b01059d0 0x7fe6b0105df0 unknown :-1 s=NONE pgs=0 cs=0 l=0 rev1=0 crypto rx=0 tx=0 comp rx=0 tx=0).connect
2024-02-21T23:41:16.139 INFO:teuthology.orchestra.run.smithi090.stdout:/usr/bin/ceph: stderr
2024-02-21T23:41:15.121+0000 7fe6b7f3c700 1 -- --> [v2:172.21.15.90:3300/0,v1:172.21.15.90:6789/0] -- mon_getmap magic: 0 v1 -- 0x7fe6b01044f0 con 0x7fe6b01059d0
2024-02-21T23:41:16.139 INFO:teuthology.orchestra.run.smithi090.stdout:/usr/bin/ceph: stderr
2024-02-21T23:41:15.121+0000 7fe6b5cd8700 1 --2- >> [v2:172.21.15.90:3300/0,v1:172.21.15.90:6789/0] conn(0x7fe6b01059d0 0x7fe6b0105df0 unknown :-1 s=BANNER_CONNECTING pgs=0 cs=0 l=0 rev1=0 crypto rx=0 tx=0 comp rx=0 tx=0)._handle_peer_banner_payload supported=3 required=0
2024-02-21T23:41:16.139 INFO:teuthology.orchestra.run.smithi090.stdout:/usr/bin/ceph: stderr
2024-02-21T23:41:15.121+0000 7fe6b5cd8700 1 --2- >> [v2:172.21.15.90:3300/0,v1:172.21.15.90:6789/0] conn(0x7fe6b01059d0 0x7fe6b0105df0 unknown :-1 s=HELLO_CONNECTING pgs=0 cs=0 l=0 rev1=1 crypto rx=0 tx=0 comp rx=0 tx=0).handle_hello peer v2:172.21.15.90:3300/0 says I am v2:172.21.15.90:41012/0 (socket says 172.21.15.90:41012)
2024-02-21T23:41:16.140 INFO:teuthology.orchestra.run.smithi090.stdout:/usr/bin/ceph: stderr
2024-02-21T23:41:15.121+0000 7fe6b5cd8700 1 -- 172.21.15.90:0/845152119 learned_addr learned my addr 172.21.15.90:0/845152119 (peer_addr_for_me v2:172.21.15.90:0/0)
2024-02-21T23:41:16.140 INFO:teuthology.orchestra.run.smithi090.stdout:/usr/bin/ceph: stderr
2024-02-21T23:41:15.121+0000 7fe6b5cd8700 1 -- 172.21.15.90:0/845152119 --> [v2:172.21.15.90:3300/0,v1:172.21.15.90:6789/0] -- mon_subscribe({config=0+,monmap=0+}) v3 -- 0x7fe6b0104630 con 0x7fe6b01059d0
2024-02-21T23:41:16.140 INFO:teuthology.orchestra.run.smithi090.stdout:/usr/bin/ceph: stderr
2024-02-21T23:41:15.122+0000 7fe6b5cd8700 1 --2- 172.21.15.90:0/845152119 >> [v2:172.21.15.90:3300/0,v1:172.21.15.90:6789/0] conn(0x7fe6b01059d0 0x7fe6b0105df0 secure :-1 s=READY pgs=39 cs=0 l=1 rev1=1 crypto rx=0x7fe6ac0098a0 tx=0x7fe6ac009bb0 comp rx=0 tx=0).ready entity=mon.0 client_cookie=8af29d93d0c66134 server_cookie=0 in_seq=0 out_seq=0
2024-02-21T23:41:16.140 INFO:teuthology.orchestra.run.smithi090.stdout:/usr/bin/ceph: stderr
2024-02-21T23:41:15.122+0000 7fe6b4cd6700 1 -- 172.21.15.90:0/845152119 <== mon.0 v2:172.21.15.90:3300/0 1 ==== mon_map magic: 0 v1 ==== 205+0+0 (secure 0 0 0) 0x7fe6ac004160 con 0x7fe6b01059d0
2024-02-21T23:41:16.140 INFO:teuthology.orchestra.run.smithi090.stdout:/usr/bin/ceph: stderr
2024-02-21T23:41:15.122+0000 7fe6b4cd6700 1 -- 172.21.15.90:0/845152119 <== mon.0 v2:172.21.15.90:3300/0 2 ==== config(26 keys) v1 ==== 1074+0+0 (secure 0 0 0) 0x7fe6ac0042c0 con 0x7fe6b01059d0
2024-02-21T23:41:16.140 INFO:teuthology.orchestra.run.smithi090.stdout:/usr/bin/ceph: stderr
2024-02-21T23:41:15.122+0000 7fe6b4cd6700 1 -- 172.21.15.90:0/845152119 <== mon.0 v2:172.21.15.90:3300/0 3 ==== mon_map magic: 0 v1 ==== 205+0+0 (secure 0 0 0) 0x7fe6ac011a00 con 0x7fe6b01059d0
2024-02-21T23:41:16.140 INFO:teuthology.orchestra.run.smithi090.stdout:/usr/bin/ceph: stderr
2024-02-21T23:41:15.122+0000 7fe6b7f3c700 1 -- 172.21.15.90:0/845152119 >> [v2:172.21.15.90:3300/0,v1:172.21.15.90:6789/0] conn(0x7fe6b01059d0 msgr2=0x7fe6b0105df0 secure :-1 s=STATE_CONNECTION_ESTABLISHED l=1).mark_down
2024-02-21T23:41:16.140 INFO:teuthology.orchestra.run.smithi090.stdout:/usr/bin/ceph: stderr
2024-02-21T23:41:15.122+0000 7fe6b7f3c700 1 --2- 172.21.15.90:0/845152119 >> [v2:172.21.15.90:3300/0,v1:172.21.15.90:6789/0] conn(0x7fe6b01059d0 0x7fe6b0105df0 secure :-1 s=READY pgs=39 cs=0 l=1 rev1=1 crypto rx=0x7fe6ac0098a0 tx=0x7fe6ac009bb0 comp rx=0 tx=0).stop
2024-02-21T23:41:16.140 INFO:teuthology.orchestra.run.smithi090.stdout:/usr/bin/ceph: stderr
2024-02-21T23:41:15.122+0000 7fe6b7f3c700 1 -- 172.21.15.90:0/845152119 shutdown_connections
2024-02-21T23:41:16.140 INFO:teuthology.orchestra.run.smithi090.stdout:/usr/bin/ceph: stderr
2024-02-21T23:41:15.122+0000 7fe6b7f3c700 1 --2- 172.21.15.90:0/845152119 >> [v2:172.21.15.90:3300/0,v1:172.21.15.90:6789/0] conn(0x7fe6b01059d0 0x7fe6b0105df0 unknown :-1 s=CLOSED pgs=39 cs=0 l=1 rev1=1 crypto rx=0 tx=0 comp rx=0 tx=0).stop
2024-02-21T23:41:16.140 INFO:teuthology.orchestra.run.smithi090.stdout:/usr/bin/ceph: stderr
2024-02-21T23:41:15.122+0000 7fe6b7f3c700 1 -- 172.21.15.90:0/845152119 >> 172.21.15.90:0/845152119 conn(0x7fe6b01000d0 msgr2=0x7fe6b0102510 unknown :-1 s=STATE_NONE l=0).mark_down
2024-02-21T23:41:16.140 INFO:teuthology.orchestra.run.smithi090.stdout:/usr/bin/ceph: stderr
2024-02-21T23:41:15.122+0000 7fe6b7f3c700 1 -- 172.21.15.90:0/845152119 shutdown_connections
2024-02-21T23:41:16.140 INFO:teuthology.orchestra.run.smithi090.stdout:/usr/bin/ceph: stderr
2024-02-21T23:41:15.122+0000 7fe6b7f3c700 1 -- 172.21.15.90:0/845152119 wait complete.
2024-02-21T23:41:16.141 INFO:teuthology.orchestra.run.smithi090.stdout:/usr/bin/ceph: stderr
2024-02-21T23:41:15.123+0000 7fe6b7f3c700 1 Processor -- start
2024-02-21T23:41:16.141 INFO:teuthology.orchestra.run.smithi090.stdout:/usr/bin/ceph: stderr
2024-02-21T23:41:15.123+0000 7fe6b7f3c700 1 -- start start
2024-02-21T23:41:16.141 INFO:teuthology.orchestra.run.smithi090.stdout:/usr/bin/ceph: stderr
2024-02-21T23:41:15.123+0000 7fe6b7f3c700 1 --2- >> [v2:172.21.15.90:3300/0,v1:172.21.15.90:6789/0] conn(0x7fe6b01059d0 0x7fe6b019c530 unknown :-1 s=NONE pgs=0 cs=0 l=1 rev1=0 crypto rx=0 tx=0 comp rx=0 tx=0).connect
2024-02-21T23:41:16.141 INFO:teuthology.orchestra.run.smithi090.stdout:/usr/bin/ceph: stderr
2024-02-21T23:41:15.123+0000 7fe6b7f3c700 1 -- --> [v2:172.21.15.90:3300/0,v1:172.21.15.90:6789/0] -- mon_getmap magic: 0 v1 -- 0x7fe6b019ca70 con 0x7fe6b01059d0
2024-02-21T23:41:16.141 INFO:teuthology.orchestra.run.smithi090.stdout:/usr/bin/ceph: stderr
2024-02-21T23:41:15.123+0000 7fe6b5cd8700 1 --2- >> [v2:172.21.15.90:3300/0,v1:172.21.15.90:6789/0] conn(0x7fe6b01059d0 0x7fe6b019c530 unknown :-1 s=BANNER_CONNECTING pgs=0 cs=0 l=1 rev1=0 crypto rx=0 tx=0 comp rx=0 tx=0)._handle_peer_banner_payload supported=3 required=0
2024-02-21T23:41:16.141 INFO:teuthology.orchestra.run.smithi090.stdout:/usr/bin/ceph: stderr
2024-02-21T23:41:15.123+0000 7fe6b5cd8700 1 --2- >> [v2:172.21.15.90:3300/0,v1:172.21.15.90:6789/0] conn(0x7fe6b01059d0 0x7fe6b019c530 unknown :-1 s=HELLO_CONNECTING pgs=0 cs=0 l=1 rev1=1 crypto rx=0 tx=0 comp rx=0 tx=0).handle_hello peer v2:172.21.15.90:3300/0 says I am v2:172.21.15.90:41018/0 (socket says 172.21.15.90:41018)
2024-02-21T23:41:16.141 INFO:teuthology.orchestra.run.smithi090.stdout:/usr/bin/ceph: stderr
2024-02-21T23:41:15.123+0000 7fe6b5cd8700 1 -- 172.21.15.90:0/2964305176 learned_addr learned my addr 172.21.15.90:0/2964305176 (peer_addr_for_me v2:172.21.15.90:0/0)
2024-02-21T23:41:16.141 INFO:teuthology.orchestra.run.smithi090.stdout:/usr/bin/ceph: stderr
2024-02-21T23:41:15.123+0000 7fe6b5cd8700 1 -- 172.21.15.90:0/2964305176 --> [v2:172.21.15.90:3300/0,v1:172.21.15.90:6789/0] -- mon_subscribe({config=0+,monmap=0+}) v3 -- 0x7fe6ac009550 con 0x7fe6b01059d0
2024-02-21T23:41:16.141 INFO:teuthology.orchestra.run.smithi090.stdout:/usr/bin/ceph: stderr
2024-02-21T23:41:15.124+0000 7fe6b5cd8700 1 --2- 172.21.15.90:0/2964305176 >> [v2:172.21.15.90:3300/0,v1:172.21.15.90:6789/0] conn(0x7fe6b01059d0 0x7fe6b019c530 secure :-1 s=READY pgs=40 cs=0 l=1 rev1=1 crypto rx=0x7fe6ac009130 tx=0x7fe6ac011ad0 comp rx=0 tx=0).ready entity=mon.0 client_cookie=0 server_cookie=0 in_seq=0 out_seq=0
2024-02-21T23:41:16.141 INFO:teuthology.orchestra.run.smithi090.stdout:/usr/bin/ceph: stderr
2024-02-21T23:41:15.124+0000 7fe6a6ffd700 1 -- 172.21.15.90:0/2964305176 <== mon.0 v2:172.21.15.90:3300/0 1 ==== mon_map magic: 0 v1 ==== 205+0+0 (secure 0 0 0) 0x7fe6ac0038b0 con 0x7fe6b01059d0
2024-02-21T23:41:16.141 INFO:teuthology.orchestra.run.smithi090.stdout:/usr/bin/ceph: stderr
2024-02-21T23:41:15.124+0000 7fe6a6ffd700 1 -- 172.21.15.90:0/2964305176 <== mon.0 v2:172.21.15.90:3300/0 2 ==== config(26 keys) v1 ==== 1074+0+0 (secure 0 0 0) 0x7fe6ac003a10 con 0x7fe6b01059d0
2024-02-21T23:41:16.141 INFO:teuthology.orchestra.run.smithi090.stdout:/usr/bin/ceph: stderr
2024-02-21T23:41:15.124+0000 7fe6b7f3c700 1 -- 172.21.15.90:0/2964305176 --> [v2:172.21.15.90:3300/0,v1:172.21.15.90:6789/0] -- mon_subscribe({mgrmap=0+}) v3 -- 0x7fe6b019cc70 con 0x7fe6b01059d0
2024-02-21T23:41:16.141 INFO:teuthology.orchestra.run.smithi090.stdout:/usr/bin/ceph: stderr
2024-02-21T23:41:15.124+0000 7fe6a6ffd700 1 -- 172.21.15.90:0/2964305176 <== mon.0 v2:172.21.15.90:3300/0 3 ==== mon_map magic: 0 v1 ==== 205+0+0 (secure 0 0 0) 0x7fe6ac019550 con 0x7fe6b01059d0
2024-02-21T23:41:16.141 INFO:teuthology.orchestra.run.smithi090.stdout:/usr/bin/ceph: stderr
2024-02-21T23:41:15.124+0000 7fe6b7f3c700 1 -- 172.21.15.90:0/2964305176 --> [v2:172.21.15.90:3300/0,v1:172.21.15.90:6789/0] -- mon_subscribe({osdmap=0}) v3 -- 0x7fe6b019d110 con 0x7fe6b01059d0
2024-02-21T23:41:16.142 INFO:teuthology.orchestra.run.smithi090.stdout:/usr/bin/ceph: stderr
2024-02-21T23:41:15.124+0000 7fe6a6ffd700 1 -- 172.21.15.90:0/2964305176 <== mon.0 v2:172.21.15.90:3300/0 4 ==== mgrmap(e 8) v1 ==== 45537+0+0 (secure 0 0 0) 0x7fe6ac0197c0 con 0x7fe6b01059d0
2024-02-21T23:41:16.142 INFO:teuthology.orchestra.run.smithi090.stdout:/usr/bin/ceph: stderr
2024-02-21T23:41:15.125+0000 7fe6a6ffd700 1 --2- 172.21.15.90:0/2964305176 >> [v2:172.21.15.90:6800/1385551604,v1:172.21.15.90:6801/1385551604] conn(0x7fe69c0386e0 0x7fe69c03aba0 unknown :-1 s=NONE pgs=0 cs=0 l=1 rev1=0 crypto rx=0 tx=0 comp rx=0 tx=0).connect
2024-02-21T23:41:16.142 INFO:teuthology.orchestra.run.smithi090.stdout:/usr/bin/ceph: stderr
2024-02-21T23:41:15.125+0000 7fe6b7f3c700 1 -- 172.21.15.90:0/2964305176 --> [v2:172.21.15.90:3300/0,v1:172.21.15.90:6789/0] -- mon_command({"prefix": "get_command_descriptions"} v 0) v1 -- 0x7fe6b0196160 con 0x7fe6b01059d0
2024-02-21T23:41:16.142 INFO:teuthology.orchestra.run.smithi090.stdout:/usr/bin/ceph: stderr
2024-02-21T23:41:15.125+0000 7fe6a6ffd700 1 -- 172.21.15.90:0/2964305176 <== mon.0 v2:172.21.15.90:3300/0 5 ==== osd_map(2..2 src has 1..2) v4 ==== 940+0+0 (secure 0 0 0) 0x7fe6ac04c760 con 0x7fe6b01059d0
2024-02-21T23:41:16.142 INFO:teuthology.orchestra.run.smithi090.stdout:/usr/bin/ceph: stderr
2024-02-21T23:41:15.125+0000 7fe6b54d7700 1 --2- 172.21.15.90:0/2964305176 >> [v2:172.21.15.90:6800/1385551604,v1:172.21.15.90:6801/1385551604] conn(0x7fe69c0386e0 0x7fe69c03aba0 unknown :-1 s=BANNER_CONNECTING pgs=0 cs=0 l=1 rev1=0 crypto rx=0 tx=0 comp rx=0 tx=0)._handle_peer_banner_payload supported=3 required=0
2024-02-21T23:41:16.142 INFO:teuthology.orchestra.run.smithi090.stdout:/usr/bin/ceph: stderr
2024-02-21T23:41:15.125+0000 7fe6b54d7700 1 --2- 172.21.15.90:0/2964305176 >> [v2:172.21.15.90:6800/1385551604,v1:172.21.15.90:6801/1385551604] conn(0x7fe69c0386e0 0x7fe69c03aba0 secure :-1 s=READY pgs=9 cs=0 l=1 rev1=1 crypto rx=0x7fe6a0006fd0 tx=0x7fe6a0006e40 comp rx=0 tx=0).ready entity=mgr.14118 client_cookie=0 server_cookie=0 in_seq=0 out_seq=0
2024-02-21T23:41:16.142 INFO:teuthology.orchestra.run.smithi090.stdout:/usr/bin/ceph: stderr
2024-02-21T23:41:15.130+0000 7fe6a6ffd700 1 -- 172.21.15.90:0/2964305176 <== mon.0 v2:172.21.15.90:3300/0 6 ==== mon_command_ack([{"prefix": "get_command_descriptions"}]=0 v0) v1 ==== 72+0+182595 (secure 0 0 0) 0x7fe6ac02b340 con 0x7fe6b01059d0
2024-02-21T23:41:16.142 INFO:teuthology.orchestra.run.smithi090.stdout:/usr/bin/ceph: stderr
2024-02-21T23:41:15.322+0000 7fe6b7f3c700 1 -- 172.21.15.90:0/2964305176 --> [v2:172.21.15.90:6800/1385551604,v1:172.21.15.90:6801/1385551604] -- mgr_command(tid 0: {"prefix": "cephadm generate-key", "target": ["mon-mgr", ""]}) v1 -- 0x7fe6b00611b0 con 0x7fe69c0386e0
2024-02-21T23:41:16.142 INFO:teuthology.orchestra.run.smithi090.stdout:/usr/bin/ceph: stderr
2024-02-21T23:41:15.785+0000 7fe6a6ffd700 1 -- 172.21.15.90:0/2964305176 <== mgr.14118 v2:172.21.15.90:6800/1385551604 1 ==== mgr_command_reply(tid 0: 0 ) v1 ==== 8+0+0 (secure 0 0 0) 0x7fe6b00611b0 con 0x7fe69c0386e0
2024-02-21T23:41:16.142 INFO:teuthology.orchestra.run.smithi090.stdout:/usr/bin/ceph: stderr
2024-02-21T23:41:15.787+0000 7fe6b7f3c700 1 -- 172.21.15.90:0/2964305176 >> [v2:172.21.15.90:6800/1385551604,v1:172.21.15.90:6801/1385551604] conn(0x7fe69c0386e0 msgr2=0x7fe69c03aba0 secure :-1 s=STATE_CONNECTION_ESTABLISHED l=1).mark_down
2024-02-21T23:41:16.142 INFO:teuthology.orchestra.run.smithi090.stdout:/usr/bin/ceph: stderr
2024-02-21T23:41:15.787+0000 7fe6b7f3c700 1 --2- 172.21.15.90:0/2964305176 >> [v2:172.21.15.90:6800/1385551604,v1:172.21.15.90:6801/1385551604] conn(0x7fe69c0386e0 0x7fe69c03aba0 secure :-1 s=READY pgs=9 cs=0 l=1 rev1=1 crypto rx=0x7fe6a0006fd0 tx=0x7fe6a0006e40 comp rx=0 tx=0).stop
2024-02-21T23:41:16.142 INFO:teuthology.orchestra.run.smithi090.stdout:/usr/bin/ceph: stderr
2024-02-21T23:41:15.787+0000 7fe6b7f3c700 1 -- 172.21.15.90:0/2964305176 >> [v2:172.21.15.90:3300/0,v1:172.21.15.90:6789/0] conn(0x7fe6b01059d0 msgr2=0x7fe6b019c530 secure :-1 s=STATE_CONNECTION_ESTABLISHED l=1).mark_down
2024-02-21T23:41:16.142 INFO:teuthology.orchestra.run.smithi090.stdout:/usr/bin/ceph: stderr
2024-02-21T23:41:15.787+0000 7fe6b7f3c700 1 --2- 172.21.15.90:0/2964305176 >> [v2:172.21.15.90:3300/0,v1:172.21.15.90:6789/0] conn(0x7fe6b01059d0 0x7fe6b019c530 secure :-1 s=READY pgs=40 cs=0 l=1 rev1=1 crypto rx=0x7fe6ac009130 tx=0x7fe6ac011ad0 comp rx=0 tx=0).stop
2024-02-21T23:41:16.142 INFO:teuthology.orchestra.run.smithi090.stdout:/usr/bin/ceph: stderr
2024-02-21T23:41:15.787+0000 7fe6b7f3c700 1 -- 172.21.15.90:0/2964305176 shutdown_connections
2024-02-21T23:41:16.143 INFO:teuthology.orchestra.run.smithi090.stdout:/usr/bin/ceph: stderr
2024-02-21T23:41:15.787+0000 7fe6b7f3c700 1 --2- 172.21.15.90:0/2964305176 >> [v2:172.21.15.90:6800/1385551604,v1:172.21.15.90:6801/1385551604] conn(0x7fe69c0386e0 0x7fe69c03aba0 unknown :-1 s=CLOSED pgs=9 cs=0 l=1 rev1=1 crypto rx=0 tx=0 comp rx=0 tx=0).stop
2024-02-21T23:41:16.143 INFO:teuthology.orchestra.run.smithi090.stdout:/usr/bin/ceph: stderr
2024-02-21T23:41:15.787+0000 7fe6b7f3c700 1 --2- 172.21.15.90:0/2964305176 >> [v2:172.21.15.90:3300/0,v1:172.21.15.90:6789/0] conn(0x7fe6b01059d0 0x7fe6b019c530 unknown :-1 s=CLOSED pgs=40 cs=0 l=1 rev1=1 crypto rx=0 tx=0 comp rx=0 tx=0).stop
2024-02-21T23:41:16.143 INFO:teuthology.orchestra.run.smithi090.stdout:/usr/bin/ceph: stderr
2024-02-21T23:41:15.787+0000 7fe6b7f3c700 1 -- 172.21.15.90:0/2964305176 >> 172.21.15.90:0/2964305176 conn(0x7fe6b01000d0 msgr2=0x7fe6b0190d90 unknown :-1 s=STATE_NONE l=0).mark_down
2024-02-21T23:41:16.143 INFO:teuthology.orchestra.run.smithi090.stdout:/usr/bin/ceph: stderr
2024-02-21T23:41:15.787+0000 7fe6b7f3c700 1 -- 172.21.15.90:0/2964305176 shutdown_connections
2024-02-21T23:41:16.143 INFO:teuthology.orchestra.run.smithi090.stdout:/usr/bin/ceph: stderr
2024-02-21T23:41:15.787+0000 7fe6b7f3c700 1 -- 172.21.15.90:0/2964305176 wait complete.
2024-02-21T23:41:17.036 INFO:journalctl@ceph.mon.a.smithi090.stdout:Feb 21 23:41:16 smithi090 ceph-mon[43385]: from='client.14134 -' entity='client.admin' cmd=[{"prefix": "cephadm generate-key", "target": ["mon-mgr", ""]}]: dispatch
2024-02-21T23:41:17.036 INFO:journalctl@ceph.mon.a.smithi090.stdout:Feb 21 23:41:16 smithi090 ceph-mon[43385]: Generating ssh key...
2024-02-21T23:41:17.037 INFO:journalctl@ceph.mon.a.smithi090.stdout:Feb 21 23:41:16 smithi090 ceph-mon[43385]: from='mgr.14118 172.21.15.90:0/2013192540' entity='mgr.x'
2024-02-21T23:41:17.037 INFO:journalctl@ceph.mon.a.smithi090.stdout:Feb 21 23:41:16 smithi090 ceph-mon[43385]: from='mgr.14118 172.21.15.90:0/2013192540' entity='mgr.x'
2024-02-21T23:41:17.070 INFO:teuthology.orchestra.run.smithi090.stdout:/usr/bin/ceph: stdout ssh-rsa AAAAB3NzaC1yc2EAAAADAQABAAABgQDIVpBsFA/ldrPYEoxkgLKW+56KTrEazm9Y3hRa6wwHSIavkZoUJ96kgciX9vSGf6fQithpz5fajRSU5bzciHcL2Xw5UQJedWORPBsHkY4BWmiQnYNO8Uhh+vrAB+Yo/VcsuxiP6rcZ2TCMICNK0K88vcCTQKyrErL/k38e5Py3htLNbMt61M6l+wuSrzeN2U1IWOd+EBfeeSwAVDmeByexUUkOj/4Sg/R2EtK/coJXzvdBZvwpSIhmwy3H0UaGDB73wX96+7tZprLott7k+Qtyc8tOXshEcBAFkOhcdtGNy4+b1mNwsKdccAeInngDUna1FrUbXV55Eh+KJWN99cvsTCru32U3H59q5RHCgy/luT1G6xm04Jwzc0CDJ5fobkTwKwiDJQ6MUtXQP3L4kpyMuDAwotuLmn0LgLaiOwATbao5sylb9PLonVz6OdNvWlzO0jwGbYUV8gMI9yBqUsv0lSTpaOP1oeDRD8HXZt/IRj4qEGNnP6UT5J4V360hKIs= ceph-7ed81218-d112-11ee-95bd-87774f69a715
2024-02-21T23:41:17.070 INFO:teuthology.orchestra.run.smithi090.stdout:/usr/bin/ceph: stderr
2024-02-21T23:41:16.566+0000 7f33b86b3700 1 Processor -- start
2024-02-21T23:41:17.070 INFO:teuthology.orchestra.run.smithi090.stdout:/usr/bin/ceph: stderr
2024-02-21T23:41:16.566+0000 7f33b86b3700 1 -- start start
2024-02-21T23:41:17.070 INFO:teuthology.orchestra.run.smithi090.stdout:/usr/bin/ceph: stderr
2024-02-21T23:41:16.566+0000 7f33b86b3700 1 --2- >> [v2:172.21.15.90:3300/0,v1:172.21.15.90:6789/0] conn(0x7f33b01053d0 0x7f33b01057f0 unknown :-1 s=NONE pgs=0 cs=0 l=0 rev1=0 crypto rx=0 tx=0 comp rx=0 tx=0).connect
2024-02-21T23:41:17.070 INFO:teuthology.orchestra.run.smithi090.stdout:/usr/bin/ceph: stderr
2024-02-21T23:41:16.566+0000 7f33b86b3700 1 -- --> [v2:172.21.15.90:3300/0,v1:172.21.15.90:6789/0] -- mon_getmap magic: 0 v1 -- 0x7f33b0105dc0 con 0x7f33b01053d0
2024-02-21T23:41:17.070 INFO:teuthology.orchestra.run.smithi090.stdout:/usr/bin/ceph: stderr
2024-02-21T23:41:16.567+0000 7f33b644f700 1 --2- >> [v2:172.21.15.90:3300/0,v1:172.21.15.90:6789/0] conn(0x7f33b01053d0 0x7f33b01057f0 unknown :-1 s=BANNER_CONNECTING pgs=0 cs=0 l=0 rev1=0 crypto rx=0 tx=0 comp rx=0 tx=0)._handle_peer_banner_payload supported=3 required=0
2024-02-21T23:41:17.071 INFO:teuthology.orchestra.run.smithi090.stdout:/usr/bin/ceph: stderr
2024-02-21T23:41:16.567+0000 7f33b644f700 1 --2- >> [v2:172.21.15.90:3300/0,v1:172.21.15.90:6789/0] conn(0x7f33b01053d0 0x7f33b01057f0 unknown :-1 s=HELLO_CONNECTING pgs=0 cs=0 l=0 rev1=1 crypto rx=0 tx=0 comp rx=0 tx=0).handle_hello peer v2:172.21.15.90:3300/0 says I am v2:172.21.15.90:41026/0 (socket says 172.21.15.90:41026)
2024-02-21T23:41:17.071 INFO:teuthology.orchestra.run.smithi090.stdout:/usr/bin/ceph: stderr
2024-02-21T23:41:16.567+0000 7f33b644f700 1 -- 172.21.15.90:0/2280284282 learned_addr learned my addr 172.21.15.90:0/2280284282 (peer_addr_for_me v2:172.21.15.90:0/0)
2024-02-21T23:41:17.071 INFO:teuthology.orchestra.run.smithi090.stdout:/usr/bin/ceph: stderr
2024-02-21T23:41:16.567+0000 7f33b644f700 1 -- 172.21.15.90:0/2280284282 --> [v2:172.21.15.90:3300/0,v1:172.21.15.90:6789/0] -- mon_subscribe({config=0+,monmap=0+}) v3 -- 0x7f33b01065d0 con 0x7f33b01053d0
2024-02-21T23:41:17.071 INFO:teuthology.orchestra.run.smithi090.stdout:/usr/bin/ceph: stderr
2024-02-21T23:41:16.567+0000 7f33b644f700 1 --2- 172.21.15.90:0/2280284282 >> [v2:172.21.15.90:3300/0,v1:172.21.15.90:6789/0] conn(0x7f33b01053d0 0x7f33b01057f0 secure :-1 s=READY pgs=41 cs=0 l=1 rev1=1 crypto rx=0x7f33a00098a0 tx=0x7f33a0009bb0 comp rx=0 tx=0).ready entity=mon.0 client_cookie=f758ed16010a9a36 server_cookie=0 in_seq=0 out_seq=0
2024-02-21T23:41:17.071 INFO:teuthology.orchestra.run.smithi090.stdout:/usr/bin/ceph: stderr
2024-02-21T23:41:16.567+0000 7f33b544d700 1 -- 172.21.15.90:0/2280284282 <== mon.0 v2:172.21.15.90:3300/0 1 ==== mon_map magic: 0 v1 ==== 205+0+0 (secure 0 0 0) 0x7f33a0004160 con 0x7f33b01053d0
2024-02-21T23:41:17.071 INFO:teuthology.orchestra.run.smithi090.stdout:/usr/bin/ceph: stderr
2024-02-21T23:41:16.567+0000 7f33b544d700 1 -- 172.21.15.90:0/2280284282 <== mon.0 v2:172.21.15.90:3300/0 2 ==== config(26 keys) v1 ==== 1074+0+0 (secure 0 0 0) 0x7f33a00042c0 con 0x7f33b01053d0
2024-02-21T23:41:17.071 INFO:teuthology.orchestra.run.smithi090.stdout:/usr/bin/ceph: stderr
2024-02-21T23:41:16.567+0000 7f33b544d700 1 -- 172.21.15.90:0/2280284282 <== mon.0 v2:172.21.15.90:3300/0 3 ==== mon_map magic: 0 v1 ==== 205+0+0 (secure 0 0 0) 0x7f33a0011a00 con 0x7f33b01053d0
2024-02-21T23:41:17.071 INFO:teuthology.orchestra.run.smithi090.stdout:/usr/bin/ceph: stderr
2024-02-21T23:41:16.568+0000 7f33b86b3700 1 -- 172.21.15.90:0/2280284282 >> [v2:172.21.15.90:3300/0,v1:172.21.15.90:6789/0] conn(0x7f33b01053d0 msgr2=0x7f33b01057f0 secure :-1 s=STATE_CONNECTION_ESTABLISHED l=1).mark_down
2024-02-21T23:41:17.071 INFO:teuthology.orchestra.run.smithi090.stdout:/usr/bin/ceph: stderr
2024-02-21T23:41:16.568+0000 7f33b86b3700 1 --2- 172.21.15.90:0/2280284282 >> [v2:172.21.15.90:3300/0,v1:172.21.15.90:6789/0] conn(0x7f33b01053d0 0x7f33b01057f0 secure :-1 s=READY pgs=41 cs=0 l=1 rev1=1 crypto rx=0x7f33a00098a0 tx=0x7f33a0009bb0 comp rx=0 tx=0).stop
2024-02-21T23:41:17.071 INFO:teuthology.orchestra.run.smithi090.stdout:/usr/bin/ceph: stderr
2024-02-21T23:41:16.568+0000 7f33b86b3700 1 -- 172.21.15.90:0/2280284282 shutdown_connections
2024-02-21T23:41:17.071 INFO:teuthology.orchestra.run.smithi090.stdout:/usr/bin/ceph: stderr
2024-02-21T23:41:16.568+0000 7f33b86b3700 1 --2- 172.21.15.90:0/2280284282 >> [v2:172.21.15.90:3300/0,v1:172.21.15.90:6789/0] conn(0x7f33b01053d0 0x7f33b01057f0 unknown :-1 s=CLOSED pgs=41 cs=0 l=1 rev1=1 crypto rx=0 tx=0 comp rx=0 tx=0).stop
2024-02-21T23:41:17.071 INFO:teuthology.orchestra.run.smithi090.stdout:/usr/bin/ceph: stderr
2024-02-21T23:41:16.568+0000 7f33b86b3700 1 -- 172.21.15.90:0/2280284282 >> 172.21.15.90:0/2280284282 conn(0x7f33b0100970 msgr2=0x7f33b0102db0 unknown :-1 s=STATE_NONE l=0).mark_down
2024-02-21T23:41:17.071 INFO:teuthology.orchestra.run.smithi090.stdout:/usr/bin/ceph: stderr
2024-02-21T23:41:16.568+0000 7f33b86b3700 1 -- 172.21.15.90:0/2280284282 shutdown_connections
2024-02-21T23:41:17.071 INFO:teuthology.orchestra.run.smithi090.stdout:/usr/bin/ceph: stderr
2024-02-21T23:41:16.568+0000 7f33b86b3700 1 -- 172.21.15.90:0/2280284282 wait complete.
2024-02-21T23:41:17.072 INFO:teuthology.orchestra.run.smithi090.stdout:/usr/bin/ceph: stderr
2024-02-21T23:41:16.569+0000 7f33b86b3700 1 Processor -- start
2024-02-21T23:41:17.072 INFO:teuthology.orchestra.run.smithi090.stdout:/usr/bin/ceph: stderr
2024-02-21T23:41:16.569+0000 7f33b86b3700 1 -- start start
2024-02-21T23:41:17.072 INFO:teuthology.orchestra.run.smithi090.stdout:/usr/bin/ceph: stderr
2024-02-21T23:41:16.569+0000 7f33b86b3700 1 --2- >> [v2:172.21.15.90:3300/0,v1:172.21.15.90:6789/0] conn(0x7f33b01053d0 0x7f33b0199040 unknown :-1 s=NONE pgs=0 cs=0 l=1 rev1=0 crypto rx=0 tx=0 comp rx=0 tx=0).connect
2024-02-21T23:41:17.072 INFO:teuthology.orchestra.run.smithi090.stdout:/usr/bin/ceph: stderr
2024-02-21T23:41:16.569+0000 7f33b86b3700 1 -- --> [v2:172.21.15.90:3300/0,v1:172.21.15.90:6789/0] -- mon_getmap magic: 0 v1 -- 0x7f33b0199580 con 0x7f33b01053d0
2024-02-21T23:41:17.072 INFO:teuthology.orchestra.run.smithi090.stdout:/usr/bin/ceph: stderr
2024-02-21T23:41:16.569+0000 7f33b644f700 1 --2- >> [v2:172.21.15.90:3300/0,v1:172.21.15.90:6789/0] conn(0x7f33b01053d0 0x7f33b0199040 unknown :-1 s=BANNER_CONNECTING pgs=0 cs=0 l=1 rev1=0 crypto rx=0 tx=0 comp rx=0 tx=0)._handle_peer_banner_payload supported=3 required=0
2024-02-21T23:41:17.072 INFO:teuthology.orchestra.run.smithi090.stdout:/usr/bin/ceph: stderr
2024-02-21T23:41:16.569+0000 7f33b644f700 1 --2- >> [v2:172.21.15.90:3300/0,v1:172.21.15.90:6789/0] conn(0x7f33b01053d0 0x7f33b0199040 unknown :-1 s=HELLO_CONNECTING pgs=0 cs=0 l=1 rev1=1 crypto rx=0 tx=0 comp rx=0 tx=0).handle_hello peer v2:172.21.15.90:3300/0 says I am v2:172.21.15.90:41034/0 (socket says 172.21.15.90:41034)
2024-02-21T23:41:17.072 INFO:teuthology.orchestra.run.smithi090.stdout:/usr/bin/ceph: stderr
2024-02-21T23:41:16.569+0000 7f33b644f700 1 -- 172.21.15.90:0/2942046917 learned_addr learned my addr 172.21.15.90:0/2942046917 (peer_addr_for_me v2:172.21.15.90:0/0)
2024-02-21T23:41:17.072 INFO:teuthology.orchestra.run.smithi090.stdout:/usr/bin/ceph: stderr
2024-02-21T23:41:16.569+0000 7f33b644f700 1 -- 172.21.15.90:0/2942046917 --> [v2:172.21.15.90:3300/0,v1:172.21.15.90:6789/0] -- mon_subscribe({config=0+,monmap=0+}) v3 -- 0x7f33a0009550 con 0x7f33b01053d0
2024-02-21T23:41:17.072 INFO:teuthology.orchestra.run.smithi090.stdout:/usr/bin/ceph: stderr
2024-02-21T23:41:16.569+0000 7f33b644f700 1 --2- 172.21.15.90:0/2942046917 >> [v2:172.21.15.90:3300/0,v1:172.21.15.90:6789/0] conn(0x7f33b01053d0 0x7f33b0199040 secure :-1 s=READY pgs=42 cs=0 l=1 rev1=1 crypto rx=0x7f33a0009fb0 tx=0x7f33a0011ad0 comp rx=0 tx=0).ready entity=mon.0 client_cookie=0 server_cookie=0 in_seq=0 out_seq=0
2024-02-21T23:41:17.072 INFO:teuthology.orchestra.run.smithi090.stdout:/usr/bin/ceph: stderr
2024-02-21T23:41:16.569+0000 7f33a77fe700 1 -- 172.21.15.90:0/2942046917 <== mon.0 v2:172.21.15.90:3300/0 1 ==== mon_map magic: 0 v1 ==== 205+0+0 (secure 0 0 0) 0x7f33a0003a40 con 0x7f33b01053d0
2024-02-21T23:41:17.072 INFO:teuthology.orchestra.run.smithi090.stdout:/usr/bin/ceph: stderr
2024-02-21T23:41:16.569+0000 7f33a77fe700 1 -- 172.21.15.90:0/2942046917 <== mon.0 v2:172.21.15.90:3300/0 2 ==== config(26 keys) v1 ==== 1074+0+0 (secure 0 0 0) 0x7f33a0003ba0 con 0x7f33b01053d0
2024-02-21T23:41:17.072 INFO:teuthology.orchestra.run.smithi090.stdout:/usr/bin/ceph: stderr
2024-02-21T23:41:16.569+0000 7f33a77fe700 1 -- 172.21.15.90:0/2942046917 <== mon.0 v2:172.21.15.90:3300/0 3 ==== mon_map magic: 0 v1 ==== 205+0+0 (secure 0 0 0) 0x7f33a001a750 con 0x7f33b01053d0
2024-02-21T23:41:17.072 INFO:teuthology.orchestra.run.smithi090.stdout:/usr/bin/ceph: stderr
2024-02-21T23:41:16.569+0000 7f33b86b3700 1 -- 172.21.15.90:0/2942046917 --> [v2:172.21.15.90:3300/0,v1:172.21.15.90:6789/0] -- mon_subscribe({mgrmap=0+}) v3 -- 0x7f33b0199780 con 0x7f33b01053d0
2024-02-21T23:41:17.073 INFO:teuthology.orchestra.run.smithi090.stdout:/usr/bin/ceph: stderr
2024-02-21T23:41:16.570+0000 7f33b86b3700 1 -- 172.21.15.90:0/2942046917 --> [v2:172.21.15.90:3300/0,v1:172.21.15.90:6789/0] -- mon_subscribe({osdmap=0}) v3 -- 0x7f33b0199c20 con 0x7f33b01053d0
2024-02-21T23:41:17.073 INFO:teuthology.orchestra.run.smithi090.stdout:/usr/bin/ceph: stderr
2024-02-21T23:41:16.570+0000 7f33a77fe700 1 -- 172.21.15.90:0/2942046917 <== mon.0 v2:172.21.15.90:3300/0 4 ==== mgrmap(e 8) v1 ==== 45537+0+0 (secure 0 0 0) 0x7f33a001a980 con 0x7f33b01053d0
2024-02-21T23:41:17.073 INFO:teuthology.orchestra.run.smithi090.stdout:/usr/bin/ceph: stderr
2024-02-21T23:41:16.570+0000 7f33b86b3700 1 -- 172.21.15.90:0/2942046917 --> [v2:172.21.15.90:3300/0,v1:172.21.15.90:6789/0] -- mon_command({"prefix": "get_command_descriptions"} v 0) v1 -- 0x7f33b0109800 con 0x7f33b01053d0
2024-02-21T23:41:17.073 INFO:teuthology.orchestra.run.smithi090.stdout:/usr/bin/ceph: stderr
2024-02-21T23:41:16.570+0000 7f33a77fe700 1 --2- 172.21.15.90:0/2942046917 >> [v2:172.21.15.90:6800/1385551604,v1:172.21.15.90:6801/1385551604] conn(0x7f339c038700 0x7f339c03abc0 unknown :-1 s=NONE pgs=0 cs=0 l=1 rev1=0 crypto rx=0 tx=0 comp rx=0 tx=0).connect
2024-02-21T23:41:17.073 INFO:teuthology.orchestra.run.smithi090.stdout:/usr/bin/ceph: stderr
2024-02-21T23:41:16.570+0000 7f33a77fe700 1 -- 172.21.15.90:0/2942046917 <== mon.0 v2:172.21.15.90:3300/0 5 ==== osd_map(2..2 src has 1..2) v4 ==== 940+0+0 (secure 0 0 0) 0x7f33a004c670 con 0x7f33b01053d0
2024-02-21T23:41:17.073 INFO:teuthology.orchestra.run.smithi090.stdout:/usr/bin/ceph: stderr
2024-02-21T23:41:16.571+0000 7f33b5c4e700 1 --2- 172.21.15.90:0/2942046917 >> [v2:172.21.15.90:6800/1385551604,v1:172.21.15.90:6801/1385551604] conn(0x7f339c038700 0x7f339c03abc0 unknown :-1 s=BANNER_CONNECTING pgs=0 cs=0 l=1 rev1=0 crypto rx=0 tx=0 comp rx=0 tx=0)._handle_peer_banner_payload supported=3 required=0
2024-02-21T23:41:17.073 INFO:teuthology.orchestra.run.smithi090.stdout:/usr/bin/ceph: stderr
2024-02-21T23:41:16.571+0000 7f33b5c4e700 1 --2- 172.21.15.90:0/2942046917 >> [v2:172.21.15.90:6800/1385551604,v1:172.21.15.90:6801/1385551604] conn(0x7f339c038700 0x7f339c03abc0 secure :-1 s=READY pgs=10 cs=0 l=1 rev1=1 crypto rx=0x7f33ac006fd0 tx=0x7f33ac006e40 comp rx=0 tx=0).ready entity=mgr.14118 client_cookie=0 server_cookie=0 in_seq=0 out_seq=0
2024-02-21T23:41:17.073 INFO:teuthology.orchestra.run.smithi090.stdout:/usr/bin/ceph: stderr
2024-02-21T23:41:16.575+0000 7f33a77fe700 1 -- 172.21.15.90:0/2942046917 <== mon.0 v2:172.21.15.90:3300/0 6 ==== mon_command_ack([{"prefix": "get_command_descriptions"}]=0 v0) v1 ==== 72+0+182595 (secure 0 0 0) 0x7f33a0024d40 con 0x7f33b01053d0
2024-02-21T23:41:17.073 INFO:teuthology.orchestra.run.smithi090.stdout:/usr/bin/ceph: stderr
2024-02-21T23:41:16.768+0000 7f33b86b3700 1 -- 172.21.15.90:0/2942046917 --> [v2:172.21.15.90:6800/1385551604,v1:172.21.15.90:6801/1385551604] -- mgr_command(tid 0: {"prefix": "cephadm get-pub-key", "target": ["mon-mgr", ""]}) v1 -- 0x7f33b0101c50 con 0x7f339c038700
2024-02-21T23:41:17.073 INFO:teuthology.orchestra.run.smithi090.stdout:/usr/bin/ceph: stderr
2024-02-21T23:41:16.769+0000 7f33a77fe700 1 -- 172.21.15.90:0/2942046917 <== mgr.14118 v2:172.21.15.90:6800/1385551604 1 ==== mgr_command_reply(tid 0: 0 ) v1 ==== 8+0+595 (secure 0 0 0) 0x7f33b0101c50 con 0x7f339c038700
2024-02-21T23:41:17.073 INFO:teuthology.orchestra.run.smithi090.stdout:/usr/bin/ceph: stderr
2024-02-21T23:41:16.771+0000 7f33b86b3700 1 -- 172.21.15.90:0/2942046917 >> [v2:172.21.15.90:6800/1385551604,v1:172.21.15.90:6801/1385551604] conn(0x7f339c038700 msgr2=0x7f339c03abc0 secure :-1 s=STATE_CONNECTION_ESTABLISHED l=1).mark_down
2024-02-21T23:41:17.073 INFO:teuthology.orchestra.run.smithi090.stdout:/usr/bin/ceph: stderr
2024-02-21T23:41:16.771+0000 7f33b86b3700 1 --2- 172.21.15.90:0/2942046917 >> [v2:172.21.15.90:6800/1385551604,v1:172.21.15.90:6801/1385551604] conn(0x7f339c038700 0x7f339c03abc0 secure :-1 s=READY pgs=10 cs=0 l=1 rev1=1 crypto rx=0x7f33ac006fd0 tx=0x7f33ac006e40 comp rx=0 tx=0).stop
2024-02-21T23:41:17.073 INFO:teuthology.orchestra.run.smithi090.stdout:/usr/bin/ceph: stderr
2024-02-21T23:41:16.771+0000 7f33b86b3700 1 -- 172.21.15.90:0/2942046917 >> [v2:172.21.15.90:3300/0,v1:172.21.15.90:6789/0] conn(0x7f33b01053d0 msgr2=0x7f33b0199040 secure :-1 s=STATE_CONNECTION_ESTABLISHED l=1).mark_down
2024-02-21T23:41:17.073 INFO:teuthology.orchestra.run.smithi090.stdout:/usr/bin/ceph: stderr
2024-02-21T23:41:16.771+0000 7f33b86b3700 1 --2- 172.21.15.90:0/2942046917 >> [v2:172.21.15.90:3300/0,v1:172.21.15.90:6789/0] conn(0x7f33b01053d0 0x7f33b0199040 secure :-1 s=READY pgs=42 cs=0 l=1 rev1=1 crypto rx=0x7f33a0009fb0 tx=0x7f33a0011ad0 comp rx=0 tx=0).stop
2024-02-21T23:41:17.074 INFO:teuthology.orchestra.run.smithi090.stdout:/usr/bin/ceph: stderr
2024-02-21T23:41:16.771+0000 7f33b86b3700 1 -- 172.21.15.90:0/2942046917 shutdown_connections
2024-02-21T23:41:17.074 INFO:teuthology.orchestra.run.smithi090.stdout:/usr/bin/ceph: stderr
2024-02-21T23:41:16.771+0000 7f33b86b3700 1 --2- 172.21.15.90:0/2942046917 >> [v2:172.21.15.90:6800/1385551604,v1:172.21.15.90:6801/1385551604] conn(0x7f339c038700 0x7f339c03abc0 unknown :-1 s=CLOSED pgs=10 cs=0 l=1 rev1=1 crypto rx=0 tx=0 comp rx=0 tx=0).stop
2024-02-21T23:41:17.074 INFO:teuthology.orchestra.run.smithi090.stdout:/usr/bin/ceph: stderr
2024-02-21T23:41:16.771+0000 7f33b86b3700 1 --2- 172.21.15.90:0/2942046917 >> [v2:172.21.15.90:3300/0,v1:172.21.15.90:6789/0] conn(0x7f33b01053d0 0x7f33b0199040 unknown :-1 s=CLOSED pgs=42 cs=0 l=1 rev1=1 crypto rx=0 tx=0 comp rx=0 tx=0).stop
2024-02-21T23:41:17.074 INFO:teuthology.orchestra.run.smithi090.stdout:/usr/bin/ceph: stderr
2024-02-21T23:41:16.771+0000 7f33b86b3700 1 -- 172.21.15.90:0/2942046917 >> 172.21.15.90:0/2942046917 conn(0x7f33b0100970 msgr2=0x7f33b0101540 unknown :-1 s=STATE_NONE l=0).mark_down
2024-02-21T23:41:17.074 INFO:teuthology.orchestra.run.smithi090.stdout:/usr/bin/ceph: stderr
2024-02-21T23:41:16.771+0000 7f33b86b3700 1 -- 172.21.15.90:0/2942046917 shutdown_connections
2024-02-21T23:41:17.074 INFO:teuthology.orchestra.run.smithi090.stdout:/usr/bin/ceph: stderr
2024-02-21T23:41:16.771+0000 7f33b86b3700 1 -- 172.21.15.90:0/2942046917 wait complete.
2024-02-21T23:41:17.074 INFO:teuthology.orchestra.run.smithi090.stdout:Wrote public SSH key to /home/ubuntu/cephtest/ceph.pub
2024-02-21T23:41:17.074 INFO:teuthology.orchestra.run.smithi090.stdout:Adding key to root@localhost authorized_keys...
2024-02-21T23:41:17.074 INFO:teuthology.orchestra.run.smithi090.stdout:Adding host smithi090...
2024-02-21T23:41:17.977 INFO:journalctl@ceph.mon.a.smithi090.stdout:Feb 21 23:41:17 smithi090 ceph-mon[43385]: from='client.14136 -' entity='client.admin' cmd=[{"prefix": "cephadm get-pub-key", "target": ["mon-mgr", ""]}]: dispatch
2024-02-21T23:41:18.977 INFO:journalctl@ceph.mon.a.smithi090.stdout:Feb 21 23:41:18 smithi090 ceph-mon[43385]: from='client.14138 -' entity='client.admin' cmd=[{"prefix": "orch host add", "hostname": "smithi090", "addr": "172.21.15.90", "target": ["mon-mgr", ""]}]: dispatch
2024-02-21T23:41:20.089 INFO:teuthology.orchestra.run.smithi090.stdout:/usr/bin/ceph: stdout Added host 'smithi090' with addr '172.21.15.90'
2024-02-21T23:41:20.089 INFO:teuthology.orchestra.run.smithi090.stdout:/usr/bin/ceph: stderr
2024-02-21T23:41:17.466+0000 7f716fc48700 1 Processor -- start
2024-02-21T23:41:20.089 INFO:teuthology.orchestra.run.smithi090.stdout:/usr/bin/ceph: stderr
2024-02-21T23:41:17.466+0000 7f716fc48700 1 -- start start
2024-02-21T23:41:20.089 INFO:teuthology.orchestra.run.smithi090.stdout:/usr/bin/ceph: stderr
2024-02-21T23:41:17.466+0000 7f716fc48700 1 --2- >> [v2:172.21.15.90:3300/0,v1:172.21.15.90:6789/0] conn(0x7f7168106a80 0x7f7168106ea0 unknown :-1 s=NONE pgs=0 cs=0 l=0 rev1=0 crypto rx=0 tx=0 comp rx=0 tx=0).connect
2024-02-21T23:41:20.089 INFO:teuthology.orchestra.run.smithi090.stdout:/usr/bin/ceph: stderr
2024-02-21T23:41:17.466+0000 7f716fc48700 1 -- --> [v2:172.21.15.90:3300/0,v1:172.21.15.90:6789/0] -- mon_getmap magic: 0 v1 -- 0x7f7168107470 con 0x7f7168106a80
2024-02-21T23:41:20.089 INFO:teuthology.orchestra.run.smithi090.stdout:/usr/bin/ceph: stderr
2024-02-21T23:41:17.466+0000 7f716d9e4700 1 --2- >> [v2:172.21.15.90:3300/0,v1:172.21.15.90:6789/0] conn(0x7f7168106a80 0x7f7168106ea0 unknown :-1 s=BANNER_CONNECTING pgs=0 cs=0 l=0 rev1=0 crypto rx=0 tx=0 comp rx=0 tx=0)._handle_peer_banner_payload supported=3 required=0
2024-02-21T23:41:20.089 INFO:teuthology.orchestra.run.smithi090.stdout:/usr/bin/ceph: stderr
2024-02-21T23:41:17.466+0000 7f716d9e4700 1 --2- >> [v2:172.21.15.90:3300/0,v1:172.21.15.90:6789/0] conn(0x7f7168106a80 0x7f7168106ea0 unknown :-1 s=HELLO_CONNECTING pgs=0 cs=0 l=0 rev1=1 crypto rx=0 tx=0 comp rx=0 tx=0).handle_hello peer v2:172.21.15.90:3300/0 says I am v2:172.21.15.90:41048/0 (socket says 172.21.15.90:41048)
2024-02-21T23:41:20.090 INFO:teuthology.orchestra.run.smithi090.stdout:/usr/bin/ceph: stderr
2024-02-21T23:41:17.466+0000 7f716d9e4700 1 -- 172.21.15.90:0/2142090184 learned_addr learned my addr 172.21.15.90:0/2142090184 (peer_addr_for_me v2:172.21.15.90:0/0)
2024-02-21T23:41:20.090 INFO:teuthology.orchestra.run.smithi090.stdout:/usr/bin/ceph: stderr
2024-02-21T23:41:17.467+0000 7f716d9e4700 1 -- 172.21.15.90:0/2142090184 --> [v2:172.21.15.90:3300/0,v1:172.21.15.90:6789/0] -- mon_subscribe({config=0+,monmap=0+}) v3 -- 0x7f7168105590 con 0x7f7168106a80
2024-02-21T23:41:20.090 INFO:teuthology.orchestra.run.smithi090.stdout:/usr/bin/ceph: stderr
2024-02-21T23:41:17.467+0000 7f716d9e4700 1 --2- 172.21.15.90:0/2142090184 >> [v2:172.21.15.90:3300/0,v1:172.21.15.90:6789/0] conn(0x7f7168106a80 0x7f7168106ea0 secure :-1 s=READY pgs=43 cs=0 l=1 rev1=1 crypto rx=0x7f71640098a0 tx=0x7f7164009bb0 comp rx=0 tx=0).ready entity=mon.0 client_cookie=8d59fa1766feadd4 server_cookie=0 in_seq=0 out_seq=0
2024-02-21T23:41:20.090 INFO:teuthology.orchestra.run.smithi090.stdout:/usr/bin/ceph: stderr
2024-02-21T23:41:17.467+0000 7f716c9e2700 1 -- 172.21.15.90:0/2142090184 <== mon.0 v2:172.21.15.90:3300/0 1 ==== mon_map magic: 0 v1 ==== 205+0+0 (secure 0 0 0) 0x7f7164004160 con 0x7f7168106a80
2024-02-21T23:41:20.090 INFO:teuthology.orchestra.run.smithi090.stdout:/usr/bin/ceph: stderr
2024-02-21T23:41:17.467+0000 7f716c9e2700 1 -- 172.21.15.90:0/2142090184 <== mon.0 v2:172.21.15.90:3300/0 2 ==== config(26 keys) v1 ==== 1074+0+0 (secure 0 0 0) 0x7f71640042c0 con 0x7f7168106a80
2024-02-21T23:41:20.090 INFO:teuthology.orchestra.run.smithi090.stdout:/usr/bin/ceph: stderr
2024-02-21T23:41:17.467+0000 7f716c9e2700 1 -- 172.21.15.90:0/2142090184 <== mon.0 v2:172.21.15.90:3300/0 3 ==== mon_map magic: 0 v1 ==== 205+0+0 (secure 0 0 0) 0x7f7164011a00 con 0x7f7168106a80
2024-02-21T23:41:20.090 INFO:teuthology.orchestra.run.smithi090.stdout:/usr/bin/ceph: stderr
2024-02-21T23:41:17.467+0000 7f716fc48700 1 -- 172.21.15.90:0/2142090184 >> [v2:172.21.15.90:3300/0,v1:172.21.15.90:6789/0] conn(0x7f7168106a80 msgr2=0x7f7168106ea0 secure :-1 s=STATE_CONNECTION_ESTABLISHED l=1).mark_down
2024-02-21T23:41:20.090 INFO:teuthology.orchestra.run.smithi090.stdout:/usr/bin/ceph: stderr
2024-02-21T23:41:17.467+0000 7f716fc48700 1 --2- 172.21.15.90:0/2142090184 >> [v2:172.21.15.90:3300/0,v1:172.21.15.90:6789/0] conn(0x7f7168106a80 0x7f7168106ea0 secure :-1 s=READY pgs=43 cs=0 l=1 rev1=1 crypto rx=0x7f71640098a0 tx=0x7f7164009bb0 comp rx=0 tx=0).stop
2024-02-21T23:41:20.090 INFO:teuthology.orchestra.run.smithi090.stdout:/usr/bin/ceph: stderr
2024-02-21T23:41:17.467+0000 7f716fc48700 1 -- 172.21.15.90:0/2142090184 shutdown_connections
2024-02-21T23:41:20.090 INFO:teuthology.orchestra.run.smithi090.stdout:/usr/bin/ceph: stderr
2024-02-21T23:41:17.467+0000 7f716fc48700 1 --2- 172.21.15.90:0/2142090184 >> [v2:172.21.15.90:3300/0,v1:172.21.15.90:6789/0] conn(0x7f7168106a80 0x7f7168106ea0 unknown :-1 s=CLOSED pgs=43 cs=0 l=1 rev1=1 crypto rx=0 tx=0 comp rx=0 tx=0).stop
2024-02-21T23:41:20.090 INFO:teuthology.orchestra.run.smithi090.stdout:/usr/bin/ceph: stderr
2024-02-21T23:41:17.467+0000 7f716fc48700 1 -- 172.21.15.90:0/2142090184 >> 172.21.15.90:0/2142090184 conn(0x7f71681000a0 msgr2=0x7f7168102500 unknown :-1 s=STATE_NONE l=0).mark_down
2024-02-21T23:41:20.090 INFO:teuthology.orchestra.run.smithi090.stdout:/usr/bin/ceph: stderr
2024-02-21T23:41:17.468+0000 7f716fc48700 1 -- 172.21.15.90:0/2142090184 shutdown_connections
2024-02-21T23:41:20.090 INFO:teuthology.orchestra.run.smithi090.stdout:/usr/bin/ceph: stderr
2024-02-21T23:41:17.468+0000 7f716fc48700 1 -- 172.21.15.90:0/2142090184 wait complete.
2024-02-21T23:41:20.090 INFO:teuthology.orchestra.run.smithi090.stdout:/usr/bin/ceph: stderr
2024-02-21T23:41:17.468+0000 7f716fc48700 1 Processor -- start
2024-02-21T23:41:20.091 INFO:teuthology.orchestra.run.smithi090.stdout:/usr/bin/ceph: stderr
2024-02-21T23:41:17.468+0000 7f716fc48700 1 -- start start
2024-02-21T23:41:20.091 INFO:teuthology.orchestra.run.smithi090.stdout:/usr/bin/ceph: stderr
2024-02-21T23:41:17.468+0000 7f716fc48700 1 --2- >> [v2:172.21.15.90:3300/0,v1:172.21.15.90:6789/0] conn(0x7f7168106a80 0x7f7168198170 unknown :-1 s=NONE pgs=0 cs=0 l=1 rev1=0 crypto rx=0 tx=0 comp rx=0 tx=0).connect
2024-02-21T23:41:20.091 INFO:teuthology.orchestra.run.smithi090.stdout:/usr/bin/ceph: stderr
2024-02-21T23:41:17.468+0000 7f716fc48700 1 -- --> [v2:172.21.15.90:3300/0,v1:172.21.15.90:6789/0] -- mon_getmap magic: 0 v1 -- 0x7f71681986b0 con 0x7f7168106a80
2024-02-21T23:41:20.091 INFO:teuthology.orchestra.run.smithi090.stdout:/usr/bin/ceph: stderr
2024-02-21T23:41:17.468+0000 7f716d9e4700 1 --2- >> [v2:172.21.15.90:3300/0,v1:172.21.15.90:6789/0] conn(0x7f7168106a80 0x7f7168198170 unknown :-1 s=BANNER_CONNECTING pgs=0 cs=0 l=1 rev1=0 crypto rx=0 tx=0 comp rx=0 tx=0)._handle_peer_banner_payload supported=3 required=0
2024-02-21T23:41:20.091 INFO:teuthology.orchestra.run.smithi090.stdout:/usr/bin/ceph: stderr
2024-02-21T23:41:17.468+0000 7f716d9e4700 1 --2- >> [v2:172.21.15.90:3300/0,v1:172.21.15.90:6789/0] conn(0x7f7168106a80 0x7f7168198170 unknown :-1 s=HELLO_CONNECTING pgs=0 cs=0 l=1 rev1=1 crypto rx=0 tx=0 comp rx=0 tx=0).handle_hello peer v2:172.21.15.90:3300/0 says I am v2:172.21.15.90:41060/0 (socket says 172.21.15.90:41060)
2024-02-21T23:41:20.091 INFO:teuthology.orchestra.run.smithi090.stdout:/usr/bin/ceph: stderr
2024-02-21T23:41:17.468+0000 7f716d9e4700 1 -- 172.21.15.90:0/302639214 learned_addr learned my addr 172.21.15.90:0/302639214 (peer_addr_for_me v2:172.21.15.90:0/0)
2024-02-21T23:41:20.091 INFO:teuthology.orchestra.run.smithi090.stdout:/usr/bin/ceph: stderr
2024-02-21T23:41:17.469+0000 7f716d9e4700 1 -- 172.21.15.90:0/302639214 --> [v2:172.21.15.90:3300/0,v1:172.21.15.90:6789/0] -- mon_subscribe({config=0+,monmap=0+}) v3 -- 0x7f7164009550 con 0x7f7168106a80
2024-02-21T23:41:20.091 INFO:teuthology.orchestra.run.smithi090.stdout:/usr/bin/ceph: stderr
2024-02-21T23:41:17.469+0000 7f716d9e4700 1 --2- 172.21.15.90:0/302639214 >> [v2:172.21.15.90:3300/0,v1:172.21.15.90:6789/0] conn(0x7f7168106a80 0x7f7168198170 secure :-1 s=READY pgs=44 cs=0 l=1 rev1=1 crypto rx=0x7f7164009130 tx=0x7f7164011ad0 comp rx=0 tx=0).ready entity=mon.0 client_cookie=0 server_cookie=0 in_seq=0 out_seq=0
2024-02-21T23:41:20.091 INFO:teuthology.orchestra.run.smithi090.stdout:/usr/bin/ceph: stderr
2024-02-21T23:41:17.469+0000 7f715effd700 1 -- 172.21.15.90:0/302639214 <== mon.0 v2:172.21.15.90:3300/0 1 ==== mon_map magic: 0 v1 ==== 205+0+0 (secure 0 0 0) 0x7f71640038b0 con 0x7f7168106a80
2024-02-21T23:41:20.091 INFO:teuthology.orchestra.run.smithi090.stdout:/usr/bin/ceph: stderr
2024-02-21T23:41:17.469+0000 7f715effd700 1 -- 172.21.15.90:0/302639214 <== mon.0 v2:172.21.15.90:3300/0 2 ==== config(26 keys) v1 ==== 1074+0+0 (secure 0 0 0) 0x7f7164003a10 con 0x7f7168106a80
2024-02-21T23:41:20.091 INFO:teuthology.orchestra.run.smithi090.stdout:/usr/bin/ceph: stderr
2024-02-21T23:41:17.469+0000 7f716fc48700 1 -- 172.21.15.90:0/302639214 --> [v2:172.21.15.90:3300/0,v1:172.21.15.90:6789/0] -- mon_subscribe({mgrmap=0+}) v3 -- 0x7f71681988b0 con 0x7f7168106a80
2024-02-21T23:41:20.091 INFO:teuthology.orchestra.run.smithi090.stdout:/usr/bin/ceph: stderr
2024-02-21T23:41:17.469+0000 7f715effd700 1 -- 172.21.15.90:0/302639214 <== mon.0 v2:172.21.15.90:3300/0 3 ==== mon_map magic: 0 v1 ==== 205+0+0 (secure 0 0 0) 0x7f7164019550 con 0x7f7168106a80
2024-02-21T23:41:20.091 INFO:teuthology.orchestra.run.smithi090.stdout:/usr/bin/ceph: stderr
2024-02-21T23:41:17.469+0000 7f716fc48700 1 -- 172.21.15.90:0/302639214 --> [v2:172.21.15.90:3300/0,v1:172.21.15.90:6789/0] -- mon_subscribe({osdmap=0}) v3 -- 0x7f7168198d50 con 0x7f7168106a80
2024-02-21T23:41:20.091 INFO:teuthology.orchestra.run.smithi090.stdout:/usr/bin/ceph: stderr
2024-02-21T23:41:17.470+0000 7f715effd700 1 -- 172.21.15.90:0/302639214 <== mon.0 v2:172.21.15.90:3300/0 4 ==== mgrmap(e 8) v1 ==== 45537+0+0 (secure 0 0 0) 0x7f716401a430 con 0x7f7168106a80
2024-02-21T23:41:20.091 INFO:teuthology.orchestra.run.smithi090.stdout:/usr/bin/ceph: stderr
2024-02-21T23:41:17.470+0000 7f716fc48700 1 -- 172.21.15.90:0/302639214 --> [v2:172.21.15.90:3300/0,v1:172.21.15.90:6789/0] -- mon_command({"prefix": "get_command_descriptions"} v 0) v1 -- 0x7f7168191c30 con 0x7f7168106a80
2024-02-21T23:41:20.092 INFO:teuthology.orchestra.run.smithi090.stdout:/usr/bin/ceph: stderr
2024-02-21T23:41:17.470+0000 7f715effd700 1 --2- 172.21.15.90:0/302639214 >> [v2:172.21.15.90:6800/1385551604,v1:172.21.15.90:6801/1385551604] conn(0x7f715403caa0 0x7f715403ef60 unknown :-1 s=NONE pgs=0 cs=0 l=1 rev1=0 crypto rx=0 tx=0 comp rx=0 tx=0).connect
2024-02-21T23:41:20.092 INFO:teuthology.orchestra.run.smithi090.stdout:/usr/bin/ceph: stderr
2024-02-21T23:41:17.470+0000 7f715effd700 1 -- 172.21.15.90:0/302639214 <== mon.0 v2:172.21.15.90:3300/0 5 ==== osd_map(2..2 src has 1..2) v4 ==== 940+0+0 (secure 0 0 0) 0x7f716404c7c0 con 0x7f7168106a80
2024-02-21T23:41:20.095 INFO:teuthology.orchestra.run.smithi090.stdout:/usr/bin/ceph: stderr
2024-02-21T23:41:17.470+0000 7f716d1e3700 1 --2- 172.21.15.90:0/302639214 >> [v2:172.21.15.90:6800/1385551604,v1:172.21.15.90:6801/1385551604] conn(0x7f715403caa0 0x7f715403ef60 unknown :-1 s=BANNER_CONNECTING pgs=0 cs=0 l=1 rev1=0 crypto rx=0 tx=0 comp rx=0 tx=0)._handle_peer_banner_payload supported=3 required=0
2024-02-21T23:41:20.096 INFO:teuthology.orchestra.run.smithi090.stdout:/usr/bin/ceph: stderr
