2024-02-22T00:24:54.306+0000 7f3a917fa700 1 -- 172.21.15.49:0/571960437 <== mon.0 v2:172.21.15.49:3300/0 6 ==== mon_command_ack([{"prefix": "get_command_descriptions"}]=0 v0) v1 ==== 72+0+163658 (secure 0 0 0) 0x7f3a84019690 con 0x7f3a940fe5a0
2024-02-22T00:24:54.515 INFO:teuthology.orchestra.run.smithi049.stderr:/usr/bin/ceph:
2024-02-22T00:24:54.510+0000 7f3a9a331700 1 -- 172.21.15.49:0/571960437 --> [v2:172.21.15.49:6800/2503465771,v1:172.21.15.49:6801/2503465771] -- mgr_command(tid 0: {"prefix": "orch apply", "service_type": "prometheus", "target": ["mon-mgr", ""]}) v1 -- 0x7f3a94105dc0 con 0x7f3a7c032610
2024-02-22T00:24:54.519 INFO:teuthology.orchestra.run.smithi049.stderr:/usr/bin/ceph:
2024-02-22T00:24:54.515+0000 7f3a917fa700 1 -- 172.21.15.49:0/571960437 <== mgr.14116 v2:172.21.15.49:6800/2503465771 1 ==== mgr_command_reply(tid 0: 0 ) v1 ==== 8+0+31 (secure 0 0 0) 0x7f3a94105dc0 con 0x7f3a7c032610
2024-02-22T00:24:54.519 INFO:teuthology.orchestra.run.smithi049.stderr:/usr/bin/ceph: Scheduled prometheus update...
2024-02-22T00:24:54.521 INFO:teuthology.orchestra.run.smithi049.stderr:/usr/bin/ceph:
2024-02-22T00:24:54.516+0000 7f3a9a331700 1 -- 172.21.15.49:0/571960437 >> [v2:172.21.15.49:6800/2503465771,v1:172.21.15.49:6801/2503465771] conn(0x7f3a7c032610 msgr2=0x7f3a7c034ad0 secure :-1 s=STATE_CONNECTION_ESTABLISHED l=1).mark_down
2024-02-22T00:24:54.522 INFO:teuthology.orchestra.run.smithi049.stderr:/usr/bin/ceph:
2024-02-22T00:24:54.516+0000 7f3a9a331700 1 --2- 172.21.15.49:0/571960437 >> [v2:172.21.15.49:6800/2503465771,v1:172.21.15.49:6801/2503465771] conn(0x7f3a7c032610 0x7f3a7c034ad0 secure :-1 s=READY pgs=14 cs=0 l=1 rev1=1 rx=0x7f3a88009780 tx=0x7f3a88006cc0).stop
2024-02-22T00:24:54.522 INFO:teuthology.orchestra.run.smithi049.stderr:/usr/bin/ceph:
2024-02-22T00:24:54.516+0000 7f3a9a331700 1 -- 172.21.15.49:0/571960437 >> [v2:172.21.15.49:3300/0,v1:172.21.15.49:6789/0] conn(0x7f3a940fe5a0 msgr2=0x7f3a9410be00 secure :-1 s=STATE_CONNECTION_ESTABLISHED l=1).mark_down
2024-02-22T00:24:54.522 INFO:teuthology.orchestra.run.smithi049.stderr:/usr/bin/ceph:
2024-02-22T00:24:54.516+0000 7f3a9a331700 1 --2- 172.21.15.49:0/571960437 >> [v2:172.21.15.49:3300/0,v1:172.21.15.49:6789/0] conn(0x7f3a940fe5a0 0x7f3a9410be00 secure :-1 s=READY pgs=48 cs=0 l=1 rev1=1 rx=0x7f3a84006ba0 tx=0x7f3a840090f0).stop
2024-02-22T00:24:54.522 INFO:teuthology.orchestra.run.smithi049.stderr:/usr/bin/ceph:
2024-02-22T00:24:54.517+0000 7f3a9a331700 1 -- 172.21.15.49:0/571960437 shutdown_connections
2024-02-22T00:24:54.522 INFO:teuthology.orchestra.run.smithi049.stderr:/usr/bin/ceph:
2024-02-22T00:24:54.517+0000 7f3a9a331700 1 --2- 172.21.15.49:0/571960437 >> [v2:172.21.15.49:6800/2503465771,v1:172.21.15.49:6801/2503465771] conn(0x7f3a7c032610 0x7f3a7c034ad0 unknown :-1 s=CLOSED pgs=14 cs=0 l=1 rev1=1 rx=0 tx=0).stop
2024-02-22T00:24:54.523 INFO:teuthology.orchestra.run.smithi049.stderr:/usr/bin/ceph:
2024-02-22T00:24:54.517+0000 7f3a9a331700 1 --2- 172.21.15.49:0/571960437 >> [v2:172.21.15.49:3300/0,v1:172.21.15.49:6789/0] conn(0x7f3a940fe5a0 0x7f3a9410be00 unknown :-1 s=CLOSED pgs=48 cs=0 l=1 rev1=1 rx=0 tx=0).stop
2024-02-22T00:24:54.523 INFO:teuthology.orchestra.run.smithi049.stderr:/usr/bin/ceph:
2024-02-22T00:24:54.517+0000 7f3a9a331700 1 -- 172.21.15.49:0/571960437 >> 172.21.15.49:0/571960437 conn(0x7f3a940f6e20 msgr2=0x7f3a940f87a0 unknown :-1 s=STATE_NONE l=0).mark_down
2024-02-22T00:24:54.523 INFO:teuthology.orchestra.run.smithi049.stderr:/usr/bin/ceph:
2024-02-22T00:24:54.517+0000 7f3a9a331700 1 -- 172.21.15.49:0/571960437 shutdown_connections
2024-02-22T00:24:54.523 INFO:teuthology.orchestra.run.smithi049.stderr:/usr/bin/ceph:
2024-02-22T00:24:54.517+0000 7f3a9a331700 1 -- 172.21.15.49:0/571960437 wait complete.
2024-02-22T00:24:55.253 INFO:teuthology.orchestra.run.smithi049.stderr:Deploying grafana service with default placement...
2024-02-22T00:24:55.892 INFO:teuthology.orchestra.run.smithi049.stderr:/usr/bin/ceph:
2024-02-22T00:24:55.883+0000 7f7560688700 1 Processor -- start
2024-02-22T00:24:55.892 INFO:teuthology.orchestra.run.smithi049.stderr:/usr/bin/ceph:
2024-02-22T00:24:55.883+0000 7f7560688700 1 -- start start
2024-02-22T00:24:55.893 INFO:teuthology.orchestra.run.smithi049.stderr:/usr/bin/ceph:
2024-02-22T00:24:55.883+0000 7f7560688700 1 --2- >> [v2:172.21.15.49:3300/0,v1:172.21.15.49:6789/0] conn(0x7f7558071c60 0x7f75580ffc30 unknown :-1 s=NONE pgs=0 cs=0 l=0 rev1=0 rx=0 tx=0).connect
2024-02-22T00:24:55.893 INFO:teuthology.orchestra.run.smithi049.stderr:/usr/bin/ceph:
2024-02-22T00:24:55.883+0000 7f7560688700 1 -- --> [v2:172.21.15.49:3300/0,v1:172.21.15.49:6789/0] -- mon_getmap magic: 0 v1 -- 0x7f7558100120 con 0x7f7558071c60
2024-02-22T00:24:55.893 INFO:teuthology.orchestra.run.smithi049.stderr:/usr/bin/ceph:
2024-02-22T00:24:55.883+0000 7f755e424700 1 --2- >> [v2:172.21.15.49:3300/0,v1:172.21.15.49:6789/0] conn(0x7f7558071c60 0x7f75580ffc30 unknown :-1 s=BANNER_CONNECTING pgs=0 cs=0 l=0 rev1=0 rx=0 tx=0)._handle_peer_banner_payload supported=1 required=0
2024-02-22T00:24:55.893 INFO:teuthology.orchestra.run.smithi049.stderr:/usr/bin/ceph:
2024-02-22T00:24:55.884+0000 7f755e424700 1 --2- >> [v2:172.21.15.49:3300/0,v1:172.21.15.49:6789/0] conn(0x7f7558071c60 0x7f75580ffc30 unknown :-1 s=HELLO_CONNECTING pgs=0 cs=0 l=0 rev1=1 rx=0 tx=0).handle_hello peer v2:172.21.15.49:3300/0 says I am v2:172.21.15.49:54592/0 (socket says 172.21.15.49:54592)
2024-02-22T00:24:55.893 INFO:teuthology.orchestra.run.smithi049.stderr:/usr/bin/ceph:
2024-02-22T00:24:55.884+0000 7f755e424700 1 -- 172.21.15.49:0/1462803855 learned_addr learned my addr 172.21.15.49:0/1462803855 (peer_addr_for_me v2:172.21.15.49:0/0)
2024-02-22T00:24:55.893 INFO:teuthology.orchestra.run.smithi049.stderr:/usr/bin/ceph:
2024-02-22T00:24:55.884+0000 7f755e424700 1 -- 172.21.15.49:0/1462803855 --> [v2:172.21.15.49:3300/0,v1:172.21.15.49:6789/0] -- mon_subscribe({config=0+,monmap=0+}) v3 -- 0x7f7558100260 con 0x7f7558071c60
2024-02-22T00:24:55.893 INFO:teuthology.orchestra.run.smithi049.stderr:/usr/bin/ceph:
2024-02-22T00:24:55.884+0000 7f755e424700 1 --2- 172.21.15.49:0/1462803855 >> [v2:172.21.15.49:3300/0,v1:172.21.15.49:6789/0] conn(0x7f7558071c60 0x7f75580ffc30 secure :-1 s=READY pgs=49 cs=0 l=1 rev1=1 rx=0x7f7554009730 tx=0x7f75540090f0).ready entity=mon.0 client_cookie=2e72096347c55434 server_cookie=0 in_seq=0 out_seq=0
2024-02-22T00:24:55.893 INFO:teuthology.orchestra.run.smithi049.stderr:/usr/bin/ceph:
2024-02-22T00:24:55.884+0000 7f755d422700 1 -- 172.21.15.49:0/1462803855 <== mon.0 v2:172.21.15.49:3300/0 1 ==== mon_map magic: 0 v1 ==== 229+0+0 (secure 0 0 0) 0x7f755400b6e0 con 0x7f7558071c60
2024-02-22T00:24:55.893 INFO:teuthology.orchestra.run.smithi049.stderr:/usr/bin/ceph:
2024-02-22T00:24:55.884+0000 7f755d422700 1 -- 172.21.15.49:0/1462803855 <== mon.0 v2:172.21.15.49:3300/0 2 ==== config(25 keys) v1 ==== 1046+0+0 (secure 0 0 0) 0x7f755400bcd0 con 0x7f7558071c60
2024-02-22T00:24:55.893 INFO:teuthology.orchestra.run.smithi049.stderr:/usr/bin/ceph:
2024-02-22T00:24:55.884+0000 7f755d422700 1 -- 172.21.15.49:0/1462803855 <== mon.0 v2:172.21.15.49:3300/0 3 ==== mon_map magic: 0 v1 ==== 229+0+0 (secure 0 0 0) 0x7f7554011cb0 con 0x7f7558071c60
2024-02-22T00:24:55.893 INFO:teuthology.orchestra.run.smithi049.stderr:/usr/bin/ceph:
2024-02-22T00:24:55.885+0000 7f7560688700 1 -- 172.21.15.49:0/1462803855 >> [v2:172.21.15.49:3300/0,v1:172.21.15.49:6789/0] conn(0x7f7558071c60 msgr2=0x7f75580ffc30 secure :-1 s=STATE_CONNECTION_ESTABLISHED l=1).mark_down
2024-02-22T00:24:55.893 INFO:teuthology.orchestra.run.smithi049.stderr:/usr/bin/ceph:
2024-02-22T00:24:55.885+0000 7f7560688700 1 --2- 172.21.15.49:0/1462803855 >> [v2:172.21.15.49:3300/0,v1:172.21.15.49:6789/0] conn(0x7f7558071c60 0x7f75580ffc30 secure :-1 s=READY pgs=49 cs=0 l=1 rev1=1 rx=0x7f7554009730 tx=0x7f75540090f0).stop
2024-02-22T00:24:55.893 INFO:teuthology.orchestra.run.smithi049.stderr:/usr/bin/ceph:
2024-02-22T00:24:55.885+0000 7f7560688700 1 -- 172.21.15.49:0/1462803855 shutdown_connections
2024-02-22T00:24:55.894 INFO:teuthology.orchestra.run.smithi049.stderr:/usr/bin/ceph:
2024-02-22T00:24:55.885+0000 7f7560688700 1 --2- 172.21.15.49:0/1462803855 >> [v2:172.21.15.49:3300/0,v1:172.21.15.49:6789/0] conn(0x7f7558071c60 0x7f75580ffc30 unknown :-1 s=CLOSED pgs=49 cs=0 l=1 rev1=1 rx=0 tx=0).stop
2024-02-22T00:24:55.894 INFO:teuthology.orchestra.run.smithi049.stderr:/usr/bin/ceph:
2024-02-22T00:24:55.885+0000 7f7560688700 1 -- 172.21.15.49:0/1462803855 >> 172.21.15.49:0/1462803855 conn(0x7f75580f76f0 msgr2=0x7f75580f9b10 unknown :-1 s=STATE_NONE l=0).mark_down
2024-02-22T00:24:55.894 INFO:teuthology.orchestra.run.smithi049.stderr:/usr/bin/ceph:
2024-02-22T00:24:55.885+0000 7f7560688700 1 -- 172.21.15.49:0/1462803855 shutdown_connections
2024-02-22T00:24:55.894 INFO:teuthology.orchestra.run.smithi049.stderr:/usr/bin/ceph:
2024-02-22T00:24:55.885+0000 7f7560688700 1 -- 172.21.15.49:0/1462803855 wait complete.
2024-02-22T00:24:55.894 INFO:teuthology.orchestra.run.smithi049.stderr:/usr/bin/ceph:
2024-02-22T00:24:55.886+0000 7f7560688700 1 Processor -- start
2024-02-22T00:24:55.894 INFO:teuthology.orchestra.run.smithi049.stderr:/usr/bin/ceph:
2024-02-22T00:24:55.886+0000 7f7560688700 1 -- start start
2024-02-22T00:24:55.894 INFO:teuthology.orchestra.run.smithi049.stderr:/usr/bin/ceph:
2024-02-22T00:24:55.886+0000 7f7560688700 1 --2- >> [v2:172.21.15.49:3300/0,v1:172.21.15.49:6789/0] conn(0x7f7558071c60 0x7f755810bea0 unknown :-1 s=NONE pgs=0 cs=0 l=1 rev1=0 rx=0 tx=0).connect
2024-02-22T00:24:55.894 INFO:teuthology.orchestra.run.smithi049.stderr:/usr/bin/ceph:
2024-02-22T00:24:55.886+0000 7f7560688700 1 -- --> [v2:172.21.15.49:3300/0,v1:172.21.15.49:6789/0] -- mon_getmap magic: 0 v1 -- 0x7f755810c390 con 0x7f7558071c60
2024-02-22T00:24:55.894 INFO:teuthology.orchestra.run.smithi049.stderr:/usr/bin/ceph:
2024-02-22T00:24:55.886+0000 7f755e424700 1 --2- >> [v2:172.21.15.49:3300/0,v1:172.21.15.49:6789/0] conn(0x7f7558071c60 0x7f755810bea0 unknown :-1 s=BANNER_CONNECTING pgs=0 cs=0 l=1 rev1=0 rx=0 tx=0)._handle_peer_banner_payload supported=1 required=0
2024-02-22T00:24:55.894 INFO:teuthology.orchestra.run.smithi049.stderr:/usr/bin/ceph:
2024-02-22T00:24:55.886+0000 7f755e424700 1 --2- >> [v2:172.21.15.49:3300/0,v1:172.21.15.49:6789/0] conn(0x7f7558071c60 0x7f755810bea0 unknown :-1 s=HELLO_CONNECTING pgs=0 cs=0 l=1 rev1=1 rx=0 tx=0).handle_hello peer v2:172.21.15.49:3300/0 says I am v2:172.21.15.49:54600/0 (socket says 172.21.15.49:54600)
2024-02-22T00:24:55.895 INFO:teuthology.orchestra.run.smithi049.stderr:/usr/bin/ceph:
2024-02-22T00:24:55.886+0000 7f755e424700 1 -- 172.21.15.49:0/1833420871 learned_addr learned my addr 172.21.15.49:0/1833420871 (peer_addr_for_me v2:172.21.15.49:0/0)
2024-02-22T00:24:55.895 INFO:teuthology.orchestra.run.smithi049.stderr:/usr/bin/ceph:
2024-02-22T00:24:55.886+0000 7f755e424700 1 -- 172.21.15.49:0/1833420871 --> [v2:172.21.15.49:3300/0,v1:172.21.15.49:6789/0] -- mon_subscribe({config=0+,monmap=0+}) v3 -- 0x7f7554009370 con 0x7f7558071c60
2024-02-22T00:24:55.895 INFO:teuthology.orchestra.run.smithi049.stderr:/usr/bin/ceph:
2024-02-22T00:24:55.886+0000 7f755e424700 1 --2- 172.21.15.49:0/1833420871 >> [v2:172.21.15.49:3300/0,v1:172.21.15.49:6789/0] conn(0x7f7558071c60 0x7f755810bea0 secure :-1 s=READY pgs=50 cs=0 l=1 rev1=1 rx=0x7f75540118b0 tx=0x7f75540090f0).ready entity=mon.0 client_cookie=0 server_cookie=0 in_seq=0 out_seq=0
2024-02-22T00:24:55.895 INFO:teuthology.orchestra.run.smithi049.stderr:/usr/bin/ceph:
2024-02-22T00:24:55.887+0000 7f754f7fe700 1 -- 172.21.15.49:0/1833420871 <== mon.0 v2:172.21.15.49:3300/0 1 ==== mon_map magic: 0 v1 ==== 229+0+0 (secure 0 0 0) 0x7f755400bad0 con 0x7f7558071c60
2024-02-22T00:24:55.895 INFO:teuthology.orchestra.run.smithi049.stderr:/usr/bin/ceph:
2024-02-22T00:24:55.887+0000 7f754f7fe700 1 -- 172.21.15.49:0/1833420871 <== mon.0 v2:172.21.15.49:3300/0 2 ==== config(25 keys) v1 ==== 1046+0+0 (secure 0 0 0) 0x7f7554011ad0 con 0x7f7558071c60
2024-02-22T00:24:55.895 INFO:teuthology.orchestra.run.smithi049.stderr:/usr/bin/ceph:
2024-02-22T00:24:55.887+0000 7f7560688700 1 -- 172.21.15.49:0/1833420871 --> [v2:172.21.15.49:3300/0,v1:172.21.15.49:6789/0] -- mon_subscribe({mgrmap=0+}) v3 -- 0x7f755810c590 con 0x7f7558071c60
2024-02-22T00:24:55.895 INFO:teuthology.orchestra.run.smithi049.stderr:/usr/bin/ceph:
2024-02-22T00:24:55.887+0000 7f754f7fe700 1 -- 172.21.15.49:0/1833420871 <== mon.0 v2:172.21.15.49:3300/0 3 ==== mon_map magic: 0 v1 ==== 229+0+0 (secure 0 0 0) 0x7f755401aa50 con 0x7f7558071c60
2024-02-22T00:24:55.895 INFO:teuthology.orchestra.run.smithi049.stderr:/usr/bin/ceph:
2024-02-22T00:24:55.887+0000 7f7560688700 1 -- 172.21.15.49:0/1833420871 --> [v2:172.21.15.49:3300/0,v1:172.21.15.49:6789/0] -- mon_subscribe({osdmap=0}) v3 -- 0x7f755810c9a0 con 0x7f7558071c60
2024-02-22T00:24:55.895 INFO:teuthology.orchestra.run.smithi049.stderr:/usr/bin/ceph:
2024-02-22T00:24:55.888+0000 7f754f7fe700 1 -- 172.21.15.49:0/1833420871 <== mon.0 v2:172.21.15.49:3300/0 4 ==== mgrmap(e 8) v1 ==== 38632+0+0 (secure 0 0 0) 0x7f755401acc0 con 0x7f7558071c60
2024-02-22T00:24:55.895 INFO:teuthology.orchestra.run.smithi049.stderr:/usr/bin/ceph:
2024-02-22T00:24:55.888+0000 7f754f7fe700 1 --2- 172.21.15.49:0/1833420871 >> [v2:172.21.15.49:6800/2503465771,v1:172.21.15.49:6801/2503465771] conn(0x7f7544032660 0x7f7544034b20 unknown :-1 s=NONE pgs=0 cs=0 l=1 rev1=0 rx=0 tx=0).connect
2024-02-22T00:24:55.895 INFO:teuthology.orchestra.run.smithi049.stderr:/usr/bin/ceph:
2024-02-22T00:24:55.888+0000 7f754f7fe700 1 -- 172.21.15.49:0/1833420871 <== mon.0 v2:172.21.15.49:3300/0 5 ==== osd_map(2..2 src has 1..2) v4 ==== 893+0+0 (secure 0 0 0) 0x7f7554044a50 con 0x7f7558071c60
2024-02-22T00:24:55.895 INFO:teuthology.orchestra.run.smithi049.stderr:/usr/bin/ceph:
2024-02-22T00:24:55.888+0000 7f755dc23700 1 --2- 172.21.15.49:0/1833420871 >> [v2:172.21.15.49:6800/2503465771,v1:172.21.15.49:6801/2503465771] conn(0x7f7544032660 0x7f7544034b20 unknown :-1 s=BANNER_CONNECTING pgs=0 cs=0 l=1 rev1=0 rx=0 tx=0)._handle_peer_banner_payload supported=1 required=0
2024-02-22T00:24:55.895 INFO:teuthology.orchestra.run.smithi049.stderr:/usr/bin/ceph:
2024-02-22T00:24:55.888+0000 7f7560688700 1 -- 172.21.15.49:0/1833420871 --> [v2:172.21.15.49:3300/0,v1:172.21.15.49:6789/0] -- mon_command({"prefix": "get_command_descriptions"} v 0) v1 -- 0x7f7558046ce0 con 0x7f7558071c60
2024-02-22T00:24:55.895 INFO:teuthology.orchestra.run.smithi049.stderr:/usr/bin/ceph:
2024-02-22T00:24:55.888+0000 7f755dc23700 1 --2- 172.21.15.49:0/1833420871 >> [v2:172.21.15.49:6800/2503465771,v1:172.21.15.49:6801/2503465771] conn(0x7f7544032660 0x7f7544034b20 secure :-1 s=READY pgs=15 cs=0 l=1 rev1=1 rx=0x7f7548009780 tx=0x7f7548006cc0).ready entity=mgr.14116 client_cookie=0 server_cookie=0 in_seq=0 out_seq=0
2024-02-22T00:24:55.897 INFO:teuthology.orchestra.run.smithi049.stderr:/usr/bin/ceph:
2024-02-22T00:24:55.893+0000 7f754f7fe700 1 -- 172.21.15.49:0/1833420871 <== mon.0 v2:172.21.15.49:3300/0 6 ==== mon_command_ack([{"prefix": "get_command_descriptions"}]=0 v0) v1 ==== 72+0+163658 (secure 0 0 0) 0x7f755401e020 con 0x7f7558071c60
2024-02-22T00:24:55.930 INFO:journalctl@ceph.mon.smithi049.smithi049.stdout:Feb 22 00:24:55 smithi049 ceph-9923b37e-d118-11ee-95bd-87774f69a715-mon-smithi049[67324]: audit
2024-02-22T00:24:54.512735+0000 mgr.smithi049.rjblpr (mgr.14116) 17 : audit [DBG] from='client.14142 -' entity='client.admin' cmd=[{"prefix": "orch apply", "service_type": "prometheus", "target": ["mon-mgr", ""]}]: dispatch
2024-02-22T00:24:55.930 INFO:journalctl@ceph.mon.smithi049.smithi049.stdout:Feb 22 00:24:55 smithi049 ceph-9923b37e-d118-11ee-95bd-87774f69a715-mon-smithi049[67324]: cephadm
2024-02-22T00:24:54.513593+0000 mgr.smithi049.rjblpr (mgr.14116) 18 : cephadm [INF] Saving service prometheus spec with placement count:1
2024-02-22T00:24:55.930 INFO:journalctl@ceph.mon.smithi049.smithi049.stdout:Feb 22 00:24:55 smithi049 ceph-9923b37e-d118-11ee-95bd-87774f69a715-mon-smithi049[67324]: audit
2024-02-22T00:24:54.515841+0000 mon.smithi049 (mon.0) 60 : audit [INF] from='mgr.14116 172.21.15.49:0/841016773' entity='mgr.smithi049.rjblpr'
2024-02-22T00:24:56.089 INFO:teuthology.orchestra.run.smithi049.stderr:/usr/bin/ceph:
2024-02-22T00:24:56.085+0000 7f7560688700 1 -- 172.21.15.49:0/1833420871 --> [v2:172.21.15.49:6800/2503465771,v1:172.21.15.49:6801/2503465771] -- mgr_command(tid 0: {"prefix": "orch apply", "service_type": "grafana", "target": ["mon-mgr", ""]}) v1 -- 0x7f755810de60 con 0x7f7544032660
2024-02-22T00:24:56.095 INFO:teuthology.orchestra.run.smithi049.stderr:/usr/bin/ceph:
2024-02-22T00:24:56.090+0000 7f754f7fe700 1 -- 172.21.15.49:0/1833420871 <== mgr.14116 v2:172.21.15.49:6800/2503465771 1 ==== mgr_command_reply(tid 0: 0 ) v1 ==== 8+0+28 (secure 0 0 0) 0x7f755810de60 con 0x7f7544032660
2024-02-22T00:24:56.095 INFO:teuthology.orchestra.run.smithi049.stderr:/usr/bin/ceph: Scheduled grafana update...
2024-02-22T00:24:56.099 INFO:teuthology.orchestra.run.smithi049.stderr:/usr/bin/ceph:
2024-02-22T00:24:56.092+0000 7f7560688700 1 -- 172.21.15.49:0/1833420871 >> [v2:172.21.15.49:6800/2503465771,v1:172.21.15.49:6801/2503465771] conn(0x7f7544032660 msgr2=0x7f7544034b20 secure :-1 s=STATE_CONNECTION_ESTABLISHED l=1).mark_down
2024-02-22T00:24:56.099 INFO:teuthology.orchestra.run.smithi049.stderr:/usr/bin/ceph:
2024-02-22T00:24:56.092+0000 7f7560688700 1 --2- 172.21.15.49:0/1833420871 >> [v2:172.21.15.49:6800/2503465771,v1:172.21.15.49:6801/2503465771] conn(0x7f7544032660 0x7f7544034b20 secure :-1 s=READY pgs=15 cs=0 l=1 rev1=1 rx=0x7f7548009780 tx=0x7f7548006cc0).stop
2024-02-22T00:24:56.099 INFO:teuthology.orchestra.run.smithi049.stderr:/usr/bin/ceph:
2024-02-22T00:24:56.092+0000 7f7560688700 1 -- 172.21.15.49:0/1833420871 >> [v2:172.21.15.49:3300/0,v1:172.21.15.49:6789/0] conn(0x7f7558071c60 msgr2=0x7f755810bea0 secure :-1 s=STATE_CONNECTION_ESTABLISHED l=1).mark_down
2024-02-22T00:24:56.099 INFO:teuthology.orchestra.run.smithi049.stderr:/usr/bin/ceph:
2024-02-22T00:24:56.092+0000 7f7560688700 1 --2- 172.21.15.49:0/1833420871 >> [v2:172.21.15.49:3300/0,v1:172.21.15.49:6789/0] conn(0x7f7558071c60 0x7f755810bea0 secure :-1 s=READY pgs=50 cs=0 l=1 rev1=1 rx=0x7f75540118b0 tx=0x7f75540090f0).stop
2024-02-22T00:24:56.099 INFO:teuthology.orchestra.run.smithi049.stderr:/usr/bin/ceph:
2024-02-22T00:24:56.092+0000 7f7560688700 1 -- 172.21.15.49:0/1833420871 shutdown_connections
2024-02-22T00:24:56.100 INFO:teuthology.orchestra.run.smithi049.stderr:/usr/bin/ceph:
2024-02-22T00:24:56.092+0000 7f7560688700 1 --2- 172.21.15.49:0/1833420871 >> [v2:172.21.15.49:6800/2503465771,v1:172.21.15.49:6801/2503465771] conn(0x7f7544032660 0x7f7544034b20 unknown :-1 s=CLOSED pgs=15 cs=0 l=1 rev1=1 rx=0 tx=0).stop
2024-02-22T00:24:56.100 INFO:teuthology.orchestra.run.smithi049.stderr:/usr/bin/ceph:
2024-02-22T00:24:56.092+0000 7f7560688700 1 --2- 172.21.15.49:0/1833420871 >> [v2:172.21.15.49:3300/0,v1:172.21.15.49:6789/0] conn(0x7f7558071c60 0x7f755810bea0 unknown :-1 s=CLOSED pgs=50 cs=0 l=1 rev1=1 rx=0 tx=0).stop
2024-02-22T00:24:56.100 INFO:teuthology.orchestra.run.smithi049.stderr:/usr/bin/ceph:
2024-02-22T00:24:56.092+0000 7f7560688700 1 -- 172.21.15.49:0/1833420871 >> 172.21.15.49:0/1833420871 conn(0x7f75580f76f0 msgr2=0x7f75580f9140 unknown :-1 s=STATE_NONE l=0).mark_down
2024-02-22T00:24:56.100 INFO:teuthology.orchestra.run.smithi049.stderr:/usr/bin/ceph:
2024-02-22T00:24:56.092+0000 7f7560688700 1 -- 172.21.15.49:0/1833420871 shutdown_connections
2024-02-22T00:24:56.100 INFO:teuthology.orchestra.run.smithi049.stderr:/usr/bin/ceph:
2024-02-22T00:24:56.092+0000 7f7560688700 1 -- 172.21.15.49:0/1833420871 wait complete.
2024-02-22T00:24:56.930 INFO:journalctl@ceph.mon.smithi049.smithi049.stdout:Feb 22 00:24:56 smithi049 ceph-9923b37e-d118-11ee-95bd-87774f69a715-mon-smithi049[67324]: audit
2024-02-22T00:24:55.816451+0000 mon.smithi049 (mon.0) 61 : audit [INF] from='mgr.14116 172.21.15.49:0/841016773' entity='mgr.smithi049.rjblpr'
2024-02-22T00:24:56.930 INFO:journalctl@ceph.mon.smithi049.smithi049.stdout:Feb 22 00:24:56 smithi049 ceph-9923b37e-d118-11ee-95bd-87774f69a715-mon-smithi049[67324]: audit
2024-02-22T00:24:56.087255+0000 mgr.smithi049.rjblpr (mgr.14116) 19 : audit [DBG] from='client.14144 -' entity='client.admin' cmd=[{"prefix": "orch apply", "service_type": "grafana", "target": ["mon-mgr", ""]}]: dispatch
2024-02-22T00:24:56.930 INFO:journalctl@ceph.mon.smithi049.smithi049.stdout:Feb 22 00:24:56 smithi049 ceph-9923b37e-d118-11ee-95bd-87774f69a715-mon-smithi049[67324]: cephadm
2024-02-22T00:24:56.088085+0000 mgr.smithi049.rjblpr (mgr.14116) 20 : cephadm [INF] Saving service grafana spec with placement count:1
2024-02-22T00:24:56.930 INFO:journalctl@ceph.mon.smithi049.smithi049.stdout:Feb 22 00:24:56 smithi049 ceph-9923b37e-d118-11ee-95bd-87774f69a715-mon-smithi049[67324]: audit
2024-02-22T00:24:56.090626+0000 mon.smithi049 (mon.0) 62 : audit [INF] from='mgr.14116 172.21.15.49:0/841016773' entity='mgr.smithi049.rjblpr'
2024-02-22T00:24:57.576 INFO:teuthology.orchestra.run.smithi049.stderr:Deploying node-exporter service with default placement...
2024-02-22T00:24:58.147 INFO:teuthology.orchestra.run.smithi049.stderr:/usr/bin/ceph:
2024-02-22T00:24:58.133+0000 7f352ffff700 1 Processor -- start
2024-02-22T00:24:58.148 INFO:teuthology.orchestra.run.smithi049.stderr:/usr/bin/ceph:
2024-02-22T00:24:58.133+0000 7f352ffff700 1 -- start start
2024-02-22T00:24:58.148 INFO:teuthology.orchestra.run.smithi049.stderr:/usr/bin/ceph:
2024-02-22T00:24:58.133+0000 7f352ffff700 1 --2- >> [v2:172.21.15.49:3300/0,v1:172.21.15.49:6789/0] conn(0x7f35300fe510 0x7f35300fe930 unknown :-1 s=NONE pgs=0 cs=0 l=0 rev1=0 rx=0 tx=0).connect
2024-02-22T00:24:58.148 INFO:teuthology.orchestra.run.smithi049.stderr:/usr/bin/ceph:
2024-02-22T00:24:58.133+0000 7f352ffff700 1 -- --> [v2:172.21.15.49:3300/0,v1:172.21.15.49:6789/0] -- mon_getmap magic: 0 v1 -- 0x7f35300fee20 con 0x7f35300fe510
2024-02-22T00:24:58.148 INFO:teuthology.orchestra.run.smithi049.stderr:/usr/bin/ceph:
2024-02-22T00:24:58.133+0000 7f352effd700 1 --2- >> [v2:172.21.15.49:3300/0,v1:172.21.15.49:6789/0] conn(0x7f35300fe510 0x7f35300fe930 unknown :-1 s=BANNER_CONNECTING pgs=0 cs=0 l=0 rev1=0 rx=0 tx=0)._handle_peer_banner_payload supported=1 required=0
2024-02-22T00:24:58.148 INFO:teuthology.orchestra.run.smithi049.stderr:/usr/bin/ceph:
2024-02-22T00:24:58.133+0000 7f352effd700 1 --2- >> [v2:172.21.15.49:3300/0,v1:172.21.15.49:6789/0] conn(0x7f35300fe510 0x7f35300fe930 unknown :-1 s=HELLO_CONNECTING pgs=0 cs=0 l=0 rev1=1 rx=0 tx=0).handle_hello peer v2:172.21.15.49:3300/0 says I am v2:172.21.15.49:54612/0 (socket says 172.21.15.49:54612)
2024-02-22T00:24:58.148 INFO:teuthology.orchestra.run.smithi049.stderr:/usr/bin/ceph:
2024-02-22T00:24:58.133+0000 7f352effd700 1 -- 172.21.15.49:0/3336295055 learned_addr learned my addr 172.21.15.49:0/3336295055 (peer_addr_for_me v2:172.21.15.49:0/0)
2024-02-22T00:24:58.148 INFO:teuthology.orchestra.run.smithi049.stderr:/usr/bin/ceph:
2024-02-22T00:24:58.134+0000 7f352effd700 1 -- 172.21.15.49:0/3336295055 --> [v2:172.21.15.49:3300/0,v1:172.21.15.49:6789/0] -- mon_subscribe({config=0+,monmap=0+}) v3 -- 0x7f35300fef60 con 0x7f35300fe510
2024-02-22T00:24:58.148 INFO:teuthology.orchestra.run.smithi049.stderr:/usr/bin/ceph:
2024-02-22T00:24:58.134+0000 7f352effd700 1 --2- 172.21.15.49:0/3336295055 >> [v2:172.21.15.49:3300/0,v1:172.21.15.49:6789/0] conn(0x7f35300fe510 0x7f35300fe930 secure :-1 s=READY pgs=51 cs=0 l=1 rev1=1 rx=0x7f3518009730 tx=0x7f35180090f0).ready entity=mon.0 client_cookie=81b04fcc35cec58a server_cookie=0 in_seq=0 out_seq=0
2024-02-22T00:24:58.148 INFO:teuthology.orchestra.run.smithi049.stderr:/usr/bin/ceph:
2024-02-22T00:24:58.134+0000 7f352dffb700 1 -- 172.21.15.49:0/3336295055 <== mon.0 v2:172.21.15.49:3300/0 1 ==== mon_map magic: 0 v1 ==== 229+0+0 (secure 0 0 0) 0x7f351800b6e0 con 0x7f35300fe510
2024-02-22T00:24:58.148 INFO:teuthology.orchestra.run.smithi049.stderr:/usr/bin/ceph:
2024-02-22T00:24:58.134+0000 7f352dffb700 1 -- 172.21.15.49:0/3336295055 <== mon.0 v2:172.21.15.49:3300/0 2 ==== config(25 keys) v1 ==== 1046+0+0 (secure 0 0 0) 0x7f351800bcd0 con 0x7f35300fe510
2024-02-22T00:24:58.148 INFO:teuthology.orchestra.run.smithi049.stderr:/usr/bin/ceph:
2024-02-22T00:24:58.134+0000 7f352dffb700 1 -- 172.21.15.49:0/3336295055 <== mon.0 v2:172.21.15.49:3300/0 3 ==== mon_map magic: 0 v1 ==== 229+0+0 (secure 0 0 0) 0x7f3518011cb0 con 0x7f35300fe510
2024-02-22T00:24:58.148 INFO:teuthology.orchestra.run.smithi049.stderr:/usr/bin/ceph:
2024-02-22T00:24:58.134+0000 7f352ffff700 1 -- 172.21.15.49:0/3336295055 >> [v2:172.21.15.49:3300/0,v1:172.21.15.49:6789/0] conn(0x7f35300fe510 msgr2=0x7f35300fe930 secure :-1 s=STATE_CONNECTION_ESTABLISHED l=1).mark_down
2024-02-22T00:24:58.149 INFO:teuthology.orchestra.run.smithi049.stderr:/usr/bin/ceph:
2024-02-22T00:24:58.134+0000 7f352ffff700 1 --2- 172.21.15.49:0/3336295055 >> [v2:172.21.15.49:3300/0,v1:172.21.15.49:6789/0] conn(0x7f35300fe510 0x7f35300fe930 secure :-1 s=READY pgs=51 cs=0 l=1 rev1=1 rx=0x7f3518009730 tx=0x7f35180090f0).stop
2024-02-22T00:24:58.149 INFO:teuthology.orchestra.run.smithi049.stderr:/usr/bin/ceph:
2024-02-22T00:24:58.135+0000 7f352ffff700 1 -- 172.21.15.49:0/3336295055 shutdown_connections
2024-02-22T00:24:58.149 INFO:teuthology.orchestra.run.smithi049.stderr:/usr/bin/ceph:
2024-02-22T00:24:58.135+0000 7f352ffff700 1 --2- 172.21.15.49:0/3336295055 >> [v2:172.21.15.49:3300/0,v1:172.21.15.49:6789/0] conn(0x7f35300fe510 0x7f35300fe930 unknown :-1 s=CLOSED pgs=51 cs=0 l=1 rev1=1 rx=0 tx=0).stop
2024-02-22T00:24:58.149 INFO:teuthology.orchestra.run.smithi049.stderr:/usr/bin/ceph:
2024-02-22T00:24:58.135+0000 7f352ffff700 1 -- 172.21.15.49:0/3336295055 >> 172.21.15.49:0/3336295055 conn(0x7f35300f6cb0 msgr2=0x7f35300f90d0 unknown :-1 s=STATE_NONE l=0).mark_down
2024-02-22T00:24:58.149 INFO:teuthology.orchestra.run.smithi049.stderr:/usr/bin/ceph:
2024-02-22T00:24:58.135+0000 7f352ffff700 1 -- 172.21.15.49:0/3336295055 shutdown_connections
2024-02-22T00:24:58.149 INFO:teuthology.orchestra.run.smithi049.stderr:/usr/bin/ceph:
2024-02-22T00:24:58.135+0000 7f352ffff700 1 -- 172.21.15.49:0/3336295055 wait complete.
2024-02-22T00:24:58.149 INFO:teuthology.orchestra.run.smithi049.stderr:/usr/bin/ceph:
2024-02-22T00:24:58.135+0000 7f352ffff700 1 Processor -- start
2024-02-22T00:24:58.149 INFO:teuthology.orchestra.run.smithi049.stderr:/usr/bin/ceph:
2024-02-22T00:24:58.135+0000 7f352ffff700 1 -- start start
2024-02-22T00:24:58.149 INFO:teuthology.orchestra.run.smithi049.stderr:/usr/bin/ceph:
2024-02-22T00:24:58.136+0000 7f352ffff700 1 --2- >> [v2:172.21.15.49:3300/0,v1:172.21.15.49:6789/0] conn(0x7f35300fe510 0x7f353010bbc0 unknown :-1 s=NONE pgs=0 cs=0 l=1 rev1=0 rx=0 tx=0).connect
2024-02-22T00:24:58.149 INFO:teuthology.orchestra.run.smithi049.stderr:/usr/bin/ceph:
2024-02-22T00:24:58.136+0000 7f352ffff700 1 -- --> [v2:172.21.15.49:3300/0,v1:172.21.15.49:6789/0] -- mon_getmap magic: 0 v1 -- 0x7f353010c0b0 con 0x7f35300fe510
2024-02-22T00:24:58.149 INFO:teuthology.orchestra.run.smithi049.stderr:/usr/bin/ceph:
2024-02-22T00:24:58.136+0000 7f352effd700 1 --2- >> [v2:172.21.15.49:3300/0,v1:172.21.15.49:6789/0] conn(0x7f35300fe510 0x7f353010bbc0 unknown :-1 s=BANNER_CONNECTING pgs=0 cs=0 l=1 rev1=0 rx=0 tx=0)._handle_peer_banner_payload supported=1 required=0
2024-02-22T00:24:58.149 INFO:teuthology.orchestra.run.smithi049.stderr:/usr/bin/ceph:
2024-02-22T00:24:58.136+0000 7f352effd700 1 --2- >> [v2:172.21.15.49:3300/0,v1:172.21.15.49:6789/0] conn(0x7f35300fe510 0x7f353010bbc0 unknown :-1 s=HELLO_CONNECTING pgs=0 cs=0 l=1 rev1=1 rx=0 tx=0).handle_hello peer v2:172.21.15.49:3300/0 says I am v2:172.21.15.49:54616/0 (socket says 172.21.15.49:54616)
2024-02-22T00:24:58.149 INFO:teuthology.orchestra.run.smithi049.stderr:/usr/bin/ceph:
2024-02-22T00:24:58.136+0000 7f352effd700 1 -- 172.21.15.49:0/1464012296 learned_addr learned my addr 172.21.15.49:0/1464012296 (peer_addr_for_me v2:172.21.15.49:0/0)
2024-02-22T00:24:58.150 INFO:teuthology.orchestra.run.smithi049.stderr:/usr/bin/ceph:
2024-02-22T00:24:58.136+0000 7f352effd700 1 -- 172.21.15.49:0/1464012296 --> [v2:172.21.15.49:3300/0,v1:172.21.15.49:6789/0] -- mon_subscribe({config=0+,monmap=0+}) v3 -- 0x7f3518009370 con 0x7f35300fe510
2024-02-22T00:24:58.150 INFO:teuthology.orchestra.run.smithi049.stderr:/usr/bin/ceph:
2024-02-22T00:24:58.136+0000 7f352effd700 1 --2- 172.21.15.49:0/1464012296 >> [v2:172.21.15.49:3300/0,v1:172.21.15.49:6789/0] conn(0x7f35300fe510 0x7f353010bbc0 secure :-1 s=READY pgs=52 cs=0 l=1 rev1=1 rx=0x7f3518006ba0 tx=0x7f35180090f0).ready entity=mon.0 client_cookie=0 server_cookie=0 in_seq=0 out_seq=0
2024-02-22T00:24:58.150 INFO:teuthology.orchestra.run.smithi049.stderr:/usr/bin/ceph:
2024-02-22T00:24:58.136+0000 7f3527fff700 1 -- 172.21.15.49:0/1464012296 <== mon.0 v2:172.21.15.49:3300/0 1 ==== mon_map magic: 0 v1 ==== 229+0+0 (secure 0 0 0) 0x7f351801a640 con 0x7f35300fe510
2024-02-22T00:24:58.150 INFO:teuthology.orchestra.run.smithi049.stderr:/usr/bin/ceph:
2024-02-22T00:24:58.136+0000 7f3527fff700 1 -- 172.21.15.49:0/1464012296 <== mon.0 v2:172.21.15.49:3300/0 2 ==== config(25 keys) v1 ==== 1046+0+0 (secure 0 0 0) 0x7f351801ac30 con 0x7f35300fe510
2024-02-22T00:24:58.150 INFO:teuthology.orchestra.run.smithi049.stderr:/usr/bin/ceph:
2024-02-22T00:24:58.136+0000 7f352ffff700 1 -- 172.21.15.49:0/1464012296 --> [v2:172.21.15.49:3300/0,v1:172.21.15.49:6789/0] -- mon_subscribe({mgrmap=0+}) v3 -- 0x7f353010c2b0 con 0x7f35300fe510
2024-02-22T00:24:58.150 INFO:teuthology.orchestra.run.smithi049.stderr:/usr/bin/ceph:
2024-02-22T00:24:58.136+0000 7f3527fff700 1 -- 172.21.15.49:0/1464012296 <== mon.0 v2:172.21.15.49:3300/0 3 ==== mon_map magic: 0 v1 ==== 229+0+0 (secure 0 0 0) 0x7f3518022b60 con 0x7f35300fe510
2024-02-22T00:24:58.150 INFO:teuthology.orchestra.run.smithi049.stderr:/usr/bin/ceph:
2024-02-22T00:24:58.136+0000 7f352ffff700 1 -- 172.21.15.49:0/1464012296 --> [v2:172.21.15.49:3300/0,v1:172.21.15.49:6789/0] -- mon_subscribe({osdmap=0}) v3 -- 0x7f353010c6c0 con 0x7f35300fe510
2024-02-22T00:24:58.150 INFO:teuthology.orchestra.run.smithi049.stderr:/usr/bin/ceph:
2024-02-22T00:24:58.137+0000 7f3527fff700 1 -- 172.21.15.49:0/1464012296 <== mon.0 v2:172.21.15.49:3300/0 4 ==== mgrmap(e 8) v1 ==== 38632+0+0 (secure 0 0 0) 0x7f35180223b0 con 0x7f35300fe510
2024-02-22T00:24:58.150 INFO:teuthology.orchestra.run.smithi049.stderr:/usr/bin/ceph:
2024-02-22T00:24:58.137+0000 7f3527fff700 1 --2- 172.21.15.49:0/1464012296 >> [v2:172.21.15.49:6800/2503465771,v1:172.21.15.49:6801/2503465771] conn(0x7f351c032660 0x7f351c034b20 unknown :-1 s=NONE pgs=0 cs=0 l=1 rev1=0 rx=0 tx=0).connect
2024-02-22T00:24:58.150 INFO:teuthology.orchestra.run.smithi049.stderr:/usr/bin/ceph:
2024-02-22T00:24:58.137+0000 7f352ffff700 1 -- 172.21.15.49:0/1464012296 --> [v2:172.21.15.49:3300/0,v1:172.21.15.49:6789/0] -- mon_command({"prefix": "get_command_descriptions"} v 0) v1 -- 0x7f3530046ce0 con 0x7f35300fe510
2024-02-22T00:24:58.150 INFO:teuthology.orchestra.run.smithi049.stderr:/usr/bin/ceph:
2024-02-22T00:24:58.137+0000 7f3527fff700 1 -- 172.21.15.49:0/1464012296 <== mon.0 v2:172.21.15.49:3300/0 5 ==== osd_map(2..2 src has 1..2) v4 ==== 893+0+0 (secure 0 0 0) 0x7f3518044b80 con 0x7f35300fe510
2024-02-22T00:24:58.150 INFO:teuthology.orchestra.run.smithi049.stderr:/usr/bin/ceph:
2024-02-22T00:24:58.137+0000 7f352e7fc700 1 --2- 172.21.15.49:0/1464012296 >> [v2:172.21.15.49:6800/2503465771,v1:172.21.15.49:6801/2503465771] conn(0x7f351c032660 0x7f351c034b20 unknown :-1 s=BANNER_CONNECTING pgs=0 cs=0 l=1 rev1=0 rx=0 tx=0)._handle_peer_banner_payload supported=1 required=0
2024-02-22T00:24:58.150 INFO:teuthology.orchestra.run.smithi049.stderr:/usr/bin/ceph:
2024-02-22T00:24:58.138+0000 7f352e7fc700 1 --2- 172.21.15.49:0/1464012296 >> [v2:172.21.15.49:6800/2503465771,v1:172.21.15.49:6801/2503465771] conn(0x7f351c032660 0x7f351c034b20 secure :-1 s=READY pgs=16 cs=0 l=1 rev1=1 rx=0x7f3520009780 tx=0x7f3520006cc0).ready entity=mgr.14116 client_cookie=0 server_cookie=0 in_seq=0 out_seq=0
2024-02-22T00:24:58.150 INFO:teuthology.orchestra.run.smithi049.stderr:/usr/bin/ceph:
2024-02-22T00:24:58.142+0000 7f3527fff700 1 -- 172.21.15.49:0/1464012296 <== mon.0 v2:172.21.15.49:3300/0 6 ==== mon_command_ack([{"prefix": "get_command_descriptions"}]=0 v0) v1 ==== 72+0+163658 (secure 0 0 0) 0x7f351801ada0 con 0x7f35300fe510
2024-02-22T00:24:58.332 INFO:teuthology.orchestra.run.smithi049.stderr:/usr/bin/ceph:
2024-02-22T00:24:58.328+0000 7f352ffff700 1 -- 172.21.15.49:0/1464012296 --> [v2:172.21.15.49:6800/2503465771,v1:172.21.15.49:6801/2503465771] -- mgr_command(tid 0: {"prefix": "orch apply", "service_type": "node-exporter", "target": ["mon-mgr", ""]}) v1 -- 0x7f353010cfa0 con 0x7f351c032660
2024-02-22T00:24:58.336 INFO:teuthology.orchestra.run.smithi049.stderr:/usr/bin/ceph:
2024-02-22T00:24:58.332+0000 7f3527fff700 1 -- 172.21.15.49:0/1464012296 <== mgr.14116 v2:172.21.15.49:6800/2503465771 1 ==== mgr_command_reply(tid 0: 0 ) v1 ==== 8+0+34 (secure 0 0 0) 0x7f353010cfa0 con 0x7f351c032660
2024-02-22T00:24:58.336 INFO:teuthology.orchestra.run.smithi049.stderr:/usr/bin/ceph: Scheduled node-exporter update...
2024-02-22T00:24:58.339 INFO:teuthology.orchestra.run.smithi049.stderr:/usr/bin/ceph:
2024-02-22T00:24:58.334+0000 7f352ffff700 1 -- 172.21.15.49:0/1464012296 >> [v2:172.21.15.49:6800/2503465771,v1:172.21.15.49:6801/2503465771] conn(0x7f351c032660 msgr2=0x7f351c034b20 secure :-1 s=STATE_CONNECTION_ESTABLISHED l=1).mark_down
2024-02-22T00:24:58.339 INFO:teuthology.orchestra.run.smithi049.stderr:/usr/bin/ceph:
2024-02-22T00:24:58.334+0000 7f352ffff700 1 --2- 172.21.15.49:0/1464012296 >> [v2:172.21.15.49:6800/2503465771,v1:172.21.15.49:6801/2503465771] conn(0x7f351c032660 0x7f351c034b20 secure :-1 s=READY pgs=16 cs=0 l=1 rev1=1 rx=0x7f3520009780 tx=0x7f3520006cc0).stop
2024-02-22T00:24:58.339 INFO:teuthology.orchestra.run.smithi049.stderr:/usr/bin/ceph:
2024-02-22T00:24:58.334+0000 7f352ffff700 1 -- 172.21.15.49:0/1464012296 >> [v2:172.21.15.49:3300/0,v1:172.21.15.49:6789/0] conn(0x7f35300fe510 msgr2=0x7f353010bbc0 secure :-1 s=STATE_CONNECTION_ESTABLISHED l=1).mark_down
2024-02-22T00:24:58.339 INFO:teuthology.orchestra.run.smithi049.stderr:/usr/bin/ceph:
2024-02-22T00:24:58.334+0000 7f352ffff700 1 --2- 172.21.15.49:0/1464012296 >> [v2:172.21.15.49:3300/0,v1:172.21.15.49:6789/0] conn(0x7f35300fe510 0x7f353010bbc0 secure :-1 s=READY pgs=52 cs=0 l=1 rev1=1 rx=0x7f3518006ba0 tx=0x7f35180090f0).stop
2024-02-22T00:24:58.339 INFO:teuthology.orchestra.run.smithi049.stderr:/usr/bin/ceph:
2024-02-22T00:24:58.334+0000 7f352ffff700 1 -- 172.21.15.49:0/1464012296 shutdown_connections
2024-02-22T00:24:58.339 INFO:teuthology.orchestra.run.smithi049.stderr:/usr/bin/ceph:
2024-02-22T00:24:58.334+0000 7f352ffff700 1 --2- 172.21.15.49:0/1464012296 >> [v2:172.21.15.49:6800/2503465771,v1:172.21.15.49:6801/2503465771] conn(0x7f351c032660 0x7f351c034b20 unknown :-1 s=CLOSED pgs=16 cs=0 l=1 rev1=1 rx=0 tx=0).stop
2024-02-22T00:24:58.339 INFO:teuthology.orchestra.run.smithi049.stderr:/usr/bin/ceph:
2024-02-22T00:24:58.334+0000 7f352ffff700 1 --2- 172.21.15.49:0/1464012296 >> [v2:172.21.15.49:3300/0,v1:172.21.15.49:6789/0] conn(0x7f35300fe510 0x7f353010bbc0 unknown :-1 s=CLOSED pgs=52 cs=0 l=1 rev1=1 rx=0 tx=0).stop
2024-02-22T00:24:58.339 INFO:teuthology.orchestra.run.smithi049.stderr:/usr/bin/ceph:
2024-02-22T00:24:58.334+0000 7f352ffff700 1 -- 172.21.15.49:0/1464012296 >> 172.21.15.49:0/1464012296 conn(0x7f35300f6cb0 msgr2=0x7f3530100300 unknown :-1 s=STATE_NONE l=0).mark_down
2024-02-22T00:24:58.340 INFO:teuthology.orchestra.run.smithi049.stderr:/usr/bin/ceph:
2024-02-22T00:24:58.335+0000 7f352ffff700 1 -- 172.21.15.49:0/1464012296 shutdown_connections
2024-02-22T00:24:58.340 INFO:teuthology.orchestra.run.smithi049.stderr:/usr/bin/ceph:
2024-02-22T00:24:58.335+0000 7f352ffff700 1 -- 172.21.15.49:0/1464012296 wait complete.
2024-02-22T00:24:58.916 INFO:teuthology.orchestra.run.smithi049.stderr:Deploying alertmanager service with default placement...
2024-02-22T00:24:59.599 INFO:teuthology.orchestra.run.smithi049.stderr:/usr/bin/ceph:
2024-02-22T00:24:59.588+0000 7faff0070700 1 Processor -- start
2024-02-22T00:24:59.599 INFO:teuthology.orchestra.run.smithi049.stderr:/usr/bin/ceph:
2024-02-22T00:24:59.588+0000 7faff0070700 1 -- start start
2024-02-22T00:24:59.600 INFO:teuthology.orchestra.run.smithi049.stderr:/usr/bin/ceph:
2024-02-22T00:24:59.588+0000 7faff0070700 1 --2- >> [v2:172.21.15.49:3300/0,v1:172.21.15.49:6789/0] conn(0x7fafe8071be0 0x7fafe81020b0 unknown :-1 s=NONE pgs=0 cs=0 l=0 rev1=0 rx=0 tx=0).connect
2024-02-22T00:24:59.600 INFO:teuthology.orchestra.run.smithi049.stderr:/usr/bin/ceph:
2024-02-22T00:24:59.588+0000 7faff0070700 1 -- --> [v2:172.21.15.49:3300/0,v1:172.21.15.49:6789/0] -- mon_getmap magic: 0 v1 -- 0x7fafe80fdaa0 con 0x7fafe8071be0
2024-02-22T00:24:59.600 INFO:teuthology.orchestra.run.smithi049.stderr:/usr/bin/ceph:
2024-02-22T00:24:59.589+0000 7fafede0c700 1 --2- >> [v2:172.21.15.49:3300/0,v1:172.21.15.49:6789/0] conn(0x7fafe8071be0 0x7fafe81020b0 unknown :-1 s=BANNER_CONNECTING pgs=0 cs=0 l=0 rev1=0 rx=0 tx=0)._handle_peer_banner_payload supported=1 required=0
2024-02-22T00:24:59.600 INFO:teuthology.orchestra.run.smithi049.stderr:/usr/bin/ceph:
2024-02-22T00:24:59.589+0000 7fafede0c700 1 --2- >> [v2:172.21.15.49:3300/0,v1:172.21.15.49:6789/0] conn(0x7fafe8071be0 0x7fafe81020b0 unknown :-1 s=HELLO_CONNECTING pgs=0 cs=0 l=0 rev1=1 rx=0 tx=0).handle_hello peer v2:172.21.15.49:3300/0 says I am v2:172.21.15.49:54632/0 (socket says 172.21.15.49:54632)
2024-02-22T00:24:59.600 INFO:teuthology.orchestra.run.smithi049.stderr:/usr/bin/ceph:
2024-02-22T00:24:59.589+0000 7fafede0c700 1 -- 172.21.15.49:0/3683322983 learned_addr learned my addr 172.21.15.49:0/3683322983 (peer_addr_for_me v2:172.21.15.49:0/0)
2024-02-22T00:24:59.600 INFO:teuthology.orchestra.run.smithi049.stderr:/usr/bin/ceph:
2024-02-22T00:24:59.589+0000 7fafede0c700 1 -- 172.21.15.49:0/3683322983 --> [v2:172.21.15.49:3300/0,v1:172.21.15.49:6789/0] -- mon_subscribe({config=0+,monmap=0+}) v3 -- 0x7fafe81025a0 con 0x7fafe8071be0
2024-02-22T00:24:59.601 INFO:teuthology.orchestra.run.smithi049.stderr:/usr/bin/ceph:
2024-02-22T00:24:59.589+0000 7fafede0c700 1 --2- 172.21.15.49:0/3683322983 >> [v2:172.21.15.49:3300/0,v1:172.21.15.49:6789/0] conn(0x7fafe8071be0 0x7fafe81020b0 secure :-1 s=READY pgs=53 cs=0 l=1 rev1=1 rx=0x7fafd8009730 tx=0x7fafd80090f0).ready entity=mon.0 client_cookie=99ac412e91280c1d server_cookie=0 in_seq=0 out_seq=0
2024-02-22T00:24:59.601 INFO:teuthology.orchestra.run.smithi049.stderr:/usr/bin/ceph:
2024-02-22T00:24:59.589+0000 7fafece0a700 1 -- 172.21.15.49:0/3683322983 <== mon.0 v2:172.21.15.49:3300/0 1 ==== mon_map magic: 0 v1 ==== 229+0+0 (secure 0 0 0) 0x7fafd800b6e0 con 0x7fafe8071be0
2024-02-22T00:24:59.601 INFO:teuthology.orchestra.run.smithi049.stderr:/usr/bin/ceph:
2024-02-22T00:24:59.589+0000 7fafece0a700 1 -- 172.21.15.49:0/3683322983 <== mon.0 v2:172.21.15.49:3300/0 2 ==== config(25 keys) v1 ==== 1046+0+0 (secure 0 0 0) 0x7fafd800bcd0 con 0x7fafe8071be0
2024-02-22T00:24:59.601 INFO:teuthology.orchestra.run.smithi049.stderr:/usr/bin/ceph:
2024-02-22T00:24:59.589+0000 7fafece0a700 1 -- 172.21.15.49:0/3683322983 <== mon.0 v2:172.21.15.49:3300/0 3 ==== mon_map magic: 0 v1 ==== 229+0+0 (secure 0 0 0) 0x7fafd8011cb0 con 0x7fafe8071be0
2024-02-22T00:24:59.601 INFO:teuthology.orchestra.run.smithi049.stderr:/usr/bin/ceph:
2024-02-22T00:24:59.590+0000 7faff0070700 1 -- 172.21.15.49:0/3683322983 >> [v2:172.21.15.49:3300/0,v1:172.21.15.49:6789/0] conn(0x7fafe8071be0 msgr2=0x7fafe81020b0 secure :-1 s=STATE_CONNECTION_ESTABLISHED l=1).mark_down
2024-02-22T00:24:59.602 INFO:teuthology.orchestra.run.smithi049.stderr:/usr/bin/ceph:
2024-02-22T00:24:59.590+0000 7faff0070700 1 --2- 172.21.15.49:0/3683322983 >> [v2:172.21.15.49:3300/0,v1:172.21.15.49:6789/0] conn(0x7fafe8071be0 0x7fafe81020b0 secure :-1 s=READY pgs=53 cs=0 l=1 rev1=1 rx=0x7fafd8009730 tx=0x7fafd80090f0).stop
2024-02-22T00:24:59.602 INFO:teuthology.orchestra.run.smithi049.stderr:/usr/bin/ceph:
2024-02-22T00:24:59.590+0000 7faff0070700 1 -- 172.21.15.49:0/3683322983 shutdown_connections
2024-02-22T00:24:59.602 INFO:teuthology.orchestra.run.smithi049.stderr:/usr/bin/ceph:
2024-02-22T00:24:59.590+0000 7faff0070700 1 --2- 172.21.15.49:0/3683322983 >> [v2:172.21.15.49:3300/0,v1:172.21.15.49:6789/0] conn(0x7fafe8071be0 0x7fafe81020b0 unknown :-1 s=CLOSED pgs=53 cs=0 l=1 rev1=1 rx=0 tx=0).stop
2024-02-22T00:24:59.602 INFO:teuthology.orchestra.run.smithi049.stderr:/usr/bin/ceph:
2024-02-22T00:24:59.590+0000 7faff0070700 1 -- 172.21.15.49:0/3683322983 >> 172.21.15.49:0/3683322983 conn(0x7fafe80f76f0 msgr2=0x7fafe80f9b10 unknown :-1 s=STATE_NONE l=0).mark_down
2024-02-22T00:24:59.602 INFO:teuthology.orchestra.run.smithi049.stderr:/usr/bin/ceph:
2024-02-22T00:24:59.590+0000 7faff0070700 1 -- 172.21.15.49:0/3683322983 shutdown_connections
2024-02-22T00:24:59.602 INFO:teuthology.orchestra.run.smithi049.stderr:/usr/bin/ceph:
2024-02-22T00:24:59.590+0000 7faff0070700 1 -- 172.21.15.49:0/3683322983 wait complete.
2024-02-22T00:24:59.603 INFO:teuthology.orchestra.run.smithi049.stderr:/usr/bin/ceph:
2024-02-22T00:24:59.591+0000 7faff0070700 1 Processor -- start
2024-02-22T00:24:59.603 INFO:teuthology.orchestra.run.smithi049.stderr:/usr/bin/ceph:
2024-02-22T00:24:59.591+0000 7faff0070700 1 -- start start
2024-02-22T00:24:59.603 INFO:teuthology.orchestra.run.smithi049.stderr:/usr/bin/ceph:
2024-02-22T00:24:59.591+0000 7faff0070700 1 --2- >> [v2:172.21.15.49:3300/0,v1:172.21.15.49:6789/0] conn(0x7fafe8071be0 0x7fafe810dfd0 unknown :-1 s=NONE pgs=0 cs=0 l=1 rev1=0 rx=0 tx=0).connect
2024-02-22T00:24:59.603 INFO:teuthology.orchestra.run.smithi049.stderr:/usr/bin/ceph:
2024-02-22T00:24:59.591+0000 7faff0070700 1 -- --> [v2:172.21.15.49:3300/0,v1:172.21.15.49:6789/0] -- mon_getmap magic: 0 v1 -- 0x7fafe810e4c0 con 0x7fafe8071be0
2024-02-22T00:24:59.603 INFO:teuthology.orchestra.run.smithi049.stderr:/usr/bin/ceph:
2024-02-22T00:24:59.591+0000 7fafede0c700 1 --2- >> [v2:172.21.15.49:3300/0,v1:172.21.15.49:6789/0] conn(0x7fafe8071be0 0x7fafe810dfd0 unknown :-1 s=BANNER_CONNECTING pgs=0 cs=0 l=1 rev1=0 rx=0 tx=0)._handle_peer_banner_payload supported=1 required=0
2024-02-22T00:24:59.603 INFO:teuthology.orchestra.run.smithi049.stderr:/usr/bin/ceph:
2024-02-22T00:24:59.591+0000 7fafede0c700 1 --2- >> [v2:172.21.15.49:3300/0,v1:172.21.15.49:6789/0] conn(0x7fafe8071be0 0x7fafe810dfd0 unknown :-1 s=HELLO_CONNECTING pgs=0 cs=0 l=1 rev1=1 rx=0 tx=0).handle_hello peer v2:172.21.15.49:3300/0 says I am v2:172.21.15.49:54642/0 (socket says 172.21.15.49:54642)
2024-02-22T00:24:59.604 INFO:teuthology.orchestra.run.smithi049.stderr:/usr/bin/ceph:
2024-02-22T00:24:59.591+0000 7fafede0c700 1 -- 172.21.15.49:0/2686119856 learned_addr learned my addr 172.21.15.49:0/2686119856 (peer_addr_for_me v2:172.21.15.49:0/0)
2024-02-22T00:24:59.604 INFO:teuthology.orchestra.run.smithi049.stderr:/usr/bin/ceph:
2024-02-22T00:24:59.591+0000 7fafede0c700 1 -- 172.21.15.49:0/2686119856 --> [v2:172.21.15.49:3300/0,v1:172.21.15.49:6789/0] -- mon_subscribe({config=0+,monmap=0+}) v3 -- 0x7fafd8009370 con 0x7fafe8071be0
2024-02-22T00:24:59.604 INFO:teuthology.orchestra.run.smithi049.stderr:/usr/bin/ceph:
2024-02-22T00:24:59.591+0000 7fafede0c700 1 --2- 172.21.15.49:0/2686119856 >> [v2:172.21.15.49:3300/0,v1:172.21.15.49:6789/0] conn(0x7fafe8071be0 0x7fafe810dfd0 secure :-1 s=READY pgs=54 cs=0 l=1 rev1=1 rx=0x7fafd80118b0 tx=0x7fafd80090f0).ready entity=mon.0 client_cookie=0 server_cookie=0 in_seq=0 out_seq=0
2024-02-22T00:24:59.604 INFO:teuthology.orchestra.run.smithi049.stderr:/usr/bin/ceph:
2024-02-22T00:24:59.591+0000 7fafdeffd700 1 -- 172.21.15.49:0/2686119856 <== mon.0 v2:172.21.15.49:3300/0 1 ==== mon_map magic: 0 v1 ==== 229+0+0 (secure 0 0 0) 0x7fafd800be40 con 0x7fafe8071be0
2024-02-22T00:24:59.605 INFO:teuthology.orchestra.run.smithi049.stderr:/usr/bin/ceph:
2024-02-22T00:24:59.592+0000 7faff0070700 1 -- 172.21.15.49:0/2686119856 --> [v2:172.21.15.49:3300/0,v1:172.21.15.49:6789/0] -- mon_subscribe({mgrmap=0+}) v3 -- 0x7fafe810e6c0 con 0x7fafe8071be0
2024-02-22T00:24:59.605 INFO:teuthology.orchestra.run.smithi049.stderr:/usr/bin/ceph:
2024-02-22T00:24:59.592+0000 7faff0070700 1 -- 172.21.15.49:0/2686119856 --> [v2:172.21.15.49:3300/0,v1:172.21.15.49:6789/0] -- mon_subscribe({osdmap=0}) v3 -- 0x7fafe810ead0 con 0x7fafe8071be0
2024-02-22T00:24:59.605 INFO:teuthology.orchestra.run.smithi049.stderr:/usr/bin/ceph:
2024-02-22T00:24:59.592+0000 7fafdeffd700 1 -- 172.21.15.49:0/2686119856 <== mon.0 v2:172.21.15.49:3300/0 2 ==== config(25 keys) v1 ==== 1046+0+0 (secure 0 0 0) 0x7fafd801aad0 con 0x7fafe8071be0
2024-02-22T00:24:59.605 INFO:teuthology.orchestra.run.smithi049.stderr:/usr/bin/ceph:
2024-02-22T00:24:59.592+0000 7fafdeffd700 1 -- 172.21.15.49:0/2686119856 <== mon.0 v2:172.21.15.49:3300/0 3 ==== mon_map magic: 0 v1 ==== 229+0+0 (secure 0 0 0) 0x7fafd8023a80 con 0x7fafe8071be0
2024-02-22T00:24:59.606 INFO:teuthology.orchestra.run.smithi049.stderr:/usr/bin/ceph:
2024-02-22T00:24:59.592+0000 7faff0070700 1 -- 172.21.15.49:0/2686119856 --> [v2:172.21.15.49:3300/0,v1:172.21.15.49:6789/0] -- mon_command({"prefix": "get_command_descriptions"} v 0) v1 -- 0x7fafcc005120 con 0x7fafe8071be0
2024-02-22T00:24:59.606 INFO:teuthology.orchestra.run.smithi049.stderr:/usr/bin/ceph:
2024-02-22T00:24:59.593+0000 7fafdeffd700 1 -- 172.21.15.49:0/2686119856 <== mon.0 v2:172.21.15.49:3300/0 4 ==== mgrmap(e 8) v1 ==== 38632+0+0 (secure 0 0 0) 0x7fafd801ac40 con 0x7fafe8071be0
2024-02-22T00:24:59.606 INFO:teuthology.orchestra.run.smithi049.stderr:/usr/bin/ceph:
2024-02-22T00:24:59.593+0000 7fafdeffd700 1 --2- 172.21.15.49:0/2686119856 >> [v2:172.21.15.49:6800/2503465771,v1:172.21.15.49:6801/2503465771] conn(0x7fafd4032660 0x7fafd4034b20 unknown :-1 s=NONE pgs=0 cs=0 l=1 rev1=0 rx=0 tx=0).connect
2024-02-22T00:24:59.606 INFO:teuthology.orchestra.run.smithi049.stderr:/usr/bin/ceph:
2024-02-22T00:24:59.593+0000 7fafdeffd700 1 -- 172.21.15.49:0/2686119856 <== mon.0 v2:172.21.15.49:3300/0 5 ==== osd_map(2..2 src has 1..2) v4 ==== 893+0+0 (secure 0 0 0) 0x7fafd8044c50 con 0x7fafe8071be0
2024-02-22T00:24:59.606 INFO:teuthology.orchestra.run.smithi049.stderr:/usr/bin/ceph:
2024-02-22T00:24:59.593+0000 7fafed60b700 1 --2- 172.21.15.49:0/2686119856 >> [v2:172.21.15.49:6800/2503465771,v1:172.21.15.49:6801/2503465771] conn(0x7fafd4032660 0x7fafd4034b20 unknown :-1 s=BANNER_CONNECTING pgs=0 cs=0 l=1 rev1=0 rx=0 tx=0)._handle_peer_banner_payload supported=1 required=0
2024-02-22T00:24:59.607 INFO:teuthology.orchestra.run.smithi049.stderr:/usr/bin/ceph:
2024-02-22T00:24:59.594+0000 7fafed60b700 1 --2- 172.21.15.49:0/2686119856 >> [v2:172.21.15.49:6800/2503465771,v1:172.21.15.49:6801/2503465771] conn(0x7fafd4032660 0x7fafd4034b20 secure :-1 s=READY pgs=17 cs=0 l=1 rev1=1 rx=0x7fafe4009780 tx=0x7fafe4006cc0).ready entity=mgr.14116 client_cookie=0 server_cookie=0 in_seq=0 out_seq=0
2024-02-22T00:24:59.607 INFO:teuthology.orchestra.run.smithi049.stderr:/usr/bin/ceph:
2024-02-22T00:24:59.597+0000 7fafdeffd700 1 -- 172.21.15.49:0/2686119856 <== mon.0 v2:172.21.15.49:3300/0 6 ==== mon_command_ack([{"prefix": "get_command_descriptions"}]=0 v0) v1 ==== 72+0+163658 (secure 0 0 0) 0x7fafd8044e60 con 0x7fafe8071be0
2024-02-22T00:24:59.680 INFO:journalctl@ceph.mon.smithi049.smithi049.stdout:Feb 22 00:24:59 smithi049 ceph-9923b37e-d118-11ee-95bd-87774f69a715-mon-smithi049[67324]: audit
2024-02-22T00:24:58.329803+0000 mgr.smithi049.rjblpr (mgr.14116) 21 : audit [DBG] from='client.14146 -' entity='client.admin' cmd=[{"prefix": "orch apply", "service_type": "node-exporter", "target": ["mon-mgr", ""]}]: dispatch
2024-02-22T00:24:59.680 INFO:journalctl@ceph.mon.smithi049.smithi049.stdout:Feb 22 00:24:59 smithi049 ceph-9923b37e-d118-11ee-95bd-87774f69a715-mon-smithi049[67324]: cephadm
2024-02-22T00:24:58.330667+0000 mgr.smithi049.rjblpr (mgr.14116) 22 : cephadm [INF] Saving service node-exporter spec with placement *
2024-02-22T00:24:59.680 INFO:journalctl@ceph.mon.smithi049.smithi049.stdout:Feb 22 00:24:59 smithi049 ceph-9923b37e-d118-11ee-95bd-87774f69a715-mon-smithi049[67324]: audit
2024-02-22T00:24:58.332957+0000 mon.smithi049 (mon.0) 63 : audit [INF] from='mgr.14116 172.21.15.49:0/841016773' entity='mgr.smithi049.rjblpr'
2024-02-22T00:24:59.784 INFO:teuthology.orchestra.run.smithi049.stderr:/usr/bin/ceph:
2024-02-22T00:24:59.780+0000 7faff0070700 1 -- 172.21.15.49:0/2686119856 --> [v2:172.21.15.49:6800/2503465771,v1:172.21.15.49:6801/2503465771] -- mgr_command(tid 0: {"prefix": "orch apply", "service_type": "alertmanager", "target": ["mon-mgr", ""]}) v1 -- 0x7fafcc000bc0 con 0x7fafd4032660
2024-02-22T00:24:59.788 INFO:teuthology.orchestra.run.smithi049.stderr:/usr/bin/ceph:
2024-02-22T00:24:59.783+0000 7fafdeffd700 1 -- 172.21.15.49:0/2686119856 <== mgr.14116 v2:172.21.15.49:6800/2503465771 1 ==== mgr_command_reply(tid 0: 0 ) v1 ==== 8+0+33 (secure 0 0 0) 0x7fafcc000bc0 con 0x7fafd4032660
2024-02-22T00:24:59.788 INFO:teuthology.orchestra.run.smithi049.stderr:/usr/bin/ceph: Scheduled alertmanager update...
2024-02-22T00:24:59.790 INFO:teuthology.orchestra.run.smithi049.stderr:/usr/bin/ceph:
2024-02-22T00:24:59.785+0000 7faff0070700 1 -- 172.21.15.49:0/2686119856 >> [v2:172.21.15.49:6800/2503465771,v1:172.21.15.49:6801/2503465771] conn(0x7fafd4032660 msgr2=0x7fafd4034b20 secure :-1 s=STATE_CONNECTION_ESTABLISHED l=1).mark_down
2024-02-22T00:24:59.791 INFO:teuthology.orchestra.run.smithi049.stderr:/usr/bin/ceph:
