2024-02-22T00:24:59.785+0000 7faff0070700 1 --2- 172.21.15.49:0/2686119856 >> [v2:172.21.15.49:6800/2503465771,v1:172.21.15.49:6801/2503465771] conn(0x7fafd4032660 0x7fafd4034b20 secure :-1 s=READY pgs=17 cs=0 l=1 rev1=1 rx=0x7fafe4009780 tx=0x7fafe4006cc0).stop
2024-02-22T00:24:59.791 INFO:teuthology.orchestra.run.smithi049.stderr:/usr/bin/ceph:
2024-02-22T00:24:59.785+0000 7faff0070700 1 -- 172.21.15.49:0/2686119856 >> [v2:172.21.15.49:3300/0,v1:172.21.15.49:6789/0] conn(0x7fafe8071be0 msgr2=0x7fafe810dfd0 secure :-1 s=STATE_CONNECTION_ESTABLISHED l=1).mark_down
2024-02-22T00:24:59.791 INFO:teuthology.orchestra.run.smithi049.stderr:/usr/bin/ceph:
2024-02-22T00:24:59.785+0000 7faff0070700 1 --2- 172.21.15.49:0/2686119856 >> [v2:172.21.15.49:3300/0,v1:172.21.15.49:6789/0] conn(0x7fafe8071be0 0x7fafe810dfd0 secure :-1 s=READY pgs=54 cs=0 l=1 rev1=1 rx=0x7fafd80118b0 tx=0x7fafd80090f0).stop
2024-02-22T00:24:59.791 INFO:teuthology.orchestra.run.smithi049.stderr:/usr/bin/ceph:
2024-02-22T00:24:59.785+0000 7faff0070700 1 -- 172.21.15.49:0/2686119856 shutdown_connections
2024-02-22T00:24:59.791 INFO:teuthology.orchestra.run.smithi049.stderr:/usr/bin/ceph:
2024-02-22T00:24:59.785+0000 7faff0070700 1 --2- 172.21.15.49:0/2686119856 >> [v2:172.21.15.49:6800/2503465771,v1:172.21.15.49:6801/2503465771] conn(0x7fafd4032660 0x7fafd4034b20 unknown :-1 s=CLOSED pgs=17 cs=0 l=1 rev1=1 rx=0 tx=0).stop
2024-02-22T00:24:59.791 INFO:teuthology.orchestra.run.smithi049.stderr:/usr/bin/ceph:
2024-02-22T00:24:59.785+0000 7faff0070700 1 --2- 172.21.15.49:0/2686119856 >> [v2:172.21.15.49:3300/0,v1:172.21.15.49:6789/0] conn(0x7fafe8071be0 0x7fafe810dfd0 unknown :-1 s=CLOSED pgs=54 cs=0 l=1 rev1=1 rx=0 tx=0).stop
2024-02-22T00:24:59.791 INFO:teuthology.orchestra.run.smithi049.stderr:/usr/bin/ceph:
2024-02-22T00:24:59.785+0000 7faff0070700 1 -- 172.21.15.49:0/2686119856 >> 172.21.15.49:0/2686119856 conn(0x7fafe80f76f0 msgr2=0x7fafe80f9100 unknown :-1 s=STATE_NONE l=0).mark_down
2024-02-22T00:24:59.791 INFO:teuthology.orchestra.run.smithi049.stderr:/usr/bin/ceph:
2024-02-22T00:24:59.785+0000 7faff0070700 1 -- 172.21.15.49:0/2686119856 shutdown_connections
2024-02-22T00:24:59.791 INFO:teuthology.orchestra.run.smithi049.stderr:/usr/bin/ceph:
2024-02-22T00:24:59.785+0000 7faff0070700 1 -- 172.21.15.49:0/2686119856 wait complete.
2024-02-22T00:25:00.978 INFO:teuthology.orchestra.run.smithi049.stderr:/usr/bin/ceph:
2024-02-22T00:25:00.971+0000 7fc9848f2700 1 Processor -- start
2024-02-22T00:25:00.978 INFO:teuthology.orchestra.run.smithi049.stderr:/usr/bin/ceph:
2024-02-22T00:25:00.971+0000 7fc9848f2700 1 -- start start
2024-02-22T00:25:00.979 INFO:teuthology.orchestra.run.smithi049.stderr:/usr/bin/ceph:
2024-02-22T00:25:00.972+0000 7fc9848f2700 1 --2- >> [v2:172.21.15.49:3300/0,v1:172.21.15.49:6789/0] conn(0x7fc9800fbed0 0x7fc9800fc2f0 unknown :-1 s=NONE pgs=0 cs=0 l=0 rev1=0 rx=0 tx=0).connect
2024-02-22T00:25:00.979 INFO:teuthology.orchestra.run.smithi049.stderr:/usr/bin/ceph:
2024-02-22T00:25:00.972+0000 7fc9848f2700 1 -- --> [v2:172.21.15.49:3300/0,v1:172.21.15.49:6789/0] -- mon_getmap magic: 0 v1 -- 0x7fc9800fc7e0 con 0x7fc9800fbed0
2024-02-22T00:25:00.979 INFO:teuthology.orchestra.run.smithi049.stderr:/usr/bin/ceph:
2024-02-22T00:25:00.972+0000 7fc97e59c700 1 --2- >> [v2:172.21.15.49:3300/0,v1:172.21.15.49:6789/0] conn(0x7fc9800fbed0 0x7fc9800fc2f0 unknown :-1 s=BANNER_CONNECTING pgs=0 cs=0 l=0 rev1=0 rx=0 tx=0)._handle_peer_banner_payload supported=1 required=0
2024-02-22T00:25:00.979 INFO:teuthology.orchestra.run.smithi049.stderr:/usr/bin/ceph:
2024-02-22T00:25:00.972+0000 7fc97e59c700 1 --2- >> [v2:172.21.15.49:3300/0,v1:172.21.15.49:6789/0] conn(0x7fc9800fbed0 0x7fc9800fc2f0 unknown :-1 s=HELLO_CONNECTING pgs=0 cs=0 l=0 rev1=1 rx=0 tx=0).handle_hello peer v2:172.21.15.49:3300/0 says I am v2:172.21.15.49:54652/0 (socket says 172.21.15.49:54652)
2024-02-22T00:25:00.979 INFO:teuthology.orchestra.run.smithi049.stderr:/usr/bin/ceph:
2024-02-22T00:25:00.972+0000 7fc97e59c700 1 -- 172.21.15.49:0/1076255673 learned_addr learned my addr 172.21.15.49:0/1076255673 (peer_addr_for_me v2:172.21.15.49:0/0)
2024-02-22T00:25:00.979 INFO:teuthology.orchestra.run.smithi049.stderr:/usr/bin/ceph:
2024-02-22T00:25:00.972+0000 7fc97e59c700 1 -- 172.21.15.49:0/1076255673 --> [v2:172.21.15.49:3300/0,v1:172.21.15.49:6789/0] -- mon_subscribe({config=0+,monmap=0+}) v3 -- 0x7fc9800fc920 con 0x7fc9800fbed0
2024-02-22T00:25:00.979 INFO:teuthology.orchestra.run.smithi049.stderr:/usr/bin/ceph:
2024-02-22T00:25:00.972+0000 7fc97e59c700 1 --2- 172.21.15.49:0/1076255673 >> [v2:172.21.15.49:3300/0,v1:172.21.15.49:6789/0] conn(0x7fc9800fbed0 0x7fc9800fc2f0 secure :-1 s=READY pgs=55 cs=0 l=1 rev1=1 rx=0x7fc97400b9d0 tx=0x7fc97400b3b0).ready entity=mon.0 client_cookie=ea90f5ae7ba312af server_cookie=0 in_seq=0 out_seq=0
2024-02-22T00:25:00.979 INFO:teuthology.orchestra.run.smithi049.stderr:/usr/bin/ceph:
2024-02-22T00:25:00.973+0000 7fc97d59a700 1 -- 172.21.15.49:0/1076255673 <== mon.0 v2:172.21.15.49:3300/0 1 ==== mon_map magic: 0 v1 ==== 229+0+0 (secure 0 0 0) 0x7fc97400dbd0 con 0x7fc9800fbed0
2024-02-22T00:25:00.979 INFO:teuthology.orchestra.run.smithi049.stderr:/usr/bin/ceph:
2024-02-22T00:25:00.973+0000 7fc97d59a700 1 -- 172.21.15.49:0/1076255673 <== mon.0 v2:172.21.15.49:3300/0 2 ==== config(25 keys) v1 ==== 1046+0+0 (secure 0 0 0) 0x7fc97400dd30 con 0x7fc9800fbed0
2024-02-22T00:25:00.979 INFO:teuthology.orchestra.run.smithi049.stderr:/usr/bin/ceph:
2024-02-22T00:25:00.973+0000 7fc97d59a700 1 -- 172.21.15.49:0/1076255673 <== mon.0 v2:172.21.15.49:3300/0 3 ==== mon_map magic: 0 v1 ==== 229+0+0 (secure 0 0 0) 0x7fc97400f6d0 con 0x7fc9800fbed0
2024-02-22T00:25:00.979 INFO:teuthology.orchestra.run.smithi049.stderr:/usr/bin/ceph:
2024-02-22T00:25:00.973+0000 7fc9848f2700 1 -- 172.21.15.49:0/1076255673 >> [v2:172.21.15.49:3300/0,v1:172.21.15.49:6789/0] conn(0x7fc9800fbed0 msgr2=0x7fc9800fc2f0 secure :-1 s=STATE_CONNECTION_ESTABLISHED l=1).mark_down
2024-02-22T00:25:00.979 INFO:teuthology.orchestra.run.smithi049.stderr:/usr/bin/ceph:
2024-02-22T00:25:00.973+0000 7fc9848f2700 1 --2- 172.21.15.49:0/1076255673 >> [v2:172.21.15.49:3300/0,v1:172.21.15.49:6789/0] conn(0x7fc9800fbed0 0x7fc9800fc2f0 secure :-1 s=READY pgs=55 cs=0 l=1 rev1=1 rx=0x7fc97400b9d0 tx=0x7fc97400b3b0).stop
2024-02-22T00:25:00.979 INFO:teuthology.orchestra.run.smithi049.stderr:/usr/bin/ceph:
2024-02-22T00:25:00.973+0000 7fc9848f2700 1 -- 172.21.15.49:0/1076255673 shutdown_connections
2024-02-22T00:25:00.980 INFO:teuthology.orchestra.run.smithi049.stderr:/usr/bin/ceph:
2024-02-22T00:25:00.973+0000 7fc9848f2700 1 --2- 172.21.15.49:0/1076255673 >> [v2:172.21.15.49:3300/0,v1:172.21.15.49:6789/0] conn(0x7fc9800fbed0 0x7fc9800fc2f0 unknown :-1 s=CLOSED pgs=55 cs=0 l=1 rev1=1 rx=0 tx=0).stop
2024-02-22T00:25:00.980 INFO:teuthology.orchestra.run.smithi049.stderr:/usr/bin/ceph:
2024-02-22T00:25:00.973+0000 7fc9848f2700 1 -- 172.21.15.49:0/1076255673 >> 172.21.15.49:0/1076255673 conn(0x7fc9800f76f0 msgr2=0x7fc9800f9b10 unknown :-1 s=STATE_NONE l=0).mark_down
2024-02-22T00:25:00.980 INFO:teuthology.orchestra.run.smithi049.stderr:/usr/bin/ceph:
2024-02-22T00:25:00.973+0000 7fc9848f2700 1 -- 172.21.15.49:0/1076255673 shutdown_connections
2024-02-22T00:25:00.980 INFO:teuthology.orchestra.run.smithi049.stderr:/usr/bin/ceph:
2024-02-22T00:25:00.973+0000 7fc9848f2700 1 -- 172.21.15.49:0/1076255673 wait complete.
2024-02-22T00:25:00.983 INFO:teuthology.orchestra.run.smithi049.stderr:/usr/bin/ceph:
2024-02-22T00:25:00.974+0000 7fc9848f2700 1 Processor -- start
2024-02-22T00:25:00.983 INFO:teuthology.orchestra.run.smithi049.stderr:/usr/bin/ceph:
2024-02-22T00:25:00.974+0000 7fc9848f2700 1 -- start start
2024-02-22T00:25:00.983 INFO:teuthology.orchestra.run.smithi049.stderr:/usr/bin/ceph:
2024-02-22T00:25:00.975+0000 7fc9848f2700 1 --2- >> [v2:172.21.15.49:3300/0,v1:172.21.15.49:6789/0] conn(0x7fc9800fbed0 0x7fc980109b50 unknown :-1 s=NONE pgs=0 cs=0 l=1 rev1=0 rx=0 tx=0).connect
2024-02-22T00:25:00.983 INFO:teuthology.orchestra.run.smithi049.stderr:/usr/bin/ceph:
2024-02-22T00:25:00.975+0000 7fc9848f2700 1 -- --> [v2:172.21.15.49:3300/0,v1:172.21.15.49:6789/0] -- mon_getmap magic: 0 v1 -- 0x7fc98010a040 con 0x7fc9800fbed0
2024-02-22T00:25:00.983 INFO:teuthology.orchestra.run.smithi049.stderr:/usr/bin/ceph:
2024-02-22T00:25:00.975+0000 7fc97e59c700 1 --2- >> [v2:172.21.15.49:3300/0,v1:172.21.15.49:6789/0] conn(0x7fc9800fbed0 0x7fc980109b50 unknown :-1 s=BANNER_CONNECTING pgs=0 cs=0 l=1 rev1=0 rx=0 tx=0)._handle_peer_banner_payload supported=1 required=0
2024-02-22T00:25:00.983 INFO:teuthology.orchestra.run.smithi049.stderr:/usr/bin/ceph:
2024-02-22T00:25:00.975+0000 7fc97e59c700 1 --2- >> [v2:172.21.15.49:3300/0,v1:172.21.15.49:6789/0] conn(0x7fc9800fbed0 0x7fc980109b50 unknown :-1 s=HELLO_CONNECTING pgs=0 cs=0 l=1 rev1=1 rx=0 tx=0).handle_hello peer v2:172.21.15.49:3300/0 says I am v2:172.21.15.49:54654/0 (socket says 172.21.15.49:54654)
2024-02-22T00:25:00.983 INFO:teuthology.orchestra.run.smithi049.stderr:/usr/bin/ceph:
2024-02-22T00:25:00.975+0000 7fc97e59c700 1 -- 172.21.15.49:0/3781610096 learned_addr learned my addr 172.21.15.49:0/3781610096 (peer_addr_for_me v2:172.21.15.49:0/0)
2024-02-22T00:25:00.983 INFO:teuthology.orchestra.run.smithi049.stderr:/usr/bin/ceph:
2024-02-22T00:25:00.975+0000 7fc97e59c700 1 -- 172.21.15.49:0/3781610096 --> [v2:172.21.15.49:3300/0,v1:172.21.15.49:6789/0] -- mon_subscribe({config=0+,monmap=0+}) v3 -- 0x7fc97400b610 con 0x7fc9800fbed0
2024-02-22T00:25:00.983 INFO:teuthology.orchestra.run.smithi049.stderr:/usr/bin/ceph:
2024-02-22T00:25:00.975+0000 7fc97e59c700 1 --2- 172.21.15.49:0/3781610096 >> [v2:172.21.15.49:3300/0,v1:172.21.15.49:6789/0] conn(0x7fc9800fbed0 0x7fc980109b50 secure :-1 s=READY pgs=56 cs=0 l=1 rev1=1 rx=0x7fc974007010 tx=0x7fc97400b3b0).ready entity=mon.0 client_cookie=0 server_cookie=0 in_seq=0 out_seq=0
2024-02-22T00:25:00.984 INFO:teuthology.orchestra.run.smithi049.stderr:/usr/bin/ceph:
2024-02-22T00:25:00.975+0000 7fc96f7fe700 1 -- 172.21.15.49:0/3781610096 <== mon.0 v2:172.21.15.49:3300/0 1 ==== mon_map magic: 0 v1 ==== 229+0+0 (secure 0 0 0) 0x7fc974010680 con 0x7fc9800fbed0
2024-02-22T00:25:00.984 INFO:teuthology.orchestra.run.smithi049.stderr:/usr/bin/ceph:
2024-02-22T00:25:00.975+0000 7fc96f7fe700 1 -- 172.21.15.49:0/3781610096 <== mon.0 v2:172.21.15.49:3300/0 2 ==== config(25 keys) v1 ==== 1046+0+0 (secure 0 0 0) 0x7fc9740107e0 con 0x7fc9800fbed0
2024-02-22T00:25:00.984 INFO:teuthology.orchestra.run.smithi049.stderr:/usr/bin/ceph:
2024-02-22T00:25:00.975+0000 7fc9848f2700 1 -- 172.21.15.49:0/3781610096 --> [v2:172.21.15.49:3300/0,v1:172.21.15.49:6789/0] -- mon_subscribe({mgrmap=0+}) v3 -- 0x7fc98010a240 con 0x7fc9800fbed0
2024-02-22T00:25:00.984 INFO:teuthology.orchestra.run.smithi049.stderr:/usr/bin/ceph:
2024-02-22T00:25:00.975+0000 7fc96f7fe700 1 -- 172.21.15.49:0/3781610096 <== mon.0 v2:172.21.15.49:3300/0 3 ==== mon_map magic: 0 v1 ==== 229+0+0 (secure 0 0 0) 0x7fc974024420 con 0x7fc9800fbed0
2024-02-22T00:25:00.984 INFO:teuthology.orchestra.run.smithi049.stderr:/usr/bin/ceph:
2024-02-22T00:25:00.975+0000 7fc9848f2700 1 -- 172.21.15.49:0/3781610096 --> [v2:172.21.15.49:3300/0,v1:172.21.15.49:6789/0] -- mon_subscribe({osdmap=0}) v3 -- 0x7fc98010a650 con 0x7fc9800fbed0
2024-02-22T00:25:00.984 INFO:teuthology.orchestra.run.smithi049.stderr:/usr/bin/ceph:
2024-02-22T00:25:00.976+0000 7fc96f7fe700 1 -- 172.21.15.49:0/3781610096 <== mon.0 v2:172.21.15.49:3300/0 4 ==== mgrmap(e 8) v1 ==== 38632+0+0 (secure 0 0 0) 0x7fc974024760 con 0x7fc9800fbed0
2024-02-22T00:25:00.984 INFO:teuthology.orchestra.run.smithi049.stderr:/usr/bin/ceph:
2024-02-22T00:25:00.976+0000 7fc96f7fe700 1 --2- 172.21.15.49:0/3781610096 >> [v2:172.21.15.49:6800/2503465771,v1:172.21.15.49:6801/2503465771] conn(0x7fc9680325e0 0x7fc968034aa0 unknown :-1 s=NONE pgs=0 cs=0 l=1 rev1=0 rx=0 tx=0).connect
2024-02-22T00:25:00.985 INFO:teuthology.orchestra.run.smithi049.stderr:/usr/bin/ceph:
2024-02-22T00:25:00.976+0000 7fc96f7fe700 1 -- 172.21.15.49:0/3781610096 <== mon.0 v2:172.21.15.49:3300/0 5 ==== osd_map(2..2 src has 1..2) v4 ==== 893+0+0 (secure 0 0 0) 0x7fc974047990 con 0x7fc9800fbed0
2024-02-22T00:25:00.985 INFO:teuthology.orchestra.run.smithi049.stderr:/usr/bin/ceph:
2024-02-22T00:25:00.976+0000 7fc97dd9b700 1 --2- 172.21.15.49:0/3781610096 >> [v2:172.21.15.49:6800/2503465771,v1:172.21.15.49:6801/2503465771] conn(0x7fc9680325e0 0x7fc968034aa0 unknown :-1 s=BANNER_CONNECTING pgs=0 cs=0 l=1 rev1=0 rx=0 tx=0)._handle_peer_banner_payload supported=1 required=0
2024-02-22T00:25:00.985 INFO:teuthology.orchestra.run.smithi049.stderr:/usr/bin/ceph:
2024-02-22T00:25:00.977+0000 7fc96d7fa700 1 -- 172.21.15.49:0/3781610096 --> [v2:172.21.15.49:3300/0,v1:172.21.15.49:6789/0] -- mon_command({"prefix": "get_command_descriptions"} v 0) v1 -- 0x7fc964005120 con 0x7fc9800fbed0
2024-02-22T00:25:00.985 INFO:teuthology.orchestra.run.smithi049.stderr:/usr/bin/ceph:
2024-02-22T00:25:00.977+0000 7fc97dd9b700 1 --2- 172.21.15.49:0/3781610096 >> [v2:172.21.15.49:6800/2503465771,v1:172.21.15.49:6801/2503465771] conn(0x7fc9680325e0 0x7fc968034aa0 secure :-1 s=READY pgs=18 cs=0 l=1 rev1=1 rx=0x7fc970009780 tx=0x7fc970006cc0).ready entity=mgr.14116 client_cookie=0 server_cookie=0 in_seq=0 out_seq=0
2024-02-22T00:25:00.987 INFO:teuthology.orchestra.run.smithi049.stderr:/usr/bin/ceph:
2024-02-22T00:25:00.981+0000 7fc96f7fe700 1 -- 172.21.15.49:0/3781610096 <== mon.0 v2:172.21.15.49:3300/0 6 ==== mon_command_ack([{"prefix": "get_command_descriptions"}]=0 v0) v1 ==== 72+0+163658 (secure 0 0 0) 0x7fc974014070 con 0x7fc9800fbed0
2024-02-22T00:25:01.156 INFO:teuthology.orchestra.run.smithi049.stderr:/usr/bin/ceph:
2024-02-22T00:25:01.151+0000 7fc96d7fa700 1 -- 172.21.15.49:0/3781610096 --> [v2:172.21.15.49:3300/0,v1:172.21.15.49:6789/0] -- mon_command([{prefix=config set, name=mgr/cephadm/container_init}] v 0) v1 -- 0x7fc9640057f0 con 0x7fc9800fbed0
2024-02-22T00:25:01.159 INFO:teuthology.orchestra.run.smithi049.stderr:/usr/bin/ceph:
2024-02-22T00:25:01.154+0000 7fc96f7fe700 1 -- 172.21.15.49:0/3781610096 <== mon.0 v2:172.21.15.49:3300/0 7 ==== mon_command_ack([{prefix=config set, name=mgr/cephadm/container_init}]=0 v7)=0 v7) v1 ==== 142+0+0 (secure 0 0 0) 0x7fc97402e440 con 0x7fc9800fbed0
2024-02-22T00:25:01.163 INFO:teuthology.orchestra.run.smithi049.stderr:/usr/bin/ceph:
2024-02-22T00:25:01.156+0000 7fc96d7fa700 1 -- 172.21.15.49:0/3781610096 >> [v2:172.21.15.49:6800/2503465771,v1:172.21.15.49:6801/2503465771] conn(0x7fc9680325e0 msgr2=0x7fc968034aa0 secure :-1 s=STATE_CONNECTION_ESTABLISHED l=1).mark_down
2024-02-22T00:25:01.163 INFO:teuthology.orchestra.run.smithi049.stderr:/usr/bin/ceph:
2024-02-22T00:25:01.156+0000 7fc96d7fa700 1 --2- 172.21.15.49:0/3781610096 >> [v2:172.21.15.49:6800/2503465771,v1:172.21.15.49:6801/2503465771] conn(0x7fc9680325e0 0x7fc968034aa0 secure :-1 s=READY pgs=18 cs=0 l=1 rev1=1 rx=0x7fc970009780 tx=0x7fc970006cc0).stop
2024-02-22T00:25:01.163 INFO:teuthology.orchestra.run.smithi049.stderr:/usr/bin/ceph:
2024-02-22T00:25:01.156+0000 7fc96d7fa700 1 -- 172.21.15.49:0/3781610096 >> [v2:172.21.15.49:3300/0,v1:172.21.15.49:6789/0] conn(0x7fc9800fbed0 msgr2=0x7fc980109b50 secure :-1 s=STATE_CONNECTION_ESTABLISHED l=1).mark_down
2024-02-22T00:25:01.163 INFO:teuthology.orchestra.run.smithi049.stderr:/usr/bin/ceph:
2024-02-22T00:25:01.156+0000 7fc96d7fa700 1 --2- 172.21.15.49:0/3781610096 >> [v2:172.21.15.49:3300/0,v1:172.21.15.49:6789/0] conn(0x7fc9800fbed0 0x7fc980109b50 secure :-1 s=READY pgs=56 cs=0 l=1 rev1=1 rx=0x7fc974007010 tx=0x7fc97400b3b0).stop
2024-02-22T00:25:01.163 INFO:teuthology.orchestra.run.smithi049.stderr:/usr/bin/ceph:
2024-02-22T00:25:01.156+0000 7fc96d7fa700 1 -- 172.21.15.49:0/3781610096 shutdown_connections
2024-02-22T00:25:01.163 INFO:teuthology.orchestra.run.smithi049.stderr:/usr/bin/ceph:
2024-02-22T00:25:01.156+0000 7fc96d7fa700 1 --2- 172.21.15.49:0/3781610096 >> [v2:172.21.15.49:6800/2503465771,v1:172.21.15.49:6801/2503465771] conn(0x7fc9680325e0 0x7fc968034aa0 unknown :-1 s=CLOSED pgs=18 cs=0 l=1 rev1=1 rx=0 tx=0).stop
2024-02-22T00:25:01.164 INFO:teuthology.orchestra.run.smithi049.stderr:/usr/bin/ceph:
2024-02-22T00:25:01.156+0000 7fc96d7fa700 1 --2- 172.21.15.49:0/3781610096 >> [v2:172.21.15.49:3300/0,v1:172.21.15.49:6789/0] conn(0x7fc9800fbed0 0x7fc980109b50 unknown :-1 s=CLOSED pgs=56 cs=0 l=1 rev1=1 rx=0 tx=0).stop
2024-02-22T00:25:01.164 INFO:teuthology.orchestra.run.smithi049.stderr:/usr/bin/ceph:
2024-02-22T00:25:01.156+0000 7fc96d7fa700 1 -- 172.21.15.49:0/3781610096 >> 172.21.15.49:0/3781610096 conn(0x7fc9800f76f0 msgr2=0x7fc980100c60 unknown :-1 s=STATE_NONE l=0).mark_down
2024-02-22T00:25:01.164 INFO:teuthology.orchestra.run.smithi049.stderr:/usr/bin/ceph:
2024-02-22T00:25:01.156+0000 7fc96d7fa700 1 -- 172.21.15.49:0/3781610096 shutdown_connections
2024-02-22T00:25:01.164 INFO:teuthology.orchestra.run.smithi049.stderr:/usr/bin/ceph:
2024-02-22T00:25:01.156+0000 7fc96d7fa700 1 -- 172.21.15.49:0/3781610096 wait complete.
2024-02-22T00:25:01.180 INFO:journalctl@ceph.mon.smithi049.smithi049.stdout:Feb 22 00:25:00 smithi049 ceph-9923b37e-d118-11ee-95bd-87774f69a715-mon-smithi049[67324]: audit
2024-02-22T00:24:59.781776+0000 mgr.smithi049.rjblpr (mgr.14116) 23 : audit [DBG] from='client.14148 -' entity='client.admin' cmd=[{"prefix": "orch apply", "service_type": "alertmanager", "target": ["mon-mgr", ""]}]: dispatch
2024-02-22T00:25:01.180 INFO:journalctl@ceph.mon.smithi049.smithi049.stdout:Feb 22 00:25:00 smithi049 ceph-9923b37e-d118-11ee-95bd-87774f69a715-mon-smithi049[67324]: cephadm
2024-02-22T00:24:59.782583+0000 mgr.smithi049.rjblpr (mgr.14116) 24 : cephadm [INF] Saving service alertmanager spec with placement count:1
2024-02-22T00:25:01.180 INFO:journalctl@ceph.mon.smithi049.smithi049.stdout:Feb 22 00:25:00 smithi049 ceph-9923b37e-d118-11ee-95bd-87774f69a715-mon-smithi049[67324]: audit
2024-02-22T00:24:59.784673+0000 mon.smithi049 (mon.0) 64 : audit [INF] from='mgr.14116 172.21.15.49:0/841016773' entity='mgr.smithi049.rjblpr'
2024-02-22T00:25:01.180 INFO:journalctl@ceph.mon.smithi049.smithi049.stdout:Feb 22 00:25:00 smithi049 ceph-9923b37e-d118-11ee-95bd-87774f69a715-mon-smithi049[67324]: cluster
2024-02-22T00:25:00.051615+0000 mgr.smithi049.rjblpr (mgr.14116) 25 : cluster [DBG] pgmap v3: 0 pgs: ; 0 B data, 0 B used, 0 B / 0 B avail
2024-02-22T00:25:02.362 INFO:teuthology.orchestra.run.smithi049.stderr:/usr/bin/ceph:
2024-02-22T00:25:02.355+0000 7fc2d1144700 1 Processor -- start
2024-02-22T00:25:02.362 INFO:teuthology.orchestra.run.smithi049.stderr:/usr/bin/ceph:
2024-02-22T00:25:02.355+0000 7fc2d1144700 1 -- start start
2024-02-22T00:25:02.362 INFO:teuthology.orchestra.run.smithi049.stderr:/usr/bin/ceph:
2024-02-22T00:25:02.356+0000 7fc2d1144700 1 --2- >> [v2:172.21.15.49:3300/0,v1:172.21.15.49:6789/0] conn(0x7fc2cc0fbed0 0x7fc2cc0fc2f0 unknown :-1 s=NONE pgs=0 cs=0 l=0 rev1=0 rx=0 tx=0).connect
2024-02-22T00:25:02.362 INFO:teuthology.orchestra.run.smithi049.stderr:/usr/bin/ceph:
2024-02-22T00:25:02.356+0000 7fc2d1144700 1 -- --> [v2:172.21.15.49:3300/0,v1:172.21.15.49:6789/0] -- mon_getmap magic: 0 v1 -- 0x7fc2cc0fc7e0 con 0x7fc2cc0fbed0
2024-02-22T00:25:02.363 INFO:teuthology.orchestra.run.smithi049.stderr:/usr/bin/ceph:
2024-02-22T00:25:02.356+0000 7fc2cad9d700 1 --2- >> [v2:172.21.15.49:3300/0,v1:172.21.15.49:6789/0] conn(0x7fc2cc0fbed0 0x7fc2cc0fc2f0 unknown :-1 s=BANNER_CONNECTING pgs=0 cs=0 l=0 rev1=0 rx=0 tx=0)._handle_peer_banner_payload supported=1 required=0
2024-02-22T00:25:02.363 INFO:teuthology.orchestra.run.smithi049.stderr:/usr/bin/ceph:
2024-02-22T00:25:02.356+0000 7fc2cad9d700 1 --2- >> [v2:172.21.15.49:3300/0,v1:172.21.15.49:6789/0] conn(0x7fc2cc0fbed0 0x7fc2cc0fc2f0 unknown :-1 s=HELLO_CONNECTING pgs=0 cs=0 l=0 rev1=1 rx=0 tx=0).handle_hello peer v2:172.21.15.49:3300/0 says I am v2:172.21.15.49:54938/0 (socket says 172.21.15.49:54938)
2024-02-22T00:25:02.363 INFO:teuthology.orchestra.run.smithi049.stderr:/usr/bin/ceph:
2024-02-22T00:25:02.356+0000 7fc2cad9d700 1 -- 172.21.15.49:0/4170594898 learned_addr learned my addr 172.21.15.49:0/4170594898 (peer_addr_for_me v2:172.21.15.49:0/0)
2024-02-22T00:25:02.363 INFO:teuthology.orchestra.run.smithi049.stderr:/usr/bin/ceph:
2024-02-22T00:25:02.356+0000 7fc2cad9d700 1 -- 172.21.15.49:0/4170594898 --> [v2:172.21.15.49:3300/0,v1:172.21.15.49:6789/0] -- mon_subscribe({config=0+,monmap=0+}) v3 -- 0x7fc2cc0fc920 con 0x7fc2cc0fbed0
2024-02-22T00:25:02.363 INFO:teuthology.orchestra.run.smithi049.stderr:/usr/bin/ceph:
2024-02-22T00:25:02.356+0000 7fc2cad9d700 1 --2- 172.21.15.49:0/4170594898 >> [v2:172.21.15.49:3300/0,v1:172.21.15.49:6789/0] conn(0x7fc2cc0fbed0 0x7fc2cc0fc2f0 secure :-1 s=READY pgs=57 cs=0 l=1 rev1=1 rx=0x7fc2bc009730 tx=0x7fc2bc0090f0).ready entity=mon.0 client_cookie=4ea2eb3a19780406 server_cookie=0 in_seq=0 out_seq=0
2024-02-22T00:25:02.363 INFO:teuthology.orchestra.run.smithi049.stderr:/usr/bin/ceph:
2024-02-22T00:25:02.356+0000 7fc2c9d9b700 1 -- 172.21.15.49:0/4170594898 <== mon.0 v2:172.21.15.49:3300/0 1 ==== mon_map magic: 0 v1 ==== 229+0+0 (secure 0 0 0) 0x7fc2bc00b6e0 con 0x7fc2cc0fbed0
2024-02-22T00:25:02.363 INFO:teuthology.orchestra.run.smithi049.stderr:/usr/bin/ceph:
2024-02-22T00:25:02.357+0000 7fc2c9d9b700 1 -- 172.21.15.49:0/4170594898 <== mon.0 v2:172.21.15.49:3300/0 2 ==== config(25 keys) v1 ==== 1046+0+0 (secure 0 0 0) 0x7fc2bc00bcd0 con 0x7fc2cc0fbed0
2024-02-22T00:25:02.363 INFO:teuthology.orchestra.run.smithi049.stderr:/usr/bin/ceph:
2024-02-22T00:25:02.357+0000 7fc2c9d9b700 1 -- 172.21.15.49:0/4170594898 <== mon.0 v2:172.21.15.49:3300/0 3 ==== mon_map magic: 0 v1 ==== 229+0+0 (secure 0 0 0) 0x7fc2bc011cb0 con 0x7fc2cc0fbed0
2024-02-22T00:25:02.363 INFO:teuthology.orchestra.run.smithi049.stderr:/usr/bin/ceph:
2024-02-22T00:25:02.357+0000 7fc2d1144700 1 -- 172.21.15.49:0/4170594898 >> [v2:172.21.15.49:3300/0,v1:172.21.15.49:6789/0] conn(0x7fc2cc0fbed0 msgr2=0x7fc2cc0fc2f0 secure :-1 s=STATE_CONNECTION_ESTABLISHED l=1).mark_down
2024-02-22T00:25:02.363 INFO:teuthology.orchestra.run.smithi049.stderr:/usr/bin/ceph:
2024-02-22T00:25:02.357+0000 7fc2d1144700 1 --2- 172.21.15.49:0/4170594898 >> [v2:172.21.15.49:3300/0,v1:172.21.15.49:6789/0] conn(0x7fc2cc0fbed0 0x7fc2cc0fc2f0 secure :-1 s=READY pgs=57 cs=0 l=1 rev1=1 rx=0x7fc2bc009730 tx=0x7fc2bc0090f0).stop
2024-02-22T00:25:02.363 INFO:teuthology.orchestra.run.smithi049.stderr:/usr/bin/ceph:
2024-02-22T00:25:02.357+0000 7fc2d1144700 1 -- 172.21.15.49:0/4170594898 shutdown_connections
2024-02-22T00:25:02.363 INFO:teuthology.orchestra.run.smithi049.stderr:/usr/bin/ceph:
2024-02-22T00:25:02.357+0000 7fc2d1144700 1 --2- 172.21.15.49:0/4170594898 >> [v2:172.21.15.49:3300/0,v1:172.21.15.49:6789/0] conn(0x7fc2cc0fbed0 0x7fc2cc0fc2f0 unknown :-1 s=CLOSED pgs=57 cs=0 l=1 rev1=1 rx=0 tx=0).stop
2024-02-22T00:25:02.363 INFO:teuthology.orchestra.run.smithi049.stderr:/usr/bin/ceph:
2024-02-22T00:25:02.357+0000 7fc2d1144700 1 -- 172.21.15.49:0/4170594898 >> 172.21.15.49:0/4170594898 conn(0x7fc2cc0f76f0 msgr2=0x7fc2cc0f9b10 unknown :-1 s=STATE_NONE l=0).mark_down
2024-02-22T00:25:02.363 INFO:teuthology.orchestra.run.smithi049.stderr:/usr/bin/ceph:
2024-02-22T00:25:02.357+0000 7fc2d1144700 1 -- 172.21.15.49:0/4170594898 shutdown_connections
2024-02-22T00:25:02.364 INFO:teuthology.orchestra.run.smithi049.stderr:/usr/bin/ceph:
2024-02-22T00:25:02.357+0000 7fc2d1144700 1 -- 172.21.15.49:0/4170594898 wait complete.
2024-02-22T00:25:02.364 INFO:teuthology.orchestra.run.smithi049.stderr:/usr/bin/ceph:
2024-02-22T00:25:02.358+0000 7fc2d1144700 1 Processor -- start
2024-02-22T00:25:02.366 INFO:teuthology.orchestra.run.smithi049.stderr:/usr/bin/ceph:
2024-02-22T00:25:02.358+0000 7fc2d1144700 1 -- start start
2024-02-22T00:25:02.366 INFO:teuthology.orchestra.run.smithi049.stderr:/usr/bin/ceph:
2024-02-22T00:25:02.358+0000 7fc2d1144700 1 --2- >> [v2:172.21.15.49:3300/0,v1:172.21.15.49:6789/0] conn(0x7fc2cc0fbed0 0x7fc2cc109c00 unknown :-1 s=NONE pgs=0 cs=0 l=1 rev1=0 rx=0 tx=0).connect
2024-02-22T00:25:02.366 INFO:teuthology.orchestra.run.smithi049.stderr:/usr/bin/ceph:
2024-02-22T00:25:02.358+0000 7fc2d1144700 1 -- --> [v2:172.21.15.49:3300/0,v1:172.21.15.49:6789/0] -- mon_getmap magic: 0 v1 -- 0x7fc2cc10a0f0 con 0x7fc2cc0fbed0
2024-02-22T00:25:02.366 INFO:teuthology.orchestra.run.smithi049.stderr:/usr/bin/ceph:
2024-02-22T00:25:02.358+0000 7fc2cad9d700 1 --2- >> [v2:172.21.15.49:3300/0,v1:172.21.15.49:6789/0] conn(0x7fc2cc0fbed0 0x7fc2cc109c00 unknown :-1 s=BANNER_CONNECTING pgs=0 cs=0 l=1 rev1=0 rx=0 tx=0)._handle_peer_banner_payload supported=1 required=0
2024-02-22T00:25:02.366 INFO:teuthology.orchestra.run.smithi049.stderr:/usr/bin/ceph:
2024-02-22T00:25:02.359+0000 7fc2cad9d700 1 --2- >> [v2:172.21.15.49:3300/0,v1:172.21.15.49:6789/0] conn(0x7fc2cc0fbed0 0x7fc2cc109c00 unknown :-1 s=HELLO_CONNECTING pgs=0 cs=0 l=1 rev1=1 rx=0 tx=0).handle_hello peer v2:172.21.15.49:3300/0 says I am v2:172.21.15.49:54952/0 (socket says 172.21.15.49:54952)
2024-02-22T00:25:02.366 INFO:teuthology.orchestra.run.smithi049.stderr:/usr/bin/ceph:
2024-02-22T00:25:02.359+0000 7fc2cad9d700 1 -- 172.21.15.49:0/2918461386 learned_addr learned my addr 172.21.15.49:0/2918461386 (peer_addr_for_me v2:172.21.15.49:0/0)
2024-02-22T00:25:02.366 INFO:teuthology.orchestra.run.smithi049.stderr:/usr/bin/ceph:
2024-02-22T00:25:02.359+0000 7fc2cad9d700 1 -- 172.21.15.49:0/2918461386 --> [v2:172.21.15.49:3300/0,v1:172.21.15.49:6789/0] -- mon_subscribe({config=0+,monmap=0+}) v3 -- 0x7fc2bc009370 con 0x7fc2cc0fbed0
2024-02-22T00:25:02.366 INFO:teuthology.orchestra.run.smithi049.stderr:/usr/bin/ceph:
2024-02-22T00:25:02.359+0000 7fc2cad9d700 1 --2- 172.21.15.49:0/2918461386 >> [v2:172.21.15.49:3300/0,v1:172.21.15.49:6789/0] conn(0x7fc2cc0fbed0 0x7fc2cc109c00 secure :-1 s=READY pgs=58 cs=0 l=1 rev1=1 rx=0x7fc2bc0118b0 tx=0x7fc2bc0090f0).ready entity=mon.0 client_cookie=0 server_cookie=0 in_seq=0 out_seq=0
2024-02-22T00:25:02.366 INFO:teuthology.orchestra.run.smithi049.stderr:/usr/bin/ceph:
2024-02-22T00:25:02.359+0000 7fc2c3fff700 1 -- 172.21.15.49:0/2918461386 <== mon.0 v2:172.21.15.49:3300/0 1 ==== mon_map magic: 0 v1 ==== 229+0+0 (secure 0 0 0) 0x7fc2bc00be40 con 0x7fc2cc0fbed0
2024-02-22T00:25:02.366 INFO:teuthology.orchestra.run.smithi049.stderr:/usr/bin/ceph:
2024-02-22T00:25:02.359+0000 7fc2d1144700 1 -- 172.21.15.49:0/2918461386 --> [v2:172.21.15.49:3300/0,v1:172.21.15.49:6789/0] -- mon_subscribe({mgrmap=0+}) v3 -- 0x7fc2cc10a2f0 con 0x7fc2cc0fbed0
2024-02-22T00:25:02.367 INFO:teuthology.orchestra.run.smithi049.stderr:/usr/bin/ceph:
2024-02-22T00:25:02.359+0000 7fc2c3fff700 1 -- 172.21.15.49:0/2918461386 <== mon.0 v2:172.21.15.49:3300/0 2 ==== config(25 keys) v1 ==== 1046+0+0 (secure 0 0 0) 0x7fc2bc00bad0 con 0x7fc2cc0fbed0
2024-02-22T00:25:02.367 INFO:teuthology.orchestra.run.smithi049.stderr:/usr/bin/ceph:
2024-02-22T00:25:02.359+0000 7fc2c3fff700 1 -- 172.21.15.49:0/2918461386 <== mon.0 v2:172.21.15.49:3300/0 3 ==== mon_map magic: 0 v1 ==== 229+0+0 (secure 0 0 0) 0x7fc2bc01aaa0 con 0x7fc2cc0fbed0
2024-02-22T00:25:02.367 INFO:teuthology.orchestra.run.smithi049.stderr:/usr/bin/ceph:
2024-02-22T00:25:02.359+0000 7fc2d1144700 1 -- 172.21.15.49:0/2918461386 --> [v2:172.21.15.49:3300/0,v1:172.21.15.49:6789/0] -- mon_subscribe({osdmap=0}) v3 -- 0x7fc2cc10a700 con 0x7fc2cc0fbed0
2024-02-22T00:25:02.367 INFO:teuthology.orchestra.run.smithi049.stderr:/usr/bin/ceph:
2024-02-22T00:25:02.360+0000 7fc2c3fff700 1 -- 172.21.15.49:0/2918461386 <== mon.0 v2:172.21.15.49:3300/0 4 ==== mgrmap(e 8) v1 ==== 38632+0+0 (secure 0 0 0) 0x7fc2bc01ad20 con 0x7fc2cc0fbed0
2024-02-22T00:25:02.367 INFO:teuthology.orchestra.run.smithi049.stderr:/usr/bin/ceph:
2024-02-22T00:25:02.360+0000 7fc2c3fff700 1 --2- 172.21.15.49:0/2918461386 >> [v2:172.21.15.49:6800/2503465771,v1:172.21.15.49:6801/2503465771] conn(0x7fc2b8034860 0x7fc2b8036d20 unknown :-1 s=NONE pgs=0 cs=0 l=1 rev1=0 rx=0 tx=0).connect
2024-02-22T00:25:02.367 INFO:teuthology.orchestra.run.smithi049.stderr:/usr/bin/ceph:
2024-02-22T00:25:02.360+0000 7fc2d1144700 1 -- 172.21.15.49:0/2918461386 --> [v2:172.21.15.49:3300/0,v1:172.21.15.49:6789/0] -- mon_command({"prefix": "get_command_descriptions"} v 0) v1 -- 0x7fc2cc046ce0 con 0x7fc2cc0fbed0
2024-02-22T00:25:02.367 INFO:teuthology.orchestra.run.smithi049.stderr:/usr/bin/ceph:
2024-02-22T00:25:02.360+0000 7fc2c3fff700 1 -- 172.21.15.49:0/2918461386 <== mon.0 v2:172.21.15.49:3300/0 5 ==== osd_map(2..2 src has 1..2) v4 ==== 893+0+0 (secure 0 0 0) 0x7fc2bc044a50 con 0x7fc2cc0fbed0
2024-02-22T00:25:02.367 INFO:teuthology.orchestra.run.smithi049.stderr:/usr/bin/ceph:
2024-02-22T00:25:02.360+0000 7fc2ca59c700 1 --2- 172.21.15.49:0/2918461386 >> [v2:172.21.15.49:6800/2503465771,v1:172.21.15.49:6801/2503465771] conn(0x7fc2b8034860 0x7fc2b8036d20 unknown :-1 s=BANNER_CONNECTING pgs=0 cs=0 l=1 rev1=0 rx=0 tx=0)._handle_peer_banner_payload supported=1 required=0
2024-02-22T00:25:02.367 INFO:teuthology.orchestra.run.smithi049.stderr:/usr/bin/ceph:
2024-02-22T00:25:02.361+0000 7fc2ca59c700 1 --2- 172.21.15.49:0/2918461386 >> [v2:172.21.15.49:6800/2503465771,v1:172.21.15.49:6801/2503465771] conn(0x7fc2b8034860 0x7fc2b8036d20 secure :-1 s=READY pgs=19 cs=0 l=1 rev1=1 rx=0x7fc2b4009780 tx=0x7fc2b4006cc0).ready entity=mgr.14116 client_cookie=0 server_cookie=0 in_seq=0 out_seq=0
2024-02-22T00:25:02.369 INFO:teuthology.orchestra.run.smithi049.stderr:/usr/bin/ceph:
2024-02-22T00:25:02.365+0000 7fc2c3fff700 1 -- 172.21.15.49:0/2918461386 <== mon.0 v2:172.21.15.49:3300/0 6 ==== mon_command_ack([{"prefix": "get_command_descriptions"}]=0 v0) v1 ==== 72+0+163658 (secure 0 0 0) 0x7fc2bc01e070 con 0x7fc2cc0fbed0
2024-02-22T00:25:02.430 INFO:journalctl@ceph.mon.smithi049.smithi049.stdout:Feb 22 00:25:02 smithi049 ceph-9923b37e-d118-11ee-95bd-87774f69a715-mon-smithi049[67324]: audit
2024-02-22T00:25:01.155656+0000 mon.smithi049 (mon.0) 65 : audit [INF] from='client.? 172.21.15.49:0/3781610096' entity='client.admin'
2024-02-22T00:25:02.540 INFO:teuthology.orchestra.run.smithi049.stderr:/usr/bin/ceph:
2024-02-22T00:25:02.535+0000 7fc2d1144700 1 -- 172.21.15.49:0/2918461386 --> [v2:172.21.15.49:3300/0,v1:172.21.15.49:6789/0] -- mon_command([{prefix=config set, name=mgr/dashboard/ssl_server_port}] v 0) v1 -- 0x7fc2cc0fdc20 con 0x7fc2cc0fbed0
2024-02-22T00:25:02.543 INFO:teuthology.orchestra.run.smithi049.stderr:/usr/bin/ceph:
2024-02-22T00:25:02.539+0000 7fc2c3fff700 1 -- 172.21.15.49:0/2918461386 <== mon.0 v2:172.21.15.49:3300/0 7 ==== mon_command_ack([{prefix=config set, name=mgr/dashboard/ssl_server_port}]=0 v8)=0 v8) v1 ==== 130+0+0 (secure 0 0 0) 0x7fc2bc023cb0 con 0x7fc2cc0fbed0
2024-02-22T00:25:02.546 INFO:teuthology.orchestra.run.smithi049.stderr:/usr/bin/ceph:
2024-02-22T00:25:02.541+0000 7fc2d1144700 1 -- 172.21.15.49:0/2918461386 >> [v2:172.21.15.49:6800/2503465771,v1:172.21.15.49:6801/2503465771] conn(0x7fc2b8034860 msgr2=0x7fc2b8036d20 secure :-1 s=STATE_CONNECTION_ESTABLISHED l=1).mark_down
2024-02-22T00:25:02.546 INFO:teuthology.orchestra.run.smithi049.stderr:/usr/bin/ceph:
2024-02-22T00:25:02.541+0000 7fc2d1144700 1 --2- 172.21.15.49:0/2918461386 >> [v2:172.21.15.49:6800/2503465771,v1:172.21.15.49:6801/2503465771] conn(0x7fc2b8034860 0x7fc2b8036d20 secure :-1 s=READY pgs=19 cs=0 l=1 rev1=1 rx=0x7fc2b4009780 tx=0x7fc2b4006cc0).stop
2024-02-22T00:25:02.546 INFO:teuthology.orchestra.run.smithi049.stderr:/usr/bin/ceph:
2024-02-22T00:25:02.541+0000 7fc2d1144700 1 -- 172.21.15.49:0/2918461386 >> [v2:172.21.15.49:3300/0,v1:172.21.15.49:6789/0] conn(0x7fc2cc0fbed0 msgr2=0x7fc2cc109c00 secure :-1 s=STATE_CONNECTION_ESTABLISHED l=1).mark_down
2024-02-22T00:25:02.546 INFO:teuthology.orchestra.run.smithi049.stderr:/usr/bin/ceph:
2024-02-22T00:25:02.541+0000 7fc2d1144700 1 --2- 172.21.15.49:0/2918461386 >> [v2:172.21.15.49:3300/0,v1:172.21.15.49:6789/0] conn(0x7fc2cc0fbed0 0x7fc2cc109c00 secure :-1 s=READY pgs=58 cs=0 l=1 rev1=1 rx=0x7fc2bc0118b0 tx=0x7fc2bc0090f0).stop
2024-02-22T00:25:02.547 INFO:teuthology.orchestra.run.smithi049.stderr:/usr/bin/ceph:
2024-02-22T00:25:02.541+0000 7fc2d1144700 1 -- 172.21.15.49:0/2918461386 shutdown_connections
2024-02-22T00:25:02.547 INFO:teuthology.orchestra.run.smithi049.stderr:/usr/bin/ceph:
2024-02-22T00:25:02.541+0000 7fc2d1144700 1 --2- 172.21.15.49:0/2918461386 >> [v2:172.21.15.49:6800/2503465771,v1:172.21.15.49:6801/2503465771] conn(0x7fc2b8034860 0x7fc2b8036d20 unknown :-1 s=CLOSED pgs=19 cs=0 l=1 rev1=1 rx=0 tx=0).stop
2024-02-22T00:25:02.547 INFO:teuthology.orchestra.run.smithi049.stderr:/usr/bin/ceph:
2024-02-22T00:25:02.541+0000 7fc2d1144700 1 --2- 172.21.15.49:0/2918461386 >> [v2:172.21.15.49:3300/0,v1:172.21.15.49:6789/0] conn(0x7fc2cc0fbed0 0x7fc2cc109c00 unknown :-1 s=CLOSED pgs=58 cs=0 l=1 rev1=1 rx=0 tx=0).stop
2024-02-22T00:25:02.547 INFO:teuthology.orchestra.run.smithi049.stderr:/usr/bin/ceph:
2024-02-22T00:25:02.541+0000 7fc2d1144700 1 -- 172.21.15.49:0/2918461386 >> 172.21.15.49:0/2918461386 conn(0x7fc2cc0f76f0 msgr2=0x7fc2cc100c60 unknown :-1 s=STATE_NONE l=0).mark_down
2024-02-22T00:25:02.547 INFO:teuthology.orchestra.run.smithi049.stderr:/usr/bin/ceph:
2024-02-22T00:25:02.541+0000 7fc2d1144700 1 -- 172.21.15.49:0/2918461386 shutdown_connections
2024-02-22T00:25:02.547 INFO:teuthology.orchestra.run.smithi049.stderr:/usr/bin/ceph:
2024-02-22T00:25:02.541+0000 7fc2d1144700 1 -- 172.21.15.49:0/2918461386 wait complete.
2024-02-22T00:25:03.189 INFO:teuthology.orchestra.run.smithi049.stderr:Enabling the dashboard module...
2024-02-22T00:25:03.741 INFO:teuthology.orchestra.run.smithi049.stderr:/usr/bin/ceph:
2024-02-22T00:25:03.734+0000 7fa31745e700 1 Processor -- start
2024-02-22T00:25:03.741 INFO:teuthology.orchestra.run.smithi049.stderr:/usr/bin/ceph:
2024-02-22T00:25:03.734+0000 7fa31745e700 1 -- start start
2024-02-22T00:25:03.741 INFO:teuthology.orchestra.run.smithi049.stderr:/usr/bin/ceph:
2024-02-22T00:25:03.734+0000 7fa31745e700 1 --2- >> [v2:172.21.15.49:3300/0,v1:172.21.15.49:6789/0] conn(0x7fa3100fcfe0 0x7fa3100fd400 unknown :-1 s=NONE pgs=0 cs=0 l=0 rev1=0 rx=0 tx=0).connect
2024-02-22T00:25:03.741 INFO:teuthology.orchestra.run.smithi049.stderr:/usr/bin/ceph:
2024-02-22T00:25:03.734+0000 7fa31745e700 1 -- --> [v2:172.21.15.49:3300/0,v1:172.21.15.49:6789/0] -- mon_getmap magic: 0 v1 -- 0x7fa3100fd8f0 con 0x7fa3100fcfe0
2024-02-22T00:25:03.741 INFO:teuthology.orchestra.run.smithi049.stderr:/usr/bin/ceph:
2024-02-22T00:25:03.734+0000 7fa3151fa700 1 --2- >> [v2:172.21.15.49:3300/0,v1:172.21.15.49:6789/0] conn(0x7fa3100fcfe0 0x7fa3100fd400 unknown :-1 s=BANNER_CONNECTING pgs=0 cs=0 l=0 rev1=0 rx=0 tx=0)._handle_peer_banner_payload supported=1 required=0
2024-02-22T00:25:03.741 INFO:teuthology.orchestra.run.smithi049.stderr:/usr/bin/ceph:
2024-02-22T00:25:03.734+0000 7fa3151fa700 1 --2- >> [v2:172.21.15.49:3300/0,v1:172.21.15.49:6789/0] conn(0x7fa3100fcfe0 0x7fa3100fd400 unknown :-1 s=HELLO_CONNECTING pgs=0 cs=0 l=0 rev1=1 rx=0 tx=0).handle_hello peer v2:172.21.15.49:3300/0 says I am v2:172.21.15.49:54954/0 (socket says 172.21.15.49:54954)
2024-02-22T00:25:03.741 INFO:teuthology.orchestra.run.smithi049.stderr:/usr/bin/ceph:
2024-02-22T00:25:03.734+0000 7fa3151fa700 1 -- 172.21.15.49:0/579964335 learned_addr learned my addr 172.21.15.49:0/579964335 (peer_addr_for_me v2:172.21.15.49:0/0)
2024-02-22T00:25:03.741 INFO:teuthology.orchestra.run.smithi049.stderr:/usr/bin/ceph:
2024-02-22T00:25:03.735+0000 7fa3151fa700 1 -- 172.21.15.49:0/579964335 --> [v2:172.21.15.49:3300/0,v1:172.21.15.49:6789/0] -- mon_subscribe({config=0+,monmap=0+}) v3 -- 0x7fa3100fda30 con 0x7fa3100fcfe0
2024-02-22T00:25:03.741 INFO:teuthology.orchestra.run.smithi049.stderr:/usr/bin/ceph:
2024-02-22T00:25:03.735+0000 7fa3151fa700 1 --2- 172.21.15.49:0/579964335 >> [v2:172.21.15.49:3300/0,v1:172.21.15.49:6789/0] conn(0x7fa3100fcfe0 0x7fa3100fd400 secure :-1 s=READY pgs=59 cs=0 l=1 rev1=1 rx=0x7fa30c009730 tx=0x7fa30c0090f0).ready entity=mon.0 client_cookie=44e4887f5be9bef9 server_cookie=0 in_seq=0 out_seq=0
2024-02-22T00:25:03.741 INFO:teuthology.orchestra.run.smithi049.stderr:/usr/bin/ceph:
2024-02-22T00:25:03.735+0000 7fa307fff700 1 -- 172.21.15.49:0/579964335 <== mon.0 v2:172.21.15.49:3300/0 1 ==== mon_map magic: 0 v1 ==== 229+0+0 (secure 0 0 0) 0x7fa30c00b6e0 con 0x7fa3100fcfe0
2024-02-22T00:25:03.741 INFO:teuthology.orchestra.run.smithi049.stderr:/usr/bin/ceph:
2024-02-22T00:25:03.735+0000 7fa307fff700 1 -- 172.21.15.49:0/579964335 <== mon.0 v2:172.21.15.49:3300/0 2 ==== config(25 keys) v1 ==== 1046+0+0 (secure 0 0 0) 0x7fa30c00bcd0 con 0x7fa3100fcfe0
2024-02-22T00:25:03.741 INFO:teuthology.orchestra.run.smithi049.stderr:/usr/bin/ceph:
2024-02-22T00:25:03.735+0000 7fa307fff700 1 -- 172.21.15.49:0/579964335 <== mon.0 v2:172.21.15.49:3300/0 3 ==== mon_map magic: 0 v1 ==== 229+0+0 (secure 0 0 0) 0x7fa30c011cb0 con 0x7fa3100fcfe0
2024-02-22T00:25:03.741 INFO:teuthology.orchestra.run.smithi049.stderr:/usr/bin/ceph:
2024-02-22T00:25:03.735+0000 7fa31745e700 1 -- 172.21.15.49:0/579964335 >> [v2:172.21.15.49:3300/0,v1:172.21.15.49:6789/0] conn(0x7fa3100fcfe0 msgr2=0x7fa3100fd400 secure :-1 s=STATE_CONNECTION_ESTABLISHED l=1).mark_down
2024-02-22T00:25:03.742 INFO:teuthology.orchestra.run.smithi049.stderr:/usr/bin/ceph:
2024-02-22T00:25:03.735+0000 7fa31745e700 1 --2- 172.21.15.49:0/579964335 >> [v2:172.21.15.49:3300/0,v1:172.21.15.49:6789/0] conn(0x7fa3100fcfe0 0x7fa3100fd400 secure :-1 s=READY pgs=59 cs=0 l=1 rev1=1 rx=0x7fa30c009730 tx=0x7fa30c0090f0).stop
2024-02-22T00:25:03.742 INFO:teuthology.orchestra.run.smithi049.stderr:/usr/bin/ceph:
2024-02-22T00:25:03.735+0000 7fa31745e700 1 -- 172.21.15.49:0/579964335 shutdown_connections
2024-02-22T00:25:03.742 INFO:teuthology.orchestra.run.smithi049.stderr:/usr/bin/ceph:
2024-02-22T00:25:03.736+0000 7fa31745e700 1 --2- 172.21.15.49:0/579964335 >> [v2:172.21.15.49:3300/0,v1:172.21.15.49:6789/0] conn(0x7fa3100fcfe0 0x7fa3100fd400 unknown :-1 s=CLOSED pgs=59 cs=0 l=1 rev1=1 rx=0 tx=0).stop
2024-02-22T00:25:03.742 INFO:teuthology.orchestra.run.smithi049.stderr:/usr/bin/ceph:
2024-02-22T00:25:03.736+0000 7fa31745e700 1 -- 172.21.15.49:0/579964335 >> 172.21.15.49:0/579964335 conn(0x7fa3100f8820 msgr2=0x7fa3100fac40 unknown :-1 s=STATE_NONE l=0).mark_down
2024-02-22T00:25:03.742 INFO:teuthology.orchestra.run.smithi049.stderr:/usr/bin/ceph:
2024-02-22T00:25:03.736+0000 7fa31745e700 1 -- 172.21.15.49:0/579964335 shutdown_connections
2024-02-22T00:25:03.742 INFO:teuthology.orchestra.run.smithi049.stderr:/usr/bin/ceph:
2024-02-22T00:25:03.736+0000 7fa31745e700 1 -- 172.21.15.49:0/579964335 wait complete.
2024-02-22T00:25:03.742 INFO:teuthology.orchestra.run.smithi049.stderr:/usr/bin/ceph:
2024-02-22T00:25:03.736+0000 7fa31745e700 1 Processor -- start
2024-02-22T00:25:03.742 INFO:teuthology.orchestra.run.smithi049.stderr:/usr/bin/ceph:
2024-02-22T00:25:03.736+0000 7fa31745e700 1 -- start start
2024-02-22T00:25:03.744 INFO:teuthology.orchestra.run.smithi049.stderr:/usr/bin/ceph:
2024-02-22T00:25:03.737+0000 7fa31745e700 1 --2- >> [v2:172.21.15.49:3300/0,v1:172.21.15.49:6789/0] conn(0x7fa3100fcfe0 0x7fa310072c90 unknown :-1 s=NONE pgs=0 cs=0 l=1 rev1=0 rx=0 tx=0).connect
2024-02-22T00:25:03.744 INFO:teuthology.orchestra.run.smithi049.stderr:/usr/bin/ceph:
2024-02-22T00:25:03.737+0000 7fa31745e700 1 -- --> [v2:172.21.15.49:3300/0,v1:172.21.15.49:6789/0] -- mon_getmap magic: 0 v1 -- 0x7fa310071110 con 0x7fa3100fcfe0
2024-02-22T00:25:03.744 INFO:teuthology.orchestra.run.smithi049.stderr:/usr/bin/ceph:
2024-02-22T00:25:03.737+0000 7fa3151fa700 1 --2- >> [v2:172.21.15.49:3300/0,v1:172.21.15.49:6789/0] conn(0x7fa3100fcfe0 0x7fa310072c90 unknown :-1 s=BANNER_CONNECTING pgs=0 cs=0 l=1 rev1=0 rx=0 tx=0)._handle_peer_banner_payload supported=1 required=0
2024-02-22T00:25:03.744 INFO:teuthology.orchestra.run.smithi049.stderr:/usr/bin/ceph:
2024-02-22T00:25:03.737+0000 7fa3151fa700 1 --2- >> [v2:172.21.15.49:3300/0,v1:172.21.15.49:6789/0] conn(0x7fa3100fcfe0 0x7fa310072c90 unknown :-1 s=HELLO_CONNECTING pgs=0 cs=0 l=1 rev1=1 rx=0 tx=0).handle_hello peer v2:172.21.15.49:3300/0 says I am v2:172.21.15.49:54966/0 (socket says 172.21.15.49:54966)
2024-02-22T00:25:03.744 INFO:teuthology.orchestra.run.smithi049.stderr:/usr/bin/ceph:
2024-02-22T00:25:03.737+0000 7fa3151fa700 1 -- 172.21.15.49:0/3502177918 learned_addr learned my addr 172.21.15.49:0/3502177918 (peer_addr_for_me v2:172.21.15.49:0/0)
2024-02-22T00:25:03.744 INFO:teuthology.orchestra.run.smithi049.stderr:/usr/bin/ceph:
2024-02-22T00:25:03.737+0000 7fa3151fa700 1 -- 172.21.15.49:0/3502177918 --> [v2:172.21.15.49:3300/0,v1:172.21.15.49:6789/0] -- mon_subscribe({config=0+,monmap=0+}) v3 -- 0x7fa30c009370 con 0x7fa3100fcfe0
2024-02-22T00:25:03.745 INFO:teuthology.orchestra.run.smithi049.stderr:/usr/bin/ceph:
2024-02-22T00:25:03.737+0000 7fa3151fa700 1 --2- 172.21.15.49:0/3502177918 >> [v2:172.21.15.49:3300/0,v1:172.21.15.49:6789/0] conn(0x7fa3100fcfe0 0x7fa310072c90 secure :-1 s=READY pgs=60 cs=0 l=1 rev1=1 rx=0x7fa30c006b00 tx=0x7fa30c0090f0).ready entity=mon.0 client_cookie=0 server_cookie=0 in_seq=0 out_seq=0
2024-02-22T00:25:03.745 INFO:teuthology.orchestra.run.smithi049.stderr:/usr/bin/ceph:
2024-02-22T00:25:03.737+0000 7fa3067fc700 1 -- 172.21.15.49:0/3502177918 <== mon.0 v2:172.21.15.49:3300/0 1 ==== mon_map magic: 0 v1 ==== 229+0+0 (secure 0 0 0) 0x7fa30c01a640 con 0x7fa3100fcfe0
2024-02-22T00:25:03.745 INFO:teuthology.orchestra.run.smithi049.stderr:/usr/bin/ceph:
2024-02-22T00:25:03.737+0000 7fa3067fc700 1 -- 172.21.15.49:0/3502177918 <== mon.0 v2:172.21.15.49:3300/0 2 ==== config(25 keys) v1 ==== 1046+0+0 (secure 0 0 0) 0x7fa30c01ac30 con 0x7fa3100fcfe0
2024-02-22T00:25:03.745 INFO:teuthology.orchestra.run.smithi049.stderr:/usr/bin/ceph:
2024-02-22T00:25:03.737+0000 7fa3067fc700 1 -- 172.21.15.49:0/3502177918 <== mon.0 v2:172.21.15.49:3300/0 3 ==== mon_map magic: 0 v1 ==== 229+0+0 (secure 0 0 0) 0x7fa30c023cb0 con 0x7fa3100fcfe0
2024-02-22T00:25:03.745 INFO:teuthology.orchestra.run.smithi049.stderr:/usr/bin/ceph:
2024-02-22T00:25:03.737+0000 7fa31745e700 1 -- 172.21.15.49:0/3502177918 --> [v2:172.21.15.49:3300/0,v1:172.21.15.49:6789/0] -- mon_subscribe({mgrmap=0+}) v3 -- 0x7fa3100712b0 con 0x7fa3100fcfe0
2024-02-22T00:25:03.745 INFO:teuthology.orchestra.run.smithi049.stderr:/usr/bin/ceph:
2024-02-22T00:25:03.737+0000 7fa31745e700 1 -- 172.21.15.49:0/3502177918 --> [v2:172.21.15.49:3300/0,v1:172.21.15.49:6789/0] -- mon_subscribe({osdmap=0}) v3 -- 0x7fa3100716c0 con 0x7fa3100fcfe0
2024-02-22T00:25:03.745 INFO:teuthology.orchestra.run.smithi049.stderr:/usr/bin/ceph:
2024-02-22T00:25:03.738+0000 7fa3067fc700 1 -- 172.21.15.49:0/3502177918 <== mon.0 v2:172.21.15.49:3300/0 4 ==== mgrmap(e 8) v1 ==== 38632+0+0 (secure 0 0 0) 0x7fa30c023510 con 0x7fa3100fcfe0
2024-02-22T00:25:03.745 INFO:teuthology.orchestra.run.smithi049.stderr:/usr/bin/ceph:
2024-02-22T00:25:03.738+0000 7fa2fbfff700 1 -- 172.21.15.49:0/3502177918 --> [v2:172.21.15.49:3300/0,v1:172.21.15.49:6789/0] -- mon_command({"prefix": "get_command_descriptions"} v 0) v1 -- 0x7fa2f0005120 con 0x7fa3100fcfe0
2024-02-22T00:25:03.745 INFO:teuthology.orchestra.run.smithi049.stderr:/usr/bin/ceph:
2024-02-22T00:25:03.739+0000 7fa3067fc700 1 --2- 172.21.15.49:0/3502177918 >> [v2:172.21.15.49:6800/2503465771,v1:172.21.15.49:6801/2503465771] conn(0x7fa2fc032660 0x7fa2fc034b20 unknown :-1 s=NONE pgs=0 cs=0 l=1 rev1=0 rx=0 tx=0).connect
2024-02-22T00:25:03.745 INFO:teuthology.orchestra.run.smithi049.stderr:/usr/bin/ceph:
2024-02-22T00:25:03.739+0000 7fa3067fc700 1 -- 172.21.15.49:0/3502177918 <== mon.0 v2:172.21.15.49:3300/0 5 ==== osd_map(2..2 src has 1..2) v4 ==== 893+0+0 (secure 0 0 0) 0x7fa30c0449c0 con 0x7fa3100fcfe0
2024-02-22T00:25:03.745 INFO:teuthology.orchestra.run.smithi049.stderr:/usr/bin/ceph:
2024-02-22T00:25:03.739+0000 7fa3149f9700 1 --2- 172.21.15.49:0/3502177918 >> [v2:172.21.15.49:6800/2503465771,v1:172.21.15.49:6801/2503465771] conn(0x7fa2fc032660 0x7fa2fc034b20 unknown :-1 s=BANNER_CONNECTING pgs=0 cs=0 l=1 rev1=0 rx=0 tx=0)._handle_peer_banner_payload supported=1 required=0
2024-02-22T00:25:03.745 INFO:teuthology.orchestra.run.smithi049.stderr:/usr/bin/ceph:
2024-02-22T00:25:03.739+0000 7fa3149f9700 1 --2- 172.21.15.49:0/3502177918 >> [v2:172.21.15.49:6800/2503465771,v1:172.21.15.49:6801/2503465771] conn(0x7fa2fc032660 0x7fa2fc034b20 secure :-1 s=READY pgs=20 cs=0 l=1 rev1=1 rx=0x7fa300009780 tx=0x7fa300006cc0).ready entity=mgr.14116 client_cookie=0 server_cookie=0 in_seq=0 out_seq=0
2024-02-22T00:25:03.747 INFO:teuthology.orchestra.run.smithi049.stderr:/usr/bin/ceph:
2024-02-22T00:25:03.743+0000 7fa3067fc700 1 -- 172.21.15.49:0/3502177918 <== mon.0 v2:172.21.15.49:3300/0 6 ==== mon_command_ack([{"prefix": "get_command_descriptions"}]=0 v0) v1 ==== 72+0+163658 (secure 0 0 0) 0x7fa30c019570 con 0x7fa3100fcfe0
2024-02-22T00:25:03.930 INFO:journalctl@ceph.mon.smithi049.smithi049.stdout:Feb 22 00:25:03 smithi049 ceph-9923b37e-d118-11ee-95bd-87774f69a715-mon-smithi049[67324]: cluster
2024-02-22T00:25:02.051963+0000 mgr.smithi049.rjblpr (mgr.14116) 26 : cluster [DBG] pgmap v4: 0 pgs: ; 0 B data, 0 B used, 0 B / 0 B avail
2024-02-22T00:25:03.931 INFO:journalctl@ceph.mon.smithi049.smithi049.stdout:Feb 22 00:25:03 smithi049 ceph-9923b37e-d118-11ee-95bd-87774f69a715-mon-smithi049[67324]: audit
2024-02-22T00:25:02.539998+0000 mon.smithi049 (mon.0) 66 : audit [INF] from='client.? 172.21.15.49:0/2918461386' entity='client.admin'
2024-02-22T00:25:03.962 INFO:teuthology.orchestra.run.smithi049.stderr:/usr/bin/ceph:
2024-02-22T00:25:03.957+0000 7fa2fbfff700 1 -- 172.21.15.49:0/3502177918 --> [v2:172.21.15.49:3300/0,v1:172.21.15.49:6789/0] -- mon_command({"prefix": "mgr module enable", "module": "dashboard"} v 0) v1 -- 0x7fa2f00057f0 con 0x7fa3100fcfe0
2024-02-22T00:25:04.546 INFO:teuthology.orchestra.run.smithi049.stderr:/usr/bin/ceph:
2024-02-22T00:25:04.541+0000 7fa3067fc700 1 -- 172.21.15.49:0/3502177918 <== mon.0 v2:172.21.15.49:3300/0 7 ==== mgrmap(e 9) v1 ==== 38645+0+0 (secure 0 0 0) 0x7fa30c02c440 con 0x7fa3100fcfe0
2024-02-22T00:25:04.547 INFO:teuthology.orchestra.run.smithi049.stderr:/usr/bin/ceph:
2024-02-22T00:25:04.543+0000 7fa3067fc700 1 -- 172.21.15.49:0/3502177918 <== mon.0 v2:172.21.15.49:3300/0 8 ==== mon_command_ack([{"prefix": "mgr module enable", "module": "dashboard"}]=0 v9) v1 ==== 88+0+0 (secure 0 0 0) 0x7fa30c022700 con 0x7fa3100fcfe0
2024-02-22T00:25:04.551 INFO:teuthology.orchestra.run.smithi049.stderr:/usr/bin/ceph:
2024-02-22T00:25:04.545+0000 7fa2fbfff700 1 -- 172.21.15.49:0/3502177918 >> [v2:172.21.15.49:6800/2503465771,v1:172.21.15.49:6801/2503465771] conn(0x7fa2fc032660 msgr2=0x7fa2fc034b20 secure :-1 s=STATE_CONNECTION_ESTABLISHED l=1).mark_down
2024-02-22T00:25:04.551 INFO:teuthology.orchestra.run.smithi049.stderr:/usr/bin/ceph:
2024-02-22T00:25:04.545+0000 7fa2fbfff700 1 --2- 172.21.15.49:0/3502177918 >> [v2:172.21.15.49:6800/2503465771,v1:172.21.15.49:6801/2503465771] conn(0x7fa2fc032660 0x7fa2fc034b20 secure :-1 s=READY pgs=20 cs=0 l=1 rev1=1 rx=0x7fa300009780 tx=0x7fa300006cc0).stop
2024-02-22T00:25:04.551 INFO:teuthology.orchestra.run.smithi049.stderr:/usr/bin/ceph:
2024-02-22T00:25:04.545+0000 7fa2fbfff700 1 -- 172.21.15.49:0/3502177918 >> [v2:172.21.15.49:3300/0,v1:172.21.15.49:6789/0] conn(0x7fa3100fcfe0 msgr2=0x7fa310072c90 secure :-1 s=STATE_CONNECTION_ESTABLISHED l=1).mark_down
2024-02-22T00:25:04.551 INFO:teuthology.orchestra.run.smithi049.stderr:/usr/bin/ceph:
2024-02-22T00:25:04.545+0000 7fa2fbfff700 1 --2- 172.21.15.49:0/3502177918 >> [v2:172.21.15.49:3300/0,v1:172.21.15.49:6789/0] conn(0x7fa3100fcfe0 0x7fa310072c90 secure :-1 s=READY pgs=60 cs=0 l=1 rev1=1 rx=0x7fa30c006b00 tx=0x7fa30c0090f0).stop
2024-02-22T00:25:04.551 INFO:teuthology.orchestra.run.smithi049.stderr:/usr/bin/ceph:
2024-02-22T00:25:04.545+0000 7fa2fbfff700 1 -- 172.21.15.49:0/3502177918 shutdown_connections
2024-02-22T00:25:04.551 INFO:teuthology.orchestra.run.smithi049.stderr:/usr/bin/ceph:
2024-02-22T00:25:04.545+0000 7fa2fbfff700 1 --2- 172.21.15.49:0/3502177918 >> [v2:172.21.15.49:6800/2503465771,v1:172.21.15.49:6801/2503465771] conn(0x7fa2fc032660 0x7fa2fc034b20 unknown :-1 s=CLOSED pgs=20 cs=0 l=1 rev1=1 rx=0 tx=0).stop
2024-02-22T00:25:04.551 INFO:teuthology.orchestra.run.smithi049.stderr:/usr/bin/ceph:
2024-02-22T00:25:04.545+0000 7fa2fbfff700 1 --2- 172.21.15.49:0/3502177918 >> [v2:172.21.15.49:3300/0,v1:172.21.15.49:6789/0] conn(0x7fa3100fcfe0 0x7fa310072c90 unknown :-1 s=CLOSED pgs=60 cs=0 l=1 rev1=1 rx=0 tx=0).stop
2024-02-22T00:25:04.551 INFO:teuthology.orchestra.run.smithi049.stderr:/usr/bin/ceph:
2024-02-22T00:25:04.545+0000 7fa2fbfff700 1 -- 172.21.15.49:0/3502177918 >> 172.21.15.49:0/3502177918 conn(0x7fa3100f8820 msgr2=0x7fa3100fa1b0 unknown :-1 s=STATE_NONE l=0).mark_down
2024-02-22T00:25:04.551 INFO:teuthology.orchestra.run.smithi049.stderr:/usr/bin/ceph:
2024-02-22T00:25:04.546+0000 7fa2fbfff700 1 -- 172.21.15.49:0/3502177918 shutdown_connections
2024-02-22T00:25:04.552 INFO:teuthology.orchestra.run.smithi049.stderr:/usr/bin/ceph:
2024-02-22T00:25:04.546+0000 7fa2fbfff700 1 -- 172.21.15.49:0/3502177918 wait complete.
2024-02-22T00:25:04.800 INFO:journalctl@ceph.mon.smithi049.smithi049.stdout:Feb 22 00:25:04 smithi049 ceph-9923b37e-d118-11ee-95bd-87774f69a715-mon-smithi049[67324]: audit
2024-02-22T00:25:03.959053+0000 mon.smithi049 (mon.0) 67 : audit [INF] from='client.? 172.21.15.49:0/3502177918' entity='client.admin' cmd=[{"prefix": "mgr module enable", "module": "dashboard"}]: dispatch
2024-02-22T00:25:05.930 INFO:journalctl@ceph.mon.smithi049.smithi049.stdout:Feb 22 00:25:05 smithi049 ceph-9923b37e-d118-11ee-95bd-87774f69a715-mon-smithi049[67324]: audit
2024-02-22T00:25:04.544397+0000 mon.smithi049 (mon.0) 68 : audit [INF] from='client.? 172.21.15.49:0/3502177918' entity='client.admin' cmd='[{"prefix": "mgr module enable", "module": "dashboard"}]': finished
