2024-02-22T00:25:12.589+0000 7fa8d5ffb700 1 -- 172.21.15.49:0/742521422 <== mon.0 v2:172.21.15.49:3300/0 1 ==== mon_map magic: 0 v1 ==== 229+0+0 (secure 0 0 0) 0x7fa8cc00be40 con 0x7fa8d8071c00
2024-02-22T00:25:12.596 INFO:teuthology.orchestra.run.smithi049.stderr:/usr/bin/ceph:
2024-02-22T00:25:12.590+0000 7fa8df0b1700 1 -- 172.21.15.49:0/742521422 --> [v2:172.21.15.49:3300/0,v1:172.21.15.49:6789/0] -- mon_subscribe({mgrmap=0+}) v3 -- 0x7fa8d810e740 con 0x7fa8d8071c00
2024-02-22T00:25:12.596 INFO:teuthology.orchestra.run.smithi049.stderr:/usr/bin/ceph:
2024-02-22T00:25:12.590+0000 7fa8d5ffb700 1 -- 172.21.15.49:0/742521422 <== mon.0 v2:172.21.15.49:3300/0 2 ==== config(25 keys) v1 ==== 1046+0+0 (secure 0 0 0) 0x7fa8cc01aad0 con 0x7fa8d8071c00
2024-02-22T00:25:12.596 INFO:teuthology.orchestra.run.smithi049.stderr:/usr/bin/ceph:
2024-02-22T00:25:12.590+0000 7fa8d5ffb700 1 -- 172.21.15.49:0/742521422 <== mon.0 v2:172.21.15.49:3300/0 3 ==== mon_map magic: 0 v1 ==== 229+0+0 (secure 0 0 0) 0x7fa8cc0239e0 con 0x7fa8d8071c00
2024-02-22T00:25:12.596 INFO:teuthology.orchestra.run.smithi049.stderr:/usr/bin/ceph:
2024-02-22T00:25:12.590+0000 7fa8df0b1700 1 -- 172.21.15.49:0/742521422 --> [v2:172.21.15.49:3300/0,v1:172.21.15.49:6789/0] -- mon_subscribe({osdmap=0}) v3 -- 0x7fa8d810eb50 con 0x7fa8d8071c00
2024-02-22T00:25:12.596 INFO:teuthology.orchestra.run.smithi049.stderr:/usr/bin/ceph:
2024-02-22T00:25:12.591+0000 7fa8c37fe700 1 -- 172.21.15.49:0/742521422 --> [v2:172.21.15.49:3300/0,v1:172.21.15.49:6789/0] -- mon_command({"prefix": "get_command_descriptions"} v 0) v1 -- 0x7fa8b8005120 con 0x7fa8d8071c00
2024-02-22T00:25:12.597 INFO:teuthology.orchestra.run.smithi049.stderr:/usr/bin/ceph:
2024-02-22T00:25:12.591+0000 7fa8d5ffb700 1 -- 172.21.15.49:0/742521422 <== mon.0 v2:172.21.15.49:3300/0 4 ==== mgrmap(e 11) v1 ==== 38539+0+0 (secure 0 0 0) 0x7fa8cc023ca0 con 0x7fa8d8071c00
2024-02-22T00:25:12.597 INFO:teuthology.orchestra.run.smithi049.stderr:/usr/bin/ceph:
2024-02-22T00:25:12.591+0000 7fa8d5ffb700 1 --2- 172.21.15.49:0/742521422 >> [v2:172.21.15.49:6800/3269480929,v1:172.21.15.49:6801/3269480929] conn(0x7fa8c8032520 0x7fa8c80349e0 unknown :-1 s=NONE pgs=0 cs=0 l=1 rev1=0 rx=0 tx=0).connect
2024-02-22T00:25:12.597 INFO:teuthology.orchestra.run.smithi049.stderr:/usr/bin/ceph:
2024-02-22T00:25:12.591+0000 7fa8d5ffb700 1 -- 172.21.15.49:0/742521422 <== mon.0 v2:172.21.15.49:3300/0 5 ==== osd_map(3..3 src has 1..3) v4 ==== 1065+0+0 (secure 0 0 0) 0x7fa8cc044ac0 con 0x7fa8d8071c00
2024-02-22T00:25:12.597 INFO:teuthology.orchestra.run.smithi049.stderr:/usr/bin/ceph:
2024-02-22T00:25:12.592+0000 7fa8d7fff700 1 --2- 172.21.15.49:0/742521422 >> [v2:172.21.15.49:6800/3269480929,v1:172.21.15.49:6801/3269480929] conn(0x7fa8c8032520 0x7fa8c80349e0 unknown :-1 s=BANNER_CONNECTING pgs=0 cs=0 l=1 rev1=0 rx=0 tx=0)._handle_peer_banner_payload supported=1 required=0
2024-02-22T00:25:12.597 INFO:teuthology.orchestra.run.smithi049.stderr:/usr/bin/ceph:
2024-02-22T00:25:12.592+0000 7fa8d7fff700 1 --2- 172.21.15.49:0/742521422 >> [v2:172.21.15.49:6800/3269480929,v1:172.21.15.49:6801/3269480929] conn(0x7fa8c8032520 0x7fa8c80349e0 secure :-1 s=READY pgs=6 cs=0 l=1 rev1=1 rx=0x7fa8c4009780 tx=0x7fa8c4006cc0).ready entity=mgr.14156 client_cookie=0 server_cookie=0 in_seq=0 out_seq=0
2024-02-22T00:25:12.601 INFO:teuthology.orchestra.run.smithi049.stderr:/usr/bin/ceph:
2024-02-22T00:25:12.597+0000 7fa8d5ffb700 1 -- 172.21.15.49:0/742521422 <== mon.0 v2:172.21.15.49:3300/0 6 ==== mon_command_ack([{"prefix": "get_command_descriptions"}]=0 v0) v1 ==== 72+0+163658 (secure 0 0 0) 0x7fa8cc0292a0 con 0x7fa8d8071c00
2024-02-22T00:25:12.680 INFO:journalctl@ceph.mon.smithi049.smithi049.stdout:Feb 22 00:25:12 smithi049 ceph-9923b37e-d118-11ee-95bd-87774f69a715-mon-smithi049[67324]: audit
2024-02-22T00:25:11.140274+0000 mgr.smithi049.rjblpr (mgr.14156) 1 : audit [DBG] from='client.14160 -' entity='client.admin' cmd=[{"prefix": "get_command_descriptions"}]: dispatch
2024-02-22T00:25:12.680 INFO:journalctl@ceph.mon.smithi049.smithi049.stdout:Feb 22 00:25:12 smithi049 ceph-9923b37e-d118-11ee-95bd-87774f69a715-mon-smithi049[67324]: audit
2024-02-22T00:25:11.146678+0000 mgr.smithi049.rjblpr (mgr.14156) 2 : audit [DBG] from='client.14160 -' entity='client.admin' cmd=[{"prefix": "mgr_status"}]: dispatch
2024-02-22T00:25:12.680 INFO:journalctl@ceph.mon.smithi049.smithi049.stdout:Feb 22 00:25:12 smithi049 ceph-9923b37e-d118-11ee-95bd-87774f69a715-mon-smithi049[67324]: audit
2024-02-22T00:25:11.709324+0000 mon.smithi049 (mon.0) 86 : audit [INF] from='mgr.14156 172.21.15.49:0/563212449' entity='mgr.smithi049.rjblpr'
2024-02-22T00:25:12.715 INFO:teuthology.orchestra.run.smithi049.stderr:/usr/bin/ceph:
2024-02-22T00:25:12.708+0000 7fa8d5ffb700 1 -- 172.21.15.49:0/742521422 <== mon.0 v2:172.21.15.49:3300/0 7 ==== mgrmap(e 12) v1 ==== 38645+0+0 (secure 0 0 0) 0x7fa8cc01ac40 con 0x7fa8d8071c00
2024-02-22T00:25:12.787 INFO:teuthology.orchestra.run.smithi049.stderr:/usr/bin/ceph:
2024-02-22T00:25:12.782+0000 7fa8c37fe700 1 -- 172.21.15.49:0/742521422 --> [v2:172.21.15.49:6800/3269480929,v1:172.21.15.49:6801/3269480929] -- mgr_command(tid 0: {"prefix": "dashboard create-self-signed-cert", "target": ["mon-mgr", ""]}) v1 -- 0x7fa8b8000bc0 con 0x7fa8c8032520
2024-02-22T00:25:12.958 INFO:teuthology.orchestra.run.smithi049.stderr:/usr/bin/ceph:
2024-02-22T00:25:12.953+0000 7fa8d5ffb700 1 -- 172.21.15.49:0/742521422 <== mgr.14156 v2:172.21.15.49:6800/3269480929 1 ==== mgr_command_reply(tid 0: 0 ) v1 ==== 8+0+32 (secure 0 0 0) 0x7fa8b8000bc0 con 0x7fa8c8032520
2024-02-22T00:25:12.958 INFO:teuthology.orchestra.run.smithi049.stderr:/usr/bin/ceph: Self-signed certificate created
2024-02-22T00:25:12.960 INFO:teuthology.orchestra.run.smithi049.stderr:/usr/bin/ceph:
2024-02-22T00:25:12.955+0000 7fa8c37fe700 1 -- 172.21.15.49:0/742521422 >> [v2:172.21.15.49:6800/3269480929,v1:172.21.15.49:6801/3269480929] conn(0x7fa8c8032520 msgr2=0x7fa8c80349e0 secure :-1 s=STATE_CONNECTION_ESTABLISHED l=1).mark_down
2024-02-22T00:25:12.960 INFO:teuthology.orchestra.run.smithi049.stderr:/usr/bin/ceph:
2024-02-22T00:25:12.955+0000 7fa8c37fe700 1 --2- 172.21.15.49:0/742521422 >> [v2:172.21.15.49:6800/3269480929,v1:172.21.15.49:6801/3269480929] conn(0x7fa8c8032520 0x7fa8c80349e0 secure :-1 s=READY pgs=6 cs=0 l=1 rev1=1 rx=0x7fa8c4009780 tx=0x7fa8c4006cc0).stop
2024-02-22T00:25:12.960 INFO:teuthology.orchestra.run.smithi049.stderr:/usr/bin/ceph:
2024-02-22T00:25:12.955+0000 7fa8c37fe700 1 -- 172.21.15.49:0/742521422 >> [v2:172.21.15.49:3300/0,v1:172.21.15.49:6789/0] conn(0x7fa8d8071c00 msgr2=0x7fa8d810e050 secure :-1 s=STATE_CONNECTION_ESTABLISHED l=1).mark_down
2024-02-22T00:25:12.961 INFO:teuthology.orchestra.run.smithi049.stderr:/usr/bin/ceph:
2024-02-22T00:25:12.955+0000 7fa8c37fe700 1 --2- 172.21.15.49:0/742521422 >> [v2:172.21.15.49:3300/0,v1:172.21.15.49:6789/0] conn(0x7fa8d8071c00 0x7fa8d810e050 secure :-1 s=READY pgs=73 cs=0 l=1 rev1=1 rx=0x7fa8cc0118b0 tx=0x7fa8cc0090f0).stop
2024-02-22T00:25:12.961 INFO:teuthology.orchestra.run.smithi049.stderr:/usr/bin/ceph:
2024-02-22T00:25:12.955+0000 7fa8c37fe700 1 -- 172.21.15.49:0/742521422 shutdown_connections
2024-02-22T00:25:12.961 INFO:teuthology.orchestra.run.smithi049.stderr:/usr/bin/ceph:
2024-02-22T00:25:12.955+0000 7fa8c37fe700 1 --2- 172.21.15.49:0/742521422 >> [v2:172.21.15.49:6800/3269480929,v1:172.21.15.49:6801/3269480929] conn(0x7fa8c8032520 0x7fa8c80349e0 unknown :-1 s=CLOSED pgs=6 cs=0 l=1 rev1=1 rx=0 tx=0).stop
2024-02-22T00:25:12.961 INFO:teuthology.orchestra.run.smithi049.stderr:/usr/bin/ceph:
2024-02-22T00:25:12.955+0000 7fa8c37fe700 1 --2- 172.21.15.49:0/742521422 >> [v2:172.21.15.49:3300/0,v1:172.21.15.49:6789/0] conn(0x7fa8d8071c00 0x7fa8d810e050 unknown :-1 s=CLOSED pgs=73 cs=0 l=1 rev1=1 rx=0 tx=0).stop
2024-02-22T00:25:12.961 INFO:teuthology.orchestra.run.smithi049.stderr:/usr/bin/ceph:
2024-02-22T00:25:12.955+0000 7fa8c37fe700 1 -- 172.21.15.49:0/742521422 >> 172.21.15.49:0/742521422 conn(0x7fa8d80f76f0 msgr2=0x7fa8d80f9120 unknown :-1 s=STATE_NONE l=0).mark_down
2024-02-22T00:25:12.961 INFO:teuthology.orchestra.run.smithi049.stderr:/usr/bin/ceph:
2024-02-22T00:25:12.955+0000 7fa8c37fe700 1 -- 172.21.15.49:0/742521422 shutdown_connections
2024-02-22T00:25:12.961 INFO:teuthology.orchestra.run.smithi049.stderr:/usr/bin/ceph:
2024-02-22T00:25:12.955+0000 7fa8c37fe700 1 -- 172.21.15.49:0/742521422 wait complete.
2024-02-22T00:25:14.016 INFO:teuthology.orchestra.run.smithi049.stderr:Creating initial admin user...
2024-02-22T00:25:14.019 INFO:journalctl@ceph.mon.smithi049.smithi049.stdout:Feb 22 00:25:13 smithi049 ceph-9923b37e-d118-11ee-95bd-87774f69a715-mon-smithi049[67324]: cluster
2024-02-22T00:25:12.710871+0000 mon.smithi049 (mon.0) 87 : cluster [DBG] mgrmap e12: smithi049.rjblpr(active, since 2s)
2024-02-22T00:25:14.019 INFO:journalctl@ceph.mon.smithi049.smithi049.stdout:Feb 22 00:25:13 smithi049 ceph-9923b37e-d118-11ee-95bd-87774f69a715-mon-smithi049[67324]: audit
2024-02-22T00:25:12.784036+0000 mgr.smithi049.rjblpr (mgr.14156) 3 : audit [DBG] from='client.14166 -' entity='client.admin' cmd=[{"prefix": "dashboard create-self-signed-cert", "target": ["mon-mgr", ""]}]: dispatch
2024-02-22T00:25:14.019 INFO:journalctl@ceph.mon.smithi049.smithi049.stdout:Feb 22 00:25:13 smithi049 ceph-9923b37e-d118-11ee-95bd-87774f69a715-mon-smithi049[67324]: audit
2024-02-22T00:25:12.952582+0000 mon.smithi049 (mon.0) 88 : audit [INF] from='mgr.14156 172.21.15.49:0/563212449' entity='mgr.smithi049.rjblpr'
2024-02-22T00:25:14.019 INFO:journalctl@ceph.mon.smithi049.smithi049.stdout:Feb 22 00:25:13 smithi049 ceph-9923b37e-d118-11ee-95bd-87774f69a715-mon-smithi049[67324]: audit
2024-02-22T00:25:12.954291+0000 mon.smithi049 (mon.0) 89 : audit [INF] from='mgr.14156 172.21.15.49:0/563212449' entity='mgr.smithi049.rjblpr'
2024-02-22T00:25:14.940 INFO:teuthology.orchestra.run.smithi049.stderr:/usr/bin/ceph:
2024-02-22T00:25:14.901+0000 7f8bb9827700 1 Processor -- start
2024-02-22T00:25:14.940 INFO:teuthology.orchestra.run.smithi049.stderr:/usr/bin/ceph:
2024-02-22T00:25:14.901+0000 7f8bb9827700 1 -- start start
2024-02-22T00:25:14.940 INFO:teuthology.orchestra.run.smithi049.stderr:/usr/bin/ceph:
2024-02-22T00:25:14.901+0000 7f8bb9827700 1 --2- >> [v2:172.21.15.49:3300/0,v1:172.21.15.49:6789/0] conn(0x7f8bb40fe600 0x7f8bb40fea20 unknown :-1 s=NONE pgs=0 cs=0 l=0 rev1=0 rx=0 tx=0).connect
2024-02-22T00:25:14.941 INFO:teuthology.orchestra.run.smithi049.stderr:/usr/bin/ceph:
2024-02-22T00:25:14.901+0000 7f8bb9827700 1 -- --> [v2:172.21.15.49:3300/0,v1:172.21.15.49:6789/0] -- mon_getmap magic: 0 v1 -- 0x7f8bb40fef10 con 0x7f8bb40fe600
2024-02-22T00:25:14.941 INFO:teuthology.orchestra.run.smithi049.stderr:/usr/bin/ceph:
2024-02-22T00:25:14.901+0000 7f8bb2ffd700 1 --2- >> [v2:172.21.15.49:3300/0,v1:172.21.15.49:6789/0] conn(0x7f8bb40fe600 0x7f8bb40fea20 unknown :-1 s=BANNER_CONNECTING pgs=0 cs=0 l=0 rev1=0 rx=0 tx=0)._handle_peer_banner_payload supported=1 required=0
2024-02-22T00:25:14.941 INFO:teuthology.orchestra.run.smithi049.stderr:/usr/bin/ceph:
2024-02-22T00:25:14.901+0000 7f8bb2ffd700 1 --2- >> [v2:172.21.15.49:3300/0,v1:172.21.15.49:6789/0] conn(0x7f8bb40fe600 0x7f8bb40fea20 unknown :-1 s=HELLO_CONNECTING pgs=0 cs=0 l=0 rev1=1 rx=0 tx=0).handle_hello peer v2:172.21.15.49:3300/0 says I am v2:172.21.15.49:45062/0 (socket says 172.21.15.49:45062)
2024-02-22T00:25:14.941 INFO:teuthology.orchestra.run.smithi049.stderr:/usr/bin/ceph:
2024-02-22T00:25:14.901+0000 7f8bb2ffd700 1 -- 172.21.15.49:0/3358175301 learned_addr learned my addr 172.21.15.49:0/3358175301 (peer_addr_for_me v2:172.21.15.49:0/0)
2024-02-22T00:25:14.941 INFO:teuthology.orchestra.run.smithi049.stderr:/usr/bin/ceph:
2024-02-22T00:25:14.902+0000 7f8bb2ffd700 1 -- 172.21.15.49:0/3358175301 --> [v2:172.21.15.49:3300/0,v1:172.21.15.49:6789/0] -- mon_subscribe({config=0+,monmap=0+}) v3 -- 0x7f8bb40ff050 con 0x7f8bb40fe600
2024-02-22T00:25:14.941 INFO:teuthology.orchestra.run.smithi049.stderr:/usr/bin/ceph:
2024-02-22T00:25:14.902+0000 7f8bb2ffd700 1 --2- 172.21.15.49:0/3358175301 >> [v2:172.21.15.49:3300/0,v1:172.21.15.49:6789/0] conn(0x7f8bb40fe600 0x7f8bb40fea20 secure :-1 s=READY pgs=74 cs=0 l=1 rev1=1 rx=0x7f8ba4009730 tx=0x7f8ba40090f0).ready entity=mon.0 client_cookie=4b723f8cc58c9819 server_cookie=0 in_seq=0 out_seq=0
2024-02-22T00:25:14.941 INFO:teuthology.orchestra.run.smithi049.stderr:/usr/bin/ceph:
2024-02-22T00:25:14.902+0000 7f8bb1ffb700 1 -- 172.21.15.49:0/3358175301 <== mon.0 v2:172.21.15.49:3300/0 1 ==== mon_map magic: 0 v1 ==== 229+0+0 (secure 0 0 0) 0x7f8ba400b6e0 con 0x7f8bb40fe600
2024-02-22T00:25:14.941 INFO:teuthology.orchestra.run.smithi049.stderr:/usr/bin/ceph:
2024-02-22T00:25:14.902+0000 7f8bb1ffb700 1 -- 172.21.15.49:0/3358175301 <== mon.0 v2:172.21.15.49:3300/0 2 ==== config(25 keys) v1 ==== 1046+0+0 (secure 0 0 0) 0x7f8ba400bcd0 con 0x7f8bb40fe600
2024-02-22T00:25:14.941 INFO:teuthology.orchestra.run.smithi049.stderr:/usr/bin/ceph:
2024-02-22T00:25:14.902+0000 7f8bb1ffb700 1 -- 172.21.15.49:0/3358175301 <== mon.0 v2:172.21.15.49:3300/0 3 ==== mon_map magic: 0 v1 ==== 229+0+0 (secure 0 0 0) 0x7f8ba4011cb0 con 0x7f8bb40fe600
2024-02-22T00:25:14.941 INFO:teuthology.orchestra.run.smithi049.stderr:/usr/bin/ceph:
2024-02-22T00:25:14.902+0000 7f8bb9827700 1 -- 172.21.15.49:0/3358175301 >> [v2:172.21.15.49:3300/0,v1:172.21.15.49:6789/0] conn(0x7f8bb40fe600 msgr2=0x7f8bb40fea20 secure :-1 s=STATE_CONNECTION_ESTABLISHED l=1).mark_down
2024-02-22T00:25:14.941 INFO:teuthology.orchestra.run.smithi049.stderr:/usr/bin/ceph:
2024-02-22T00:25:14.902+0000 7f8bb9827700 1 --2- 172.21.15.49:0/3358175301 >> [v2:172.21.15.49:3300/0,v1:172.21.15.49:6789/0] conn(0x7f8bb40fe600 0x7f8bb40fea20 secure :-1 s=READY pgs=74 cs=0 l=1 rev1=1 rx=0x7f8ba4009730 tx=0x7f8ba40090f0).stop
2024-02-22T00:25:14.941 INFO:teuthology.orchestra.run.smithi049.stderr:/usr/bin/ceph:
2024-02-22T00:25:14.902+0000 7f8bb9827700 1 -- 172.21.15.49:0/3358175301 shutdown_connections
2024-02-22T00:25:14.941 INFO:teuthology.orchestra.run.smithi049.stderr:/usr/bin/ceph:
2024-02-22T00:25:14.902+0000 7f8bb9827700 1 --2- 172.21.15.49:0/3358175301 >> [v2:172.21.15.49:3300/0,v1:172.21.15.49:6789/0] conn(0x7f8bb40fe600 0x7f8bb40fea20 unknown :-1 s=CLOSED pgs=74 cs=0 l=1 rev1=1 rx=0 tx=0).stop
2024-02-22T00:25:14.942 INFO:teuthology.orchestra.run.smithi049.stderr:/usr/bin/ceph:
2024-02-22T00:25:14.902+0000 7f8bb9827700 1 -- 172.21.15.49:0/3358175301 >> 172.21.15.49:0/3358175301 conn(0x7f8bb40f6e20 msgr2=0x7f8bb40f9240 unknown :-1 s=STATE_NONE l=0).mark_down
2024-02-22T00:25:14.942 INFO:teuthology.orchestra.run.smithi049.stderr:/usr/bin/ceph:
2024-02-22T00:25:14.902+0000 7f8bb9827700 1 -- 172.21.15.49:0/3358175301 shutdown_connections
2024-02-22T00:25:14.942 INFO:teuthology.orchestra.run.smithi049.stderr:/usr/bin/ceph:
2024-02-22T00:25:14.902+0000 7f8bb9827700 1 -- 172.21.15.49:0/3358175301 wait complete.
2024-02-22T00:25:14.942 INFO:teuthology.orchestra.run.smithi049.stderr:/usr/bin/ceph:
2024-02-22T00:25:14.903+0000 7f8bb9827700 1 Processor -- start
2024-02-22T00:25:14.942 INFO:teuthology.orchestra.run.smithi049.stderr:/usr/bin/ceph:
2024-02-22T00:25:14.903+0000 7f8bb9827700 1 -- start start
2024-02-22T00:25:14.942 INFO:teuthology.orchestra.run.smithi049.stderr:/usr/bin/ceph:
2024-02-22T00:25:14.904+0000 7f8bb9827700 1 --2- >> [v2:172.21.15.49:3300/0,v1:172.21.15.49:6789/0] conn(0x7f8bb40fe600 0x7f8bb40fded0 unknown :-1 s=NONE pgs=0 cs=0 l=1 rev1=0 rx=0 tx=0).connect
2024-02-22T00:25:14.942 INFO:teuthology.orchestra.run.smithi049.stderr:/usr/bin/ceph:
2024-02-22T00:25:14.904+0000 7f8bb9827700 1 -- --> [v2:172.21.15.49:3300/0,v1:172.21.15.49:6789/0] -- mon_getmap magic: 0 v1 -- 0x7f8bb40fc350 con 0x7f8bb40fe600
2024-02-22T00:25:14.942 INFO:teuthology.orchestra.run.smithi049.stderr:/usr/bin/ceph:
2024-02-22T00:25:14.904+0000 7f8bb2ffd700 1 --2- >> [v2:172.21.15.49:3300/0,v1:172.21.15.49:6789/0] conn(0x7f8bb40fe600 0x7f8bb40fded0 unknown :-1 s=BANNER_CONNECTING pgs=0 cs=0 l=1 rev1=0 rx=0 tx=0)._handle_peer_banner_payload supported=1 required=0
2024-02-22T00:25:14.942 INFO:teuthology.orchestra.run.smithi049.stderr:/usr/bin/ceph:
2024-02-22T00:25:14.904+0000 7f8bb2ffd700 1 --2- >> [v2:172.21.15.49:3300/0,v1:172.21.15.49:6789/0] conn(0x7f8bb40fe600 0x7f8bb40fded0 unknown :-1 s=HELLO_CONNECTING pgs=0 cs=0 l=1 rev1=1 rx=0 tx=0).handle_hello peer v2:172.21.15.49:3300/0 says I am v2:172.21.15.49:45066/0 (socket says 172.21.15.49:45066)
2024-02-22T00:25:14.942 INFO:teuthology.orchestra.run.smithi049.stderr:/usr/bin/ceph:
2024-02-22T00:25:14.904+0000 7f8bb2ffd700 1 -- 172.21.15.49:0/1644705663 learned_addr learned my addr 172.21.15.49:0/1644705663 (peer_addr_for_me v2:172.21.15.49:0/0)
2024-02-22T00:25:14.942 INFO:teuthology.orchestra.run.smithi049.stderr:/usr/bin/ceph:
2024-02-22T00:25:14.904+0000 7f8bb2ffd700 1 -- 172.21.15.49:0/1644705663 --> [v2:172.21.15.49:3300/0,v1:172.21.15.49:6789/0] -- mon_subscribe({config=0+,monmap=0+}) v3 -- 0x7f8ba4009370 con 0x7f8bb40fe600
2024-02-22T00:25:14.942 INFO:teuthology.orchestra.run.smithi049.stderr:/usr/bin/ceph:
2024-02-22T00:25:14.904+0000 7f8bb2ffd700 1 --2- 172.21.15.49:0/1644705663 >> [v2:172.21.15.49:3300/0,v1:172.21.15.49:6789/0] conn(0x7f8bb40fe600 0x7f8bb40fded0 secure :-1 s=READY pgs=75 cs=0 l=1 rev1=1 rx=0x7f8ba4006b00 tx=0x7f8ba40090f0).ready entity=mon.0 client_cookie=0 server_cookie=0 in_seq=0 out_seq=0
2024-02-22T00:25:14.942 INFO:teuthology.orchestra.run.smithi049.stderr:/usr/bin/ceph:
2024-02-22T00:25:14.904+0000 7f8b9bfff700 1 -- 172.21.15.49:0/1644705663 <== mon.0 v2:172.21.15.49:3300/0 1 ==== mon_map magic: 0 v1 ==== 229+0+0 (secure 0 0 0) 0x7f8ba401a640 con 0x7f8bb40fe600
2024-02-22T00:25:14.942 INFO:teuthology.orchestra.run.smithi049.stderr:/usr/bin/ceph:
2024-02-22T00:25:14.904+0000 7f8b9bfff700 1 -- 172.21.15.49:0/1644705663 <== mon.0 v2:172.21.15.49:3300/0 2 ==== config(25 keys) v1 ==== 1046+0+0 (secure 0 0 0) 0x7f8ba401ac30 con 0x7f8bb40fe600
2024-02-22T00:25:14.943 INFO:teuthology.orchestra.run.smithi049.stderr:/usr/bin/ceph:
2024-02-22T00:25:14.904+0000 7f8bb9827700 1 -- 172.21.15.49:0/1644705663 --> [v2:172.21.15.49:3300/0,v1:172.21.15.49:6789/0] -- mon_subscribe({mgrmap=0+}) v3 -- 0x7f8bb40fc4f0 con 0x7f8bb40fe600
2024-02-22T00:25:14.943 INFO:teuthology.orchestra.run.smithi049.stderr:/usr/bin/ceph:
2024-02-22T00:25:14.904+0000 7f8b9bfff700 1 -- 172.21.15.49:0/1644705663 <== mon.0 v2:172.21.15.49:3300/0 3 ==== mon_map magic: 0 v1 ==== 229+0+0 (secure 0 0 0) 0x7f8ba4023cb0 con 0x7f8bb40fe600
2024-02-22T00:25:14.943 INFO:teuthology.orchestra.run.smithi049.stderr:/usr/bin/ceph:
2024-02-22T00:25:14.904+0000 7f8bb9827700 1 -- 172.21.15.49:0/1644705663 --> [v2:172.21.15.49:3300/0,v1:172.21.15.49:6789/0] -- mon_subscribe({osdmap=0}) v3 -- 0x7f8bb40fc900 con 0x7f8bb40fe600
2024-02-22T00:25:14.943 INFO:teuthology.orchestra.run.smithi049.stderr:/usr/bin/ceph:
2024-02-22T00:25:14.905+0000 7f8b9bfff700 1 -- 172.21.15.49:0/1644705663 <== mon.0 v2:172.21.15.49:3300/0 4 ==== mgrmap(e 12) v1 ==== 38645+0+0 (secure 0 0 0) 0x7f8ba402c3f0 con 0x7f8bb40fe600
2024-02-22T00:25:14.943 INFO:teuthology.orchestra.run.smithi049.stderr:/usr/bin/ceph:
2024-02-22T00:25:14.905+0000 7f8b9bfff700 1 --2- 172.21.15.49:0/1644705663 >> [v2:172.21.15.49:6800/3269480929,v1:172.21.15.49:6801/3269480929] conn(0x7f8b9c032660 0x7f8b9c034b20 unknown :-1 s=NONE pgs=0 cs=0 l=1 rev1=0 rx=0 tx=0).connect
2024-02-22T00:25:14.943 INFO:teuthology.orchestra.run.smithi049.stderr:/usr/bin/ceph:
2024-02-22T00:25:14.905+0000 7f8b9bfff700 1 -- 172.21.15.49:0/1644705663 <== mon.0 v2:172.21.15.49:3300/0 5 ==== osd_map(3..3 src has 1..3) v4 ==== 1065+0+0 (secure 0 0 0) 0x7f8ba40450b0 con 0x7f8bb40fe600
2024-02-22T00:25:14.943 INFO:teuthology.orchestra.run.smithi049.stderr:/usr/bin/ceph:
2024-02-22T00:25:14.905+0000 7f8bb9827700 1 -- 172.21.15.49:0/1644705663 --> [v2:172.21.15.49:3300/0,v1:172.21.15.49:6789/0] -- mon_command({"prefix": "get_command_descriptions"} v 0) v1 -- 0x7f8bb4046ce0 con 0x7f8bb40fe600
2024-02-22T00:25:14.943 INFO:teuthology.orchestra.run.smithi049.stderr:/usr/bin/ceph:
2024-02-22T00:25:14.906+0000 7f8bb27fc700 1 --2- 172.21.15.49:0/1644705663 >> [v2:172.21.15.49:6800/3269480929,v1:172.21.15.49:6801/3269480929] conn(0x7f8b9c032660 0x7f8b9c034b20 unknown :-1 s=BANNER_CONNECTING pgs=0 cs=0 l=1 rev1=0 rx=0 tx=0)._handle_peer_banner_payload supported=1 required=0
2024-02-22T00:25:14.943 INFO:teuthology.orchestra.run.smithi049.stderr:/usr/bin/ceph:
2024-02-22T00:25:14.906+0000 7f8bb27fc700 1 --2- 172.21.15.49:0/1644705663 >> [v2:172.21.15.49:6800/3269480929,v1:172.21.15.49:6801/3269480929] conn(0x7f8b9c032660 0x7f8b9c034b20 secure :-1 s=READY pgs=7 cs=0 l=1 rev1=1 rx=0x7f8ba8009780 tx=0x7f8ba8006cc0).ready entity=mgr.14156 client_cookie=0 server_cookie=0 in_seq=0 out_seq=0
2024-02-22T00:25:14.943 INFO:teuthology.orchestra.run.smithi049.stderr:/usr/bin/ceph:
2024-02-22T00:25:14.910+0000 7f8b9bfff700 1 -- 172.21.15.49:0/1644705663 <== mon.0 v2:172.21.15.49:3300/0 6 ==== mon_command_ack([{"prefix": "get_command_descriptions"}]=0 v0) v1 ==== 72+0+163658 (secure 0 0 0) 0x7f8ba401a7a0 con 0x7f8bb40fe600
2024-02-22T00:25:15.103 INFO:teuthology.orchestra.run.smithi049.stderr:/usr/bin/ceph:
2024-02-22T00:25:15.098+0000 7f8bb9827700 1 -- 172.21.15.49:0/1644705663 --> [v2:172.21.15.49:6800/3269480929,v1:172.21.15.49:6801/3269480929] -- mgr_command(tid 0: {"prefix": "dashboard ac-user-create", "username": "admin", "rolename": "administrator", "force_password": true, "pwd_update_required": true, "target": ["mon-mgr", ""]}) v1 -- 0x7f8bb405a130 con 0x7f8b9c032660
2024-02-22T00:25:15.364 INFO:teuthology.orchestra.run.smithi049.stderr:/usr/bin/ceph:
2024-02-22T00:25:15.359+0000 7f8b9bfff700 1 -- 172.21.15.49:0/1644705663 <== mgr.14156 v2:172.21.15.49:6800/3269480929 1 ==== mgr_command_reply(tid 0: 0 ) v1 ==== 8+0+252 (secure 0 0 0) 0x7f8bb405a130 con 0x7f8b9c032660
2024-02-22T00:25:15.364 INFO:teuthology.orchestra.run.smithi049.stderr:/usr/bin/ceph: {"username": "admin", "password": "$2b$12$tPWChLm1VxyIDoxkLD6pD.c7LGJZqx2bYxvfKhPMLouLb.kwrENlu", "roles": ["administrator"], "name": null, "email": null, "lastUpdate": 1708561515, "enabled": true, "pwdExpirationDate": null, "pwdUpdateRequired": true}
2024-02-22T00:25:15.366 INFO:teuthology.orchestra.run.smithi049.stderr:/usr/bin/ceph:
2024-02-22T00:25:15.361+0000 7f8bb9827700 1 -- 172.21.15.49:0/1644705663 >> [v2:172.21.15.49:6800/3269480929,v1:172.21.15.49:6801/3269480929] conn(0x7f8b9c032660 msgr2=0x7f8b9c034b20 secure :-1 s=STATE_CONNECTION_ESTABLISHED l=1).mark_down
2024-02-22T00:25:15.367 INFO:teuthology.orchestra.run.smithi049.stderr:/usr/bin/ceph:
2024-02-22T00:25:15.361+0000 7f8bb9827700 1 --2- 172.21.15.49:0/1644705663 >> [v2:172.21.15.49:6800/3269480929,v1:172.21.15.49:6801/3269480929] conn(0x7f8b9c032660 0x7f8b9c034b20 secure :-1 s=READY pgs=7 cs=0 l=1 rev1=1 rx=0x7f8ba8009780 tx=0x7f8ba8006cc0).stop
2024-02-22T00:25:15.367 INFO:teuthology.orchestra.run.smithi049.stderr:/usr/bin/ceph:
2024-02-22T00:25:15.361+0000 7f8bb9827700 1 -- 172.21.15.49:0/1644705663 >> [v2:172.21.15.49:3300/0,v1:172.21.15.49:6789/0] conn(0x7f8bb40fe600 msgr2=0x7f8bb40fded0 secure :-1 s=STATE_CONNECTION_ESTABLISHED l=1).mark_down
2024-02-22T00:25:15.367 INFO:teuthology.orchestra.run.smithi049.stderr:/usr/bin/ceph:
2024-02-22T00:25:15.361+0000 7f8bb9827700 1 --2- 172.21.15.49:0/1644705663 >> [v2:172.21.15.49:3300/0,v1:172.21.15.49:6789/0] conn(0x7f8bb40fe600 0x7f8bb40fded0 secure :-1 s=READY pgs=75 cs=0 l=1 rev1=1 rx=0x7f8ba4006b00 tx=0x7f8ba40090f0).stop
2024-02-22T00:25:15.367 INFO:teuthology.orchestra.run.smithi049.stderr:/usr/bin/ceph:
2024-02-22T00:25:15.361+0000 7f8bb9827700 1 -- 172.21.15.49:0/1644705663 shutdown_connections
2024-02-22T00:25:15.367 INFO:teuthology.orchestra.run.smithi049.stderr:/usr/bin/ceph:
2024-02-22T00:25:15.361+0000 7f8bb9827700 1 --2- 172.21.15.49:0/1644705663 >> [v2:172.21.15.49:6800/3269480929,v1:172.21.15.49:6801/3269480929] conn(0x7f8b9c032660 0x7f8b9c034b20 unknown :-1 s=CLOSED pgs=7 cs=0 l=1 rev1=1 rx=0 tx=0).stop
2024-02-22T00:25:15.367 INFO:teuthology.orchestra.run.smithi049.stderr:/usr/bin/ceph:
2024-02-22T00:25:15.361+0000 7f8bb9827700 1 --2- 172.21.15.49:0/1644705663 >> [v2:172.21.15.49:3300/0,v1:172.21.15.49:6789/0] conn(0x7f8bb40fe600 0x7f8bb40fded0 unknown :-1 s=CLOSED pgs=75 cs=0 l=1 rev1=1 rx=0 tx=0).stop
2024-02-22T00:25:15.367 INFO:teuthology.orchestra.run.smithi049.stderr:/usr/bin/ceph:
2024-02-22T00:25:15.361+0000 7f8bb9827700 1 -- 172.21.15.49:0/1644705663 >> 172.21.15.49:0/1644705663 conn(0x7f8bb40f6e20 msgr2=0x7f8bb40f8730 unknown :-1 s=STATE_NONE l=0).mark_down
2024-02-22T00:25:15.367 INFO:teuthology.orchestra.run.smithi049.stderr:/usr/bin/ceph:
2024-02-22T00:25:15.362+0000 7f8bb9827700 1 -- 172.21.15.49:0/1644705663 shutdown_connections
2024-02-22T00:25:15.367 INFO:teuthology.orchestra.run.smithi049.stderr:/usr/bin/ceph:
2024-02-22T00:25:15.362+0000 7f8bb9827700 1 -- 172.21.15.49:0/1644705663 wait complete.
2024-02-22T00:25:16.042 INFO:teuthology.orchestra.run.smithi049.stderr:Fetching dashboard port number...
2024-02-22T00:25:16.648 INFO:teuthology.orchestra.run.smithi049.stderr:/usr/bin/ceph:
2024-02-22T00:25:16.639+0000 7f54ad24b700 1 Processor -- start
2024-02-22T00:25:16.649 INFO:teuthology.orchestra.run.smithi049.stderr:/usr/bin/ceph:
2024-02-22T00:25:16.639+0000 7f54ad24b700 1 -- start start
2024-02-22T00:25:16.649 INFO:teuthology.orchestra.run.smithi049.stderr:/usr/bin/ceph:
2024-02-22T00:25:16.639+0000 7f54ad24b700 1 --2- >> [v2:172.21.15.49:3300/0,v1:172.21.15.49:6789/0] conn(0x7f54a8071c60 0x7f54a80ffc30 unknown :-1 s=NONE pgs=0 cs=0 l=0 rev1=0 rx=0 tx=0).connect
2024-02-22T00:25:16.649 INFO:teuthology.orchestra.run.smithi049.stderr:/usr/bin/ceph:
2024-02-22T00:25:16.639+0000 7f54ad24b700 1 -- --> [v2:172.21.15.49:3300/0,v1:172.21.15.49:6789/0] -- mon_getmap magic: 0 v1 -- 0x7f54a8100120 con 0x7f54a8071c60
2024-02-22T00:25:16.649 INFO:teuthology.orchestra.run.smithi049.stderr:/usr/bin/ceph:
2024-02-22T00:25:16.639+0000 7f54a6d9d700 1 --2- >> [v2:172.21.15.49:3300/0,v1:172.21.15.49:6789/0] conn(0x7f54a8071c60 0x7f54a80ffc30 unknown :-1 s=BANNER_CONNECTING pgs=0 cs=0 l=0 rev1=0 rx=0 tx=0)._handle_peer_banner_payload supported=1 required=0
2024-02-22T00:25:16.649 INFO:teuthology.orchestra.run.smithi049.stderr:/usr/bin/ceph:
2024-02-22T00:25:16.639+0000 7f54a6d9d700 1 --2- >> [v2:172.21.15.49:3300/0,v1:172.21.15.49:6789/0] conn(0x7f54a8071c60 0x7f54a80ffc30 unknown :-1 s=HELLO_CONNECTING pgs=0 cs=0 l=0 rev1=1 rx=0 tx=0).handle_hello peer v2:172.21.15.49:3300/0 says I am v2:172.21.15.49:45074/0 (socket says 172.21.15.49:45074)
2024-02-22T00:25:16.649 INFO:teuthology.orchestra.run.smithi049.stderr:/usr/bin/ceph:
2024-02-22T00:25:16.639+0000 7f54a6d9d700 1 -- 172.21.15.49:0/2335515477 learned_addr learned my addr 172.21.15.49:0/2335515477 (peer_addr_for_me v2:172.21.15.49:0/0)
2024-02-22T00:25:16.649 INFO:teuthology.orchestra.run.smithi049.stderr:/usr/bin/ceph:
2024-02-22T00:25:16.640+0000 7f54a6d9d700 1 -- 172.21.15.49:0/2335515477 --> [v2:172.21.15.49:3300/0,v1:172.21.15.49:6789/0] -- mon_subscribe({config=0+,monmap=0+}) v3 -- 0x7f54a8100260 con 0x7f54a8071c60
2024-02-22T00:25:16.649 INFO:teuthology.orchestra.run.smithi049.stderr:/usr/bin/ceph:
2024-02-22T00:25:16.640+0000 7f54a6d9d700 1 --2- 172.21.15.49:0/2335515477 >> [v2:172.21.15.49:3300/0,v1:172.21.15.49:6789/0] conn(0x7f54a8071c60 0x7f54a80ffc30 secure :-1 s=READY pgs=76 cs=0 l=1 rev1=1 rx=0x7f5498009730 tx=0x7f54980090f0).ready entity=mon.0 client_cookie=e51f1d6ca710c405 server_cookie=0 in_seq=0 out_seq=0
2024-02-22T00:25:16.649 INFO:teuthology.orchestra.run.smithi049.stderr:/usr/bin/ceph:
2024-02-22T00:25:16.640+0000 7f54a5d9b700 1 -- 172.21.15.49:0/2335515477 <== mon.0 v2:172.21.15.49:3300/0 1 ==== mon_map magic: 0 v1 ==== 229+0+0 (secure 0 0 0) 0x7f549800b6e0 con 0x7f54a8071c60
2024-02-22T00:25:16.649 INFO:teuthology.orchestra.run.smithi049.stderr:/usr/bin/ceph:
2024-02-22T00:25:16.640+0000 7f54a5d9b700 1 -- 172.21.15.49:0/2335515477 <== mon.0 v2:172.21.15.49:3300/0 2 ==== config(25 keys) v1 ==== 1046+0+0 (secure 0 0 0) 0x7f549800bcd0 con 0x7f54a8071c60
2024-02-22T00:25:16.649 INFO:teuthology.orchestra.run.smithi049.stderr:/usr/bin/ceph:
2024-02-22T00:25:16.640+0000 7f54a5d9b700 1 -- 172.21.15.49:0/2335515477 <== mon.0 v2:172.21.15.49:3300/0 3 ==== mon_map magic: 0 v1 ==== 229+0+0 (secure 0 0 0) 0x7f5498011cb0 con 0x7f54a8071c60
2024-02-22T00:25:16.649 INFO:teuthology.orchestra.run.smithi049.stderr:/usr/bin/ceph:
2024-02-22T00:25:16.640+0000 7f54ad24b700 1 -- 172.21.15.49:0/2335515477 >> [v2:172.21.15.49:3300/0,v1:172.21.15.49:6789/0] conn(0x7f54a8071c60 msgr2=0x7f54a80ffc30 secure :-1 s=STATE_CONNECTION_ESTABLISHED l=1).mark_down
2024-02-22T00:25:16.650 INFO:teuthology.orchestra.run.smithi049.stderr:/usr/bin/ceph:
2024-02-22T00:25:16.640+0000 7f54ad24b700 1 --2- 172.21.15.49:0/2335515477 >> [v2:172.21.15.49:3300/0,v1:172.21.15.49:6789/0] conn(0x7f54a8071c60 0x7f54a80ffc30 secure :-1 s=READY pgs=76 cs=0 l=1 rev1=1 rx=0x7f5498009730 tx=0x7f54980090f0).stop
2024-02-22T00:25:16.650 INFO:teuthology.orchestra.run.smithi049.stderr:/usr/bin/ceph:
2024-02-22T00:25:16.640+0000 7f54ad24b700 1 -- 172.21.15.49:0/2335515477 shutdown_connections
2024-02-22T00:25:16.650 INFO:teuthology.orchestra.run.smithi049.stderr:/usr/bin/ceph:
2024-02-22T00:25:16.640+0000 7f54ad24b700 1 --2- 172.21.15.49:0/2335515477 >> [v2:172.21.15.49:3300/0,v1:172.21.15.49:6789/0] conn(0x7f54a8071c60 0x7f54a80ffc30 unknown :-1 s=CLOSED pgs=76 cs=0 l=1 rev1=1 rx=0 tx=0).stop
2024-02-22T00:25:16.650 INFO:teuthology.orchestra.run.smithi049.stderr:/usr/bin/ceph:
2024-02-22T00:25:16.640+0000 7f54ad24b700 1 -- 172.21.15.49:0/2335515477 >> 172.21.15.49:0/2335515477 conn(0x7f54a80f76f0 msgr2=0x7f54a80f9b10 unknown :-1 s=STATE_NONE l=0).mark_down
2024-02-22T00:25:16.650 INFO:teuthology.orchestra.run.smithi049.stderr:/usr/bin/ceph:
2024-02-22T00:25:16.640+0000 7f54ad24b700 1 -- 172.21.15.49:0/2335515477 shutdown_connections
2024-02-22T00:25:16.650 INFO:teuthology.orchestra.run.smithi049.stderr:/usr/bin/ceph:
2024-02-22T00:25:16.640+0000 7f54ad24b700 1 -- 172.21.15.49:0/2335515477 wait complete.
2024-02-22T00:25:16.650 INFO:teuthology.orchestra.run.smithi049.stderr:/usr/bin/ceph:
2024-02-22T00:25:16.641+0000 7f54ad24b700 1 Processor -- start
2024-02-22T00:25:16.650 INFO:teuthology.orchestra.run.smithi049.stderr:/usr/bin/ceph:
2024-02-22T00:25:16.641+0000 7f54ad24b700 1 -- start start
2024-02-22T00:25:16.650 INFO:teuthology.orchestra.run.smithi049.stderr:/usr/bin/ceph:
2024-02-22T00:25:16.642+0000 7f54ad24b700 1 --2- >> [v2:172.21.15.49:3300/0,v1:172.21.15.49:6789/0] conn(0x7f54a8071c60 0x7f54a810e010 unknown :-1 s=NONE pgs=0 cs=0 l=1 rev1=0 rx=0 tx=0).connect
2024-02-22T00:25:16.650 INFO:teuthology.orchestra.run.smithi049.stderr:/usr/bin/ceph:
2024-02-22T00:25:16.642+0000 7f54ad24b700 1 -- --> [v2:172.21.15.49:3300/0,v1:172.21.15.49:6789/0] -- mon_getmap magic: 0 v1 -- 0x7f54a810e500 con 0x7f54a8071c60
2024-02-22T00:25:16.650 INFO:teuthology.orchestra.run.smithi049.stderr:/usr/bin/ceph:
2024-02-22T00:25:16.642+0000 7f54a6d9d700 1 --2- >> [v2:172.21.15.49:3300/0,v1:172.21.15.49:6789/0] conn(0x7f54a8071c60 0x7f54a810e010 unknown :-1 s=BANNER_CONNECTING pgs=0 cs=0 l=1 rev1=0 rx=0 tx=0)._handle_peer_banner_payload supported=1 required=0
2024-02-22T00:25:16.650 INFO:teuthology.orchestra.run.smithi049.stderr:/usr/bin/ceph:
2024-02-22T00:25:16.642+0000 7f54a6d9d700 1 --2- >> [v2:172.21.15.49:3300/0,v1:172.21.15.49:6789/0] conn(0x7f54a8071c60 0x7f54a810e010 unknown :-1 s=HELLO_CONNECTING pgs=0 cs=0 l=1 rev1=1 rx=0 tx=0).handle_hello peer v2:172.21.15.49:3300/0 says I am v2:172.21.15.49:45078/0 (socket says 172.21.15.49:45078)
2024-02-22T00:25:16.650 INFO:teuthology.orchestra.run.smithi049.stderr:/usr/bin/ceph:
2024-02-22T00:25:16.642+0000 7f54a6d9d700 1 -- 172.21.15.49:0/4249571795 learned_addr learned my addr 172.21.15.49:0/4249571795 (peer_addr_for_me v2:172.21.15.49:0/0)
2024-02-22T00:25:16.650 INFO:teuthology.orchestra.run.smithi049.stderr:/usr/bin/ceph:
2024-02-22T00:25:16.642+0000 7f54a6d9d700 1 -- 172.21.15.49:0/4249571795 --> [v2:172.21.15.49:3300/0,v1:172.21.15.49:6789/0] -- mon_subscribe({config=0+,monmap=0+}) v3 -- 0x7f5498009370 con 0x7f54a8071c60
2024-02-22T00:25:16.651 INFO:teuthology.orchestra.run.smithi049.stderr:/usr/bin/ceph:
2024-02-22T00:25:16.642+0000 7f54a6d9d700 1 --2- 172.21.15.49:0/4249571795 >> [v2:172.21.15.49:3300/0,v1:172.21.15.49:6789/0] conn(0x7f54a8071c60 0x7f54a810e010 secure :-1 s=READY pgs=77 cs=0 l=1 rev1=1 rx=0x7f54980118b0 tx=0x7f54980090f0).ready entity=mon.0 client_cookie=0 server_cookie=0 in_seq=0 out_seq=0
2024-02-22T00:25:16.651 INFO:teuthology.orchestra.run.smithi049.stderr:/usr/bin/ceph:
2024-02-22T00:25:16.642+0000 7f548ffff700 1 -- 172.21.15.49:0/4249571795 <== mon.0 v2:172.21.15.49:3300/0 1 ==== mon_map magic: 0 v1 ==== 229+0+0 (secure 0 0 0) 0x7f549800be40 con 0x7f54a8071c60
2024-02-22T00:25:16.651 INFO:teuthology.orchestra.run.smithi049.stderr:/usr/bin/ceph:
2024-02-22T00:25:16.642+0000 7f548ffff700 1 -- 172.21.15.49:0/4249571795 <== mon.0 v2:172.21.15.49:3300/0 2 ==== config(25 keys) v1 ==== 1046+0+0 (secure 0 0 0) 0x7f549801aad0 con 0x7f54a8071c60
2024-02-22T00:25:16.651 INFO:teuthology.orchestra.run.smithi049.stderr:/usr/bin/ceph:
2024-02-22T00:25:16.642+0000 7f54ad24b700 1 -- 172.21.15.49:0/4249571795 --> [v2:172.21.15.49:3300/0,v1:172.21.15.49:6789/0] -- mon_subscribe({mgrmap=0+}) v3 -- 0x7f54a810e700 con 0x7f54a8071c60
2024-02-22T00:25:16.651 INFO:teuthology.orchestra.run.smithi049.stderr:/usr/bin/ceph:
2024-02-22T00:25:16.642+0000 7f548ffff700 1 -- 172.21.15.49:0/4249571795 <== mon.0 v2:172.21.15.49:3300/0 3 ==== mon_map magic: 0 v1 ==== 229+0+0 (secure 0 0 0) 0x7f5498023a80 con 0x7f54a8071c60
2024-02-22T00:25:16.651 INFO:teuthology.orchestra.run.smithi049.stderr:/usr/bin/ceph:
2024-02-22T00:25:16.642+0000 7f54ad24b700 1 -- 172.21.15.49:0/4249571795 --> [v2:172.21.15.49:3300/0,v1:172.21.15.49:6789/0] -- mon_subscribe({osdmap=0}) v3 -- 0x7f54a810eb10 con 0x7f54a8071c60
2024-02-22T00:25:16.651 INFO:teuthology.orchestra.run.smithi049.stderr:/usr/bin/ceph:
2024-02-22T00:25:16.643+0000 7f548ffff700 1 -- 172.21.15.49:0/4249571795 <== mon.0 v2:172.21.15.49:3300/0 4 ==== mgrmap(e 13) v1 ==== 38688+0+0 (secure 0 0 0) 0x7f5498023c70 con 0x7f54a8071c60
2024-02-22T00:25:16.651 INFO:teuthology.orchestra.run.smithi049.stderr:/usr/bin/ceph:
2024-02-22T00:25:16.644+0000 7f548ffff700 1 --2- 172.21.15.49:0/4249571795 >> [v2:172.21.15.49:6800/3269480929,v1:172.21.15.49:6801/3269480929] conn(0x7f5490032750 0x7f5490034c10 unknown :-1 s=NONE pgs=0 cs=0 l=1 rev1=0 rx=0 tx=0).connect
2024-02-22T00:25:16.651 INFO:teuthology.orchestra.run.smithi049.stderr:/usr/bin/ceph:
2024-02-22T00:25:16.644+0000 7f548ffff700 1 -- 172.21.15.49:0/4249571795 <== mon.0 v2:172.21.15.49:3300/0 5 ==== osd_map(3..3 src has 1..3) v4 ==== 1065+0+0 (secure 0 0 0) 0x7f5498044c10 con 0x7f54a8071c60
2024-02-22T00:25:16.651 INFO:teuthology.orchestra.run.smithi049.stderr:/usr/bin/ceph:
2024-02-22T00:25:16.644+0000 7f54ad24b700 1 -- 172.21.15.49:0/4249571795 --> [v2:172.21.15.49:3300/0,v1:172.21.15.49:6789/0] -- mon_command({"prefix": "get_command_descriptions"} v 0) v1 -- 0x7f54a8046ce0 con 0x7f54a8071c60
2024-02-22T00:25:16.651 INFO:teuthology.orchestra.run.smithi049.stderr:/usr/bin/ceph:
2024-02-22T00:25:16.644+0000 7f54a659c700 1 --2- 172.21.15.49:0/4249571795 >> [v2:172.21.15.49:6800/3269480929,v1:172.21.15.49:6801/3269480929] conn(0x7f5490032750 0x7f5490034c10 unknown :-1 s=BANNER_CONNECTING pgs=0 cs=0 l=1 rev1=0 rx=0 tx=0)._handle_peer_banner_payload supported=1 required=0
2024-02-22T00:25:16.651 INFO:teuthology.orchestra.run.smithi049.stderr:/usr/bin/ceph:
2024-02-22T00:25:16.644+0000 7f54a659c700 1 --2- 172.21.15.49:0/4249571795 >> [v2:172.21.15.49:6800/3269480929,v1:172.21.15.49:6801/3269480929] conn(0x7f5490032750 0x7f5490034c10 secure :-1 s=READY pgs=8 cs=0 l=1 rev1=1 rx=0x7f549c009780 tx=0x7f549c006cc0).ready entity=mgr.14156 client_cookie=0 server_cookie=0 in_seq=0 out_seq=0
2024-02-22T00:25:16.652 INFO:teuthology.orchestra.run.smithi049.stderr:/usr/bin/ceph:
2024-02-22T00:25:16.648+0000 7f548ffff700 1 -- 172.21.15.49:0/4249571795 <== mon.0 v2:172.21.15.49:3300/0 6 ==== mon_command_ack([{"prefix": "get_command_descriptions"}]=0 v0) v1 ==== 72+0+163658 (secure 0 0 0) 0x7f549801e080 con 0x7f54a8071c60
2024-02-22T00:25:16.680 INFO:journalctl@ceph.mon.smithi049.smithi049.stdout:Feb 22 00:25:16 smithi049 ceph-9923b37e-d118-11ee-95bd-87774f69a715-mon-smithi049[67324]: audit
2024-02-22T00:25:15.100642+0000 mgr.smithi049.rjblpr (mgr.14156) 4 : audit [DBG] from='client.14168 -' entity='client.admin' cmd=[{"prefix": "dashboard ac-user-create", "username": "admin", "rolename": "administrator", "force_password": true, "pwd_update_required": true, "target": ["mon-mgr", ""]}]: dispatch
2024-02-22T00:25:16.680 INFO:journalctl@ceph.mon.smithi049.smithi049.stdout:Feb 22 00:25:16 smithi049 ceph-9923b37e-d118-11ee-95bd-87774f69a715-mon-smithi049[67324]: audit
2024-02-22T00:25:15.355107+0000 mon.smithi049 (mon.0) 90 : audit [INF] from='mgr.14156 172.21.15.49:0/563212449' entity='mgr.smithi049.rjblpr'
2024-02-22T00:25:16.824 INFO:teuthology.orchestra.run.smithi049.stderr:/usr/bin/ceph:
2024-02-22T00:25:16.819+0000 7f54ad24b700 1 -- 172.21.15.49:0/4249571795 --> [v2:172.21.15.49:3300/0,v1:172.21.15.49:6789/0] -- mon_command({"prefix": "config get", "who": "mgr", "key": "mgr/dashboard/ssl_server_port"} v 0) v1 -- 0x7f54a8100f20 con 0x7f54a8071c60
2024-02-22T00:25:16.824 INFO:teuthology.orchestra.run.smithi049.stderr:/usr/bin/ceph:
2024-02-22T00:25:16.819+0000 7f548ffff700 1 -- 172.21.15.49:0/4249571795 <== mon.0 v2:172.21.15.49:3300/0 7 ==== mon_command_ack([{"prefix": "config get", "who": "mgr", "key": "mgr/dashboard/ssl_server_port"}]=0 v8) v1 ==== 112+0+5 (secure 0 0 0) 0x7f5498021320 con 0x7f54a8071c60
2024-02-22T00:25:16.824 INFO:teuthology.orchestra.run.smithi049.stderr:/usr/bin/ceph: 8443
2024-02-22T00:25:16.826 INFO:teuthology.orchestra.run.smithi049.stderr:/usr/bin/ceph:
2024-02-22T00:25:16.821+0000 7f54ad24b700 1 -- 172.21.15.49:0/4249571795 >> [v2:172.21.15.49:6800/3269480929,v1:172.21.15.49:6801/3269480929] conn(0x7f5490032750 msgr2=0x7f5490034c10 secure :-1 s=STATE_CONNECTION_ESTABLISHED l=1).mark_down
2024-02-22T00:25:16.827 INFO:teuthology.orchestra.run.smithi049.stderr:/usr/bin/ceph:
2024-02-22T00:25:16.821+0000 7f54ad24b700 1 --2- 172.21.15.49:0/4249571795 >> [v2:172.21.15.49:6800/3269480929,v1:172.21.15.49:6801/3269480929] conn(0x7f5490032750 0x7f5490034c10 secure :-1 s=READY pgs=8 cs=0 l=1 rev1=1 rx=0x7f549c009780 tx=0x7f549c006cc0).stop
2024-02-22T00:25:16.827 INFO:teuthology.orchestra.run.smithi049.stderr:/usr/bin/ceph:
2024-02-22T00:25:16.821+0000 7f54ad24b700 1 -- 172.21.15.49:0/4249571795 >> [v2:172.21.15.49:3300/0,v1:172.21.15.49:6789/0] conn(0x7f54a8071c60 msgr2=0x7f54a810e010 secure :-1 s=STATE_CONNECTION_ESTABLISHED l=1).mark_down
2024-02-22T00:25:16.827 INFO:teuthology.orchestra.run.smithi049.stderr:/usr/bin/ceph:
2024-02-22T00:25:16.821+0000 7f54ad24b700 1 --2- 172.21.15.49:0/4249571795 >> [v2:172.21.15.49:3300/0,v1:172.21.15.49:6789/0] conn(0x7f54a8071c60 0x7f54a810e010 secure :-1 s=READY pgs=77 cs=0 l=1 rev1=1 rx=0x7f54980118b0 tx=0x7f54980090f0).stop
2024-02-22T00:25:16.827 INFO:teuthology.orchestra.run.smithi049.stderr:/usr/bin/ceph:
2024-02-22T00:25:16.821+0000 7f54ad24b700 1 -- 172.21.15.49:0/4249571795 shutdown_connections
2024-02-22T00:25:16.827 INFO:teuthology.orchestra.run.smithi049.stderr:/usr/bin/ceph:
2024-02-22T00:25:16.821+0000 7f54ad24b700 1 --2- 172.21.15.49:0/4249571795 >> [v2:172.21.15.49:6800/3269480929,v1:172.21.15.49:6801/3269480929] conn(0x7f5490032750 0x7f5490034c10 unknown :-1 s=CLOSED pgs=8 cs=0 l=1 rev1=1 rx=0 tx=0).stop
2024-02-22T00:25:16.827 INFO:teuthology.orchestra.run.smithi049.stderr:/usr/bin/ceph:
2024-02-22T00:25:16.821+0000 7f54ad24b700 1 --2- 172.21.15.49:0/4249571795 >> [v2:172.21.15.49:3300/0,v1:172.21.15.49:6789/0] conn(0x7f54a8071c60 0x7f54a810e010 unknown :-1 s=CLOSED pgs=77 cs=0 l=1 rev1=1 rx=0 tx=0).stop
2024-02-22T00:25:16.827 INFO:teuthology.orchestra.run.smithi049.stderr:/usr/bin/ceph:
2024-02-22T00:25:16.821+0000 7f54ad24b700 1 -- 172.21.15.49:0/4249571795 >> 172.21.15.49:0/4249571795 conn(0x7f54a80f76f0 msgr2=0x7f54a80f9150 unknown :-1 s=STATE_NONE l=0).mark_down
2024-02-22T00:25:16.827 INFO:teuthology.orchestra.run.smithi049.stderr:/usr/bin/ceph:
2024-02-22T00:25:16.821+0000 7f54ad24b700 1 -- 172.21.15.49:0/4249571795 shutdown_connections
2024-02-22T00:25:16.827 INFO:teuthology.orchestra.run.smithi049.stderr:/usr/bin/ceph:
2024-02-22T00:25:16.821+0000 7f54ad24b700 1 -- 172.21.15.49:0/4249571795 wait complete.
2024-02-22T00:25:17.521 INFO:journalctl@ceph.mon.smithi049.smithi049.stdout:Feb 22 00:25:17 smithi049 ceph-9923b37e-d118-11ee-95bd-87774f69a715-mon-smithi049[67324]: cluster
2024-02-22T00:25:16.358801+0000 mon.smithi049 (mon.0) 91 : cluster [DBG] mgrmap e13: smithi049.rjblpr(active, since 6s)
2024-02-22T00:25:17.521 INFO:journalctl@ceph.mon.smithi049.smithi049.stdout:Feb 22 00:25:17 smithi049 ceph-9923b37e-d118-11ee-95bd-87774f69a715-mon-smithi049[67324]: audit
2024-02-22T00:25:16.820857+0000 mon.smithi049 (mon.0) 92 : audit [DBG] from='client.? 172.21.15.49:0/4249571795' entity='client.admin' cmd=[{"prefix": "config get", "who": "mgr", "key": "mgr/dashboard/ssl_server_port"}]: dispatch
2024-02-22T00:25:17.527 INFO:teuthology.orchestra.run.smithi049.stderr:systemctl: disabled
2024-02-22T00:25:17.536 INFO:teuthology.orchestra.run.smithi049.stderr:systemctl: inactive
2024-02-22T00:25:17.537 INFO:teuthology.orchestra.run.smithi049.stderr:firewalld.service is not enabled
2024-02-22T00:25:17.537 INFO:teuthology.orchestra.run.smithi049.stderr:Not possible to open ports <[8443]>. firewalld.service is not available
2024-02-22T00:25:17.540 INFO:teuthology.orchestra.run.smithi049.stderr:Ceph Dashboard is now available at:
2024-02-22T00:25:17.540 INFO:teuthology.orchestra.run.smithi049.stderr:
2024-02-22T00:25:17.540 INFO:teuthology.orchestra.run.smithi049.stderr: URL: https://smithi049.front.sepia.ceph.com:8443/
2024-02-22T00:25:17.540 INFO:teuthology.orchestra.run.smithi049.stderr: User: admin
2024-02-22T00:25:17.540 INFO:teuthology.orchestra.run.smithi049.stderr: Password: 94kqf539za
2024-02-22T00:25:17.540 INFO:teuthology.orchestra.run.smithi049.stderr:
2024-02-22T00:25:17.540 INFO:teuthology.orchestra.run.smithi049.stderr:Enabling autotune for osd_memory_target
2024-02-22T00:25:18.078 INFO:teuthology.orchestra.run.smithi049.stderr:/usr/bin/ceph:
2024-02-22T00:25:18.072+0000 7f748c6f9700 1 Processor -- start
2024-02-22T00:25:18.078 INFO:teuthology.orchestra.run.smithi049.stderr:/usr/bin/ceph:
2024-02-22T00:25:18.073+0000 7f748c6f9700 1 -- start start
2024-02-22T00:25:18.078 INFO:teuthology.orchestra.run.smithi049.stderr:/usr/bin/ceph:
2024-02-22T00:25:18.073+0000 7f748c6f9700 1 --2- >> [v2:172.21.15.49:3300/0,v1:172.21.15.49:6789/0] conn(0x7f7484071c20 0x7f74840ffc70 unknown :-1 s=NONE pgs=0 cs=0 l=0 rev1=0 rx=0 tx=0).connect
2024-02-22T00:25:18.079 INFO:teuthology.orchestra.run.smithi049.stderr:/usr/bin/ceph:
2024-02-22T00:25:18.073+0000 7f748c6f9700 1 -- --> [v2:172.21.15.49:3300/0,v1:172.21.15.49:6789/0] -- mon_getmap magic: 0 v1 -- 0x7f7484100160 con 0x7f7484071c20
2024-02-22T00:25:18.079 INFO:teuthology.orchestra.run.smithi049.stderr:/usr/bin/ceph:
2024-02-22T00:25:18.073+0000 7f748a495700 1 --2- >> [v2:172.21.15.49:3300/0,v1:172.21.15.49:6789/0] conn(0x7f7484071c20 0x7f74840ffc70 unknown :-1 s=BANNER_CONNECTING pgs=0 cs=0 l=0 rev1=0 rx=0 tx=0)._handle_peer_banner_payload supported=1 required=0
2024-02-22T00:25:18.079 INFO:teuthology.orchestra.run.smithi049.stderr:/usr/bin/ceph:
2024-02-22T00:25:18.073+0000 7f748a495700 1 --2- >> [v2:172.21.15.49:3300/0,v1:172.21.15.49:6789/0] conn(0x7f7484071c20 0x7f74840ffc70 unknown :-1 s=HELLO_CONNECTING pgs=0 cs=0 l=0 rev1=1 rx=0 tx=0).handle_hello peer v2:172.21.15.49:3300/0 says I am v2:172.21.15.49:45088/0 (socket says 172.21.15.49:45088)
2024-02-22T00:25:18.079 INFO:teuthology.orchestra.run.smithi049.stderr:/usr/bin/ceph:
2024-02-22T00:25:18.073+0000 7f748a495700 1 -- 172.21.15.49:0/113790828 learned_addr learned my addr 172.21.15.49:0/113790828 (peer_addr_for_me v2:172.21.15.49:0/0)
2024-02-22T00:25:18.079 INFO:teuthology.orchestra.run.smithi049.stderr:/usr/bin/ceph:
2024-02-22T00:25:18.073+0000 7f748a495700 1 -- 172.21.15.49:0/113790828 --> [v2:172.21.15.49:3300/0,v1:172.21.15.49:6789/0] -- mon_subscribe({config=0+,monmap=0+}) v3 -- 0x7f74841002a0 con 0x7f7484071c20
2024-02-22T00:25:18.079 INFO:teuthology.orchestra.run.smithi049.stderr:/usr/bin/ceph:
2024-02-22T00:25:18.074+0000 7f748a495700 1 --2- 172.21.15.49:0/113790828 >> [v2:172.21.15.49:3300/0,v1:172.21.15.49:6789/0] conn(0x7f7484071c20 0x7f74840ffc70 secure :-1 s=READY pgs=78 cs=0 l=1 rev1=1 rx=0x7f7480009730 tx=0x7f74800090f0).ready entity=mon.0 client_cookie=396dc22444138a42 server_cookie=0 in_seq=0 out_seq=0
2024-02-22T00:25:18.079 INFO:teuthology.orchestra.run.smithi049.stderr:/usr/bin/ceph:
2024-02-22T00:25:18.074+0000 7f7489493700 1 -- 172.21.15.49:0/113790828 <== mon.0 v2:172.21.15.49:3300/0 1 ==== mon_map magic: 0 v1 ==== 229+0+0 (secure 0 0 0) 0x7f748000b770 con 0x7f7484071c20
2024-02-22T00:25:18.079 INFO:teuthology.orchestra.run.smithi049.stderr:/usr/bin/ceph:
2024-02-22T00:25:18.074+0000 7f7489493700 1 -- 172.21.15.49:0/113790828 <== mon.0 v2:172.21.15.49:3300/0 2 ==== config(25 keys) v1 ==== 1046+0+0 (secure 0 0 0) 0x7f748000bd60 con 0x7f7484071c20
2024-02-22T00:25:18.079 INFO:teuthology.orchestra.run.smithi049.stderr:/usr/bin/ceph:
2024-02-22T00:25:18.074+0000 7f7489493700 1 -- 172.21.15.49:0/113790828 <== mon.0 v2:172.21.15.49:3300/0 3 ==== mon_map magic: 0 v1 ==== 229+0+0 (secure 0 0 0) 0x7f7480011d90 con 0x7f7484071c20
2024-02-22T00:25:18.082 INFO:teuthology.orchestra.run.smithi049.stderr:/usr/bin/ceph:
2024-02-22T00:25:18.074+0000 7f748c6f9700 1 -- 172.21.15.49:0/113790828 >> [v2:172.21.15.49:3300/0,v1:172.21.15.49:6789/0] conn(0x7f7484071c20 msgr2=0x7f74840ffc70 secure :-1 s=STATE_CONNECTION_ESTABLISHED l=1).mark_down
2024-02-22T00:25:18.082 INFO:teuthology.orchestra.run.smithi049.stderr:/usr/bin/ceph:
2024-02-22T00:25:18.074+0000 7f748c6f9700 1 --2- 172.21.15.49:0/113790828 >> [v2:172.21.15.49:3300/0,v1:172.21.15.49:6789/0] conn(0x7f7484071c20 0x7f74840ffc70 secure :-1 s=READY pgs=78 cs=0 l=1 rev1=1 rx=0x7f7480009730 tx=0x7f74800090f0).stop
2024-02-22T00:25:18.082 INFO:teuthology.orchestra.run.smithi049.stderr:/usr/bin/ceph:
2024-02-22T00:25:18.074+0000 7f748c6f9700 1 -- 172.21.15.49:0/113790828 shutdown_connections
2024-02-22T00:25:18.083 INFO:teuthology.orchestra.run.smithi049.stderr:/usr/bin/ceph:
2024-02-22T00:25:18.074+0000 7f748c6f9700 1 --2- 172.21.15.49:0/113790828 >> [v2:172.21.15.49:3300/0,v1:172.21.15.49:6789/0] conn(0x7f7484071c20 0x7f74840ffc70 unknown :-1 s=CLOSED pgs=78 cs=0 l=1 rev1=1 rx=0 tx=0).stop
2024-02-22T00:25:18.083 INFO:teuthology.orchestra.run.smithi049.stderr:/usr/bin/ceph:
2024-02-22T00:25:18.074+0000 7f748c6f9700 1 -- 172.21.15.49:0/113790828 >> 172.21.15.49:0/113790828 conn(0x7f74840f76f0 msgr2=0x7f74840f9b10 unknown :-1 s=STATE_NONE l=0).mark_down
2024-02-22T00:25:18.083 INFO:teuthology.orchestra.run.smithi049.stderr:/usr/bin/ceph:
2024-02-22T00:25:18.074+0000 7f748c6f9700 1 -- 172.21.15.49:0/113790828 shutdown_connections
2024-02-22T00:25:18.083 INFO:teuthology.orchestra.run.smithi049.stderr:/usr/bin/ceph:
2024-02-22T00:25:18.074+0000 7f748c6f9700 1 -- 172.21.15.49:0/113790828 wait complete.
2024-02-22T00:25:18.083 INFO:teuthology.orchestra.run.smithi049.stderr:/usr/bin/ceph:
2024-02-22T00:25:18.075+0000 7f748c6f9700 1 Processor -- start
2024-02-22T00:25:18.083 INFO:teuthology.orchestra.run.smithi049.stderr:/usr/bin/ceph:
2024-02-22T00:25:18.075+0000 7f748c6f9700 1 -- start start
2024-02-22T00:25:18.083 INFO:teuthology.orchestra.run.smithi049.stderr:/usr/bin/ceph:
2024-02-22T00:25:18.075+0000 7f748c6f9700 1 --2- >> [v2:172.21.15.49:3300/0,v1:172.21.15.49:6789/0] conn(0x7f7484071c20 0x7f74840fd6f0 unknown :-1 s=NONE pgs=0 cs=0 l=1 rev1=0 rx=0 tx=0).connect
2024-02-22T00:25:18.083 INFO:teuthology.orchestra.run.smithi049.stderr:/usr/bin/ceph:
2024-02-22T00:25:18.075+0000 7f748c6f9700 1 -- --> [v2:172.21.15.49:3300/0,v1:172.21.15.49:6789/0] -- mon_getmap magic: 0 v1 -- 0x7f74840fbb70 con 0x7f7484071c20
2024-02-22T00:25:18.083 INFO:teuthology.orchestra.run.smithi049.stderr:/usr/bin/ceph:
2024-02-22T00:25:18.075+0000 7f748a495700 1 --2- >> [v2:172.21.15.49:3300/0,v1:172.21.15.49:6789/0] conn(0x7f7484071c20 0x7f74840fd6f0 unknown :-1 s=BANNER_CONNECTING pgs=0 cs=0 l=1 rev1=0 rx=0 tx=0)._handle_peer_banner_payload supported=1 required=0
2024-02-22T00:25:18.083 INFO:teuthology.orchestra.run.smithi049.stderr:/usr/bin/ceph:
2024-02-22T00:25:18.075+0000 7f748a495700 1 --2- >> [v2:172.21.15.49:3300/0,v1:172.21.15.49:6789/0] conn(0x7f7484071c20 0x7f74840fd6f0 unknown :-1 s=HELLO_CONNECTING pgs=0 cs=0 l=1 rev1=1 rx=0 tx=0).handle_hello peer v2:172.21.15.49:3300/0 says I am v2:172.21.15.49:45090/0 (socket says 172.21.15.49:45090)
2024-02-22T00:25:18.083 INFO:teuthology.orchestra.run.smithi049.stderr:/usr/bin/ceph:
2024-02-22T00:25:18.075+0000 7f748a495700 1 -- 172.21.15.49:0/3217304784 learned_addr learned my addr 172.21.15.49:0/3217304784 (peer_addr_for_me v2:172.21.15.49:0/0)
2024-02-22T00:25:18.083 INFO:teuthology.orchestra.run.smithi049.stderr:/usr/bin/ceph:
2024-02-22T00:25:18.076+0000 7f748a495700 1 -- 172.21.15.49:0/3217304784 --> [v2:172.21.15.49:3300/0,v1:172.21.15.49:6789/0] -- mon_subscribe({config=0+,monmap=0+}) v3 -- 0x7f7480009370 con 0x7f7484071c20
2024-02-22T00:25:18.083 INFO:teuthology.orchestra.run.smithi049.stderr:/usr/bin/ceph:
