2024-02-22T00:25:05.930 INFO:journalctl@ceph.mon.smithi049.smithi049.stdout:Feb 22 00:25:05 smithi049 ceph-9923b37e-d118-11ee-95bd-87774f69a715-mon-smithi049[67324]: cluster
2024-02-22T00:25:04.544468+0000 mon.smithi049 (mon.0) 69 : cluster [DBG] mgrmap e9: smithi049.rjblpr(active, since 24s)
2024-02-22T00:25:05.939 INFO:teuthology.orchestra.run.smithi049.stderr:/usr/bin/ceph:
2024-02-22T00:25:05.932+0000 7fb2f21ad700 1 Processor -- start
2024-02-22T00:25:05.939 INFO:teuthology.orchestra.run.smithi049.stderr:/usr/bin/ceph:
2024-02-22T00:25:05.932+0000 7fb2f21ad700 1 -- start start
2024-02-22T00:25:05.939 INFO:teuthology.orchestra.run.smithi049.stderr:/usr/bin/ceph:
2024-02-22T00:25:05.933+0000 7fb2f21ad700 1 --2- >> [v2:172.21.15.49:3300/0,v1:172.21.15.49:6789/0] conn(0x7fb2ec0fb660 0x7fb2ec0fba80 unknown :-1 s=NONE pgs=0 cs=0 l=0 rev1=0 rx=0 tx=0).connect
2024-02-22T00:25:05.939 INFO:teuthology.orchestra.run.smithi049.stderr:/usr/bin/ceph:
2024-02-22T00:25:05.933+0000 7fb2f21ad700 1 -- --> [v2:172.21.15.49:3300/0,v1:172.21.15.49:6789/0] -- mon_getmap magic: 0 v1 -- 0x7fb2ec0fbf70 con 0x7fb2ec0fb660
2024-02-22T00:25:05.939 INFO:teuthology.orchestra.run.smithi049.stderr:/usr/bin/ceph:
2024-02-22T00:25:05.933+0000 7fb2eb7fe700 1 --2- >> [v2:172.21.15.49:3300/0,v1:172.21.15.49:6789/0] conn(0x7fb2ec0fb660 0x7fb2ec0fba80 unknown :-1 s=BANNER_CONNECTING pgs=0 cs=0 l=0 rev1=0 rx=0 tx=0)._handle_peer_banner_payload supported=1 required=0
2024-02-22T00:25:05.939 INFO:teuthology.orchestra.run.smithi049.stderr:/usr/bin/ceph:
2024-02-22T00:25:05.933+0000 7fb2eb7fe700 1 --2- >> [v2:172.21.15.49:3300/0,v1:172.21.15.49:6789/0] conn(0x7fb2ec0fb660 0x7fb2ec0fba80 unknown :-1 s=HELLO_CONNECTING pgs=0 cs=0 l=0 rev1=1 rx=0 tx=0).handle_hello peer v2:172.21.15.49:3300/0 says I am v2:172.21.15.49:54998/0 (socket says 172.21.15.49:54998)
2024-02-22T00:25:05.939 INFO:teuthology.orchestra.run.smithi049.stderr:/usr/bin/ceph:
2024-02-22T00:25:05.933+0000 7fb2eb7fe700 1 -- 172.21.15.49:0/4096735784 learned_addr learned my addr 172.21.15.49:0/4096735784 (peer_addr_for_me v2:172.21.15.49:0/0)
2024-02-22T00:25:05.939 INFO:teuthology.orchestra.run.smithi049.stderr:/usr/bin/ceph:
2024-02-22T00:25:05.934+0000 7fb2eb7fe700 1 -- 172.21.15.49:0/4096735784 --> [v2:172.21.15.49:3300/0,v1:172.21.15.49:6789/0] -- mon_subscribe({config=0+,monmap=0+}) v3 -- 0x7fb2ec0fc0b0 con 0x7fb2ec0fb660
2024-02-22T00:25:05.940 INFO:teuthology.orchestra.run.smithi049.stderr:/usr/bin/ceph:
2024-02-22T00:25:05.934+0000 7fb2eb7fe700 1 --2- 172.21.15.49:0/4096735784 >> [v2:172.21.15.49:3300/0,v1:172.21.15.49:6789/0] conn(0x7fb2ec0fb660 0x7fb2ec0fba80 secure :-1 s=READY pgs=63 cs=0 l=1 rev1=1 rx=0x7fb2e0009730 tx=0x7fb2e00090f0).ready entity=mon.0 client_cookie=a2738b4b15b05881 server_cookie=0 in_seq=0 out_seq=0
2024-02-22T00:25:05.940 INFO:teuthology.orchestra.run.smithi049.stderr:/usr/bin/ceph:
2024-02-22T00:25:05.935+0000 7fb2ea7fc700 1 -- 172.21.15.49:0/4096735784 <== mon.0 v2:172.21.15.49:3300/0 1 ==== mon_map magic: 0 v1 ==== 229+0+0 (secure 0 0 0) 0x7fb2e000c7f0 con 0x7fb2ec0fb660
2024-02-22T00:25:05.940 INFO:teuthology.orchestra.run.smithi049.stderr:/usr/bin/ceph:
2024-02-22T00:25:05.935+0000 7fb2ea7fc700 1 -- 172.21.15.49:0/4096735784 <== mon.0 v2:172.21.15.49:3300/0 2 ==== config(25 keys) v1 ==== 1046+0+0 (secure 0 0 0) 0x7fb2e000cde0 con 0x7fb2ec0fb660
2024-02-22T00:25:05.940 INFO:teuthology.orchestra.run.smithi049.stderr:/usr/bin/ceph:
2024-02-22T00:25:05.935+0000 7fb2ea7fc700 1 -- 172.21.15.49:0/4096735784 <== mon.0 v2:172.21.15.49:3300/0 3 ==== mon_map magic: 0 v1 ==== 229+0+0 (secure 0 0 0) 0x7fb2e0010e10 con 0x7fb2ec0fb660
2024-02-22T00:25:05.941 INFO:teuthology.orchestra.run.smithi049.stderr:/usr/bin/ceph:
2024-02-22T00:25:05.936+0000 7fb2f21ad700 1 -- 172.21.15.49:0/4096735784 >> [v2:172.21.15.49:3300/0,v1:172.21.15.49:6789/0] conn(0x7fb2ec0fb660 msgr2=0x7fb2ec0fba80 secure :-1 s=STATE_CONNECTION_ESTABLISHED l=1).mark_down
2024-02-22T00:25:05.941 INFO:teuthology.orchestra.run.smithi049.stderr:/usr/bin/ceph:
2024-02-22T00:25:05.936+0000 7fb2f21ad700 1 --2- 172.21.15.49:0/4096735784 >> [v2:172.21.15.49:3300/0,v1:172.21.15.49:6789/0] conn(0x7fb2ec0fb660 0x7fb2ec0fba80 secure :-1 s=READY pgs=63 cs=0 l=1 rev1=1 rx=0x7fb2e0009730 tx=0x7fb2e00090f0).stop
2024-02-22T00:25:05.941 INFO:teuthology.orchestra.run.smithi049.stderr:/usr/bin/ceph:
2024-02-22T00:25:05.936+0000 7fb2f21ad700 1 -- 172.21.15.49:0/4096735784 shutdown_connections
2024-02-22T00:25:05.941 INFO:teuthology.orchestra.run.smithi049.stderr:/usr/bin/ceph:
2024-02-22T00:25:05.936+0000 7fb2f21ad700 1 --2- 172.21.15.49:0/4096735784 >> [v2:172.21.15.49:3300/0,v1:172.21.15.49:6789/0] conn(0x7fb2ec0fb660 0x7fb2ec0fba80 unknown :-1 s=CLOSED pgs=63 cs=0 l=1 rev1=1 rx=0 tx=0).stop
2024-02-22T00:25:05.941 INFO:teuthology.orchestra.run.smithi049.stderr:/usr/bin/ceph:
2024-02-22T00:25:05.936+0000 7fb2f21ad700 1 -- 172.21.15.49:0/4096735784 >> 172.21.15.49:0/4096735784 conn(0x7fb2ec0f6e60 msgr2=0x7fb2ec0f9280 unknown :-1 s=STATE_NONE l=0).mark_down
2024-02-22T00:25:05.941 INFO:teuthology.orchestra.run.smithi049.stderr:/usr/bin/ceph:
2024-02-22T00:25:05.936+0000 7fb2f21ad700 1 -- 172.21.15.49:0/4096735784 shutdown_connections
2024-02-22T00:25:05.942 INFO:teuthology.orchestra.run.smithi049.stderr:/usr/bin/ceph:
2024-02-22T00:25:05.937+0000 7fb2f21ad700 1 -- 172.21.15.49:0/4096735784 wait complete.
2024-02-22T00:25:05.942 INFO:teuthology.orchestra.run.smithi049.stderr:/usr/bin/ceph:
2024-02-22T00:25:05.938+0000 7fb2f21ad700 1 Processor -- start
2024-02-22T00:25:05.943 INFO:teuthology.orchestra.run.smithi049.stderr:/usr/bin/ceph:
2024-02-22T00:25:05.938+0000 7fb2f21ad700 1 -- start start
2024-02-22T00:25:05.943 INFO:teuthology.orchestra.run.smithi049.stderr:/usr/bin/ceph:
2024-02-22T00:25:05.938+0000 7fb2f21ad700 1 --2- >> [v2:172.21.15.49:3300/0,v1:172.21.15.49:6789/0] conn(0x7fb2ec0fb660 0x7fb2ec10b3e0 unknown :-1 s=NONE pgs=0 cs=0 l=1 rev1=0 rx=0 tx=0).connect
2024-02-22T00:25:05.943 INFO:teuthology.orchestra.run.smithi049.stderr:/usr/bin/ceph:
2024-02-22T00:25:05.938+0000 7fb2f21ad700 1 -- --> [v2:172.21.15.49:3300/0,v1:172.21.15.49:6789/0] -- mon_getmap magic: 0 v1 -- 0x7fb2ec109860 con 0x7fb2ec0fb660
2024-02-22T00:25:05.944 INFO:teuthology.orchestra.run.smithi049.stderr:/usr/bin/ceph:
2024-02-22T00:25:05.939+0000 7fb2eb7fe700 1 --2- >> [v2:172.21.15.49:3300/0,v1:172.21.15.49:6789/0] conn(0x7fb2ec0fb660 0x7fb2ec10b3e0 unknown :-1 s=BANNER_CONNECTING pgs=0 cs=0 l=1 rev1=0 rx=0 tx=0)._handle_peer_banner_payload supported=1 required=0
2024-02-22T00:25:05.944 INFO:teuthology.orchestra.run.smithi049.stderr:/usr/bin/ceph:
2024-02-22T00:25:05.939+0000 7fb2eb7fe700 1 --2- >> [v2:172.21.15.49:3300/0,v1:172.21.15.49:6789/0] conn(0x7fb2ec0fb660 0x7fb2ec10b3e0 unknown :-1 s=HELLO_CONNECTING pgs=0 cs=0 l=1 rev1=1 rx=0 tx=0).handle_hello peer v2:172.21.15.49:3300/0 says I am v2:172.21.15.49:55010/0 (socket says 172.21.15.49:55010)
2024-02-22T00:25:05.944 INFO:teuthology.orchestra.run.smithi049.stderr:/usr/bin/ceph:
2024-02-22T00:25:05.939+0000 7fb2eb7fe700 1 -- 172.21.15.49:0/4187546267 learned_addr learned my addr 172.21.15.49:0/4187546267 (peer_addr_for_me v2:172.21.15.49:0/0)
2024-02-22T00:25:05.944 INFO:teuthology.orchestra.run.smithi049.stderr:/usr/bin/ceph:
2024-02-22T00:25:05.939+0000 7fb2eb7fe700 1 -- 172.21.15.49:0/4187546267 --> [v2:172.21.15.49:3300/0,v1:172.21.15.49:6789/0] -- mon_subscribe({config=0+,monmap=0+}) v3 -- 0x7fb2e0009370 con 0x7fb2ec0fb660
2024-02-22T00:25:05.944 INFO:teuthology.orchestra.run.smithi049.stderr:/usr/bin/ceph:
2024-02-22T00:25:05.939+0000 7fb2eb7fe700 1 --2- 172.21.15.49:0/4187546267 >> [v2:172.21.15.49:3300/0,v1:172.21.15.49:6789/0] conn(0x7fb2ec0fb660 0x7fb2ec10b3e0 secure :-1 s=READY pgs=64 cs=0 l=1 rev1=1 rx=0x7fb2e0000c00 tx=0x7fb2e00090f0).ready entity=mon.0 client_cookie=0 server_cookie=0 in_seq=0 out_seq=0
2024-02-22T00:25:05.945 INFO:teuthology.orchestra.run.smithi049.stderr:/usr/bin/ceph:
2024-02-22T00:25:05.940+0000 7fb2e8ff9700 1 -- 172.21.15.49:0/4187546267 <== mon.0 v2:172.21.15.49:3300/0 1 ==== mon_map magic: 0 v1 ==== 229+0+0 (secure 0 0 0) 0x7fb2e0019630 con 0x7fb2ec0fb660
2024-02-22T00:25:05.945 INFO:teuthology.orchestra.run.smithi049.stderr:/usr/bin/ceph:
2024-02-22T00:25:05.940+0000 7fb2e8ff9700 1 -- 172.21.15.49:0/4187546267 <== mon.0 v2:172.21.15.49:3300/0 2 ==== config(25 keys) v1 ==== 1046+0+0 (secure 0 0 0) 0x7fb2e001d070 con 0x7fb2ec0fb660
2024-02-22T00:25:05.945 INFO:teuthology.orchestra.run.smithi049.stderr:/usr/bin/ceph:
2024-02-22T00:25:05.940+0000 7fb2f21ad700 1 -- 172.21.15.49:0/4187546267 --> [v2:172.21.15.49:3300/0,v1:172.21.15.49:6789/0] -- mon_subscribe({mgrmap=0+}) v3 -- 0x7fb2ec109a00 con 0x7fb2ec0fb660
2024-02-22T00:25:05.945 INFO:teuthology.orchestra.run.smithi049.stderr:/usr/bin/ceph:
2024-02-22T00:25:05.940+0000 7fb2e8ff9700 1 -- 172.21.15.49:0/4187546267 <== mon.0 v2:172.21.15.49:3300/0 3 ==== mon_map magic: 0 v1 ==== 229+0+0 (secure 0 0 0) 0x7fb2e0018930 con 0x7fb2ec0fb660
2024-02-22T00:25:05.947 INFO:teuthology.orchestra.run.smithi049.stderr:/usr/bin/ceph:
2024-02-22T00:25:05.940+0000 7fb2f21ad700 1 -- 172.21.15.49:0/4187546267 --> [v2:172.21.15.49:3300/0,v1:172.21.15.49:6789/0] -- mon_subscribe({osdmap=0}) v3 -- 0x7fb2ec109e10 con 0x7fb2ec0fb660
2024-02-22T00:25:05.947 INFO:teuthology.orchestra.run.smithi049.stderr:/usr/bin/ceph:
2024-02-22T00:25:05.942+0000 7fb2f21ad700 1 -- 172.21.15.49:0/4187546267 --> [v2:172.21.15.49:3300/0,v1:172.21.15.49:6789/0] -- mon_command({"prefix": "get_command_descriptions"} v 0) v1 -- 0x7fb2d8005150 con 0x7fb2ec0fb660
2024-02-22T00:25:05.949 INFO:teuthology.orchestra.run.smithi049.stderr:/usr/bin/ceph:
2024-02-22T00:25:05.944+0000 7fb2e8ff9700 1 -- 172.21.15.49:0/4187546267 <== mon.0 v2:172.21.15.49:3300/0 4 ==== mgrmap(e 9) v1 ==== 38645+0+0 (secure 0 0 0) 0x7fb2e0018a90 con 0x7fb2ec0fb660
2024-02-22T00:25:05.949 INFO:teuthology.orchestra.run.smithi049.stderr:/usr/bin/ceph:
2024-02-22T00:25:05.944+0000 7fb2e8ff9700 1 --2- 172.21.15.49:0/4187546267 >> [v2:172.21.15.49:6800/2503465771,v1:172.21.15.49:6801/2503465771] conn(0x7fb2d40326b0 0x7fb2d4034b70 unknown :-1 s=NONE pgs=0 cs=0 l=1 rev1=0 rx=0 tx=0).connect
2024-02-22T00:25:05.949 INFO:teuthology.orchestra.run.smithi049.stderr:/usr/bin/ceph:
2024-02-22T00:25:05.944+0000 7fb2e8ff9700 1 -- 172.21.15.49:0/4187546267 <== mon.0 v2:172.21.15.49:3300/0 5 ==== osd_map(2..2 src has 1..2) v4 ==== 893+0+0 (secure 0 0 0) 0x7fb2e00447e0 con 0x7fb2ec0fb660
2024-02-22T00:25:05.949 INFO:teuthology.orchestra.run.smithi049.stderr:/usr/bin/ceph:
2024-02-22T00:25:05.944+0000 7fb2eaffd700 1 -- 172.21.15.49:0/4187546267 >> [v2:172.21.15.49:6800/2503465771,v1:172.21.15.49:6801/2503465771] conn(0x7fb2d40326b0 msgr2=0x7fb2d4034b70 unknown :-1 s=STATE_CONNECTING_RE l=1).process reconnect failed to v2:172.21.15.49:6800/2503465771
2024-02-22T00:25:05.950 INFO:teuthology.orchestra.run.smithi049.stderr:/usr/bin/ceph:
2024-02-22T00:25:05.944+0000 7fb2eaffd700 1 --2- 172.21.15.49:0/4187546267 >> [v2:172.21.15.49:6800/2503465771,v1:172.21.15.49:6801/2503465771] conn(0x7fb2d40326b0 0x7fb2d4034b70 unknown :-1 s=START_CONNECT pgs=0 cs=0 l=1 rev1=0 rx=0 tx=0)._fault waiting 0.200000
2024-02-22T00:25:05.959 INFO:teuthology.orchestra.run.smithi049.stderr:/usr/bin/ceph:
2024-02-22T00:25:05.954+0000 7fb2e8ff9700 1 -- 172.21.15.49:0/4187546267 <== mon.0 v2:172.21.15.49:3300/0 6 ==== mon_command_ack([{"prefix": "get_command_descriptions"}]=0 v0) v1 ==== 72+0+163658 (secure 0 0 0) 0x7fb2e0019790 con 0x7fb2ec0fb660
2024-02-22T00:25:06.150 INFO:teuthology.orchestra.run.smithi049.stderr:/usr/bin/ceph:
2024-02-22T00:25:06.145+0000 7fb2eaffd700 1 -- 172.21.15.49:0/4187546267 >> [v2:172.21.15.49:6800/2503465771,v1:172.21.15.49:6801/2503465771] conn(0x7fb2d40326b0 msgr2=0x7fb2d4034b70 unknown :-1 s=STATE_CONNECTING_RE l=1).process reconnect failed to v2:172.21.15.49:6800/2503465771
2024-02-22T00:25:06.150 INFO:teuthology.orchestra.run.smithi049.stderr:/usr/bin/ceph:
2024-02-22T00:25:06.145+0000 7fb2eaffd700 1 --2- 172.21.15.49:0/4187546267 >> [v2:172.21.15.49:6800/2503465771,v1:172.21.15.49:6801/2503465771] conn(0x7fb2d40326b0 0x7fb2d4034b70 unknown :-1 s=START_CONNECT pgs=0 cs=0 l=1 rev1=0 rx=0 tx=0)._fault waiting 0.400000
2024-02-22T00:25:06.197 INFO:teuthology.orchestra.run.smithi049.stderr:/usr/bin/ceph:
2024-02-22T00:25:06.192+0000 7fb2f21ad700 1 -- 172.21.15.49:0/4187546267 --> [v2:172.21.15.49:3300/0,v1:172.21.15.49:6789/0] -- mon_command({"prefix": "mgr stat"} v 0) v1 -- 0x7fb2d8006030 con 0x7fb2ec0fb660
2024-02-22T00:25:06.197 INFO:teuthology.orchestra.run.smithi049.stderr:/usr/bin/ceph:
2024-02-22T00:25:06.192+0000 7fb2e8ff9700 1 -- 172.21.15.49:0/4187546267 <== mon.0 v2:172.21.15.49:3300/0 7 ==== mon_command_ack([{"prefix": "mgr stat"}]=0 v9) v1 ==== 56+0+103 (secure 0 0 0) 0x7fb2e0014070 con 0x7fb2ec0fb660
2024-02-22T00:25:06.197 INFO:teuthology.orchestra.run.smithi049.stderr:/usr/bin/ceph: {
2024-02-22T00:25:06.197 INFO:teuthology.orchestra.run.smithi049.stderr:/usr/bin/ceph: "epoch": 9,
2024-02-22T00:25:06.197 INFO:teuthology.orchestra.run.smithi049.stderr:/usr/bin/ceph: "available": true,
2024-02-22T00:25:06.198 INFO:teuthology.orchestra.run.smithi049.stderr:/usr/bin/ceph: "active_name": "smithi049.rjblpr",
2024-02-22T00:25:06.198 INFO:teuthology.orchestra.run.smithi049.stderr:/usr/bin/ceph: "num_standby": 0
2024-02-22T00:25:06.198 INFO:teuthology.orchestra.run.smithi049.stderr:/usr/bin/ceph: }
2024-02-22T00:25:06.200 INFO:teuthology.orchestra.run.smithi049.stderr:/usr/bin/ceph:
2024-02-22T00:25:06.194+0000 7fb2f21ad700 1 -- 172.21.15.49:0/4187546267 >> [v2:172.21.15.49:6800/2503465771,v1:172.21.15.49:6801/2503465771] conn(0x7fb2d40326b0 msgr2=0x7fb2d4034b70 unknown :-1 s=STATE_CONNECTING l=1).mark_down
2024-02-22T00:25:06.200 INFO:teuthology.orchestra.run.smithi049.stderr:/usr/bin/ceph:
2024-02-22T00:25:06.194+0000 7fb2f21ad700 1 --2- 172.21.15.49:0/4187546267 >> [v2:172.21.15.49:6800/2503465771,v1:172.21.15.49:6801/2503465771] conn(0x7fb2d40326b0 0x7fb2d4034b70 unknown :-1 s=START_CONNECT pgs=0 cs=0 l=1 rev1=0 rx=0 tx=0).stop
2024-02-22T00:25:06.200 INFO:teuthology.orchestra.run.smithi049.stderr:/usr/bin/ceph:
2024-02-22T00:25:06.194+0000 7fb2f21ad700 1 -- 172.21.15.49:0/4187546267 >> [v2:172.21.15.49:3300/0,v1:172.21.15.49:6789/0] conn(0x7fb2ec0fb660 msgr2=0x7fb2ec10b3e0 secure :-1 s=STATE_CONNECTION_ESTABLISHED l=1).mark_down
2024-02-22T00:25:06.200 INFO:teuthology.orchestra.run.smithi049.stderr:/usr/bin/ceph:
2024-02-22T00:25:06.194+0000 7fb2f21ad700 1 --2- 172.21.15.49:0/4187546267 >> [v2:172.21.15.49:3300/0,v1:172.21.15.49:6789/0] conn(0x7fb2ec0fb660 0x7fb2ec10b3e0 secure :-1 s=READY pgs=64 cs=0 l=1 rev1=1 rx=0x7fb2e0000c00 tx=0x7fb2e00090f0).stop
2024-02-22T00:25:06.200 INFO:teuthology.orchestra.run.smithi049.stderr:/usr/bin/ceph:
2024-02-22T00:25:06.194+0000 7fb2f21ad700 1 -- 172.21.15.49:0/4187546267 shutdown_connections
2024-02-22T00:25:06.200 INFO:teuthology.orchestra.run.smithi049.stderr:/usr/bin/ceph:
2024-02-22T00:25:06.194+0000 7fb2f21ad700 1 --2- 172.21.15.49:0/4187546267 >> [v2:172.21.15.49:6800/2503465771,v1:172.21.15.49:6801/2503465771] conn(0x7fb2d40326b0 0x7fb2d4034b70 unknown :-1 s=CLOSED pgs=0 cs=0 l=1 rev1=0 rx=0 tx=0).stop
2024-02-22T00:25:06.200 INFO:teuthology.orchestra.run.smithi049.stderr:/usr/bin/ceph:
2024-02-22T00:25:06.194+0000 7fb2f21ad700 1 --2- 172.21.15.49:0/4187546267 >> [v2:172.21.15.49:3300/0,v1:172.21.15.49:6789/0] conn(0x7fb2ec0fb660 0x7fb2ec10b3e0 unknown :-1 s=CLOSED pgs=64 cs=0 l=1 rev1=1 rx=0 tx=0).stop
2024-02-22T00:25:06.200 INFO:teuthology.orchestra.run.smithi049.stderr:/usr/bin/ceph:
2024-02-22T00:25:06.194+0000 7fb2f21ad700 1 -- 172.21.15.49:0/4187546267 >> 172.21.15.49:0/4187546267 conn(0x7fb2ec0f6e60 msgr2=0x7fb2ec0fe3e0 unknown :-1 s=STATE_NONE l=0).mark_down
2024-02-22T00:25:06.200 INFO:teuthology.orchestra.run.smithi049.stderr:/usr/bin/ceph:
2024-02-22T00:25:06.195+0000 7fb2f21ad700 1 -- 172.21.15.49:0/4187546267 shutdown_connections
2024-02-22T00:25:06.200 INFO:teuthology.orchestra.run.smithi049.stderr:/usr/bin/ceph:
2024-02-22T00:25:06.195+0000 7fb2f21ad700 1 -- 172.21.15.49:0/4187546267 wait complete.
2024-02-22T00:25:06.680 INFO:journalctl@ceph.mon.smithi049.smithi049.stdout:Feb 22 00:25:06 smithi049 ceph-9923b37e-d118-11ee-95bd-87774f69a715-mon-smithi049[67324]: audit
2024-02-22T00:25:06.193582+0000 mon.smithi049 (mon.0) 70 : audit [DBG] from='client.? 172.21.15.49:0/4187546267' entity='client.admin' cmd=[{"prefix": "mgr stat"}]: dispatch
2024-02-22T00:25:06.794 INFO:teuthology.orchestra.run.smithi049.stderr:Waiting for the mgr to restart...
2024-02-22T00:25:06.794 INFO:teuthology.orchestra.run.smithi049.stderr:Waiting for mgr epoch 9...
2024-02-22T00:25:07.356 INFO:teuthology.orchestra.run.smithi049.stderr:/usr/bin/ceph:
2024-02-22T00:25:07.348+0000 7f95fee63700 1 Processor -- start
2024-02-22T00:25:07.356 INFO:teuthology.orchestra.run.smithi049.stderr:/usr/bin/ceph:
2024-02-22T00:25:07.348+0000 7f95fee63700 1 -- start start
2024-02-22T00:25:07.357 INFO:teuthology.orchestra.run.smithi049.stderr:/usr/bin/ceph:
2024-02-22T00:25:07.348+0000 7f95fee63700 1 --2- >> [v2:172.21.15.49:3300/0,v1:172.21.15.49:6789/0] conn(0x7f95f80fbed0 0x7f95f80fc2f0 unknown :-1 s=NONE pgs=0 cs=0 l=0 rev1=0 rx=0 tx=0).connect
2024-02-22T00:25:07.357 INFO:teuthology.orchestra.run.smithi049.stderr:/usr/bin/ceph:
2024-02-22T00:25:07.348+0000 7f95fee63700 1 -- --> [v2:172.21.15.49:3300/0,v1:172.21.15.49:6789/0] -- mon_getmap magic: 0 v1 -- 0x7f95f80fc7e0 con 0x7f95f80fbed0
2024-02-22T00:25:07.357 INFO:teuthology.orchestra.run.smithi049.stderr:/usr/bin/ceph:
2024-02-22T00:25:07.348+0000 7f95fcbff700 1 --2- >> [v2:172.21.15.49:3300/0,v1:172.21.15.49:6789/0] conn(0x7f95f80fbed0 0x7f95f80fc2f0 unknown :-1 s=BANNER_CONNECTING pgs=0 cs=0 l=0 rev1=0 rx=0 tx=0)._handle_peer_banner_payload supported=1 required=0
2024-02-22T00:25:07.357 INFO:teuthology.orchestra.run.smithi049.stderr:/usr/bin/ceph:
2024-02-22T00:25:07.348+0000 7f95fcbff700 1 --2- >> [v2:172.21.15.49:3300/0,v1:172.21.15.49:6789/0] conn(0x7f95f80fbed0 0x7f95f80fc2f0 unknown :-1 s=HELLO_CONNECTING pgs=0 cs=0 l=0 rev1=1 rx=0 tx=0).handle_hello peer v2:172.21.15.49:3300/0 says I am v2:172.21.15.49:55024/0 (socket says 172.21.15.49:55024)
2024-02-22T00:25:07.357 INFO:teuthology.orchestra.run.smithi049.stderr:/usr/bin/ceph:
2024-02-22T00:25:07.348+0000 7f95fcbff700 1 -- 172.21.15.49:0/230945776 learned_addr learned my addr 172.21.15.49:0/230945776 (peer_addr_for_me v2:172.21.15.49:0/0)
2024-02-22T00:25:07.357 INFO:teuthology.orchestra.run.smithi049.stderr:/usr/bin/ceph:
2024-02-22T00:25:07.348+0000 7f95fcbff700 1 -- 172.21.15.49:0/230945776 --> [v2:172.21.15.49:3300/0,v1:172.21.15.49:6789/0] -- mon_subscribe({config=0+,monmap=0+}) v3 -- 0x7f95f80fc920 con 0x7f95f80fbed0
2024-02-22T00:25:07.357 INFO:teuthology.orchestra.run.smithi049.stderr:/usr/bin/ceph:
2024-02-22T00:25:07.349+0000 7f95fcbff700 1 --2- 172.21.15.49:0/230945776 >> [v2:172.21.15.49:3300/0,v1:172.21.15.49:6789/0] conn(0x7f95f80fbed0 0x7f95f80fc2f0 secure :-1 s=READY pgs=65 cs=0 l=1 rev1=1 rx=0x7f95ec009730 tx=0x7f95ec0090f0).ready entity=mon.0 client_cookie=27d000b2727c373c server_cookie=0 in_seq=0 out_seq=0
2024-02-22T00:25:07.357 INFO:teuthology.orchestra.run.smithi049.stderr:/usr/bin/ceph:
2024-02-22T00:25:07.349+0000 7f95f77fe700 1 -- 172.21.15.49:0/230945776 <== mon.0 v2:172.21.15.49:3300/0 1 ==== mon_map magic: 0 v1 ==== 229+0+0 (secure 0 0 0) 0x7f95ec00b6e0 con 0x7f95f80fbed0
2024-02-22T00:25:07.357 INFO:teuthology.orchestra.run.smithi049.stderr:/usr/bin/ceph:
2024-02-22T00:25:07.349+0000 7f95f77fe700 1 -- 172.21.15.49:0/230945776 <== mon.0 v2:172.21.15.49:3300/0 2 ==== config(25 keys) v1 ==== 1046+0+0 (secure 0 0 0) 0x7f95ec00bcd0 con 0x7f95f80fbed0
2024-02-22T00:25:07.357 INFO:teuthology.orchestra.run.smithi049.stderr:/usr/bin/ceph:
2024-02-22T00:25:07.349+0000 7f95f77fe700 1 -- 172.21.15.49:0/230945776 <== mon.0 v2:172.21.15.49:3300/0 3 ==== mon_map magic: 0 v1 ==== 229+0+0 (secure 0 0 0) 0x7f95ec011cb0 con 0x7f95f80fbed0
2024-02-22T00:25:07.357 INFO:teuthology.orchestra.run.smithi049.stderr:/usr/bin/ceph:
2024-02-22T00:25:07.350+0000 7f95fee63700 1 -- 172.21.15.49:0/230945776 >> [v2:172.21.15.49:3300/0,v1:172.21.15.49:6789/0] conn(0x7f95f80fbed0 msgr2=0x7f95f80fc2f0 secure :-1 s=STATE_CONNECTION_ESTABLISHED l=1).mark_down
2024-02-22T00:25:07.357 INFO:teuthology.orchestra.run.smithi049.stderr:/usr/bin/ceph:
2024-02-22T00:25:07.350+0000 7f95fee63700 1 --2- 172.21.15.49:0/230945776 >> [v2:172.21.15.49:3300/0,v1:172.21.15.49:6789/0] conn(0x7f95f80fbed0 0x7f95f80fc2f0 secure :-1 s=READY pgs=65 cs=0 l=1 rev1=1 rx=0x7f95ec009730 tx=0x7f95ec0090f0).stop
2024-02-22T00:25:07.357 INFO:teuthology.orchestra.run.smithi049.stderr:/usr/bin/ceph:
2024-02-22T00:25:07.350+0000 7f95fee63700 1 -- 172.21.15.49:0/230945776 shutdown_connections
2024-02-22T00:25:07.358 INFO:teuthology.orchestra.run.smithi049.stderr:/usr/bin/ceph:
2024-02-22T00:25:07.350+0000 7f95fee63700 1 --2- 172.21.15.49:0/230945776 >> [v2:172.21.15.49:3300/0,v1:172.21.15.49:6789/0] conn(0x7f95f80fbed0 0x7f95f80fc2f0 unknown :-1 s=CLOSED pgs=65 cs=0 l=1 rev1=1 rx=0 tx=0).stop
2024-02-22T00:25:07.358 INFO:teuthology.orchestra.run.smithi049.stderr:/usr/bin/ceph:
2024-02-22T00:25:07.350+0000 7f95fee63700 1 -- 172.21.15.49:0/230945776 >> 172.21.15.49:0/230945776 conn(0x7f95f80f76f0 msgr2=0x7f95f80f9b10 unknown :-1 s=STATE_NONE l=0).mark_down
2024-02-22T00:25:07.358 INFO:teuthology.orchestra.run.smithi049.stderr:/usr/bin/ceph:
2024-02-22T00:25:07.350+0000 7f95fee63700 1 -- 172.21.15.49:0/230945776 shutdown_connections
2024-02-22T00:25:07.358 INFO:teuthology.orchestra.run.smithi049.stderr:/usr/bin/ceph:
2024-02-22T00:25:07.350+0000 7f95fee63700 1 -- 172.21.15.49:0/230945776 wait complete.
2024-02-22T00:25:07.358 INFO:teuthology.orchestra.run.smithi049.stderr:/usr/bin/ceph:
2024-02-22T00:25:07.350+0000 7f95fee63700 1 Processor -- start
2024-02-22T00:25:07.358 INFO:teuthology.orchestra.run.smithi049.stderr:/usr/bin/ceph:
2024-02-22T00:25:07.350+0000 7f95fee63700 1 -- start start
2024-02-22T00:25:07.358 INFO:teuthology.orchestra.run.smithi049.stderr:/usr/bin/ceph:
2024-02-22T00:25:07.351+0000 7f95fee63700 1 --2- >> [v2:172.21.15.49:3300/0,v1:172.21.15.49:6789/0] conn(0x7f95f80fbed0 0x7f95f810ead0 unknown :-1 s=NONE pgs=0 cs=0 l=1 rev1=0 rx=0 tx=0).connect
2024-02-22T00:25:07.358 INFO:teuthology.orchestra.run.smithi049.stderr:/usr/bin/ceph:
2024-02-22T00:25:07.351+0000 7f95fee63700 1 -- --> [v2:172.21.15.49:3300/0,v1:172.21.15.49:6789/0] -- mon_getmap magic: 0 v1 -- 0x7f95f8071ce0 con 0x7f95f80fbed0
2024-02-22T00:25:07.358 INFO:teuthology.orchestra.run.smithi049.stderr:/usr/bin/ceph:
2024-02-22T00:25:07.351+0000 7f95fcbff700 1 --2- >> [v2:172.21.15.49:3300/0,v1:172.21.15.49:6789/0] conn(0x7f95f80fbed0 0x7f95f810ead0 unknown :-1 s=BANNER_CONNECTING pgs=0 cs=0 l=1 rev1=0 rx=0 tx=0)._handle_peer_banner_payload supported=1 required=0
2024-02-22T00:25:07.358 INFO:teuthology.orchestra.run.smithi049.stderr:/usr/bin/ceph:
2024-02-22T00:25:07.351+0000 7f95fcbff700 1 --2- >> [v2:172.21.15.49:3300/0,v1:172.21.15.49:6789/0] conn(0x7f95f80fbed0 0x7f95f810ead0 unknown :-1 s=HELLO_CONNECTING pgs=0 cs=0 l=1 rev1=1 rx=0 tx=0).handle_hello peer v2:172.21.15.49:3300/0 says I am v2:172.21.15.49:55034/0 (socket says 172.21.15.49:55034)
2024-02-22T00:25:07.358 INFO:teuthology.orchestra.run.smithi049.stderr:/usr/bin/ceph:
2024-02-22T00:25:07.351+0000 7f95fcbff700 1 -- 172.21.15.49:0/4236665972 learned_addr learned my addr 172.21.15.49:0/4236665972 (peer_addr_for_me v2:172.21.15.49:0/0)
2024-02-22T00:25:07.358 INFO:teuthology.orchestra.run.smithi049.stderr:/usr/bin/ceph:
2024-02-22T00:25:07.351+0000 7f95fcbff700 1 -- 172.21.15.49:0/4236665972 --> [v2:172.21.15.49:3300/0,v1:172.21.15.49:6789/0] -- mon_subscribe({config=0+,monmap=0+}) v3 -- 0x7f95ec009370 con 0x7f95f80fbed0
2024-02-22T00:25:07.358 INFO:teuthology.orchestra.run.smithi049.stderr:/usr/bin/ceph:
2024-02-22T00:25:07.351+0000 7f95fcbff700 1 --2- 172.21.15.49:0/4236665972 >> [v2:172.21.15.49:3300/0,v1:172.21.15.49:6789/0] conn(0x7f95f80fbed0 0x7f95f810ead0 secure :-1 s=READY pgs=66 cs=0 l=1 rev1=1 rx=0x7f95ec002f40 tx=0x7f95ec0090f0).ready entity=mon.0 client_cookie=0 server_cookie=0 in_seq=0 out_seq=0
2024-02-22T00:25:07.359 INFO:teuthology.orchestra.run.smithi049.stderr:/usr/bin/ceph:
2024-02-22T00:25:07.351+0000 7f95f5ffb700 1 -- 172.21.15.49:0/4236665972 <== mon.0 v2:172.21.15.49:3300/0 1 ==== mon_map magic: 0 v1 ==== 229+0+0 (secure 0 0 0) 0x7f95ec01a590 con 0x7f95f80fbed0
2024-02-22T00:25:07.359 INFO:teuthology.orchestra.run.smithi049.stderr:/usr/bin/ceph:
2024-02-22T00:25:07.351+0000 7f95fee63700 1 -- 172.21.15.49:0/4236665972 --> [v2:172.21.15.49:3300/0,v1:172.21.15.49:6789/0] -- mon_subscribe({mgrmap=0+}) v3 -- 0x7f95f8071ee0 con 0x7f95f80fbed0
2024-02-22T00:25:07.359 INFO:teuthology.orchestra.run.smithi049.stderr:/usr/bin/ceph:
2024-02-22T00:25:07.351+0000 7f95f5ffb700 1 -- 172.21.15.49:0/4236665972 <== mon.0 v2:172.21.15.49:3300/0 2 ==== config(25 keys) v1 ==== 1046+0+0 (secure 0 0 0) 0x7f95ec01ab80 con 0x7f95f80fbed0
2024-02-22T00:25:07.359 INFO:teuthology.orchestra.run.smithi049.stderr:/usr/bin/ceph:
2024-02-22T00:25:07.351+0000 7f95f5ffb700 1 -- 172.21.15.49:0/4236665972 <== mon.0 v2:172.21.15.49:3300/0 3 ==== mon_map magic: 0 v1 ==== 229+0+0 (secure 0 0 0) 0x7f95ec022aa0 con 0x7f95f80fbed0
2024-02-22T00:25:07.359 INFO:teuthology.orchestra.run.smithi049.stderr:/usr/bin/ceph:
2024-02-22T00:25:07.352+0000 7f95fee63700 1 -- 172.21.15.49:0/4236665972 --> [v2:172.21.15.49:3300/0,v1:172.21.15.49:6789/0] -- mon_subscribe({osdmap=0}) v3 -- 0x7f95f810f180 con 0x7f95f80fbed0
2024-02-22T00:25:07.360 INFO:teuthology.orchestra.run.smithi049.stderr:/usr/bin/ceph:
2024-02-22T00:25:07.352+0000 7f95f5ffb700 1 -- 172.21.15.49:0/4236665972 <== mon.0 v2:172.21.15.49:3300/0 4 ==== mgrmap(e 9) v1 ==== 38645+0+0 (secure 0 0 0) 0x7f95ec019390 con 0x7f95f80fbed0
2024-02-22T00:25:07.360 INFO:teuthology.orchestra.run.smithi049.stderr:/usr/bin/ceph:
2024-02-22T00:25:07.353+0000 7f95f5ffb700 1 --2- 172.21.15.49:0/4236665972 >> [v2:172.21.15.49:6800/2503465771,v1:172.21.15.49:6801/2503465771] conn(0x7f95e8032660 0x7f95e8034b20 unknown :-1 s=NONE pgs=0 cs=0 l=1 rev1=0 rx=0 tx=0).connect
2024-02-22T00:25:07.360 INFO:teuthology.orchestra.run.smithi049.stderr:/usr/bin/ceph:
2024-02-22T00:25:07.353+0000 7f95fee63700 1 -- 172.21.15.49:0/4236665972 --> [v2:172.21.15.49:6800/2503465771,v1:172.21.15.49:6801/2503465771] -- command(tid 0: {"prefix": "get_command_descriptions"}) v1 -- 0x7f95f805a310 con 0x7f95e8032660
2024-02-22T00:25:07.360 INFO:teuthology.orchestra.run.smithi049.stderr:/usr/bin/ceph:
2024-02-22T00:25:07.353+0000 7f95f5ffb700 1 -- 172.21.15.49:0/4236665972 <== mon.0 v2:172.21.15.49:3300/0 5 ==== osd_map(2..2 src has 1..2) v4 ==== 893+0+0 (secure 0 0 0) 0x7f95ec045ad0 con 0x7f95f80fbed0
2024-02-22T00:25:07.360 INFO:teuthology.orchestra.run.smithi049.stderr:/usr/bin/ceph:
2024-02-22T00:25:07.353+0000 7f95f7fff700 1 -- 172.21.15.49:0/4236665972 >> [v2:172.21.15.49:6800/2503465771,v1:172.21.15.49:6801/2503465771] conn(0x7f95e8032660 msgr2=0x7f95e8034b20 unknown :-1 s=STATE_CONNECTING_RE l=1).process reconnect failed to v2:172.21.15.49:6800/2503465771
2024-02-22T00:25:07.361 INFO:teuthology.orchestra.run.smithi049.stderr:/usr/bin/ceph:
2024-02-22T00:25:07.353+0000 7f95f7fff700 1 --2- 172.21.15.49:0/4236665972 >> [v2:172.21.15.49:6800/2503465771,v1:172.21.15.49:6801/2503465771] conn(0x7f95e8032660 0x7f95e8034b20 unknown :-1 s=START_CONNECT pgs=0 cs=0 l=1 rev1=0 rx=0 tx=0)._fault waiting 0.200000
2024-02-22T00:25:07.559 INFO:teuthology.orchestra.run.smithi049.stderr:/usr/bin/ceph:
2024-02-22T00:25:07.554+0000 7f95f7fff700 1 -- 172.21.15.49:0/4236665972 >> [v2:172.21.15.49:6800/2503465771,v1:172.21.15.49:6801/2503465771] conn(0x7f95e8032660 msgr2=0x7f95e8034b20 unknown :-1 s=STATE_CONNECTING_RE l=1).process reconnect failed to v2:172.21.15.49:6800/2503465771
2024-02-22T00:25:07.559 INFO:teuthology.orchestra.run.smithi049.stderr:/usr/bin/ceph:
2024-02-22T00:25:07.554+0000 7f95f7fff700 1 --2- 172.21.15.49:0/4236665972 >> [v2:172.21.15.49:6800/2503465771,v1:172.21.15.49:6801/2503465771] conn(0x7f95e8032660 0x7f95e8034b20 unknown :-1 s=START_CONNECT pgs=0 cs=0 l=1 rev1=0 rx=0 tx=0)._fault waiting 0.400000
2024-02-22T00:25:07.959 INFO:teuthology.orchestra.run.smithi049.stderr:/usr/bin/ceph:
2024-02-22T00:25:07.955+0000 7f95f7fff700 1 -- 172.21.15.49:0/4236665972 >> [v2:172.21.15.49:6800/2503465771,v1:172.21.15.49:6801/2503465771] conn(0x7f95e8032660 msgr2=0x7f95e8034b20 unknown :-1 s=STATE_CONNECTING_RE l=1).process reconnect failed to v2:172.21.15.49:6800/2503465771
2024-02-22T00:25:07.960 INFO:teuthology.orchestra.run.smithi049.stderr:/usr/bin/ceph:
2024-02-22T00:25:07.955+0000 7f95f7fff700 1 --2- 172.21.15.49:0/4236665972 >> [v2:172.21.15.49:6800/2503465771,v1:172.21.15.49:6801/2503465771] conn(0x7f95e8032660 0x7f95e8034b20 unknown :-1 s=START_CONNECT pgs=0 cs=0 l=1 rev1=0 rx=0 tx=0)._fault waiting 0.800000
2024-02-22T00:25:08.760 INFO:teuthology.orchestra.run.smithi049.stderr:/usr/bin/ceph:
2024-02-22T00:25:08.756+0000 7f95f7fff700 1 -- 172.21.15.49:0/4236665972 >> [v2:172.21.15.49:6800/2503465771,v1:172.21.15.49:6801/2503465771] conn(0x7f95e8032660 msgr2=0x7f95e8034b20 unknown :-1 s=STATE_CONNECTING_RE l=1).process reconnect failed to v2:172.21.15.49:6800/2503465771
2024-02-22T00:25:08.761 INFO:teuthology.orchestra.run.smithi049.stderr:/usr/bin/ceph:
2024-02-22T00:25:08.756+0000 7f95f7fff700 1 --2- 172.21.15.49:0/4236665972 >> [v2:172.21.15.49:6800/2503465771,v1:172.21.15.49:6801/2503465771] conn(0x7f95e8032660 0x7f95e8034b20 unknown :-1 s=START_CONNECT pgs=0 cs=0 l=1 rev1=0 rx=0 tx=0)._fault waiting 1.600000
2024-02-22T00:25:10.141 INFO:teuthology.orchestra.run.smithi049.stderr:/usr/bin/ceph:
2024-02-22T00:25:10.135+0000 7f95f5ffb700 1 -- 172.21.15.49:0/4236665972 <== mon.0 v2:172.21.15.49:3300/0 6 ==== mgrmap(e 10) v1 ==== 38469+0+0 (secure 0 0 0) 0x7f95ec019a60 con 0x7f95f80fbed0
2024-02-22T00:25:10.141 INFO:teuthology.orchestra.run.smithi049.stderr:/usr/bin/ceph:
2024-02-22T00:25:10.136+0000 7f95f5ffb700 1 -- 172.21.15.49:0/4236665972 >> [v2:172.21.15.49:6800/2503465771,v1:172.21.15.49:6801/2503465771] conn(0x7f95e8032660 msgr2=0x7f95e8034b20 unknown :-1 s=STATE_CONNECTING l=1).mark_down
2024-02-22T00:25:10.141 INFO:teuthology.orchestra.run.smithi049.stderr:/usr/bin/ceph:
2024-02-22T00:25:10.136+0000 7f95f5ffb700 1 --2- 172.21.15.49:0/4236665972 >> [v2:172.21.15.49:6800/2503465771,v1:172.21.15.49:6801/2503465771] conn(0x7f95e8032660 0x7f95e8034b20 unknown :-1 s=START_CONNECT pgs=0 cs=0 l=1 rev1=0 rx=0 tx=0).stop
2024-02-22T00:25:10.377 INFO:journalctl@ceph.mon.smithi049.smithi049.stdout:Feb 22 00:25:10 smithi049 ceph-9923b37e-d118-11ee-95bd-87774f69a715-mon-smithi049[67324]: cluster
2024-02-22T00:25:10.134984+0000 mon.smithi049 (mon.0) 71 : cluster [INF] Active manager daemon smithi049.rjblpr restarted
2024-02-22T00:25:10.377 INFO:journalctl@ceph.mon.smithi049.smithi049.stdout:Feb 22 00:25:10 smithi049 ceph-9923b37e-d118-11ee-95bd-87774f69a715-mon-smithi049[67324]: cluster
2024-02-22T00:25:10.135213+0000 mon.smithi049 (mon.0) 72 : cluster [INF] Activating manager daemon smithi049.rjblpr
2024-02-22T00:25:10.377 INFO:journalctl@ceph.mon.smithi049.smithi049.stdout:Feb 22 00:25:10 smithi049 ceph-9923b37e-d118-11ee-95bd-87774f69a715-mon-smithi049[67324]: cluster
2024-02-22T00:25:10.138078+0000 mon.smithi049 (mon.0) 73 : cluster [DBG] osdmap e3: 0 total, 0 up, 0 in
2024-02-22T00:25:10.377 INFO:journalctl@ceph.mon.smithi049.smithi049.stdout:Feb 22 00:25:10 smithi049 ceph-9923b37e-d118-11ee-95bd-87774f69a715-mon-smithi049[67324]: cluster
2024-02-22T00:25:10.138197+0000 mon.smithi049 (mon.0) 74 : cluster [DBG] mgrmap e10: smithi049.rjblpr(active, starting, since 0.00307316s)
2024-02-22T00:25:10.377 INFO:journalctl@ceph.mon.smithi049.smithi049.stdout:Feb 22 00:25:10 smithi049 ceph-9923b37e-d118-11ee-95bd-87774f69a715-mon-smithi049[67324]: audit
2024-02-22T00:25:10.139205+0000 mon.smithi049 (mon.0) 75 : audit [DBG] from='mgr.14156 172.21.15.49:0/563212449' entity='mgr.smithi049.rjblpr' cmd=[{"prefix": "mon metadata", "id": "smithi049"}]: dispatch
2024-02-22T00:25:10.377 INFO:journalctl@ceph.mon.smithi049.smithi049.stdout:Feb 22 00:25:10 smithi049 ceph-9923b37e-d118-11ee-95bd-87774f69a715-mon-smithi049[67324]: audit
2024-02-22T00:25:10.139813+0000 mon.smithi049 (mon.0) 76 : audit [DBG] from='mgr.14156 172.21.15.49:0/563212449' entity='mgr.smithi049.rjblpr' cmd=[{"prefix": "mgr metadata", "who": "smithi049.rjblpr", "id": "smithi049.rjblpr"}]: dispatch
2024-02-22T00:25:10.377 INFO:journalctl@ceph.mon.smithi049.smithi049.stdout:Feb 22 00:25:10 smithi049 ceph-9923b37e-d118-11ee-95bd-87774f69a715-mon-smithi049[67324]: audit
2024-02-22T00:25:10.140555+0000 mon.smithi049 (mon.0) 77 : audit [DBG] from='mgr.14156 172.21.15.49:0/563212449' entity='mgr.smithi049.rjblpr' cmd=[{"prefix": "mds metadata"}]: dispatch
2024-02-22T00:25:10.377 INFO:journalctl@ceph.mon.smithi049.smithi049.stdout:Feb 22 00:25:10 smithi049 ceph-9923b37e-d118-11ee-95bd-87774f69a715-mon-smithi049[67324]: audit
2024-02-22T00:25:10.140792+0000 mon.smithi049 (mon.0) 78 : audit [DBG] from='mgr.14156 172.21.15.49:0/563212449' entity='mgr.smithi049.rjblpr' cmd=[{"prefix": "osd metadata"}]: dispatch
2024-02-22T00:25:10.377 INFO:journalctl@ceph.mon.smithi049.smithi049.stdout:Feb 22 00:25:10 smithi049 ceph-9923b37e-d118-11ee-95bd-87774f69a715-mon-smithi049[67324]: audit
2024-02-22T00:25:10.141010+0000 mon.smithi049 (mon.0) 79 : audit [DBG] from='mgr.14156 172.21.15.49:0/563212449' entity='mgr.smithi049.rjblpr' cmd=[{"prefix": "mon metadata"}]: dispatch
2024-02-22T00:25:10.377 INFO:journalctl@ceph.mon.smithi049.smithi049.stdout:Feb 22 00:25:10 smithi049 ceph-9923b37e-d118-11ee-95bd-87774f69a715-mon-smithi049[67324]: cluster
2024-02-22T00:25:10.154810+0000 mon.smithi049 (mon.0) 80 : cluster [INF] Manager daemon smithi049.rjblpr is now available
2024-02-22T00:25:11.141 INFO:teuthology.orchestra.run.smithi049.stderr:/usr/bin/ceph:
2024-02-22T00:25:11.137+0000 7f95f5ffb700 1 -- 172.21.15.49:0/4236665972 <== mon.0 v2:172.21.15.49:3300/0 7 ==== mgrmap(e 11) v1 ==== 38539+0+0 (secure 0 0 0) 0x7f95ec0151c0 con 0x7f95f80fbed0
2024-02-22T00:25:11.142 INFO:teuthology.orchestra.run.smithi049.stderr:/usr/bin/ceph:
2024-02-22T00:25:11.137+0000 7f95f5ffb700 1 --2- 172.21.15.49:0/4236665972 >> [v2:172.21.15.49:6800/3269480929,v1:172.21.15.49:6801/3269480929] conn(0x7f95e8035fb0 0x7f95e80383a0 unknown :-1 s=NONE pgs=0 cs=0 l=1 rev1=0 rx=0 tx=0).connect
2024-02-22T00:25:11.142 INFO:teuthology.orchestra.run.smithi049.stderr:/usr/bin/ceph:
2024-02-22T00:25:11.137+0000 7f95f5ffb700 1 -- 172.21.15.49:0/4236665972 --> [v2:172.21.15.49:6800/3269480929,v1:172.21.15.49:6801/3269480929] -- command(tid 0: {"prefix": "get_command_descriptions"}) v1 -- 0x7f95f805a310 con 0x7f95e8035fb0
2024-02-22T00:25:11.142 INFO:teuthology.orchestra.run.smithi049.stderr:/usr/bin/ceph:
2024-02-22T00:25:11.137+0000 7f95f7fff700 1 --2- 172.21.15.49:0/4236665972 >> [v2:172.21.15.49:6800/3269480929,v1:172.21.15.49:6801/3269480929] conn(0x7f95e8035fb0 0x7f95e80383a0 unknown :-1 s=BANNER_CONNECTING pgs=0 cs=0 l=1 rev1=0 rx=0 tx=0)._handle_peer_banner_payload supported=1 required=0
2024-02-22T00:25:11.143 INFO:teuthology.orchestra.run.smithi049.stderr:/usr/bin/ceph:
2024-02-22T00:25:11.139+0000 7f95f7fff700 1 --2- 172.21.15.49:0/4236665972 >> [v2:172.21.15.49:6800/3269480929,v1:172.21.15.49:6801/3269480929] conn(0x7f95e8035fb0 0x7f95e80383a0 secure :-1 s=READY pgs=4 cs=0 l=1 rev1=1 rx=0x7f95e4003850 tx=0x7f95e4006e60).ready entity=mgr.14156 client_cookie=0 server_cookie=0 in_seq=0 out_seq=0
2024-02-22T00:25:11.143 INFO:teuthology.orchestra.run.smithi049.stderr:/usr/bin/ceph:
2024-02-22T00:25:11.139+0000 7f95f5ffb700 1 -- 172.21.15.49:0/4236665972 <== mgr.14156 v2:172.21.15.49:6800/3269480929 1 ==== command_reply(tid 0: 0 ) v1 ==== 8+0+6438 (secure 0 0 0) 0x7f95f805a310 con 0x7f95e8035fb0
2024-02-22T00:25:11.150 INFO:teuthology.orchestra.run.smithi049.stderr:/usr/bin/ceph:
2024-02-22T00:25:11.145+0000 7f95fee63700 1 -- 172.21.15.49:0/4236665972 --> [v2:172.21.15.49:6800/3269480929,v1:172.21.15.49:6801/3269480929] -- command(tid 1: {"prefix": "mgr_status"}) v1 -- 0x7f95f8046ce0 con 0x7f95e8035fb0
2024-02-22T00:25:11.150 INFO:teuthology.orchestra.run.smithi049.stderr:/usr/bin/ceph:
2024-02-22T00:25:11.145+0000 7f95f5ffb700 1 -- 172.21.15.49:0/4236665972 <== mgr.14156 v2:172.21.15.49:6800/3269480929 2 ==== command_reply(tid 1: 0 ) v1 ==== 8+0+52 (secure 0 0 0) 0x7f95f8046ce0 con 0x7f95e8035fb0
2024-02-22T00:25:11.150 INFO:teuthology.orchestra.run.smithi049.stderr:/usr/bin/ceph: {
2024-02-22T00:25:11.150 INFO:teuthology.orchestra.run.smithi049.stderr:/usr/bin/ceph: "mgrmap_epoch": 11,
2024-02-22T00:25:11.150 INFO:teuthology.orchestra.run.smithi049.stderr:/usr/bin/ceph: "initialized": true
2024-02-22T00:25:11.150 INFO:teuthology.orchestra.run.smithi049.stderr:/usr/bin/ceph: }
2024-02-22T00:25:11.151 INFO:teuthology.orchestra.run.smithi049.stderr:/usr/bin/ceph:
2024-02-22T00:25:11.146+0000 7f95fee63700 1 -- 172.21.15.49:0/4236665972 >> [v2:172.21.15.49:6800/3269480929,v1:172.21.15.49:6801/3269480929] conn(0x7f95e8035fb0 msgr2=0x7f95e80383a0 secure :-1 s=STATE_CONNECTION_ESTABLISHED l=1).mark_down
2024-02-22T00:25:11.151 INFO:teuthology.orchestra.run.smithi049.stderr:/usr/bin/ceph:
2024-02-22T00:25:11.146+0000 7f95fee63700 1 --2- 172.21.15.49:0/4236665972 >> [v2:172.21.15.49:6800/3269480929,v1:172.21.15.49:6801/3269480929] conn(0x7f95e8035fb0 0x7f95e80383a0 secure :-1 s=READY pgs=4 cs=0 l=1 rev1=1 rx=0x7f95e4003850 tx=0x7f95e4006e60).stop
2024-02-22T00:25:11.151 INFO:teuthology.orchestra.run.smithi049.stderr:/usr/bin/ceph:
2024-02-22T00:25:11.146+0000 7f95fee63700 1 -- 172.21.15.49:0/4236665972 >> [v2:172.21.15.49:3300/0,v1:172.21.15.49:6789/0] conn(0x7f95f80fbed0 msgr2=0x7f95f810ead0 secure :-1 s=STATE_CONNECTION_ESTABLISHED l=1).mark_down
2024-02-22T00:25:11.151 INFO:teuthology.orchestra.run.smithi049.stderr:/usr/bin/ceph:
2024-02-22T00:25:11.146+0000 7f95fee63700 1 --2- 172.21.15.49:0/4236665972 >> [v2:172.21.15.49:3300/0,v1:172.21.15.49:6789/0] conn(0x7f95f80fbed0 0x7f95f810ead0 secure :-1 s=READY pgs=66 cs=0 l=1 rev1=1 rx=0x7f95ec002f40 tx=0x7f95ec0090f0).stop
2024-02-22T00:25:11.152 INFO:teuthology.orchestra.run.smithi049.stderr:/usr/bin/ceph:
2024-02-22T00:25:11.147+0000 7f95fee63700 1 -- 172.21.15.49:0/4236665972 shutdown_connections
2024-02-22T00:25:11.152 INFO:teuthology.orchestra.run.smithi049.stderr:/usr/bin/ceph:
2024-02-22T00:25:11.147+0000 7f95fee63700 1 --2- 172.21.15.49:0/4236665972 >> [v2:172.21.15.49:3300/0,v1:172.21.15.49:6789/0] conn(0x7f95f80fbed0 0x7f95f810ead0 unknown :-1 s=CLOSED pgs=66 cs=0 l=1 rev1=1 rx=0 tx=0).stop
2024-02-22T00:25:11.152 INFO:teuthology.orchestra.run.smithi049.stderr:/usr/bin/ceph:
2024-02-22T00:25:11.147+0000 7f95fee63700 1 --2- 172.21.15.49:0/4236665972 >> [v2:172.21.15.49:6800/3269480929,v1:172.21.15.49:6801/3269480929] conn(0x7f95e8035fb0 0x7f95e80383a0 unknown :-1 s=CLOSED pgs=4 cs=0 l=1 rev1=1 rx=0 tx=0).stop
2024-02-22T00:25:11.152 INFO:teuthology.orchestra.run.smithi049.stderr:/usr/bin/ceph:
2024-02-22T00:25:11.147+0000 7f95fee63700 1 --2- 172.21.15.49:0/4236665972 >> [v2:172.21.15.49:6800/2503465771,v1:172.21.15.49:6801/2503465771] conn(0x7f95e8032660 0x7f95e8034b20 unknown :-1 s=CLOSED pgs=0 cs=0 l=1 rev1=0 rx=0 tx=0).stop
2024-02-22T00:25:11.152 INFO:teuthology.orchestra.run.smithi049.stderr:/usr/bin/ceph:
2024-02-22T00:25:11.147+0000 7f95fee63700 1 -- 172.21.15.49:0/4236665972 >> 172.21.15.49:0/4236665972 conn(0x7f95f80f76f0 msgr2=0x7f95f80f9160 unknown :-1 s=STATE_NONE l=0).mark_down
2024-02-22T00:25:11.152 INFO:teuthology.orchestra.run.smithi049.stderr:/usr/bin/ceph:
2024-02-22T00:25:11.147+0000 7f95fee63700 1 -- 172.21.15.49:0/4236665972 shutdown_connections
2024-02-22T00:25:11.152 INFO:teuthology.orchestra.run.smithi049.stderr:/usr/bin/ceph:
2024-02-22T00:25:11.147+0000 7f95fee63700 1 -- 172.21.15.49:0/4236665972 wait complete.
2024-02-22T00:25:11.430 INFO:journalctl@ceph.mon.smithi049.smithi049.stdout:Feb 22 00:25:11 smithi049 ceph-9923b37e-d118-11ee-95bd-87774f69a715-mon-smithi049[67324]: audit
2024-02-22T00:25:10.253813+0000 mon.smithi049 (mon.0) 81 : audit [DBG] from='mgr.14156 172.21.15.49:0/563212449' entity='mgr.smithi049.rjblpr' cmd=[{"prefix": "config dump", "format": "json"}]: dispatch
2024-02-22T00:25:11.430 INFO:journalctl@ceph.mon.smithi049.smithi049.stdout:Feb 22 00:25:11 smithi049 ceph-9923b37e-d118-11ee-95bd-87774f69a715-mon-smithi049[67324]: audit
2024-02-22T00:25:10.255023+0000 mon.smithi049 (mon.0) 82 : audit [DBG] from='mgr.14156 172.21.15.49:0/563212449' entity='mgr.smithi049.rjblpr' cmd=[{"prefix": "config dump", "format": "json"}]: dispatch
2024-02-22T00:25:11.431 INFO:journalctl@ceph.mon.smithi049.smithi049.stdout:Feb 22 00:25:11 smithi049 ceph-9923b37e-d118-11ee-95bd-87774f69a715-mon-smithi049[67324]: audit
2024-02-22T00:25:10.280950+0000 mon.smithi049 (mon.0) 83 : audit [INF] from='mgr.14156 172.21.15.49:0/563212449' entity='mgr.smithi049.rjblpr' cmd=[{"prefix":"config rm","who":"mgr","name":"mgr/rbd_support/smithi049.rjblpr/mirror_snapshot_schedule"}]: dispatch
2024-02-22T00:25:11.431 INFO:journalctl@ceph.mon.smithi049.smithi049.stdout:Feb 22 00:25:11 smithi049 ceph-9923b37e-d118-11ee-95bd-87774f69a715-mon-smithi049[67324]: audit
2024-02-22T00:25:10.285246+0000 mon.smithi049 (mon.0) 84 : audit [INF] from='mgr.14156 172.21.15.49:0/563212449' entity='mgr.smithi049.rjblpr' cmd=[{"prefix":"config rm","who":"mgr","name":"mgr/rbd_support/smithi049.rjblpr/trash_purge_schedule"}]: dispatch
2024-02-22T00:25:11.431 INFO:journalctl@ceph.mon.smithi049.smithi049.stdout:Feb 22 00:25:11 smithi049 ceph-9923b37e-d118-11ee-95bd-87774f69a715-mon-smithi049[67324]: cluster
2024-02-22T00:25:11.140451+0000 mon.smithi049 (mon.0) 85 : cluster [DBG] mgrmap e11: smithi049.rjblpr(active, since 1.00533s)
2024-02-22T00:25:12.063 INFO:teuthology.orchestra.run.smithi049.stderr:mgr epoch 9 is available
2024-02-22T00:25:12.063 INFO:teuthology.orchestra.run.smithi049.stderr:Generating a dashboard self-signed certificate...
2024-02-22T00:25:12.592 INFO:teuthology.orchestra.run.smithi049.stderr:/usr/bin/ceph:
2024-02-22T00:25:12.586+0000 7fa8df0b1700 1 Processor -- start
2024-02-22T00:25:12.593 INFO:teuthology.orchestra.run.smithi049.stderr:/usr/bin/ceph:
2024-02-22T00:25:12.586+0000 7fa8df0b1700 1 -- start start
2024-02-22T00:25:12.593 INFO:teuthology.orchestra.run.smithi049.stderr:/usr/bin/ceph:
2024-02-22T00:25:12.586+0000 7fa8df0b1700 1 --2- >> [v2:172.21.15.49:3300/0,v1:172.21.15.49:6789/0] conn(0x7fa8d8071c00 0x7fa8d8102090 unknown :-1 s=NONE pgs=0 cs=0 l=0 rev1=0 rx=0 tx=0).connect
2024-02-22T00:25:12.593 INFO:teuthology.orchestra.run.smithi049.stderr:/usr/bin/ceph:
2024-02-22T00:25:12.586+0000 7fa8df0b1700 1 -- --> [v2:172.21.15.49:3300/0,v1:172.21.15.49:6789/0] -- mon_getmap magic: 0 v1 -- 0x7fa8d80fda80 con 0x7fa8d8071c00
2024-02-22T00:25:12.593 INFO:teuthology.orchestra.run.smithi049.stderr:/usr/bin/ceph:
2024-02-22T00:25:12.586+0000 7fa8dce4d700 1 --2- >> [v2:172.21.15.49:3300/0,v1:172.21.15.49:6789/0] conn(0x7fa8d8071c00 0x7fa8d8102090 unknown :-1 s=BANNER_CONNECTING pgs=0 cs=0 l=0 rev1=0 rx=0 tx=0)._handle_peer_banner_payload supported=1 required=0
2024-02-22T00:25:12.593 INFO:teuthology.orchestra.run.smithi049.stderr:/usr/bin/ceph:
2024-02-22T00:25:12.586+0000 7fa8dce4d700 1 --2- >> [v2:172.21.15.49:3300/0,v1:172.21.15.49:6789/0] conn(0x7fa8d8071c00 0x7fa8d8102090 unknown :-1 s=HELLO_CONNECTING pgs=0 cs=0 l=0 rev1=1 rx=0 tx=0).handle_hello peer v2:172.21.15.49:3300/0 says I am v2:172.21.15.49:45038/0 (socket says 172.21.15.49:45038)
2024-02-22T00:25:12.593 INFO:teuthology.orchestra.run.smithi049.stderr:/usr/bin/ceph:
2024-02-22T00:25:12.586+0000 7fa8dce4d700 1 -- 172.21.15.49:0/3039243344 learned_addr learned my addr 172.21.15.49:0/3039243344 (peer_addr_for_me v2:172.21.15.49:0/0)
2024-02-22T00:25:12.593 INFO:teuthology.orchestra.run.smithi049.stderr:/usr/bin/ceph:
2024-02-22T00:25:12.587+0000 7fa8dce4d700 1 -- 172.21.15.49:0/3039243344 --> [v2:172.21.15.49:3300/0,v1:172.21.15.49:6789/0] -- mon_subscribe({config=0+,monmap=0+}) v3 -- 0x7fa8d8102580 con 0x7fa8d8071c00
2024-02-22T00:25:12.593 INFO:teuthology.orchestra.run.smithi049.stderr:/usr/bin/ceph:
2024-02-22T00:25:12.587+0000 7fa8dce4d700 1 --2- 172.21.15.49:0/3039243344 >> [v2:172.21.15.49:3300/0,v1:172.21.15.49:6789/0] conn(0x7fa8d8071c00 0x7fa8d8102090 secure :-1 s=READY pgs=72 cs=0 l=1 rev1=1 rx=0x7fa8cc009730 tx=0x7fa8cc0090f0).ready entity=mon.0 client_cookie=3f1ce4de0778c7db server_cookie=0 in_seq=0 out_seq=0
2024-02-22T00:25:12.593 INFO:teuthology.orchestra.run.smithi049.stderr:/usr/bin/ceph:
2024-02-22T00:25:12.587+0000 7fa8d77fe700 1 -- 172.21.15.49:0/3039243344 <== mon.0 v2:172.21.15.49:3300/0 1 ==== mon_map magic: 0 v1 ==== 229+0+0 (secure 0 0 0) 0x7fa8cc00b6e0 con 0x7fa8d8071c00
2024-02-22T00:25:12.593 INFO:teuthology.orchestra.run.smithi049.stderr:/usr/bin/ceph:
2024-02-22T00:25:12.587+0000 7fa8d77fe700 1 -- 172.21.15.49:0/3039243344 <== mon.0 v2:172.21.15.49:3300/0 2 ==== config(25 keys) v1 ==== 1046+0+0 (secure 0 0 0) 0x7fa8cc00bcd0 con 0x7fa8d8071c00
2024-02-22T00:25:12.593 INFO:teuthology.orchestra.run.smithi049.stderr:/usr/bin/ceph:
2024-02-22T00:25:12.587+0000 7fa8d77fe700 1 -- 172.21.15.49:0/3039243344 <== mon.0 v2:172.21.15.49:3300/0 3 ==== mon_map magic: 0 v1 ==== 229+0+0 (secure 0 0 0) 0x7fa8cc011cb0 con 0x7fa8d8071c00
2024-02-22T00:25:12.593 INFO:teuthology.orchestra.run.smithi049.stderr:/usr/bin/ceph:
2024-02-22T00:25:12.588+0000 7fa8df0b1700 1 -- 172.21.15.49:0/3039243344 >> [v2:172.21.15.49:3300/0,v1:172.21.15.49:6789/0] conn(0x7fa8d8071c00 msgr2=0x7fa8d8102090 secure :-1 s=STATE_CONNECTION_ESTABLISHED l=1).mark_down
2024-02-22T00:25:12.594 INFO:teuthology.orchestra.run.smithi049.stderr:/usr/bin/ceph:
2024-02-22T00:25:12.588+0000 7fa8df0b1700 1 --2- 172.21.15.49:0/3039243344 >> [v2:172.21.15.49:3300/0,v1:172.21.15.49:6789/0] conn(0x7fa8d8071c00 0x7fa8d8102090 secure :-1 s=READY pgs=72 cs=0 l=1 rev1=1 rx=0x7fa8cc009730 tx=0x7fa8cc0090f0).stop
2024-02-22T00:25:12.594 INFO:teuthology.orchestra.run.smithi049.stderr:/usr/bin/ceph:
2024-02-22T00:25:12.588+0000 7fa8df0b1700 1 -- 172.21.15.49:0/3039243344 shutdown_connections
2024-02-22T00:25:12.594 INFO:teuthology.orchestra.run.smithi049.stderr:/usr/bin/ceph:
2024-02-22T00:25:12.588+0000 7fa8df0b1700 1 --2- 172.21.15.49:0/3039243344 >> [v2:172.21.15.49:3300/0,v1:172.21.15.49:6789/0] conn(0x7fa8d8071c00 0x7fa8d8102090 unknown :-1 s=CLOSED pgs=72 cs=0 l=1 rev1=1 rx=0 tx=0).stop
2024-02-22T00:25:12.594 INFO:teuthology.orchestra.run.smithi049.stderr:/usr/bin/ceph:
2024-02-22T00:25:12.588+0000 7fa8df0b1700 1 -- 172.21.15.49:0/3039243344 >> 172.21.15.49:0/3039243344 conn(0x7fa8d80f76f0 msgr2=0x7fa8d80f9b10 unknown :-1 s=STATE_NONE l=0).mark_down
2024-02-22T00:25:12.594 INFO:teuthology.orchestra.run.smithi049.stderr:/usr/bin/ceph:
2024-02-22T00:25:12.588+0000 7fa8df0b1700 1 -- 172.21.15.49:0/3039243344 shutdown_connections
2024-02-22T00:25:12.594 INFO:teuthology.orchestra.run.smithi049.stderr:/usr/bin/ceph:
2024-02-22T00:25:12.588+0000 7fa8df0b1700 1 -- 172.21.15.49:0/3039243344 wait complete.
2024-02-22T00:25:12.595 INFO:teuthology.orchestra.run.smithi049.stderr:/usr/bin/ceph:
2024-02-22T00:25:12.588+0000 7fa8df0b1700 1 Processor -- start
2024-02-22T00:25:12.595 INFO:teuthology.orchestra.run.smithi049.stderr:/usr/bin/ceph:
2024-02-22T00:25:12.589+0000 7fa8df0b1700 1 -- start start
2024-02-22T00:25:12.595 INFO:teuthology.orchestra.run.smithi049.stderr:/usr/bin/ceph:
2024-02-22T00:25:12.589+0000 7fa8df0b1700 1 --2- >> [v2:172.21.15.49:3300/0,v1:172.21.15.49:6789/0] conn(0x7fa8d8071c00 0x7fa8d810e050 unknown :-1 s=NONE pgs=0 cs=0 l=1 rev1=0 rx=0 tx=0).connect
2024-02-22T00:25:12.595 INFO:teuthology.orchestra.run.smithi049.stderr:/usr/bin/ceph:
2024-02-22T00:25:12.589+0000 7fa8df0b1700 1 -- --> [v2:172.21.15.49:3300/0,v1:172.21.15.49:6789/0] -- mon_getmap magic: 0 v1 -- 0x7fa8d810e540 con 0x7fa8d8071c00
2024-02-22T00:25:12.595 INFO:teuthology.orchestra.run.smithi049.stderr:/usr/bin/ceph:
2024-02-22T00:25:12.589+0000 7fa8dce4d700 1 --2- >> [v2:172.21.15.49:3300/0,v1:172.21.15.49:6789/0] conn(0x7fa8d8071c00 0x7fa8d810e050 unknown :-1 s=BANNER_CONNECTING pgs=0 cs=0 l=1 rev1=0 rx=0 tx=0)._handle_peer_banner_payload supported=1 required=0
2024-02-22T00:25:12.595 INFO:teuthology.orchestra.run.smithi049.stderr:/usr/bin/ceph:
2024-02-22T00:25:12.589+0000 7fa8dce4d700 1 --2- >> [v2:172.21.15.49:3300/0,v1:172.21.15.49:6789/0] conn(0x7fa8d8071c00 0x7fa8d810e050 unknown :-1 s=HELLO_CONNECTING pgs=0 cs=0 l=1 rev1=1 rx=0 tx=0).handle_hello peer v2:172.21.15.49:3300/0 says I am v2:172.21.15.49:45050/0 (socket says 172.21.15.49:45050)
2024-02-22T00:25:12.596 INFO:teuthology.orchestra.run.smithi049.stderr:/usr/bin/ceph:
2024-02-22T00:25:12.589+0000 7fa8dce4d700 1 -- 172.21.15.49:0/742521422 learned_addr learned my addr 172.21.15.49:0/742521422 (peer_addr_for_me v2:172.21.15.49:0/0)
2024-02-22T00:25:12.596 INFO:teuthology.orchestra.run.smithi049.stderr:/usr/bin/ceph:
2024-02-22T00:25:12.589+0000 7fa8dce4d700 1 -- 172.21.15.49:0/742521422 --> [v2:172.21.15.49:3300/0,v1:172.21.15.49:6789/0] -- mon_subscribe({config=0+,monmap=0+}) v3 -- 0x7fa8cc009370 con 0x7fa8d8071c00
2024-02-22T00:25:12.596 INFO:teuthology.orchestra.run.smithi049.stderr:/usr/bin/ceph:
2024-02-22T00:25:12.589+0000 7fa8dce4d700 1 --2- 172.21.15.49:0/742521422 >> [v2:172.21.15.49:3300/0,v1:172.21.15.49:6789/0] conn(0x7fa8d8071c00 0x7fa8d810e050 secure :-1 s=READY pgs=73 cs=0 l=1 rev1=1 rx=0x7fa8cc0118b0 tx=0x7fa8cc0090f0).ready entity=mon.0 client_cookie=0 server_cookie=0 in_seq=0 out_seq=0
2024-02-22T00:25:12.596 INFO:teuthology.orchestra.run.smithi049.stderr:/usr/bin/ceph:
