2024-02-22T00:15:26.955 INFO:teuthology.orchestra.run.smithi052.stdout:/usr/bin/ceph: stderr
2024-02-22T00:15:26.386+0000 7f2cfdffb700 1 -- 172.21.15.52:0/2049499972 <== mon.0 v2:172.21.15.52:3300/0 2 ==== config(26 keys) v1 ==== 1074+0+0 (secure 0 0 0) 0x7f2cf4003c10 con 0x7f2d0007bf00
2024-02-22T00:15:26.955 INFO:teuthology.orchestra.run.smithi052.stdout:/usr/bin/ceph: stderr
2024-02-22T00:15:26.386+0000 7f2d06eea700 1 -- 172.21.15.52:0/2049499972 --> [v2:172.21.15.52:3300/0,v1:172.21.15.52:6789/0] -- mon_subscribe({mgrmap=0+}) v3 -- 0x7f2d0019cb70 con 0x7f2d0007bf00
2024-02-22T00:15:26.955 INFO:teuthology.orchestra.run.smithi052.stdout:/usr/bin/ceph: stderr
2024-02-22T00:15:26.386+0000 7f2cfdffb700 1 -- 172.21.15.52:0/2049499972 <== mon.0 v2:172.21.15.52:3300/0 3 ==== mon_map magic: 0 v1 ==== 205+0+0 (secure 0 0 0) 0x7f2cf40247d0 con 0x7f2d0007bf00
2024-02-22T00:15:26.955 INFO:teuthology.orchestra.run.smithi052.stdout:/usr/bin/ceph: stderr
2024-02-22T00:15:26.386+0000 7f2d06eea700 1 -- 172.21.15.52:0/2049499972 --> [v2:172.21.15.52:3300/0,v1:172.21.15.52:6789/0] -- mon_subscribe({osdmap=0}) v3 -- 0x7f2d0019d010 con 0x7f2d0007bf00
2024-02-22T00:15:26.955 INFO:teuthology.orchestra.run.smithi052.stdout:/usr/bin/ceph: stderr
2024-02-22T00:15:26.387+0000 7f2cfdffb700 1 -- 172.21.15.52:0/2049499972 <== mon.0 v2:172.21.15.52:3300/0 4 ==== mgrmap(e 8) v1 ==== 45537+0+0 (secure 0 0 0) 0x7f2cf402d3f0 con 0x7f2d0007bf00
2024-02-22T00:15:26.956 INFO:teuthology.orchestra.run.smithi052.stdout:/usr/bin/ceph: stderr
2024-02-22T00:15:26.387+0000 7f2cfdffb700 1 --2- 172.21.15.52:0/2049499972 >> [v2:172.21.15.52:6800/128288418,v1:172.21.15.52:6801/128288418] conn(0x7f2cf0038700 0x7f2cf003abc0 unknown :-1 s=NONE pgs=0 cs=0 l=1 rev1=0 crypto rx=0 tx=0 comp rx=0 tx=0).connect
2024-02-22T00:15:26.956 INFO:teuthology.orchestra.run.smithi052.stdout:/usr/bin/ceph: stderr
2024-02-22T00:15:26.387+0000 7f2cfdffb700 1 -- 172.21.15.52:0/2049499972 <== mon.0 v2:172.21.15.52:3300/0 5 ==== osd_map(2..2 src has 1..2) v4 ==== 940+0+0 (secure 0 0 0) 0x7f2cf404ca70 con 0x7f2d0007bf00
2024-02-22T00:15:26.956 INFO:teuthology.orchestra.run.smithi052.stdout:/usr/bin/ceph: stderr
2024-02-22T00:15:26.387+0000 7f2d06eea700 1 -- 172.21.15.52:0/2049499972 --> [v2:172.21.15.52:3300/0,v1:172.21.15.52:6789/0] -- mon_command({"prefix": "get_command_descriptions"} v 0) v1 -- 0x7f2d0010c8c0 con 0x7f2d0007bf00
2024-02-22T00:15:26.956 INFO:teuthology.orchestra.run.smithi052.stdout:/usr/bin/ceph: stderr
2024-02-22T00:15:26.387+0000 7f2cfffff700 1 --2- 172.21.15.52:0/2049499972 >> [v2:172.21.15.52:6800/128288418,v1:172.21.15.52:6801/128288418] conn(0x7f2cf0038700 0x7f2cf003abc0 unknown :-1 s=BANNER_CONNECTING pgs=0 cs=0 l=1 rev1=0 crypto rx=0 tx=0 comp rx=0 tx=0)._handle_peer_banner_payload supported=3 required=0
2024-02-22T00:15:26.956 INFO:teuthology.orchestra.run.smithi052.stdout:/usr/bin/ceph: stderr
2024-02-22T00:15:26.388+0000 7f2cfffff700 1 --2- 172.21.15.52:0/2049499972 >> [v2:172.21.15.52:6800/128288418,v1:172.21.15.52:6801/128288418] conn(0x7f2cf0038700 0x7f2cf003abc0 secure :-1 s=READY pgs=10 cs=0 l=1 rev1=1 crypto rx=0x7f2cec006fd0 tx=0x7f2cec006e40 comp rx=0 tx=0).ready entity=mgr.14120 client_cookie=0 server_cookie=0 in_seq=0 out_seq=0
2024-02-22T00:15:26.956 INFO:teuthology.orchestra.run.smithi052.stdout:/usr/bin/ceph: stderr
2024-02-22T00:15:26.392+0000 7f2cfdffb700 1 -- 172.21.15.52:0/2049499972 <== mon.0 v2:172.21.15.52:3300/0 6 ==== mon_command_ack([{"prefix": "get_command_descriptions"}]=0 v0) v1 ==== 72+0+182595 (secure 0 0 0) 0x7f2cf4010740 con 0x7f2d0007bf00
2024-02-22T00:15:26.956 INFO:teuthology.orchestra.run.smithi052.stdout:/usr/bin/ceph: stderr
2024-02-22T00:15:26.604+0000 7f2d06eea700 1 -- 172.21.15.52:0/2049499972 --> [v2:172.21.15.52:6800/128288418,v1:172.21.15.52:6801/128288418] -- mgr_command(tid 0: {"prefix": "cephadm get-pub-key", "target": ["mon-mgr", ""]}) v1 -- 0x7f2d00102d10 con 0x7f2cf0038700
2024-02-22T00:15:26.956 INFO:teuthology.orchestra.run.smithi052.stdout:/usr/bin/ceph: stderr
2024-02-22T00:15:26.605+0000 7f2cfdffb700 1 -- 172.21.15.52:0/2049499972 <== mgr.14120 v2:172.21.15.52:6800/128288418 1 ==== mgr_command_reply(tid 0: 0 ) v1 ==== 8+0+595 (secure 0 0 0) 0x7f2d00102d10 con 0x7f2cf0038700
2024-02-22T00:15:26.956 INFO:teuthology.orchestra.run.smithi052.stdout:/usr/bin/ceph: stderr
2024-02-22T00:15:26.607+0000 7f2d06eea700 1 -- 172.21.15.52:0/2049499972 >> [v2:172.21.15.52:6800/128288418,v1:172.21.15.52:6801/128288418] conn(0x7f2cf0038700 msgr2=0x7f2cf003abc0 secure :-1 s=STATE_CONNECTION_ESTABLISHED l=1).mark_down
2024-02-22T00:15:26.956 INFO:teuthology.orchestra.run.smithi052.stdout:/usr/bin/ceph: stderr
2024-02-22T00:15:26.607+0000 7f2d06eea700 1 --2- 172.21.15.52:0/2049499972 >> [v2:172.21.15.52:6800/128288418,v1:172.21.15.52:6801/128288418] conn(0x7f2cf0038700 0x7f2cf003abc0 secure :-1 s=READY pgs=10 cs=0 l=1 rev1=1 crypto rx=0x7f2cec006fd0 tx=0x7f2cec006e40 comp rx=0 tx=0).stop
2024-02-22T00:15:26.956 INFO:teuthology.orchestra.run.smithi052.stdout:/usr/bin/ceph: stderr
2024-02-22T00:15:26.607+0000 7f2d06eea700 1 -- 172.21.15.52:0/2049499972 >> [v2:172.21.15.52:3300/0,v1:172.21.15.52:6789/0] conn(0x7f2d0007bf00 msgr2=0x7f2d0019c430 secure :-1 s=STATE_CONNECTION_ESTABLISHED l=1).mark_down
2024-02-22T00:15:26.956 INFO:teuthology.orchestra.run.smithi052.stdout:/usr/bin/ceph: stderr
2024-02-22T00:15:26.607+0000 7f2d06eea700 1 --2- 172.21.15.52:0/2049499972 >> [v2:172.21.15.52:3300/0,v1:172.21.15.52:6789/0] conn(0x7f2d0007bf00 0x7f2d0019c430 secure :-1 s=READY pgs=44 cs=0 l=1 rev1=1 crypto rx=0x7f2cf4009130 tx=0x7f2cf4011ad0 comp rx=0 tx=0).stop
2024-02-22T00:15:26.956 INFO:teuthology.orchestra.run.smithi052.stdout:/usr/bin/ceph: stderr
2024-02-22T00:15:26.607+0000 7f2d06eea700 1 -- 172.21.15.52:0/2049499972 shutdown_connections
2024-02-22T00:15:26.957 INFO:teuthology.orchestra.run.smithi052.stdout:/usr/bin/ceph: stderr
2024-02-22T00:15:26.607+0000 7f2d06eea700 1 --2- 172.21.15.52:0/2049499972 >> [v2:172.21.15.52:6800/128288418,v1:172.21.15.52:6801/128288418] conn(0x7f2cf0038700 0x7f2cf003abc0 unknown :-1 s=CLOSED pgs=10 cs=0 l=1 rev1=1 crypto rx=0 tx=0 comp rx=0 tx=0).stop
2024-02-22T00:15:26.957 INFO:teuthology.orchestra.run.smithi052.stdout:/usr/bin/ceph: stderr
2024-02-22T00:15:26.607+0000 7f2d06eea700 1 --2- 172.21.15.52:0/2049499972 >> [v2:172.21.15.52:3300/0,v1:172.21.15.52:6789/0] conn(0x7f2d0007bf00 0x7f2d0019c430 unknown :-1 s=CLOSED pgs=44 cs=0 l=1 rev1=1 crypto rx=0 tx=0 comp rx=0 tx=0).stop
2024-02-22T00:15:26.957 INFO:teuthology.orchestra.run.smithi052.stdout:/usr/bin/ceph: stderr
2024-02-22T00:15:26.607+0000 7f2d06eea700 1 -- 172.21.15.52:0/2049499972 >> 172.21.15.52:0/2049499972 conn(0x7f2d00101a80 msgr2=0x7f2d00102600 unknown :-1 s=STATE_NONE l=0).mark_down
2024-02-22T00:15:26.957 INFO:teuthology.orchestra.run.smithi052.stdout:/usr/bin/ceph: stderr
2024-02-22T00:15:26.608+0000 7f2d06eea700 1 -- 172.21.15.52:0/2049499972 shutdown_connections
2024-02-22T00:15:26.957 INFO:teuthology.orchestra.run.smithi052.stdout:/usr/bin/ceph: stderr
2024-02-22T00:15:26.608+0000 7f2d06eea700 1 -- 172.21.15.52:0/2049499972 wait complete.
2024-02-22T00:15:26.957 INFO:teuthology.orchestra.run.smithi052.stdout:Wrote public SSH key to /home/ubuntu/cephtest/ceph.pub
2024-02-22T00:15:26.957 INFO:teuthology.orchestra.run.smithi052.stdout:Adding key to root@localhost authorized_keys...
2024-02-22T00:15:26.958 INFO:teuthology.orchestra.run.smithi052.stdout:Adding host smithi052...
2024-02-22T00:15:26.999 INFO:journalctl@ceph.mon.a.smithi052.stdout:Feb 22 00:15:26 smithi052 ceph-mon[43442]: from='client.14136 -' entity='client.admin' cmd=[{"prefix": "cephadm generate-key", "target": ["mon-mgr", ""]}]: dispatch
2024-02-22T00:15:26.999 INFO:journalctl@ceph.mon.a.smithi052.stdout:Feb 22 00:15:26 smithi052 ceph-mon[43442]: Generating ssh key...
2024-02-22T00:15:26.999 INFO:journalctl@ceph.mon.a.smithi052.stdout:Feb 22 00:15:26 smithi052 ceph-mon[43442]: from='mgr.14120 172.21.15.52:0/3753675757' entity='mgr.x'
2024-02-22T00:15:27.000 INFO:journalctl@ceph.mon.a.smithi052.stdout:Feb 22 00:15:26 smithi052 ceph-mon[43442]: from='mgr.14120 172.21.15.52:0/3753675757' entity='mgr.x'
2024-02-22T00:15:27.831 INFO:journalctl@ceph.mon.a.smithi052.stdout:Feb 22 00:15:27 smithi052 ceph-mon[43442]: from='client.14138 -' entity='client.admin' cmd=[{"prefix": "cephadm get-pub-key", "target": ["mon-mgr", ""]}]: dispatch
2024-02-22T00:15:28.999 INFO:journalctl@ceph.mon.a.smithi052.stdout:Feb 22 00:15:28 smithi052 ceph-mon[43442]: from='client.14140 -' entity='client.admin' cmd=[{"prefix": "orch host add", "hostname": "smithi052", "addr": "172.21.15.52", "target": ["mon-mgr", ""]}]: dispatch
2024-02-22T00:15:29.999 INFO:journalctl@ceph.mon.a.smithi052.stdout:Feb 22 00:15:29 smithi052 ceph-mon[43442]: Deploying cephadm binary to smithi052
2024-02-22T00:15:30.187 INFO:teuthology.orchestra.run.smithi052.stdout:/usr/bin/ceph: stdout Added host 'smithi052' with addr '172.21.15.52'
2024-02-22T00:15:30.187 INFO:teuthology.orchestra.run.smithi052.stdout:/usr/bin/ceph: stderr
2024-02-22T00:15:27.291+0000 7fc79989f700 1 Processor -- start
2024-02-22T00:15:30.187 INFO:teuthology.orchestra.run.smithi052.stdout:/usr/bin/ceph: stderr
2024-02-22T00:15:27.292+0000 7fc79989f700 1 -- start start
2024-02-22T00:15:30.187 INFO:teuthology.orchestra.run.smithi052.stdout:/usr/bin/ceph: stderr
2024-02-22T00:15:27.292+0000 7fc79989f700 1 --2- >> [v2:172.21.15.52:3300/0,v1:172.21.15.52:6789/0] conn(0x7fc794104e20 0x7fc794105240 unknown :-1 s=NONE pgs=0 cs=0 l=0 rev1=0 crypto rx=0 tx=0 comp rx=0 tx=0).connect
2024-02-22T00:15:30.187 INFO:teuthology.orchestra.run.smithi052.stdout:/usr/bin/ceph: stderr
2024-02-22T00:15:27.292+0000 7fc79989f700 1 -- --> [v2:172.21.15.52:3300/0,v1:172.21.15.52:6789/0] -- mon_getmap magic: 0 v1 -- 0x7fc794079e50 con 0x7fc794104e20
2024-02-22T00:15:30.187 INFO:teuthology.orchestra.run.smithi052.stdout:/usr/bin/ceph: stderr
2024-02-22T00:15:27.292+0000 7fc792ffd700 1 --2- >> [v2:172.21.15.52:3300/0,v1:172.21.15.52:6789/0] conn(0x7fc794104e20 0x7fc794105240 unknown :-1 s=BANNER_CONNECTING pgs=0 cs=0 l=0 rev1=0 crypto rx=0 tx=0 comp rx=0 tx=0)._handle_peer_banner_payload supported=3 required=0
2024-02-22T00:15:30.187 INFO:teuthology.orchestra.run.smithi052.stdout:/usr/bin/ceph: stderr
2024-02-22T00:15:27.292+0000 7fc792ffd700 1 --2- >> [v2:172.21.15.52:3300/0,v1:172.21.15.52:6789/0] conn(0x7fc794104e20 0x7fc794105240 unknown :-1 s=HELLO_CONNECTING pgs=0 cs=0 l=0 rev1=1 crypto rx=0 tx=0 comp rx=0 tx=0).handle_hello peer v2:172.21.15.52:3300/0 says I am v2:172.21.15.52:34690/0 (socket says 172.21.15.52:34690)
2024-02-22T00:15:30.187 INFO:teuthology.orchestra.run.smithi052.stdout:/usr/bin/ceph: stderr
2024-02-22T00:15:27.292+0000 7fc792ffd700 1 -- 172.21.15.52:0/558716753 learned_addr learned my addr 172.21.15.52:0/558716753 (peer_addr_for_me v2:172.21.15.52:0/0)
2024-02-22T00:15:30.187 INFO:teuthology.orchestra.run.smithi052.stdout:/usr/bin/ceph: stderr
2024-02-22T00:15:27.292+0000 7fc792ffd700 1 -- 172.21.15.52:0/558716753 --> [v2:172.21.15.52:3300/0,v1:172.21.15.52:6789/0] -- mon_subscribe({config=0+,monmap=0+}) v3 -- 0x7fc794105780 con 0x7fc794104e20
2024-02-22T00:15:30.187 INFO:teuthology.orchestra.run.smithi052.stdout:/usr/bin/ceph: stderr
2024-02-22T00:15:27.292+0000 7fc792ffd700 1 --2- 172.21.15.52:0/558716753 >> [v2:172.21.15.52:3300/0,v1:172.21.15.52:6789/0] conn(0x7fc794104e20 0x7fc794105240 secure :-1 s=READY pgs=45 cs=0 l=1 rev1=1 crypto rx=0x7fc7840098a0 tx=0x7fc784009bb0 comp rx=0 tx=0).ready entity=mon.0 client_cookie=2b2b72603616df54 server_cookie=0 in_seq=0 out_seq=0
2024-02-22T00:15:30.188 INFO:teuthology.orchestra.run.smithi052.stdout:/usr/bin/ceph: stderr
2024-02-22T00:15:27.293+0000 7fc7927fc700 1 -- 172.21.15.52:0/558716753 <== mon.0 v2:172.21.15.52:3300/0 1 ==== mon_map magic: 0 v1 ==== 205+0+0 (secure 0 0 0) 0x7fc784004160 con 0x7fc794104e20
2024-02-22T00:15:30.188 INFO:teuthology.orchestra.run.smithi052.stdout:/usr/bin/ceph: stderr
2024-02-22T00:15:27.293+0000 7fc7927fc700 1 -- 172.21.15.52:0/558716753 <== mon.0 v2:172.21.15.52:3300/0 2 ==== config(26 keys) v1 ==== 1074+0+0 (secure 0 0 0) 0x7fc7840042c0 con 0x7fc794104e20
2024-02-22T00:15:30.188 INFO:teuthology.orchestra.run.smithi052.stdout:/usr/bin/ceph: stderr
2024-02-22T00:15:27.293+0000 7fc7927fc700 1 -- 172.21.15.52:0/558716753 <== mon.0 v2:172.21.15.52:3300/0 3 ==== mon_map magic: 0 v1 ==== 205+0+0 (secure 0 0 0) 0x7fc784011a00 con 0x7fc794104e20
2024-02-22T00:15:30.188 INFO:teuthology.orchestra.run.smithi052.stdout:/usr/bin/ceph: stderr
2024-02-22T00:15:27.293+0000 7fc79989f700 1 -- 172.21.15.52:0/558716753 >> [v2:172.21.15.52:3300/0,v1:172.21.15.52:6789/0] conn(0x7fc794104e20 msgr2=0x7fc794105240 secure :-1 s=STATE_CONNECTION_ESTABLISHED l=1).mark_down
2024-02-22T00:15:30.188 INFO:teuthology.orchestra.run.smithi052.stdout:/usr/bin/ceph: stderr
2024-02-22T00:15:27.293+0000 7fc79989f700 1 --2- 172.21.15.52:0/558716753 >> [v2:172.21.15.52:3300/0,v1:172.21.15.52:6789/0] conn(0x7fc794104e20 0x7fc794105240 secure :-1 s=READY pgs=45 cs=0 l=1 rev1=1 crypto rx=0x7fc7840098a0 tx=0x7fc784009bb0 comp rx=0 tx=0).stop
2024-02-22T00:15:30.188 INFO:teuthology.orchestra.run.smithi052.stdout:/usr/bin/ceph: stderr
2024-02-22T00:15:27.293+0000 7fc79989f700 1 -- 172.21.15.52:0/558716753 shutdown_connections
2024-02-22T00:15:30.188 INFO:teuthology.orchestra.run.smithi052.stdout:/usr/bin/ceph: stderr
2024-02-22T00:15:27.293+0000 7fc79989f700 1 --2- 172.21.15.52:0/558716753 >> [v2:172.21.15.52:3300/0,v1:172.21.15.52:6789/0] conn(0x7fc794104e20 0x7fc794105240 unknown :-1 s=CLOSED pgs=45 cs=0 l=1 rev1=1 crypto rx=0 tx=0 comp rx=0 tx=0).stop
2024-02-22T00:15:30.188 INFO:teuthology.orchestra.run.smithi052.stdout:/usr/bin/ceph: stderr
2024-02-22T00:15:27.293+0000 7fc79989f700 1 -- 172.21.15.52:0/558716753 >> 172.21.15.52:0/558716753 conn(0x7fc794100a40 msgr2=0x7fc794102e60 unknown :-1 s=STATE_NONE l=0).mark_down
2024-02-22T00:15:30.188 INFO:teuthology.orchestra.run.smithi052.stdout:/usr/bin/ceph: stderr
2024-02-22T00:15:27.293+0000 7fc79989f700 1 -- 172.21.15.52:0/558716753 shutdown_connections
2024-02-22T00:15:30.188 INFO:teuthology.orchestra.run.smithi052.stdout:/usr/bin/ceph: stderr
2024-02-22T00:15:27.293+0000 7fc79989f700 1 -- 172.21.15.52:0/558716753 wait complete.
2024-02-22T00:15:30.188 INFO:teuthology.orchestra.run.smithi052.stdout:/usr/bin/ceph: stderr
2024-02-22T00:15:27.294+0000 7fc79989f700 1 Processor -- start
2024-02-22T00:15:30.188 INFO:teuthology.orchestra.run.smithi052.stdout:/usr/bin/ceph: stderr
2024-02-22T00:15:27.294+0000 7fc79989f700 1 -- start start
2024-02-22T00:15:30.189 INFO:teuthology.orchestra.run.smithi052.stdout:/usr/bin/ceph: stderr
2024-02-22T00:15:27.295+0000 7fc79989f700 1 --2- >> [v2:172.21.15.52:3300/0,v1:172.21.15.52:6789/0] conn(0x7fc794104e20 0x7fc79419c480 unknown :-1 s=NONE pgs=0 cs=0 l=1 rev1=0 crypto rx=0 tx=0 comp rx=0 tx=0).connect
2024-02-22T00:15:30.189 INFO:teuthology.orchestra.run.smithi052.stdout:/usr/bin/ceph: stderr
2024-02-22T00:15:27.295+0000 7fc79989f700 1 -- --> [v2:172.21.15.52:3300/0,v1:172.21.15.52:6789/0] -- mon_getmap magic: 0 v1 -- 0x7fc79419c9c0 con 0x7fc794104e20
2024-02-22T00:15:30.189 INFO:teuthology.orchestra.run.smithi052.stdout:/usr/bin/ceph: stderr
2024-02-22T00:15:27.295+0000 7fc792ffd700 1 --2- >> [v2:172.21.15.52:3300/0,v1:172.21.15.52:6789/0] conn(0x7fc794104e20 0x7fc79419c480 unknown :-1 s=BANNER_CONNECTING pgs=0 cs=0 l=1 rev1=0 crypto rx=0 tx=0 comp rx=0 tx=0)._handle_peer_banner_payload supported=3 required=0
2024-02-22T00:15:30.189 INFO:teuthology.orchestra.run.smithi052.stdout:/usr/bin/ceph: stderr
2024-02-22T00:15:27.295+0000 7fc792ffd700 1 --2- >> [v2:172.21.15.52:3300/0,v1:172.21.15.52:6789/0] conn(0x7fc794104e20 0x7fc79419c480 unknown :-1 s=HELLO_CONNECTING pgs=0 cs=0 l=1 rev1=1 crypto rx=0 tx=0 comp rx=0 tx=0).handle_hello peer v2:172.21.15.52:3300/0 says I am v2:172.21.15.52:34692/0 (socket says 172.21.15.52:34692)
2024-02-22T00:15:30.189 INFO:teuthology.orchestra.run.smithi052.stdout:/usr/bin/ceph: stderr
2024-02-22T00:15:27.295+0000 7fc792ffd700 1 -- 172.21.15.52:0/2851581529 learned_addr learned my addr 172.21.15.52:0/2851581529 (peer_addr_for_me v2:172.21.15.52:0/0)
2024-02-22T00:15:30.189 INFO:teuthology.orchestra.run.smithi052.stdout:/usr/bin/ceph: stderr
2024-02-22T00:15:27.295+0000 7fc792ffd700 1 -- 172.21.15.52:0/2851581529 --> [v2:172.21.15.52:3300/0,v1:172.21.15.52:6789/0] -- mon_subscribe({config=0+,monmap=0+}) v3 -- 0x7fc784009550 con 0x7fc794104e20
2024-02-22T00:15:30.189 INFO:teuthology.orchestra.run.smithi052.stdout:/usr/bin/ceph: stderr
2024-02-22T00:15:27.295+0000 7fc792ffd700 1 --2- 172.21.15.52:0/2851581529 >> [v2:172.21.15.52:3300/0,v1:172.21.15.52:6789/0] conn(0x7fc794104e20 0x7fc79419c480 secure :-1 s=READY pgs=46 cs=0 l=1 rev1=1 crypto rx=0x7fc784009130 tx=0x7fc784011ad0 comp rx=0 tx=0).ready entity=mon.0 client_cookie=0 server_cookie=0 in_seq=0 out_seq=0
2024-02-22T00:15:30.189 INFO:teuthology.orchestra.run.smithi052.stdout:/usr/bin/ceph: stderr
2024-02-22T00:15:27.295+0000 7fc79889d700 1 -- 172.21.15.52:0/2851581529 <== mon.0 v2:172.21.15.52:3300/0 1 ==== mon_map magic: 0 v1 ==== 205+0+0 (secure 0 0 0) 0x7fc7840038b0 con 0x7fc794104e20
2024-02-22T00:15:30.189 INFO:teuthology.orchestra.run.smithi052.stdout:/usr/bin/ceph: stderr
2024-02-22T00:15:27.296+0000 7fc79989f700 1 -- 172.21.15.52:0/2851581529 --> [v2:172.21.15.52:3300/0,v1:172.21.15.52:6789/0] -- mon_subscribe({mgrmap=0+}) v3 -- 0x7fc79419cbc0 con 0x7fc794104e20
2024-02-22T00:15:30.189 INFO:teuthology.orchestra.run.smithi052.stdout:/usr/bin/ceph: stderr
2024-02-22T00:15:27.296+0000 7fc79889d700 1 -- 172.21.15.52:0/2851581529 <== mon.0 v2:172.21.15.52:3300/0 2 ==== config(26 keys) v1 ==== 1074+0+0 (secure 0 0 0) 0x7fc784003a10 con 0x7fc794104e20
2024-02-22T00:15:30.189 INFO:teuthology.orchestra.run.smithi052.stdout:/usr/bin/ceph: stderr
2024-02-22T00:15:27.296+0000 7fc79889d700 1 -- 172.21.15.52:0/2851581529 <== mon.0 v2:172.21.15.52:3300/0 3 ==== mon_map magic: 0 v1 ==== 205+0+0 (secure 0 0 0) 0x7fc784019550 con 0x7fc794104e20
2024-02-22T00:15:30.189 INFO:teuthology.orchestra.run.smithi052.stdout:/usr/bin/ceph: stderr
2024-02-22T00:15:27.296+0000 7fc79989f700 1 -- 172.21.15.52:0/2851581529 --> [v2:172.21.15.52:3300/0,v1:172.21.15.52:6789/0] -- mon_subscribe({osdmap=0}) v3 -- 0x7fc79419d060 con 0x7fc794104e20
2024-02-22T00:15:30.189 INFO:teuthology.orchestra.run.smithi052.stdout:/usr/bin/ceph: stderr
2024-02-22T00:15:27.296+0000 7fc79889d700 1 -- 172.21.15.52:0/2851581529 <== mon.0 v2:172.21.15.52:3300/0 4 ==== mgrmap(e 8) v1 ==== 45537+0+0 (secure 0 0 0) 0x7fc78401a430 con 0x7fc794104e20
2024-02-22T00:15:30.189 INFO:teuthology.orchestra.run.smithi052.stdout:/usr/bin/ceph: stderr
2024-02-22T00:15:27.297+0000 7fc79889d700 1 --2- 172.21.15.52:0/2851581529 >> [v2:172.21.15.52:6800/128288418,v1:172.21.15.52:6801/128288418] conn(0x7fc780038690 0x7fc78003ab50 unknown :-1 s=NONE pgs=0 cs=0 l=1 rev1=0 crypto rx=0 tx=0 comp rx=0 tx=0).connect
2024-02-22T00:15:30.190 INFO:teuthology.orchestra.run.smithi052.stdout:/usr/bin/ceph: stderr
2024-02-22T00:15:27.297+0000 7fc79889d700 1 -- 172.21.15.52:0/2851581529 <== mon.0 v2:172.21.15.52:3300/0 5 ==== osd_map(2..2 src has 1..2) v4 ==== 940+0+0 (secure 0 0 0) 0x7fc78404c880 con 0x7fc794104e20
2024-02-22T00:15:30.190 INFO:teuthology.orchestra.run.smithi052.stdout:/usr/bin/ceph: stderr
2024-02-22T00:15:27.297+0000 7fc78a7fc700 1 --2- 172.21.15.52:0/2851581529 >> [v2:172.21.15.52:6800/128288418,v1:172.21.15.52:6801/128288418] conn(0x7fc780038690 0x7fc78003ab50 unknown :-1 s=BANNER_CONNECTING pgs=0 cs=0 l=1 rev1=0 crypto rx=0 tx=0 comp rx=0 tx=0)._handle_peer_banner_payload supported=3 required=0
2024-02-22T00:15:30.190 INFO:teuthology.orchestra.run.smithi052.stdout:/usr/bin/ceph: stderr
2024-02-22T00:15:27.297+0000 7fc79989f700 1 -- 172.21.15.52:0/2851581529 --> [v2:172.21.15.52:3300/0,v1:172.21.15.52:6789/0] -- mon_command({"prefix": "get_command_descriptions"} v 0) v1 -- 0x7fc7941961f0 con 0x7fc794104e20
2024-02-22T00:15:30.190 INFO:teuthology.orchestra.run.smithi052.stdout:/usr/bin/ceph: stderr
2024-02-22T00:15:27.297+0000 7fc78a7fc700 1 --2- 172.21.15.52:0/2851581529 >> [v2:172.21.15.52:6800/128288418,v1:172.21.15.52:6801/128288418] conn(0x7fc780038690 0x7fc78003ab50 secure :-1 s=READY pgs=11 cs=0 l=1 rev1=1 crypto rx=0x7fc77c006fd0 tx=0x7fc77c006e40 comp rx=0 tx=0).ready entity=mgr.14120 client_cookie=0 server_cookie=0 in_seq=0 out_seq=0
2024-02-22T00:15:30.190 INFO:teuthology.orchestra.run.smithi052.stdout:/usr/bin/ceph: stderr
2024-02-22T00:15:27.302+0000 7fc79889d700 1 -- 172.21.15.52:0/2851581529 <== mon.0 v2:172.21.15.52:3300/0 6 ==== mon_command_ack([{"prefix": "get_command_descriptions"}]=0 v0) v1 ==== 72+0+182595 (secure 0 0 0) 0x7fc78401a730 con 0x7fc794104e20
2024-02-22T00:15:30.190 INFO:teuthology.orchestra.run.smithi052.stdout:/usr/bin/ceph: stderr
2024-02-22T00:15:27.520+0000 7fc79989f700 1 -- 172.21.15.52:0/2851581529 --> [v2:172.21.15.52:6800/128288418,v1:172.21.15.52:6801/128288418] -- mgr_command(tid 0: {"prefix": "orch host add", "hostname": "smithi052", "addr": "172.21.15.52", "target": ["mon-mgr", ""]}) v1 -- 0x7fc7940611b0 con 0x7fc780038690
2024-02-22T00:15:30.190 INFO:teuthology.orchestra.run.smithi052.stdout:/usr/bin/ceph: stderr
2024-02-22T00:15:29.875+0000 7fc79889d700 1 -- 172.21.15.52:0/2851581529 <== mgr.14120 v2:172.21.15.52:6800/128288418 1 ==== mgr_command_reply(tid 0: 0 ) v1 ==== 8+0+48 (secure 0 0 0) 0x7fc7940611b0 con 0x7fc780038690
2024-02-22T00:15:30.190 INFO:teuthology.orchestra.run.smithi052.stdout:/usr/bin/ceph: stderr
2024-02-22T00:15:29.878+0000 7fc79989f700 1 -- 172.21.15.52:0/2851581529 >> [v2:172.21.15.52:6800/128288418,v1:172.21.15.52:6801/128288418] conn(0x7fc780038690 msgr2=0x7fc78003ab50 secure :-1 s=STATE_CONNECTION_ESTABLISHED l=1).mark_down
2024-02-22T00:15:30.190 INFO:teuthology.orchestra.run.smithi052.stdout:/usr/bin/ceph: stderr
2024-02-22T00:15:29.878+0000 7fc79989f700 1 --2- 172.21.15.52:0/2851581529 >> [v2:172.21.15.52:6800/128288418,v1:172.21.15.52:6801/128288418] conn(0x7fc780038690 0x7fc78003ab50 secure :-1 s=READY pgs=11 cs=0 l=1 rev1=1 crypto rx=0x7fc77c006fd0 tx=0x7fc77c006e40 comp rx=0 tx=0).stop
2024-02-22T00:15:30.190 INFO:teuthology.orchestra.run.smithi052.stdout:/usr/bin/ceph: stderr
2024-02-22T00:15:29.878+0000 7fc79989f700 1 -- 172.21.15.52:0/2851581529 >> [v2:172.21.15.52:3300/0,v1:172.21.15.52:6789/0] conn(0x7fc794104e20 msgr2=0x7fc79419c480 secure :-1 s=STATE_CONNECTION_ESTABLISHED l=1).mark_down
2024-02-22T00:15:30.190 INFO:teuthology.orchestra.run.smithi052.stdout:/usr/bin/ceph: stderr
2024-02-22T00:15:29.878+0000 7fc79989f700 1 --2- 172.21.15.52:0/2851581529 >> [v2:172.21.15.52:3300/0,v1:172.21.15.52:6789/0] conn(0x7fc794104e20 0x7fc79419c480 secure :-1 s=READY pgs=46 cs=0 l=1 rev1=1 crypto rx=0x7fc784009130 tx=0x7fc784011ad0 comp rx=0 tx=0).stop
2024-02-22T00:15:30.190 INFO:teuthology.orchestra.run.smithi052.stdout:/usr/bin/ceph: stderr
2024-02-22T00:15:29.878+0000 7fc79989f700 1 -- 172.21.15.52:0/2851581529 shutdown_connections
2024-02-22T00:15:30.190 INFO:teuthology.orchestra.run.smithi052.stdout:/usr/bin/ceph: stderr
2024-02-22T00:15:29.878+0000 7fc79989f700 1 --2- 172.21.15.52:0/2851581529 >> [v2:172.21.15.52:6800/128288418,v1:172.21.15.52:6801/128288418] conn(0x7fc780038690 0x7fc78003ab50 unknown :-1 s=CLOSED pgs=11 cs=0 l=1 rev1=1 crypto rx=0 tx=0 comp rx=0 tx=0).stop
2024-02-22T00:15:30.191 INFO:teuthology.orchestra.run.smithi052.stdout:/usr/bin/ceph: stderr
2024-02-22T00:15:29.878+0000 7fc79989f700 1 --2- 172.21.15.52:0/2851581529 >> [v2:172.21.15.52:3300/0,v1:172.21.15.52:6789/0] conn(0x7fc794104e20 0x7fc79419c480 unknown :-1 s=CLOSED pgs=46 cs=0 l=1 rev1=1 crypto rx=0 tx=0 comp rx=0 tx=0).stop
2024-02-22T00:15:30.191 INFO:teuthology.orchestra.run.smithi052.stdout:/usr/bin/ceph: stderr
2024-02-22T00:15:29.878+0000 7fc79989f700 1 -- 172.21.15.52:0/2851581529 >> 172.21.15.52:0/2851581529 conn(0x7fc794100a40 msgr2=0x7fc794193330 unknown :-1 s=STATE_NONE l=0).mark_down
2024-02-22T00:15:30.191 INFO:teuthology.orchestra.run.smithi052.stdout:/usr/bin/ceph: stderr
2024-02-22T00:15:29.878+0000 7fc79989f700 1 -- 172.21.15.52:0/2851581529 shutdown_connections
2024-02-22T00:15:30.191 INFO:teuthology.orchestra.run.smithi052.stdout:/usr/bin/ceph: stderr
2024-02-22T00:15:29.878+0000 7fc79989f700 1 -- 172.21.15.52:0/2851581529 wait complete.
2024-02-22T00:15:30.191 INFO:teuthology.orchestra.run.smithi052.stdout:Deploying unmanaged mon service...
2024-02-22T00:15:31.195 INFO:journalctl@ceph.mon.a.smithi052.stdout:Feb 22 00:15:30 smithi052 ceph-mon[43442]: from='mgr.14120 172.21.15.52:0/3753675757' entity='mgr.x'
2024-02-22T00:15:31.195 INFO:journalctl@ceph.mon.a.smithi052.stdout:Feb 22 00:15:30 smithi052 ceph-mon[43442]: Added host smithi052
2024-02-22T00:15:31.195 INFO:journalctl@ceph.mon.a.smithi052.stdout:Feb 22 00:15:30 smithi052 ceph-mon[43442]: from='mgr.14120 172.21.15.52:0/3753675757' entity='mgr.x' cmd=[{"prefix": "config dump", "format": "json"}]: dispatch
2024-02-22T00:15:31.245 INFO:teuthology.orchestra.run.smithi052.stdout:/usr/bin/ceph: stdout Scheduled mon update...
2024-02-22T00:15:31.246 INFO:teuthology.orchestra.run.smithi052.stdout:/usr/bin/ceph: stderr
2024-02-22T00:15:30.664+0000 7f7debe79700 1 Processor -- start
2024-02-22T00:15:31.246 INFO:teuthology.orchestra.run.smithi052.stdout:/usr/bin/ceph: stderr
2024-02-22T00:15:30.664+0000 7f7debe79700 1 -- start start
2024-02-22T00:15:31.246 INFO:teuthology.orchestra.run.smithi052.stdout:/usr/bin/ceph: stderr
2024-02-22T00:15:30.665+0000 7f7debe79700 1 --2- >> [v2:172.21.15.52:3300/0,v1:172.21.15.52:6789/0] conn(0x7f7de4105440 0x7f7de4105860 unknown :-1 s=NONE pgs=0 cs=0 l=0 rev1=0 crypto rx=0 tx=0 comp rx=0 tx=0).connect
2024-02-22T00:15:31.246 INFO:teuthology.orchestra.run.smithi052.stdout:/usr/bin/ceph: stderr
2024-02-22T00:15:30.665+0000 7f7debe79700 1 -- --> [v2:172.21.15.52:3300/0,v1:172.21.15.52:6789/0] -- mon_getmap magic: 0 v1 -- 0x7f7de4105e30 con 0x7f7de4105440
2024-02-22T00:15:31.246 INFO:teuthology.orchestra.run.smithi052.stdout:/usr/bin/ceph: stderr
2024-02-22T00:15:30.665+0000 7f7de9c15700 1 --2- >> [v2:172.21.15.52:3300/0,v1:172.21.15.52:6789/0] conn(0x7f7de4105440 0x7f7de4105860 unknown :-1 s=BANNER_CONNECTING pgs=0 cs=0 l=0 rev1=0 crypto rx=0 tx=0 comp rx=0 tx=0)._handle_peer_banner_payload supported=3 required=0
2024-02-22T00:15:31.246 INFO:teuthology.orchestra.run.smithi052.stdout:/usr/bin/ceph: stderr
2024-02-22T00:15:30.665+0000 7f7de9c15700 1 --2- >> [v2:172.21.15.52:3300/0,v1:172.21.15.52:6789/0] conn(0x7f7de4105440 0x7f7de4105860 unknown :-1 s=HELLO_CONNECTING pgs=0 cs=0 l=0 rev1=1 crypto rx=0 tx=0 comp rx=0 tx=0).handle_hello peer v2:172.21.15.52:3300/0 says I am v2:172.21.15.52:34702/0 (socket says 172.21.15.52:34702)
2024-02-22T00:15:31.246 INFO:teuthology.orchestra.run.smithi052.stdout:/usr/bin/ceph: stderr
2024-02-22T00:15:30.665+0000 7f7de9c15700 1 -- 172.21.15.52:0/1846138618 learned_addr learned my addr 172.21.15.52:0/1846138618 (peer_addr_for_me v2:172.21.15.52:0/0)
2024-02-22T00:15:31.246 INFO:teuthology.orchestra.run.smithi052.stdout:/usr/bin/ceph: stderr
2024-02-22T00:15:30.665+0000 7f7de9c15700 1 -- 172.21.15.52:0/1846138618 --> [v2:172.21.15.52:3300/0,v1:172.21.15.52:6789/0] -- mon_subscribe({config=0+,monmap=0+}) v3 -- 0x7f7de4106640 con 0x7f7de4105440
2024-02-22T00:15:31.246 INFO:teuthology.orchestra.run.smithi052.stdout:/usr/bin/ceph: stderr
2024-02-22T00:15:30.665+0000 7f7de9c15700 1 --2- 172.21.15.52:0/1846138618 >> [v2:172.21.15.52:3300/0,v1:172.21.15.52:6789/0] conn(0x7f7de4105440 0x7f7de4105860 secure :-1 s=READY pgs=47 cs=0 l=1 rev1=1 crypto rx=0x7f7de0009e80 tx=0x7f7de000b330 comp rx=0 tx=0).ready entity=mon.0 client_cookie=32b66052fc03084f server_cookie=0 in_seq=0 out_seq=0
2024-02-22T00:15:31.246 INFO:teuthology.orchestra.run.smithi052.stdout:/usr/bin/ceph: stderr
2024-02-22T00:15:30.665+0000 7f7de8c13700 1 -- 172.21.15.52:0/1846138618 <== mon.0 v2:172.21.15.52:3300/0 1 ==== mon_map magic: 0 v1 ==== 205+0+0 (secure 0 0 0) 0x7f7de000e070 con 0x7f7de4105440
2024-02-22T00:15:31.246 INFO:teuthology.orchestra.run.smithi052.stdout:/usr/bin/ceph: stderr
2024-02-22T00:15:30.666+0000 7f7de8c13700 1 -- 172.21.15.52:0/1846138618 <== mon.0 v2:172.21.15.52:3300/0 2 ==== config(26 keys) v1 ==== 1074+0+0 (secure 0 0 0) 0x7f7de000b8c0 con 0x7f7de4105440
2024-02-22T00:15:31.246 INFO:teuthology.orchestra.run.smithi052.stdout:/usr/bin/ceph: stderr
2024-02-22T00:15:30.666+0000 7f7de8c13700 1 -- 172.21.15.52:0/1846138618 <== mon.0 v2:172.21.15.52:3300/0 3 ==== mon_map magic: 0 v1 ==== 205+0+0 (secure 0 0 0) 0x7f7de00044c0 con 0x7f7de4105440
2024-02-22T00:15:31.247 INFO:teuthology.orchestra.run.smithi052.stdout:/usr/bin/ceph: stderr
2024-02-22T00:15:30.666+0000 7f7debe79700 1 -- 172.21.15.52:0/1846138618 >> [v2:172.21.15.52:3300/0,v1:172.21.15.52:6789/0] conn(0x7f7de4105440 msgr2=0x7f7de4105860 secure :-1 s=STATE_CONNECTION_ESTABLISHED l=1).mark_down
2024-02-22T00:15:31.247 INFO:teuthology.orchestra.run.smithi052.stdout:/usr/bin/ceph: stderr
2024-02-22T00:15:30.666+0000 7f7debe79700 1 --2- 172.21.15.52:0/1846138618 >> [v2:172.21.15.52:3300/0,v1:172.21.15.52:6789/0] conn(0x7f7de4105440 0x7f7de4105860 secure :-1 s=READY pgs=47 cs=0 l=1 rev1=1 crypto rx=0x7f7de0009e80 tx=0x7f7de000b330 comp rx=0 tx=0).stop
2024-02-22T00:15:31.247 INFO:teuthology.orchestra.run.smithi052.stdout:/usr/bin/ceph: stderr
2024-02-22T00:15:30.666+0000 7f7debe79700 1 -- 172.21.15.52:0/1846138618 shutdown_connections
2024-02-22T00:15:31.247 INFO:teuthology.orchestra.run.smithi052.stdout:/usr/bin/ceph: stderr
2024-02-22T00:15:30.666+0000 7f7debe79700 1 --2- 172.21.15.52:0/1846138618 >> [v2:172.21.15.52:3300/0,v1:172.21.15.52:6789/0] conn(0x7f7de4105440 0x7f7de4105860 unknown :-1 s=CLOSED pgs=47 cs=0 l=1 rev1=1 crypto rx=0 tx=0 comp rx=0 tx=0).stop
2024-02-22T00:15:31.247 INFO:teuthology.orchestra.run.smithi052.stdout:/usr/bin/ceph: stderr
2024-02-22T00:15:30.666+0000 7f7debe79700 1 -- 172.21.15.52:0/1846138618 >> 172.21.15.52:0/1846138618 conn(0x7f7de4100a40 msgr2=0x7f7de4102e60 unknown :-1 s=STATE_NONE l=0).mark_down
2024-02-22T00:15:31.247 INFO:teuthology.orchestra.run.smithi052.stdout:/usr/bin/ceph: stderr
2024-02-22T00:15:30.666+0000 7f7debe79700 1 -- 172.21.15.52:0/1846138618 shutdown_connections
2024-02-22T00:15:31.247 INFO:teuthology.orchestra.run.smithi052.stdout:/usr/bin/ceph: stderr
2024-02-22T00:15:30.666+0000 7f7debe79700 1 -- 172.21.15.52:0/1846138618 wait complete.
2024-02-22T00:15:31.247 INFO:teuthology.orchestra.run.smithi052.stdout:/usr/bin/ceph: stderr
2024-02-22T00:15:30.667+0000 7f7debe79700 1 Processor -- start
2024-02-22T00:15:31.247 INFO:teuthology.orchestra.run.smithi052.stdout:/usr/bin/ceph: stderr
2024-02-22T00:15:30.667+0000 7f7debe79700 1 -- start start
2024-02-22T00:15:31.247 INFO:teuthology.orchestra.run.smithi052.stdout:/usr/bin/ceph: stderr
2024-02-22T00:15:30.667+0000 7f7debe79700 1 --2- >> [v2:172.21.15.52:3300/0,v1:172.21.15.52:6789/0] conn(0x7f7de4105440 0x7f7de4079a20 unknown :-1 s=NONE pgs=0 cs=0 l=1 rev1=0 crypto rx=0 tx=0 comp rx=0 tx=0).connect
2024-02-22T00:15:31.247 INFO:teuthology.orchestra.run.smithi052.stdout:/usr/bin/ceph: stderr
2024-02-22T00:15:30.667+0000 7f7debe79700 1 -- --> [v2:172.21.15.52:3300/0,v1:172.21.15.52:6789/0] -- mon_getmap magic: 0 v1 -- 0x7f7de4079f60 con 0x7f7de4105440
2024-02-22T00:15:31.247 INFO:teuthology.orchestra.run.smithi052.stdout:/usr/bin/ceph: stderr
2024-02-22T00:15:30.667+0000 7f7de9c15700 1 --2- >> [v2:172.21.15.52:3300/0,v1:172.21.15.52:6789/0] conn(0x7f7de4105440 0x7f7de4079a20 unknown :-1 s=BANNER_CONNECTING pgs=0 cs=0 l=1 rev1=0 crypto rx=0 tx=0 comp rx=0 tx=0)._handle_peer_banner_payload supported=3 required=0
2024-02-22T00:15:31.247 INFO:teuthology.orchestra.run.smithi052.stdout:/usr/bin/ceph: stderr
2024-02-22T00:15:30.667+0000 7f7de9c15700 1 --2- >> [v2:172.21.15.52:3300/0,v1:172.21.15.52:6789/0] conn(0x7f7de4105440 0x7f7de4079a20 unknown :-1 s=HELLO_CONNECTING pgs=0 cs=0 l=1 rev1=1 crypto rx=0 tx=0 comp rx=0 tx=0).handle_hello peer v2:172.21.15.52:3300/0 says I am v2:172.21.15.52:34718/0 (socket says 172.21.15.52:34718)
2024-02-22T00:15:31.247 INFO:teuthology.orchestra.run.smithi052.stdout:/usr/bin/ceph: stderr
2024-02-22T00:15:30.667+0000 7f7de9c15700 1 -- 172.21.15.52:0/419138474 learned_addr learned my addr 172.21.15.52:0/419138474 (peer_addr_for_me v2:172.21.15.52:0/0)
2024-02-22T00:15:31.248 INFO:teuthology.orchestra.run.smithi052.stdout:/usr/bin/ceph: stderr
2024-02-22T00:15:30.668+0000 7f7de9c15700 1 -- 172.21.15.52:0/419138474 --> [v2:172.21.15.52:3300/0,v1:172.21.15.52:6789/0] -- mon_subscribe({config=0+,monmap=0+}) v3 -- 0x7f7de0009b30 con 0x7f7de4105440
2024-02-22T00:15:31.248 INFO:teuthology.orchestra.run.smithi052.stdout:/usr/bin/ceph: stderr
2024-02-22T00:15:30.668+0000 7f7de9c15700 1 --2- 172.21.15.52:0/419138474 >> [v2:172.21.15.52:3300/0,v1:172.21.15.52:6789/0] conn(0x7f7de4105440 0x7f7de4079a20 secure :-1 s=READY pgs=48 cs=0 l=1 rev1=1 crypto rx=0x7f7de0004110 tx=0x7f7de0004610 comp rx=0 tx=0).ready entity=mon.0 client_cookie=0 server_cookie=0 in_seq=0 out_seq=0
2024-02-22T00:15:31.248 INFO:teuthology.orchestra.run.smithi052.stdout:/usr/bin/ceph: stderr
2024-02-22T00:15:30.668+0000 7f7ddaffd700 1 -- 172.21.15.52:0/419138474 <== mon.0 v2:172.21.15.52:3300/0 1 ==== mon_map magic: 0 v1 ==== 205+0+0 (secure 0 0 0) 0x7f7de000e040 con 0x7f7de4105440
2024-02-22T00:15:31.248 INFO:teuthology.orchestra.run.smithi052.stdout:/usr/bin/ceph: stderr
2024-02-22T00:15:30.668+0000 7f7ddaffd700 1 -- 172.21.15.52:0/419138474 <== mon.0 v2:172.21.15.52:3300/0 2 ==== config(26 keys) v1 ==== 1074+0+0 (secure 0 0 0) 0x7f7de000bd70 con 0x7f7de4105440
2024-02-22T00:15:31.248 INFO:teuthology.orchestra.run.smithi052.stdout:/usr/bin/ceph: stderr
2024-02-22T00:15:30.668+0000 7f7debe79700 1 -- 172.21.15.52:0/419138474 --> [v2:172.21.15.52:3300/0,v1:172.21.15.52:6789/0] -- mon_subscribe({mgrmap=0+}) v3 -- 0x7f7de419cfc0 con 0x7f7de4105440
2024-02-22T00:15:31.248 INFO:teuthology.orchestra.run.smithi052.stdout:/usr/bin/ceph: stderr
2024-02-22T00:15:30.668+0000 7f7ddaffd700 1 -- 172.21.15.52:0/419138474 <== mon.0 v2:172.21.15.52:3300/0 3 ==== mon_map magic: 0 v1 ==== 205+0+0 (secure 0 0 0) 0x7f7de001c670 con 0x7f7de4105440
2024-02-22T00:15:31.248 INFO:teuthology.orchestra.run.smithi052.stdout:/usr/bin/ceph: stderr
2024-02-22T00:15:30.668+0000 7f7debe79700 1 -- 172.21.15.52:0/419138474 --> [v2:172.21.15.52:3300/0,v1:172.21.15.52:6789/0] -- mon_subscribe({osdmap=0}) v3 -- 0x7f7de419d460 con 0x7f7de4105440
2024-02-22T00:15:31.248 INFO:teuthology.orchestra.run.smithi052.stdout:/usr/bin/ceph: stderr
2024-02-22T00:15:30.669+0000 7f7ddaffd700 1 -- 172.21.15.52:0/419138474 <== mon.0 v2:172.21.15.52:3300/0 4 ==== mgrmap(e 8) v1 ==== 45537+0+0 (secure 0 0 0) 0x7f7de0012430 con 0x7f7de4105440
2024-02-22T00:15:31.248 INFO:teuthology.orchestra.run.smithi052.stdout:/usr/bin/ceph: stderr
2024-02-22T00:15:30.670+0000 7f7ddaffd700 1 --2- 172.21.15.52:0/419138474 >> [v2:172.21.15.52:6800/128288418,v1:172.21.15.52:6801/128288418] conn(0x7f7dd0038750 0x7f7dd003ac10 unknown :-1 s=NONE pgs=0 cs=0 l=1 rev1=0 crypto rx=0 tx=0 comp rx=0 tx=0).connect
2024-02-22T00:15:31.248 INFO:teuthology.orchestra.run.smithi052.stdout:/usr/bin/ceph: stderr
2024-02-22T00:15:30.670+0000 7f7ddaffd700 1 -- 172.21.15.52:0/419138474 <== mon.0 v2:172.21.15.52:3300/0 5 ==== osd_map(2..2 src has 1..2) v4 ==== 940+0+0 (secure 0 0 0) 0x7f7de004c5c0 con 0x7f7de4105440
2024-02-22T00:15:31.248 INFO:teuthology.orchestra.run.smithi052.stdout:/usr/bin/ceph: stderr
2024-02-22T00:15:30.670+0000 7f7debe79700 1 -- 172.21.15.52:0/419138474 --> [v2:172.21.15.52:3300/0,v1:172.21.15.52:6789/0] -- mon_command({"prefix": "get_command_descriptions"} v 0) v1 -- 0x7f7de4109870 con 0x7f7de4105440
2024-02-22T00:15:31.248 INFO:teuthology.orchestra.run.smithi052.stdout:/usr/bin/ceph: stderr
2024-02-22T00:15:30.670+0000 7f7de9414700 1 --2- 172.21.15.52:0/419138474 >> [v2:172.21.15.52:6800/128288418,v1:172.21.15.52:6801/128288418] conn(0x7f7dd0038750 0x7f7dd003ac10 unknown :-1 s=BANNER_CONNECTING pgs=0 cs=0 l=1 rev1=0 crypto rx=0 tx=0 comp rx=0 tx=0)._handle_peer_banner_payload supported=3 required=0
2024-02-22T00:15:31.248 INFO:teuthology.orchestra.run.smithi052.stdout:/usr/bin/ceph: stderr
2024-02-22T00:15:30.670+0000 7f7de9414700 1 --2- 172.21.15.52:0/419138474 >> [v2:172.21.15.52:6800/128288418,v1:172.21.15.52:6801/128288418] conn(0x7f7dd0038750 0x7f7dd003ac10 secure :-1 s=READY pgs=12 cs=0 l=1 rev1=1 crypto rx=0x7f7dd4006fd0 tx=0x7f7dd4006e40 comp rx=0 tx=0).ready entity=mgr.14120 client_cookie=0 server_cookie=0 in_seq=0 out_seq=0
2024-02-22T00:15:31.249 INFO:teuthology.orchestra.run.smithi052.stdout:/usr/bin/ceph: stderr
2024-02-22T00:15:30.675+0000 7f7ddaffd700 1 -- 172.21.15.52:0/419138474 <== mon.0 v2:172.21.15.52:3300/0 6 ==== mon_command_ack([{"prefix": "get_command_descriptions"}]=0 v0) v1 ==== 72+0+182595 (secure 0 0 0) 0x7f7de0017080 con 0x7f7de4105440
2024-02-22T00:15:31.249 INFO:teuthology.orchestra.run.smithi052.stdout:/usr/bin/ceph: stderr
2024-02-22T00:15:30.902+0000 7f7debe79700 1 -- 172.21.15.52:0/419138474 --> [v2:172.21.15.52:6800/128288418,v1:172.21.15.52:6801/128288418] -- mgr_command(tid 0: {"prefix": "orch apply", "service_type": "mon", "unmanaged": true, "target": ["mon-mgr", ""]}) v1 -- 0x7f7de4101cd0 con 0x7f7dd0038750
2024-02-22T00:15:31.249 INFO:teuthology.orchestra.run.smithi052.stdout:/usr/bin/ceph: stderr
2024-02-22T00:15:30.907+0000 7f7ddaffd700 1 -- 172.21.15.52:0/419138474 <== mgr.14120 v2:172.21.15.52:6800/128288418 1 ==== mgr_command_reply(tid 0: 0 ) v1 ==== 8+0+24 (secure 0 0 0) 0x7f7de4101cd0 con 0x7f7dd0038750
2024-02-22T00:15:31.249 INFO:teuthology.orchestra.run.smithi052.stdout:/usr/bin/ceph: stderr
2024-02-22T00:15:30.909+0000 7f7debe79700 1 -- 172.21.15.52:0/419138474 >> [v2:172.21.15.52:6800/128288418,v1:172.21.15.52:6801/128288418] conn(0x7f7dd0038750 msgr2=0x7f7dd003ac10 secure :-1 s=STATE_CONNECTION_ESTABLISHED l=1).mark_down
2024-02-22T00:15:31.249 INFO:teuthology.orchestra.run.smithi052.stdout:/usr/bin/ceph: stderr
2024-02-22T00:15:30.909+0000 7f7debe79700 1 --2- 172.21.15.52:0/419138474 >> [v2:172.21.15.52:6800/128288418,v1:172.21.15.52:6801/128288418] conn(0x7f7dd0038750 0x7f7dd003ac10 secure :-1 s=READY pgs=12 cs=0 l=1 rev1=1 crypto rx=0x7f7dd4006fd0 tx=0x7f7dd4006e40 comp rx=0 tx=0).stop
2024-02-22T00:15:31.249 INFO:teuthology.orchestra.run.smithi052.stdout:/usr/bin/ceph: stderr
2024-02-22T00:15:30.909+0000 7f7debe79700 1 -- 172.21.15.52:0/419138474 >> [v2:172.21.15.52:3300/0,v1:172.21.15.52:6789/0] conn(0x7f7de4105440 msgr2=0x7f7de4079a20 secure :-1 s=STATE_CONNECTION_ESTABLISHED l=1).mark_down
2024-02-22T00:15:31.249 INFO:teuthology.orchestra.run.smithi052.stdout:/usr/bin/ceph: stderr
2024-02-22T00:15:30.909+0000 7f7debe79700 1 --2- 172.21.15.52:0/419138474 >> [v2:172.21.15.52:3300/0,v1:172.21.15.52:6789/0] conn(0x7f7de4105440 0x7f7de4079a20 secure :-1 s=READY pgs=48 cs=0 l=1 rev1=1 crypto rx=0x7f7de0004110 tx=0x7f7de0004610 comp rx=0 tx=0).stop
2024-02-22T00:15:31.249 INFO:teuthology.orchestra.run.smithi052.stdout:/usr/bin/ceph: stderr
2024-02-22T00:15:30.909+0000 7f7debe79700 1 -- 172.21.15.52:0/419138474 shutdown_connections
2024-02-22T00:15:31.249 INFO:teuthology.orchestra.run.smithi052.stdout:/usr/bin/ceph: stderr
2024-02-22T00:15:30.909+0000 7f7debe79700 1 --2- 172.21.15.52:0/419138474 >> [v2:172.21.15.52:6800/128288418,v1:172.21.15.52:6801/128288418] conn(0x7f7dd0038750 0x7f7dd003ac10 unknown :-1 s=CLOSED pgs=12 cs=0 l=1 rev1=1 crypto rx=0 tx=0 comp rx=0 tx=0).stop
2024-02-22T00:15:31.249 INFO:teuthology.orchestra.run.smithi052.stdout:/usr/bin/ceph: stderr
2024-02-22T00:15:30.909+0000 7f7debe79700 1 --2- 172.21.15.52:0/419138474 >> [v2:172.21.15.52:3300/0,v1:172.21.15.52:6789/0] conn(0x7f7de4105440 0x7f7de4079a20 unknown :-1 s=CLOSED pgs=48 cs=0 l=1 rev1=1 crypto rx=0 tx=0 comp rx=0 tx=0).stop
2024-02-22T00:15:31.249 INFO:teuthology.orchestra.run.smithi052.stdout:/usr/bin/ceph: stderr
2024-02-22T00:15:30.909+0000 7f7debe79700 1 -- 172.21.15.52:0/419138474 >> 172.21.15.52:0/419138474 conn(0x7f7de4100a40 msgr2=0x7f7de41015c0 unknown :-1 s=STATE_NONE l=0).mark_down
2024-02-22T00:15:31.249 INFO:teuthology.orchestra.run.smithi052.stdout:/usr/bin/ceph: stderr
2024-02-22T00:15:30.909+0000 7f7debe79700 1 -- 172.21.15.52:0/419138474 shutdown_connections
2024-02-22T00:15:31.249 INFO:teuthology.orchestra.run.smithi052.stdout:/usr/bin/ceph: stderr
2024-02-22T00:15:30.909+0000 7f7debe79700 1 -- 172.21.15.52:0/419138474 wait complete.
2024-02-22T00:15:31.250 INFO:teuthology.orchestra.run.smithi052.stdout:Deploying unmanaged mgr service...
2024-02-22T00:15:32.209 INFO:teuthology.orchestra.run.smithi052.stdout:/usr/bin/ceph: stdout Scheduled mgr update...
2024-02-22T00:15:32.209 INFO:teuthology.orchestra.run.smithi052.stdout:/usr/bin/ceph: stderr
2024-02-22T00:15:31.596+0000 7f984bebb700 1 Processor -- start
2024-02-22T00:15:32.209 INFO:teuthology.orchestra.run.smithi052.stdout:/usr/bin/ceph: stderr
2024-02-22T00:15:31.596+0000 7f984bebb700 1 -- start start
2024-02-22T00:15:32.209 INFO:teuthology.orchestra.run.smithi052.stdout:/usr/bin/ceph: stderr
2024-02-22T00:15:31.596+0000 7f984bebb700 1 --2- >> [v2:172.21.15.52:3300/0,v1:172.21.15.52:6789/0] conn(0x7f9844107140 0x7f9844109530 unknown :-1 s=NONE pgs=0 cs=0 l=0 rev1=0 crypto rx=0 tx=0 comp rx=0 tx=0).connect
2024-02-22T00:15:32.209 INFO:teuthology.orchestra.run.smithi052.stdout:/usr/bin/ceph: stderr
2024-02-22T00:15:31.596+0000 7f984bebb700 1 -- --> [v2:172.21.15.52:3300/0,v1:172.21.15.52:6789/0] -- mon_getmap magic: 0 v1 -- 0x7f9844079df0 con 0x7f9844107140
2024-02-22T00:15:32.209 INFO:teuthology.orchestra.run.smithi052.stdout:/usr/bin/ceph: stderr
2024-02-22T00:15:31.596+0000 7f9849c57700 1 --2- >> [v2:172.21.15.52:3300/0,v1:172.21.15.52:6789/0] conn(0x7f9844107140 0x7f9844109530 unknown :-1 s=BANNER_CONNECTING pgs=0 cs=0 l=0 rev1=0 crypto rx=0 tx=0 comp rx=0 tx=0)._handle_peer_banner_payload supported=3 required=0
2024-02-22T00:15:32.209 INFO:teuthology.orchestra.run.smithi052.stdout:/usr/bin/ceph: stderr
2024-02-22T00:15:31.596+0000 7f9849c57700 1 --2- >> [v2:172.21.15.52:3300/0,v1:172.21.15.52:6789/0] conn(0x7f9844107140 0x7f9844109530 unknown :-1 s=HELLO_CONNECTING pgs=0 cs=0 l=0 rev1=1 crypto rx=0 tx=0 comp rx=0 tx=0).handle_hello peer v2:172.21.15.52:3300/0 says I am v2:172.21.15.52:34724/0 (socket says 172.21.15.52:34724)
2024-02-22T00:15:32.209 INFO:teuthology.orchestra.run.smithi052.stdout:/usr/bin/ceph: stderr
2024-02-22T00:15:31.596+0000 7f9849c57700 1 -- 172.21.15.52:0/1695051347 learned_addr learned my addr 172.21.15.52:0/1695051347 (peer_addr_for_me v2:172.21.15.52:0/0)
2024-02-22T00:15:32.210 INFO:teuthology.orchestra.run.smithi052.stdout:/usr/bin/ceph: stderr
2024-02-22T00:15:31.597+0000 7f9849c57700 1 -- 172.21.15.52:0/1695051347 --> [v2:172.21.15.52:3300/0,v1:172.21.15.52:6789/0] -- mon_subscribe({config=0+,monmap=0+}) v3 -- 0x7f9844079f30 con 0x7f9844107140
2024-02-22T00:15:32.210 INFO:teuthology.orchestra.run.smithi052.stdout:/usr/bin/ceph: stderr
2024-02-22T00:15:31.597+0000 7f9849c57700 1 --2- 172.21.15.52:0/1695051347 >> [v2:172.21.15.52:3300/0,v1:172.21.15.52:6789/0] conn(0x7f9844107140 0x7f9844109530 secure :-1 s=READY pgs=49 cs=0 l=1 rev1=1 crypto rx=0x7f98400098a0 tx=0x7f9840009bb0 comp rx=0 tx=0).ready entity=mon.0 client_cookie=357fcf3addfdd23b server_cookie=0 in_seq=0 out_seq=0
2024-02-22T00:15:32.210 INFO:teuthology.orchestra.run.smithi052.stdout:/usr/bin/ceph: stderr
2024-02-22T00:15:31.597+0000 7f9848c55700 1 -- 172.21.15.52:0/1695051347 <== mon.0 v2:172.21.15.52:3300/0 1 ==== mon_map magic: 0 v1 ==== 205+0+0 (secure 0 0 0) 0x7f9840004160 con 0x7f9844107140
2024-02-22T00:15:32.210 INFO:teuthology.orchestra.run.smithi052.stdout:/usr/bin/ceph: stderr
2024-02-22T00:15:31.597+0000 7f9848c55700 1 -- 172.21.15.52:0/1695051347 <== mon.0 v2:172.21.15.52:3300/0 2 ==== config(26 keys) v1 ==== 1105+0+0 (secure 0 0 0) 0x7f98400042c0 con 0x7f9844107140
2024-02-22T00:15:32.210 INFO:teuthology.orchestra.run.smithi052.stdout:/usr/bin/ceph: stderr
2024-02-22T00:15:31.597+0000 7f9848c55700 1 -- 172.21.15.52:0/1695051347 <== mon.0 v2:172.21.15.52:3300/0 3 ==== mon_map magic: 0 v1 ==== 205+0+0 (secure 0 0 0) 0x7f98400119b0 con 0x7f9844107140
2024-02-22T00:15:32.210 INFO:teuthology.orchestra.run.smithi052.stdout:/usr/bin/ceph: stderr
2024-02-22T00:15:31.598+0000 7f984bebb700 1 -- 172.21.15.52:0/1695051347 >> [v2:172.21.15.52:3300/0,v1:172.21.15.52:6789/0] conn(0x7f9844107140 msgr2=0x7f9844109530 secure :-1 s=STATE_CONNECTION_ESTABLISHED l=1).mark_down
2024-02-22T00:15:32.210 INFO:teuthology.orchestra.run.smithi052.stdout:/usr/bin/ceph: stderr
2024-02-22T00:15:31.598+0000 7f984bebb700 1 --2- 172.21.15.52:0/1695051347 >> [v2:172.21.15.52:3300/0,v1:172.21.15.52:6789/0] conn(0x7f9844107140 0x7f9844109530 secure :-1 s=READY pgs=49 cs=0 l=1 rev1=1 crypto rx=0x7f98400098a0 tx=0x7f9840009bb0 comp rx=0 tx=0).stop
2024-02-22T00:15:32.210 INFO:teuthology.orchestra.run.smithi052.stdout:/usr/bin/ceph: stderr
2024-02-22T00:15:31.598+0000 7f984bebb700 1 -- 172.21.15.52:0/1695051347 shutdown_connections
2024-02-22T00:15:32.210 INFO:teuthology.orchestra.run.smithi052.stdout:/usr/bin/ceph: stderr
2024-02-22T00:15:31.598+0000 7f984bebb700 1 --2- 172.21.15.52:0/1695051347 >> [v2:172.21.15.52:3300/0,v1:172.21.15.52:6789/0] conn(0x7f9844107140 0x7f9844109530 unknown :-1 s=CLOSED pgs=49 cs=0 l=1 rev1=1 crypto rx=0 tx=0 comp rx=0 tx=0).stop
2024-02-22T00:15:32.210 INFO:teuthology.orchestra.run.smithi052.stdout:/usr/bin/ceph: stderr
2024-02-22T00:15:31.598+0000 7f984bebb700 1 -- 172.21.15.52:0/1695051347 >> 172.21.15.52:0/1695051347 conn(0x7f9844100ad0 msgr2=0x7f9844102ef0 unknown :-1 s=STATE_NONE l=0).mark_down
2024-02-22T00:15:32.210 INFO:teuthology.orchestra.run.smithi052.stdout:/usr/bin/ceph: stderr
2024-02-22T00:15:31.598+0000 7f984bebb700 1 -- 172.21.15.52:0/1695051347 shutdown_connections
2024-02-22T00:15:32.210 INFO:teuthology.orchestra.run.smithi052.stdout:/usr/bin/ceph: stderr
2024-02-22T00:15:31.598+0000 7f984bebb700 1 -- 172.21.15.52:0/1695051347 wait complete.
2024-02-22T00:15:32.210 INFO:teuthology.orchestra.run.smithi052.stdout:/usr/bin/ceph: stderr
2024-02-22T00:15:31.599+0000 7f984bebb700 1 Processor -- start
2024-02-22T00:15:32.210 INFO:teuthology.orchestra.run.smithi052.stdout:/usr/bin/ceph: stderr
2024-02-22T00:15:31.599+0000 7f984bebb700 1 -- start start
2024-02-22T00:15:32.211 INFO:teuthology.orchestra.run.smithi052.stdout:/usr/bin/ceph: stderr
2024-02-22T00:15:31.600+0000 7f984bebb700 1 --2- >> [v2:172.21.15.52:3300/0,v1:172.21.15.52:6789/0] conn(0x7f9844107140 0x7f984419a260 unknown :-1 s=NONE pgs=0 cs=0 l=1 rev1=0 crypto rx=0 tx=0 comp rx=0 tx=0).connect
2024-02-22T00:15:32.211 INFO:teuthology.orchestra.run.smithi052.stdout:/usr/bin/ceph: stderr
2024-02-22T00:15:31.600+0000 7f984bebb700 1 -- --> [v2:172.21.15.52:3300/0,v1:172.21.15.52:6789/0] -- mon_getmap magic: 0 v1 -- 0x7f984419a7a0 con 0x7f9844107140
2024-02-22T00:15:32.211 INFO:teuthology.orchestra.run.smithi052.stdout:/usr/bin/ceph: stderr
2024-02-22T00:15:31.600+0000 7f9849c57700 1 --2- >> [v2:172.21.15.52:3300/0,v1:172.21.15.52:6789/0] conn(0x7f9844107140 0x7f984419a260 unknown :-1 s=BANNER_CONNECTING pgs=0 cs=0 l=1 rev1=0 crypto rx=0 tx=0 comp rx=0 tx=0)._handle_peer_banner_payload supported=3 required=0
2024-02-22T00:15:32.211 INFO:teuthology.orchestra.run.smithi052.stdout:/usr/bin/ceph: stderr
2024-02-22T00:15:31.600+0000 7f9849c57700 1 --2- >> [v2:172.21.15.52:3300/0,v1:172.21.15.52:6789/0] conn(0x7f9844107140 0x7f984419a260 unknown :-1 s=HELLO_CONNECTING pgs=0 cs=0 l=1 rev1=1 crypto rx=0 tx=0 comp rx=0 tx=0).handle_hello peer v2:172.21.15.52:3300/0 says I am v2:172.21.15.52:34738/0 (socket says 172.21.15.52:34738)
2024-02-22T00:15:32.211 INFO:teuthology.orchestra.run.smithi052.stdout:/usr/bin/ceph: stderr
2024-02-22T00:15:31.600+0000 7f9849c57700 1 -- 172.21.15.52:0/1928059811 learned_addr learned my addr 172.21.15.52:0/1928059811 (peer_addr_for_me v2:172.21.15.52:0/0)
2024-02-22T00:15:32.211 INFO:teuthology.orchestra.run.smithi052.stdout:/usr/bin/ceph: stderr
2024-02-22T00:15:31.600+0000 7f9849c57700 1 -- 172.21.15.52:0/1928059811 --> [v2:172.21.15.52:3300/0,v1:172.21.15.52:6789/0] -- mon_subscribe({config=0+,monmap=0+}) v3 -- 0x7f9840009550 con 0x7f9844107140
2024-02-22T00:15:32.211 INFO:teuthology.orchestra.run.smithi052.stdout:/usr/bin/ceph: stderr
2024-02-22T00:15:31.600+0000 7f9849c57700 1 --2- 172.21.15.52:0/1928059811 >> [v2:172.21.15.52:3300/0,v1:172.21.15.52:6789/0] conn(0x7f9844107140 0x7f984419a260 secure :-1 s=READY pgs=50 cs=0 l=1 rev1=1 crypto rx=0x7f9840003e60 tx=0x7f9840011a30 comp rx=0 tx=0).ready entity=mon.0 client_cookie=0 server_cookie=0 in_seq=0 out_seq=0
2024-02-22T00:15:32.211 INFO:teuthology.orchestra.run.smithi052.stdout:/usr/bin/ceph: stderr
2024-02-22T00:15:31.600+0000 7f983affd700 1 -- 172.21.15.52:0/1928059811 <== mon.0 v2:172.21.15.52:3300/0 1 ==== mon_map magic: 0 v1 ==== 205+0+0 (secure 0 0 0) 0x7f98400038b0 con 0x7f9844107140
2024-02-22T00:15:32.211 INFO:teuthology.orchestra.run.smithi052.stdout:/usr/bin/ceph: stderr
2024-02-22T00:15:31.600+0000 7f983affd700 1 -- 172.21.15.52:0/1928059811 <== mon.0 v2:172.21.15.52:3300/0 2 ==== config(26 keys) v1 ==== 1105+0+0 (secure 0 0 0) 0x7f9840003a10 con 0x7f9844107140
2024-02-22T00:15:32.211 INFO:teuthology.orchestra.run.smithi052.stdout:/usr/bin/ceph: stderr
2024-02-22T00:15:31.600+0000 7f983affd700 1 -- 172.21.15.52:0/1928059811 <== mon.0 v2:172.21.15.52:3300/0 3 ==== mon_map magic: 0 v1 ==== 205+0+0 (secure 0 0 0) 0x7f9840019530 con 0x7f9844107140
2024-02-22T00:15:32.211 INFO:teuthology.orchestra.run.smithi052.stdout:/usr/bin/ceph: stderr
