2024-02-22T00:15:31.601+0000 7f984bebb700 1 -- 172.21.15.52:0/1928059811 --> [v2:172.21.15.52:3300/0,v1:172.21.15.52:6789/0] -- mon_subscribe({mgrmap=0+}) v3 -- 0x7f984419a9a0 con 0x7f9844107140
2024-02-22T00:15:32.211 INFO:teuthology.orchestra.run.smithi052.stdout:/usr/bin/ceph: stderr
2024-02-22T00:15:31.601+0000 7f984bebb700 1 -- 172.21.15.52:0/1928059811 --> [v2:172.21.15.52:3300/0,v1:172.21.15.52:6789/0] -- mon_subscribe({osdmap=0}) v3 -- 0x7f984419ae40 con 0x7f9844107140
2024-02-22T00:15:32.211 INFO:teuthology.orchestra.run.smithi052.stdout:/usr/bin/ceph: stderr
2024-02-22T00:15:31.602+0000 7f983affd700 1 -- 172.21.15.52:0/1928059811 <== mon.0 v2:172.21.15.52:3300/0 4 ==== mgrmap(e 8) v1 ==== 45537+0+0 (secure 0 0 0) 0x7f984001a980 con 0x7f9844107140
2024-02-22T00:15:32.211 INFO:teuthology.orchestra.run.smithi052.stdout:/usr/bin/ceph: stderr
2024-02-22T00:15:31.602+0000 7f984bebb700 1 -- 172.21.15.52:0/1928059811 --> [v2:172.21.15.52:3300/0,v1:172.21.15.52:6789/0] -- mon_command({"prefix": "get_command_descriptions"} v 0) v1 -- 0x7f984410a7e0 con 0x7f9844107140
2024-02-22T00:15:32.211 INFO:teuthology.orchestra.run.smithi052.stdout:/usr/bin/ceph: stderr
2024-02-22T00:15:31.602+0000 7f983affd700 1 --2- 172.21.15.52:0/1928059811 >> [v2:172.21.15.52:6800/128288418,v1:172.21.15.52:6801/128288418] conn(0x7f98300386b0 0x7f983003ab70 unknown :-1 s=NONE pgs=0 cs=0 l=1 rev1=0 crypto rx=0 tx=0 comp rx=0 tx=0).connect
2024-02-22T00:15:32.212 INFO:teuthology.orchestra.run.smithi052.stdout:/usr/bin/ceph: stderr
2024-02-22T00:15:31.602+0000 7f983affd700 1 -- 172.21.15.52:0/1928059811 <== mon.0 v2:172.21.15.52:3300/0 5 ==== osd_map(2..2 src has 1..2) v4 ==== 940+0+0 (secure 0 0 0) 0x7f984004c830 con 0x7f9844107140
2024-02-22T00:15:32.212 INFO:teuthology.orchestra.run.smithi052.stdout:/usr/bin/ceph: stderr
2024-02-22T00:15:31.602+0000 7f9849456700 1 --2- 172.21.15.52:0/1928059811 >> [v2:172.21.15.52:6800/128288418,v1:172.21.15.52:6801/128288418] conn(0x7f98300386b0 0x7f983003ab70 unknown :-1 s=BANNER_CONNECTING pgs=0 cs=0 l=1 rev1=0 crypto rx=0 tx=0 comp rx=0 tx=0)._handle_peer_banner_payload supported=3 required=0
2024-02-22T00:15:32.212 INFO:teuthology.orchestra.run.smithi052.stdout:/usr/bin/ceph: stderr
2024-02-22T00:15:31.603+0000 7f9849456700 1 --2- 172.21.15.52:0/1928059811 >> [v2:172.21.15.52:6800/128288418,v1:172.21.15.52:6801/128288418] conn(0x7f98300386b0 0x7f983003ab70 secure :-1 s=READY pgs=13 cs=0 l=1 rev1=1 crypto rx=0x7f9834006fd0 tx=0x7f9834006e40 comp rx=0 tx=0).ready entity=mgr.14120 client_cookie=0 server_cookie=0 in_seq=0 out_seq=0
2024-02-22T00:15:32.212 INFO:teuthology.orchestra.run.smithi052.stdout:/usr/bin/ceph: stderr
2024-02-22T00:15:31.607+0000 7f983affd700 1 -- 172.21.15.52:0/1928059811 <== mon.0 v2:172.21.15.52:3300/0 6 ==== mon_command_ack([{"prefix": "get_command_descriptions"}]=0 v0) v1 ==== 72+0+182595 (secure 0 0 0) 0x7f9840003b80 con 0x7f9844107140
2024-02-22T00:15:32.212 INFO:journalctl@ceph.mon.a.smithi052.stdout:Feb 22 00:15:31 smithi052 ceph-mon[43442]: from='client.14142 -' entity='client.admin' cmd=[{"prefix": "orch apply", "service_type": "mon", "unmanaged": true, "target": ["mon-mgr", ""]}]: dispatch
2024-02-22T00:15:32.212 INFO:journalctl@ceph.mon.a.smithi052.stdout:Feb 22 00:15:31 smithi052 ceph-mon[43442]: Saving service mon spec with placement count:5
2024-02-22T00:15:32.212 INFO:journalctl@ceph.mon.a.smithi052.stdout:Feb 22 00:15:31 smithi052 ceph-mon[43442]: from='mgr.14120 172.21.15.52:0/3753675757' entity='mgr.x'
2024-02-22T00:15:32.212 INFO:journalctl@ceph.mon.a.smithi052.stdout:Feb 22 00:15:31 smithi052 ceph-mon[43442]: from='mgr.14120 172.21.15.52:0/3753675757' entity='mgr.x'
2024-02-22T00:15:32.212 INFO:journalctl@ceph.mon.a.smithi052.stdout:Feb 22 00:15:31 smithi052 ceph-mon[43442]: from='mgr.14120 172.21.15.52:0/3753675757' entity='mgr.x'
2024-02-22T00:15:32.212 INFO:journalctl@ceph.mon.a.smithi052.stdout:Feb 22 00:15:31 smithi052 ceph-mon[43442]: from='client.14144 -' entity='client.admin' cmd=[{"prefix": "orch apply", "service_type": "mgr", "unmanaged": true, "target": ["mon-mgr", ""]}]: dispatch
2024-02-22T00:15:32.212 INFO:journalctl@ceph.mon.a.smithi052.stdout:Feb 22 00:15:31 smithi052 ceph-mon[43442]: Saving service mgr spec with placement count:2
2024-02-22T00:15:32.213 INFO:journalctl@ceph.mon.a.smithi052.stdout:Feb 22 00:15:31 smithi052 ceph-mon[43442]: from='mgr.14120 172.21.15.52:0/3753675757' entity='mgr.x'
2024-02-22T00:15:32.213 INFO:teuthology.orchestra.run.smithi052.stdout:/usr/bin/ceph: stderr
2024-02-22T00:15:31.840+0000 7f984bebb700 1 -- 172.21.15.52:0/1928059811 --> [v2:172.21.15.52:6800/128288418,v1:172.21.15.52:6801/128288418] -- mgr_command(tid 0: {"prefix": "orch apply", "service_type": "mgr", "unmanaged": true, "target": ["mon-mgr", ""]}) v1 -- 0x7f9844101d60 con 0x7f98300386b0
2024-02-22T00:15:32.213 INFO:teuthology.orchestra.run.smithi052.stdout:/usr/bin/ceph: stderr
2024-02-22T00:15:31.845+0000 7f983affd700 1 -- 172.21.15.52:0/1928059811 <== mgr.14120 v2:172.21.15.52:6800/128288418 1 ==== mgr_command_reply(tid 0: 0 ) v1 ==== 8+0+24 (secure 0 0 0) 0x7f9844101d60 con 0x7f98300386b0
2024-02-22T00:15:32.213 INFO:teuthology.orchestra.run.smithi052.stdout:/usr/bin/ceph: stderr
2024-02-22T00:15:31.847+0000 7f984bebb700 1 -- 172.21.15.52:0/1928059811 >> [v2:172.21.15.52:6800/128288418,v1:172.21.15.52:6801/128288418] conn(0x7f98300386b0 msgr2=0x7f983003ab70 secure :-1 s=STATE_CONNECTION_ESTABLISHED l=1).mark_down
2024-02-22T00:15:32.213 INFO:teuthology.orchestra.run.smithi052.stdout:/usr/bin/ceph: stderr
2024-02-22T00:15:31.847+0000 7f984bebb700 1 --2- 172.21.15.52:0/1928059811 >> [v2:172.21.15.52:6800/128288418,v1:172.21.15.52:6801/128288418] conn(0x7f98300386b0 0x7f983003ab70 secure :-1 s=READY pgs=13 cs=0 l=1 rev1=1 crypto rx=0x7f9834006fd0 tx=0x7f9834006e40 comp rx=0 tx=0).stop
2024-02-22T00:15:32.213 INFO:teuthology.orchestra.run.smithi052.stdout:/usr/bin/ceph: stderr
2024-02-22T00:15:31.847+0000 7f984bebb700 1 -- 172.21.15.52:0/1928059811 >> [v2:172.21.15.52:3300/0,v1:172.21.15.52:6789/0] conn(0x7f9844107140 msgr2=0x7f984419a260 secure :-1 s=STATE_CONNECTION_ESTABLISHED l=1).mark_down
2024-02-22T00:15:32.213 INFO:teuthology.orchestra.run.smithi052.stdout:/usr/bin/ceph: stderr
2024-02-22T00:15:31.847+0000 7f984bebb700 1 --2- 172.21.15.52:0/1928059811 >> [v2:172.21.15.52:3300/0,v1:172.21.15.52:6789/0] conn(0x7f9844107140 0x7f984419a260 secure :-1 s=READY pgs=50 cs=0 l=1 rev1=1 crypto rx=0x7f9840003e60 tx=0x7f9840011a30 comp rx=0 tx=0).stop
2024-02-22T00:15:32.213 INFO:teuthology.orchestra.run.smithi052.stdout:/usr/bin/ceph: stderr
2024-02-22T00:15:31.848+0000 7f984bebb700 1 -- 172.21.15.52:0/1928059811 shutdown_connections
2024-02-22T00:15:32.213 INFO:teuthology.orchestra.run.smithi052.stdout:/usr/bin/ceph: stderr
2024-02-22T00:15:31.848+0000 7f984bebb700 1 --2- 172.21.15.52:0/1928059811 >> [v2:172.21.15.52:6800/128288418,v1:172.21.15.52:6801/128288418] conn(0x7f98300386b0 0x7f983003ab70 unknown :-1 s=CLOSED pgs=13 cs=0 l=1 rev1=1 crypto rx=0 tx=0 comp rx=0 tx=0).stop
2024-02-22T00:15:32.213 INFO:teuthology.orchestra.run.smithi052.stdout:/usr/bin/ceph: stderr
2024-02-22T00:15:31.848+0000 7f984bebb700 1 --2- 172.21.15.52:0/1928059811 >> [v2:172.21.15.52:3300/0,v1:172.21.15.52:6789/0] conn(0x7f9844107140 0x7f984419a260 unknown :-1 s=CLOSED pgs=50 cs=0 l=1 rev1=1 crypto rx=0 tx=0 comp rx=0 tx=0).stop
2024-02-22T00:15:32.213 INFO:teuthology.orchestra.run.smithi052.stdout:/usr/bin/ceph: stderr
2024-02-22T00:15:31.848+0000 7f984bebb700 1 -- 172.21.15.52:0/1928059811 >> 172.21.15.52:0/1928059811 conn(0x7f9844100ad0 msgr2=0x7f9844101650 unknown :-1 s=STATE_NONE l=0).mark_down
2024-02-22T00:15:32.214 INFO:teuthology.orchestra.run.smithi052.stdout:/usr/bin/ceph: stderr
2024-02-22T00:15:31.848+0000 7f984bebb700 1 -- 172.21.15.52:0/1928059811 shutdown_connections
2024-02-22T00:15:32.214 INFO:teuthology.orchestra.run.smithi052.stdout:/usr/bin/ceph: stderr
2024-02-22T00:15:31.848+0000 7f984bebb700 1 -- 172.21.15.52:0/1928059811 wait complete.
2024-02-22T00:15:33.141 INFO:journalctl@ceph.mon.a.smithi052.stdout:Feb 22 00:15:33 smithi052 ceph-mon[43442]: from='mgr.14120 172.21.15.52:0/3753675757' entity='mgr.x'
2024-02-22T00:15:33.142 INFO:journalctl@ceph.mon.a.smithi052.stdout:Feb 22 00:15:33 smithi052 ceph-mon[43442]: from='client.? 172.21.15.52:0/1696403733' entity='client.admin'
2024-02-22T00:15:33.142 INFO:journalctl@ceph.mon.a.smithi052.stdout:Feb 22 00:15:33 smithi052 ceph-mon[43442]: from='mgr.14120 172.21.15.52:0/3753675757' entity='mgr.x'
2024-02-22T00:15:33.227 INFO:teuthology.orchestra.run.smithi052.stdout:/usr/bin/ceph: stderr
2024-02-22T00:15:32.571+0000 7fcc83b8b700 1 Processor -- start
2024-02-22T00:15:33.227 INFO:teuthology.orchestra.run.smithi052.stdout:/usr/bin/ceph: stderr
2024-02-22T00:15:32.571+0000 7fcc83b8b700 1 -- start start
2024-02-22T00:15:33.228 INFO:teuthology.orchestra.run.smithi052.stdout:/usr/bin/ceph: stderr
2024-02-22T00:15:32.571+0000 7fcc83b8b700 1 --2- >> [v2:172.21.15.52:3300/0,v1:172.21.15.52:6789/0] conn(0x7fcc7c104800 0x7fcc7c104c20 unknown :-1 s=NONE pgs=0 cs=0 l=0 rev1=0 crypto rx=0 tx=0 comp rx=0 tx=0).connect
2024-02-22T00:15:33.228 INFO:teuthology.orchestra.run.smithi052.stdout:/usr/bin/ceph: stderr
2024-02-22T00:15:32.571+0000 7fcc83b8b700 1 -- --> [v2:172.21.15.52:3300/0,v1:172.21.15.52:6789/0] -- mon_getmap magic: 0 v1 -- 0x7fcc7c1051f0 con 0x7fcc7c104800
2024-02-22T00:15:33.228 INFO:teuthology.orchestra.run.smithi052.stdout:/usr/bin/ceph: stderr
2024-02-22T00:15:32.572+0000 7fcc81927700 1 --2- >> [v2:172.21.15.52:3300/0,v1:172.21.15.52:6789/0] conn(0x7fcc7c104800 0x7fcc7c104c20 unknown :-1 s=BANNER_CONNECTING pgs=0 cs=0 l=0 rev1=0 crypto rx=0 tx=0 comp rx=0 tx=0)._handle_peer_banner_payload supported=3 required=0
2024-02-22T00:15:33.228 INFO:teuthology.orchestra.run.smithi052.stdout:/usr/bin/ceph: stderr
2024-02-22T00:15:32.572+0000 7fcc81927700 1 --2- >> [v2:172.21.15.52:3300/0,v1:172.21.15.52:6789/0] conn(0x7fcc7c104800 0x7fcc7c104c20 unknown :-1 s=HELLO_CONNECTING pgs=0 cs=0 l=0 rev1=1 crypto rx=0 tx=0 comp rx=0 tx=0).handle_hello peer v2:172.21.15.52:3300/0 says I am v2:172.21.15.52:34750/0 (socket says 172.21.15.52:34750)
2024-02-22T00:15:33.228 INFO:teuthology.orchestra.run.smithi052.stdout:/usr/bin/ceph: stderr
2024-02-22T00:15:32.572+0000 7fcc81927700 1 -- 172.21.15.52:0/4234273166 learned_addr learned my addr 172.21.15.52:0/4234273166 (peer_addr_for_me v2:172.21.15.52:0/0)
2024-02-22T00:15:33.228 INFO:teuthology.orchestra.run.smithi052.stdout:/usr/bin/ceph: stderr
2024-02-22T00:15:32.572+0000 7fcc81927700 1 -- 172.21.15.52:0/4234273166 --> [v2:172.21.15.52:3300/0,v1:172.21.15.52:6789/0] -- mon_subscribe({config=0+,monmap=0+}) v3 -- 0x7fcc7c107790 con 0x7fcc7c104800
2024-02-22T00:15:33.228 INFO:teuthology.orchestra.run.smithi052.stdout:/usr/bin/ceph: stderr
2024-02-22T00:15:32.572+0000 7fcc81927700 1 --2- 172.21.15.52:0/4234273166 >> [v2:172.21.15.52:3300/0,v1:172.21.15.52:6789/0] conn(0x7fcc7c104800 0x7fcc7c104c20 secure :-1 s=READY pgs=51 cs=0 l=1 rev1=1 crypto rx=0x7fcc780098a0 tx=0x7fcc78009bb0 comp rx=0 tx=0).ready entity=mon.0 client_cookie=e481f01b0b70f555 server_cookie=0 in_seq=0 out_seq=0
2024-02-22T00:15:33.228 INFO:teuthology.orchestra.run.smithi052.stdout:/usr/bin/ceph: stderr
2024-02-22T00:15:32.572+0000 7fcc80925700 1 -- 172.21.15.52:0/4234273166 <== mon.0 v2:172.21.15.52:3300/0 1 ==== mon_map magic: 0 v1 ==== 205+0+0 (secure 0 0 0) 0x7fcc78004160 con 0x7fcc7c104800
2024-02-22T00:15:33.228 INFO:teuthology.orchestra.run.smithi052.stdout:/usr/bin/ceph: stderr
2024-02-22T00:15:32.572+0000 7fcc80925700 1 -- 172.21.15.52:0/4234273166 <== mon.0 v2:172.21.15.52:3300/0 2 ==== config(26 keys) v1 ==== 1105+0+0 (secure 0 0 0) 0x7fcc780042c0 con 0x7fcc7c104800
2024-02-22T00:15:33.228 INFO:teuthology.orchestra.run.smithi052.stdout:/usr/bin/ceph: stderr
2024-02-22T00:15:32.572+0000 7fcc80925700 1 -- 172.21.15.52:0/4234273166 <== mon.0 v2:172.21.15.52:3300/0 3 ==== mon_map magic: 0 v1 ==== 205+0+0 (secure 0 0 0) 0x7fcc780119b0 con 0x7fcc7c104800
2024-02-22T00:15:33.228 INFO:teuthology.orchestra.run.smithi052.stdout:/usr/bin/ceph: stderr
2024-02-22T00:15:32.573+0000 7fcc83b8b700 1 -- 172.21.15.52:0/4234273166 >> [v2:172.21.15.52:3300/0,v1:172.21.15.52:6789/0] conn(0x7fcc7c104800 msgr2=0x7fcc7c104c20 secure :-1 s=STATE_CONNECTION_ESTABLISHED l=1).mark_down
2024-02-22T00:15:33.228 INFO:teuthology.orchestra.run.smithi052.stdout:/usr/bin/ceph: stderr
2024-02-22T00:15:32.573+0000 7fcc83b8b700 1 --2- 172.21.15.52:0/4234273166 >> [v2:172.21.15.52:3300/0,v1:172.21.15.52:6789/0] conn(0x7fcc7c104800 0x7fcc7c104c20 secure :-1 s=READY pgs=51 cs=0 l=1 rev1=1 crypto rx=0x7fcc780098a0 tx=0x7fcc78009bb0 comp rx=0 tx=0).stop
2024-02-22T00:15:33.228 INFO:teuthology.orchestra.run.smithi052.stdout:/usr/bin/ceph: stderr
2024-02-22T00:15:32.573+0000 7fcc83b8b700 1 -- 172.21.15.52:0/4234273166 shutdown_connections
2024-02-22T00:15:33.229 INFO:teuthology.orchestra.run.smithi052.stdout:/usr/bin/ceph: stderr
2024-02-22T00:15:32.573+0000 7fcc83b8b700 1 --2- 172.21.15.52:0/4234273166 >> [v2:172.21.15.52:3300/0,v1:172.21.15.52:6789/0] conn(0x7fcc7c104800 0x7fcc7c104c20 unknown :-1 s=CLOSED pgs=51 cs=0 l=1 rev1=1 crypto rx=0 tx=0 comp rx=0 tx=0).stop
2024-02-22T00:15:33.229 INFO:teuthology.orchestra.run.smithi052.stdout:/usr/bin/ceph: stderr
2024-02-22T00:15:32.573+0000 7fcc83b8b700 1 -- 172.21.15.52:0/4234273166 >> 172.21.15.52:0/4234273166 conn(0x7fcc7c100150 msgr2=0x7fcc7c102570 unknown :-1 s=STATE_NONE l=0).mark_down
2024-02-22T00:15:33.229 INFO:teuthology.orchestra.run.smithi052.stdout:/usr/bin/ceph: stderr
2024-02-22T00:15:32.573+0000 7fcc83b8b700 1 -- 172.21.15.52:0/4234273166 shutdown_connections
2024-02-22T00:15:33.229 INFO:teuthology.orchestra.run.smithi052.stdout:/usr/bin/ceph: stderr
2024-02-22T00:15:32.573+0000 7fcc83b8b700 1 -- 172.21.15.52:0/4234273166 wait complete.
2024-02-22T00:15:33.229 INFO:teuthology.orchestra.run.smithi052.stdout:/usr/bin/ceph: stderr
2024-02-22T00:15:32.574+0000 7fcc83b8b700 1 Processor -- start
2024-02-22T00:15:33.229 INFO:teuthology.orchestra.run.smithi052.stdout:/usr/bin/ceph: stderr
2024-02-22T00:15:32.574+0000 7fcc83b8b700 1 -- start start
2024-02-22T00:15:33.229 INFO:teuthology.orchestra.run.smithi052.stdout:/usr/bin/ceph: stderr
2024-02-22T00:15:32.574+0000 7fcc83b8b700 1 --2- >> [v2:172.21.15.52:3300/0,v1:172.21.15.52:6789/0] conn(0x7fcc7c104800 0x7fcc7c106fc0 unknown :-1 s=NONE pgs=0 cs=0 l=1 rev1=0 crypto rx=0 tx=0 comp rx=0 tx=0).connect
2024-02-22T00:15:33.229 INFO:teuthology.orchestra.run.smithi052.stdout:/usr/bin/ceph: stderr
2024-02-22T00:15:32.574+0000 7fcc83b8b700 1 -- --> [v2:172.21.15.52:3300/0,v1:172.21.15.52:6789/0] -- mon_getmap magic: 0 v1 -- 0x7fcc7c107500 con 0x7fcc7c104800
2024-02-22T00:15:33.229 INFO:teuthology.orchestra.run.smithi052.stdout:/usr/bin/ceph: stderr
2024-02-22T00:15:32.574+0000 7fcc81927700 1 --2- >> [v2:172.21.15.52:3300/0,v1:172.21.15.52:6789/0] conn(0x7fcc7c104800 0x7fcc7c106fc0 unknown :-1 s=BANNER_CONNECTING pgs=0 cs=0 l=1 rev1=0 crypto rx=0 tx=0 comp rx=0 tx=0)._handle_peer_banner_payload supported=3 required=0
2024-02-22T00:15:33.229 INFO:teuthology.orchestra.run.smithi052.stdout:/usr/bin/ceph: stderr
2024-02-22T00:15:32.574+0000 7fcc81927700 1 --2- >> [v2:172.21.15.52:3300/0,v1:172.21.15.52:6789/0] conn(0x7fcc7c104800 0x7fcc7c106fc0 unknown :-1 s=HELLO_CONNECTING pgs=0 cs=0 l=1 rev1=1 crypto rx=0 tx=0 comp rx=0 tx=0).handle_hello peer v2:172.21.15.52:3300/0 says I am v2:172.21.15.52:34764/0 (socket says 172.21.15.52:34764)
2024-02-22T00:15:33.229 INFO:teuthology.orchestra.run.smithi052.stdout:/usr/bin/ceph: stderr
2024-02-22T00:15:32.574+0000 7fcc81927700 1 -- 172.21.15.52:0/1696403733 learned_addr learned my addr 172.21.15.52:0/1696403733 (peer_addr_for_me v2:172.21.15.52:0/0)
2024-02-22T00:15:33.229 INFO:teuthology.orchestra.run.smithi052.stdout:/usr/bin/ceph: stderr
2024-02-22T00:15:32.575+0000 7fcc81927700 1 -- 172.21.15.52:0/1696403733 --> [v2:172.21.15.52:3300/0,v1:172.21.15.52:6789/0] -- mon_subscribe({config=0+,monmap=0+}) v3 -- 0x7fcc78009550 con 0x7fcc7c104800
2024-02-22T00:15:33.230 INFO:teuthology.orchestra.run.smithi052.stdout:/usr/bin/ceph: stderr
2024-02-22T00:15:32.575+0000 7fcc81927700 1 --2- 172.21.15.52:0/1696403733 >> [v2:172.21.15.52:3300/0,v1:172.21.15.52:6789/0] conn(0x7fcc7c104800 0x7fcc7c106fc0 secure :-1 s=READY pgs=52 cs=0 l=1 rev1=1 crypto rx=0x7fcc78006af0 tx=0x7fcc78011a10 comp rx=0 tx=0).ready entity=mon.0 client_cookie=0 server_cookie=0 in_seq=0 out_seq=0
2024-02-22T00:15:33.230 INFO:teuthology.orchestra.run.smithi052.stdout:/usr/bin/ceph: stderr
2024-02-22T00:15:32.575+0000 7fcc72ffd700 1 -- 172.21.15.52:0/1696403733 <== mon.0 v2:172.21.15.52:3300/0 1 ==== mon_map magic: 0 v1 ==== 205+0+0 (secure 0 0 0) 0x7fcc78003a40 con 0x7fcc7c104800
2024-02-22T00:15:33.230 INFO:teuthology.orchestra.run.smithi052.stdout:/usr/bin/ceph: stderr
2024-02-22T00:15:32.575+0000 7fcc72ffd700 1 -- 172.21.15.52:0/1696403733 <== mon.0 v2:172.21.15.52:3300/0 2 ==== config(26 keys) v1 ==== 1105+0+0 (secure 0 0 0) 0x7fcc78003ba0 con 0x7fcc7c104800
2024-02-22T00:15:33.230 INFO:teuthology.orchestra.run.smithi052.stdout:/usr/bin/ceph: stderr
2024-02-22T00:15:32.575+0000 7fcc83b8b700 1 -- 172.21.15.52:0/1696403733 --> [v2:172.21.15.52:3300/0,v1:172.21.15.52:6789/0] -- mon_subscribe({mgrmap=0+}) v3 -- 0x7fcc7c105740 con 0x7fcc7c104800
2024-02-22T00:15:33.230 INFO:teuthology.orchestra.run.smithi052.stdout:/usr/bin/ceph: stderr
2024-02-22T00:15:32.575+0000 7fcc72ffd700 1 -- 172.21.15.52:0/1696403733 <== mon.0 v2:172.21.15.52:3300/0 3 ==== mon_map magic: 0 v1 ==== 205+0+0 (secure 0 0 0) 0x7fcc78019690 con 0x7fcc7c104800
2024-02-22T00:15:33.230 INFO:teuthology.orchestra.run.smithi052.stdout:/usr/bin/ceph: stderr
2024-02-22T00:15:32.575+0000 7fcc83b8b700 1 -- 172.21.15.52:0/1696403733 --> [v2:172.21.15.52:3300/0,v1:172.21.15.52:6789/0] -- mon_subscribe({osdmap=0}) v3 -- 0x7fcc7c105be0 con 0x7fcc7c104800
2024-02-22T00:15:33.230 INFO:teuthology.orchestra.run.smithi052.stdout:/usr/bin/ceph: stderr
2024-02-22T00:15:32.576+0000 7fcc72ffd700 1 -- 172.21.15.52:0/1696403733 <== mon.0 v2:172.21.15.52:3300/0 4 ==== mgrmap(e 8) v1 ==== 45537+0+0 (secure 0 0 0) 0x7fcc7801aa60 con 0x7fcc7c104800
2024-02-22T00:15:33.230 INFO:teuthology.orchestra.run.smithi052.stdout:/usr/bin/ceph: stderr
2024-02-22T00:15:32.576+0000 7fcc83b8b700 1 -- 172.21.15.52:0/1696403733 --> [v2:172.21.15.52:3300/0,v1:172.21.15.52:6789/0] -- mon_command({"prefix": "get_command_descriptions"} v 0) v1 -- 0x7fcc7c10a9c0 con 0x7fcc7c104800
2024-02-22T00:15:33.230 INFO:teuthology.orchestra.run.smithi052.stdout:/usr/bin/ceph: stderr
2024-02-22T00:15:32.577+0000 7fcc72ffd700 1 --2- 172.21.15.52:0/1696403733 >> [v2:172.21.15.52:6800/128288418,v1:172.21.15.52:6801/128288418] conn(0x7fcc68038700 0x7fcc6803abc0 unknown :-1 s=NONE pgs=0 cs=0 l=1 rev1=0 crypto rx=0 tx=0 comp rx=0 tx=0).connect
2024-02-22T00:15:33.230 INFO:teuthology.orchestra.run.smithi052.stdout:/usr/bin/ceph: stderr
2024-02-22T00:15:32.577+0000 7fcc72ffd700 1 -- 172.21.15.52:0/1696403733 <== mon.0 v2:172.21.15.52:3300/0 5 ==== osd_map(2..2 src has 1..2) v4 ==== 940+0+0 (secure 0 0 0) 0x7fcc7804c5d0 con 0x7fcc7c104800
2024-02-22T00:15:33.230 INFO:teuthology.orchestra.run.smithi052.stdout:/usr/bin/ceph: stderr
2024-02-22T00:15:32.577+0000 7fcc81126700 1 --2- 172.21.15.52:0/1696403733 >> [v2:172.21.15.52:6800/128288418,v1:172.21.15.52:6801/128288418] conn(0x7fcc68038700 0x7fcc6803abc0 unknown :-1 s=BANNER_CONNECTING pgs=0 cs=0 l=1 rev1=0 crypto rx=0 tx=0 comp rx=0 tx=0)._handle_peer_banner_payload supported=3 required=0
2024-02-22T00:15:33.230 INFO:teuthology.orchestra.run.smithi052.stdout:/usr/bin/ceph: stderr
2024-02-22T00:15:32.577+0000 7fcc81126700 1 --2- 172.21.15.52:0/1696403733 >> [v2:172.21.15.52:6800/128288418,v1:172.21.15.52:6801/128288418] conn(0x7fcc68038700 0x7fcc6803abc0 secure :-1 s=READY pgs=14 cs=0 l=1 rev1=1 crypto rx=0x7fcc6c006fd0 tx=0x7fcc6c006e40 comp rx=0 tx=0).ready entity=mgr.14120 client_cookie=0 server_cookie=0 in_seq=0 out_seq=0
2024-02-22T00:15:33.230 INFO:teuthology.orchestra.run.smithi052.stdout:/usr/bin/ceph: stderr
2024-02-22T00:15:32.582+0000 7fcc72ffd700 1 -- 172.21.15.52:0/1696403733 <== mon.0 v2:172.21.15.52:3300/0 6 ==== mon_command_ack([{"prefix": "get_command_descriptions"}]=0 v0) v1 ==== 72+0+182595 (secure 0 0 0) 0x7fcc780237a0 con 0x7fcc7c104800
2024-02-22T00:15:33.230 INFO:teuthology.orchestra.run.smithi052.stdout:/usr/bin/ceph: stderr
2024-02-22T00:15:32.801+0000 7fcc83b8b700 1 -- 172.21.15.52:0/1696403733 --> [v2:172.21.15.52:3300/0,v1:172.21.15.52:6789/0] -- mon_command([{prefix=config set, name=mgr/cephadm/container_init}] v 0) v1 -- 0x7fcc7c106400 con 0x7fcc7c104800
2024-02-22T00:15:33.231 INFO:teuthology.orchestra.run.smithi052.stdout:/usr/bin/ceph: stderr
2024-02-22T00:15:32.804+0000 7fcc72ffd700 1 -- 172.21.15.52:0/1696403733 <== mon.0 v2:172.21.15.52:3300/0 7 ==== mon_command_ack([{prefix=config set, name=mgr/cephadm/container_init}]=0 v7)=0 v7) v1 ==== 142+0+0 (secure 0 0 0) 0x7fcc7800b3e0 con 0x7fcc7c104800
2024-02-22T00:15:33.231 INFO:teuthology.orchestra.run.smithi052.stdout:/usr/bin/ceph: stderr
2024-02-22T00:15:32.807+0000 7fcc83b8b700 1 -- 172.21.15.52:0/1696403733 >> [v2:172.21.15.52:6800/128288418,v1:172.21.15.52:6801/128288418] conn(0x7fcc68038700 msgr2=0x7fcc6803abc0 secure :-1 s=STATE_CONNECTION_ESTABLISHED l=1).mark_down
2024-02-22T00:15:33.231 INFO:teuthology.orchestra.run.smithi052.stdout:/usr/bin/ceph: stderr
2024-02-22T00:15:32.807+0000 7fcc83b8b700 1 --2- 172.21.15.52:0/1696403733 >> [v2:172.21.15.52:6800/128288418,v1:172.21.15.52:6801/128288418] conn(0x7fcc68038700 0x7fcc6803abc0 secure :-1 s=READY pgs=14 cs=0 l=1 rev1=1 crypto rx=0x7fcc6c006fd0 tx=0x7fcc6c006e40 comp rx=0 tx=0).stop
2024-02-22T00:15:33.231 INFO:teuthology.orchestra.run.smithi052.stdout:/usr/bin/ceph: stderr
2024-02-22T00:15:32.807+0000 7fcc83b8b700 1 -- 172.21.15.52:0/1696403733 >> [v2:172.21.15.52:3300/0,v1:172.21.15.52:6789/0] conn(0x7fcc7c104800 msgr2=0x7fcc7c106fc0 secure :-1 s=STATE_CONNECTION_ESTABLISHED l=1).mark_down
2024-02-22T00:15:33.231 INFO:teuthology.orchestra.run.smithi052.stdout:/usr/bin/ceph: stderr
2024-02-22T00:15:32.807+0000 7fcc83b8b700 1 --2- 172.21.15.52:0/1696403733 >> [v2:172.21.15.52:3300/0,v1:172.21.15.52:6789/0] conn(0x7fcc7c104800 0x7fcc7c106fc0 secure :-1 s=READY pgs=52 cs=0 l=1 rev1=1 crypto rx=0x7fcc78006af0 tx=0x7fcc78011a10 comp rx=0 tx=0).stop
2024-02-22T00:15:33.231 INFO:teuthology.orchestra.run.smithi052.stdout:/usr/bin/ceph: stderr
2024-02-22T00:15:32.808+0000 7fcc83b8b700 1 -- 172.21.15.52:0/1696403733 shutdown_connections
2024-02-22T00:15:33.231 INFO:teuthology.orchestra.run.smithi052.stdout:/usr/bin/ceph: stderr
2024-02-22T00:15:32.808+0000 7fcc83b8b700 1 --2- 172.21.15.52:0/1696403733 >> [v2:172.21.15.52:6800/128288418,v1:172.21.15.52:6801/128288418] conn(0x7fcc68038700 0x7fcc6803abc0 unknown :-1 s=CLOSED pgs=14 cs=0 l=1 rev1=1 crypto rx=0 tx=0 comp rx=0 tx=0).stop
2024-02-22T00:15:33.231 INFO:teuthology.orchestra.run.smithi052.stdout:/usr/bin/ceph: stderr
2024-02-22T00:15:32.808+0000 7fcc83b8b700 1 --2- 172.21.15.52:0/1696403733 >> [v2:172.21.15.52:3300/0,v1:172.21.15.52:6789/0] conn(0x7fcc7c104800 0x7fcc7c106fc0 unknown :-1 s=CLOSED pgs=52 cs=0 l=1 rev1=1 crypto rx=0 tx=0 comp rx=0 tx=0).stop
2024-02-22T00:15:33.231 INFO:teuthology.orchestra.run.smithi052.stdout:/usr/bin/ceph: stderr
2024-02-22T00:15:32.808+0000 7fcc83b8b700 1 -- 172.21.15.52:0/1696403733 >> 172.21.15.52:0/1696403733 conn(0x7fcc7c100150 msgr2=0x7fcc7c100c40 unknown :-1 s=STATE_NONE l=0).mark_down
2024-02-22T00:15:33.231 INFO:teuthology.orchestra.run.smithi052.stdout:/usr/bin/ceph: stderr
2024-02-22T00:15:32.808+0000 7fcc83b8b700 1 -- 172.21.15.52:0/1696403733 shutdown_connections
2024-02-22T00:15:33.231 INFO:teuthology.orchestra.run.smithi052.stdout:/usr/bin/ceph: stderr
2024-02-22T00:15:32.808+0000 7fcc83b8b700 1 -- 172.21.15.52:0/1696403733 wait complete.
2024-02-22T00:15:34.377 INFO:teuthology.orchestra.run.smithi052.stdout:/usr/bin/ceph: stderr
2024-02-22T00:15:33.787+0000 7fea04544700 1 Processor -- start
2024-02-22T00:15:34.377 INFO:teuthology.orchestra.run.smithi052.stdout:/usr/bin/ceph: stderr
2024-02-22T00:15:33.787+0000 7fea04544700 1 -- start start
2024-02-22T00:15:34.378 INFO:teuthology.orchestra.run.smithi052.stdout:/usr/bin/ceph: stderr
2024-02-22T00:15:33.788+0000 7fea04544700 1 --2- >> [v2:172.21.15.52:3300/0,v1:172.21.15.52:6789/0] conn(0x7fe9fc106ff0 0x7fe9fc1093e0 unknown :-1 s=NONE pgs=0 cs=0 l=0 rev1=0 crypto rx=0 tx=0 comp rx=0 tx=0).connect
2024-02-22T00:15:34.378 INFO:teuthology.orchestra.run.smithi052.stdout:/usr/bin/ceph: stderr
2024-02-22T00:15:33.788+0000 7fea04544700 1 -- --> [v2:172.21.15.52:3300/0,v1:172.21.15.52:6789/0] -- mon_getmap magic: 0 v1 -- 0x7fe9fc079e90 con 0x7fe9fc106ff0
2024-02-22T00:15:34.378 INFO:teuthology.orchestra.run.smithi052.stdout:/usr/bin/ceph: stderr
2024-02-22T00:15:33.788+0000 7fea022e0700 1 --2- >> [v2:172.21.15.52:3300/0,v1:172.21.15.52:6789/0] conn(0x7fe9fc106ff0 0x7fe9fc1093e0 unknown :-1 s=BANNER_CONNECTING pgs=0 cs=0 l=0 rev1=0 crypto rx=0 tx=0 comp rx=0 tx=0)._handle_peer_banner_payload supported=3 required=0
2024-02-22T00:15:34.378 INFO:teuthology.orchestra.run.smithi052.stdout:/usr/bin/ceph: stderr
2024-02-22T00:15:33.788+0000 7fea022e0700 1 --2- >> [v2:172.21.15.52:3300/0,v1:172.21.15.52:6789/0] conn(0x7fe9fc106ff0 0x7fe9fc1093e0 unknown :-1 s=HELLO_CONNECTING pgs=0 cs=0 l=0 rev1=1 crypto rx=0 tx=0 comp rx=0 tx=0).handle_hello peer v2:172.21.15.52:3300/0 says I am v2:172.21.15.52:44016/0 (socket says 172.21.15.52:44016)
2024-02-22T00:15:34.378 INFO:teuthology.orchestra.run.smithi052.stdout:/usr/bin/ceph: stderr
2024-02-22T00:15:33.788+0000 7fea022e0700 1 -- 172.21.15.52:0/4238941381 learned_addr learned my addr 172.21.15.52:0/4238941381 (peer_addr_for_me v2:172.21.15.52:0/0)
2024-02-22T00:15:34.378 INFO:teuthology.orchestra.run.smithi052.stdout:/usr/bin/ceph: stderr
2024-02-22T00:15:33.788+0000 7fea022e0700 1 -- 172.21.15.52:0/4238941381 --> [v2:172.21.15.52:3300/0,v1:172.21.15.52:6789/0] -- mon_subscribe({config=0+,monmap=0+}) v3 -- 0x7fe9fc109920 con 0x7fe9fc106ff0
2024-02-22T00:15:34.378 INFO:teuthology.orchestra.run.smithi052.stdout:/usr/bin/ceph: stderr
2024-02-22T00:15:33.789+0000 7fea022e0700 1 --2- 172.21.15.52:0/4238941381 >> [v2:172.21.15.52:3300/0,v1:172.21.15.52:6789/0] conn(0x7fe9fc106ff0 0x7fe9fc1093e0 secure :-1 s=READY pgs=53 cs=0 l=1 rev1=1 crypto rx=0x7fe9ec0098a0 tx=0x7fe9ec009bb0 comp rx=0 tx=0).ready entity=mon.0 client_cookie=2ec9fe63e3916833 server_cookie=0 in_seq=0 out_seq=0
2024-02-22T00:15:34.378 INFO:teuthology.orchestra.run.smithi052.stdout:/usr/bin/ceph: stderr
2024-02-22T00:15:33.789+0000 7fea012de700 1 -- 172.21.15.52:0/4238941381 <== mon.0 v2:172.21.15.52:3300/0 1 ==== mon_map magic: 0 v1 ==== 205+0+0 (secure 0 0 0) 0x7fe9ec004160 con 0x7fe9fc106ff0
2024-02-22T00:15:34.378 INFO:teuthology.orchestra.run.smithi052.stdout:/usr/bin/ceph: stderr
2024-02-22T00:15:33.789+0000 7fea012de700 1 -- 172.21.15.52:0/4238941381 <== mon.0 v2:172.21.15.52:3300/0 2 ==== config(26 keys) v1 ==== 1105+0+0 (secure 0 0 0) 0x7fe9ec0042c0 con 0x7fe9fc106ff0
2024-02-22T00:15:34.378 INFO:teuthology.orchestra.run.smithi052.stdout:/usr/bin/ceph: stderr
2024-02-22T00:15:33.789+0000 7fea012de700 1 -- 172.21.15.52:0/4238941381 <== mon.0 v2:172.21.15.52:3300/0 3 ==== mon_map magic: 0 v1 ==== 205+0+0 (secure 0 0 0) 0x7fe9ec0119b0 con 0x7fe9fc106ff0
2024-02-22T00:15:34.378 INFO:teuthology.orchestra.run.smithi052.stdout:/usr/bin/ceph: stderr
2024-02-22T00:15:33.789+0000 7fea04544700 1 -- 172.21.15.52:0/4238941381 >> [v2:172.21.15.52:3300/0,v1:172.21.15.52:6789/0] conn(0x7fe9fc106ff0 msgr2=0x7fe9fc1093e0 secure :-1 s=STATE_CONNECTION_ESTABLISHED l=1).mark_down
2024-02-22T00:15:34.378 INFO:teuthology.orchestra.run.smithi052.stdout:/usr/bin/ceph: stderr
2024-02-22T00:15:33.789+0000 7fea04544700 1 --2- 172.21.15.52:0/4238941381 >> [v2:172.21.15.52:3300/0,v1:172.21.15.52:6789/0] conn(0x7fe9fc106ff0 0x7fe9fc1093e0 secure :-1 s=READY pgs=53 cs=0 l=1 rev1=1 crypto rx=0x7fe9ec0098a0 tx=0x7fe9ec009bb0 comp rx=0 tx=0).stop
2024-02-22T00:15:34.379 INFO:teuthology.orchestra.run.smithi052.stdout:/usr/bin/ceph: stderr
2024-02-22T00:15:33.789+0000 7fea04544700 1 -- 172.21.15.52:0/4238941381 shutdown_connections
2024-02-22T00:15:34.379 INFO:teuthology.orchestra.run.smithi052.stdout:/usr/bin/ceph: stderr
2024-02-22T00:15:33.789+0000 7fea04544700 1 --2- 172.21.15.52:0/4238941381 >> [v2:172.21.15.52:3300/0,v1:172.21.15.52:6789/0] conn(0x7fe9fc106ff0 0x7fe9fc1093e0 unknown :-1 s=CLOSED pgs=53 cs=0 l=1 rev1=1 crypto rx=0 tx=0 comp rx=0 tx=0).stop
2024-02-22T00:15:34.379 INFO:teuthology.orchestra.run.smithi052.stdout:/usr/bin/ceph: stderr
2024-02-22T00:15:33.789+0000 7fea04544700 1 -- 172.21.15.52:0/4238941381 >> 172.21.15.52:0/4238941381 conn(0x7fe9fc100a40 msgr2=0x7fe9fc102e60 unknown :-1 s=STATE_NONE l=0).mark_down
2024-02-22T00:15:34.379 INFO:teuthology.orchestra.run.smithi052.stdout:/usr/bin/ceph: stderr
2024-02-22T00:15:33.790+0000 7fea04544700 1 -- 172.21.15.52:0/4238941381 shutdown_connections
2024-02-22T00:15:34.379 INFO:teuthology.orchestra.run.smithi052.stdout:/usr/bin/ceph: stderr
2024-02-22T00:15:33.790+0000 7fea04544700 1 -- 172.21.15.52:0/4238941381 wait complete.
2024-02-22T00:15:34.379 INFO:teuthology.orchestra.run.smithi052.stdout:/usr/bin/ceph: stderr
2024-02-22T00:15:33.790+0000 7fea04544700 1 Processor -- start
2024-02-22T00:15:34.379 INFO:teuthology.orchestra.run.smithi052.stdout:/usr/bin/ceph: stderr
2024-02-22T00:15:33.790+0000 7fea04544700 1 -- start start
2024-02-22T00:15:34.379 INFO:teuthology.orchestra.run.smithi052.stdout:/usr/bin/ceph: stderr
2024-02-22T00:15:33.790+0000 7fea04544700 1 --2- >> [v2:172.21.15.52:3300/0,v1:172.21.15.52:6789/0] conn(0x7fe9fc106ff0 0x7fe9fc106820 unknown :-1 s=NONE pgs=0 cs=0 l=1 rev1=0 crypto rx=0 tx=0 comp rx=0 tx=0).connect
2024-02-22T00:15:34.379 INFO:teuthology.orchestra.run.smithi052.stdout:/usr/bin/ceph: stderr
2024-02-22T00:15:33.790+0000 7fea04544700 1 -- --> [v2:172.21.15.52:3300/0,v1:172.21.15.52:6789/0] -- mon_getmap magic: 0 v1 -- 0x7fe9fc106d60 con 0x7fe9fc106ff0
2024-02-22T00:15:34.379 INFO:teuthology.orchestra.run.smithi052.stdout:/usr/bin/ceph: stderr
2024-02-22T00:15:33.791+0000 7fea022e0700 1 --2- >> [v2:172.21.15.52:3300/0,v1:172.21.15.52:6789/0] conn(0x7fe9fc106ff0 0x7fe9fc106820 unknown :-1 s=BANNER_CONNECTING pgs=0 cs=0 l=1 rev1=0 crypto rx=0 tx=0 comp rx=0 tx=0)._handle_peer_banner_payload supported=3 required=0
2024-02-22T00:15:34.379 INFO:teuthology.orchestra.run.smithi052.stdout:/usr/bin/ceph: stderr
2024-02-22T00:15:33.791+0000 7fea022e0700 1 --2- >> [v2:172.21.15.52:3300/0,v1:172.21.15.52:6789/0] conn(0x7fe9fc106ff0 0x7fe9fc106820 unknown :-1 s=HELLO_CONNECTING pgs=0 cs=0 l=1 rev1=1 crypto rx=0 tx=0 comp rx=0 tx=0).handle_hello peer v2:172.21.15.52:3300/0 says I am v2:172.21.15.52:44026/0 (socket says 172.21.15.52:44026)
2024-02-22T00:15:34.379 INFO:teuthology.orchestra.run.smithi052.stdout:/usr/bin/ceph: stderr
2024-02-22T00:15:33.791+0000 7fea022e0700 1 -- 172.21.15.52:0/3483828936 learned_addr learned my addr 172.21.15.52:0/3483828936 (peer_addr_for_me v2:172.21.15.52:0/0)
2024-02-22T00:15:34.379 INFO:teuthology.orchestra.run.smithi052.stdout:/usr/bin/ceph: stderr
2024-02-22T00:15:33.791+0000 7fea022e0700 1 -- 172.21.15.52:0/3483828936 --> [v2:172.21.15.52:3300/0,v1:172.21.15.52:6789/0] -- mon_subscribe({config=0+,monmap=0+}) v3 -- 0x7fe9ec009550 con 0x7fe9fc106ff0
2024-02-22T00:15:34.379 INFO:teuthology.orchestra.run.smithi052.stdout:/usr/bin/ceph: stderr
2024-02-22T00:15:33.791+0000 7fea022e0700 1 --2- 172.21.15.52:0/3483828936 >> [v2:172.21.15.52:3300/0,v1:172.21.15.52:6789/0] conn(0x7fe9fc106ff0 0x7fe9fc106820 secure :-1 s=READY pgs=54 cs=0 l=1 rev1=1 crypto rx=0x7fe9ec003e60 tx=0x7fe9ec011a30 comp rx=0 tx=0).ready entity=mon.0 client_cookie=0 server_cookie=0 in_seq=0 out_seq=0
2024-02-22T00:15:34.380 INFO:teuthology.orchestra.run.smithi052.stdout:/usr/bin/ceph: stderr
2024-02-22T00:15:33.791+0000 7fe9f37fe700 1 -- 172.21.15.52:0/3483828936 <== mon.0 v2:172.21.15.52:3300/0 1 ==== mon_map magic: 0 v1 ==== 205+0+0 (secure 0 0 0) 0x7fe9ec0038b0 con 0x7fe9fc106ff0
2024-02-22T00:15:34.380 INFO:teuthology.orchestra.run.smithi052.stdout:/usr/bin/ceph: stderr
2024-02-22T00:15:33.791+0000 7fe9f37fe700 1 -- 172.21.15.52:0/3483828936 <== mon.0 v2:172.21.15.52:3300/0 2 ==== config(26 keys) v1 ==== 1105+0+0 (secure 0 0 0) 0x7fe9ec003a10 con 0x7fe9fc106ff0
2024-02-22T00:15:34.380 INFO:teuthology.orchestra.run.smithi052.stdout:/usr/bin/ceph: stderr
2024-02-22T00:15:33.791+0000 7fea04544700 1 -- 172.21.15.52:0/3483828936 --> [v2:172.21.15.52:3300/0,v1:172.21.15.52:6789/0] -- mon_subscribe({mgrmap=0+}) v3 -- 0x7fe9fc104fa0 con 0x7fe9fc106ff0
2024-02-22T00:15:34.380 INFO:teuthology.orchestra.run.smithi052.stdout:/usr/bin/ceph: stderr
2024-02-22T00:15:33.791+0000 7fe9f37fe700 1 -- 172.21.15.52:0/3483828936 <== mon.0 v2:172.21.15.52:3300/0 3 ==== mon_map magic: 0 v1 ==== 205+0+0 (secure 0 0 0) 0x7fe9ec019530 con 0x7fe9fc106ff0
2024-02-22T00:15:34.380 INFO:teuthology.orchestra.run.smithi052.stdout:/usr/bin/ceph: stderr
2024-02-22T00:15:33.791+0000 7fea04544700 1 -- 172.21.15.52:0/3483828936 --> [v2:172.21.15.52:3300/0,v1:172.21.15.52:6789/0] -- mon_subscribe({osdmap=0}) v3 -- 0x7fe9fc105440 con 0x7fe9fc106ff0
2024-02-22T00:15:34.380 INFO:teuthology.orchestra.run.smithi052.stdout:/usr/bin/ceph: stderr
2024-02-22T00:15:33.792+0000 7fe9f37fe700 1 -- 172.21.15.52:0/3483828936 <== mon.0 v2:172.21.15.52:3300/0 4 ==== mgrmap(e 8) v1 ==== 45537+0+0 (secure 0 0 0) 0x7fe9ec01a980 con 0x7fe9fc106ff0
2024-02-22T00:15:34.380 INFO:teuthology.orchestra.run.smithi052.stdout:/usr/bin/ceph: stderr
2024-02-22T00:15:33.792+0000 7fe9f37fe700 1 --2- 172.21.15.52:0/3483828936 >> [v2:172.21.15.52:6800/128288418,v1:172.21.15.52:6801/128288418] conn(0x7fe9e8038700 0x7fe9e803abc0 unknown :-1 s=NONE pgs=0 cs=0 l=1 rev1=0 crypto rx=0 tx=0 comp rx=0 tx=0).connect
2024-02-22T00:15:34.380 INFO:teuthology.orchestra.run.smithi052.stdout:/usr/bin/ceph: stderr
2024-02-22T00:15:33.792+0000 7fea04544700 1 -- 172.21.15.52:0/3483828936 --> [v2:172.21.15.52:3300/0,v1:172.21.15.52:6789/0] -- mon_command({"prefix": "get_command_descriptions"} v 0) v1 -- 0x7fe9fc10a700 con 0x7fe9fc106ff0
2024-02-22T00:15:34.380 INFO:teuthology.orchestra.run.smithi052.stdout:/usr/bin/ceph: stderr
2024-02-22T00:15:33.792+0000 7fe9f37fe700 1 -- 172.21.15.52:0/3483828936 <== mon.0 v2:172.21.15.52:3300/0 5 ==== osd_map(2..2 src has 1..2) v4 ==== 940+0+0 (secure 0 0 0) 0x7fe9ec04c7f0 con 0x7fe9fc106ff0
2024-02-22T00:15:34.380 INFO:teuthology.orchestra.run.smithi052.stdout:/usr/bin/ceph: stderr
2024-02-22T00:15:33.792+0000 7fea01adf700 1 --2- 172.21.15.52:0/3483828936 >> [v2:172.21.15.52:6800/128288418,v1:172.21.15.52:6801/128288418] conn(0x7fe9e8038700 0x7fe9e803abc0 unknown :-1 s=BANNER_CONNECTING pgs=0 cs=0 l=1 rev1=0 crypto rx=0 tx=0 comp rx=0 tx=0)._handle_peer_banner_payload supported=3 required=0
2024-02-22T00:15:34.380 INFO:teuthology.orchestra.run.smithi052.stdout:/usr/bin/ceph: stderr
2024-02-22T00:15:33.793+0000 7fea01adf700 1 --2- 172.21.15.52:0/3483828936 >> [v2:172.21.15.52:6800/128288418,v1:172.21.15.52:6801/128288418] conn(0x7fe9e8038700 0x7fe9e803abc0 secure :-1 s=READY pgs=15 cs=0 l=1 rev1=1 crypto rx=0x7fe9f8006fd0 tx=0x7fe9f8006e40 comp rx=0 tx=0).ready entity=mgr.14120 client_cookie=0 server_cookie=0 in_seq=0 out_seq=0
2024-02-22T00:15:34.380 INFO:teuthology.orchestra.run.smithi052.stdout:/usr/bin/ceph: stderr
2024-02-22T00:15:33.797+0000 7fe9f37fe700 1 -- 172.21.15.52:0/3483828936 <== mon.0 v2:172.21.15.52:3300/0 6 ==== mon_command_ack([{"prefix": "get_command_descriptions"}]=0 v0) v1 ==== 72+0+182595 (secure 0 0 0) 0x7fe9ec003b80 con 0x7fe9fc106ff0
2024-02-22T00:15:34.380 INFO:teuthology.orchestra.run.smithi052.stdout:/usr/bin/ceph: stderr
2024-02-22T00:15:34.010+0000 7fea04544700 1 -- 172.21.15.52:0/3483828936 --> [v2:172.21.15.52:3300/0,v1:172.21.15.52:6789/0] -- mon_command([{prefix=config set, name=mgr/dashboard/ssl_server_port}] v 0) v1 -- 0x7fe9fc10a8f0 con 0x7fe9fc106ff0
2024-02-22T00:15:34.381 INFO:teuthology.orchestra.run.smithi052.stdout:/usr/bin/ceph: stderr
2024-02-22T00:15:34.013+0000 7fe9f37fe700 1 -- 172.21.15.52:0/3483828936 <== mon.0 v2:172.21.15.52:3300/0 7 ==== mon_command_ack([{prefix=config set, name=mgr/dashboard/ssl_server_port}]=0 v8)=0 v8) v1 ==== 130+0+0 (secure 0 0 0) 0x7fe9ec023b40 con 0x7fe9fc106ff0
2024-02-22T00:15:34.381 INFO:teuthology.orchestra.run.smithi052.stdout:/usr/bin/ceph: stderr
2024-02-22T00:15:34.016+0000 7fea04544700 1 -- 172.21.15.52:0/3483828936 >> [v2:172.21.15.52:6800/128288418,v1:172.21.15.52:6801/128288418] conn(0x7fe9e8038700 msgr2=0x7fe9e803abc0 secure :-1 s=STATE_CONNECTION_ESTABLISHED l=1).mark_down
2024-02-22T00:15:34.381 INFO:teuthology.orchestra.run.smithi052.stdout:/usr/bin/ceph: stderr
2024-02-22T00:15:34.016+0000 7fea04544700 1 --2- 172.21.15.52:0/3483828936 >> [v2:172.21.15.52:6800/128288418,v1:172.21.15.52:6801/128288418] conn(0x7fe9e8038700 0x7fe9e803abc0 secure :-1 s=READY pgs=15 cs=0 l=1 rev1=1 crypto rx=0x7fe9f8006fd0 tx=0x7fe9f8006e40 comp rx=0 tx=0).stop
2024-02-22T00:15:34.381 INFO:teuthology.orchestra.run.smithi052.stdout:/usr/bin/ceph: stderr
2024-02-22T00:15:34.016+0000 7fea04544700 1 -- 172.21.15.52:0/3483828936 >> [v2:172.21.15.52:3300/0,v1:172.21.15.52:6789/0] conn(0x7fe9fc106ff0 msgr2=0x7fe9fc106820 secure :-1 s=STATE_CONNECTION_ESTABLISHED l=1).mark_down
2024-02-22T00:15:34.381 INFO:teuthology.orchestra.run.smithi052.stdout:/usr/bin/ceph: stderr
2024-02-22T00:15:34.016+0000 7fea04544700 1 --2- 172.21.15.52:0/3483828936 >> [v2:172.21.15.52:3300/0,v1:172.21.15.52:6789/0] conn(0x7fe9fc106ff0 0x7fe9fc106820 secure :-1 s=READY pgs=54 cs=0 l=1 rev1=1 crypto rx=0x7fe9ec003e60 tx=0x7fe9ec011a30 comp rx=0 tx=0).stop
2024-02-22T00:15:34.381 INFO:teuthology.orchestra.run.smithi052.stdout:/usr/bin/ceph: stderr
2024-02-22T00:15:34.016+0000 7fea04544700 1 -- 172.21.15.52:0/3483828936 shutdown_connections
2024-02-22T00:15:34.381 INFO:teuthology.orchestra.run.smithi052.stdout:/usr/bin/ceph: stderr
2024-02-22T00:15:34.016+0000 7fea04544700 1 --2- 172.21.15.52:0/3483828936 >> [v2:172.21.15.52:6800/128288418,v1:172.21.15.52:6801/128288418] conn(0x7fe9e8038700 0x7fe9e803abc0 unknown :-1 s=CLOSED pgs=15 cs=0 l=1 rev1=1 crypto rx=0 tx=0 comp rx=0 tx=0).stop
2024-02-22T00:15:34.381 INFO:teuthology.orchestra.run.smithi052.stdout:/usr/bin/ceph: stderr
2024-02-22T00:15:34.016+0000 7fea04544700 1 --2- 172.21.15.52:0/3483828936 >> [v2:172.21.15.52:3300/0,v1:172.21.15.52:6789/0] conn(0x7fe9fc106ff0 0x7fe9fc106820 unknown :-1 s=CLOSED pgs=54 cs=0 l=1 rev1=1 crypto rx=0 tx=0 comp rx=0 tx=0).stop
2024-02-22T00:15:34.381 INFO:teuthology.orchestra.run.smithi052.stdout:/usr/bin/ceph: stderr
2024-02-22T00:15:34.016+0000 7fea04544700 1 -- 172.21.15.52:0/3483828936 >> 172.21.15.52:0/3483828936 conn(0x7fe9fc100a40 msgr2=0x7fe9fc1015f0 unknown :-1 s=STATE_NONE l=0).mark_down
2024-02-22T00:15:34.381 INFO:teuthology.orchestra.run.smithi052.stdout:/usr/bin/ceph: stderr
2024-02-22T00:15:34.016+0000 7fea04544700 1 -- 172.21.15.52:0/3483828936 shutdown_connections
2024-02-22T00:15:34.381 INFO:teuthology.orchestra.run.smithi052.stdout:/usr/bin/ceph: stderr
2024-02-22T00:15:34.016+0000 7fea04544700 1 -- 172.21.15.52:0/3483828936 wait complete.
2024-02-22T00:15:34.381 INFO:teuthology.orchestra.run.smithi052.stdout:Enabling the dashboard module...
2024-02-22T00:15:35.500 INFO:journalctl@ceph.mon.a.smithi052.stdout:Feb 22 00:15:35 smithi052 ceph-mon[43442]: from='client.? 172.21.15.52:0/3483828936' entity='client.admin'
2024-02-22T00:15:36.324 INFO:journalctl@ceph.mon.a.smithi052.stdout:Feb 22 00:15:36 smithi052 ceph-mon[43442]: from='client.? 172.21.15.52:0/2730168450' entity='client.admin' cmd=[{"prefix": "mgr module enable", "module": "dashboard"}]: dispatch
2024-02-22T00:15:36.324 INFO:journalctl@ceph.mgr.x.smithi052.stdout:Feb 22 00:15:36 smithi052 ceph-48564048-d117-11ee-95bd-87774f69a715-mgr-x[43691]: ignoring --setuser ceph since I am not root
2024-02-22T00:15:36.324 INFO:journalctl@ceph.mgr.x.smithi052.stdout:Feb 22 00:15:36 smithi052 ceph-48564048-d117-11ee-95bd-87774f69a715-mgr-x[43691]: ignoring --setgroup ceph since I am not root
2024-02-22T00:15:36.393 INFO:teuthology.orchestra.run.smithi052.stdout:/usr/bin/ceph: stderr
2024-02-22T00:15:34.767+0000 7fa3ed80c700 1 Processor -- start
2024-02-22T00:15:36.393 INFO:teuthology.orchestra.run.smithi052.stdout:/usr/bin/ceph: stderr
2024-02-22T00:15:34.767+0000 7fa3ed80c700 1 -- start start
2024-02-22T00:15:36.393 INFO:teuthology.orchestra.run.smithi052.stdout:/usr/bin/ceph: stderr
2024-02-22T00:15:34.767+0000 7fa3ed80c700 1 --2- >> [v2:172.21.15.52:3300/0,v1:172.21.15.52:6789/0] conn(0x7fa3e8105930 0x7fa3e8105d50 unknown :-1 s=NONE pgs=0 cs=0 l=0 rev1=0 crypto rx=0 tx=0 comp rx=0 tx=0).connect
2024-02-22T00:15:36.394 INFO:teuthology.orchestra.run.smithi052.stdout:/usr/bin/ceph: stderr
2024-02-22T00:15:34.767+0000 7fa3ed80c700 1 -- --> [v2:172.21.15.52:3300/0,v1:172.21.15.52:6789/0] -- mon_getmap magic: 0 v1 -- 0x7fa3e8106320 con 0x7fa3e8105930
2024-02-22T00:15:36.394 INFO:teuthology.orchestra.run.smithi052.stdout:/usr/bin/ceph: stderr
2024-02-22T00:15:34.768+0000 7fa3e6ffd700 1 --2- >> [v2:172.21.15.52:3300/0,v1:172.21.15.52:6789/0] conn(0x7fa3e8105930 0x7fa3e8105d50 unknown :-1 s=BANNER_CONNECTING pgs=0 cs=0 l=0 rev1=0 crypto rx=0 tx=0 comp rx=0 tx=0)._handle_peer_banner_payload supported=3 required=0
2024-02-22T00:15:36.394 INFO:teuthology.orchestra.run.smithi052.stdout:/usr/bin/ceph: stderr
2024-02-22T00:15:34.768+0000 7fa3e6ffd700 1 --2- >> [v2:172.21.15.52:3300/0,v1:172.21.15.52:6789/0] conn(0x7fa3e8105930 0x7fa3e8105d50 unknown :-1 s=HELLO_CONNECTING pgs=0 cs=0 l=0 rev1=1 crypto rx=0 tx=0 comp rx=0 tx=0).handle_hello peer v2:172.21.15.52:3300/0 says I am v2:172.21.15.52:44036/0 (socket says 172.21.15.52:44036)
2024-02-22T00:15:36.394 INFO:teuthology.orchestra.run.smithi052.stdout:/usr/bin/ceph: stderr
2024-02-22T00:15:34.768+0000 7fa3e6ffd700 1 -- 172.21.15.52:0/3562561543 learned_addr learned my addr 172.21.15.52:0/3562561543 (peer_addr_for_me v2:172.21.15.52:0/0)
2024-02-22T00:15:36.394 INFO:teuthology.orchestra.run.smithi052.stdout:/usr/bin/ceph: stderr
2024-02-22T00:15:34.768+0000 7fa3e6ffd700 1 -- 172.21.15.52:0/3562561543 --> [v2:172.21.15.52:3300/0,v1:172.21.15.52:6789/0] -- mon_subscribe({config=0+,monmap=0+}) v3 -- 0x7fa3e8106650 con 0x7fa3e8105930
2024-02-22T00:15:36.394 INFO:teuthology.orchestra.run.smithi052.stdout:/usr/bin/ceph: stderr
2024-02-22T00:15:34.768+0000 7fa3e6ffd700 1 --2- 172.21.15.52:0/3562561543 >> [v2:172.21.15.52:3300/0,v1:172.21.15.52:6789/0] conn(0x7fa3e8105930 0x7fa3e8105d50 secure :-1 s=READY pgs=55 cs=0 l=1 rev1=1 crypto rx=0x7fa3d80098a0 tx=0x7fa3d8009bb0 comp rx=0 tx=0).ready entity=mon.0 client_cookie=ce318356f088e024 server_cookie=0 in_seq=0 out_seq=0
2024-02-22T00:15:36.394 INFO:teuthology.orchestra.run.smithi052.stdout:/usr/bin/ceph: stderr
2024-02-22T00:15:34.769+0000 7fa3e67fc700 1 -- 172.21.15.52:0/3562561543 <== mon.0 v2:172.21.15.52:3300/0 1 ==== mon_map magic: 0 v1 ==== 205+0+0 (secure 0 0 0) 0x7fa3d8004160 con 0x7fa3e8105930
2024-02-22T00:15:36.394 INFO:teuthology.orchestra.run.smithi052.stdout:/usr/bin/ceph: stderr
2024-02-22T00:15:34.769+0000 7fa3e67fc700 1 -- 172.21.15.52:0/3562561543 <== mon.0 v2:172.21.15.52:3300/0 2 ==== config(26 keys) v1 ==== 1105+0+0 (secure 0 0 0) 0x7fa3d80042c0 con 0x7fa3e8105930
2024-02-22T00:15:36.394 INFO:teuthology.orchestra.run.smithi052.stdout:/usr/bin/ceph: stderr
2024-02-22T00:15:34.769+0000 7fa3e67fc700 1 -- 172.21.15.52:0/3562561543 <== mon.0 v2:172.21.15.52:3300/0 3 ==== mon_map magic: 0 v1 ==== 205+0+0 (secure 0 0 0) 0x7fa3d80119b0 con 0x7fa3e8105930
2024-02-22T00:15:36.394 INFO:teuthology.orchestra.run.smithi052.stdout:/usr/bin/ceph: stderr
2024-02-22T00:15:34.769+0000 7fa3ed80c700 1 -- 172.21.15.52:0/3562561543 >> [v2:172.21.15.52:3300/0,v1:172.21.15.52:6789/0] conn(0x7fa3e8105930 msgr2=0x7fa3e8105d50 secure :-1 s=STATE_CONNECTION_ESTABLISHED l=1).mark_down
2024-02-22T00:15:36.394 INFO:teuthology.orchestra.run.smithi052.stdout:/usr/bin/ceph: stderr
2024-02-22T00:15:34.769+0000 7fa3ed80c700 1 --2- 172.21.15.52:0/3562561543 >> [v2:172.21.15.52:3300/0,v1:172.21.15.52:6789/0] conn(0x7fa3e8105930 0x7fa3e8105d50 secure :-1 s=READY pgs=55 cs=0 l=1 rev1=1 crypto rx=0x7fa3d80098a0 tx=0x7fa3d8009bb0 comp rx=0 tx=0).stop
2024-02-22T00:15:36.394 INFO:teuthology.orchestra.run.smithi052.stdout:/usr/bin/ceph: stderr
2024-02-22T00:15:34.769+0000 7fa3ed80c700 1 -- 172.21.15.52:0/3562561543 shutdown_connections
2024-02-22T00:15:36.395 INFO:teuthology.orchestra.run.smithi052.stdout:/usr/bin/ceph: stderr
2024-02-22T00:15:34.769+0000 7fa3ed80c700 1 --2- 172.21.15.52:0/3562561543 >> [v2:172.21.15.52:3300/0,v1:172.21.15.52:6789/0] conn(0x7fa3e8105930 0x7fa3e8105d50 unknown :-1 s=CLOSED pgs=55 cs=0 l=1 rev1=1 crypto rx=0 tx=0 comp rx=0 tx=0).stop
2024-02-22T00:15:36.395 INFO:teuthology.orchestra.run.smithi052.stdout:/usr/bin/ceph: stderr
2024-02-22T00:15:34.769+0000 7fa3ed80c700 1 -- 172.21.15.52:0/3562561543 >> 172.21.15.52:0/3562561543 conn(0x7fa3e81001b0 msgr2=0x7fa3e81025d0 unknown :-1 s=STATE_NONE l=0).mark_down
2024-02-22T00:15:36.395 INFO:teuthology.orchestra.run.smithi052.stdout:/usr/bin/ceph: stderr
2024-02-22T00:15:34.769+0000 7fa3ed80c700 1 -- 172.21.15.52:0/3562561543 shutdown_connections
2024-02-22T00:15:36.395 INFO:teuthology.orchestra.run.smithi052.stdout:/usr/bin/ceph: stderr
2024-02-22T00:15:34.769+0000 7fa3ed80c700 1 -- 172.21.15.52:0/3562561543 wait complete.
2024-02-22T00:15:36.395 INFO:teuthology.orchestra.run.smithi052.stdout:/usr/bin/ceph: stderr
2024-02-22T00:15:34.770+0000 7fa3ed80c700 1 Processor -- start
2024-02-22T00:15:36.395 INFO:teuthology.orchestra.run.smithi052.stdout:/usr/bin/ceph: stderr
2024-02-22T00:15:34.770+0000 7fa3ed80c700 1 -- start start
2024-02-22T00:15:36.395 INFO:teuthology.orchestra.run.smithi052.stdout:/usr/bin/ceph: stderr
2024-02-22T00:15:34.770+0000 7fa3ed80c700 1 --2- >> [v2:172.21.15.52:3300/0,v1:172.21.15.52:6789/0] conn(0x7fa3e8105930 0x7fa3e81904e0 unknown :-1 s=NONE pgs=0 cs=0 l=1 rev1=0 crypto rx=0 tx=0 comp rx=0 tx=0).connect
2024-02-22T00:15:36.395 INFO:teuthology.orchestra.run.smithi052.stdout:/usr/bin/ceph: stderr
2024-02-22T00:15:34.770+0000 7fa3ed80c700 1 -- --> [v2:172.21.15.52:3300/0,v1:172.21.15.52:6789/0] -- mon_getmap magic: 0 v1 -- 0x7fa3e8190a20 con 0x7fa3e8105930
2024-02-22T00:15:36.395 INFO:teuthology.orchestra.run.smithi052.stdout:/usr/bin/ceph: stderr
2024-02-22T00:15:34.771+0000 7fa3e6ffd700 1 --2- >> [v2:172.21.15.52:3300/0,v1:172.21.15.52:6789/0] conn(0x7fa3e8105930 0x7fa3e81904e0 unknown :-1 s=BANNER_CONNECTING pgs=0 cs=0 l=1 rev1=0 crypto rx=0 tx=0 comp rx=0 tx=0)._handle_peer_banner_payload supported=3 required=0
2024-02-22T00:15:36.395 INFO:teuthology.orchestra.run.smithi052.stdout:/usr/bin/ceph: stderr
2024-02-22T00:15:34.771+0000 7fa3e6ffd700 1 --2- >> [v2:172.21.15.52:3300/0,v1:172.21.15.52:6789/0] conn(0x7fa3e8105930 0x7fa3e81904e0 unknown :-1 s=HELLO_CONNECTING pgs=0 cs=0 l=1 rev1=1 crypto rx=0 tx=0 comp rx=0 tx=0).handle_hello peer v2:172.21.15.52:3300/0 says I am v2:172.21.15.52:44046/0 (socket says 172.21.15.52:44046)
2024-02-22T00:15:36.395 INFO:teuthology.orchestra.run.smithi052.stdout:/usr/bin/ceph: stderr
2024-02-22T00:15:34.771+0000 7fa3e6ffd700 1 -- 172.21.15.52:0/2730168450 learned_addr learned my addr 172.21.15.52:0/2730168450 (peer_addr_for_me v2:172.21.15.52:0/0)
2024-02-22T00:15:36.395 INFO:teuthology.orchestra.run.smithi052.stdout:/usr/bin/ceph: stderr
2024-02-22T00:15:34.771+0000 7fa3e6ffd700 1 -- 172.21.15.52:0/2730168450 --> [v2:172.21.15.52:3300/0,v1:172.21.15.52:6789/0] -- mon_subscribe({config=0+,monmap=0+}) v3 -- 0x7fa3d8009550 con 0x7fa3e8105930
2024-02-22T00:15:36.395 INFO:teuthology.orchestra.run.smithi052.stdout:/usr/bin/ceph: stderr
2024-02-22T00:15:34.771+0000 7fa3e6ffd700 1 --2- 172.21.15.52:0/2730168450 >> [v2:172.21.15.52:3300/0,v1:172.21.15.52:6789/0] conn(0x7fa3e8105930 0x7fa3e81904e0 secure :-1 s=READY pgs=56 cs=0 l=1 rev1=1 crypto rx=0x7fa3d8006af0 tx=0x7fa3d8011a10 comp rx=0 tx=0).ready entity=mon.0 client_cookie=0 server_cookie=0 in_seq=0 out_seq=0
2024-02-22T00:15:36.395 INFO:teuthology.orchestra.run.smithi052.stdout:/usr/bin/ceph: stderr
2024-02-22T00:15:34.771+0000 7fa3ec80a700 1 -- 172.21.15.52:0/2730168450 <== mon.0 v2:172.21.15.52:3300/0 1 ==== mon_map magic: 0 v1 ==== 205+0+0 (secure 0 0 0) 0x7fa3d8003a40 con 0x7fa3e8105930
2024-02-22T00:15:36.396 INFO:teuthology.orchestra.run.smithi052.stdout:/usr/bin/ceph: stderr
2024-02-22T00:15:34.771+0000 7fa3ec80a700 1 -- 172.21.15.52:0/2730168450 <== mon.0 v2:172.21.15.52:3300/0 2 ==== config(26 keys) v1 ==== 1105+0+0 (secure 0 0 0) 0x7fa3d8003ba0 con 0x7fa3e8105930
2024-02-22T00:15:36.396 INFO:teuthology.orchestra.run.smithi052.stdout:/usr/bin/ceph: stderr
2024-02-22T00:15:34.771+0000 7fa3ed80c700 1 -- 172.21.15.52:0/2730168450 --> [v2:172.21.15.52:3300/0,v1:172.21.15.52:6789/0] -- mon_subscribe({mgrmap=0+}) v3 -- 0x7fa3e818ec60 con 0x7fa3e8105930
2024-02-22T00:15:36.396 INFO:teuthology.orchestra.run.smithi052.stdout:/usr/bin/ceph: stderr
2024-02-22T00:15:34.771+0000 7fa3ec80a700 1 -- 172.21.15.52:0/2730168450 <== mon.0 v2:172.21.15.52:3300/0 3 ==== mon_map magic: 0 v1 ==== 205+0+0 (secure 0 0 0) 0x7fa3d80196c0 con 0x7fa3e8105930
2024-02-22T00:15:36.396 INFO:teuthology.orchestra.run.smithi052.stdout:/usr/bin/ceph: stderr
2024-02-22T00:15:34.771+0000 7fa3ed80c700 1 -- 172.21.15.52:0/2730168450 --> [v2:172.21.15.52:3300/0,v1:172.21.15.52:6789/0] -- mon_subscribe({osdmap=0}) v3 -- 0x7fa3e818f100 con 0x7fa3e8105930
2024-02-22T00:15:36.396 INFO:teuthology.orchestra.run.smithi052.stdout:/usr/bin/ceph: stderr
