2024-02-22T00:15:34.772+0000 7fa3ec80a700 1 -- 172.21.15.52:0/2730168450 <== mon.0 v2:172.21.15.52:3300/0 4 ==== mgrmap(e 8) v1 ==== 45537+0+0 (secure 0 0 0) 0x7fa3d8019930 con 0x7fa3e8105930
2024-02-22T00:15:36.396 INFO:teuthology.orchestra.run.smithi052.stdout:/usr/bin/ceph: stderr
2024-02-22T00:15:34.772+0000 7fa3ec80a700 1 --2- 172.21.15.52:0/2730168450 >> [v2:172.21.15.52:6800/128288418,v1:172.21.15.52:6801/128288418] conn(0x7fa3d4038700 0x7fa3d403abc0 unknown :-1 s=NONE pgs=0 cs=0 l=1 rev1=0 crypto rx=0 tx=0 comp rx=0 tx=0).connect
2024-02-22T00:15:36.396 INFO:teuthology.orchestra.run.smithi052.stdout:/usr/bin/ceph: stderr
2024-02-22T00:15:34.772+0000 7fa3ed80c700 1 -- 172.21.15.52:0/2730168450 --> [v2:172.21.15.52:3300/0,v1:172.21.15.52:6789/0] -- mon_command({"prefix": "get_command_descriptions"} v 0) v1 -- 0x7fa3e80623a0 con 0x7fa3e8105930
2024-02-22T00:15:36.396 INFO:teuthology.orchestra.run.smithi052.stdout:/usr/bin/ceph: stderr
2024-02-22T00:15:34.773+0000 7fa3ec80a700 1 -- 172.21.15.52:0/2730168450 <== mon.0 v2:172.21.15.52:3300/0 5 ==== osd_map(2..2 src has 1..2) v4 ==== 940+0+0 (secure 0 0 0) 0x7fa3d804c680 con 0x7fa3e8105930
2024-02-22T00:15:36.396 INFO:teuthology.orchestra.run.smithi052.stdout:/usr/bin/ceph: stderr
2024-02-22T00:15:34.773+0000 7fa3de7fc700 1 --2- 172.21.15.52:0/2730168450 >> [v2:172.21.15.52:6800/128288418,v1:172.21.15.52:6801/128288418] conn(0x7fa3d4038700 0x7fa3d403abc0 unknown :-1 s=BANNER_CONNECTING pgs=0 cs=0 l=1 rev1=0 crypto rx=0 tx=0 comp rx=0 tx=0)._handle_peer_banner_payload supported=3 required=0
2024-02-22T00:15:36.396 INFO:teuthology.orchestra.run.smithi052.stdout:/usr/bin/ceph: stderr
2024-02-22T00:15:34.773+0000 7fa3de7fc700 1 --2- 172.21.15.52:0/2730168450 >> [v2:172.21.15.52:6800/128288418,v1:172.21.15.52:6801/128288418] conn(0x7fa3d4038700 0x7fa3d403abc0 secure :-1 s=READY pgs=16 cs=0 l=1 rev1=1 crypto rx=0x7fa3d0006fd0 tx=0x7fa3d0006e40 comp rx=0 tx=0).ready entity=mgr.14120 client_cookie=0 server_cookie=0 in_seq=0 out_seq=0
2024-02-22T00:15:36.397 INFO:teuthology.orchestra.run.smithi052.stdout:/usr/bin/ceph: stderr
2024-02-22T00:15:34.778+0000 7fa3ec80a700 1 -- 172.21.15.52:0/2730168450 <== mon.0 v2:172.21.15.52:3300/0 6 ==== mon_command_ack([{"prefix": "get_command_descriptions"}]=0 v0) v1 ==== 72+0+182595 (secure 0 0 0) 0x7fa3d8019e60 con 0x7fa3e8105930
2024-02-22T00:15:36.397 INFO:teuthology.orchestra.run.smithi052.stdout:/usr/bin/ceph: stderr
2024-02-22T00:15:35.050+0000 7fa3ed80c700 1 -- 172.21.15.52:0/2730168450 --> [v2:172.21.15.52:3300/0,v1:172.21.15.52:6789/0] -- mon_command({"prefix": "mgr module enable", "module": "dashboard"} v 0) v1 -- 0x7fa3e8193e40 con 0x7fa3e8105930
2024-02-22T00:15:36.397 INFO:teuthology.orchestra.run.smithi052.stdout:/usr/bin/ceph: stderr
2024-02-22T00:15:36.014+0000 7fa3ec80a700 1 -- 172.21.15.52:0/2730168450 <== mon.0 v2:172.21.15.52:3300/0 7 ==== mgrmap(e 9) v1 ==== 45550+0+0 (secure 0 0 0) 0x7fa3d802d9a0 con 0x7fa3e8105930
2024-02-22T00:15:36.397 INFO:teuthology.orchestra.run.smithi052.stdout:/usr/bin/ceph: stderr
2024-02-22T00:15:36.016+0000 7fa3ec80a700 1 -- 172.21.15.52:0/2730168450 <== mon.0 v2:172.21.15.52:3300/0 8 ==== mon_command_ack([{"prefix": "mgr module enable", "module": "dashboard"}]=0 v9) v1 ==== 88+0+0 (secure 0 0 0) 0x7fa3d804c3e0 con 0x7fa3e8105930
2024-02-22T00:15:36.397 INFO:teuthology.orchestra.run.smithi052.stdout:/usr/bin/ceph: stderr
2024-02-22T00:15:36.019+0000 7fa3ed80c700 1 -- 172.21.15.52:0/2730168450 >> [v2:172.21.15.52:6800/128288418,v1:172.21.15.52:6801/128288418] conn(0x7fa3d4038700 msgr2=0x7fa3d403abc0 secure :-1 s=STATE_CONNECTION_ESTABLISHED l=1).mark_down
2024-02-22T00:15:36.397 INFO:teuthology.orchestra.run.smithi052.stdout:/usr/bin/ceph: stderr
2024-02-22T00:15:36.019+0000 7fa3ed80c700 1 --2- 172.21.15.52:0/2730168450 >> [v2:172.21.15.52:6800/128288418,v1:172.21.15.52:6801/128288418] conn(0x7fa3d4038700 0x7fa3d403abc0 secure :-1 s=READY pgs=16 cs=0 l=1 rev1=1 crypto rx=0x7fa3d0006fd0 tx=0x7fa3d0006e40 comp rx=0 tx=0).stop
2024-02-22T00:15:36.397 INFO:teuthology.orchestra.run.smithi052.stdout:/usr/bin/ceph: stderr
2024-02-22T00:15:36.019+0000 7fa3ed80c700 1 -- 172.21.15.52:0/2730168450 >> [v2:172.21.15.52:3300/0,v1:172.21.15.52:6789/0] conn(0x7fa3e8105930 msgr2=0x7fa3e81904e0 secure :-1 s=STATE_CONNECTION_ESTABLISHED l=1).mark_down
2024-02-22T00:15:36.397 INFO:teuthology.orchestra.run.smithi052.stdout:/usr/bin/ceph: stderr
2024-02-22T00:15:36.019+0000 7fa3ed80c700 1 --2- 172.21.15.52:0/2730168450 >> [v2:172.21.15.52:3300/0,v1:172.21.15.52:6789/0] conn(0x7fa3e8105930 0x7fa3e81904e0 secure :-1 s=READY pgs=56 cs=0 l=1 rev1=1 crypto rx=0x7fa3d8006af0 tx=0x7fa3d8011a10 comp rx=0 tx=0).stop
2024-02-22T00:15:36.397 INFO:teuthology.orchestra.run.smithi052.stdout:/usr/bin/ceph: stderr
2024-02-22T00:15:36.019+0000 7fa3ed80c700 1 -- 172.21.15.52:0/2730168450 shutdown_connections
2024-02-22T00:15:36.397 INFO:teuthology.orchestra.run.smithi052.stdout:/usr/bin/ceph: stderr
2024-02-22T00:15:36.019+0000 7fa3ed80c700 1 --2- 172.21.15.52:0/2730168450 >> [v2:172.21.15.52:6800/128288418,v1:172.21.15.52:6801/128288418] conn(0x7fa3d4038700 0x7fa3d403abc0 unknown :-1 s=CLOSED pgs=16 cs=0 l=1 rev1=1 crypto rx=0 tx=0 comp rx=0 tx=0).stop
2024-02-22T00:15:36.397 INFO:teuthology.orchestra.run.smithi052.stdout:/usr/bin/ceph: stderr
2024-02-22T00:15:36.019+0000 7fa3ed80c700 1 --2- 172.21.15.52:0/2730168450 >> [v2:172.21.15.52:3300/0,v1:172.21.15.52:6789/0] conn(0x7fa3e8105930 0x7fa3e81904e0 unknown :-1 s=CLOSED pgs=56 cs=0 l=1 rev1=1 crypto rx=0 tx=0 comp rx=0 tx=0).stop
2024-02-22T00:15:36.397 INFO:teuthology.orchestra.run.smithi052.stdout:/usr/bin/ceph: stderr
2024-02-22T00:15:36.019+0000 7fa3ed80c700 1 -- 172.21.15.52:0/2730168450 >> 172.21.15.52:0/2730168450 conn(0x7fa3e81001b0 msgr2=0x7fa3e8101030 unknown :-1 s=STATE_NONE l=0).mark_down
2024-02-22T00:15:36.398 INFO:teuthology.orchestra.run.smithi052.stdout:/usr/bin/ceph: stderr
2024-02-22T00:15:36.019+0000 7fa3ed80c700 1 -- 172.21.15.52:0/2730168450 shutdown_connections
2024-02-22T00:15:36.398 INFO:teuthology.orchestra.run.smithi052.stdout:/usr/bin/ceph: stderr
2024-02-22T00:15:36.019+0000 7fa3ed80c700 1 -- 172.21.15.52:0/2730168450 wait complete.
2024-02-22T00:15:36.630 INFO:journalctl@ceph.mgr.x.smithi052.stdout:Feb 22 00:15:36 smithi052 ceph-48564048-d117-11ee-95bd-87774f69a715-mgr-x[43691]:
2024-02-22T00:15:36.517+0000 7f6a114c9200 -1 mgr[py] Module prometheus has missing NOTIFY_TYPES member
2024-02-22T00:15:37.000 INFO:journalctl@ceph.mgr.x.smithi052.stdout:Feb 22 00:15:36 smithi052 ceph-48564048-d117-11ee-95bd-87774f69a715-mgr-x[43691]:
2024-02-22T00:15:36.624+0000 7f6a114c9200 -1 mgr[py] Module alerts has missing NOTIFY_TYPES member
2024-02-22T00:15:37.000 INFO:journalctl@ceph.mgr.x.smithi052.stdout:Feb 22 00:15:36 smithi052 ceph-48564048-d117-11ee-95bd-87774f69a715-mgr-x[43691]:
2024-02-22T00:15:36.726+0000 7f6a114c9200 -1 mgr[py] Module osd_perf_query has missing NOTIFY_TYPES member
2024-02-22T00:15:37.000 INFO:journalctl@ceph.mgr.x.smithi052.stdout:Feb 22 00:15:36 smithi052 ceph-48564048-d117-11ee-95bd-87774f69a715-mgr-x[43691]:
2024-02-22T00:15:36.824+0000 7f6a114c9200 -1 mgr[py] Module progress has missing NOTIFY_TYPES member
2024-02-22T00:15:37.346 INFO:teuthology.orchestra.run.smithi052.stdout:/usr/bin/ceph: stdout {
2024-02-22T00:15:37.346 INFO:teuthology.orchestra.run.smithi052.stdout:/usr/bin/ceph: stdout "epoch": 9,
2024-02-22T00:15:37.346 INFO:teuthology.orchestra.run.smithi052.stdout:/usr/bin/ceph: stdout "available": true,
2024-02-22T00:15:37.346 INFO:teuthology.orchestra.run.smithi052.stdout:/usr/bin/ceph: stdout "active_name": "x",
2024-02-22T00:15:37.347 INFO:teuthology.orchestra.run.smithi052.stdout:/usr/bin/ceph: stdout "num_standby": 0
2024-02-22T00:15:37.347 INFO:teuthology.orchestra.run.smithi052.stdout:/usr/bin/ceph: stdout }
2024-02-22T00:15:37.347 INFO:teuthology.orchestra.run.smithi052.stdout:/usr/bin/ceph: stderr
2024-02-22T00:15:36.736+0000 7facec0ca700 1 Processor -- start
2024-02-22T00:15:37.347 INFO:teuthology.orchestra.run.smithi052.stdout:/usr/bin/ceph: stderr
2024-02-22T00:15:36.736+0000 7facec0ca700 1 -- start start
2024-02-22T00:15:37.347 INFO:teuthology.orchestra.run.smithi052.stdout:/usr/bin/ceph: stderr
2024-02-22T00:15:36.736+0000 7facec0ca700 1 --2- >> [v2:172.21.15.52:3300/0,v1:172.21.15.52:6789/0] conn(0x7face4106f70 0x7face4109360 unknown :-1 s=NONE pgs=0 cs=0 l=0 rev1=0 crypto rx=0 tx=0 comp rx=0 tx=0).connect
2024-02-22T00:15:37.347 INFO:teuthology.orchestra.run.smithi052.stdout:/usr/bin/ceph: stderr
2024-02-22T00:15:36.737+0000 7facec0ca700 1 -- --> [v2:172.21.15.52:3300/0,v1:172.21.15.52:6789/0] -- mon_getmap magic: 0 v1 -- 0x7face4079ed0 con 0x7face4106f70
2024-02-22T00:15:37.348 INFO:teuthology.orchestra.run.smithi052.stdout:/usr/bin/ceph: stderr
2024-02-22T00:15:36.737+0000 7face9e66700 1 --2- >> [v2:172.21.15.52:3300/0,v1:172.21.15.52:6789/0] conn(0x7face4106f70 0x7face4109360 unknown :-1 s=BANNER_CONNECTING pgs=0 cs=0 l=0 rev1=0 crypto rx=0 tx=0 comp rx=0 tx=0)._handle_peer_banner_payload supported=3 required=0
2024-02-22T00:15:37.348 INFO:teuthology.orchestra.run.smithi052.stdout:/usr/bin/ceph: stderr
2024-02-22T00:15:36.737+0000 7face9e66700 1 --2- >> [v2:172.21.15.52:3300/0,v1:172.21.15.52:6789/0] conn(0x7face4106f70 0x7face4109360 unknown :-1 s=HELLO_CONNECTING pgs=0 cs=0 l=0 rev1=1 crypto rx=0 tx=0 comp rx=0 tx=0).handle_hello peer v2:172.21.15.52:3300/0 says I am v2:172.21.15.52:44076/0 (socket says 172.21.15.52:44076)
2024-02-22T00:15:37.348 INFO:teuthology.orchestra.run.smithi052.stdout:/usr/bin/ceph: stderr
2024-02-22T00:15:36.737+0000 7face9e66700 1 -- 172.21.15.52:0/2732628701 learned_addr learned my addr 172.21.15.52:0/2732628701 (peer_addr_for_me v2:172.21.15.52:0/0)
2024-02-22T00:15:37.348 INFO:teuthology.orchestra.run.smithi052.stdout:/usr/bin/ceph: stderr
2024-02-22T00:15:36.737+0000 7face9e66700 1 -- 172.21.15.52:0/2732628701 --> [v2:172.21.15.52:3300/0,v1:172.21.15.52:6789/0] -- mon_subscribe({config=0+,monmap=0+}) v3 -- 0x7face41098a0 con 0x7face4106f70
2024-02-22T00:15:37.348 INFO:teuthology.orchestra.run.smithi052.stdout:/usr/bin/ceph: stderr
2024-02-22T00:15:36.737+0000 7face9e66700 1 --2- 172.21.15.52:0/2732628701 >> [v2:172.21.15.52:3300/0,v1:172.21.15.52:6789/0] conn(0x7face4106f70 0x7face4109360 secure :-1 s=READY pgs=59 cs=0 l=1 rev1=1 crypto rx=0x7face00098a0 tx=0x7face0009bb0 comp rx=0 tx=0).ready entity=mon.0 client_cookie=8b326ffc0be4ad2b server_cookie=0 in_seq=0 out_seq=0
2024-02-22T00:15:37.348 INFO:teuthology.orchestra.run.smithi052.stdout:/usr/bin/ceph: stderr
2024-02-22T00:15:36.738+0000 7face8e64700 1 -- 172.21.15.52:0/2732628701 <== mon.0 v2:172.21.15.52:3300/0 1 ==== mon_map magic: 0 v1 ==== 205+0+0 (secure 0 0 0) 0x7face0004160 con 0x7face4106f70
2024-02-22T00:15:37.348 INFO:teuthology.orchestra.run.smithi052.stdout:/usr/bin/ceph: stderr
2024-02-22T00:15:36.738+0000 7face8e64700 1 -- 172.21.15.52:0/2732628701 <== mon.0 v2:172.21.15.52:3300/0 2 ==== config(26 keys) v1 ==== 1105+0+0 (secure 0 0 0) 0x7face00042c0 con 0x7face4106f70
2024-02-22T00:15:37.348 INFO:teuthology.orchestra.run.smithi052.stdout:/usr/bin/ceph: stderr
2024-02-22T00:15:36.738+0000 7face8e64700 1 -- 172.21.15.52:0/2732628701 <== mon.0 v2:172.21.15.52:3300/0 3 ==== mon_map magic: 0 v1 ==== 205+0+0 (secure 0 0 0) 0x7face00119b0 con 0x7face4106f70
2024-02-22T00:15:37.348 INFO:teuthology.orchestra.run.smithi052.stdout:/usr/bin/ceph: stderr
2024-02-22T00:15:36.738+0000 7facec0ca700 1 -- 172.21.15.52:0/2732628701 >> [v2:172.21.15.52:3300/0,v1:172.21.15.52:6789/0] conn(0x7face4106f70 msgr2=0x7face4109360 secure :-1 s=STATE_CONNECTION_ESTABLISHED l=1).mark_down
2024-02-22T00:15:37.349 INFO:teuthology.orchestra.run.smithi052.stdout:/usr/bin/ceph: stderr
2024-02-22T00:15:36.738+0000 7facec0ca700 1 --2- 172.21.15.52:0/2732628701 >> [v2:172.21.15.52:3300/0,v1:172.21.15.52:6789/0] conn(0x7face4106f70 0x7face4109360 secure :-1 s=READY pgs=59 cs=0 l=1 rev1=1 crypto rx=0x7face00098a0 tx=0x7face0009bb0 comp rx=0 tx=0).stop
2024-02-22T00:15:37.349 INFO:teuthology.orchestra.run.smithi052.stdout:/usr/bin/ceph: stderr
2024-02-22T00:15:36.738+0000 7facec0ca700 1 -- 172.21.15.52:0/2732628701 shutdown_connections
2024-02-22T00:15:37.349 INFO:teuthology.orchestra.run.smithi052.stdout:/usr/bin/ceph: stderr
2024-02-22T00:15:36.738+0000 7facec0ca700 1 --2- 172.21.15.52:0/2732628701 >> [v2:172.21.15.52:3300/0,v1:172.21.15.52:6789/0] conn(0x7face4106f70 0x7face4109360 unknown :-1 s=CLOSED pgs=59 cs=0 l=1 rev1=1 crypto rx=0 tx=0 comp rx=0 tx=0).stop
2024-02-22T00:15:37.349 INFO:teuthology.orchestra.run.smithi052.stdout:/usr/bin/ceph: stderr
2024-02-22T00:15:36.738+0000 7facec0ca700 1 -- 172.21.15.52:0/2732628701 >> 172.21.15.52:0/2732628701 conn(0x7face41009e0 msgr2=0x7face4102e00 unknown :-1 s=STATE_NONE l=0).mark_down
2024-02-22T00:15:37.349 INFO:teuthology.orchestra.run.smithi052.stdout:/usr/bin/ceph: stderr
2024-02-22T00:15:36.739+0000 7facec0ca700 1 -- 172.21.15.52:0/2732628701 shutdown_connections
2024-02-22T00:15:37.349 INFO:teuthology.orchestra.run.smithi052.stdout:/usr/bin/ceph: stderr
2024-02-22T00:15:36.739+0000 7facec0ca700 1 -- 172.21.15.52:0/2732628701 wait complete.
2024-02-22T00:15:37.349 INFO:teuthology.orchestra.run.smithi052.stdout:/usr/bin/ceph: stderr
2024-02-22T00:15:36.739+0000 7facec0ca700 1 Processor -- start
2024-02-22T00:15:37.349 INFO:teuthology.orchestra.run.smithi052.stdout:/usr/bin/ceph: stderr
2024-02-22T00:15:36.739+0000 7facec0ca700 1 -- start start
2024-02-22T00:15:37.350 INFO:teuthology.orchestra.run.smithi052.stdout:/usr/bin/ceph: stderr
2024-02-22T00:15:36.739+0000 7facec0ca700 1 --2- >> [v2:172.21.15.52:3300/0,v1:172.21.15.52:6789/0] conn(0x7face4106f70 0x7face41067a0 unknown :-1 s=NONE pgs=0 cs=0 l=1 rev1=0 crypto rx=0 tx=0 comp rx=0 tx=0).connect
2024-02-22T00:15:37.350 INFO:teuthology.orchestra.run.smithi052.stdout:/usr/bin/ceph: stderr
2024-02-22T00:15:36.739+0000 7facec0ca700 1 -- --> [v2:172.21.15.52:3300/0,v1:172.21.15.52:6789/0] -- mon_getmap magic: 0 v1 -- 0x7face4106ce0 con 0x7face4106f70
2024-02-22T00:15:37.350 INFO:teuthology.orchestra.run.smithi052.stdout:/usr/bin/ceph: stderr
2024-02-22T00:15:36.740+0000 7face9e66700 1 --2- >> [v2:172.21.15.52:3300/0,v1:172.21.15.52:6789/0] conn(0x7face4106f70 0x7face41067a0 unknown :-1 s=BANNER_CONNECTING pgs=0 cs=0 l=1 rev1=0 crypto rx=0 tx=0 comp rx=0 tx=0)._handle_peer_banner_payload supported=3 required=0
2024-02-22T00:15:37.350 INFO:teuthology.orchestra.run.smithi052.stdout:/usr/bin/ceph: stderr
2024-02-22T00:15:36.740+0000 7face9e66700 1 --2- >> [v2:172.21.15.52:3300/0,v1:172.21.15.52:6789/0] conn(0x7face4106f70 0x7face41067a0 unknown :-1 s=HELLO_CONNECTING pgs=0 cs=0 l=1 rev1=1 crypto rx=0 tx=0 comp rx=0 tx=0).handle_hello peer v2:172.21.15.52:3300/0 says I am v2:172.21.15.52:44080/0 (socket says 172.21.15.52:44080)
2024-02-22T00:15:37.350 INFO:teuthology.orchestra.run.smithi052.stdout:/usr/bin/ceph: stderr
2024-02-22T00:15:36.740+0000 7face9e66700 1 -- 172.21.15.52:0/3322778840 learned_addr learned my addr 172.21.15.52:0/3322778840 (peer_addr_for_me v2:172.21.15.52:0/0)
2024-02-22T00:15:37.350 INFO:teuthology.orchestra.run.smithi052.stdout:/usr/bin/ceph: stderr
2024-02-22T00:15:36.740+0000 7face9e66700 1 -- 172.21.15.52:0/3322778840 --> [v2:172.21.15.52:3300/0,v1:172.21.15.52:6789/0] -- mon_subscribe({config=0+,monmap=0+}) v3 -- 0x7face0009550 con 0x7face4106f70
2024-02-22T00:15:37.350 INFO:teuthology.orchestra.run.smithi052.stdout:/usr/bin/ceph: stderr
2024-02-22T00:15:36.740+0000 7face9e66700 1 --2- 172.21.15.52:0/3322778840 >> [v2:172.21.15.52:3300/0,v1:172.21.15.52:6789/0] conn(0x7face4106f70 0x7face41067a0 secure :-1 s=READY pgs=60 cs=0 l=1 rev1=1 crypto rx=0x7face0006af0 tx=0x7face0011a10 comp rx=0 tx=0).ready entity=mon.0 client_cookie=0 server_cookie=0 in_seq=0 out_seq=0
2024-02-22T00:15:37.350 INFO:teuthology.orchestra.run.smithi052.stdout:/usr/bin/ceph: stderr
2024-02-22T00:15:36.740+0000 7facdaffd700 1 -- 172.21.15.52:0/3322778840 <== mon.0 v2:172.21.15.52:3300/0 1 ==== mon_map magic: 0 v1 ==== 205+0+0 (secure 0 0 0) 0x7face0003a40 con 0x7face4106f70
2024-02-22T00:15:37.351 INFO:teuthology.orchestra.run.smithi052.stdout:/usr/bin/ceph: stderr
2024-02-22T00:15:36.740+0000 7facdaffd700 1 -- 172.21.15.52:0/3322778840 <== mon.0 v2:172.21.15.52:3300/0 2 ==== config(26 keys) v1 ==== 1105+0+0 (secure 0 0 0) 0x7face0003ba0 con 0x7face4106f70
2024-02-22T00:15:37.351 INFO:teuthology.orchestra.run.smithi052.stdout:/usr/bin/ceph: stderr
2024-02-22T00:15:36.740+0000 7facec0ca700 1 -- 172.21.15.52:0/3322778840 --> [v2:172.21.15.52:3300/0,v1:172.21.15.52:6789/0] -- mon_subscribe({mgrmap=0+}) v3 -- 0x7face4104f20 con 0x7face4106f70
2024-02-22T00:15:37.351 INFO:teuthology.orchestra.run.smithi052.stdout:/usr/bin/ceph: stderr
2024-02-22T00:15:36.740+0000 7facdaffd700 1 -- 172.21.15.52:0/3322778840 <== mon.0 v2:172.21.15.52:3300/0 3 ==== mon_map magic: 0 v1 ==== 205+0+0 (secure 0 0 0) 0x7face00196c0 con 0x7face4106f70
2024-02-22T00:15:37.351 INFO:teuthology.orchestra.run.smithi052.stdout:/usr/bin/ceph: stderr
2024-02-22T00:15:36.740+0000 7facec0ca700 1 -- 172.21.15.52:0/3322778840 --> [v2:172.21.15.52:3300/0,v1:172.21.15.52:6789/0] -- mon_subscribe({osdmap=0}) v3 -- 0x7face41053c0 con 0x7face4106f70
2024-02-22T00:15:37.351 INFO:teuthology.orchestra.run.smithi052.stdout:/usr/bin/ceph: stderr
2024-02-22T00:15:36.741+0000 7facdaffd700 1 -- 172.21.15.52:0/3322778840 <== mon.0 v2:172.21.15.52:3300/0 4 ==== mgrmap(e 9) v1 ==== 45550+0+0 (secure 0 0 0) 0x7face0019930 con 0x7face4106f70
2024-02-22T00:15:37.351 INFO:teuthology.orchestra.run.smithi052.stdout:/usr/bin/ceph: stderr
2024-02-22T00:15:36.741+0000 7facec0ca700 1 -- 172.21.15.52:0/3322778840 --> [v2:172.21.15.52:3300/0,v1:172.21.15.52:6789/0] -- mon_command({"prefix": "get_command_descriptions"} v 0) v1 -- 0x7face410a6e0 con 0x7face4106f70
2024-02-22T00:15:37.351 INFO:teuthology.orchestra.run.smithi052.stdout:/usr/bin/ceph: stderr
2024-02-22T00:15:36.741+0000 7facdaffd700 1 --2- 172.21.15.52:0/3322778840 >> [v2:172.21.15.52:6800/128288418,v1:172.21.15.52:6801/128288418] conn(0x7facd0038750 0x7facd003ac10 unknown :-1 s=NONE pgs=0 cs=0 l=1 rev1=0 crypto rx=0 tx=0 comp rx=0 tx=0).connect
2024-02-22T00:15:37.351 INFO:teuthology.orchestra.run.smithi052.stdout:/usr/bin/ceph: stderr
2024-02-22T00:15:36.742+0000 7facdaffd700 1 -- 172.21.15.52:0/3322778840 <== mon.0 v2:172.21.15.52:3300/0 5 ==== osd_map(2..2 src has 1..2) v4 ==== 940+0+0 (secure 0 0 0) 0x7face004c6b0 con 0x7face4106f70
2024-02-22T00:15:37.352 INFO:teuthology.orchestra.run.smithi052.stdout:/usr/bin/ceph: stderr
2024-02-22T00:15:36.742+0000 7face9665700 1 -- 172.21.15.52:0/3322778840 >> [v2:172.21.15.52:6800/128288418,v1:172.21.15.52:6801/128288418] conn(0x7facd0038750 msgr2=0x7facd003ac10 unknown :-1 s=STATE_CONNECTING_RE l=1).process reconnect failed to v2:172.21.15.52:6800/128288418
2024-02-22T00:15:37.352 INFO:teuthology.orchestra.run.smithi052.stdout:/usr/bin/ceph: stderr
2024-02-22T00:15:36.742+0000 7face9665700 1 --2- 172.21.15.52:0/3322778840 >> [v2:172.21.15.52:6800/128288418,v1:172.21.15.52:6801/128288418] conn(0x7facd0038750 0x7facd003ac10 unknown :-1 s=START_CONNECT pgs=0 cs=0 l=1 rev1=0 crypto rx=0 tx=0 comp rx=0 tx=0)._fault waiting 0.200000
2024-02-22T00:15:37.352 INFO:teuthology.orchestra.run.smithi052.stdout:/usr/bin/ceph: stderr
2024-02-22T00:15:36.747+0000 7facdaffd700 1 -- 172.21.15.52:0/3322778840 <== mon.0 v2:172.21.15.52:3300/0 6 ==== mon_command_ack([{"prefix": "get_command_descriptions"}]=0 v0) v1 ==== 72+0+182595 (secure 0 0 0) 0x7face0018760 con 0x7face4106f70
2024-02-22T00:15:37.352 INFO:teuthology.orchestra.run.smithi052.stdout:/usr/bin/ceph: stderr
2024-02-22T00:15:36.943+0000 7face9665700 1 -- 172.21.15.52:0/3322778840 >> [v2:172.21.15.52:6800/128288418,v1:172.21.15.52:6801/128288418] conn(0x7facd0038750 msgr2=0x7facd003ac10 unknown :-1 s=STATE_CONNECTING_RE l=1).process reconnect failed to v2:172.21.15.52:6800/128288418
2024-02-22T00:15:37.352 INFO:teuthology.orchestra.run.smithi052.stdout:/usr/bin/ceph: stderr
2024-02-22T00:15:36.943+0000 7face9665700 1 --2- 172.21.15.52:0/3322778840 >> [v2:172.21.15.52:6800/128288418,v1:172.21.15.52:6801/128288418] conn(0x7facd0038750 0x7facd003ac10 unknown :-1 s=START_CONNECT pgs=0 cs=0 l=1 rev1=0 crypto rx=0 tx=0 comp rx=0 tx=0)._fault waiting 0.400000
2024-02-22T00:15:37.352 INFO:teuthology.orchestra.run.smithi052.stdout:/usr/bin/ceph: stderr
2024-02-22T00:15:37.017+0000 7facec0ca700 1 -- 172.21.15.52:0/3322778840 --> [v2:172.21.15.52:3300/0,v1:172.21.15.52:6789/0] -- mon_command({"prefix": "mgr stat"} v 0) v1 -- 0x7face41a0260 con 0x7face4106f70
2024-02-22T00:15:37.352 INFO:teuthology.orchestra.run.smithi052.stdout:/usr/bin/ceph: stderr
2024-02-22T00:15:37.021+0000 7facdaffd700 1 -- 172.21.15.52:0/3322778840 <== mon.0 v2:172.21.15.52:3300/0 7 ==== mon_command_ack([{"prefix": "mgr stat"}]=0 v9) v1 ==== 56+0+88 (secure 0 0 0) 0x7face0023390 con 0x7face4106f70
2024-02-22T00:15:37.352 INFO:teuthology.orchestra.run.smithi052.stdout:/usr/bin/ceph: stderr
2024-02-22T00:15:37.023+0000 7facec0ca700 1 -- 172.21.15.52:0/3322778840 >> [v2:172.21.15.52:6800/128288418,v1:172.21.15.52:6801/128288418] conn(0x7facd0038750 msgr2=0x7facd003ac10 unknown :-1 s=STATE_CONNECTING l=1).mark_down
2024-02-22T00:15:37.352 INFO:teuthology.orchestra.run.smithi052.stdout:/usr/bin/ceph: stderr
2024-02-22T00:15:37.023+0000 7facec0ca700 1 --2- 172.21.15.52:0/3322778840 >> [v2:172.21.15.52:6800/128288418,v1:172.21.15.52:6801/128288418] conn(0x7facd0038750 0x7facd003ac10 unknown :-1 s=START_CONNECT pgs=0 cs=0 l=1 rev1=0 crypto rx=0 tx=0 comp rx=0 tx=0).stop
2024-02-22T00:15:37.353 INFO:teuthology.orchestra.run.smithi052.stdout:/usr/bin/ceph: stderr
2024-02-22T00:15:37.023+0000 7facec0ca700 1 -- 172.21.15.52:0/3322778840 >> [v2:172.21.15.52:3300/0,v1:172.21.15.52:6789/0] conn(0x7face4106f70 msgr2=0x7face41067a0 secure :-1 s=STATE_CONNECTION_ESTABLISHED l=1).mark_down
2024-02-22T00:15:37.353 INFO:teuthology.orchestra.run.smithi052.stdout:/usr/bin/ceph: stderr
2024-02-22T00:15:37.023+0000 7facec0ca700 1 --2- 172.21.15.52:0/3322778840 >> [v2:172.21.15.52:3300/0,v1:172.21.15.52:6789/0] conn(0x7face4106f70 0x7face41067a0 secure :-1 s=READY pgs=60 cs=0 l=1 rev1=1 crypto rx=0x7face0006af0 tx=0x7face0011a10 comp rx=0 tx=0).stop
2024-02-22T00:15:37.353 INFO:teuthology.orchestra.run.smithi052.stdout:/usr/bin/ceph: stderr
2024-02-22T00:15:37.023+0000 7facec0ca700 1 -- 172.21.15.52:0/3322778840 shutdown_connections
2024-02-22T00:15:37.353 INFO:teuthology.orchestra.run.smithi052.stdout:/usr/bin/ceph: stderr
2024-02-22T00:15:37.023+0000 7facec0ca700 1 --2- 172.21.15.52:0/3322778840 >> [v2:172.21.15.52:6800/128288418,v1:172.21.15.52:6801/128288418] conn(0x7facd0038750 0x7facd003ac10 unknown :-1 s=CLOSED pgs=0 cs=0 l=1 rev1=0 crypto rx=0 tx=0 comp rx=0 tx=0).stop
2024-02-22T00:15:37.353 INFO:teuthology.orchestra.run.smithi052.stdout:/usr/bin/ceph: stderr
2024-02-22T00:15:37.023+0000 7facec0ca700 1 --2- 172.21.15.52:0/3322778840 >> [v2:172.21.15.52:3300/0,v1:172.21.15.52:6789/0] conn(0x7face4106f70 0x7face41067a0 unknown :-1 s=CLOSED pgs=60 cs=0 l=1 rev1=1 crypto rx=0 tx=0 comp rx=0 tx=0).stop
2024-02-22T00:15:37.353 INFO:teuthology.orchestra.run.smithi052.stdout:/usr/bin/ceph: stderr
2024-02-22T00:15:37.023+0000 7facec0ca700 1 -- 172.21.15.52:0/3322778840 >> 172.21.15.52:0/3322778840 conn(0x7face41009e0 msgr2=0x7face4101560 unknown :-1 s=STATE_NONE l=0).mark_down
2024-02-22T00:15:37.353 INFO:teuthology.orchestra.run.smithi052.stdout:/usr/bin/ceph: stderr
2024-02-22T00:15:37.023+0000 7facec0ca700 1 -- 172.21.15.52:0/3322778840 shutdown_connections
2024-02-22T00:15:37.353 INFO:teuthology.orchestra.run.smithi052.stdout:/usr/bin/ceph: stderr
2024-02-22T00:15:37.023+0000 7facec0ca700 1 -- 172.21.15.52:0/3322778840 wait complete.
2024-02-22T00:15:37.354 INFO:teuthology.orchestra.run.smithi052.stdout:Waiting for the mgr to restart...
2024-02-22T00:15:37.354 INFO:teuthology.orchestra.run.smithi052.stdout:Waiting for mgr epoch 9...
2024-02-22T00:15:37.445 INFO:journalctl@ceph.mon.a.smithi052.stdout:Feb 22 00:15:37 smithi052 ceph-mon[43442]: from='client.? 172.21.15.52:0/2730168450' entity='client.admin' cmd='[{"prefix": "mgr module enable", "module": "dashboard"}]': finished
2024-02-22T00:15:37.445 INFO:journalctl@ceph.mon.a.smithi052.stdout:Feb 22 00:15:37 smithi052 ceph-mon[43442]: mgrmap e9: x(active, since 14s)
2024-02-22T00:15:37.750 INFO:journalctl@ceph.mgr.x.smithi052.stdout:Feb 22 00:15:37 smithi052 ceph-48564048-d117-11ee-95bd-87774f69a715-mgr-x[43691]:
2024-02-22T00:15:37.564+0000 7f6a114c9200 -1 mgr[py] Module orchestrator has missing NOTIFY_TYPES member
2024-02-22T00:15:38.250 INFO:journalctl@ceph.mon.a.smithi052.stdout:Feb 22 00:15:38 smithi052 ceph-mon[43442]: from='client.? 172.21.15.52:0/3322778840' entity='client.admin' cmd=[{"prefix": "mgr stat"}]: dispatch
2024-02-22T00:15:38.250 INFO:journalctl@ceph.mgr.x.smithi052.stdout:Feb 22 00:15:37 smithi052 ceph-48564048-d117-11ee-95bd-87774f69a715-mgr-x[43691]:
2024-02-22T00:15:37.853+0000 7f6a114c9200 -1 mgr[py] Module nfs has missing NOTIFY_TYPES member
2024-02-22T00:15:38.250 INFO:journalctl@ceph.mgr.x.smithi052.stdout:Feb 22 00:15:37 smithi052 ceph-48564048-d117-11ee-95bd-87774f69a715-mgr-x[43691]:
2024-02-22T00:15:37.949+0000 7f6a114c9200 -1 mgr[py] Module zabbix has missing NOTIFY_TYPES member
2024-02-22T00:15:38.250 INFO:journalctl@ceph.mgr.x.smithi052.stdout:Feb 22 00:15:38 smithi052 ceph-48564048-d117-11ee-95bd-87774f69a715-mgr-x[43691]:
2024-02-22T00:15:38.073+0000 7f6a114c9200 -1 mgr[py] Module rbd_support has missing NOTIFY_TYPES member
2024-02-22T00:15:38.749 INFO:journalctl@ceph.mgr.x.smithi052.stdout:Feb 22 00:15:38 smithi052 ceph-48564048-d117-11ee-95bd-87774f69a715-mgr-x[43691]:
2024-02-22T00:15:38.253+0000 7f6a114c9200 -1 mgr[py] Module status has missing NOTIFY_TYPES member
2024-02-22T00:15:38.750 INFO:journalctl@ceph.mgr.x.smithi052.stdout:Feb 22 00:15:38 smithi052 ceph-48564048-d117-11ee-95bd-87774f69a715-mgr-x[43691]:
2024-02-22T00:15:38.399+0000 7f6a114c9200 -1 mgr[py] Module diskprediction_local has missing NOTIFY_TYPES member
2024-02-22T00:15:38.750 INFO:journalctl@ceph.mgr.x.smithi052.stdout:Feb 22 00:15:38 smithi052 ceph-48564048-d117-11ee-95bd-87774f69a715-mgr-x[43691]:
2024-02-22T00:15:38.495+0000 7f6a114c9200 -1 mgr[py] Module telegraf has missing NOTIFY_TYPES member
2024-02-22T00:15:39.249 INFO:journalctl@ceph.mgr.x.smithi052.stdout:Feb 22 00:15:38 smithi052 ceph-48564048-d117-11ee-95bd-87774f69a715-mgr-x[43691]:
2024-02-22T00:15:38.916+0000 7f6a114c9200 -1 mgr[py] Module influx has missing NOTIFY_TYPES member
2024-02-22T00:15:39.687 INFO:journalctl@ceph.mgr.x.smithi052.stdout:Feb 22 00:15:39 smithi052 ceph-48564048-d117-11ee-95bd-87774f69a715-mgr-x[43691]:
2024-02-22T00:15:39.356+0000 7f6a114c9200 -1 mgr[py] Module pg_autoscaler has missing NOTIFY_TYPES member
2024-02-22T00:15:39.687 INFO:journalctl@ceph.mgr.x.smithi052.stdout:Feb 22 00:15:39 smithi052 ceph-48564048-d117-11ee-95bd-87774f69a715-mgr-x[43691]:
2024-02-22T00:15:39.574+0000 7f6a114c9200 -1 mgr[py] Module rgw has missing NOTIFY_TYPES member
2024-02-22T00:15:40.000 INFO:journalctl@ceph.mgr.x.smithi052.stdout:Feb 22 00:15:39 smithi052 ceph-48564048-d117-11ee-95bd-87774f69a715-mgr-x[43691]:
2024-02-22T00:15:39.680+0000 7f6a114c9200 -1 mgr[py] Module balancer has missing NOTIFY_TYPES member
2024-02-22T00:15:40.831 INFO:journalctl@ceph.mgr.x.smithi052.stdout:Feb 22 00:15:40 smithi052 ceph-48564048-d117-11ee-95bd-87774f69a715-mgr-x[43691]:
2024-02-22T00:15:40.547+0000 7f6a114c9200 -1 mgr[py] Module iostat has missing NOTIFY_TYPES member
2024-02-22T00:15:40.831 INFO:journalctl@ceph.mgr.x.smithi052.stdout:Feb 22 00:15:40 smithi052 ceph-48564048-d117-11ee-95bd-87774f69a715-mgr-x[43691]:
2024-02-22T00:15:40.657+0000 7f6a114c9200 -1 mgr[py] Module snap_schedule has missing NOTIFY_TYPES member
2024-02-22T00:15:41.250 INFO:journalctl@ceph.mgr.x.smithi052.stdout:Feb 22 00:15:40 smithi052 ceph-48564048-d117-11ee-95bd-87774f69a715-mgr-x[43691]:
2024-02-22T00:15:40.825+0000 7f6a114c9200 -1 mgr[py] Module telemetry has missing NOTIFY_TYPES member
2024-02-22T00:15:41.974 INFO:journalctl@ceph.mgr.x.smithi052.stdout:Feb 22 00:15:41 smithi052 ceph-48564048-d117-11ee-95bd-87774f69a715-mgr-x[43691]:
2024-02-22T00:15:41.544+0000 7f6a114c9200 -1 mgr[py] Module rook has missing NOTIFY_TYPES member
2024-02-22T00:15:41.975 INFO:journalctl@ceph.mgr.x.smithi052.stdout:Feb 22 00:15:41 smithi052 ceph-48564048-d117-11ee-95bd-87774f69a715-mgr-x[43691]:
2024-02-22T00:15:41.750+0000 7f6a114c9200 -1 mgr[py] Module selftest has missing NOTIFY_TYPES member
2024-02-22T00:15:42.249 INFO:journalctl@ceph.mgr.x.smithi052.stdout:Feb 22 00:15:41 smithi052 ceph-48564048-d117-11ee-95bd-87774f69a715-mgr-x[43691]:
2024-02-22T00:15:41.969+0000 7f6a114c9200 -1 mgr[py] Module devicehealth has missing NOTIFY_TYPES member
2024-02-22T00:15:43.361 INFO:journalctl@ceph.mgr.x.smithi052.stdout:Feb 22 00:15:43 smithi052 ceph-48564048-d117-11ee-95bd-87774f69a715-mgr-x[43691]:
2024-02-22T00:15:43.033+0000 7f6a114c9200 -1 mgr[py] Module volumes has missing NOTIFY_TYPES member
2024-02-22T00:15:43.679 INFO:journalctl@ceph.mgr.x.smithi052.stdout:Feb 22 00:15:43 smithi052 ceph-48564048-d117-11ee-95bd-87774f69a715-mgr-x[43691]:
2024-02-22T00:15:43.355+0000 7f6a114c9200 -1 mgr[py] Module test_orchestrator has missing NOTIFY_TYPES member
2024-02-22T00:15:43.679 INFO:journalctl@ceph.mgr.x.smithi052.stdout:Feb 22 00:15:43 smithi052 ceph-48564048-d117-11ee-95bd-87774f69a715-mgr-x[43691]:
2024-02-22T00:15:43.454+0000 7f6a114c9200 -1 mgr[py] Module osd_support has missing NOTIFY_TYPES member
2024-02-22T00:15:44.000 INFO:journalctl@ceph.mgr.x.smithi052.stdout:Feb 22 00:15:43 smithi052 ceph-48564048-d117-11ee-95bd-87774f69a715-mgr-x[43691]:
2024-02-22T00:15:43.673+0000 7f6a114c9200 -1 mgr[py] Module crash has missing NOTIFY_TYPES member
2024-02-22T00:15:44.000 INFO:journalctl@ceph.mon.a.smithi052.stdout:Feb 22 00:15:43 smithi052 ceph-mon[43442]: Active manager daemon x restarted
2024-02-22T00:15:44.000 INFO:journalctl@ceph.mon.a.smithi052.stdout:Feb 22 00:15:43 smithi052 ceph-mon[43442]: Activating manager daemon x
2024-02-22T00:15:44.000 INFO:journalctl@ceph.mon.a.smithi052.stdout:Feb 22 00:15:43 smithi052 ceph-mon[43442]: osdmap e3: 0 total, 0 up, 0 in
2024-02-22T00:15:44.000 INFO:journalctl@ceph.mon.a.smithi052.stdout:Feb 22 00:15:43 smithi052 ceph-mon[43442]: mgrmap e10: x(active, starting, since 0.0036261s)
2024-02-22T00:15:44.000 INFO:journalctl@ceph.mon.a.smithi052.stdout:Feb 22 00:15:43 smithi052 ceph-mon[43442]: from='mgr.14152 172.21.15.52:0/1690934070' entity='mgr.x' cmd=[{"prefix": "mon metadata", "id": "a"}]: dispatch
2024-02-22T00:15:44.000 INFO:journalctl@ceph.mon.a.smithi052.stdout:Feb 22 00:15:43 smithi052 ceph-mon[43442]: from='mgr.14152 172.21.15.52:0/1690934070' entity='mgr.x' cmd=[{"prefix": "mgr metadata", "who": "x", "id": "x"}]: dispatch
2024-02-22T00:15:44.001 INFO:journalctl@ceph.mon.a.smithi052.stdout:Feb 22 00:15:43 smithi052 ceph-mon[43442]: from='mgr.14152 172.21.15.52:0/1690934070' entity='mgr.x' cmd=[{"prefix": "mds metadata"}]: dispatch
2024-02-22T00:15:44.001 INFO:journalctl@ceph.mon.a.smithi052.stdout:Feb 22 00:15:43 smithi052 ceph-mon[43442]: from='mgr.14152 172.21.15.52:0/1690934070' entity='mgr.x' cmd=[{"prefix": "osd metadata"}]: dispatch
2024-02-22T00:15:44.001 INFO:journalctl@ceph.mon.a.smithi052.stdout:Feb 22 00:15:43 smithi052 ceph-mon[43442]: from='mgr.14152 172.21.15.52:0/1690934070' entity='mgr.x' cmd=[{"prefix": "mon metadata"}]: dispatch
2024-02-22T00:15:44.001 INFO:journalctl@ceph.mon.a.smithi052.stdout:Feb 22 00:15:43 smithi052 ceph-mon[43442]: Manager daemon x is now available
2024-02-22T00:15:44.001 INFO:journalctl@ceph.mon.a.smithi052.stdout:Feb 22 00:15:43 smithi052 ceph-mon[43442]: from='mgr.14152 172.21.15.52:0/1690934070' entity='mgr.x' cmd=[{"prefix": "config dump", "format": "json"}]: dispatch
2024-02-22T00:15:44.001 INFO:journalctl@ceph.mon.a.smithi052.stdout:Feb 22 00:15:43 smithi052 ceph-mon[43442]: from='mgr.14152 172.21.15.52:0/1690934070' entity='mgr.x' cmd=[{"prefix": "config dump", "format": "json"}]: dispatch
2024-02-22T00:15:45.000 INFO:journalctl@ceph.mon.a.smithi052.stdout:Feb 22 00:15:44 smithi052 ceph-mon[43442]: from='mgr.14152 172.21.15.52:0/1690934070' entity='mgr.x' cmd=[{"prefix":"config rm","who":"mgr","name":"mgr/rbd_support/x/mirror_snapshot_schedule"}]: dispatch
2024-02-22T00:15:45.000 INFO:journalctl@ceph.mon.a.smithi052.stdout:Feb 22 00:15:44 smithi052 ceph-mon[43442]: from='mgr.14152 172.21.15.52:0/1690934070' entity='mgr.x' cmd=[{"prefix":"config rm","who":"mgr","name":"mgr/rbd_support/x/trash_purge_schedule"}]: dispatch
2024-02-22T00:15:45.000 INFO:journalctl@ceph.mon.a.smithi052.stdout:Feb 22 00:15:44 smithi052 ceph-mon[43442]: from='mgr.14152 172.21.15.52:0/1690934070' entity='mgr.x'
2024-02-22T00:15:45.000 INFO:journalctl@ceph.mon.a.smithi052.stdout:Feb 22 00:15:44 smithi052 ceph-mon[43442]: mgrmap e11: x(active, since 1.00628s)
2024-02-22T00:15:45.038 INFO:teuthology.orchestra.run.smithi052.stdout:/usr/bin/ceph: stdout {
2024-02-22T00:15:45.038 INFO:teuthology.orchestra.run.smithi052.stdout:/usr/bin/ceph: stdout "mgrmap_epoch": 11,
2024-02-22T00:15:45.038 INFO:teuthology.orchestra.run.smithi052.stdout:/usr/bin/ceph: stdout "initialized": true
2024-02-22T00:15:45.038 INFO:teuthology.orchestra.run.smithi052.stdout:/usr/bin/ceph: stdout }
2024-02-22T00:15:45.038 INFO:teuthology.orchestra.run.smithi052.stdout:/usr/bin/ceph: stderr
2024-02-22T00:15:37.687+0000 7f1c639be700 1 Processor -- start
2024-02-22T00:15:45.038 INFO:teuthology.orchestra.run.smithi052.stdout:/usr/bin/ceph: stderr
2024-02-22T00:15:37.687+0000 7f1c639be700 1 -- start start
2024-02-22T00:15:45.038 INFO:teuthology.orchestra.run.smithi052.stdout:/usr/bin/ceph: stderr
2024-02-22T00:15:37.687+0000 7f1c639be700 1 --2- >> [v2:172.21.15.52:3300/0,v1:172.21.15.52:6789/0] conn(0x7f1c5c106fb0 0x7f1c5c1093a0 unknown :-1 s=NONE pgs=0 cs=0 l=0 rev1=0 crypto rx=0 tx=0 comp rx=0 tx=0).connect
2024-02-22T00:15:45.039 INFO:teuthology.orchestra.run.smithi052.stdout:/usr/bin/ceph: stderr
2024-02-22T00:15:37.687+0000 7f1c639be700 1 -- --> [v2:172.21.15.52:3300/0,v1:172.21.15.52:6789/0] -- mon_getmap magic: 0 v1 -- 0x7f1c5c079e90 con 0x7f1c5c106fb0
2024-02-22T00:15:45.039 INFO:teuthology.orchestra.run.smithi052.stdout:/usr/bin/ceph: stderr
2024-02-22T00:15:37.688+0000 7f1c6175a700 1 --2- >> [v2:172.21.15.52:3300/0,v1:172.21.15.52:6789/0] conn(0x7f1c5c106fb0 0x7f1c5c1093a0 unknown :-1 s=BANNER_CONNECTING pgs=0 cs=0 l=0 rev1=0 crypto rx=0 tx=0 comp rx=0 tx=0)._handle_peer_banner_payload supported=3 required=0
2024-02-22T00:15:45.039 INFO:teuthology.orchestra.run.smithi052.stdout:/usr/bin/ceph: stderr
2024-02-22T00:15:37.688+0000 7f1c6175a700 1 --2- >> [v2:172.21.15.52:3300/0,v1:172.21.15.52:6789/0] conn(0x7f1c5c106fb0 0x7f1c5c1093a0 unknown :-1 s=HELLO_CONNECTING pgs=0 cs=0 l=0 rev1=1 crypto rx=0 tx=0 comp rx=0 tx=0).handle_hello peer v2:172.21.15.52:3300/0 says I am v2:172.21.15.52:44092/0 (socket says 172.21.15.52:44092)
2024-02-22T00:15:45.039 INFO:teuthology.orchestra.run.smithi052.stdout:/usr/bin/ceph: stderr
2024-02-22T00:15:37.688+0000 7f1c6175a700 1 -- 172.21.15.52:0/3967658296 learned_addr learned my addr 172.21.15.52:0/3967658296 (peer_addr_for_me v2:172.21.15.52:0/0)
2024-02-22T00:15:45.039 INFO:teuthology.orchestra.run.smithi052.stdout:/usr/bin/ceph: stderr
2024-02-22T00:15:37.688+0000 7f1c6175a700 1 -- 172.21.15.52:0/3967658296 --> [v2:172.21.15.52:3300/0,v1:172.21.15.52:6789/0] -- mon_subscribe({config=0+,monmap=0+}) v3 -- 0x7f1c5c1098e0 con 0x7f1c5c106fb0
2024-02-22T00:15:45.039 INFO:teuthology.orchestra.run.smithi052.stdout:/usr/bin/ceph: stderr
2024-02-22T00:15:37.688+0000 7f1c6175a700 1 --2- 172.21.15.52:0/3967658296 >> [v2:172.21.15.52:3300/0,v1:172.21.15.52:6789/0] conn(0x7f1c5c106fb0 0x7f1c5c1093a0 secure :-1 s=READY pgs=61 cs=0 l=1 rev1=1 crypto rx=0x7f1c580098a0 tx=0x7f1c58009bb0 comp rx=0 tx=0).ready entity=mon.0 client_cookie=c87ceec5624f73bb server_cookie=0 in_seq=0 out_seq=0
2024-02-22T00:15:45.039 INFO:teuthology.orchestra.run.smithi052.stdout:/usr/bin/ceph: stderr
2024-02-22T00:15:37.688+0000 7f1c4ffff700 1 -- 172.21.15.52:0/3967658296 <== mon.0 v2:172.21.15.52:3300/0 1 ==== mon_map magic: 0 v1 ==== 205+0+0 (secure 0 0 0) 0x7f1c58004160 con 0x7f1c5c106fb0
2024-02-22T00:15:45.039 INFO:teuthology.orchestra.run.smithi052.stdout:/usr/bin/ceph: stderr
2024-02-22T00:15:37.688+0000 7f1c4ffff700 1 -- 172.21.15.52:0/3967658296 <== mon.0 v2:172.21.15.52:3300/0 2 ==== config(26 keys) v1 ==== 1105+0+0 (secure 0 0 0) 0x7f1c580042c0 con 0x7f1c5c106fb0
2024-02-22T00:15:45.039 INFO:teuthology.orchestra.run.smithi052.stdout:/usr/bin/ceph: stderr
2024-02-22T00:15:37.688+0000 7f1c4ffff700 1 -- 172.21.15.52:0/3967658296 <== mon.0 v2:172.21.15.52:3300/0 3 ==== mon_map magic: 0 v1 ==== 205+0+0 (secure 0 0 0) 0x7f1c580119b0 con 0x7f1c5c106fb0
2024-02-22T00:15:45.039 INFO:teuthology.orchestra.run.smithi052.stdout:/usr/bin/ceph: stderr
2024-02-22T00:15:37.689+0000 7f1c639be700 1 -- 172.21.15.52:0/3967658296 >> [v2:172.21.15.52:3300/0,v1:172.21.15.52:6789/0] conn(0x7f1c5c106fb0 msgr2=0x7f1c5c1093a0 secure :-1 s=STATE_CONNECTION_ESTABLISHED l=1).mark_down
2024-02-22T00:15:45.039 INFO:teuthology.orchestra.run.smithi052.stdout:/usr/bin/ceph: stderr
2024-02-22T00:15:37.689+0000 7f1c639be700 1 --2- 172.21.15.52:0/3967658296 >> [v2:172.21.15.52:3300/0,v1:172.21.15.52:6789/0] conn(0x7f1c5c106fb0 0x7f1c5c1093a0 secure :-1 s=READY pgs=61 cs=0 l=1 rev1=1 crypto rx=0x7f1c580098a0 tx=0x7f1c58009bb0 comp rx=0 tx=0).stop
2024-02-22T00:15:45.039 INFO:teuthology.orchestra.run.smithi052.stdout:/usr/bin/ceph: stderr
2024-02-22T00:15:37.689+0000 7f1c639be700 1 -- 172.21.15.52:0/3967658296 shutdown_connections
2024-02-22T00:15:45.039 INFO:teuthology.orchestra.run.smithi052.stdout:/usr/bin/ceph: stderr
2024-02-22T00:15:37.689+0000 7f1c639be700 1 --2- 172.21.15.52:0/3967658296 >> [v2:172.21.15.52:3300/0,v1:172.21.15.52:6789/0] conn(0x7f1c5c106fb0 0x7f1c5c1093a0 unknown :-1 s=CLOSED pgs=61 cs=0 l=1 rev1=1 crypto rx=0 tx=0 comp rx=0 tx=0).stop
2024-02-22T00:15:45.040 INFO:teuthology.orchestra.run.smithi052.stdout:/usr/bin/ceph: stderr
2024-02-22T00:15:37.689+0000 7f1c639be700 1 -- 172.21.15.52:0/3967658296 >> 172.21.15.52:0/3967658296 conn(0x7f1c5c1009e0 msgr2=0x7f1c5c102e00 unknown :-1 s=STATE_NONE l=0).mark_down
2024-02-22T00:15:45.040 INFO:teuthology.orchestra.run.smithi052.stdout:/usr/bin/ceph: stderr
2024-02-22T00:15:37.689+0000 7f1c639be700 1 -- 172.21.15.52:0/3967658296 shutdown_connections
2024-02-22T00:15:45.040 INFO:teuthology.orchestra.run.smithi052.stdout:/usr/bin/ceph: stderr
2024-02-22T00:15:37.689+0000 7f1c639be700 1 -- 172.21.15.52:0/3967658296 wait complete.
2024-02-22T00:15:45.040 INFO:teuthology.orchestra.run.smithi052.stdout:/usr/bin/ceph: stderr
2024-02-22T00:15:37.690+0000 7f1c639be700 1 Processor -- start
2024-02-22T00:15:45.040 INFO:teuthology.orchestra.run.smithi052.stdout:/usr/bin/ceph: stderr
2024-02-22T00:15:37.690+0000 7f1c639be700 1 -- start start
2024-02-22T00:15:45.040 INFO:teuthology.orchestra.run.smithi052.stdout:/usr/bin/ceph: stderr
2024-02-22T00:15:37.690+0000 7f1c639be700 1 --2- >> [v2:172.21.15.52:3300/0,v1:172.21.15.52:6789/0] conn(0x7f1c5c106fb0 0x7f1c5c1067e0 unknown :-1 s=NONE pgs=0 cs=0 l=1 rev1=0 crypto rx=0 tx=0 comp rx=0 tx=0).connect
2024-02-22T00:15:45.040 INFO:teuthology.orchestra.run.smithi052.stdout:/usr/bin/ceph: stderr
2024-02-22T00:15:37.690+0000 7f1c639be700 1 -- --> [v2:172.21.15.52:3300/0,v1:172.21.15.52:6789/0] -- mon_getmap magic: 0 v1 -- 0x7f1c5c106d20 con 0x7f1c5c106fb0
2024-02-22T00:15:45.040 INFO:teuthology.orchestra.run.smithi052.stdout:/usr/bin/ceph: stderr
2024-02-22T00:15:37.690+0000 7f1c6175a700 1 --2- >> [v2:172.21.15.52:3300/0,v1:172.21.15.52:6789/0] conn(0x7f1c5c106fb0 0x7f1c5c1067e0 unknown :-1 s=BANNER_CONNECTING pgs=0 cs=0 l=1 rev1=0 crypto rx=0 tx=0 comp rx=0 tx=0)._handle_peer_banner_payload supported=3 required=0
2024-02-22T00:15:45.040 INFO:teuthology.orchestra.run.smithi052.stdout:/usr/bin/ceph: stderr
2024-02-22T00:15:37.690+0000 7f1c6175a700 1 --2- >> [v2:172.21.15.52:3300/0,v1:172.21.15.52:6789/0] conn(0x7f1c5c106fb0 0x7f1c5c1067e0 unknown :-1 s=HELLO_CONNECTING pgs=0 cs=0 l=1 rev1=1 crypto rx=0 tx=0 comp rx=0 tx=0).handle_hello peer v2:172.21.15.52:3300/0 says I am v2:172.21.15.52:44100/0 (socket says 172.21.15.52:44100)
2024-02-22T00:15:45.040 INFO:teuthology.orchestra.run.smithi052.stdout:/usr/bin/ceph: stderr
2024-02-22T00:15:37.690+0000 7f1c6175a700 1 -- 172.21.15.52:0/781439709 learned_addr learned my addr 172.21.15.52:0/781439709 (peer_addr_for_me v2:172.21.15.52:0/0)
2024-02-22T00:15:45.040 INFO:teuthology.orchestra.run.smithi052.stdout:/usr/bin/ceph: stderr
2024-02-22T00:15:37.691+0000 7f1c6175a700 1 -- 172.21.15.52:0/781439709 --> [v2:172.21.15.52:3300/0,v1:172.21.15.52:6789/0] -- mon_subscribe({config=0+,monmap=0+}) v3 -- 0x7f1c58009550 con 0x7f1c5c106fb0
2024-02-22T00:15:45.040 INFO:teuthology.orchestra.run.smithi052.stdout:/usr/bin/ceph: stderr
2024-02-22T00:15:37.691+0000 7f1c6175a700 1 --2- 172.21.15.52:0/781439709 >> [v2:172.21.15.52:3300/0,v1:172.21.15.52:6789/0] conn(0x7f1c5c106fb0 0x7f1c5c1067e0 secure :-1 s=READY pgs=62 cs=0 l=1 rev1=1 crypto rx=0x7f1c58006af0 tx=0x7f1c58011a10 comp rx=0 tx=0).ready entity=mon.0 client_cookie=0 server_cookie=0 in_seq=0 out_seq=0
2024-02-22T00:15:45.040 INFO:teuthology.orchestra.run.smithi052.stdout:/usr/bin/ceph: stderr
2024-02-22T00:15:37.691+0000 7f1c4e7fc700 1 -- 172.21.15.52:0/781439709 <== mon.0 v2:172.21.15.52:3300/0 1 ==== mon_map magic: 0 v1 ==== 205+0+0 (secure 0 0 0) 0x7f1c58003a40 con 0x7f1c5c106fb0
2024-02-22T00:15:45.041 INFO:teuthology.orchestra.run.smithi052.stdout:/usr/bin/ceph: stderr
2024-02-22T00:15:37.691+0000 7f1c639be700 1 -- 172.21.15.52:0/781439709 --> [v2:172.21.15.52:3300/0,v1:172.21.15.52:6789/0] -- mon_subscribe({mgrmap=0+}) v3 -- 0x7f1c5c104f60 con 0x7f1c5c106fb0
2024-02-22T00:15:45.041 INFO:teuthology.orchestra.run.smithi052.stdout:/usr/bin/ceph: stderr
2024-02-22T00:15:37.691+0000 7f1c4e7fc700 1 -- 172.21.15.52:0/781439709 <== mon.0 v2:172.21.15.52:3300/0 2 ==== config(26 keys) v1 ==== 1105+0+0 (secure 0 0 0) 0x7f1c58003ba0 con 0x7f1c5c106fb0
2024-02-22T00:15:45.041 INFO:teuthology.orchestra.run.smithi052.stdout:/usr/bin/ceph: stderr
2024-02-22T00:15:37.691+0000 7f1c4e7fc700 1 -- 172.21.15.52:0/781439709 <== mon.0 v2:172.21.15.52:3300/0 3 ==== mon_map magic: 0 v1 ==== 205+0+0 (secure 0 0 0) 0x7f1c580196c0 con 0x7f1c5c106fb0
2024-02-22T00:15:45.041 INFO:teuthology.orchestra.run.smithi052.stdout:/usr/bin/ceph: stderr
2024-02-22T00:15:37.691+0000 7f1c639be700 1 -- 172.21.15.52:0/781439709 --> [v2:172.21.15.52:3300/0,v1:172.21.15.52:6789/0] -- mon_subscribe({osdmap=0}) v3 -- 0x7f1c5c105400 con 0x7f1c5c106fb0
2024-02-22T00:15:45.041 INFO:teuthology.orchestra.run.smithi052.stdout:/usr/bin/ceph: stderr
2024-02-22T00:15:37.692+0000 7f1c4e7fc700 1 -- 172.21.15.52:0/781439709 <== mon.0 v2:172.21.15.52:3300/0 4 ==== mgrmap(e 9) v1 ==== 45550+0+0 (secure 0 0 0) 0x7f1c5801a430 con 0x7f1c5c106fb0
2024-02-22T00:15:45.041 INFO:teuthology.orchestra.run.smithi052.stdout:/usr/bin/ceph: stderr
2024-02-22T00:15:37.692+0000 7f1c4e7fc700 1 --2- 172.21.15.52:0/781439709 >> [v2:172.21.15.52:6800/128288418,v1:172.21.15.52:6801/128288418] conn(0x7f1c48038750 0x7f1c4803ac10 unknown :-1 s=NONE pgs=0 cs=0 l=1 rev1=0 crypto rx=0 tx=0 comp rx=0 tx=0).connect
2024-02-22T00:15:45.041 INFO:teuthology.orchestra.run.smithi052.stdout:/usr/bin/ceph: stderr
2024-02-22T00:15:37.692+0000 7f1c4e7fc700 1 -- 172.21.15.52:0/781439709 --> [v2:172.21.15.52:6800/128288418,v1:172.21.15.52:6801/128288418] -- command(tid 0: {"prefix": "get_command_descriptions"}) v1 -- 0x7f1c4803b320 con 0x7f1c48038750
2024-02-22T00:15:45.041 INFO:teuthology.orchestra.run.smithi052.stdout:/usr/bin/ceph: stderr
2024-02-22T00:15:37.692+0000 7f1c4e7fc700 1 -- 172.21.15.52:0/781439709 <== mon.0 v2:172.21.15.52:3300/0 5 ==== osd_map(2..2 src has 1..2) v4 ==== 940+0+0 (secure 0 0 0) 0x7f1c5804c6b0 con 0x7f1c5c106fb0
2024-02-22T00:15:45.041 INFO:teuthology.orchestra.run.smithi052.stdout:/usr/bin/ceph: stderr
2024-02-22T00:15:37.692+0000 7f1c60f59700 1 -- 172.21.15.52:0/781439709 >> [v2:172.21.15.52:6800/128288418,v1:172.21.15.52:6801/128288418] conn(0x7f1c48038750 msgr2=0x7f1c4803ac10 unknown :-1 s=STATE_CONNECTING_RE l=1).process reconnect failed to v2:172.21.15.52:6800/128288418
2024-02-22T00:15:45.041 INFO:teuthology.orchestra.run.smithi052.stdout:/usr/bin/ceph: stderr
2024-02-22T00:15:37.692+0000 7f1c60f59700 1 --2- 172.21.15.52:0/781439709 >> [v2:172.21.15.52:6800/128288418,v1:172.21.15.52:6801/128288418] conn(0x7f1c48038750 0x7f1c4803ac10 unknown :-1 s=START_CONNECT pgs=0 cs=0 l=1 rev1=0 crypto rx=0 tx=0 comp rx=0 tx=0)._fault waiting 0.200000
2024-02-22T00:15:45.041 INFO:teuthology.orchestra.run.smithi052.stdout:/usr/bin/ceph: stderr
2024-02-22T00:15:37.893+0000 7f1c60f59700 1 -- 172.21.15.52:0/781439709 >> [v2:172.21.15.52:6800/128288418,v1:172.21.15.52:6801/128288418] conn(0x7f1c48038750 msgr2=0x7f1c4803ac10 unknown :-1 s=STATE_CONNECTING_RE l=1).process reconnect failed to v2:172.21.15.52:6800/128288418
2024-02-22T00:15:45.041 INFO:teuthology.orchestra.run.smithi052.stdout:/usr/bin/ceph: stderr
2024-02-22T00:15:37.893+0000 7f1c60f59700 1 --2- 172.21.15.52:0/781439709 >> [v2:172.21.15.52:6800/128288418,v1:172.21.15.52:6801/128288418] conn(0x7f1c48038750 0x7f1c4803ac10 unknown :-1 s=START_CONNECT pgs=0 cs=0 l=1 rev1=0 crypto rx=0 tx=0 comp rx=0 tx=0)._fault waiting 0.400000
2024-02-22T00:15:45.041 INFO:teuthology.orchestra.run.smithi052.stdout:/usr/bin/ceph: stderr
2024-02-22T00:15:38.294+0000 7f1c60f59700 1 -- 172.21.15.52:0/781439709 >> [v2:172.21.15.52:6800/128288418,v1:172.21.15.52:6801/128288418] conn(0x7f1c48038750 msgr2=0x7f1c4803ac10 unknown :-1 s=STATE_CONNECTING_RE l=1).process reconnect failed to v2:172.21.15.52:6800/128288418
2024-02-22T00:15:45.041 INFO:teuthology.orchestra.run.smithi052.stdout:/usr/bin/ceph: stderr
2024-02-22T00:15:38.294+0000 7f1c60f59700 1 --2- 172.21.15.52:0/781439709 >> [v2:172.21.15.52:6800/128288418,v1:172.21.15.52:6801/128288418] conn(0x7f1c48038750 0x7f1c4803ac10 unknown :-1 s=START_CONNECT pgs=0 cs=0 l=1 rev1=0 crypto rx=0 tx=0 comp rx=0 tx=0)._fault waiting 0.800000
2024-02-22T00:15:45.042 INFO:teuthology.orchestra.run.smithi052.stdout:/usr/bin/ceph: stderr
2024-02-22T00:15:39.095+0000 7f1c60f59700 1 -- 172.21.15.52:0/781439709 >> [v2:172.21.15.52:6800/128288418,v1:172.21.15.52:6801/128288418] conn(0x7f1c48038750 msgr2=0x7f1c4803ac10 unknown :-1 s=STATE_CONNECTING_RE l=1).process reconnect failed to v2:172.21.15.52:6800/128288418
2024-02-22T00:15:45.042 INFO:teuthology.orchestra.run.smithi052.stdout:/usr/bin/ceph: stderr
2024-02-22T00:15:39.095+0000 7f1c60f59700 1 --2- 172.21.15.52:0/781439709 >> [v2:172.21.15.52:6800/128288418,v1:172.21.15.52:6801/128288418] conn(0x7f1c48038750 0x7f1c4803ac10 unknown :-1 s=START_CONNECT pgs=0 cs=0 l=1 rev1=0 crypto rx=0 tx=0 comp rx=0 tx=0)._fault waiting 1.600000
2024-02-22T00:15:45.042 INFO:teuthology.orchestra.run.smithi052.stdout:/usr/bin/ceph: stderr
2024-02-22T00:15:40.696+0000 7f1c60f59700 1 -- 172.21.15.52:0/781439709 >> [v2:172.21.15.52:6800/128288418,v1:172.21.15.52:6801/128288418] conn(0x7f1c48038750 msgr2=0x7f1c4803ac10 unknown :-1 s=STATE_CONNECTING_RE l=1).process reconnect failed to v2:172.21.15.52:6800/128288418
2024-02-22T00:15:45.042 INFO:teuthology.orchestra.run.smithi052.stdout:/usr/bin/ceph: stderr
2024-02-22T00:15:40.696+0000 7f1c60f59700 1 --2- 172.21.15.52:0/781439709 >> [v2:172.21.15.52:6800/128288418,v1:172.21.15.52:6801/128288418] conn(0x7f1c48038750 0x7f1c4803ac10 unknown :-1 s=START_CONNECT pgs=0 cs=0 l=1 rev1=0 crypto rx=0 tx=0 comp rx=0 tx=0)._fault waiting 3.200000
2024-02-22T00:15:45.042 INFO:teuthology.orchestra.run.smithi052.stdout:/usr/bin/ceph: stderr
2024-02-22T00:15:43.689+0000 7f1c4e7fc700 1 -- 172.21.15.52:0/781439709 <== mon.0 v2:172.21.15.52:3300/0 6 ==== mgrmap(e 10) v1 ==== 45317+0+0 (secure 0 0 0) 0x7f1c58019930 con 0x7f1c5c106fb0
2024-02-22T00:15:45.042 INFO:teuthology.orchestra.run.smithi052.stdout:/usr/bin/ceph: stderr
2024-02-22T00:15:43.689+0000 7f1c4e7fc700 1 -- 172.21.15.52:0/781439709 >> [v2:172.21.15.52:6800/128288418,v1:172.21.15.52:6801/128288418] conn(0x7f1c48038750 msgr2=0x7f1c4803ac10 unknown :-1 s=STATE_CONNECTING l=1).mark_down
2024-02-22T00:15:45.042 INFO:teuthology.orchestra.run.smithi052.stdout:/usr/bin/ceph: stderr
2024-02-22T00:15:43.689+0000 7f1c4e7fc700 1 --2- 172.21.15.52:0/781439709 >> [v2:172.21.15.52:6800/128288418,v1:172.21.15.52:6801/128288418] conn(0x7f1c48038750 0x7f1c4803ac10 unknown :-1 s=START_CONNECT pgs=0 cs=0 l=1 rev1=0 crypto rx=0 tx=0 comp rx=0 tx=0).stop
2024-02-22T00:15:45.042 INFO:teuthology.orchestra.run.smithi052.stdout:/usr/bin/ceph: stderr
2024-02-22T00:15:44.691+0000 7f1c4e7fc700 1 -- 172.21.15.52:0/781439709 <== mon.0 v2:172.21.15.52:3300/0 7 ==== mgrmap(e 11) v1 ==== 45444+0+0 (secure 0 0 0) 0x7f1c5804e370 con 0x7f1c5c106fb0
2024-02-22T00:15:45.042 INFO:teuthology.orchestra.run.smithi052.stdout:/usr/bin/ceph: stderr
2024-02-22T00:15:44.691+0000 7f1c4e7fc700 1 --2- 172.21.15.52:0/781439709 >> [v2:172.21.15.52:6800/852767723,v1:172.21.15.52:6801/852767723] conn(0x7f1c4803bff0 0x7f1c4803e3e0 unknown :-1 s=NONE pgs=0 cs=0 l=1 rev1=0 crypto rx=0 tx=0 comp rx=0 tx=0).connect
2024-02-22T00:15:45.042 INFO:teuthology.orchestra.run.smithi052.stdout:/usr/bin/ceph: stderr
2024-02-22T00:15:44.691+0000 7f1c4e7fc700 1 -- 172.21.15.52:0/781439709 --> [v2:172.21.15.52:6800/852767723,v1:172.21.15.52:6801/852767723] -- command(tid 0: {"prefix": "get_command_descriptions"}) v1 -- 0x7f1c4803b320 con 0x7f1c4803bff0
2024-02-22T00:15:45.042 INFO:teuthology.orchestra.run.smithi052.stdout:/usr/bin/ceph: stderr
