2024-02-22T00:15:23.180+0000 7fad00d81700 1 -- 172.21.15.52:0/3344267832 --> [v2:172.21.15.52:3300/0,v1:172.21.15.52:6789/0] -- mon_subscribe({osdmap=0}) v3 -- 0x7facfc19ada0 con 0x7facfc106fa0
2024-02-22T00:15:23.772 INFO:teuthology.orchestra.run.smithi052.stdout:/usr/bin/ceph: stderr
2024-02-22T00:15:23.181+0000 7faceb7fe700 1 -- 172.21.15.52:0/3344267832 <== mon.0 v2:172.21.15.52:3300/0 4 ==== mgrmap(e 7) v1 ==== 45431+0+0 (secure 0 0 0) 0x7facec0197c0 con 0x7facfc106fa0
2024-02-22T00:15:23.772 INFO:teuthology.orchestra.run.smithi052.stdout:/usr/bin/ceph: stderr
2024-02-22T00:15:23.181+0000 7fad00d81700 1 -- 172.21.15.52:0/3344267832 --> [v2:172.21.15.52:3300/0,v1:172.21.15.52:6789/0] -- mon_command({"prefix": "get_command_descriptions"} v 0) v1 -- 0x7facfc10a5f0 con 0x7facfc106fa0
2024-02-22T00:15:23.772 INFO:teuthology.orchestra.run.smithi052.stdout:/usr/bin/ceph: stderr
2024-02-22T00:15:23.181+0000 7faceb7fe700 1 --2- 172.21.15.52:0/3344267832 >> [v2:172.21.15.52:6800/128288418,v1:172.21.15.52:6801/128288418] conn(0x7face40385c0 0x7face403aa80 unknown :-1 s=NONE pgs=0 cs=0 l=1 rev1=0 crypto rx=0 tx=0 comp rx=0 tx=0).connect
2024-02-22T00:15:23.772 INFO:teuthology.orchestra.run.smithi052.stdout:/usr/bin/ceph: stderr
2024-02-22T00:15:23.181+0000 7faceb7fe700 1 -- 172.21.15.52:0/3344267832 <== mon.0 v2:172.21.15.52:3300/0 5 ==== osd_map(2..2 src has 1..2) v4 ==== 940+0+0 (secure 0 0 0) 0x7facec04c5a0 con 0x7facfc106fa0
2024-02-22T00:15:23.772 INFO:teuthology.orchestra.run.smithi052.stdout:/usr/bin/ceph: stderr
2024-02-22T00:15:23.181+0000 7facf9d9b700 1 --2- 172.21.15.52:0/3344267832 >> [v2:172.21.15.52:6800/128288418,v1:172.21.15.52:6801/128288418] conn(0x7face40385c0 0x7face403aa80 unknown :-1 s=BANNER_CONNECTING pgs=0 cs=0 l=1 rev1=0 crypto rx=0 tx=0 comp rx=0 tx=0)._handle_peer_banner_payload supported=3 required=0
2024-02-22T00:15:23.772 INFO:teuthology.orchestra.run.smithi052.stdout:/usr/bin/ceph: stderr
2024-02-22T00:15:23.182+0000 7facf9d9b700 1 --2- 172.21.15.52:0/3344267832 >> [v2:172.21.15.52:6800/128288418,v1:172.21.15.52:6801/128288418] conn(0x7face40385c0 0x7face403aa80 secure :-1 s=READY pgs=7 cs=0 l=1 rev1=1 crypto rx=0x7facf0006fd0 tx=0x7facf0006e40 comp rx=0 tx=0).ready entity=mgr.14120 client_cookie=0 server_cookie=0 in_seq=0 out_seq=0
2024-02-22T00:15:23.772 INFO:teuthology.orchestra.run.smithi052.stdout:/usr/bin/ceph: stderr
2024-02-22T00:15:23.186+0000 7faceb7fe700 1 -- 172.21.15.52:0/3344267832 <== mon.0 v2:172.21.15.52:3300/0 6 ==== mon_command_ack([{"prefix": "get_command_descriptions"}]=0 v0) v1 ==== 72+0+182595 (secure 0 0 0) 0x7facec02b340 con 0x7facfc106fa0
2024-02-22T00:15:23.773 INFO:teuthology.orchestra.run.smithi052.stdout:/usr/bin/ceph: stderr
2024-02-22T00:15:23.412+0000 7fad00d81700 1 -- 172.21.15.52:0/3344267832 --> [v2:172.21.15.52:6800/128288418,v1:172.21.15.52:6801/128288418] -- mgr_command(tid 0: {"prefix": "orch set backend", "module_name": "cephadm", "target": ["mon-mgr", ""]}) v1 -- 0x7facfc101cd0 con 0x7face40385c0
2024-02-22T00:15:23.773 INFO:teuthology.orchestra.run.smithi052.stdout:/usr/bin/ceph: stderr
2024-02-22T00:15:23.420+0000 7faceb7fe700 1 -- 172.21.15.52:0/3344267832 <== mgr.14120 v2:172.21.15.52:6800/128288418 1 ==== mgr_command_reply(tid 0: 0 ) v1 ==== 8+0+0 (secure 0 0 0) 0x7facfc101cd0 con 0x7face40385c0
2024-02-22T00:15:23.773 INFO:teuthology.orchestra.run.smithi052.stdout:/usr/bin/ceph: stderr
2024-02-22T00:15:23.423+0000 7fad00d81700 1 -- 172.21.15.52:0/3344267832 >> [v2:172.21.15.52:6800/128288418,v1:172.21.15.52:6801/128288418] conn(0x7face40385c0 msgr2=0x7face403aa80 secure :-1 s=STATE_CONNECTION_ESTABLISHED l=1).mark_down
2024-02-22T00:15:23.773 INFO:teuthology.orchestra.run.smithi052.stdout:/usr/bin/ceph: stderr
2024-02-22T00:15:23.423+0000 7fad00d81700 1 --2- 172.21.15.52:0/3344267832 >> [v2:172.21.15.52:6800/128288418,v1:172.21.15.52:6801/128288418] conn(0x7face40385c0 0x7face403aa80 secure :-1 s=READY pgs=7 cs=0 l=1 rev1=1 crypto rx=0x7facf0006fd0 tx=0x7facf0006e40 comp rx=0 tx=0).stop
2024-02-22T00:15:23.773 INFO:teuthology.orchestra.run.smithi052.stdout:/usr/bin/ceph: stderr
2024-02-22T00:15:23.423+0000 7fad00d81700 1 -- 172.21.15.52:0/3344267832 >> [v2:172.21.15.52:3300/0,v1:172.21.15.52:6789/0] conn(0x7facfc106fa0 msgr2=0x7facfc19a1c0 secure :-1 s=STATE_CONNECTION_ESTABLISHED l=1).mark_down
2024-02-22T00:15:23.773 INFO:teuthology.orchestra.run.smithi052.stdout:/usr/bin/ceph: stderr
2024-02-22T00:15:23.423+0000 7fad00d81700 1 --2- 172.21.15.52:0/3344267832 >> [v2:172.21.15.52:3300/0,v1:172.21.15.52:6789/0] conn(0x7facfc106fa0 0x7facfc19a1c0 secure :-1 s=READY pgs=38 cs=0 l=1 rev1=1 crypto rx=0x7facec009130 tx=0x7facec011ad0 comp rx=0 tx=0).stop
2024-02-22T00:15:23.773 INFO:teuthology.orchestra.run.smithi052.stdout:/usr/bin/ceph: stderr
2024-02-22T00:15:23.423+0000 7fad00d81700 1 -- 172.21.15.52:0/3344267832 shutdown_connections
2024-02-22T00:15:23.773 INFO:teuthology.orchestra.run.smithi052.stdout:/usr/bin/ceph: stderr
2024-02-22T00:15:23.423+0000 7fad00d81700 1 --2- 172.21.15.52:0/3344267832 >> [v2:172.21.15.52:6800/128288418,v1:172.21.15.52:6801/128288418] conn(0x7face40385c0 0x7face403aa80 unknown :-1 s=CLOSED pgs=7 cs=0 l=1 rev1=1 crypto rx=0 tx=0 comp rx=0 tx=0).stop
2024-02-22T00:15:23.773 INFO:teuthology.orchestra.run.smithi052.stdout:/usr/bin/ceph: stderr
2024-02-22T00:15:23.423+0000 7fad00d81700 1 --2- 172.21.15.52:0/3344267832 >> [v2:172.21.15.52:3300/0,v1:172.21.15.52:6789/0] conn(0x7facfc106fa0 0x7facfc19a1c0 unknown :-1 s=CLOSED pgs=38 cs=0 l=1 rev1=1 crypto rx=0 tx=0 comp rx=0 tx=0).stop
2024-02-22T00:15:23.773 INFO:teuthology.orchestra.run.smithi052.stdout:/usr/bin/ceph: stderr
2024-02-22T00:15:23.423+0000 7fad00d81700 1 -- 172.21.15.52:0/3344267832 >> 172.21.15.52:0/3344267832 conn(0x7facfc100a10 msgr2=0x7facfc1015c0 unknown :-1 s=STATE_NONE l=0).mark_down
2024-02-22T00:15:23.773 INFO:teuthology.orchestra.run.smithi052.stdout:/usr/bin/ceph: stderr
2024-02-22T00:15:23.423+0000 7fad00d81700 1 -- 172.21.15.52:0/3344267832 shutdown_connections
2024-02-22T00:15:23.773 INFO:teuthology.orchestra.run.smithi052.stdout:/usr/bin/ceph: stderr
2024-02-22T00:15:23.423+0000 7fad00d81700 1 -- 172.21.15.52:0/3344267832 wait complete.
2024-02-22T00:15:24.703 INFO:teuthology.orchestra.run.smithi052.stdout:/usr/bin/ceph: stdout value unchanged
2024-02-22T00:15:24.703 INFO:teuthology.orchestra.run.smithi052.stdout:/usr/bin/ceph: stderr
2024-02-22T00:15:24.118+0000 7fca04c12700 1 Processor -- start
2024-02-22T00:15:24.703 INFO:teuthology.orchestra.run.smithi052.stdout:/usr/bin/ceph: stderr
2024-02-22T00:15:24.118+0000 7fca04c12700 1 -- start start
2024-02-22T00:15:24.703 INFO:teuthology.orchestra.run.smithi052.stdout:/usr/bin/ceph: stderr
2024-02-22T00:15:24.118+0000 7fca04c12700 1 --2- >> [v2:172.21.15.52:3300/0,v1:172.21.15.52:6789/0] conn(0x7fca00106fb0 0x7fca001093a0 unknown :-1 s=NONE pgs=0 cs=0 l=0 rev1=0 crypto rx=0 tx=0 comp rx=0 tx=0).connect
2024-02-22T00:15:24.703 INFO:teuthology.orchestra.run.smithi052.stdout:/usr/bin/ceph: stderr
2024-02-22T00:15:24.118+0000 7fca04c12700 1 -- --> [v2:172.21.15.52:3300/0,v1:172.21.15.52:6789/0] -- mon_getmap magic: 0 v1 -- 0x7fca00079e90 con 0x7fca00106fb0
2024-02-22T00:15:24.703 INFO:teuthology.orchestra.run.smithi052.stdout:/usr/bin/ceph: stderr
2024-02-22T00:15:24.118+0000 7fc9fe59c700 1 --2- >> [v2:172.21.15.52:3300/0,v1:172.21.15.52:6789/0] conn(0x7fca00106fb0 0x7fca001093a0 unknown :-1 s=BANNER_CONNECTING pgs=0 cs=0 l=0 rev1=0 crypto rx=0 tx=0 comp rx=0 tx=0)._handle_peer_banner_payload supported=3 required=0
2024-02-22T00:15:24.703 INFO:teuthology.orchestra.run.smithi052.stdout:/usr/bin/ceph: stderr
2024-02-22T00:15:24.118+0000 7fc9fe59c700 1 --2- >> [v2:172.21.15.52:3300/0,v1:172.21.15.52:6789/0] conn(0x7fca00106fb0 0x7fca001093a0 unknown :-1 s=HELLO_CONNECTING pgs=0 cs=0 l=0 rev1=1 crypto rx=0 tx=0 comp rx=0 tx=0).handle_hello peer v2:172.21.15.52:3300/0 says I am v2:172.21.15.52:34638/0 (socket says 172.21.15.52:34638)
2024-02-22T00:15:24.703 INFO:teuthology.orchestra.run.smithi052.stdout:/usr/bin/ceph: stderr
2024-02-22T00:15:24.118+0000 7fc9fe59c700 1 -- 172.21.15.52:0/3028583101 learned_addr learned my addr 172.21.15.52:0/3028583101 (peer_addr_for_me v2:172.21.15.52:0/0)
2024-02-22T00:15:24.704 INFO:teuthology.orchestra.run.smithi052.stdout:/usr/bin/ceph: stderr
2024-02-22T00:15:24.119+0000 7fc9fe59c700 1 -- 172.21.15.52:0/3028583101 --> [v2:172.21.15.52:3300/0,v1:172.21.15.52:6789/0] -- mon_subscribe({config=0+,monmap=0+}) v3 -- 0x7fca001098e0 con 0x7fca00106fb0
2024-02-22T00:15:24.704 INFO:teuthology.orchestra.run.smithi052.stdout:/usr/bin/ceph: stderr
2024-02-22T00:15:24.119+0000 7fc9fe59c700 1 --2- 172.21.15.52:0/3028583101 >> [v2:172.21.15.52:3300/0,v1:172.21.15.52:6789/0] conn(0x7fca00106fb0 0x7fca001093a0 secure :-1 s=READY pgs=39 cs=0 l=1 rev1=1 crypto rx=0x7fc9f00098a0 tx=0x7fc9f0009bb0 comp rx=0 tx=0).ready entity=mon.0 client_cookie=14b5807bdd36eebd server_cookie=0 in_seq=0 out_seq=0
2024-02-22T00:15:24.704 INFO:teuthology.orchestra.run.smithi052.stdout:/usr/bin/ceph: stderr
2024-02-22T00:15:24.119+0000 7fc9fd59a700 1 -- 172.21.15.52:0/3028583101 <== mon.0 v2:172.21.15.52:3300/0 1 ==== mon_map magic: 0 v1 ==== 205+0+0 (secure 0 0 0) 0x7fc9f0004160 con 0x7fca00106fb0
2024-02-22T00:15:24.704 INFO:teuthology.orchestra.run.smithi052.stdout:/usr/bin/ceph: stderr
2024-02-22T00:15:24.119+0000 7fc9fd59a700 1 -- 172.21.15.52:0/3028583101 <== mon.0 v2:172.21.15.52:3300/0 2 ==== config(26 keys) v1 ==== 1074+0+0 (secure 0 0 0) 0x7fc9f00042c0 con 0x7fca00106fb0
2024-02-22T00:15:24.704 INFO:teuthology.orchestra.run.smithi052.stdout:/usr/bin/ceph: stderr
2024-02-22T00:15:24.119+0000 7fc9fd59a700 1 -- 172.21.15.52:0/3028583101 <== mon.0 v2:172.21.15.52:3300/0 3 ==== mon_map magic: 0 v1 ==== 205+0+0 (secure 0 0 0) 0x7fc9f0011a00 con 0x7fca00106fb0
2024-02-22T00:15:24.704 INFO:teuthology.orchestra.run.smithi052.stdout:/usr/bin/ceph: stderr
2024-02-22T00:15:24.120+0000 7fca04c12700 1 -- 172.21.15.52:0/3028583101 >> [v2:172.21.15.52:3300/0,v1:172.21.15.52:6789/0] conn(0x7fca00106fb0 msgr2=0x7fca001093a0 secure :-1 s=STATE_CONNECTION_ESTABLISHED l=1).mark_down
2024-02-22T00:15:24.704 INFO:teuthology.orchestra.run.smithi052.stdout:/usr/bin/ceph: stderr
2024-02-22T00:15:24.120+0000 7fca04c12700 1 --2- 172.21.15.52:0/3028583101 >> [v2:172.21.15.52:3300/0,v1:172.21.15.52:6789/0] conn(0x7fca00106fb0 0x7fca001093a0 secure :-1 s=READY pgs=39 cs=0 l=1 rev1=1 crypto rx=0x7fc9f00098a0 tx=0x7fc9f0009bb0 comp rx=0 tx=0).stop
2024-02-22T00:15:24.704 INFO:teuthology.orchestra.run.smithi052.stdout:/usr/bin/ceph: stderr
2024-02-22T00:15:24.120+0000 7fca04c12700 1 -- 172.21.15.52:0/3028583101 shutdown_connections
2024-02-22T00:15:24.704 INFO:teuthology.orchestra.run.smithi052.stdout:/usr/bin/ceph: stderr
2024-02-22T00:15:24.120+0000 7fca04c12700 1 --2- 172.21.15.52:0/3028583101 >> [v2:172.21.15.52:3300/0,v1:172.21.15.52:6789/0] conn(0x7fca00106fb0 0x7fca001093a0 unknown :-1 s=CLOSED pgs=39 cs=0 l=1 rev1=1 crypto rx=0 tx=0 comp rx=0 tx=0).stop
2024-02-22T00:15:24.704 INFO:teuthology.orchestra.run.smithi052.stdout:/usr/bin/ceph: stderr
2024-02-22T00:15:24.120+0000 7fca04c12700 1 -- 172.21.15.52:0/3028583101 >> 172.21.15.52:0/3028583101 conn(0x7fca001009e0 msgr2=0x7fca00102e00 unknown :-1 s=STATE_NONE l=0).mark_down
2024-02-22T00:15:24.704 INFO:teuthology.orchestra.run.smithi052.stdout:/usr/bin/ceph: stderr
2024-02-22T00:15:24.120+0000 7fca04c12700 1 -- 172.21.15.52:0/3028583101 shutdown_connections
2024-02-22T00:15:24.704 INFO:teuthology.orchestra.run.smithi052.stdout:/usr/bin/ceph: stderr
2024-02-22T00:15:24.120+0000 7fca04c12700 1 -- 172.21.15.52:0/3028583101 wait complete.
2024-02-22T00:15:24.704 INFO:teuthology.orchestra.run.smithi052.stdout:/usr/bin/ceph: stderr
2024-02-22T00:15:24.121+0000 7fca04c12700 1 Processor -- start
2024-02-22T00:15:24.705 INFO:teuthology.orchestra.run.smithi052.stdout:/usr/bin/ceph: stderr
2024-02-22T00:15:24.121+0000 7fca04c12700 1 -- start start
2024-02-22T00:15:24.705 INFO:teuthology.orchestra.run.smithi052.stdout:/usr/bin/ceph: stderr
2024-02-22T00:15:24.121+0000 7fca04c12700 1 --2- >> [v2:172.21.15.52:3300/0,v1:172.21.15.52:6789/0] conn(0x7fca00106fb0 0x7fca0019c3e0 unknown :-1 s=NONE pgs=0 cs=0 l=1 rev1=0 crypto rx=0 tx=0 comp rx=0 tx=0).connect
2024-02-22T00:15:24.705 INFO:teuthology.orchestra.run.smithi052.stdout:/usr/bin/ceph: stderr
2024-02-22T00:15:24.121+0000 7fca04c12700 1 -- --> [v2:172.21.15.52:3300/0,v1:172.21.15.52:6789/0] -- mon_getmap magic: 0 v1 -- 0x7fca0019c920 con 0x7fca00106fb0
2024-02-22T00:15:24.705 INFO:teuthology.orchestra.run.smithi052.stdout:/usr/bin/ceph: stderr
2024-02-22T00:15:24.121+0000 7fc9fe59c700 1 --2- >> [v2:172.21.15.52:3300/0,v1:172.21.15.52:6789/0] conn(0x7fca00106fb0 0x7fca0019c3e0 unknown :-1 s=BANNER_CONNECTING pgs=0 cs=0 l=1 rev1=0 crypto rx=0 tx=0 comp rx=0 tx=0)._handle_peer_banner_payload supported=3 required=0
2024-02-22T00:15:24.705 INFO:teuthology.orchestra.run.smithi052.stdout:/usr/bin/ceph: stderr
2024-02-22T00:15:24.121+0000 7fc9fe59c700 1 --2- >> [v2:172.21.15.52:3300/0,v1:172.21.15.52:6789/0] conn(0x7fca00106fb0 0x7fca0019c3e0 unknown :-1 s=HELLO_CONNECTING pgs=0 cs=0 l=1 rev1=1 crypto rx=0 tx=0 comp rx=0 tx=0).handle_hello peer v2:172.21.15.52:3300/0 says I am v2:172.21.15.52:34654/0 (socket says 172.21.15.52:34654)
2024-02-22T00:15:24.705 INFO:teuthology.orchestra.run.smithi052.stdout:/usr/bin/ceph: stderr
2024-02-22T00:15:24.121+0000 7fc9fe59c700 1 -- 172.21.15.52:0/1199846127 learned_addr learned my addr 172.21.15.52:0/1199846127 (peer_addr_for_me v2:172.21.15.52:0/0)
2024-02-22T00:15:24.705 INFO:teuthology.orchestra.run.smithi052.stdout:/usr/bin/ceph: stderr
2024-02-22T00:15:24.121+0000 7fc9fe59c700 1 -- 172.21.15.52:0/1199846127 --> [v2:172.21.15.52:3300/0,v1:172.21.15.52:6789/0] -- mon_subscribe({config=0+,monmap=0+}) v3 -- 0x7fc9f0009550 con 0x7fca00106fb0
2024-02-22T00:15:24.705 INFO:teuthology.orchestra.run.smithi052.stdout:/usr/bin/ceph: stderr
2024-02-22T00:15:24.121+0000 7fc9fe59c700 1 --2- 172.21.15.52:0/1199846127 >> [v2:172.21.15.52:3300/0,v1:172.21.15.52:6789/0] conn(0x7fca00106fb0 0x7fca0019c3e0 secure :-1 s=READY pgs=40 cs=0 l=1 rev1=1 crypto rx=0x7fc9f0009fb0 tx=0x7fc9f0011ad0 comp rx=0 tx=0).ready entity=mon.0 client_cookie=0 server_cookie=0 in_seq=0 out_seq=0
2024-02-22T00:15:24.705 INFO:teuthology.orchestra.run.smithi052.stdout:/usr/bin/ceph: stderr
2024-02-22T00:15:24.122+0000 7fc9ef7fe700 1 -- 172.21.15.52:0/1199846127 <== mon.0 v2:172.21.15.52:3300/0 1 ==== mon_map magic: 0 v1 ==== 205+0+0 (secure 0 0 0) 0x7fc9f0003a40 con 0x7fca00106fb0
2024-02-22T00:15:24.705 INFO:teuthology.orchestra.run.smithi052.stdout:/usr/bin/ceph: stderr
2024-02-22T00:15:24.122+0000 7fca04c12700 1 -- 172.21.15.52:0/1199846127 --> [v2:172.21.15.52:3300/0,v1:172.21.15.52:6789/0] -- mon_subscribe({mgrmap=0+}) v3 -- 0x7fca0019cb20 con 0x7fca00106fb0
2024-02-22T00:15:24.705 INFO:teuthology.orchestra.run.smithi052.stdout:/usr/bin/ceph: stderr
2024-02-22T00:15:24.122+0000 7fc9ef7fe700 1 -- 172.21.15.52:0/1199846127 <== mon.0 v2:172.21.15.52:3300/0 2 ==== config(26 keys) v1 ==== 1074+0+0 (secure 0 0 0) 0x7fc9f0003ba0 con 0x7fca00106fb0
2024-02-22T00:15:24.705 INFO:teuthology.orchestra.run.smithi052.stdout:/usr/bin/ceph: stderr
2024-02-22T00:15:24.122+0000 7fc9ef7fe700 1 -- 172.21.15.52:0/1199846127 <== mon.0 v2:172.21.15.52:3300/0 3 ==== mon_map magic: 0 v1 ==== 205+0+0 (secure 0 0 0) 0x7fc9f001a750 con 0x7fca00106fb0
2024-02-22T00:15:24.705 INFO:teuthology.orchestra.run.smithi052.stdout:/usr/bin/ceph: stderr
2024-02-22T00:15:24.122+0000 7fca04c12700 1 -- 172.21.15.52:0/1199846127 --> [v2:172.21.15.52:3300/0,v1:172.21.15.52:6789/0] -- mon_subscribe({osdmap=0}) v3 -- 0x7fca0019cfc0 con 0x7fca00106fb0
2024-02-22T00:15:24.706 INFO:teuthology.orchestra.run.smithi052.stdout:/usr/bin/ceph: stderr
2024-02-22T00:15:24.122+0000 7fc9ef7fe700 1 -- 172.21.15.52:0/1199846127 <== mon.0 v2:172.21.15.52:3300/0 4 ==== mgrmap(e 7) v1 ==== 45431+0+0 (secure 0 0 0) 0x7fc9f001a9d0 con 0x7fca00106fb0
2024-02-22T00:15:24.706 INFO:teuthology.orchestra.run.smithi052.stdout:/usr/bin/ceph: stderr
2024-02-22T00:15:24.123+0000 7fc9ef7fe700 1 --2- 172.21.15.52:0/1199846127 >> [v2:172.21.15.52:6800/128288418,v1:172.21.15.52:6801/128288418] conn(0x7fc9e8038590 0x7fc9e803aa50 unknown :-1 s=NONE pgs=0 cs=0 l=1 rev1=0 crypto rx=0 tx=0 comp rx=0 tx=0).connect
2024-02-22T00:15:24.706 INFO:teuthology.orchestra.run.smithi052.stdout:/usr/bin/ceph: stderr
2024-02-22T00:15:24.123+0000 7fca04c12700 1 -- 172.21.15.52:0/1199846127 --> [v2:172.21.15.52:3300/0,v1:172.21.15.52:6789/0] -- mon_command({"prefix": "get_command_descriptions"} v 0) v1 -- 0x7fca0010a680 con 0x7fca00106fb0
2024-02-22T00:15:24.706 INFO:teuthology.orchestra.run.smithi052.stdout:/usr/bin/ceph: stderr
2024-02-22T00:15:24.123+0000 7fc9ef7fe700 1 -- 172.21.15.52:0/1199846127 <== mon.0 v2:172.21.15.52:3300/0 5 ==== osd_map(2..2 src has 1..2) v4 ==== 940+0+0 (secure 0 0 0) 0x7fc9f004c5c0 con 0x7fca00106fb0
2024-02-22T00:15:24.706 INFO:teuthology.orchestra.run.smithi052.stdout:/usr/bin/ceph: stderr
2024-02-22T00:15:24.123+0000 7fc9fdd9b700 1 --2- 172.21.15.52:0/1199846127 >> [v2:172.21.15.52:6800/128288418,v1:172.21.15.52:6801/128288418] conn(0x7fc9e8038590 0x7fc9e803aa50 unknown :-1 s=BANNER_CONNECTING pgs=0 cs=0 l=1 rev1=0 crypto rx=0 tx=0 comp rx=0 tx=0)._handle_peer_banner_payload supported=3 required=0
2024-02-22T00:15:24.706 INFO:teuthology.orchestra.run.smithi052.stdout:/usr/bin/ceph: stderr
2024-02-22T00:15:24.123+0000 7fc9fdd9b700 1 --2- 172.21.15.52:0/1199846127 >> [v2:172.21.15.52:6800/128288418,v1:172.21.15.52:6801/128288418] conn(0x7fc9e8038590 0x7fc9e803aa50 secure :-1 s=READY pgs=8 cs=0 l=1 rev1=1 crypto rx=0x7fc9f4006fd0 tx=0x7fc9f4006e40 comp rx=0 tx=0).ready entity=mgr.14120 client_cookie=0 server_cookie=0 in_seq=0 out_seq=0
2024-02-22T00:15:24.706 INFO:teuthology.orchestra.run.smithi052.stdout:/usr/bin/ceph: stderr
2024-02-22T00:15:24.128+0000 7fc9ef7fe700 1 -- 172.21.15.52:0/1199846127 <== mon.0 v2:172.21.15.52:3300/0 6 ==== mon_command_ack([{"prefix": "get_command_descriptions"}]=0 v0) v1 ==== 72+0+182595 (secure 0 0 0) 0x7fc9f0018db0 con 0x7fca00106fb0
2024-02-22T00:15:24.706 INFO:teuthology.orchestra.run.smithi052.stdout:/usr/bin/ceph: stderr
2024-02-22T00:15:24.342+0000 7fca04c12700 1 -- 172.21.15.52:0/1199846127 --> [v2:172.21.15.52:6800/128288418,v1:172.21.15.52:6801/128288418] -- mgr_command(tid 0: {"prefix": "cephadm set-user", "user": "root", "target": ["mon-mgr", ""]}) v1 -- 0x7fca00101bf0 con 0x7fc9e8038590
2024-02-22T00:15:24.706 INFO:teuthology.orchestra.run.smithi052.stdout:/usr/bin/ceph: stderr
2024-02-22T00:15:24.343+0000 7fc9ef7fe700 1 -- 172.21.15.52:0/1199846127 <== mgr.14120 v2:172.21.15.52:6800/128288418 1 ==== mgr_command_reply(tid 0: 0 ) v1 ==== 8+0+16 (secure 0 0 0) 0x7fca00101bf0 con 0x7fc9e8038590
2024-02-22T00:15:24.706 INFO:teuthology.orchestra.run.smithi052.stdout:/usr/bin/ceph: stderr
2024-02-22T00:15:24.345+0000 7fca04c12700 1 -- 172.21.15.52:0/1199846127 >> [v2:172.21.15.52:6800/128288418,v1:172.21.15.52:6801/128288418] conn(0x7fc9e8038590 msgr2=0x7fc9e803aa50 secure :-1 s=STATE_CONNECTION_ESTABLISHED l=1).mark_down
2024-02-22T00:15:24.706 INFO:teuthology.orchestra.run.smithi052.stdout:/usr/bin/ceph: stderr
2024-02-22T00:15:24.345+0000 7fca04c12700 1 --2- 172.21.15.52:0/1199846127 >> [v2:172.21.15.52:6800/128288418,v1:172.21.15.52:6801/128288418] conn(0x7fc9e8038590 0x7fc9e803aa50 secure :-1 s=READY pgs=8 cs=0 l=1 rev1=1 crypto rx=0x7fc9f4006fd0 tx=0x7fc9f4006e40 comp rx=0 tx=0).stop
2024-02-22T00:15:24.706 INFO:teuthology.orchestra.run.smithi052.stdout:/usr/bin/ceph: stderr
2024-02-22T00:15:24.345+0000 7fca04c12700 1 -- 172.21.15.52:0/1199846127 >> [v2:172.21.15.52:3300/0,v1:172.21.15.52:6789/0] conn(0x7fca00106fb0 msgr2=0x7fca0019c3e0 secure :-1 s=STATE_CONNECTION_ESTABLISHED l=1).mark_down
2024-02-22T00:15:24.706 INFO:teuthology.orchestra.run.smithi052.stdout:/usr/bin/ceph: stderr
2024-02-22T00:15:24.345+0000 7fca04c12700 1 --2- 172.21.15.52:0/1199846127 >> [v2:172.21.15.52:3300/0,v1:172.21.15.52:6789/0] conn(0x7fca00106fb0 0x7fca0019c3e0 secure :-1 s=READY pgs=40 cs=0 l=1 rev1=1 crypto rx=0x7fc9f0009fb0 tx=0x7fc9f0011ad0 comp rx=0 tx=0).stop
2024-02-22T00:15:24.706 INFO:teuthology.orchestra.run.smithi052.stdout:/usr/bin/ceph: stderr
2024-02-22T00:15:24.345+0000 7fca04c12700 1 -- 172.21.15.52:0/1199846127 shutdown_connections
2024-02-22T00:15:24.707 INFO:teuthology.orchestra.run.smithi052.stdout:/usr/bin/ceph: stderr
2024-02-22T00:15:24.345+0000 7fca04c12700 1 --2- 172.21.15.52:0/1199846127 >> [v2:172.21.15.52:6800/128288418,v1:172.21.15.52:6801/128288418] conn(0x7fc9e8038590 0x7fc9e803aa50 unknown :-1 s=CLOSED pgs=8 cs=0 l=1 rev1=1 crypto rx=0 tx=0 comp rx=0 tx=0).stop
2024-02-22T00:15:24.707 INFO:teuthology.orchestra.run.smithi052.stdout:/usr/bin/ceph: stderr
2024-02-22T00:15:24.345+0000 7fca04c12700 1 --2- 172.21.15.52:0/1199846127 >> [v2:172.21.15.52:3300/0,v1:172.21.15.52:6789/0] conn(0x7fca00106fb0 0x7fca0019c3e0 unknown :-1 s=CLOSED pgs=40 cs=0 l=1 rev1=1 crypto rx=0 tx=0 comp rx=0 tx=0).stop
2024-02-22T00:15:24.707 INFO:teuthology.orchestra.run.smithi052.stdout:/usr/bin/ceph: stderr
2024-02-22T00:15:24.345+0000 7fca04c12700 1 -- 172.21.15.52:0/1199846127 >> 172.21.15.52:0/1199846127 conn(0x7fca001009e0 msgr2=0x7fca001014e0 unknown :-1 s=STATE_NONE l=0).mark_down
2024-02-22T00:15:24.707 INFO:teuthology.orchestra.run.smithi052.stdout:/usr/bin/ceph: stderr
2024-02-22T00:15:24.346+0000 7fca04c12700 1 -- 172.21.15.52:0/1199846127 shutdown_connections
2024-02-22T00:15:24.707 INFO:teuthology.orchestra.run.smithi052.stdout:/usr/bin/ceph: stderr
2024-02-22T00:15:24.346+0000 7fca04c12700 1 -- 172.21.15.52:0/1199846127 wait complete.
2024-02-22T00:15:24.707 INFO:teuthology.orchestra.run.smithi052.stdout:Generating ssh key...
2024-02-22T00:15:24.749 INFO:journalctl@ceph.mon.a.smithi052.stdout:Feb 22 00:15:24 smithi052 ceph-mon[43442]: from='client.14132 -' entity='client.admin' cmd=[{"prefix": "orch set backend", "module_name": "cephadm", "target": ["mon-mgr", ""]}]: dispatch
2024-02-22T00:15:24.750 INFO:journalctl@ceph.mon.a.smithi052.stdout:Feb 22 00:15:24 smithi052 ceph-mon[43442]: mgrmap e8: x(active, since 2s)
2024-02-22T00:15:25.855 INFO:journalctl@ceph.mon.a.smithi052.stdout:Feb 22 00:15:25 smithi052 ceph-mon[43442]: from='client.14134 -' entity='client.admin' cmd=[{"prefix": "cephadm set-user", "user": "root", "target": ["mon-mgr", ""]}]: dispatch
2024-02-22T00:15:25.855 INFO:journalctl@ceph.mgr.x.smithi052.stdout:Feb 22 00:15:25 smithi052 ceph-48564048-d117-11ee-95bd-87774f69a715-mgr-x[43691]: Generating public/private rsa key pair.
2024-02-22T00:15:25.855 INFO:journalctl@ceph.mgr.x.smithi052.stdout:Feb 22 00:15:25 smithi052 ceph-48564048-d117-11ee-95bd-87774f69a715-mgr-x[43691]: Your identification has been saved in /tmp/tmpc87mhl8l/key.
2024-02-22T00:15:25.855 INFO:journalctl@ceph.mgr.x.smithi052.stdout:Feb 22 00:15:25 smithi052 ceph-48564048-d117-11ee-95bd-87774f69a715-mgr-x[43691]: Your public key has been saved in /tmp/tmpc87mhl8l/key.pub.
2024-02-22T00:15:25.855 INFO:journalctl@ceph.mgr.x.smithi052.stdout:Feb 22 00:15:25 smithi052 ceph-48564048-d117-11ee-95bd-87774f69a715-mgr-x[43691]: The key fingerprint is:
2024-02-22T00:15:25.855 INFO:journalctl@ceph.mgr.x.smithi052.stdout:Feb 22 00:15:25 smithi052 ceph-48564048-d117-11ee-95bd-87774f69a715-mgr-x[43691]: SHA256:EtUS8Ex7GmYDS6DG3I2dnLet9q+5YBZFRozbhPXktt0 ceph-48564048-d117-11ee-95bd-87774f69a715
2024-02-22T00:15:25.855 INFO:journalctl@ceph.mgr.x.smithi052.stdout:Feb 22 00:15:25 smithi052 ceph-48564048-d117-11ee-95bd-87774f69a715-mgr-x[43691]: The key's randomart image is:
2024-02-22T00:15:25.856 INFO:journalctl@ceph.mgr.x.smithi052.stdout:Feb 22 00:15:25 smithi052 ceph-48564048-d117-11ee-95bd-87774f69a715-mgr-x[43691]: +---[RSA 3072]----+
2024-02-22T00:15:25.856 INFO:journalctl@ceph.mgr.x.smithi052.stdout:Feb 22 00:15:25 smithi052 ceph-48564048-d117-11ee-95bd-87774f69a715-mgr-x[43691]: | ..+.+O= . |
2024-02-22T00:15:25.856 INFO:journalctl@ceph.mgr.x.smithi052.stdout:Feb 22 00:15:25 smithi052 ceph-48564048-d117-11ee-95bd-87774f69a715-mgr-x[43691]: | o o * X++++ |
2024-02-22T00:15:25.856 INFO:journalctl@ceph.mgr.x.smithi052.stdout:Feb 22 00:15:25 smithi052 ceph-48564048-d117-11ee-95bd-87774f69a715-mgr-x[43691]: | = o O X=o + |
2024-02-22T00:15:25.856 INFO:journalctl@ceph.mgr.x.smithi052.stdout:Feb 22 00:15:25 smithi052 ceph-48564048-d117-11ee-95bd-87774f69a715-mgr-x[43691]: | . =.O.. o . |
2024-02-22T00:15:25.856 INFO:journalctl@ceph.mgr.x.smithi052.stdout:Feb 22 00:15:25 smithi052 ceph-48564048-d117-11ee-95bd-87774f69a715-mgr-x[43691]: | . S . . . E|
2024-02-22T00:15:25.856 INFO:journalctl@ceph.mgr.x.smithi052.stdout:Feb 22 00:15:25 smithi052 ceph-48564048-d117-11ee-95bd-87774f69a715-mgr-x[43691]: | . o |
2024-02-22T00:15:25.856 INFO:journalctl@ceph.mgr.x.smithi052.stdout:Feb 22 00:15:25 smithi052 ceph-48564048-d117-11ee-95bd-87774f69a715-mgr-x[43691]: | * |
2024-02-22T00:15:25.856 INFO:journalctl@ceph.mgr.x.smithi052.stdout:Feb 22 00:15:25 smithi052 ceph-48564048-d117-11ee-95bd-87774f69a715-mgr-x[43691]: | + o . |
2024-02-22T00:15:25.856 INFO:journalctl@ceph.mgr.x.smithi052.stdout:Feb 22 00:15:25 smithi052 ceph-48564048-d117-11ee-95bd-87774f69a715-mgr-x[43691]: | =+. |
2024-02-22T00:15:25.856 INFO:journalctl@ceph.mgr.x.smithi052.stdout:Feb 22 00:15:25 smithi052 ceph-48564048-d117-11ee-95bd-87774f69a715-mgr-x[43691]: +----[SHA256]-----+
2024-02-22T00:15:26.022 INFO:teuthology.orchestra.run.smithi052.stdout:/usr/bin/ceph: stderr
2024-02-22T00:15:25.040+0000 7ff5acdb6700 1 Processor -- start
2024-02-22T00:15:26.028 INFO:teuthology.orchestra.run.smithi052.stdout:/usr/bin/ceph: stderr
2024-02-22T00:15:25.040+0000 7ff5acdb6700 1 -- start start
2024-02-22T00:15:26.028 INFO:teuthology.orchestra.run.smithi052.stdout:/usr/bin/ceph: stderr
2024-02-22T00:15:25.040+0000 7ff5acdb6700 1 --2- >> [v2:172.21.15.52:3300/0,v1:172.21.15.52:6789/0] conn(0x7ff5a81053f0 0x7ff5a8105810 unknown :-1 s=NONE pgs=0 cs=0 l=0 rev1=0 crypto rx=0 tx=0 comp rx=0 tx=0).connect
2024-02-22T00:15:26.028 INFO:teuthology.orchestra.run.smithi052.stdout:/usr/bin/ceph: stderr
2024-02-22T00:15:25.040+0000 7ff5acdb6700 1 -- --> [v2:172.21.15.52:3300/0,v1:172.21.15.52:6789/0] -- mon_getmap magic: 0 v1 -- 0x7ff5a8105de0 con 0x7ff5a81053f0
2024-02-22T00:15:26.028 INFO:teuthology.orchestra.run.smithi052.stdout:/usr/bin/ceph: stderr
2024-02-22T00:15:25.041+0000 7ff5a659c700 1 --2- >> [v2:172.21.15.52:3300/0,v1:172.21.15.52:6789/0] conn(0x7ff5a81053f0 0x7ff5a8105810 unknown :-1 s=BANNER_CONNECTING pgs=0 cs=0 l=0 rev1=0 crypto rx=0 tx=0 comp rx=0 tx=0)._handle_peer_banner_payload supported=3 required=0
2024-02-22T00:15:26.028 INFO:teuthology.orchestra.run.smithi052.stdout:/usr/bin/ceph: stderr
2024-02-22T00:15:25.041+0000 7ff5a659c700 1 --2- >> [v2:172.21.15.52:3300/0,v1:172.21.15.52:6789/0] conn(0x7ff5a81053f0 0x7ff5a8105810 unknown :-1 s=HELLO_CONNECTING pgs=0 cs=0 l=0 rev1=1 crypto rx=0 tx=0 comp rx=0 tx=0).handle_hello peer v2:172.21.15.52:3300/0 says I am v2:172.21.15.52:34656/0 (socket says 172.21.15.52:34656)
2024-02-22T00:15:26.028 INFO:teuthology.orchestra.run.smithi052.stdout:/usr/bin/ceph: stderr
2024-02-22T00:15:25.041+0000 7ff5a659c700 1 -- 172.21.15.52:0/2314839271 learned_addr learned my addr 172.21.15.52:0/2314839271 (peer_addr_for_me v2:172.21.15.52:0/0)
2024-02-22T00:15:26.029 INFO:teuthology.orchestra.run.smithi052.stdout:/usr/bin/ceph: stderr
2024-02-22T00:15:25.041+0000 7ff5a659c700 1 -- 172.21.15.52:0/2314839271 --> [v2:172.21.15.52:3300/0,v1:172.21.15.52:6789/0] -- mon_subscribe({config=0+,monmap=0+}) v3 -- 0x7ff5a81065f0 con 0x7ff5a81053f0
2024-02-22T00:15:26.029 INFO:teuthology.orchestra.run.smithi052.stdout:/usr/bin/ceph: stderr
2024-02-22T00:15:25.041+0000 7ff5a659c700 1 --2- 172.21.15.52:0/2314839271 >> [v2:172.21.15.52:3300/0,v1:172.21.15.52:6789/0] conn(0x7ff5a81053f0 0x7ff5a8105810 secure :-1 s=READY pgs=41 cs=0 l=1 rev1=1 crypto rx=0x7ff59800bb40 tx=0x7ff59800be50 comp rx=0 tx=0).ready entity=mon.0 client_cookie=736d4a16ca82ee4b server_cookie=0 in_seq=0 out_seq=0
2024-02-22T00:15:26.029 INFO:teuthology.orchestra.run.smithi052.stdout:/usr/bin/ceph: stderr
2024-02-22T00:15:25.041+0000 7ff5a5d9b700 1 -- 172.21.15.52:0/2314839271 <== mon.0 v2:172.21.15.52:3300/0 1 ==== mon_map magic: 0 v1 ==== 205+0+0 (secure 0 0 0) 0x7ff59800dbe0 con 0x7ff5a81053f0
2024-02-22T00:15:26.029 INFO:teuthology.orchestra.run.smithi052.stdout:/usr/bin/ceph: stderr
2024-02-22T00:15:25.041+0000 7ff5a5d9b700 1 -- 172.21.15.52:0/2314839271 <== mon.0 v2:172.21.15.52:3300/0 2 ==== config(26 keys) v1 ==== 1074+0+0 (secure 0 0 0) 0x7ff5980044d0 con 0x7ff5a81053f0
2024-02-22T00:15:26.029 INFO:teuthology.orchestra.run.smithi052.stdout:/usr/bin/ceph: stderr
2024-02-22T00:15:25.041+0000 7ff5a5d9b700 1 -- 172.21.15.52:0/2314839271 <== mon.0 v2:172.21.15.52:3300/0 3 ==== mon_map magic: 0 v1 ==== 205+0+0 (secure 0 0 0) 0x7ff598010470 con 0x7ff5a81053f0
2024-02-22T00:15:26.029 INFO:teuthology.orchestra.run.smithi052.stdout:/usr/bin/ceph: stderr
2024-02-22T00:15:25.042+0000 7ff5acdb6700 1 -- 172.21.15.52:0/2314839271 >> [v2:172.21.15.52:3300/0,v1:172.21.15.52:6789/0] conn(0x7ff5a81053f0 msgr2=0x7ff5a8105810 secure :-1 s=STATE_CONNECTION_ESTABLISHED l=1).mark_down
2024-02-22T00:15:26.029 INFO:teuthology.orchestra.run.smithi052.stdout:/usr/bin/ceph: stderr
2024-02-22T00:15:25.042+0000 7ff5acdb6700 1 --2- 172.21.15.52:0/2314839271 >> [v2:172.21.15.52:3300/0,v1:172.21.15.52:6789/0] conn(0x7ff5a81053f0 0x7ff5a8105810 secure :-1 s=READY pgs=41 cs=0 l=1 rev1=1 crypto rx=0x7ff59800bb40 tx=0x7ff59800be50 comp rx=0 tx=0).stop
2024-02-22T00:15:26.029 INFO:teuthology.orchestra.run.smithi052.stdout:/usr/bin/ceph: stderr
2024-02-22T00:15:25.042+0000 7ff5acdb6700 1 -- 172.21.15.52:0/2314839271 shutdown_connections
2024-02-22T00:15:26.029 INFO:teuthology.orchestra.run.smithi052.stdout:/usr/bin/ceph: stderr
2024-02-22T00:15:25.042+0000 7ff5acdb6700 1 --2- 172.21.15.52:0/2314839271 >> [v2:172.21.15.52:3300/0,v1:172.21.15.52:6789/0] conn(0x7ff5a81053f0 0x7ff5a8105810 unknown :-1 s=CLOSED pgs=41 cs=0 l=1 rev1=1 crypto rx=0 tx=0 comp rx=0 tx=0).stop
2024-02-22T00:15:26.029 INFO:teuthology.orchestra.run.smithi052.stdout:/usr/bin/ceph: stderr
2024-02-22T00:15:25.042+0000 7ff5acdb6700 1 -- 172.21.15.52:0/2314839271 >> 172.21.15.52:0/2314839271 conn(0x7ff5a8100a10 msgr2=0x7ff5a8102e30 unknown :-1 s=STATE_NONE l=0).mark_down
2024-02-22T00:15:26.029 INFO:teuthology.orchestra.run.smithi052.stdout:/usr/bin/ceph: stderr
2024-02-22T00:15:25.042+0000 7ff5acdb6700 1 -- 172.21.15.52:0/2314839271 shutdown_connections
2024-02-22T00:15:26.029 INFO:teuthology.orchestra.run.smithi052.stdout:/usr/bin/ceph: stderr
2024-02-22T00:15:25.042+0000 7ff5acdb6700 1 -- 172.21.15.52:0/2314839271 wait complete.
2024-02-22T00:15:26.029 INFO:teuthology.orchestra.run.smithi052.stdout:/usr/bin/ceph: stderr
2024-02-22T00:15:25.043+0000 7ff5acdb6700 1 Processor -- start
2024-02-22T00:15:26.030 INFO:teuthology.orchestra.run.smithi052.stdout:/usr/bin/ceph: stderr
2024-02-22T00:15:25.043+0000 7ff5acdb6700 1 -- start start
2024-02-22T00:15:26.030 INFO:teuthology.orchestra.run.smithi052.stdout:/usr/bin/ceph: stderr
2024-02-22T00:15:25.043+0000 7ff5acdb6700 1 --2- >> [v2:172.21.15.52:3300/0,v1:172.21.15.52:6789/0] conn(0x7ff5a81053f0 0x7ff5a819c490 unknown :-1 s=NONE pgs=0 cs=0 l=1 rev1=0 crypto rx=0 tx=0 comp rx=0 tx=0).connect
2024-02-22T00:15:26.030 INFO:teuthology.orchestra.run.smithi052.stdout:/usr/bin/ceph: stderr
2024-02-22T00:15:25.043+0000 7ff5acdb6700 1 -- --> [v2:172.21.15.52:3300/0,v1:172.21.15.52:6789/0] -- mon_getmap magic: 0 v1 -- 0x7ff5a819c9d0 con 0x7ff5a81053f0
2024-02-22T00:15:26.030 INFO:teuthology.orchestra.run.smithi052.stdout:/usr/bin/ceph: stderr
2024-02-22T00:15:25.043+0000 7ff5a659c700 1 --2- >> [v2:172.21.15.52:3300/0,v1:172.21.15.52:6789/0] conn(0x7ff5a81053f0 0x7ff5a819c490 unknown :-1 s=BANNER_CONNECTING pgs=0 cs=0 l=1 rev1=0 crypto rx=0 tx=0 comp rx=0 tx=0)._handle_peer_banner_payload supported=3 required=0
2024-02-22T00:15:26.030 INFO:teuthology.orchestra.run.smithi052.stdout:/usr/bin/ceph: stderr
2024-02-22T00:15:25.044+0000 7ff5a659c700 1 --2- >> [v2:172.21.15.52:3300/0,v1:172.21.15.52:6789/0] conn(0x7ff5a81053f0 0x7ff5a819c490 unknown :-1 s=HELLO_CONNECTING pgs=0 cs=0 l=1 rev1=1 crypto rx=0 tx=0 comp rx=0 tx=0).handle_hello peer v2:172.21.15.52:3300/0 says I am v2:172.21.15.52:34670/0 (socket says 172.21.15.52:34670)
2024-02-22T00:15:26.030 INFO:teuthology.orchestra.run.smithi052.stdout:/usr/bin/ceph: stderr
2024-02-22T00:15:25.044+0000 7ff5a659c700 1 -- 172.21.15.52:0/4041590630 learned_addr learned my addr 172.21.15.52:0/4041590630 (peer_addr_for_me v2:172.21.15.52:0/0)
2024-02-22T00:15:26.030 INFO:teuthology.orchestra.run.smithi052.stdout:/usr/bin/ceph: stderr
2024-02-22T00:15:25.044+0000 7ff5a659c700 1 -- 172.21.15.52:0/4041590630 --> [v2:172.21.15.52:3300/0,v1:172.21.15.52:6789/0] -- mon_subscribe({config=0+,monmap=0+}) v3 -- 0x7ff59800b7f0 con 0x7ff5a81053f0
2024-02-22T00:15:26.030 INFO:teuthology.orchestra.run.smithi052.stdout:/usr/bin/ceph: stderr
2024-02-22T00:15:25.044+0000 7ff5a659c700 1 --2- 172.21.15.52:0/4041590630 >> [v2:172.21.15.52:3300/0,v1:172.21.15.52:6789/0] conn(0x7ff5a81053f0 0x7ff5a819c490 secure :-1 s=READY pgs=42 cs=0 l=1 rev1=1 crypto rx=0x7ff598003c60 tx=0x7ff598003980 comp rx=0 tx=0).ready entity=mon.0 client_cookie=0 server_cookie=0 in_seq=0 out_seq=0
2024-02-22T00:15:26.030 INFO:teuthology.orchestra.run.smithi052.stdout:/usr/bin/ceph: stderr
2024-02-22T00:15:25.044+0000 7ff59ffff700 1 -- 172.21.15.52:0/4041590630 <== mon.0 v2:172.21.15.52:3300/0 1 ==== mon_map magic: 0 v1 ==== 205+0+0 (secure 0 0 0) 0x7ff598004340 con 0x7ff5a81053f0
2024-02-22T00:15:26.030 INFO:teuthology.orchestra.run.smithi052.stdout:/usr/bin/ceph: stderr
2024-02-22T00:15:25.044+0000 7ff59ffff700 1 -- 172.21.15.52:0/4041590630 <== mon.0 v2:172.21.15.52:3300/0 2 ==== config(26 keys) v1 ==== 1074+0+0 (secure 0 0 0) 0x7ff598010b80 con 0x7ff5a81053f0
2024-02-22T00:15:26.030 INFO:teuthology.orchestra.run.smithi052.stdout:/usr/bin/ceph: stderr
2024-02-22T00:15:25.044+0000 7ff5acdb6700 1 -- 172.21.15.52:0/4041590630 --> [v2:172.21.15.52:3300/0,v1:172.21.15.52:6789/0] -- mon_subscribe({mgrmap=0+}) v3 -- 0x7ff5a819cbd0 con 0x7ff5a81053f0
2024-02-22T00:15:26.030 INFO:teuthology.orchestra.run.smithi052.stdout:/usr/bin/ceph: stderr
2024-02-22T00:15:25.044+0000 7ff59ffff700 1 -- 172.21.15.52:0/4041590630 <== mon.0 v2:172.21.15.52:3300/0 3 ==== mon_map magic: 0 v1 ==== 205+0+0 (secure 0 0 0) 0x7ff598019bd0 con 0x7ff5a81053f0
2024-02-22T00:15:26.031 INFO:teuthology.orchestra.run.smithi052.stdout:/usr/bin/ceph: stderr
2024-02-22T00:15:25.044+0000 7ff5acdb6700 1 -- 172.21.15.52:0/4041590630 --> [v2:172.21.15.52:3300/0,v1:172.21.15.52:6789/0] -- mon_subscribe({osdmap=0}) v3 -- 0x7ff5a819d010 con 0x7ff5a81053f0
2024-02-22T00:15:26.031 INFO:teuthology.orchestra.run.smithi052.stdout:/usr/bin/ceph: stderr
2024-02-22T00:15:25.045+0000 7ff59ffff700 1 -- 172.21.15.52:0/4041590630 <== mon.0 v2:172.21.15.52:3300/0 4 ==== mgrmap(e 8) v1 ==== 45537+0+0 (secure 0 0 0) 0x7ff59802a450 con 0x7ff5a81053f0
2024-02-22T00:15:26.031 INFO:teuthology.orchestra.run.smithi052.stdout:/usr/bin/ceph: stderr
2024-02-22T00:15:25.045+0000 7ff59ffff700 1 --2- 172.21.15.52:0/4041590630 >> [v2:172.21.15.52:6800/128288418,v1:172.21.15.52:6801/128288418] conn(0x7ff594038700 0x7ff59403abc0 unknown :-1 s=NONE pgs=0 cs=0 l=1 rev1=0 crypto rx=0 tx=0 comp rx=0 tx=0).connect
2024-02-22T00:15:26.031 INFO:teuthology.orchestra.run.smithi052.stdout:/usr/bin/ceph: stderr
2024-02-22T00:15:25.045+0000 7ff59ffff700 1 -- 172.21.15.52:0/4041590630 <== mon.0 v2:172.21.15.52:3300/0 5 ==== osd_map(2..2 src has 1..2) v4 ==== 940+0+0 (secure 0 0 0) 0x7ff59804d8b0 con 0x7ff5a81053f0
2024-02-22T00:15:26.031 INFO:teuthology.orchestra.run.smithi052.stdout:/usr/bin/ceph: stderr
2024-02-22T00:15:25.045+0000 7ff59dd9b700 1 --2- 172.21.15.52:0/4041590630 >> [v2:172.21.15.52:6800/128288418,v1:172.21.15.52:6801/128288418] conn(0x7ff594038700 0x7ff59403abc0 unknown :-1 s=BANNER_CONNECTING pgs=0 cs=0 l=1 rev1=0 crypto rx=0 tx=0 comp rx=0 tx=0)._handle_peer_banner_payload supported=3 required=0
2024-02-22T00:15:26.031 INFO:teuthology.orchestra.run.smithi052.stdout:/usr/bin/ceph: stderr
2024-02-22T00:15:25.045+0000 7ff5acdb6700 1 -- 172.21.15.52:0/4041590630 --> [v2:172.21.15.52:3300/0,v1:172.21.15.52:6789/0] -- mon_command({"prefix": "get_command_descriptions"} v 0) v1 -- 0x7ff5a8191c80 con 0x7ff5a81053f0
2024-02-22T00:15:26.031 INFO:teuthology.orchestra.run.smithi052.stdout:/usr/bin/ceph: stderr
2024-02-22T00:15:25.046+0000 7ff59dd9b700 1 --2- 172.21.15.52:0/4041590630 >> [v2:172.21.15.52:6800/128288418,v1:172.21.15.52:6801/128288418] conn(0x7ff594038700 0x7ff59403abc0 secure :-1 s=READY pgs=9 cs=0 l=1 rev1=1 crypto rx=0x7ff590006fd0 tx=0x7ff590006e40 comp rx=0 tx=0).ready entity=mgr.14120 client_cookie=0 server_cookie=0 in_seq=0 out_seq=0
2024-02-22T00:15:26.031 INFO:teuthology.orchestra.run.smithi052.stdout:/usr/bin/ceph: stderr
2024-02-22T00:15:25.051+0000 7ff59ffff700 1 -- 172.21.15.52:0/4041590630 <== mon.0 v2:172.21.15.52:3300/0 6 ==== mon_command_ack([{"prefix": "get_command_descriptions"}]=0 v0) v1 ==== 72+0+182595 (secure 0 0 0) 0x7ff598028940 con 0x7ff5a81053f0
2024-02-22T00:15:26.031 INFO:teuthology.orchestra.run.smithi052.stdout:/usr/bin/ceph: stderr
2024-02-22T00:15:25.263+0000 7ff5acdb6700 1 -- 172.21.15.52:0/4041590630 --> [v2:172.21.15.52:6800/128288418,v1:172.21.15.52:6801/128288418] -- mgr_command(tid 0: {"prefix": "cephadm generate-key", "target": ["mon-mgr", ""]}) v1 -- 0x7ff5a80611b0 con 0x7ff594038700
2024-02-22T00:15:26.031 INFO:teuthology.orchestra.run.smithi052.stdout:/usr/bin/ceph: stderr
2024-02-22T00:15:25.686+0000 7ff59ffff700 1 -- 172.21.15.52:0/4041590630 <== mgr.14120 v2:172.21.15.52:6800/128288418 1 ==== mgr_command_reply(tid 0: 0 ) v1 ==== 8+0+0 (secure 0 0 0) 0x7ff5a80611b0 con 0x7ff594038700
2024-02-22T00:15:26.031 INFO:teuthology.orchestra.run.smithi052.stdout:/usr/bin/ceph: stderr
2024-02-22T00:15:25.688+0000 7ff5acdb6700 1 -- 172.21.15.52:0/4041590630 >> [v2:172.21.15.52:6800/128288418,v1:172.21.15.52:6801/128288418] conn(0x7ff594038700 msgr2=0x7ff59403abc0 secure :-1 s=STATE_CONNECTION_ESTABLISHED l=1).mark_down
2024-02-22T00:15:26.031 INFO:teuthology.orchestra.run.smithi052.stdout:/usr/bin/ceph: stderr
2024-02-22T00:15:25.688+0000 7ff5acdb6700 1 --2- 172.21.15.52:0/4041590630 >> [v2:172.21.15.52:6800/128288418,v1:172.21.15.52:6801/128288418] conn(0x7ff594038700 0x7ff59403abc0 secure :-1 s=READY pgs=9 cs=0 l=1 rev1=1 crypto rx=0x7ff590006fd0 tx=0x7ff590006e40 comp rx=0 tx=0).stop
2024-02-22T00:15:26.032 INFO:teuthology.orchestra.run.smithi052.stdout:/usr/bin/ceph: stderr
2024-02-22T00:15:25.688+0000 7ff5acdb6700 1 -- 172.21.15.52:0/4041590630 >> [v2:172.21.15.52:3300/0,v1:172.21.15.52:6789/0] conn(0x7ff5a81053f0 msgr2=0x7ff5a819c490 secure :-1 s=STATE_CONNECTION_ESTABLISHED l=1).mark_down
2024-02-22T00:15:26.032 INFO:teuthology.orchestra.run.smithi052.stdout:/usr/bin/ceph: stderr
2024-02-22T00:15:25.688+0000 7ff5acdb6700 1 --2- 172.21.15.52:0/4041590630 >> [v2:172.21.15.52:3300/0,v1:172.21.15.52:6789/0] conn(0x7ff5a81053f0 0x7ff5a819c490 secure :-1 s=READY pgs=42 cs=0 l=1 rev1=1 crypto rx=0x7ff598003c60 tx=0x7ff598003980 comp rx=0 tx=0).stop
2024-02-22T00:15:26.032 INFO:teuthology.orchestra.run.smithi052.stdout:/usr/bin/ceph: stderr
2024-02-22T00:15:25.688+0000 7ff5acdb6700 1 -- 172.21.15.52:0/4041590630 shutdown_connections
2024-02-22T00:15:26.032 INFO:teuthology.orchestra.run.smithi052.stdout:/usr/bin/ceph: stderr
2024-02-22T00:15:25.688+0000 7ff5acdb6700 1 --2- 172.21.15.52:0/4041590630 >> [v2:172.21.15.52:6800/128288418,v1:172.21.15.52:6801/128288418] conn(0x7ff594038700 0x7ff59403abc0 unknown :-1 s=CLOSED pgs=9 cs=0 l=1 rev1=1 crypto rx=0 tx=0 comp rx=0 tx=0).stop
2024-02-22T00:15:26.032 INFO:teuthology.orchestra.run.smithi052.stdout:/usr/bin/ceph: stderr
2024-02-22T00:15:25.688+0000 7ff5acdb6700 1 --2- 172.21.15.52:0/4041590630 >> [v2:172.21.15.52:3300/0,v1:172.21.15.52:6789/0] conn(0x7ff5a81053f0 0x7ff5a819c490 unknown :-1 s=CLOSED pgs=42 cs=0 l=1 rev1=1 crypto rx=0 tx=0 comp rx=0 tx=0).stop
2024-02-22T00:15:26.032 INFO:teuthology.orchestra.run.smithi052.stdout:/usr/bin/ceph: stderr
2024-02-22T00:15:25.688+0000 7ff5acdb6700 1 -- 172.21.15.52:0/4041590630 >> 172.21.15.52:0/4041590630 conn(0x7ff5a8100a10 msgr2=0x7ff5a818edc0 unknown :-1 s=STATE_NONE l=0).mark_down
2024-02-22T00:15:26.032 INFO:teuthology.orchestra.run.smithi052.stdout:/usr/bin/ceph: stderr
2024-02-22T00:15:25.689+0000 7ff5acdb6700 1 -- 172.21.15.52:0/4041590630 shutdown_connections
2024-02-22T00:15:26.032 INFO:teuthology.orchestra.run.smithi052.stdout:/usr/bin/ceph: stderr
2024-02-22T00:15:25.689+0000 7ff5acdb6700 1 -- 172.21.15.52:0/4041590630 wait complete.
2024-02-22T00:15:26.953 INFO:teuthology.orchestra.run.smithi052.stdout:/usr/bin/ceph: stdout ssh-rsa AAAAB3NzaC1yc2EAAAADAQABAAABgQDVLpwbJYFmzCa4hYtzcmafwhyql5oVYYtGCBvFERBFBMubsv/UuH7EDTl4nXSoRvAlKMxijL4Hg8HOE/kzebKoAiUU2caw4tjYv0P/8XnlO2Eouxoz59CrbAJ7SpGeQnllsUGN5ETbSXQf0GiemwBrShSsKUijV0DHhmzQU2Q36L+bKd92vzjCnA6veLZEemCLCYgG3NLTO585TelzxoZyDg6MJtH0J/PKbRQ8hdI7/PgD1SNa+NqsOrK1mjPSquBNN61YDkG4MOsINI9FPo+YpzcuUflHen0tLGCRnZMdMW44hZG9qVc3V4o3p8EXk+tkodt2pbT+A6kDOMdVwJcyKfB3lnnd4BJvhTisjZ6wC8o02tRYDlfyMrmZrdap7nJvlbjZz60oEW9uIjtA27Vyg8T+nsf4SA1DDpOQV6AKpavBMSO8zNzkxe7UPeTikeBV4bJOc3CqKPKy64L0R6mkWlErv+7ofKCsAovhAmI33coN10+P26rmCLPpjzw9oM0= ceph-48564048-d117-11ee-95bd-87774f69a715
2024-02-22T00:15:26.953 INFO:teuthology.orchestra.run.smithi052.stdout:/usr/bin/ceph: stderr
2024-02-22T00:15:26.382+0000 7f2d06eea700 1 Processor -- start
2024-02-22T00:15:26.953 INFO:teuthology.orchestra.run.smithi052.stdout:/usr/bin/ceph: stderr
2024-02-22T00:15:26.382+0000 7f2d06eea700 1 -- start start
2024-02-22T00:15:26.953 INFO:teuthology.orchestra.run.smithi052.stdout:/usr/bin/ceph: stderr
2024-02-22T00:15:26.382+0000 7f2d06eea700 1 --2- >> [v2:172.21.15.52:3300/0,v1:172.21.15.52:6789/0] conn(0x7f2d0007bf00 0x7f2d0007a360 unknown :-1 s=NONE pgs=0 cs=0 l=0 rev1=0 crypto rx=0 tx=0 comp rx=0 tx=0).connect
2024-02-22T00:15:26.953 INFO:teuthology.orchestra.run.smithi052.stdout:/usr/bin/ceph: stderr
2024-02-22T00:15:26.382+0000 7f2d06eea700 1 -- --> [v2:172.21.15.52:3300/0,v1:172.21.15.52:6789/0] -- mon_getmap magic: 0 v1 -- 0x7f2d0007a930 con 0x7f2d0007bf00
2024-02-22T00:15:26.953 INFO:teuthology.orchestra.run.smithi052.stdout:/usr/bin/ceph: stderr
2024-02-22T00:15:26.382+0000 7f2d04c86700 1 --2- >> [v2:172.21.15.52:3300/0,v1:172.21.15.52:6789/0] conn(0x7f2d0007bf00 0x7f2d0007a360 unknown :-1 s=BANNER_CONNECTING pgs=0 cs=0 l=0 rev1=0 crypto rx=0 tx=0 comp rx=0 tx=0)._handle_peer_banner_payload supported=3 required=0
2024-02-22T00:15:26.954 INFO:teuthology.orchestra.run.smithi052.stdout:/usr/bin/ceph: stderr
2024-02-22T00:15:26.382+0000 7f2d04c86700 1 --2- >> [v2:172.21.15.52:3300/0,v1:172.21.15.52:6789/0] conn(0x7f2d0007bf00 0x7f2d0007a360 unknown :-1 s=HELLO_CONNECTING pgs=0 cs=0 l=0 rev1=1 crypto rx=0 tx=0 comp rx=0 tx=0).handle_hello peer v2:172.21.15.52:3300/0 says I am v2:172.21.15.52:34686/0 (socket says 172.21.15.52:34686)
2024-02-22T00:15:26.954 INFO:teuthology.orchestra.run.smithi052.stdout:/usr/bin/ceph: stderr
2024-02-22T00:15:26.382+0000 7f2d04c86700 1 -- 172.21.15.52:0/2384217859 learned_addr learned my addr 172.21.15.52:0/2384217859 (peer_addr_for_me v2:172.21.15.52:0/0)
2024-02-22T00:15:26.954 INFO:teuthology.orchestra.run.smithi052.stdout:/usr/bin/ceph: stderr
2024-02-22T00:15:26.383+0000 7f2d04c86700 1 -- 172.21.15.52:0/2384217859 --> [v2:172.21.15.52:3300/0,v1:172.21.15.52:6789/0] -- mon_subscribe({config=0+,monmap=0+}) v3 -- 0x7f2d0007aa70 con 0x7f2d0007bf00
2024-02-22T00:15:26.954 INFO:teuthology.orchestra.run.smithi052.stdout:/usr/bin/ceph: stderr
2024-02-22T00:15:26.383+0000 7f2d04c86700 1 --2- 172.21.15.52:0/2384217859 >> [v2:172.21.15.52:3300/0,v1:172.21.15.52:6789/0] conn(0x7f2d0007bf00 0x7f2d0007a360 secure :-1 s=READY pgs=43 cs=0 l=1 rev1=1 crypto rx=0x7f2cf40098a0 tx=0x7f2cf4009bb0 comp rx=0 tx=0).ready entity=mon.0 client_cookie=74b1c1b631842233 server_cookie=0 in_seq=0 out_seq=0
2024-02-22T00:15:26.954 INFO:teuthology.orchestra.run.smithi052.stdout:/usr/bin/ceph: stderr
2024-02-22T00:15:26.383+0000 7f2cff7fe700 1 -- 172.21.15.52:0/2384217859 <== mon.0 v2:172.21.15.52:3300/0 1 ==== mon_map magic: 0 v1 ==== 205+0+0 (secure 0 0 0) 0x7f2cf4004160 con 0x7f2d0007bf00
2024-02-22T00:15:26.954 INFO:teuthology.orchestra.run.smithi052.stdout:/usr/bin/ceph: stderr
2024-02-22T00:15:26.383+0000 7f2cff7fe700 1 -- 172.21.15.52:0/2384217859 <== mon.0 v2:172.21.15.52:3300/0 2 ==== config(26 keys) v1 ==== 1074+0+0 (secure 0 0 0) 0x7f2cf40042c0 con 0x7f2d0007bf00
2024-02-22T00:15:26.954 INFO:teuthology.orchestra.run.smithi052.stdout:/usr/bin/ceph: stderr
2024-02-22T00:15:26.383+0000 7f2cff7fe700 1 -- 172.21.15.52:0/2384217859 <== mon.0 v2:172.21.15.52:3300/0 3 ==== mon_map magic: 0 v1 ==== 205+0+0 (secure 0 0 0) 0x7f2cf4011a00 con 0x7f2d0007bf00
2024-02-22T00:15:26.954 INFO:teuthology.orchestra.run.smithi052.stdout:/usr/bin/ceph: stderr
2024-02-22T00:15:26.384+0000 7f2d06eea700 1 -- 172.21.15.52:0/2384217859 >> [v2:172.21.15.52:3300/0,v1:172.21.15.52:6789/0] conn(0x7f2d0007bf00 msgr2=0x7f2d0007a360 secure :-1 s=STATE_CONNECTION_ESTABLISHED l=1).mark_down
2024-02-22T00:15:26.954 INFO:teuthology.orchestra.run.smithi052.stdout:/usr/bin/ceph: stderr
2024-02-22T00:15:26.384+0000 7f2d06eea700 1 --2- 172.21.15.52:0/2384217859 >> [v2:172.21.15.52:3300/0,v1:172.21.15.52:6789/0] conn(0x7f2d0007bf00 0x7f2d0007a360 secure :-1 s=READY pgs=43 cs=0 l=1 rev1=1 crypto rx=0x7f2cf40098a0 tx=0x7f2cf4009bb0 comp rx=0 tx=0).stop
2024-02-22T00:15:26.954 INFO:teuthology.orchestra.run.smithi052.stdout:/usr/bin/ceph: stderr
2024-02-22T00:15:26.384+0000 7f2d06eea700 1 -- 172.21.15.52:0/2384217859 shutdown_connections
2024-02-22T00:15:26.954 INFO:teuthology.orchestra.run.smithi052.stdout:/usr/bin/ceph: stderr
2024-02-22T00:15:26.384+0000 7f2d06eea700 1 --2- 172.21.15.52:0/2384217859 >> [v2:172.21.15.52:3300/0,v1:172.21.15.52:6789/0] conn(0x7f2d0007bf00 0x7f2d0007a360 unknown :-1 s=CLOSED pgs=43 cs=0 l=1 rev1=1 crypto rx=0 tx=0 comp rx=0 tx=0).stop
2024-02-22T00:15:26.954 INFO:teuthology.orchestra.run.smithi052.stdout:/usr/bin/ceph: stderr
2024-02-22T00:15:26.384+0000 7f2d06eea700 1 -- 172.21.15.52:0/2384217859 >> 172.21.15.52:0/2384217859 conn(0x7f2d00101a80 msgr2=0x7f2d00103ec0 unknown :-1 s=STATE_NONE l=0).mark_down
2024-02-22T00:15:26.954 INFO:teuthology.orchestra.run.smithi052.stdout:/usr/bin/ceph: stderr
2024-02-22T00:15:26.384+0000 7f2d06eea700 1 -- 172.21.15.52:0/2384217859 shutdown_connections
2024-02-22T00:15:26.954 INFO:teuthology.orchestra.run.smithi052.stdout:/usr/bin/ceph: stderr
2024-02-22T00:15:26.384+0000 7f2d06eea700 1 -- 172.21.15.52:0/2384217859 wait complete.
2024-02-22T00:15:26.955 INFO:teuthology.orchestra.run.smithi052.stdout:/usr/bin/ceph: stderr
2024-02-22T00:15:26.385+0000 7f2d06eea700 1 Processor -- start
2024-02-22T00:15:26.955 INFO:teuthology.orchestra.run.smithi052.stdout:/usr/bin/ceph: stderr
2024-02-22T00:15:26.385+0000 7f2d06eea700 1 -- start start
2024-02-22T00:15:26.955 INFO:teuthology.orchestra.run.smithi052.stdout:/usr/bin/ceph: stderr
2024-02-22T00:15:26.385+0000 7f2d06eea700 1 --2- >> [v2:172.21.15.52:3300/0,v1:172.21.15.52:6789/0] conn(0x7f2d0007bf00 0x7f2d0019c430 unknown :-1 s=NONE pgs=0 cs=0 l=1 rev1=0 crypto rx=0 tx=0 comp rx=0 tx=0).connect
2024-02-22T00:15:26.955 INFO:teuthology.orchestra.run.smithi052.stdout:/usr/bin/ceph: stderr
2024-02-22T00:15:26.385+0000 7f2d06eea700 1 -- --> [v2:172.21.15.52:3300/0,v1:172.21.15.52:6789/0] -- mon_getmap magic: 0 v1 -- 0x7f2d0019c970 con 0x7f2d0007bf00
2024-02-22T00:15:26.955 INFO:teuthology.orchestra.run.smithi052.stdout:/usr/bin/ceph: stderr
2024-02-22T00:15:26.385+0000 7f2d04c86700 1 --2- >> [v2:172.21.15.52:3300/0,v1:172.21.15.52:6789/0] conn(0x7f2d0007bf00 0x7f2d0019c430 unknown :-1 s=BANNER_CONNECTING pgs=0 cs=0 l=1 rev1=0 crypto rx=0 tx=0 comp rx=0 tx=0)._handle_peer_banner_payload supported=3 required=0
2024-02-22T00:15:26.955 INFO:teuthology.orchestra.run.smithi052.stdout:/usr/bin/ceph: stderr
2024-02-22T00:15:26.385+0000 7f2d04c86700 1 --2- >> [v2:172.21.15.52:3300/0,v1:172.21.15.52:6789/0] conn(0x7f2d0007bf00 0x7f2d0019c430 unknown :-1 s=HELLO_CONNECTING pgs=0 cs=0 l=1 rev1=1 crypto rx=0 tx=0 comp rx=0 tx=0).handle_hello peer v2:172.21.15.52:3300/0 says I am v2:172.21.15.52:34688/0 (socket says 172.21.15.52:34688)
2024-02-22T00:15:26.955 INFO:teuthology.orchestra.run.smithi052.stdout:/usr/bin/ceph: stderr
2024-02-22T00:15:26.385+0000 7f2d04c86700 1 -- 172.21.15.52:0/2049499972 learned_addr learned my addr 172.21.15.52:0/2049499972 (peer_addr_for_me v2:172.21.15.52:0/0)
2024-02-22T00:15:26.955 INFO:teuthology.orchestra.run.smithi052.stdout:/usr/bin/ceph: stderr
2024-02-22T00:15:26.385+0000 7f2d04c86700 1 -- 172.21.15.52:0/2049499972 --> [v2:172.21.15.52:3300/0,v1:172.21.15.52:6789/0] -- mon_subscribe({config=0+,monmap=0+}) v3 -- 0x7f2cf4009550 con 0x7f2d0007bf00
2024-02-22T00:15:26.955 INFO:teuthology.orchestra.run.smithi052.stdout:/usr/bin/ceph: stderr
2024-02-22T00:15:26.385+0000 7f2d04c86700 1 --2- 172.21.15.52:0/2049499972 >> [v2:172.21.15.52:3300/0,v1:172.21.15.52:6789/0] conn(0x7f2d0007bf00 0x7f2d0019c430 secure :-1 s=READY pgs=44 cs=0 l=1 rev1=1 crypto rx=0x7f2cf4009130 tx=0x7f2cf4011ad0 comp rx=0 tx=0).ready entity=mon.0 client_cookie=0 server_cookie=0 in_seq=0 out_seq=0
2024-02-22T00:15:26.955 INFO:teuthology.orchestra.run.smithi052.stdout:/usr/bin/ceph: stderr
2024-02-22T00:15:26.386+0000 7f2cfdffb700 1 -- 172.21.15.52:0/2049499972 <== mon.0 v2:172.21.15.52:3300/0 1 ==== mon_map magic: 0 v1 ==== 205+0+0 (secure 0 0 0) 0x7f2cf4003ab0 con 0x7f2d0007bf00
