2024-02-22T00:15:14.605+0000 7fe953952700 1 -- 172.21.15.52:0/1313932526 --> [v2:172.21.15.52:3300/0,v1:172.21.15.52:6789/0] -- mon_subscribe({mgrmap=0+}) v3 -- 0x7fe94c198740 con 0x7fe94c105400
2024-02-22T00:15:15.232 INFO:teuthology.orchestra.run.smithi052.stdout:/usr/bin/ceph: stderr
2024-02-22T00:15:14.605+0000 7fe953952700 1 -- 172.21.15.52:0/1313932526 --> [v2:172.21.15.52:3300/0,v1:172.21.15.52:6789/0] -- mon_subscribe({osdmap=0}) v3 -- 0x7fe94c198be0 con 0x7fe94c105400
2024-02-22T00:15:15.232 INFO:teuthology.orchestra.run.smithi052.stdout:/usr/bin/ceph: stderr
2024-02-22T00:15:14.606+0000 7fe953952700 1 -- 172.21.15.52:0/1313932526 --> [v2:172.21.15.52:3300/0,v1:172.21.15.52:6789/0] -- mon_command({"prefix": "get_command_descriptions"} v 0) v1 -- 0x7fe94c191c90 con 0x7fe94c105400
2024-02-22T00:15:15.232 INFO:teuthology.orchestra.run.smithi052.stdout:/usr/bin/ceph: stderr
2024-02-22T00:15:14.606+0000 7fe9427fc700 1 -- 172.21.15.52:0/1313932526 <== mon.0 v2:172.21.15.52:3300/0 4 ==== mgrmap(e 5) v1 ==== 45537+0+0 (secure 0 0 0) 0x7fe948010730 con 0x7fe94c105400
2024-02-22T00:15:15.232 INFO:teuthology.orchestra.run.smithi052.stdout:/usr/bin/ceph: stderr
2024-02-22T00:15:14.606+0000 7fe9427fc700 1 --2- 172.21.15.52:0/1313932526 >> [v2:172.21.15.52:6800/2566585772,v1:172.21.15.52:6801/2566585772] conn(0x7fe9380386b0 0x7fe93803ab70 unknown :-1 s=NONE pgs=0 cs=0 l=1 rev1=0 crypto rx=0 tx=0 comp rx=0 tx=0).connect
2024-02-22T00:15:15.233 INFO:teuthology.orchestra.run.smithi052.stdout:/usr/bin/ceph: stderr
2024-02-22T00:15:14.606+0000 7fe9427fc700 1 -- 172.21.15.52:0/1313932526 <== mon.0 v2:172.21.15.52:3300/0 5 ==== osd_map(1..1 src has 1..1) v4 ==== 725+0+0 (secure 0 0 0) 0x7fe94804eae0 con 0x7fe94c105400
2024-02-22T00:15:15.233 INFO:teuthology.orchestra.run.smithi052.stdout:/usr/bin/ceph: stderr
2024-02-22T00:15:14.606+0000 7fe950eed700 1 -- 172.21.15.52:0/1313932526 >> [v2:172.21.15.52:6800/2566585772,v1:172.21.15.52:6801/2566585772] conn(0x7fe9380386b0 msgr2=0x7fe93803ab70 unknown :-1 s=STATE_CONNECTING_RE l=1).process reconnect failed to v2:172.21.15.52:6800/2566585772
2024-02-22T00:15:15.233 INFO:teuthology.orchestra.run.smithi052.stdout:/usr/bin/ceph: stderr
2024-02-22T00:15:14.606+0000 7fe950eed700 1 --2- 172.21.15.52:0/1313932526 >> [v2:172.21.15.52:6800/2566585772,v1:172.21.15.52:6801/2566585772] conn(0x7fe9380386b0 0x7fe93803ab70 unknown :-1 s=START_CONNECT pgs=0 cs=0 l=1 rev1=0 crypto rx=0 tx=0 comp rx=0 tx=0)._fault waiting 0.200000
2024-02-22T00:15:15.233 INFO:teuthology.orchestra.run.smithi052.stdout:/usr/bin/ceph: stderr
2024-02-22T00:15:14.611+0000 7fe9427fc700 1 -- 172.21.15.52:0/1313932526 <== mon.0 v2:172.21.15.52:3300/0 6 ==== mon_command_ack([{"prefix": "get_command_descriptions"}]=0 v0) v1 ==== 72+0+182595 (secure 0 0 0) 0x7fe948021590 con 0x7fe94c105400
2024-02-22T00:15:15.233 INFO:teuthology.orchestra.run.smithi052.stdout:/usr/bin/ceph: stderr
2024-02-22T00:15:14.807+0000 7fe950eed700 1 -- 172.21.15.52:0/1313932526 >> [v2:172.21.15.52:6800/2566585772,v1:172.21.15.52:6801/2566585772] conn(0x7fe9380386b0 msgr2=0x7fe93803ab70 unknown :-1 s=STATE_CONNECTING_RE l=1).process reconnect failed to v2:172.21.15.52:6800/2566585772
2024-02-22T00:15:15.233 INFO:teuthology.orchestra.run.smithi052.stdout:/usr/bin/ceph: stderr
2024-02-22T00:15:14.807+0000 7fe950eed700 1 --2- 172.21.15.52:0/1313932526 >> [v2:172.21.15.52:6800/2566585772,v1:172.21.15.52:6801/2566585772] conn(0x7fe9380386b0 0x7fe93803ab70 unknown :-1 s=START_CONNECT pgs=0 cs=0 l=1 rev1=0 crypto rx=0 tx=0 comp rx=0 tx=0)._fault waiting 0.400000
2024-02-22T00:15:15.233 INFO:teuthology.orchestra.run.smithi052.stdout:/usr/bin/ceph: stderr
2024-02-22T00:15:14.883+0000 7fe953952700 1 -- 172.21.15.52:0/1313932526 --> [v2:172.21.15.52:3300/0,v1:172.21.15.52:6789/0] -- mon_command({"prefix": "mgr stat"} v 0) v1 -- 0x7fe94c0619b0 con 0x7fe94c105400
2024-02-22T00:15:15.233 INFO:teuthology.orchestra.run.smithi052.stdout:/usr/bin/ceph: stderr
2024-02-22T00:15:14.883+0000 7fe9427fc700 1 -- 172.21.15.52:0/1313932526 <== mon.0 v2:172.21.15.52:3300/0 7 ==== mon_command_ack([{"prefix": "mgr stat"}]=0 v5) v1 ==== 56+0+88 (secure 0 0 0) 0x7fe948027030 con 0x7fe94c105400
2024-02-22T00:15:15.233 INFO:teuthology.orchestra.run.smithi052.stdout:/usr/bin/ceph: stderr
2024-02-22T00:15:14.885+0000 7fe953952700 1 -- 172.21.15.52:0/1313932526 >> [v2:172.21.15.52:6800/2566585772,v1:172.21.15.52:6801/2566585772] conn(0x7fe9380386b0 msgr2=0x7fe93803ab70 unknown :-1 s=STATE_CONNECTING l=1).mark_down
2024-02-22T00:15:15.233 INFO:teuthology.orchestra.run.smithi052.stdout:/usr/bin/ceph: stderr
2024-02-22T00:15:14.885+0000 7fe953952700 1 --2- 172.21.15.52:0/1313932526 >> [v2:172.21.15.52:6800/2566585772,v1:172.21.15.52:6801/2566585772] conn(0x7fe9380386b0 0x7fe93803ab70 unknown :-1 s=START_CONNECT pgs=0 cs=0 l=1 rev1=0 crypto rx=0 tx=0 comp rx=0 tx=0).stop
2024-02-22T00:15:15.233 INFO:teuthology.orchestra.run.smithi052.stdout:/usr/bin/ceph: stderr
2024-02-22T00:15:14.885+0000 7fe953952700 1 -- 172.21.15.52:0/1313932526 >> [v2:172.21.15.52:3300/0,v1:172.21.15.52:6789/0] conn(0x7fe94c105400 msgr2=0x7fe94c198000 secure :-1 s=STATE_CONNECTION_ESTABLISHED l=1).mark_down
2024-02-22T00:15:15.233 INFO:teuthology.orchestra.run.smithi052.stdout:/usr/bin/ceph: stderr
2024-02-22T00:15:14.885+0000 7fe953952700 1 --2- 172.21.15.52:0/1313932526 >> [v2:172.21.15.52:3300/0,v1:172.21.15.52:6789/0] conn(0x7fe94c105400 0x7fe94c198000 secure :-1 s=READY pgs=27 cs=0 l=1 rev1=1 crypto rx=0x7fe94800d650 tx=0x7fe948003df0 comp rx=0 tx=0).stop
2024-02-22T00:15:15.233 INFO:teuthology.orchestra.run.smithi052.stdout:/usr/bin/ceph: stderr
2024-02-22T00:15:14.885+0000 7fe953952700 1 -- 172.21.15.52:0/1313932526 shutdown_connections
2024-02-22T00:15:15.234 INFO:teuthology.orchestra.run.smithi052.stdout:/usr/bin/ceph: stderr
2024-02-22T00:15:14.885+0000 7fe953952700 1 --2- 172.21.15.52:0/1313932526 >> [v2:172.21.15.52:6800/2566585772,v1:172.21.15.52:6801/2566585772] conn(0x7fe9380386b0 0x7fe93803ab70 unknown :-1 s=CLOSED pgs=0 cs=0 l=1 rev1=0 crypto rx=0 tx=0 comp rx=0 tx=0).stop
2024-02-22T00:15:15.234 INFO:teuthology.orchestra.run.smithi052.stdout:/usr/bin/ceph: stderr
2024-02-22T00:15:14.885+0000 7fe953952700 1 --2- 172.21.15.52:0/1313932526 >> [v2:172.21.15.52:3300/0,v1:172.21.15.52:6789/0] conn(0x7fe94c105400 0x7fe94c198000 unknown :-1 s=CLOSED pgs=27 cs=0 l=1 rev1=1 crypto rx=0 tx=0 comp rx=0 tx=0).stop
2024-02-22T00:15:15.234 INFO:teuthology.orchestra.run.smithi052.stdout:/usr/bin/ceph: stderr
2024-02-22T00:15:14.885+0000 7fe953952700 1 -- 172.21.15.52:0/1313932526 >> 172.21.15.52:0/1313932526 conn(0x7fe94c1009e0 msgr2=0x7fe94c18edd0 unknown :-1 s=STATE_NONE l=0).mark_down
2024-02-22T00:15:15.234 INFO:teuthology.orchestra.run.smithi052.stdout:/usr/bin/ceph: stderr
2024-02-22T00:15:14.886+0000 7fe953952700 1 -- 172.21.15.52:0/1313932526 shutdown_connections
2024-02-22T00:15:15.234 INFO:teuthology.orchestra.run.smithi052.stdout:/usr/bin/ceph: stderr
2024-02-22T00:15:14.886+0000 7fe953952700 1 -- 172.21.15.52:0/1313932526 wait complete.
2024-02-22T00:15:15.234 INFO:teuthology.orchestra.run.smithi052.stdout:Waiting for the mgr to restart...
2024-02-22T00:15:15.234 INFO:teuthology.orchestra.run.smithi052.stdout:Waiting for mgr epoch 5...
2024-02-22T00:15:15.653 INFO:journalctl@ceph.mgr.x.smithi052.stdout:Feb 22 00:15:15 smithi052 ceph-48564048-d117-11ee-95bd-87774f69a715-mgr-x[43691]:
2024-02-22T00:15:15.338+0000 7f4e00beb200 -1 mgr[py] Module orchestrator has missing NOTIFY_TYPES member
2024-02-22T00:15:15.999 INFO:journalctl@ceph.mon.a.smithi052.stdout:Feb 22 00:15:15 smithi052 ceph-mon[43442]: from='client.? 172.21.15.52:0/1313932526' entity='client.admin' cmd=[{"prefix": "mgr stat"}]: dispatch
2024-02-22T00:15:16.000 INFO:journalctl@ceph.mgr.x.smithi052.stdout:Feb 22 00:15:15 smithi052 ceph-48564048-d117-11ee-95bd-87774f69a715-mgr-x[43691]:
2024-02-22T00:15:15.648+0000 7f4e00beb200 -1 mgr[py] Module nfs has missing NOTIFY_TYPES member
2024-02-22T00:15:16.000 INFO:journalctl@ceph.mgr.x.smithi052.stdout:Feb 22 00:15:15 smithi052 ceph-48564048-d117-11ee-95bd-87774f69a715-mgr-x[43691]:
2024-02-22T00:15:15.744+0000 7f4e00beb200 -1 mgr[py] Module zabbix has missing NOTIFY_TYPES member
2024-02-22T00:15:16.000 INFO:journalctl@ceph.mgr.x.smithi052.stdout:Feb 22 00:15:15 smithi052 ceph-48564048-d117-11ee-95bd-87774f69a715-mgr-x[43691]:
2024-02-22T00:15:15.866+0000 7f4e00beb200 -1 mgr[py] Module rbd_support has missing NOTIFY_TYPES member
2024-02-22T00:15:16.499 INFO:journalctl@ceph.mgr.x.smithi052.stdout:Feb 22 00:15:16 smithi052 ceph-48564048-d117-11ee-95bd-87774f69a715-mgr-x[43691]:
2024-02-22T00:15:16.046+0000 7f4e00beb200 -1 mgr[py] Module status has missing NOTIFY_TYPES member
2024-02-22T00:15:16.500 INFO:journalctl@ceph.mgr.x.smithi052.stdout:Feb 22 00:15:16 smithi052 ceph-48564048-d117-11ee-95bd-87774f69a715-mgr-x[43691]:
2024-02-22T00:15:16.190+0000 7f4e00beb200 -1 mgr[py] Module diskprediction_local has missing NOTIFY_TYPES member
2024-02-22T00:15:16.500 INFO:journalctl@ceph.mgr.x.smithi052.stdout:Feb 22 00:15:16 smithi052 ceph-48564048-d117-11ee-95bd-87774f69a715-mgr-x[43691]:
2024-02-22T00:15:16.285+0000 7f4e00beb200 -1 mgr[py] Module telegraf has missing NOTIFY_TYPES member
2024-02-22T00:15:16.999 INFO:journalctl@ceph.mgr.x.smithi052.stdout:Feb 22 00:15:16 smithi052 ceph-48564048-d117-11ee-95bd-87774f69a715-mgr-x[43691]:
2024-02-22T00:15:16.704+0000 7f4e00beb200 -1 mgr[py] Module influx has missing NOTIFY_TYPES member
2024-02-22T00:15:17.466 INFO:journalctl@ceph.mgr.x.smithi052.stdout:Feb 22 00:15:17 smithi052 ceph-48564048-d117-11ee-95bd-87774f69a715-mgr-x[43691]:
2024-02-22T00:15:17.141+0000 7f4e00beb200 -1 mgr[py] Module pg_autoscaler has missing NOTIFY_TYPES member
2024-02-22T00:15:17.466 INFO:journalctl@ceph.mgr.x.smithi052.stdout:Feb 22 00:15:17 smithi052 ceph-48564048-d117-11ee-95bd-87774f69a715-mgr-x[43691]:
2024-02-22T00:15:17.356+0000 7f4e00beb200 -1 mgr[py] Module rgw has missing NOTIFY_TYPES member
2024-02-22T00:15:17.749 INFO:journalctl@ceph.mgr.x.smithi052.stdout:Feb 22 00:15:17 smithi052 ceph-48564048-d117-11ee-95bd-87774f69a715-mgr-x[43691]:
2024-02-22T00:15:17.460+0000 7f4e00beb200 -1 mgr[py] Module balancer has missing NOTIFY_TYPES member
2024-02-22T00:15:18.610 INFO:journalctl@ceph.mgr.x.smithi052.stdout:Feb 22 00:15:18 smithi052 ceph-48564048-d117-11ee-95bd-87774f69a715-mgr-x[43691]:
2024-02-22T00:15:18.325+0000 7f4e00beb200 -1 mgr[py] Module iostat has missing NOTIFY_TYPES member
2024-02-22T00:15:18.610 INFO:journalctl@ceph.mgr.x.smithi052.stdout:Feb 22 00:15:18 smithi052 ceph-48564048-d117-11ee-95bd-87774f69a715-mgr-x[43691]:
2024-02-22T00:15:18.435+0000 7f4e00beb200 -1 mgr[py] Module snap_schedule has missing NOTIFY_TYPES member
2024-02-22T00:15:18.999 INFO:journalctl@ceph.mgr.x.smithi052.stdout:Feb 22 00:15:18 smithi052 ceph-48564048-d117-11ee-95bd-87774f69a715-mgr-x[43691]:
2024-02-22T00:15:18.604+0000 7f4e00beb200 -1 mgr[py] Module telemetry has missing NOTIFY_TYPES member
2024-02-22T00:15:19.749 INFO:journalctl@ceph.mgr.x.smithi052.stdout:Feb 22 00:15:19 smithi052 ceph-48564048-d117-11ee-95bd-87774f69a715-mgr-x[43691]:
2024-02-22T00:15:19.322+0000 7f4e00beb200 -1 mgr[py] Module rook has missing NOTIFY_TYPES member
2024-02-22T00:15:19.750 INFO:journalctl@ceph.mgr.x.smithi052.stdout:Feb 22 00:15:19 smithi052 ceph-48564048-d117-11ee-95bd-87774f69a715-mgr-x[43691]:
2024-02-22T00:15:19.527+0000 7f4e00beb200 -1 mgr[py] Module selftest has missing NOTIFY_TYPES member
2024-02-22T00:15:20.249 INFO:journalctl@ceph.mgr.x.smithi052.stdout:Feb 22 00:15:19 smithi052 ceph-48564048-d117-11ee-95bd-87774f69a715-mgr-x[43691]:
2024-02-22T00:15:19.744+0000 7f4e00beb200 -1 mgr[py] Module devicehealth has missing NOTIFY_TYPES member
2024-02-22T00:15:21.130 INFO:journalctl@ceph.mgr.x.smithi052.stdout:Feb 22 00:15:20 smithi052 ceph-48564048-d117-11ee-95bd-87774f69a715-mgr-x[43691]:
2024-02-22T00:15:20.806+0000 7f4e00beb200 -1 mgr[py] Module volumes has missing NOTIFY_TYPES member
2024-02-22T00:15:21.443 INFO:journalctl@ceph.mgr.x.smithi052.stdout:Feb 22 00:15:21 smithi052 ceph-48564048-d117-11ee-95bd-87774f69a715-mgr-x[43691]:
2024-02-22T00:15:21.124+0000 7f4e00beb200 -1 mgr[py] Module test_orchestrator has missing NOTIFY_TYPES member
2024-02-22T00:15:21.444 INFO:journalctl@ceph.mgr.x.smithi052.stdout:Feb 22 00:15:21 smithi052 ceph-48564048-d117-11ee-95bd-87774f69a715-mgr-x[43691]:
2024-02-22T00:15:21.223+0000 7f4e00beb200 -1 mgr[py] Module osd_support has missing NOTIFY_TYPES member
2024-02-22T00:15:21.750 INFO:journalctl@ceph.mgr.x.smithi052.stdout:Feb 22 00:15:21 smithi052 ceph-48564048-d117-11ee-95bd-87774f69a715-mgr-x[43691]:
2024-02-22T00:15:21.438+0000 7f4e00beb200 -1 mgr[py] Module crash has missing NOTIFY_TYPES member
2024-02-22T00:15:21.750 INFO:journalctl@ceph.mon.a.smithi052.stdout:Feb 22 00:15:21 smithi052 ceph-mon[43442]: Active manager daemon x restarted
2024-02-22T00:15:21.750 INFO:journalctl@ceph.mon.a.smithi052.stdout:Feb 22 00:15:21 smithi052 ceph-mon[43442]: Activating manager daemon x
2024-02-22T00:15:21.750 INFO:journalctl@ceph.mon.a.smithi052.stdout:Feb 22 00:15:21 smithi052 ceph-mon[43442]: osdmap e2: 0 total, 0 up, 0 in
2024-02-22T00:15:21.750 INFO:journalctl@ceph.mon.a.smithi052.stdout:Feb 22 00:15:21 smithi052 ceph-mon[43442]: mgrmap e6: x(active, starting, since 0.00388283s)
2024-02-22T00:15:21.750 INFO:journalctl@ceph.mon.a.smithi052.stdout:Feb 22 00:15:21 smithi052 ceph-mon[43442]: from='mgr.14120 172.21.15.52:0/3753675757' entity='mgr.x' cmd=[{"prefix": "mon metadata", "id": "a"}]: dispatch
2024-02-22T00:15:21.750 INFO:journalctl@ceph.mon.a.smithi052.stdout:Feb 22 00:15:21 smithi052 ceph-mon[43442]: from='mgr.14120 172.21.15.52:0/3753675757' entity='mgr.x' cmd=[{"prefix": "mgr metadata", "who": "x", "id": "x"}]: dispatch
2024-02-22T00:15:21.750 INFO:journalctl@ceph.mon.a.smithi052.stdout:Feb 22 00:15:21 smithi052 ceph-mon[43442]: from='mgr.14120 172.21.15.52:0/3753675757' entity='mgr.x' cmd=[{"prefix": "mds metadata"}]: dispatch
2024-02-22T00:15:21.750 INFO:journalctl@ceph.mon.a.smithi052.stdout:Feb 22 00:15:21 smithi052 ceph-mon[43442]: from='mgr.14120 172.21.15.52:0/3753675757' entity='mgr.x' cmd=[{"prefix": "osd metadata"}]: dispatch
2024-02-22T00:15:21.750 INFO:journalctl@ceph.mon.a.smithi052.stdout:Feb 22 00:15:21 smithi052 ceph-mon[43442]: from='mgr.14120 172.21.15.52:0/3753675757' entity='mgr.x' cmd=[{"prefix": "mon metadata"}]: dispatch
2024-02-22T00:15:21.750 INFO:journalctl@ceph.mon.a.smithi052.stdout:Feb 22 00:15:21 smithi052 ceph-mon[43442]: Manager daemon x is now available
2024-02-22T00:15:21.750 INFO:journalctl@ceph.mon.a.smithi052.stdout:Feb 22 00:15:21 smithi052 ceph-mon[43442]: from='mgr.14120 172.21.15.52:0/3753675757' entity='mgr.x'
2024-02-22T00:15:21.751 INFO:journalctl@ceph.mon.a.smithi052.stdout:Feb 22 00:15:21 smithi052 ceph-mon[43442]: from='mgr.14120 172.21.15.52:0/3753675757' entity='mgr.x'
2024-02-22T00:15:21.751 INFO:journalctl@ceph.mon.a.smithi052.stdout:Feb 22 00:15:21 smithi052 ceph-mon[43442]: from='mgr.14120 172.21.15.52:0/3753675757' entity='mgr.x' cmd=[{"prefix": "config dump", "format": "json"}]: dispatch
2024-02-22T00:15:22.750 INFO:journalctl@ceph.mon.a.smithi052.stdout:Feb 22 00:15:22 smithi052 ceph-mon[43442]: Found migration_current of "None". Setting to last migration.
2024-02-22T00:15:22.750 INFO:journalctl@ceph.mon.a.smithi052.stdout:Feb 22 00:15:22 smithi052 ceph-mon[43442]: from='mgr.14120 172.21.15.52:0/3753675757' entity='mgr.x' cmd=[{"prefix": "config dump", "format": "json"}]: dispatch
2024-02-22T00:15:22.750 INFO:journalctl@ceph.mon.a.smithi052.stdout:Feb 22 00:15:22 smithi052 ceph-mon[43442]: from='mgr.14120 172.21.15.52:0/3753675757' entity='mgr.x' cmd=[{"prefix": "config dump", "format": "json"}]: dispatch
2024-02-22T00:15:22.750 INFO:journalctl@ceph.mon.a.smithi052.stdout:Feb 22 00:15:22 smithi052 ceph-mon[43442]: from='mgr.14120 172.21.15.52:0/3753675757' entity='mgr.x' cmd=[{"prefix":"config rm","who":"mgr","name":"mgr/rbd_support/x/mirror_snapshot_schedule"}]: dispatch
2024-02-22T00:15:22.750 INFO:journalctl@ceph.mon.a.smithi052.stdout:Feb 22 00:15:22 smithi052 ceph-mon[43442]: from='mgr.14120 172.21.15.52:0/3753675757' entity='mgr.x' cmd=[{"prefix":"config rm","who":"mgr","name":"mgr/rbd_support/x/trash_purge_schedule"}]: dispatch
2024-02-22T00:15:22.750 INFO:journalctl@ceph.mon.a.smithi052.stdout:Feb 22 00:15:22 smithi052 ceph-mon[43442]: from='mgr.14120 172.21.15.52:0/3753675757' entity='mgr.x'
2024-02-22T00:15:22.750 INFO:journalctl@ceph.mon.a.smithi052.stdout:Feb 22 00:15:22 smithi052 ceph-mon[43442]: from='mgr.14120 172.21.15.52:0/3753675757' entity='mgr.x'
2024-02-22T00:15:22.750 INFO:journalctl@ceph.mon.a.smithi052.stdout:Feb 22 00:15:22 smithi052 ceph-mon[43442]: mgrmap e7: x(active, since 1.00603s)
2024-02-22T00:15:22.831 INFO:teuthology.orchestra.run.smithi052.stdout:/usr/bin/ceph: stdout {
2024-02-22T00:15:22.832 INFO:teuthology.orchestra.run.smithi052.stdout:/usr/bin/ceph: stdout "mgrmap_epoch": 7,
2024-02-22T00:15:22.832 INFO:teuthology.orchestra.run.smithi052.stdout:/usr/bin/ceph: stdout "initialized": true
2024-02-22T00:15:22.832 INFO:teuthology.orchestra.run.smithi052.stdout:/usr/bin/ceph: stdout }
2024-02-22T00:15:22.832 INFO:teuthology.orchestra.run.smithi052.stdout:/usr/bin/ceph: stderr
2024-02-22T00:15:15.596+0000 7fcc48ca3700 1 Processor -- start
2024-02-22T00:15:22.832 INFO:teuthology.orchestra.run.smithi052.stdout:/usr/bin/ceph: stderr
2024-02-22T00:15:15.596+0000 7fcc48ca3700 1 -- start start
2024-02-22T00:15:22.832 INFO:teuthology.orchestra.run.smithi052.stdout:/usr/bin/ceph: stderr
2024-02-22T00:15:15.596+0000 7fcc48ca3700 1 --2- >> [v2:172.21.15.52:3300/0,v1:172.21.15.52:6789/0] conn(0x7fcc44106fd0 0x7fcc441093c0 unknown :-1 s=NONE pgs=0 cs=0 l=0 rev1=0 crypto rx=0 tx=0 comp rx=0 tx=0).connect
2024-02-22T00:15:22.832 INFO:teuthology.orchestra.run.smithi052.stdout:/usr/bin/ceph: stderr
2024-02-22T00:15:15.596+0000 7fcc48ca3700 1 -- --> [v2:172.21.15.52:3300/0,v1:172.21.15.52:6789/0] -- mon_getmap magic: 0 v1 -- 0x7fcc44079e50 con 0x7fcc44106fd0
2024-02-22T00:15:22.832 INFO:teuthology.orchestra.run.smithi052.stdout:/usr/bin/ceph: stderr
2024-02-22T00:15:15.596+0000 7fcc4259c700 1 --2- >> [v2:172.21.15.52:3300/0,v1:172.21.15.52:6789/0] conn(0x7fcc44106fd0 0x7fcc441093c0 unknown :-1 s=BANNER_CONNECTING pgs=0 cs=0 l=0 rev1=0 crypto rx=0 tx=0 comp rx=0 tx=0)._handle_peer_banner_payload supported=3 required=0
2024-02-22T00:15:22.832 INFO:teuthology.orchestra.run.smithi052.stdout:/usr/bin/ceph: stderr
2024-02-22T00:15:15.596+0000 7fcc4259c700 1 --2- >> [v2:172.21.15.52:3300/0,v1:172.21.15.52:6789/0] conn(0x7fcc44106fd0 0x7fcc441093c0 unknown :-1 s=HELLO_CONNECTING pgs=0 cs=0 l=0 rev1=1 crypto rx=0 tx=0 comp rx=0 tx=0).handle_hello peer v2:172.21.15.52:3300/0 says I am v2:172.21.15.52:57852/0 (socket says 172.21.15.52:57852)
2024-02-22T00:15:22.832 INFO:teuthology.orchestra.run.smithi052.stdout:/usr/bin/ceph: stderr
2024-02-22T00:15:15.596+0000 7fcc4259c700 1 -- 172.21.15.52:0/350198717 learned_addr learned my addr 172.21.15.52:0/350198717 (peer_addr_for_me v2:172.21.15.52:0/0)
2024-02-22T00:15:22.832 INFO:teuthology.orchestra.run.smithi052.stdout:/usr/bin/ceph: stderr
2024-02-22T00:15:15.597+0000 7fcc4259c700 1 -- 172.21.15.52:0/350198717 --> [v2:172.21.15.52:3300/0,v1:172.21.15.52:6789/0] -- mon_subscribe({config=0+,monmap=0+}) v3 -- 0x7fcc44109900 con 0x7fcc44106fd0
2024-02-22T00:15:22.833 INFO:teuthology.orchestra.run.smithi052.stdout:/usr/bin/ceph: stderr
2024-02-22T00:15:15.597+0000 7fcc4259c700 1 --2- 172.21.15.52:0/350198717 >> [v2:172.21.15.52:3300/0,v1:172.21.15.52:6789/0] conn(0x7fcc44106fd0 0x7fcc441093c0 secure :-1 s=READY pgs=28 cs=0 l=1 rev1=1 crypto rx=0x7fcc340098a0 tx=0x7fcc34009bb0 comp rx=0 tx=0).ready entity=mon.0 client_cookie=13400e4157cff8d5 server_cookie=0 in_seq=0 out_seq=0
2024-02-22T00:15:22.833 INFO:teuthology.orchestra.run.smithi052.stdout:/usr/bin/ceph: stderr
2024-02-22T00:15:15.597+0000 7fcc4159a700 1 -- 172.21.15.52:0/350198717 <== mon.0 v2:172.21.15.52:3300/0 1 ==== mon_map magic: 0 v1 ==== 205+0+0 (secure 0 0 0) 0x7fcc34004160 con 0x7fcc44106fd0
2024-02-22T00:15:22.833 INFO:teuthology.orchestra.run.smithi052.stdout:/usr/bin/ceph: stderr
2024-02-22T00:15:15.597+0000 7fcc4159a700 1 -- 172.21.15.52:0/350198717 <== mon.0 v2:172.21.15.52:3300/0 2 ==== config(26 keys) v1 ==== 1074+0+0 (secure 0 0 0) 0x7fcc340042c0 con 0x7fcc44106fd0
2024-02-22T00:15:22.833 INFO:teuthology.orchestra.run.smithi052.stdout:/usr/bin/ceph: stderr
2024-02-22T00:15:15.597+0000 7fcc4159a700 1 -- 172.21.15.52:0/350198717 <== mon.0 v2:172.21.15.52:3300/0 3 ==== mon_map magic: 0 v1 ==== 205+0+0 (secure 0 0 0) 0x7fcc34011a00 con 0x7fcc44106fd0
2024-02-22T00:15:22.833 INFO:teuthology.orchestra.run.smithi052.stdout:/usr/bin/ceph: stderr
2024-02-22T00:15:15.598+0000 7fcc48ca3700 1 -- 172.21.15.52:0/350198717 >> [v2:172.21.15.52:3300/0,v1:172.21.15.52:6789/0] conn(0x7fcc44106fd0 msgr2=0x7fcc441093c0 secure :-1 s=STATE_CONNECTION_ESTABLISHED l=1).mark_down
2024-02-22T00:15:22.833 INFO:teuthology.orchestra.run.smithi052.stdout:/usr/bin/ceph: stderr
2024-02-22T00:15:15.598+0000 7fcc48ca3700 1 --2- 172.21.15.52:0/350198717 >> [v2:172.21.15.52:3300/0,v1:172.21.15.52:6789/0] conn(0x7fcc44106fd0 0x7fcc441093c0 secure :-1 s=READY pgs=28 cs=0 l=1 rev1=1 crypto rx=0x7fcc340098a0 tx=0x7fcc34009bb0 comp rx=0 tx=0).stop
2024-02-22T00:15:22.833 INFO:teuthology.orchestra.run.smithi052.stdout:/usr/bin/ceph: stderr
2024-02-22T00:15:15.598+0000 7fcc48ca3700 1 -- 172.21.15.52:0/350198717 shutdown_connections
2024-02-22T00:15:22.833 INFO:teuthology.orchestra.run.smithi052.stdout:/usr/bin/ceph: stderr
2024-02-22T00:15:15.598+0000 7fcc48ca3700 1 --2- 172.21.15.52:0/350198717 >> [v2:172.21.15.52:3300/0,v1:172.21.15.52:6789/0] conn(0x7fcc44106fd0 0x7fcc441093c0 unknown :-1 s=CLOSED pgs=28 cs=0 l=1 rev1=1 crypto rx=0 tx=0 comp rx=0 tx=0).stop
2024-02-22T00:15:22.833 INFO:teuthology.orchestra.run.smithi052.stdout:/usr/bin/ceph: stderr
2024-02-22T00:15:15.598+0000 7fcc48ca3700 1 -- 172.21.15.52:0/350198717 >> 172.21.15.52:0/350198717 conn(0x7fcc441009c0 msgr2=0x7fcc44102de0 unknown :-1 s=STATE_NONE l=0).mark_down
2024-02-22T00:15:22.833 INFO:teuthology.orchestra.run.smithi052.stdout:/usr/bin/ceph: stderr
2024-02-22T00:15:15.598+0000 7fcc48ca3700 1 -- 172.21.15.52:0/350198717 shutdown_connections
2024-02-22T00:15:22.833 INFO:teuthology.orchestra.run.smithi052.stdout:/usr/bin/ceph: stderr
2024-02-22T00:15:15.598+0000 7fcc48ca3700 1 -- 172.21.15.52:0/350198717 wait complete.
2024-02-22T00:15:22.833 INFO:teuthology.orchestra.run.smithi052.stdout:/usr/bin/ceph: stderr
2024-02-22T00:15:15.599+0000 7fcc48ca3700 1 Processor -- start
2024-02-22T00:15:22.833 INFO:teuthology.orchestra.run.smithi052.stdout:/usr/bin/ceph: stderr
2024-02-22T00:15:15.599+0000 7fcc48ca3700 1 -- start start
2024-02-22T00:15:22.834 INFO:teuthology.orchestra.run.smithi052.stdout:/usr/bin/ceph: stderr
2024-02-22T00:15:15.599+0000 7fcc48ca3700 1 --2- >> [v2:172.21.15.52:3300/0,v1:172.21.15.52:6789/0] conn(0x7fcc44106fd0 0x7fcc44106800 unknown :-1 s=NONE pgs=0 cs=0 l=1 rev1=0 crypto rx=0 tx=0 comp rx=0 tx=0).connect
2024-02-22T00:15:22.834 INFO:teuthology.orchestra.run.smithi052.stdout:/usr/bin/ceph: stderr
2024-02-22T00:15:15.599+0000 7fcc48ca3700 1 -- --> [v2:172.21.15.52:3300/0,v1:172.21.15.52:6789/0] -- mon_getmap magic: 0 v1 -- 0x7fcc44106d40 con 0x7fcc44106fd0
2024-02-22T00:15:22.834 INFO:teuthology.orchestra.run.smithi052.stdout:/usr/bin/ceph: stderr
2024-02-22T00:15:15.599+0000 7fcc4259c700 1 --2- >> [v2:172.21.15.52:3300/0,v1:172.21.15.52:6789/0] conn(0x7fcc44106fd0 0x7fcc44106800 unknown :-1 s=BANNER_CONNECTING pgs=0 cs=0 l=1 rev1=0 crypto rx=0 tx=0 comp rx=0 tx=0)._handle_peer_banner_payload supported=3 required=0
2024-02-22T00:15:22.834 INFO:teuthology.orchestra.run.smithi052.stdout:/usr/bin/ceph: stderr
2024-02-22T00:15:15.599+0000 7fcc4259c700 1 --2- >> [v2:172.21.15.52:3300/0,v1:172.21.15.52:6789/0] conn(0x7fcc44106fd0 0x7fcc44106800 unknown :-1 s=HELLO_CONNECTING pgs=0 cs=0 l=1 rev1=1 crypto rx=0 tx=0 comp rx=0 tx=0).handle_hello peer v2:172.21.15.52:3300/0 says I am v2:172.21.15.52:57864/0 (socket says 172.21.15.52:57864)
2024-02-22T00:15:22.834 INFO:teuthology.orchestra.run.smithi052.stdout:/usr/bin/ceph: stderr
2024-02-22T00:15:15.599+0000 7fcc4259c700 1 -- 172.21.15.52:0/1745040384 learned_addr learned my addr 172.21.15.52:0/1745040384 (peer_addr_for_me v2:172.21.15.52:0/0)
2024-02-22T00:15:22.834 INFO:teuthology.orchestra.run.smithi052.stdout:/usr/bin/ceph: stderr
2024-02-22T00:15:15.600+0000 7fcc4259c700 1 -- 172.21.15.52:0/1745040384 --> [v2:172.21.15.52:3300/0,v1:172.21.15.52:6789/0] -- mon_subscribe({config=0+,monmap=0+}) v3 -- 0x7fcc34009550 con 0x7fcc44106fd0
2024-02-22T00:15:22.834 INFO:teuthology.orchestra.run.smithi052.stdout:/usr/bin/ceph: stderr
2024-02-22T00:15:15.600+0000 7fcc4259c700 1 --2- 172.21.15.52:0/1745040384 >> [v2:172.21.15.52:3300/0,v1:172.21.15.52:6789/0] conn(0x7fcc44106fd0 0x7fcc44106800 secure :-1 s=READY pgs=29 cs=0 l=1 rev1=1 crypto rx=0x7fcc34009fb0 tx=0x7fcc34011ad0 comp rx=0 tx=0).ready entity=mon.0 client_cookie=0 server_cookie=0 in_seq=0 out_seq=0
2024-02-22T00:15:22.834 INFO:teuthology.orchestra.run.smithi052.stdout:/usr/bin/ceph: stderr
2024-02-22T00:15:15.600+0000 7fcc337fe700 1 -- 172.21.15.52:0/1745040384 <== mon.0 v2:172.21.15.52:3300/0 1 ==== mon_map magic: 0 v1 ==== 205+0+0 (secure 0 0 0) 0x7fcc34003a40 con 0x7fcc44106fd0
2024-02-22T00:15:22.834 INFO:teuthology.orchestra.run.smithi052.stdout:/usr/bin/ceph: stderr
2024-02-22T00:15:15.600+0000 7fcc337fe700 1 -- 172.21.15.52:0/1745040384 <== mon.0 v2:172.21.15.52:3300/0 2 ==== config(26 keys) v1 ==== 1074+0+0 (secure 0 0 0) 0x7fcc34003ba0 con 0x7fcc44106fd0
2024-02-22T00:15:22.834 INFO:teuthology.orchestra.run.smithi052.stdout:/usr/bin/ceph: stderr
2024-02-22T00:15:15.600+0000 7fcc48ca3700 1 -- 172.21.15.52:0/1745040384 --> [v2:172.21.15.52:3300/0,v1:172.21.15.52:6789/0] -- mon_subscribe({mgrmap=0+}) v3 -- 0x7fcc44104f80 con 0x7fcc44106fd0
2024-02-22T00:15:22.834 INFO:teuthology.orchestra.run.smithi052.stdout:/usr/bin/ceph: stderr
2024-02-22T00:15:15.600+0000 7fcc337fe700 1 -- 172.21.15.52:0/1745040384 <== mon.0 v2:172.21.15.52:3300/0 3 ==== mon_map magic: 0 v1 ==== 205+0+0 (secure 0 0 0) 0x7fcc3401a750 con 0x7fcc44106fd0
2024-02-22T00:15:22.834 INFO:teuthology.orchestra.run.smithi052.stdout:/usr/bin/ceph: stderr
2024-02-22T00:15:15.600+0000 7fcc48ca3700 1 -- 172.21.15.52:0/1745040384 --> [v2:172.21.15.52:3300/0,v1:172.21.15.52:6789/0] -- mon_subscribe({osdmap=0}) v3 -- 0x7fcc44105420 con 0x7fcc44106fd0
2024-02-22T00:15:22.834 INFO:teuthology.orchestra.run.smithi052.stdout:/usr/bin/ceph: stderr
2024-02-22T00:15:15.601+0000 7fcc337fe700 1 -- 172.21.15.52:0/1745040384 <== mon.0 v2:172.21.15.52:3300/0 4 ==== mgrmap(e 5) v1 ==== 45537+0+0 (secure 0 0 0) 0x7fcc3401a9d0 con 0x7fcc44106fd0
2024-02-22T00:15:22.835 INFO:teuthology.orchestra.run.smithi052.stdout:/usr/bin/ceph: stderr
2024-02-22T00:15:15.602+0000 7fcc337fe700 1 --2- 172.21.15.52:0/1745040384 >> [v2:172.21.15.52:6800/2566585772,v1:172.21.15.52:6801/2566585772] conn(0x7fcc2c0386b0 0x7fcc2c03ab70 unknown :-1 s=NONE pgs=0 cs=0 l=1 rev1=0 crypto rx=0 tx=0 comp rx=0 tx=0).connect
2024-02-22T00:15:22.835 INFO:teuthology.orchestra.run.smithi052.stdout:/usr/bin/ceph: stderr
2024-02-22T00:15:15.602+0000 7fcc337fe700 1 -- 172.21.15.52:0/1745040384 --> [v2:172.21.15.52:6800/2566585772,v1:172.21.15.52:6801/2566585772] -- command(tid 0: {"prefix": "get_command_descriptions"}) v1 -- 0x7fcc2c03b280 con 0x7fcc2c0386b0
2024-02-22T00:15:22.835 INFO:teuthology.orchestra.run.smithi052.stdout:/usr/bin/ceph: stderr
2024-02-22T00:15:15.602+0000 7fcc41d9b700 1 -- 172.21.15.52:0/1745040384 >> [v2:172.21.15.52:6800/2566585772,v1:172.21.15.52:6801/2566585772] conn(0x7fcc2c0386b0 msgr2=0x7fcc2c03ab70 unknown :-1 s=STATE_CONNECTING_RE l=1).process reconnect failed to v2:172.21.15.52:6800/2566585772
2024-02-22T00:15:22.835 INFO:teuthology.orchestra.run.smithi052.stdout:/usr/bin/ceph: stderr
2024-02-22T00:15:15.602+0000 7fcc337fe700 1 -- 172.21.15.52:0/1745040384 <== mon.0 v2:172.21.15.52:3300/0 5 ==== osd_map(1..1 src has 1..1) v4 ==== 725+0+0 (secure 0 0 0) 0x7fcc3404c600 con 0x7fcc44106fd0
2024-02-22T00:15:22.835 INFO:teuthology.orchestra.run.smithi052.stdout:/usr/bin/ceph: stderr
2024-02-22T00:15:15.602+0000 7fcc41d9b700 1 --2- 172.21.15.52:0/1745040384 >> [v2:172.21.15.52:6800/2566585772,v1:172.21.15.52:6801/2566585772] conn(0x7fcc2c0386b0 0x7fcc2c03ab70 unknown :-1 s=START_CONNECT pgs=0 cs=0 l=1 rev1=0 crypto rx=0 tx=0 comp rx=0 tx=0)._fault waiting 0.200000
2024-02-22T00:15:22.835 INFO:teuthology.orchestra.run.smithi052.stdout:/usr/bin/ceph: stderr
2024-02-22T00:15:15.803+0000 7fcc41d9b700 1 -- 172.21.15.52:0/1745040384 >> [v2:172.21.15.52:6800/2566585772,v1:172.21.15.52:6801/2566585772] conn(0x7fcc2c0386b0 msgr2=0x7fcc2c03ab70 unknown :-1 s=STATE_CONNECTING_RE l=1).process reconnect failed to v2:172.21.15.52:6800/2566585772
2024-02-22T00:15:22.835 INFO:teuthology.orchestra.run.smithi052.stdout:/usr/bin/ceph: stderr
2024-02-22T00:15:15.803+0000 7fcc41d9b700 1 --2- 172.21.15.52:0/1745040384 >> [v2:172.21.15.52:6800/2566585772,v1:172.21.15.52:6801/2566585772] conn(0x7fcc2c0386b0 0x7fcc2c03ab70 unknown :-1 s=START_CONNECT pgs=0 cs=0 l=1 rev1=0 crypto rx=0 tx=0 comp rx=0 tx=0)._fault waiting 0.400000
2024-02-22T00:15:22.835 INFO:teuthology.orchestra.run.smithi052.stdout:/usr/bin/ceph: stderr
2024-02-22T00:15:16.204+0000 7fcc41d9b700 1 -- 172.21.15.52:0/1745040384 >> [v2:172.21.15.52:6800/2566585772,v1:172.21.15.52:6801/2566585772] conn(0x7fcc2c0386b0 msgr2=0x7fcc2c03ab70 unknown :-1 s=STATE_CONNECTING_RE l=1).process reconnect failed to v2:172.21.15.52:6800/2566585772
2024-02-22T00:15:22.835 INFO:teuthology.orchestra.run.smithi052.stdout:/usr/bin/ceph: stderr
2024-02-22T00:15:16.204+0000 7fcc41d9b700 1 --2- 172.21.15.52:0/1745040384 >> [v2:172.21.15.52:6800/2566585772,v1:172.21.15.52:6801/2566585772] conn(0x7fcc2c0386b0 0x7fcc2c03ab70 unknown :-1 s=START_CONNECT pgs=0 cs=0 l=1 rev1=0 crypto rx=0 tx=0 comp rx=0 tx=0)._fault waiting 0.800000
2024-02-22T00:15:22.835 INFO:teuthology.orchestra.run.smithi052.stdout:/usr/bin/ceph: stderr
2024-02-22T00:15:17.005+0000 7fcc41d9b700 1 -- 172.21.15.52:0/1745040384 >> [v2:172.21.15.52:6800/2566585772,v1:172.21.15.52:6801/2566585772] conn(0x7fcc2c0386b0 msgr2=0x7fcc2c03ab70 unknown :-1 s=STATE_CONNECTING_RE l=1).process reconnect failed to v2:172.21.15.52:6800/2566585772
2024-02-22T00:15:22.835 INFO:teuthology.orchestra.run.smithi052.stdout:/usr/bin/ceph: stderr
2024-02-22T00:15:17.005+0000 7fcc41d9b700 1 --2- 172.21.15.52:0/1745040384 >> [v2:172.21.15.52:6800/2566585772,v1:172.21.15.52:6801/2566585772] conn(0x7fcc2c0386b0 0x7fcc2c03ab70 unknown :-1 s=START_CONNECT pgs=0 cs=0 l=1 rev1=0 crypto rx=0 tx=0 comp rx=0 tx=0)._fault waiting 1.600000
2024-02-22T00:15:22.835 INFO:teuthology.orchestra.run.smithi052.stdout:/usr/bin/ceph: stderr
2024-02-22T00:15:18.606+0000 7fcc41d9b700 1 -- 172.21.15.52:0/1745040384 >> [v2:172.21.15.52:6800/2566585772,v1:172.21.15.52:6801/2566585772] conn(0x7fcc2c0386b0 msgr2=0x7fcc2c03ab70 unknown :-1 s=STATE_CONNECTING_RE l=1).process reconnect failed to v2:172.21.15.52:6800/2566585772
2024-02-22T00:15:22.835 INFO:teuthology.orchestra.run.smithi052.stdout:/usr/bin/ceph: stderr
2024-02-22T00:15:18.606+0000 7fcc41d9b700 1 --2- 172.21.15.52:0/1745040384 >> [v2:172.21.15.52:6800/2566585772,v1:172.21.15.52:6801/2566585772] conn(0x7fcc2c0386b0 0x7fcc2c03ab70 unknown :-1 s=START_CONNECT pgs=0 cs=0 l=1 rev1=0 crypto rx=0 tx=0 comp rx=0 tx=0)._fault waiting 3.200000
2024-02-22T00:15:22.835 INFO:teuthology.orchestra.run.smithi052.stdout:/usr/bin/ceph: stderr
2024-02-22T00:15:21.453+0000 7fcc337fe700 1 -- 172.21.15.52:0/1745040384 <== mon.0 v2:172.21.15.52:3300/0 6 ==== mgrmap(e 6) v1 ==== 45304+0+0 (secure 0 0 0) 0x7fcc3402d9b0 con 0x7fcc44106fd0
2024-02-22T00:15:22.836 INFO:teuthology.orchestra.run.smithi052.stdout:/usr/bin/ceph: stderr
2024-02-22T00:15:21.453+0000 7fcc337fe700 1 -- 172.21.15.52:0/1745040384 >> [v2:172.21.15.52:6800/2566585772,v1:172.21.15.52:6801/2566585772] conn(0x7fcc2c0386b0 msgr2=0x7fcc2c03ab70 unknown :-1 s=STATE_CONNECTING l=1).mark_down
2024-02-22T00:15:22.836 INFO:teuthology.orchestra.run.smithi052.stdout:/usr/bin/ceph: stderr
2024-02-22T00:15:21.453+0000 7fcc337fe700 1 --2- 172.21.15.52:0/1745040384 >> [v2:172.21.15.52:6800/2566585772,v1:172.21.15.52:6801/2566585772] conn(0x7fcc2c0386b0 0x7fcc2c03ab70 unknown :-1 s=START_CONNECT pgs=0 cs=0 l=1 rev1=0 crypto rx=0 tx=0 comp rx=0 tx=0).stop
2024-02-22T00:15:22.836 INFO:teuthology.orchestra.run.smithi052.stdout:/usr/bin/ceph: stderr
2024-02-22T00:15:22.455+0000 7fcc337fe700 1 -- 172.21.15.52:0/1745040384 <== mon.0 v2:172.21.15.52:3300/0 7 ==== mgrmap(e 7) v1 ==== 45431+0+0 (secure 0 0 0) 0x7fcc3404de60 con 0x7fcc44106fd0
2024-02-22T00:15:22.836 INFO:teuthology.orchestra.run.smithi052.stdout:/usr/bin/ceph: stderr
2024-02-22T00:15:22.455+0000 7fcc337fe700 1 --2- 172.21.15.52:0/1745040384 >> [v2:172.21.15.52:6800/128288418,v1:172.21.15.52:6801/128288418] conn(0x7fcc2c03bfe0 0x7fcc2c03e3d0 unknown :-1 s=NONE pgs=0 cs=0 l=1 rev1=0 crypto rx=0 tx=0 comp rx=0 tx=0).connect
2024-02-22T00:15:22.836 INFO:teuthology.orchestra.run.smithi052.stdout:/usr/bin/ceph: stderr
2024-02-22T00:15:22.455+0000 7fcc337fe700 1 -- 172.21.15.52:0/1745040384 --> [v2:172.21.15.52:6800/128288418,v1:172.21.15.52:6801/128288418] -- command(tid 0: {"prefix": "get_command_descriptions"}) v1 -- 0x7fcc2c03b280 con 0x7fcc2c03bfe0
2024-02-22T00:15:22.836 INFO:teuthology.orchestra.run.smithi052.stdout:/usr/bin/ceph: stderr
2024-02-22T00:15:22.455+0000 7fcc41d9b700 1 --2- 172.21.15.52:0/1745040384 >> [v2:172.21.15.52:6800/128288418,v1:172.21.15.52:6801/128288418] conn(0x7fcc2c03bfe0 0x7fcc2c03e3d0 unknown :-1 s=BANNER_CONNECTING pgs=0 cs=0 l=1 rev1=0 crypto rx=0 tx=0 comp rx=0 tx=0)._handle_peer_banner_payload supported=3 required=0
2024-02-22T00:15:22.836 INFO:teuthology.orchestra.run.smithi052.stdout:/usr/bin/ceph: stderr
2024-02-22T00:15:22.456+0000 7fcc41d9b700 1 --2- 172.21.15.52:0/1745040384 >> [v2:172.21.15.52:6800/128288418,v1:172.21.15.52:6801/128288418] conn(0x7fcc2c03bfe0 0x7fcc2c03e3d0 secure :-1 s=READY pgs=1 cs=0 l=1 rev1=1 crypto rx=0x7fcc38003a10 tx=0x7fcc38009290 comp rx=0 tx=0).ready entity=mgr.14120 client_cookie=0 server_cookie=0 in_seq=0 out_seq=0
2024-02-22T00:15:22.836 INFO:teuthology.orchestra.run.smithi052.stdout:/usr/bin/ceph: stderr
2024-02-22T00:15:22.456+0000 7fcc337fe700 1 -- 172.21.15.52:0/1745040384 <== mgr.14120 v2:172.21.15.52:6800/128288418 1 ==== command_reply(tid 0: 0 ) v1 ==== 8+0+6910 (secure 0 0 0) 0x7fcc2c03b280 con 0x7fcc2c03bfe0
2024-02-22T00:15:22.836 INFO:teuthology.orchestra.run.smithi052.stdout:/usr/bin/ceph: stderr
2024-02-22T00:15:22.463+0000 7fcc48ca3700 1 -- 172.21.15.52:0/1745040384 --> [v2:172.21.15.52:6800/128288418,v1:172.21.15.52:6801/128288418] -- command(tid 1: {"prefix": "mgr_status"}) v1 -- 0x7fcc440623a0 con 0x7fcc2c03bfe0
2024-02-22T00:15:22.836 INFO:teuthology.orchestra.run.smithi052.stdout:/usr/bin/ceph: stderr
2024-02-22T00:15:22.463+0000 7fcc337fe700 1 -- 172.21.15.52:0/1745040384 <== mgr.14120 v2:172.21.15.52:6800/128288418 2 ==== command_reply(tid 1: 0 ) v1 ==== 8+0+51 (secure 0 0 0) 0x7fcc440623a0 con 0x7fcc2c03bfe0
2024-02-22T00:15:22.836 INFO:teuthology.orchestra.run.smithi052.stdout:/usr/bin/ceph: stderr
2024-02-22T00:15:22.463+0000 7fcc48ca3700 1 -- 172.21.15.52:0/1745040384 >> [v2:172.21.15.52:6800/128288418,v1:172.21.15.52:6801/128288418] conn(0x7fcc2c03bfe0 msgr2=0x7fcc2c03e3d0 secure :-1 s=STATE_CONNECTION_ESTABLISHED l=1).mark_down
2024-02-22T00:15:22.836 INFO:teuthology.orchestra.run.smithi052.stdout:/usr/bin/ceph: stderr
2024-02-22T00:15:22.463+0000 7fcc48ca3700 1 --2- 172.21.15.52:0/1745040384 >> [v2:172.21.15.52:6800/128288418,v1:172.21.15.52:6801/128288418] conn(0x7fcc2c03bfe0 0x7fcc2c03e3d0 secure :-1 s=READY pgs=1 cs=0 l=1 rev1=1 crypto rx=0x7fcc38003a10 tx=0x7fcc38009290 comp rx=0 tx=0).stop
2024-02-22T00:15:22.836 INFO:teuthology.orchestra.run.smithi052.stdout:/usr/bin/ceph: stderr
2024-02-22T00:15:22.463+0000 7fcc48ca3700 1 -- 172.21.15.52:0/1745040384 >> [v2:172.21.15.52:3300/0,v1:172.21.15.52:6789/0] conn(0x7fcc44106fd0 msgr2=0x7fcc44106800 secure :-1 s=STATE_CONNECTION_ESTABLISHED l=1).mark_down
2024-02-22T00:15:22.837 INFO:teuthology.orchestra.run.smithi052.stdout:/usr/bin/ceph: stderr
2024-02-22T00:15:22.463+0000 7fcc48ca3700 1 --2- 172.21.15.52:0/1745040384 >> [v2:172.21.15.52:3300/0,v1:172.21.15.52:6789/0] conn(0x7fcc44106fd0 0x7fcc44106800 secure :-1 s=READY pgs=29 cs=0 l=1 rev1=1 crypto rx=0x7fcc34009fb0 tx=0x7fcc34011ad0 comp rx=0 tx=0).stop
2024-02-22T00:15:22.837 INFO:teuthology.orchestra.run.smithi052.stdout:/usr/bin/ceph: stderr
2024-02-22T00:15:22.463+0000 7fcc48ca3700 1 -- 172.21.15.52:0/1745040384 shutdown_connections
2024-02-22T00:15:22.837 INFO:teuthology.orchestra.run.smithi052.stdout:/usr/bin/ceph: stderr
2024-02-22T00:15:22.463+0000 7fcc48ca3700 1 --2- 172.21.15.52:0/1745040384 >> [v2:172.21.15.52:6800/128288418,v1:172.21.15.52:6801/128288418] conn(0x7fcc2c03bfe0 0x7fcc2c03e3d0 unknown :-1 s=CLOSED pgs=1 cs=0 l=1 rev1=1 crypto rx=0 tx=0 comp rx=0 tx=0).stop
2024-02-22T00:15:22.837 INFO:teuthology.orchestra.run.smithi052.stdout:/usr/bin/ceph: stderr
2024-02-22T00:15:22.463+0000 7fcc48ca3700 1 --2- 172.21.15.52:0/1745040384 >> [v2:172.21.15.52:3300/0,v1:172.21.15.52:6789/0] conn(0x7fcc44106fd0 0x7fcc44106800 unknown :-1 s=CLOSED pgs=29 cs=0 l=1 rev1=1 crypto rx=0 tx=0 comp rx=0 tx=0).stop
2024-02-22T00:15:22.837 INFO:teuthology.orchestra.run.smithi052.stdout:/usr/bin/ceph: stderr
2024-02-22T00:15:22.463+0000 7fcc48ca3700 1 --2- 172.21.15.52:0/1745040384 >> [v2:172.21.15.52:6800/2566585772,v1:172.21.15.52:6801/2566585772] conn(0x7fcc2c0386b0 0x7fcc2c03ab70 unknown :-1 s=CLOSED pgs=0 cs=0 l=1 rev1=0 crypto rx=0 tx=0 comp rx=0 tx=0).stop
2024-02-22T00:15:22.837 INFO:teuthology.orchestra.run.smithi052.stdout:/usr/bin/ceph: stderr
2024-02-22T00:15:22.463+0000 7fcc48ca3700 1 -- 172.21.15.52:0/1745040384 >> 172.21.15.52:0/1745040384 conn(0x7fcc441009c0 msgr2=0x7fcc441014d0 unknown :-1 s=STATE_NONE l=0).mark_down
2024-02-22T00:15:22.837 INFO:teuthology.orchestra.run.smithi052.stdout:/usr/bin/ceph: stderr
2024-02-22T00:15:22.463+0000 7fcc48ca3700 1 -- 172.21.15.52:0/1745040384 shutdown_connections
2024-02-22T00:15:22.837 INFO:teuthology.orchestra.run.smithi052.stdout:/usr/bin/ceph: stderr
2024-02-22T00:15:22.464+0000 7fcc48ca3700 1 -- 172.21.15.52:0/1745040384 wait complete.
2024-02-22T00:15:22.837 INFO:teuthology.orchestra.run.smithi052.stdout:mgr epoch 5 is available
2024-02-22T00:15:22.837 INFO:teuthology.orchestra.run.smithi052.stdout:Setting orchestrator backend to cephadm...
2024-02-22T00:15:23.750 INFO:journalctl@ceph.mon.a.smithi052.stdout:Feb 22 00:15:23 smithi052 ceph-mon[43442]: [22/Feb/2024:00:15:22] ENGINE Bus STARTING
2024-02-22T00:15:23.750 INFO:journalctl@ceph.mon.a.smithi052.stdout:Feb 22 00:15:23 smithi052 ceph-mon[43442]: from='client.14124 -' entity='client.admin' cmd=[{"prefix": "get_command_descriptions"}]: dispatch
2024-02-22T00:15:23.750 INFO:journalctl@ceph.mon.a.smithi052.stdout:Feb 22 00:15:23 smithi052 ceph-mon[43442]: from='client.14124 -' entity='client.admin' cmd=[{"prefix": "mgr_status"}]: dispatch
2024-02-22T00:15:23.750 INFO:journalctl@ceph.mon.a.smithi052.stdout:Feb 22 00:15:23 smithi052 ceph-mon[43442]: [22/Feb/2024:00:15:22] ENGINE Serving on http://172.21.15.52:8765
2024-02-22T00:15:23.750 INFO:journalctl@ceph.mon.a.smithi052.stdout:Feb 22 00:15:23 smithi052 ceph-mon[43442]: [22/Feb/2024:00:15:22] ENGINE Serving on https://172.21.15.52:7150
2024-02-22T00:15:23.750 INFO:journalctl@ceph.mon.a.smithi052.stdout:Feb 22 00:15:23 smithi052 ceph-mon[43442]: [22/Feb/2024:00:15:22] ENGINE Bus STARTED
2024-02-22T00:15:23.750 INFO:journalctl@ceph.mon.a.smithi052.stdout:Feb 22 00:15:23 smithi052 ceph-mon[43442]: from='mgr.14120 172.21.15.52:0/3753675757' entity='mgr.x' cmd=[{"prefix": "config dump", "format": "json"}]: dispatch
2024-02-22T00:15:23.750 INFO:journalctl@ceph.mon.a.smithi052.stdout:Feb 22 00:15:23 smithi052 ceph-mon[43442]: from='mgr.14120 172.21.15.52:0/3753675757' entity='mgr.x'
2024-02-22T00:15:23.750 INFO:journalctl@ceph.mon.a.smithi052.stdout:Feb 22 00:15:23 smithi052 ceph-mon[43442]: from='mgr.14120 172.21.15.52:0/3753675757' entity='mgr.x' cmd=[{"prefix": "config dump", "format": "json"}]: dispatch
2024-02-22T00:15:23.769 INFO:teuthology.orchestra.run.smithi052.stdout:/usr/bin/ceph: stderr
2024-02-22T00:15:23.176+0000 7fad00d81700 1 Processor -- start
2024-02-22T00:15:23.770 INFO:teuthology.orchestra.run.smithi052.stdout:/usr/bin/ceph: stderr
2024-02-22T00:15:23.176+0000 7fad00d81700 1 -- start start
2024-02-22T00:15:23.770 INFO:teuthology.orchestra.run.smithi052.stdout:/usr/bin/ceph: stderr
2024-02-22T00:15:23.176+0000 7fad00d81700 1 --2- >> [v2:172.21.15.52:3300/0,v1:172.21.15.52:6789/0] conn(0x7facfc106fa0 0x7facfc109390 unknown :-1 s=NONE pgs=0 cs=0 l=0 rev1=0 crypto rx=0 tx=0 comp rx=0 tx=0).connect
2024-02-22T00:15:23.770 INFO:teuthology.orchestra.run.smithi052.stdout:/usr/bin/ceph: stderr
2024-02-22T00:15:23.176+0000 7fad00d81700 1 -- --> [v2:172.21.15.52:3300/0,v1:172.21.15.52:6789/0] -- mon_getmap magic: 0 v1 -- 0x7facfc079ed0 con 0x7facfc106fa0
2024-02-22T00:15:23.770 INFO:teuthology.orchestra.run.smithi052.stdout:/usr/bin/ceph: stderr
2024-02-22T00:15:23.176+0000 7facfa59c700 1 --2- >> [v2:172.21.15.52:3300/0,v1:172.21.15.52:6789/0] conn(0x7facfc106fa0 0x7facfc109390 unknown :-1 s=BANNER_CONNECTING pgs=0 cs=0 l=0 rev1=0 crypto rx=0 tx=0 comp rx=0 tx=0)._handle_peer_banner_payload supported=3 required=0
2024-02-22T00:15:23.770 INFO:teuthology.orchestra.run.smithi052.stdout:/usr/bin/ceph: stderr
2024-02-22T00:15:23.176+0000 7facfa59c700 1 --2- >> [v2:172.21.15.52:3300/0,v1:172.21.15.52:6789/0] conn(0x7facfc106fa0 0x7facfc109390 unknown :-1 s=HELLO_CONNECTING pgs=0 cs=0 l=0 rev1=1 crypto rx=0 tx=0 comp rx=0 tx=0).handle_hello peer v2:172.21.15.52:3300/0 says I am v2:172.21.15.52:57930/0 (socket says 172.21.15.52:57930)
2024-02-22T00:15:23.770 INFO:teuthology.orchestra.run.smithi052.stdout:/usr/bin/ceph: stderr
2024-02-22T00:15:23.176+0000 7facfa59c700 1 -- 172.21.15.52:0/2076133866 learned_addr learned my addr 172.21.15.52:0/2076133866 (peer_addr_for_me v2:172.21.15.52:0/0)
2024-02-22T00:15:23.770 INFO:teuthology.orchestra.run.smithi052.stdout:/usr/bin/ceph: stderr
2024-02-22T00:15:23.177+0000 7facfa59c700 1 -- 172.21.15.52:0/2076133866 --> [v2:172.21.15.52:3300/0,v1:172.21.15.52:6789/0] -- mon_subscribe({config=0+,monmap=0+}) v3 -- 0x7facfc1098d0 con 0x7facfc106fa0
2024-02-22T00:15:23.770 INFO:teuthology.orchestra.run.smithi052.stdout:/usr/bin/ceph: stderr
2024-02-22T00:15:23.177+0000 7facfa59c700 1 --2- 172.21.15.52:0/2076133866 >> [v2:172.21.15.52:3300/0,v1:172.21.15.52:6789/0] conn(0x7facfc106fa0 0x7facfc109390 secure :-1 s=READY pgs=37 cs=0 l=1 rev1=1 crypto rx=0x7facec0098a0 tx=0x7facec009bb0 comp rx=0 tx=0).ready entity=mon.0 client_cookie=70db73b56ba70ef9 server_cookie=0 in_seq=0 out_seq=0
2024-02-22T00:15:23.770 INFO:teuthology.orchestra.run.smithi052.stdout:/usr/bin/ceph: stderr
2024-02-22T00:15:23.177+0000 7facf959a700 1 -- 172.21.15.52:0/2076133866 <== mon.0 v2:172.21.15.52:3300/0 1 ==== mon_map magic: 0 v1 ==== 205+0+0 (secure 0 0 0) 0x7facec004160 con 0x7facfc106fa0
2024-02-22T00:15:23.770 INFO:teuthology.orchestra.run.smithi052.stdout:/usr/bin/ceph: stderr
2024-02-22T00:15:23.177+0000 7facf959a700 1 -- 172.21.15.52:0/2076133866 <== mon.0 v2:172.21.15.52:3300/0 2 ==== config(26 keys) v1 ==== 1074+0+0 (secure 0 0 0) 0x7facec0042c0 con 0x7facfc106fa0
2024-02-22T00:15:23.770 INFO:teuthology.orchestra.run.smithi052.stdout:/usr/bin/ceph: stderr
2024-02-22T00:15:23.177+0000 7facf959a700 1 -- 172.21.15.52:0/2076133866 <== mon.0 v2:172.21.15.52:3300/0 3 ==== mon_map magic: 0 v1 ==== 205+0+0 (secure 0 0 0) 0x7facec011a00 con 0x7facfc106fa0
2024-02-22T00:15:23.770 INFO:teuthology.orchestra.run.smithi052.stdout:/usr/bin/ceph: stderr
2024-02-22T00:15:23.178+0000 7fad00d81700 1 -- 172.21.15.52:0/2076133866 >> [v2:172.21.15.52:3300/0,v1:172.21.15.52:6789/0] conn(0x7facfc106fa0 msgr2=0x7facfc109390 secure :-1 s=STATE_CONNECTION_ESTABLISHED l=1).mark_down
2024-02-22T00:15:23.770 INFO:teuthology.orchestra.run.smithi052.stdout:/usr/bin/ceph: stderr
2024-02-22T00:15:23.178+0000 7fad00d81700 1 --2- 172.21.15.52:0/2076133866 >> [v2:172.21.15.52:3300/0,v1:172.21.15.52:6789/0] conn(0x7facfc106fa0 0x7facfc109390 secure :-1 s=READY pgs=37 cs=0 l=1 rev1=1 crypto rx=0x7facec0098a0 tx=0x7facec009bb0 comp rx=0 tx=0).stop
2024-02-22T00:15:23.771 INFO:teuthology.orchestra.run.smithi052.stdout:/usr/bin/ceph: stderr
2024-02-22T00:15:23.178+0000 7fad00d81700 1 -- 172.21.15.52:0/2076133866 shutdown_connections
2024-02-22T00:15:23.771 INFO:teuthology.orchestra.run.smithi052.stdout:/usr/bin/ceph: stderr
2024-02-22T00:15:23.178+0000 7fad00d81700 1 --2- 172.21.15.52:0/2076133866 >> [v2:172.21.15.52:3300/0,v1:172.21.15.52:6789/0] conn(0x7facfc106fa0 0x7facfc109390 unknown :-1 s=CLOSED pgs=37 cs=0 l=1 rev1=1 crypto rx=0 tx=0 comp rx=0 tx=0).stop
2024-02-22T00:15:23.771 INFO:teuthology.orchestra.run.smithi052.stdout:/usr/bin/ceph: stderr
2024-02-22T00:15:23.178+0000 7fad00d81700 1 -- 172.21.15.52:0/2076133866 >> 172.21.15.52:0/2076133866 conn(0x7facfc100a10 msgr2=0x7facfc102e30 unknown :-1 s=STATE_NONE l=0).mark_down
2024-02-22T00:15:23.771 INFO:teuthology.orchestra.run.smithi052.stdout:/usr/bin/ceph: stderr
2024-02-22T00:15:23.178+0000 7fad00d81700 1 -- 172.21.15.52:0/2076133866 shutdown_connections
2024-02-22T00:15:23.771 INFO:teuthology.orchestra.run.smithi052.stdout:/usr/bin/ceph: stderr
2024-02-22T00:15:23.178+0000 7fad00d81700 1 -- 172.21.15.52:0/2076133866 wait complete.
2024-02-22T00:15:23.771 INFO:teuthology.orchestra.run.smithi052.stdout:/usr/bin/ceph: stderr
2024-02-22T00:15:23.179+0000 7fad00d81700 1 Processor -- start
2024-02-22T00:15:23.771 INFO:teuthology.orchestra.run.smithi052.stdout:/usr/bin/ceph: stderr
2024-02-22T00:15:23.179+0000 7fad00d81700 1 -- start start
2024-02-22T00:15:23.771 INFO:teuthology.orchestra.run.smithi052.stdout:/usr/bin/ceph: stderr
2024-02-22T00:15:23.179+0000 7fad00d81700 1 --2- >> [v2:172.21.15.52:3300/0,v1:172.21.15.52:6789/0] conn(0x7facfc106fa0 0x7facfc19a1c0 unknown :-1 s=NONE pgs=0 cs=0 l=1 rev1=0 crypto rx=0 tx=0 comp rx=0 tx=0).connect
2024-02-22T00:15:23.771 INFO:teuthology.orchestra.run.smithi052.stdout:/usr/bin/ceph: stderr
2024-02-22T00:15:23.179+0000 7fad00d81700 1 -- --> [v2:172.21.15.52:3300/0,v1:172.21.15.52:6789/0] -- mon_getmap magic: 0 v1 -- 0x7facfc19a700 con 0x7facfc106fa0
2024-02-22T00:15:23.771 INFO:teuthology.orchestra.run.smithi052.stdout:/usr/bin/ceph: stderr
2024-02-22T00:15:23.179+0000 7facfa59c700 1 --2- >> [v2:172.21.15.52:3300/0,v1:172.21.15.52:6789/0] conn(0x7facfc106fa0 0x7facfc19a1c0 unknown :-1 s=BANNER_CONNECTING pgs=0 cs=0 l=1 rev1=0 crypto rx=0 tx=0 comp rx=0 tx=0)._handle_peer_banner_payload supported=3 required=0
2024-02-22T00:15:23.771 INFO:teuthology.orchestra.run.smithi052.stdout:/usr/bin/ceph: stderr
2024-02-22T00:15:23.179+0000 7facfa59c700 1 --2- >> [v2:172.21.15.52:3300/0,v1:172.21.15.52:6789/0] conn(0x7facfc106fa0 0x7facfc19a1c0 unknown :-1 s=HELLO_CONNECTING pgs=0 cs=0 l=1 rev1=1 crypto rx=0 tx=0 comp rx=0 tx=0).handle_hello peer v2:172.21.15.52:3300/0 says I am v2:172.21.15.52:57934/0 (socket says 172.21.15.52:57934)
2024-02-22T00:15:23.771 INFO:teuthology.orchestra.run.smithi052.stdout:/usr/bin/ceph: stderr
2024-02-22T00:15:23.179+0000 7facfa59c700 1 -- 172.21.15.52:0/3344267832 learned_addr learned my addr 172.21.15.52:0/3344267832 (peer_addr_for_me v2:172.21.15.52:0/0)
2024-02-22T00:15:23.771 INFO:teuthology.orchestra.run.smithi052.stdout:/usr/bin/ceph: stderr
2024-02-22T00:15:23.179+0000 7facfa59c700 1 -- 172.21.15.52:0/3344267832 --> [v2:172.21.15.52:3300/0,v1:172.21.15.52:6789/0] -- mon_subscribe({config=0+,monmap=0+}) v3 -- 0x7facec009550 con 0x7facfc106fa0
2024-02-22T00:15:23.772 INFO:teuthology.orchestra.run.smithi052.stdout:/usr/bin/ceph: stderr
2024-02-22T00:15:23.180+0000 7facfa59c700 1 --2- 172.21.15.52:0/3344267832 >> [v2:172.21.15.52:3300/0,v1:172.21.15.52:6789/0] conn(0x7facfc106fa0 0x7facfc19a1c0 secure :-1 s=READY pgs=38 cs=0 l=1 rev1=1 crypto rx=0x7facec009130 tx=0x7facec011ad0 comp rx=0 tx=0).ready entity=mon.0 client_cookie=0 server_cookie=0 in_seq=0 out_seq=0
2024-02-22T00:15:23.772 INFO:teuthology.orchestra.run.smithi052.stdout:/usr/bin/ceph: stderr
2024-02-22T00:15:23.180+0000 7faceb7fe700 1 -- 172.21.15.52:0/3344267832 <== mon.0 v2:172.21.15.52:3300/0 1 ==== mon_map magic: 0 v1 ==== 205+0+0 (secure 0 0 0) 0x7facec0038b0 con 0x7facfc106fa0
2024-02-22T00:15:23.772 INFO:teuthology.orchestra.run.smithi052.stdout:/usr/bin/ceph: stderr
2024-02-22T00:15:23.180+0000 7faceb7fe700 1 -- 172.21.15.52:0/3344267832 <== mon.0 v2:172.21.15.52:3300/0 2 ==== config(26 keys) v1 ==== 1074+0+0 (secure 0 0 0) 0x7facec003a10 con 0x7facfc106fa0
2024-02-22T00:15:23.772 INFO:teuthology.orchestra.run.smithi052.stdout:/usr/bin/ceph: stderr
2024-02-22T00:15:23.180+0000 7fad00d81700 1 -- 172.21.15.52:0/3344267832 --> [v2:172.21.15.52:3300/0,v1:172.21.15.52:6789/0] -- mon_subscribe({mgrmap=0+}) v3 -- 0x7facfc19a900 con 0x7facfc106fa0
2024-02-22T00:15:23.772 INFO:teuthology.orchestra.run.smithi052.stdout:/usr/bin/ceph: stderr
2024-02-22T00:15:23.180+0000 7faceb7fe700 1 -- 172.21.15.52:0/3344267832 <== mon.0 v2:172.21.15.52:3300/0 3 ==== mon_map magic: 0 v1 ==== 205+0+0 (secure 0 0 0) 0x7facec019550 con 0x7facfc106fa0
2024-02-22T00:15:23.772 INFO:teuthology.orchestra.run.smithi052.stdout:/usr/bin/ceph: stderr
