2024-02-22T00:35:49.027+0000 7fc7c77fe700 1 -- 172.21.15.7:0/2387994404 <== mon.0 v2:172.21.15.7:3300/0 1 ==== mon_map magic: 0 v1 ==== 205+0+0 (secure 0 0 0) 0x7fc7cc0037d0 con 0x7fc7d0106cf0
2024-02-22T00:35:56.375 INFO:teuthology.orchestra.run.smithi007.stdout:/usr/bin/ceph: stderr
2024-02-22T00:35:49.027+0000 7fc7c77fe700 1 -- 172.21.15.7:0/2387994404 <== mon.0 v2:172.21.15.7:3300/0 2 ==== config(25 keys) v1 ==== 1067+0+0 (secure 0 0 0) 0x7fc7cc01b440 con 0x7fc7d0106cf0
2024-02-22T00:35:56.375 INFO:teuthology.orchestra.run.smithi007.stdout:/usr/bin/ceph: stderr
2024-02-22T00:35:49.027+0000 7fc7d86af700 1 -- 172.21.15.7:0/2387994404 --> [v2:172.21.15.7:3300/0,v1:172.21.15.7:6789/0] -- mon_subscribe({mgrmap=0+}) v3 -- 0x7fc7d019a690 con 0x7fc7d0106cf0
2024-02-22T00:35:56.375 INFO:teuthology.orchestra.run.smithi007.stdout:/usr/bin/ceph: stderr
2024-02-22T00:35:49.027+0000 7fc7c77fe700 1 -- 172.21.15.7:0/2387994404 <== mon.0 v2:172.21.15.7:3300/0 3 ==== mon_map magic: 0 v1 ==== 205+0+0 (secure 0 0 0) 0x7fc7cc023400 con 0x7fc7d0106cf0
2024-02-22T00:35:56.375 INFO:teuthology.orchestra.run.smithi007.stdout:/usr/bin/ceph: stderr
2024-02-22T00:35:49.027+0000 7fc7d86af700 1 -- 172.21.15.7:0/2387994404 --> [v2:172.21.15.7:3300/0,v1:172.21.15.7:6789/0] -- mon_subscribe({osdmap=0}) v3 -- 0x7fc7d019ab30 con 0x7fc7d0106cf0
2024-02-22T00:35:56.375 INFO:teuthology.orchestra.run.smithi007.stdout:/usr/bin/ceph: stderr
2024-02-22T00:35:49.028+0000 7fc7c77fe700 1 -- 172.21.15.7:0/2387994404 <== mon.0 v2:172.21.15.7:3300/0 4 ==== mgrmap(e 9) v1 ==== 45550+0+0 (secure 0 0 0) 0x7fc7cc023680 con 0x7fc7d0106cf0
2024-02-22T00:35:56.375 INFO:teuthology.orchestra.run.smithi007.stdout:/usr/bin/ceph: stderr
2024-02-22T00:35:49.028+0000 7fc7c77fe700 1 --2- 172.21.15.7:0/2387994404 >> [v2:172.21.15.7:6800/3787452675,v1:172.21.15.7:6801/3787452675] conn(0x7fc7bc038750 0x7fc7bc03ac10 unknown :-1 s=NONE pgs=0 cs=0 l=1 rev1=0 crypto rx=0 tx=0 comp rx=0 tx=0).connect
2024-02-22T00:35:56.375 INFO:teuthology.orchestra.run.smithi007.stdout:/usr/bin/ceph: stderr
2024-02-22T00:35:49.028+0000 7fc7c77fe700 1 -- 172.21.15.7:0/2387994404 --> [v2:172.21.15.7:6800/3787452675,v1:172.21.15.7:6801/3787452675] -- command(tid 0: {"prefix": "get_command_descriptions"}) v1 -- 0x7fc7bc03b320 con 0x7fc7bc038750
2024-02-22T00:35:56.376 INFO:teuthology.orchestra.run.smithi007.stdout:/usr/bin/ceph: stderr
2024-02-22T00:35:49.028+0000 7fc7c77fe700 1 -- 172.21.15.7:0/2387994404 <== mon.0 v2:172.21.15.7:3300/0 5 ==== osd_map(2..2 src has 1..2) v4 ==== 940+0+0 (secure 0 0 0) 0x7fc7cc04c750 con 0x7fc7d0106cf0
2024-02-22T00:35:56.376 INFO:teuthology.orchestra.run.smithi007.stdout:/usr/bin/ceph: stderr
2024-02-22T00:35:49.028+0000 7fc7d5c4a700 1 -- 172.21.15.7:0/2387994404 >> [v2:172.21.15.7:6800/3787452675,v1:172.21.15.7:6801/3787452675] conn(0x7fc7bc038750 msgr2=0x7fc7bc03ac10 unknown :-1 s=STATE_CONNECTING_RE l=1).process reconnect failed to v2:172.21.15.7:6800/3787452675
2024-02-22T00:35:56.376 INFO:teuthology.orchestra.run.smithi007.stdout:/usr/bin/ceph: stderr
2024-02-22T00:35:49.028+0000 7fc7d5c4a700 1 --2- 172.21.15.7:0/2387994404 >> [v2:172.21.15.7:6800/3787452675,v1:172.21.15.7:6801/3787452675] conn(0x7fc7bc038750 0x7fc7bc03ac10 unknown :-1 s=START_CONNECT pgs=0 cs=0 l=1 rev1=0 crypto rx=0 tx=0 comp rx=0 tx=0)._fault waiting 0.200000
2024-02-22T00:35:56.376 INFO:teuthology.orchestra.run.smithi007.stdout:/usr/bin/ceph: stderr
2024-02-22T00:35:49.229+0000 7fc7d5c4a700 1 -- 172.21.15.7:0/2387994404 >> [v2:172.21.15.7:6800/3787452675,v1:172.21.15.7:6801/3787452675] conn(0x7fc7bc038750 msgr2=0x7fc7bc03ac10 unknown :-1 s=STATE_CONNECTING_RE l=1).process reconnect failed to v2:172.21.15.7:6800/3787452675
2024-02-22T00:35:56.376 INFO:teuthology.orchestra.run.smithi007.stdout:/usr/bin/ceph: stderr
2024-02-22T00:35:49.229+0000 7fc7d5c4a700 1 --2- 172.21.15.7:0/2387994404 >> [v2:172.21.15.7:6800/3787452675,v1:172.21.15.7:6801/3787452675] conn(0x7fc7bc038750 0x7fc7bc03ac10 unknown :-1 s=START_CONNECT pgs=0 cs=0 l=1 rev1=0 crypto rx=0 tx=0 comp rx=0 tx=0)._fault waiting 0.400000
2024-02-22T00:35:56.376 INFO:teuthology.orchestra.run.smithi007.stdout:/usr/bin/ceph: stderr
2024-02-22T00:35:49.630+0000 7fc7d5c4a700 1 -- 172.21.15.7:0/2387994404 >> [v2:172.21.15.7:6800/3787452675,v1:172.21.15.7:6801/3787452675] conn(0x7fc7bc038750 msgr2=0x7fc7bc03ac10 unknown :-1 s=STATE_CONNECTING_RE l=1).process reconnect failed to v2:172.21.15.7:6800/3787452675
2024-02-22T00:35:56.376 INFO:teuthology.orchestra.run.smithi007.stdout:/usr/bin/ceph: stderr
2024-02-22T00:35:49.630+0000 7fc7d5c4a700 1 --2- 172.21.15.7:0/2387994404 >> [v2:172.21.15.7:6800/3787452675,v1:172.21.15.7:6801/3787452675] conn(0x7fc7bc038750 0x7fc7bc03ac10 unknown :-1 s=START_CONNECT pgs=0 cs=0 l=1 rev1=0 crypto rx=0 tx=0 comp rx=0 tx=0)._fault waiting 0.800000
2024-02-22T00:35:56.376 INFO:teuthology.orchestra.run.smithi007.stdout:/usr/bin/ceph: stderr
2024-02-22T00:35:50.431+0000 7fc7d5c4a700 1 -- 172.21.15.7:0/2387994404 >> [v2:172.21.15.7:6800/3787452675,v1:172.21.15.7:6801/3787452675] conn(0x7fc7bc038750 msgr2=0x7fc7bc03ac10 unknown :-1 s=STATE_CONNECTING_RE l=1).process reconnect failed to v2:172.21.15.7:6800/3787452675
2024-02-22T00:35:56.376 INFO:teuthology.orchestra.run.smithi007.stdout:/usr/bin/ceph: stderr
2024-02-22T00:35:50.431+0000 7fc7d5c4a700 1 --2- 172.21.15.7:0/2387994404 >> [v2:172.21.15.7:6800/3787452675,v1:172.21.15.7:6801/3787452675] conn(0x7fc7bc038750 0x7fc7bc03ac10 unknown :-1 s=START_CONNECT pgs=0 cs=0 l=1 rev1=0 crypto rx=0 tx=0 comp rx=0 tx=0)._fault waiting 1.600000
2024-02-22T00:35:56.376 INFO:teuthology.orchestra.run.smithi007.stdout:/usr/bin/ceph: stderr
2024-02-22T00:35:52.032+0000 7fc7d5c4a700 1 -- 172.21.15.7:0/2387994404 >> [v2:172.21.15.7:6800/3787452675,v1:172.21.15.7:6801/3787452675] conn(0x7fc7bc038750 msgr2=0x7fc7bc03ac10 unknown :-1 s=STATE_CONNECTING_RE l=1).process reconnect failed to v2:172.21.15.7:6800/3787452675
2024-02-22T00:35:56.376 INFO:teuthology.orchestra.run.smithi007.stdout:/usr/bin/ceph: stderr
2024-02-22T00:35:52.032+0000 7fc7d5c4a700 1 --2- 172.21.15.7:0/2387994404 >> [v2:172.21.15.7:6800/3787452675,v1:172.21.15.7:6801/3787452675] conn(0x7fc7bc038750 0x7fc7bc03ac10 unknown :-1 s=START_CONNECT pgs=0 cs=0 l=1 rev1=0 crypto rx=0 tx=0 comp rx=0 tx=0)._fault waiting 3.200000
2024-02-22T00:35:56.376 INFO:teuthology.orchestra.run.smithi007.stdout:/usr/bin/ceph: stderr
2024-02-22T00:35:54.940+0000 7fc7c77fe700 1 -- 172.21.15.7:0/2387994404 <== mon.0 v2:172.21.15.7:3300/0 6 ==== mgrmap(e 10) v1 ==== 45317+0+0 (secure 0 0 0) 0x7fc7cc02c910 con 0x7fc7d0106cf0
2024-02-22T00:35:56.376 INFO:teuthology.orchestra.run.smithi007.stdout:/usr/bin/ceph: stderr
2024-02-22T00:35:54.940+0000 7fc7c77fe700 1 -- 172.21.15.7:0/2387994404 >> [v2:172.21.15.7:6800/3787452675,v1:172.21.15.7:6801/3787452675] conn(0x7fc7bc038750 msgr2=0x7fc7bc03ac10 unknown :-1 s=STATE_CONNECTING l=1).mark_down
2024-02-22T00:35:56.377 INFO:teuthology.orchestra.run.smithi007.stdout:/usr/bin/ceph: stderr
2024-02-22T00:35:54.940+0000 7fc7c77fe700 1 --2- 172.21.15.7:0/2387994404 >> [v2:172.21.15.7:6800/3787452675,v1:172.21.15.7:6801/3787452675] conn(0x7fc7bc038750 0x7fc7bc03ac10 unknown :-1 s=START_CONNECT pgs=0 cs=0 l=1 rev1=0 crypto rx=0 tx=0 comp rx=0 tx=0).stop
2024-02-22T00:35:56.377 INFO:teuthology.orchestra.run.smithi007.stdout:/usr/bin/ceph: stderr
2024-02-22T00:35:55.942+0000 7fc7c77fe700 1 -- 172.21.15.7:0/2387994404 <== mon.0 v2:172.21.15.7:3300/0 7 ==== mgrmap(e 11) v1 ==== 45444+0+0 (secure 0 0 0) 0x7fc7cc04e120 con 0x7fc7d0106cf0
2024-02-22T00:35:56.377 INFO:teuthology.orchestra.run.smithi007.stdout:/usr/bin/ceph: stderr
2024-02-22T00:35:55.942+0000 7fc7c77fe700 1 --2- 172.21.15.7:0/2387994404 >> [v2:172.21.15.7:6800/1913896147,v1:172.21.15.7:6801/1913896147] conn(0x7fc7bc03bff0 0x7fc7bc03e3e0 unknown :-1 s=NONE pgs=0 cs=0 l=1 rev1=0 crypto rx=0 tx=0 comp rx=0 tx=0).connect
2024-02-22T00:35:56.377 INFO:teuthology.orchestra.run.smithi007.stdout:/usr/bin/ceph: stderr
2024-02-22T00:35:55.942+0000 7fc7c77fe700 1 -- 172.21.15.7:0/2387994404 --> [v2:172.21.15.7:6800/1913896147,v1:172.21.15.7:6801/1913896147] -- command(tid 0: {"prefix": "get_command_descriptions"}) v1 -- 0x7fc7bc03b320 con 0x7fc7bc03bff0
2024-02-22T00:35:56.377 INFO:teuthology.orchestra.run.smithi007.stdout:/usr/bin/ceph: stderr
2024-02-22T00:35:55.942+0000 7fc7d5c4a700 1 --2- 172.21.15.7:0/2387994404 >> [v2:172.21.15.7:6800/1913896147,v1:172.21.15.7:6801/1913896147] conn(0x7fc7bc03bff0 0x7fc7bc03e3e0 unknown :-1 s=BANNER_CONNECTING pgs=0 cs=0 l=1 rev1=0 crypto rx=0 tx=0 comp rx=0 tx=0)._handle_peer_banner_payload supported=3 required=0
2024-02-22T00:35:56.377 INFO:teuthology.orchestra.run.smithi007.stdout:/usr/bin/ceph: stderr
2024-02-22T00:35:55.943+0000 7fc7d5c4a700 1 --2- 172.21.15.7:0/2387994404 >> [v2:172.21.15.7:6800/1913896147,v1:172.21.15.7:6801/1913896147] conn(0x7fc7bc03bff0 0x7fc7bc03e3e0 secure :-1 s=READY pgs=2 cs=0 l=1 rev1=1 crypto rx=0x7fc7c0003a10 tx=0x7fc7c00092b0 comp rx=0 tx=0).ready entity=mgr.14152 client_cookie=0 server_cookie=0 in_seq=0 out_seq=0
2024-02-22T00:35:56.377 INFO:teuthology.orchestra.run.smithi007.stdout:/usr/bin/ceph: stderr
2024-02-22T00:35:55.944+0000 7fc7c77fe700 1 -- 172.21.15.7:0/2387994404 <== mgr.14152 v2:172.21.15.7:6800/1913896147 1 ==== command_reply(tid 0: 0 ) v1 ==== 8+0+6910 (secure 0 0 0) 0x7fc7bc03b320 con 0x7fc7bc03bff0
2024-02-22T00:35:56.377 INFO:teuthology.orchestra.run.smithi007.stdout:/usr/bin/ceph: stderr
2024-02-22T00:35:55.950+0000 7fc7c57fa700 1 -- 172.21.15.7:0/2387994404 --> [v2:172.21.15.7:6800/1913896147,v1:172.21.15.7:6801/1913896147] -- command(tid 1: {"prefix": "mgr_status"}) v1 -- 0x7fc7b8002600 con 0x7fc7bc03bff0
2024-02-22T00:35:56.377 INFO:teuthology.orchestra.run.smithi007.stdout:/usr/bin/ceph: stderr
2024-02-22T00:35:55.950+0000 7fc7c77fe700 1 -- 172.21.15.7:0/2387994404 <== mgr.14152 v2:172.21.15.7:6800/1913896147 2 ==== command_reply(tid 1: 0 ) v1 ==== 8+0+52 (secure 0 0 0) 0x7fc7b8002600 con 0x7fc7bc03bff0
2024-02-22T00:35:56.377 INFO:teuthology.orchestra.run.smithi007.stdout:/usr/bin/ceph: stderr
2024-02-22T00:35:55.951+0000 7fc7c57fa700 1 -- 172.21.15.7:0/2387994404 >> [v2:172.21.15.7:6800/1913896147,v1:172.21.15.7:6801/1913896147] conn(0x7fc7bc03bff0 msgr2=0x7fc7bc03e3e0 secure :-1 s=STATE_CONNECTION_ESTABLISHED l=1).mark_down
2024-02-22T00:35:56.377 INFO:teuthology.orchestra.run.smithi007.stdout:/usr/bin/ceph: stderr
2024-02-22T00:35:55.951+0000 7fc7c57fa700 1 --2- 172.21.15.7:0/2387994404 >> [v2:172.21.15.7:6800/1913896147,v1:172.21.15.7:6801/1913896147] conn(0x7fc7bc03bff0 0x7fc7bc03e3e0 secure :-1 s=READY pgs=2 cs=0 l=1 rev1=1 crypto rx=0x7fc7c0003a10 tx=0x7fc7c00092b0 comp rx=0 tx=0).stop
2024-02-22T00:35:56.377 INFO:teuthology.orchestra.run.smithi007.stdout:/usr/bin/ceph: stderr
2024-02-22T00:35:55.951+0000 7fc7c57fa700 1 -- 172.21.15.7:0/2387994404 >> [v2:172.21.15.7:3300/0,v1:172.21.15.7:6789/0] conn(0x7fc7d0106cf0 msgr2=0x7fc7d0199f50 secure :-1 s=STATE_CONNECTION_ESTABLISHED l=1).mark_down
2024-02-22T00:35:56.377 INFO:teuthology.orchestra.run.smithi007.stdout:/usr/bin/ceph: stderr
2024-02-22T00:35:55.951+0000 7fc7c57fa700 1 --2- 172.21.15.7:0/2387994404 >> [v2:172.21.15.7:3300/0,v1:172.21.15.7:6789/0] conn(0x7fc7d0106cf0 0x7fc7d0199f50 secure :-1 s=READY pgs=62 cs=0 l=1 rev1=1 crypto rx=0x7fc7cc0046e0 tx=0x7fc7cc0119a0 comp rx=0 tx=0).stop
2024-02-22T00:35:56.377 INFO:teuthology.orchestra.run.smithi007.stdout:/usr/bin/ceph: stderr
2024-02-22T00:35:55.951+0000 7fc7c57fa700 1 -- 172.21.15.7:0/2387994404 shutdown_connections
2024-02-22T00:35:56.378 INFO:teuthology.orchestra.run.smithi007.stdout:/usr/bin/ceph: stderr
2024-02-22T00:35:55.951+0000 7fc7c57fa700 1 --2- 172.21.15.7:0/2387994404 >> [v2:172.21.15.7:6800/1913896147,v1:172.21.15.7:6801/1913896147] conn(0x7fc7bc03bff0 0x7fc7bc03e3e0 unknown :-1 s=CLOSED pgs=2 cs=0 l=1 rev1=1 crypto rx=0 tx=0 comp rx=0 tx=0).stop
2024-02-22T00:35:56.378 INFO:teuthology.orchestra.run.smithi007.stdout:/usr/bin/ceph: stderr
2024-02-22T00:35:55.951+0000 7fc7c57fa700 1 --2- 172.21.15.7:0/2387994404 >> [v2:172.21.15.7:3300/0,v1:172.21.15.7:6789/0] conn(0x7fc7d0106cf0 0x7fc7d0199f50 unknown :-1 s=CLOSED pgs=62 cs=0 l=1 rev1=1 crypto rx=0 tx=0 comp rx=0 tx=0).stop
2024-02-22T00:35:56.378 INFO:teuthology.orchestra.run.smithi007.stdout:/usr/bin/ceph: stderr
2024-02-22T00:35:55.951+0000 7fc7c57fa700 1 --2- 172.21.15.7:0/2387994404 >> [v2:172.21.15.7:6800/3787452675,v1:172.21.15.7:6801/3787452675] conn(0x7fc7bc038750 0x7fc7bc03ac10 unknown :-1 s=CLOSED pgs=0 cs=0 l=1 rev1=0 crypto rx=0 tx=0 comp rx=0 tx=0).stop
2024-02-22T00:35:56.378 INFO:teuthology.orchestra.run.smithi007.stdout:/usr/bin/ceph: stderr
2024-02-22T00:35:55.951+0000 7fc7c57fa700 1 -- 172.21.15.7:0/2387994404 >> 172.21.15.7:0/2387994404 conn(0x7fc7d01006e0 msgr2=0x7fc7d0101290 unknown :-1 s=STATE_NONE l=0).mark_down
2024-02-22T00:35:56.378 INFO:teuthology.orchestra.run.smithi007.stdout:/usr/bin/ceph: stderr
2024-02-22T00:35:55.951+0000 7fc7c57fa700 1 -- 172.21.15.7:0/2387994404 shutdown_connections
2024-02-22T00:35:56.378 INFO:teuthology.orchestra.run.smithi007.stdout:/usr/bin/ceph: stderr
2024-02-22T00:35:55.951+0000 7fc7c57fa700 1 -- 172.21.15.7:0/2387994404 wait complete.
2024-02-22T00:35:56.378 INFO:teuthology.orchestra.run.smithi007.stdout:mgr epoch 9 is available
2024-02-22T00:35:56.378 INFO:teuthology.orchestra.run.smithi007.stdout:Generating a dashboard self-signed certificate...
2024-02-22T00:35:57.316 INFO:journalctl@ceph.mon.a.smithi007.stdout:Feb 22 00:35:57 smithi007 ceph-mon[43428]: [22/Feb/2024:00:35:55] ENGINE Bus STARTING
2024-02-22T00:35:57.316 INFO:journalctl@ceph.mon.a.smithi007.stdout:Feb 22 00:35:57 smithi007 ceph-mon[43428]: [22/Feb/2024:00:35:56] ENGINE Serving on http://172.21.15.7:8765
2024-02-22T00:35:57.316 INFO:journalctl@ceph.mon.a.smithi007.stdout:Feb 22 00:35:57 smithi007 ceph-mon[43428]: [22/Feb/2024:00:35:56] ENGINE Serving on https://172.21.15.7:7150
2024-02-22T00:35:57.316 INFO:journalctl@ceph.mon.a.smithi007.stdout:Feb 22 00:35:57 smithi007 ceph-mon[43428]: [22/Feb/2024:00:35:56] ENGINE Bus STARTED
2024-02-22T00:35:57.316 INFO:journalctl@ceph.mon.a.smithi007.stdout:Feb 22 00:35:57 smithi007 ceph-mon[43428]: from='mgr.14152 172.21.15.7:0/435561705' entity='mgr.x'
2024-02-22T00:35:57.316 INFO:journalctl@ceph.mon.a.smithi007.stdout:Feb 22 00:35:57 smithi007 ceph-mon[43428]: from='mgr.14152 172.21.15.7:0/435561705' entity='mgr.x'
2024-02-22T00:35:57.316 INFO:journalctl@ceph.mon.a.smithi007.stdout:Feb 22 00:35:57 smithi007 ceph-mon[43428]: from='mgr.14152 172.21.15.7:0/435561705' entity='mgr.x'
2024-02-22T00:35:57.360 INFO:teuthology.orchestra.run.smithi007.stdout:/usr/bin/ceph: stdout Self-signed certificate created
2024-02-22T00:35:57.360 INFO:teuthology.orchestra.run.smithi007.stdout:/usr/bin/ceph: stderr
2024-02-22T00:35:56.723+0000 7f6a6c594700 1 Processor -- start
2024-02-22T00:35:57.360 INFO:teuthology.orchestra.run.smithi007.stdout:/usr/bin/ceph: stderr
2024-02-22T00:35:56.723+0000 7f6a6c594700 1 -- start start
2024-02-22T00:35:57.360 INFO:teuthology.orchestra.run.smithi007.stdout:/usr/bin/ceph: stderr
2024-02-22T00:35:56.724+0000 7f6a6c594700 1 --2- >> [v2:172.21.15.7:3300/0,v1:172.21.15.7:6789/0] conn(0x7f6a64106c90 0x7f6a64109080 unknown :-1 s=NONE pgs=0 cs=0 l=0 rev1=0 crypto rx=0 tx=0 comp rx=0 tx=0).connect
2024-02-22T00:35:57.361 INFO:teuthology.orchestra.run.smithi007.stdout:/usr/bin/ceph: stderr
2024-02-22T00:35:56.724+0000 7f6a6c594700 1 -- --> [v2:172.21.15.7:3300/0,v1:172.21.15.7:6789/0] -- mon_getmap magic: 0 v1 -- 0x7f6a64079e40 con 0x7f6a64106c90
2024-02-22T00:35:57.361 INFO:teuthology.orchestra.run.smithi007.stdout:/usr/bin/ceph: stderr
2024-02-22T00:35:56.724+0000 7f6a6a330700 1 --2- >> [v2:172.21.15.7:3300/0,v1:172.21.15.7:6789/0] conn(0x7f6a64106c90 0x7f6a64109080 unknown :-1 s=BANNER_CONNECTING pgs=0 cs=0 l=0 rev1=0 crypto rx=0 tx=0 comp rx=0 tx=0)._handle_peer_banner_payload supported=3 required=0
2024-02-22T00:35:57.361 INFO:teuthology.orchestra.run.smithi007.stdout:/usr/bin/ceph: stderr
2024-02-22T00:35:56.724+0000 7f6a6a330700 1 --2- >> [v2:172.21.15.7:3300/0,v1:172.21.15.7:6789/0] conn(0x7f6a64106c90 0x7f6a64109080 unknown :-1 s=HELLO_CONNECTING pgs=0 cs=0 l=0 rev1=1 crypto rx=0 tx=0 comp rx=0 tx=0).handle_hello peer v2:172.21.15.7:3300/0 says I am v2:172.21.15.7:40354/0 (socket says 172.21.15.7:40354)
2024-02-22T00:35:57.361 INFO:teuthology.orchestra.run.smithi007.stdout:/usr/bin/ceph: stderr
2024-02-22T00:35:56.724+0000 7f6a6a330700 1 -- 172.21.15.7:0/3348318006 learned_addr learned my addr 172.21.15.7:0/3348318006 (peer_addr_for_me v2:172.21.15.7:0/0)
2024-02-22T00:35:57.361 INFO:teuthology.orchestra.run.smithi007.stdout:/usr/bin/ceph: stderr
2024-02-22T00:35:56.724+0000 7f6a6a330700 1 -- 172.21.15.7:0/3348318006 --> [v2:172.21.15.7:3300/0,v1:172.21.15.7:6789/0] -- mon_subscribe({config=0+,monmap=0+}) v3 -- 0x7f6a641095c0 con 0x7f6a64106c90
2024-02-22T00:35:57.361 INFO:teuthology.orchestra.run.smithi007.stdout:/usr/bin/ceph: stderr
2024-02-22T00:35:56.724+0000 7f6a6a330700 1 --2- 172.21.15.7:0/3348318006 >> [v2:172.21.15.7:3300/0,v1:172.21.15.7:6789/0] conn(0x7f6a64106c90 0x7f6a64109080 secure :-1 s=READY pgs=70 cs=0 l=1 rev1=1 crypto rx=0x7f6a600098a0 tx=0x7f6a60009bb0 comp rx=0 tx=0).ready entity=mon.0 client_cookie=8394c533a9ecade6 server_cookie=0 in_seq=0 out_seq=0
2024-02-22T00:35:57.361 INFO:teuthology.orchestra.run.smithi007.stdout:/usr/bin/ceph: stderr
2024-02-22T00:35:56.725+0000 7f6a6932e700 1 -- 172.21.15.7:0/3348318006 <== mon.0 v2:172.21.15.7:3300/0 1 ==== mon_map magic: 0 v1 ==== 205+0+0 (secure 0 0 0) 0x7f6a60004160 con 0x7f6a64106c90
2024-02-22T00:35:57.361 INFO:teuthology.orchestra.run.smithi007.stdout:/usr/bin/ceph: stderr
2024-02-22T00:35:56.725+0000 7f6a6932e700 1 -- 172.21.15.7:0/3348318006 <== mon.0 v2:172.21.15.7:3300/0 2 ==== config(25 keys) v1 ==== 1067+0+0 (secure 0 0 0) 0x7f6a600042c0 con 0x7f6a64106c90
2024-02-22T00:35:57.361 INFO:teuthology.orchestra.run.smithi007.stdout:/usr/bin/ceph: stderr
2024-02-22T00:35:56.725+0000 7f6a6932e700 1 -- 172.21.15.7:0/3348318006 <== mon.0 v2:172.21.15.7:3300/0 3 ==== mon_map magic: 0 v1 ==== 205+0+0 (secure 0 0 0) 0x7f6a600118e0 con 0x7f6a64106c90
2024-02-22T00:35:57.361 INFO:teuthology.orchestra.run.smithi007.stdout:/usr/bin/ceph: stderr
2024-02-22T00:35:56.725+0000 7f6a6c594700 1 -- 172.21.15.7:0/3348318006 >> [v2:172.21.15.7:3300/0,v1:172.21.15.7:6789/0] conn(0x7f6a64106c90 msgr2=0x7f6a64109080 secure :-1 s=STATE_CONNECTION_ESTABLISHED l=1).mark_down
2024-02-22T00:35:57.361 INFO:teuthology.orchestra.run.smithi007.stdout:/usr/bin/ceph: stderr
2024-02-22T00:35:56.725+0000 7f6a6c594700 1 --2- 172.21.15.7:0/3348318006 >> [v2:172.21.15.7:3300/0,v1:172.21.15.7:6789/0] conn(0x7f6a64106c90 0x7f6a64109080 secure :-1 s=READY pgs=70 cs=0 l=1 rev1=1 crypto rx=0x7f6a600098a0 tx=0x7f6a60009bb0 comp rx=0 tx=0).stop
2024-02-22T00:35:57.361 INFO:teuthology.orchestra.run.smithi007.stdout:/usr/bin/ceph: stderr
2024-02-22T00:35:56.725+0000 7f6a6c594700 1 -- 172.21.15.7:0/3348318006 shutdown_connections
2024-02-22T00:35:57.361 INFO:teuthology.orchestra.run.smithi007.stdout:/usr/bin/ceph: stderr
2024-02-22T00:35:56.725+0000 7f6a6c594700 1 --2- 172.21.15.7:0/3348318006 >> [v2:172.21.15.7:3300/0,v1:172.21.15.7:6789/0] conn(0x7f6a64106c90 0x7f6a64109080 unknown :-1 s=CLOSED pgs=70 cs=0 l=1 rev1=1 crypto rx=0 tx=0 comp rx=0 tx=0).stop
2024-02-22T00:35:57.361 INFO:teuthology.orchestra.run.smithi007.stdout:/usr/bin/ceph: stderr
2024-02-22T00:35:56.725+0000 7f6a6c594700 1 -- 172.21.15.7:0/3348318006 >> 172.21.15.7:0/3348318006 conn(0x7f6a641006e0 msgr2=0x7f6a64102b00 unknown :-1 s=STATE_NONE l=0).mark_down
2024-02-22T00:35:57.362 INFO:teuthology.orchestra.run.smithi007.stdout:/usr/bin/ceph: stderr
2024-02-22T00:35:56.726+0000 7f6a6c594700 1 -- 172.21.15.7:0/3348318006 shutdown_connections
2024-02-22T00:35:57.362 INFO:teuthology.orchestra.run.smithi007.stdout:/usr/bin/ceph: stderr
2024-02-22T00:35:56.726+0000 7f6a6c594700 1 -- 172.21.15.7:0/3348318006 wait complete.
2024-02-22T00:35:57.362 INFO:teuthology.orchestra.run.smithi007.stdout:/usr/bin/ceph: stderr
2024-02-22T00:35:56.726+0000 7f6a6c594700 1 Processor -- start
2024-02-22T00:35:57.362 INFO:teuthology.orchestra.run.smithi007.stdout:/usr/bin/ceph: stderr
2024-02-22T00:35:56.726+0000 7f6a6c594700 1 -- start start
2024-02-22T00:35:57.362 INFO:teuthology.orchestra.run.smithi007.stdout:/usr/bin/ceph: stderr
2024-02-22T00:35:56.727+0000 7f6a6c594700 1 --2- >> [v2:172.21.15.7:3300/0,v1:172.21.15.7:6789/0] conn(0x7f6a64106c90 0x7f6a64199f50 unknown :-1 s=NONE pgs=0 cs=0 l=1 rev1=0 crypto rx=0 tx=0 comp rx=0 tx=0).connect
2024-02-22T00:35:57.362 INFO:teuthology.orchestra.run.smithi007.stdout:/usr/bin/ceph: stderr
2024-02-22T00:35:56.727+0000 7f6a6c594700 1 -- --> [v2:172.21.15.7:3300/0,v1:172.21.15.7:6789/0] -- mon_getmap magic: 0 v1 -- 0x7f6a6419a490 con 0x7f6a64106c90
2024-02-22T00:35:57.362 INFO:teuthology.orchestra.run.smithi007.stdout:/usr/bin/ceph: stderr
2024-02-22T00:35:56.727+0000 7f6a6a330700 1 --2- >> [v2:172.21.15.7:3300/0,v1:172.21.15.7:6789/0] conn(0x7f6a64106c90 0x7f6a64199f50 unknown :-1 s=BANNER_CONNECTING pgs=0 cs=0 l=1 rev1=0 crypto rx=0 tx=0 comp rx=0 tx=0)._handle_peer_banner_payload supported=3 required=0
2024-02-22T00:35:57.362 INFO:teuthology.orchestra.run.smithi007.stdout:/usr/bin/ceph: stderr
2024-02-22T00:35:56.727+0000 7f6a6a330700 1 --2- >> [v2:172.21.15.7:3300/0,v1:172.21.15.7:6789/0] conn(0x7f6a64106c90 0x7f6a64199f50 unknown :-1 s=HELLO_CONNECTING pgs=0 cs=0 l=1 rev1=1 crypto rx=0 tx=0 comp rx=0 tx=0).handle_hello peer v2:172.21.15.7:3300/0 says I am v2:172.21.15.7:40362/0 (socket says 172.21.15.7:40362)
2024-02-22T00:35:57.362 INFO:teuthology.orchestra.run.smithi007.stdout:/usr/bin/ceph: stderr
2024-02-22T00:35:56.727+0000 7f6a6a330700 1 -- 172.21.15.7:0/2483751013 learned_addr learned my addr 172.21.15.7:0/2483751013 (peer_addr_for_me v2:172.21.15.7:0/0)
2024-02-22T00:35:57.362 INFO:teuthology.orchestra.run.smithi007.stdout:/usr/bin/ceph: stderr
2024-02-22T00:35:56.727+0000 7f6a6a330700 1 -- 172.21.15.7:0/2483751013 --> [v2:172.21.15.7:3300/0,v1:172.21.15.7:6789/0] -- mon_subscribe({config=0+,monmap=0+}) v3 -- 0x7f6a60009550 con 0x7f6a64106c90
2024-02-22T00:35:57.362 INFO:teuthology.orchestra.run.smithi007.stdout:/usr/bin/ceph: stderr
2024-02-22T00:35:56.727+0000 7f6a6a330700 1 --2- 172.21.15.7:0/2483751013 >> [v2:172.21.15.7:3300/0,v1:172.21.15.7:6789/0] conn(0x7f6a64106c90 0x7f6a64199f50 secure :-1 s=READY pgs=71 cs=0 l=1 rev1=1 crypto rx=0x7f6a60003e30 tx=0x7f6a60011e80 comp rx=0 tx=0).ready entity=mon.0 client_cookie=0 server_cookie=0 in_seq=0 out_seq=0
2024-02-22T00:35:57.362 INFO:teuthology.orchestra.run.smithi007.stdout:/usr/bin/ceph: stderr
2024-02-22T00:35:56.727+0000 7f6a5b7fe700 1 -- 172.21.15.7:0/2483751013 <== mon.0 v2:172.21.15.7:3300/0 1 ==== mon_map magic: 0 v1 ==== 205+0+0 (secure 0 0 0) 0x7f6a600036a0 con 0x7f6a64106c90
2024-02-22T00:35:57.362 INFO:teuthology.orchestra.run.smithi007.stdout:/usr/bin/ceph: stderr
2024-02-22T00:35:56.728+0000 7f6a5b7fe700 1 -- 172.21.15.7:0/2483751013 <== mon.0 v2:172.21.15.7:3300/0 2 ==== config(25 keys) v1 ==== 1067+0+0 (secure 0 0 0) 0x7f6a6001b440 con 0x7f6a64106c90
2024-02-22T00:35:57.362 INFO:teuthology.orchestra.run.smithi007.stdout:/usr/bin/ceph: stderr
2024-02-22T00:35:56.728+0000 7f6a6c594700 1 -- 172.21.15.7:0/2483751013 --> [v2:172.21.15.7:3300/0,v1:172.21.15.7:6789/0] -- mon_subscribe({mgrmap=0+}) v3 -- 0x7f6a6419a690 con 0x7f6a64106c90
2024-02-22T00:35:57.362 INFO:teuthology.orchestra.run.smithi007.stdout:/usr/bin/ceph: stderr
2024-02-22T00:35:56.728+0000 7f6a5b7fe700 1 -- 172.21.15.7:0/2483751013 <== mon.0 v2:172.21.15.7:3300/0 3 ==== mon_map magic: 0 v1 ==== 205+0+0 (secure 0 0 0) 0x7f6a600193d0 con 0x7f6a64106c90
2024-02-22T00:35:57.363 INFO:teuthology.orchestra.run.smithi007.stdout:/usr/bin/ceph: stderr
2024-02-22T00:35:56.728+0000 7f6a6c594700 1 -- 172.21.15.7:0/2483751013 --> [v2:172.21.15.7:3300/0,v1:172.21.15.7:6789/0] -- mon_subscribe({osdmap=0}) v3 -- 0x7f6a6419ab30 con 0x7f6a64106c90
2024-02-22T00:35:57.363 INFO:teuthology.orchestra.run.smithi007.stdout:/usr/bin/ceph: stderr
2024-02-22T00:35:56.729+0000 7f6a5b7fe700 1 -- 172.21.15.7:0/2483751013 <== mon.0 v2:172.21.15.7:3300/0 4 ==== mgrmap(e 11) v1 ==== 45444+0+0 (secure 0 0 0) 0x7f6a60003800 con 0x7f6a64106c90
2024-02-22T00:35:57.363 INFO:teuthology.orchestra.run.smithi007.stdout:/usr/bin/ceph: stderr
2024-02-22T00:35:56.729+0000 7f6a5b7fe700 1 --2- 172.21.15.7:0/2483751013 >> [v2:172.21.15.7:6800/1913896147,v1:172.21.15.7:6801/1913896147] conn(0x7f6a50038610 0x7f6a5003aad0 unknown :-1 s=NONE pgs=0 cs=0 l=1 rev1=0 crypto rx=0 tx=0 comp rx=0 tx=0).connect
2024-02-22T00:35:57.363 INFO:teuthology.orchestra.run.smithi007.stdout:/usr/bin/ceph: stderr
2024-02-22T00:35:56.729+0000 7f6a5b7fe700 1 -- 172.21.15.7:0/2483751013 <== mon.0 v2:172.21.15.7:3300/0 5 ==== osd_map(3..3 src has 1..3) v4 ==== 1155+0+0 (secure 0 0 0) 0x7f6a6004c470 con 0x7f6a64106c90
2024-02-22T00:35:57.363 INFO:teuthology.orchestra.run.smithi007.stdout:/usr/bin/ceph: stderr
2024-02-22T00:35:56.729+0000 7f6a6c594700 1 -- 172.21.15.7:0/2483751013 --> [v2:172.21.15.7:3300/0,v1:172.21.15.7:6789/0] -- mon_command({"prefix": "get_command_descriptions"} v 0) v1 -- 0x7f6a6410a3a0 con 0x7f6a64106c90
2024-02-22T00:35:57.363 INFO:teuthology.orchestra.run.smithi007.stdout:/usr/bin/ceph: stderr
2024-02-22T00:35:56.729+0000 7f6a69b2f700 1 --2- 172.21.15.7:0/2483751013 >> [v2:172.21.15.7:6800/1913896147,v1:172.21.15.7:6801/1913896147] conn(0x7f6a50038610 0x7f6a5003aad0 unknown :-1 s=BANNER_CONNECTING pgs=0 cs=0 l=1 rev1=0 crypto rx=0 tx=0 comp rx=0 tx=0)._handle_peer_banner_payload supported=3 required=0
2024-02-22T00:35:57.363 INFO:teuthology.orchestra.run.smithi007.stdout:/usr/bin/ceph: stderr
2024-02-22T00:35:56.730+0000 7f6a69b2f700 1 --2- 172.21.15.7:0/2483751013 >> [v2:172.21.15.7:6800/1913896147,v1:172.21.15.7:6801/1913896147] conn(0x7f6a50038610 0x7f6a5003aad0 secure :-1 s=READY pgs=7 cs=0 l=1 rev1=1 crypto rx=0x7f6a54006fd0 tx=0x7f6a54006e40 comp rx=0 tx=0).ready entity=mgr.14152 client_cookie=0 server_cookie=0 in_seq=0 out_seq=0
2024-02-22T00:35:57.363 INFO:teuthology.orchestra.run.smithi007.stdout:/usr/bin/ceph: stderr
2024-02-22T00:35:56.735+0000 7f6a5b7fe700 1 -- 172.21.15.7:0/2483751013 <== mon.0 v2:172.21.15.7:3300/0 6 ==== mon_command_ack([{"prefix": "get_command_descriptions"}]=0 v0) v1 ==== 72+0+182595 (secure 0 0 0) 0x7f6a60028020 con 0x7f6a64106c90
2024-02-22T00:35:57.363 INFO:teuthology.orchestra.run.smithi007.stdout:/usr/bin/ceph: stderr
2024-02-22T00:35:56.956+0000 7f6a6c594700 1 -- 172.21.15.7:0/2483751013 --> [v2:172.21.15.7:6800/1913896147,v1:172.21.15.7:6801/1913896147] -- mgr_command(tid 0: {"prefix": "dashboard create-self-signed-cert", "target": ["mon-mgr", ""]}) v1 -- 0x7f6a641019a0 con 0x7f6a50038610
2024-02-22T00:35:57.363 INFO:teuthology.orchestra.run.smithi007.stdout:/usr/bin/ceph: stderr
2024-02-22T00:35:57.006+0000 7f6a5b7fe700 1 -- 172.21.15.7:0/2483751013 <== mgr.14152 v2:172.21.15.7:6800/1913896147 1 ==== mgr_command_reply(tid 0: 0 ) v1 ==== 8+0+32 (secure 0 0 0) 0x7f6a641019a0 con 0x7f6a50038610
2024-02-22T00:35:57.363 INFO:teuthology.orchestra.run.smithi007.stdout:/usr/bin/ceph: stderr
2024-02-22T00:35:57.008+0000 7f6a6c594700 1 -- 172.21.15.7:0/2483751013 >> [v2:172.21.15.7:6800/1913896147,v1:172.21.15.7:6801/1913896147] conn(0x7f6a50038610 msgr2=0x7f6a5003aad0 secure :-1 s=STATE_CONNECTION_ESTABLISHED l=1).mark_down
2024-02-22T00:35:57.363 INFO:teuthology.orchestra.run.smithi007.stdout:/usr/bin/ceph: stderr
2024-02-22T00:35:57.008+0000 7f6a6c594700 1 --2- 172.21.15.7:0/2483751013 >> [v2:172.21.15.7:6800/1913896147,v1:172.21.15.7:6801/1913896147] conn(0x7f6a50038610 0x7f6a5003aad0 secure :-1 s=READY pgs=7 cs=0 l=1 rev1=1 crypto rx=0x7f6a54006fd0 tx=0x7f6a54006e40 comp rx=0 tx=0).stop
2024-02-22T00:35:57.363 INFO:teuthology.orchestra.run.smithi007.stdout:/usr/bin/ceph: stderr
2024-02-22T00:35:57.008+0000 7f6a6c594700 1 -- 172.21.15.7:0/2483751013 >> [v2:172.21.15.7:3300/0,v1:172.21.15.7:6789/0] conn(0x7f6a64106c90 msgr2=0x7f6a64199f50 secure :-1 s=STATE_CONNECTION_ESTABLISHED l=1).mark_down
2024-02-22T00:35:57.363 INFO:teuthology.orchestra.run.smithi007.stdout:/usr/bin/ceph: stderr
2024-02-22T00:35:57.008+0000 7f6a6c594700 1 --2- 172.21.15.7:0/2483751013 >> [v2:172.21.15.7:3300/0,v1:172.21.15.7:6789/0] conn(0x7f6a64106c90 0x7f6a64199f50 secure :-1 s=READY pgs=71 cs=0 l=1 rev1=1 crypto rx=0x7f6a60003e30 tx=0x7f6a60011e80 comp rx=0 tx=0).stop
2024-02-22T00:35:57.364 INFO:teuthology.orchestra.run.smithi007.stdout:/usr/bin/ceph: stderr
2024-02-22T00:35:57.008+0000 7f6a6c594700 1 -- 172.21.15.7:0/2483751013 shutdown_connections
2024-02-22T00:35:57.364 INFO:teuthology.orchestra.run.smithi007.stdout:/usr/bin/ceph: stderr
2024-02-22T00:35:57.008+0000 7f6a6c594700 1 --2- 172.21.15.7:0/2483751013 >> [v2:172.21.15.7:6800/1913896147,v1:172.21.15.7:6801/1913896147] conn(0x7f6a50038610 0x7f6a5003aad0 unknown :-1 s=CLOSED pgs=7 cs=0 l=1 rev1=1 crypto rx=0 tx=0 comp rx=0 tx=0).stop
2024-02-22T00:35:57.364 INFO:teuthology.orchestra.run.smithi007.stdout:/usr/bin/ceph: stderr
2024-02-22T00:35:57.008+0000 7f6a6c594700 1 --2- 172.21.15.7:0/2483751013 >> [v2:172.21.15.7:3300/0,v1:172.21.15.7:6789/0] conn(0x7f6a64106c90 0x7f6a64199f50 unknown :-1 s=CLOSED pgs=71 cs=0 l=1 rev1=1 crypto rx=0 tx=0 comp rx=0 tx=0).stop
2024-02-22T00:35:57.364 INFO:teuthology.orchestra.run.smithi007.stdout:/usr/bin/ceph: stderr
2024-02-22T00:35:57.008+0000 7f6a6c594700 1 -- 172.21.15.7:0/2483751013 >> 172.21.15.7:0/2483751013 conn(0x7f6a641006e0 msgr2=0x7f6a64101290 unknown :-1 s=STATE_NONE l=0).mark_down
2024-02-22T00:35:57.364 INFO:teuthology.orchestra.run.smithi007.stdout:/usr/bin/ceph: stderr
2024-02-22T00:35:57.009+0000 7f6a6c594700 1 -- 172.21.15.7:0/2483751013 shutdown_connections
2024-02-22T00:35:57.364 INFO:teuthology.orchestra.run.smithi007.stdout:/usr/bin/ceph: stderr
2024-02-22T00:35:57.009+0000 7f6a6c594700 1 -- 172.21.15.7:0/2483751013 wait complete.
2024-02-22T00:35:57.364 INFO:teuthology.orchestra.run.smithi007.stdout:Creating initial admin user...
2024-02-22T00:35:58.511 INFO:journalctl@ceph.mon.a.smithi007.stdout:Feb 22 00:35:58 smithi007 ceph-mon[43428]: from='client.14164 -' entity='client.admin' cmd=[{"prefix": "dashboard create-self-signed-cert", "target": ["mon-mgr", ""]}]: dispatch
2024-02-22T00:35:58.511 INFO:journalctl@ceph.mon.a.smithi007.stdout:Feb 22 00:35:58 smithi007 ceph-mon[43428]: mgrmap e12: x(active, since 2s)
2024-02-22T00:35:58.702 INFO:teuthology.orchestra.run.smithi007.stdout:/usr/bin/ceph: stdout {"username": "admin", "password": "$2b$12$MGGgYZKxkMqxQHSqAXxq4Ouws60hxGBbv0tklyN0f1iodFjmLVjeW", "roles": ["administrator"], "name": null, "email": null, "lastUpdate": 1708562158, "enabled": true, "pwdExpirationDate": null, "pwdUpdateRequired": true}
2024-02-22T00:35:58.702 INFO:teuthology.orchestra.run.smithi007.stdout:/usr/bin/ceph: stderr
2024-02-22T00:35:57.834+0000 7f498d4b9700 1 Processor -- start
2024-02-22T00:35:58.702 INFO:teuthology.orchestra.run.smithi007.stdout:/usr/bin/ceph: stderr
2024-02-22T00:35:57.834+0000 7f498d4b9700 1 -- start start
2024-02-22T00:35:58.702 INFO:teuthology.orchestra.run.smithi007.stdout:/usr/bin/ceph: stderr
2024-02-22T00:35:57.835+0000 7f498d4b9700 1 --2- >> [v2:172.21.15.7:3300/0,v1:172.21.15.7:6789/0] conn(0x7f4988105150 0x7f4988105570 unknown :-1 s=NONE pgs=0 cs=0 l=0 rev1=0 crypto rx=0 tx=0 comp rx=0 tx=0).connect
2024-02-22T00:35:58.702 INFO:teuthology.orchestra.run.smithi007.stdout:/usr/bin/ceph: stderr
2024-02-22T00:35:57.835+0000 7f498d4b9700 1 -- --> [v2:172.21.15.7:3300/0,v1:172.21.15.7:6789/0] -- mon_getmap magic: 0 v1 -- 0x7f4988105b40 con 0x7f4988105150
2024-02-22T00:35:58.702 INFO:teuthology.orchestra.run.smithi007.stdout:/usr/bin/ceph: stderr
2024-02-22T00:35:57.835+0000 7f4986ffd700 1 --2- >> [v2:172.21.15.7:3300/0,v1:172.21.15.7:6789/0] conn(0x7f4988105150 0x7f4988105570 unknown :-1 s=BANNER_CONNECTING pgs=0 cs=0 l=0 rev1=0 crypto rx=0 tx=0 comp rx=0 tx=0)._handle_peer_banner_payload supported=3 required=0
2024-02-22T00:35:58.702 INFO:teuthology.orchestra.run.smithi007.stdout:/usr/bin/ceph: stderr
2024-02-22T00:35:57.835+0000 7f4986ffd700 1 --2- >> [v2:172.21.15.7:3300/0,v1:172.21.15.7:6789/0] conn(0x7f4988105150 0x7f4988105570 unknown :-1 s=HELLO_CONNECTING pgs=0 cs=0 l=0 rev1=1 crypto rx=0 tx=0 comp rx=0 tx=0).handle_hello peer v2:172.21.15.7:3300/0 says I am v2:172.21.15.7:40378/0 (socket says 172.21.15.7:40378)
2024-02-22T00:35:58.702 INFO:teuthology.orchestra.run.smithi007.stdout:/usr/bin/ceph: stderr
2024-02-22T00:35:57.835+0000 7f4986ffd700 1 -- 172.21.15.7:0/2864589875 learned_addr learned my addr 172.21.15.7:0/2864589875 (peer_addr_for_me v2:172.21.15.7:0/0)
2024-02-22T00:35:58.702 INFO:teuthology.orchestra.run.smithi007.stdout:/usr/bin/ceph: stderr
2024-02-22T00:35:57.835+0000 7f4986ffd700 1 -- 172.21.15.7:0/2864589875 --> [v2:172.21.15.7:3300/0,v1:172.21.15.7:6789/0] -- mon_subscribe({config=0+,monmap=0+}) v3 -- 0x7f4988106350 con 0x7f4988105150
2024-02-22T00:35:58.702 INFO:teuthology.orchestra.run.smithi007.stdout:/usr/bin/ceph: stderr
2024-02-22T00:35:57.835+0000 7f4986ffd700 1 --2- 172.21.15.7:0/2864589875 >> [v2:172.21.15.7:3300/0,v1:172.21.15.7:6789/0] conn(0x7f4988105150 0x7f4988105570 secure :-1 s=READY pgs=72 cs=0 l=1 rev1=1 crypto rx=0x7f4978009e80 tx=0x7f497800b330 comp rx=0 tx=0).ready entity=mon.0 client_cookie=f516ea031262fb67 server_cookie=0 in_seq=0 out_seq=0
2024-02-22T00:35:58.702 INFO:teuthology.orchestra.run.smithi007.stdout:/usr/bin/ceph: stderr
2024-02-22T00:35:57.835+0000 7f4985ffb700 1 -- 172.21.15.7:0/2864589875 <== mon.0 v2:172.21.15.7:3300/0 1 ==== mon_map magic: 0 v1 ==== 205+0+0 (secure 0 0 0) 0x7f497800e070 con 0x7f4988105150
2024-02-22T00:35:58.702 INFO:teuthology.orchestra.run.smithi007.stdout:/usr/bin/ceph: stderr
2024-02-22T00:35:57.836+0000 7f4985ffb700 1 -- 172.21.15.7:0/2864589875 <== mon.0 v2:172.21.15.7:3300/0 2 ==== config(25 keys) v1 ==== 1067+0+0 (secure 0 0 0) 0x7f497800b8c0 con 0x7f4988105150
2024-02-22T00:35:58.703 INFO:teuthology.orchestra.run.smithi007.stdout:/usr/bin/ceph: stderr
2024-02-22T00:35:57.836+0000 7f4985ffb700 1 -- 172.21.15.7:0/2864589875 <== mon.0 v2:172.21.15.7:3300/0 3 ==== mon_map magic: 0 v1 ==== 205+0+0 (secure 0 0 0) 0x7f4978004360 con 0x7f4988105150
2024-02-22T00:35:58.703 INFO:teuthology.orchestra.run.smithi007.stdout:/usr/bin/ceph: stderr
2024-02-22T00:35:57.836+0000 7f498d4b9700 1 -- 172.21.15.7:0/2864589875 >> [v2:172.21.15.7:3300/0,v1:172.21.15.7:6789/0] conn(0x7f4988105150 msgr2=0x7f4988105570 secure :-1 s=STATE_CONNECTION_ESTABLISHED l=1).mark_down
2024-02-22T00:35:58.703 INFO:teuthology.orchestra.run.smithi007.stdout:/usr/bin/ceph: stderr
2024-02-22T00:35:57.836+0000 7f498d4b9700 1 --2- 172.21.15.7:0/2864589875 >> [v2:172.21.15.7:3300/0,v1:172.21.15.7:6789/0] conn(0x7f4988105150 0x7f4988105570 secure :-1 s=READY pgs=72 cs=0 l=1 rev1=1 crypto rx=0x7f4978009e80 tx=0x7f497800b330 comp rx=0 tx=0).stop
2024-02-22T00:35:58.703 INFO:teuthology.orchestra.run.smithi007.stdout:/usr/bin/ceph: stderr
2024-02-22T00:35:57.836+0000 7f498d4b9700 1 -- 172.21.15.7:0/2864589875 shutdown_connections
2024-02-22T00:35:58.703 INFO:teuthology.orchestra.run.smithi007.stdout:/usr/bin/ceph: stderr
2024-02-22T00:35:57.836+0000 7f498d4b9700 1 --2- 172.21.15.7:0/2864589875 >> [v2:172.21.15.7:3300/0,v1:172.21.15.7:6789/0] conn(0x7f4988105150 0x7f4988105570 unknown :-1 s=CLOSED pgs=72 cs=0 l=1 rev1=1 crypto rx=0 tx=0 comp rx=0 tx=0).stop
2024-02-22T00:35:58.703 INFO:teuthology.orchestra.run.smithi007.stdout:/usr/bin/ceph: stderr
2024-02-22T00:35:57.836+0000 7f498d4b9700 1 -- 172.21.15.7:0/2864589875 >> 172.21.15.7:0/2864589875 conn(0x7f4988100710 msgr2=0x7f4988102b30 unknown :-1 s=STATE_NONE l=0).mark_down
2024-02-22T00:35:58.703 INFO:teuthology.orchestra.run.smithi007.stdout:/usr/bin/ceph: stderr
2024-02-22T00:35:57.836+0000 7f498d4b9700 1 -- 172.21.15.7:0/2864589875 shutdown_connections
2024-02-22T00:35:58.703 INFO:teuthology.orchestra.run.smithi007.stdout:/usr/bin/ceph: stderr
2024-02-22T00:35:57.836+0000 7f498d4b9700 1 -- 172.21.15.7:0/2864589875 wait complete.
2024-02-22T00:35:58.704 INFO:teuthology.orchestra.run.smithi007.stdout:/usr/bin/ceph: stderr
2024-02-22T00:35:57.837+0000 7f498d4b9700 1 Processor -- start
2024-02-22T00:35:58.704 INFO:teuthology.orchestra.run.smithi007.stdout:/usr/bin/ceph: stderr
2024-02-22T00:35:57.837+0000 7f498d4b9700 1 -- start start
2024-02-22T00:35:58.704 INFO:teuthology.orchestra.run.smithi007.stdout:/usr/bin/ceph: stderr
2024-02-22T00:35:57.837+0000 7f498d4b9700 1 --2- >> [v2:172.21.15.7:3300/0,v1:172.21.15.7:6789/0] conn(0x7f4988105150 0x7f49881901b0 unknown :-1 s=NONE pgs=0 cs=0 l=1 rev1=0 crypto rx=0 tx=0 comp rx=0 tx=0).connect
2024-02-22T00:35:58.704 INFO:teuthology.orchestra.run.smithi007.stdout:/usr/bin/ceph: stderr
2024-02-22T00:35:57.837+0000 7f498d4b9700 1 -- --> [v2:172.21.15.7:3300/0,v1:172.21.15.7:6789/0] -- mon_getmap magic: 0 v1 -- 0x7f49881906f0 con 0x7f4988105150
2024-02-22T00:35:58.704 INFO:teuthology.orchestra.run.smithi007.stdout:/usr/bin/ceph: stderr
2024-02-22T00:35:57.837+0000 7f4986ffd700 1 --2- >> [v2:172.21.15.7:3300/0,v1:172.21.15.7:6789/0] conn(0x7f4988105150 0x7f49881901b0 unknown :-1 s=BANNER_CONNECTING pgs=0 cs=0 l=1 rev1=0 crypto rx=0 tx=0 comp rx=0 tx=0)._handle_peer_banner_payload supported=3 required=0
2024-02-22T00:35:58.704 INFO:teuthology.orchestra.run.smithi007.stdout:/usr/bin/ceph: stderr
2024-02-22T00:35:57.837+0000 7f4986ffd700 1 --2- >> [v2:172.21.15.7:3300/0,v1:172.21.15.7:6789/0] conn(0x7f4988105150 0x7f49881901b0 unknown :-1 s=HELLO_CONNECTING pgs=0 cs=0 l=1 rev1=1 crypto rx=0 tx=0 comp rx=0 tx=0).handle_hello peer v2:172.21.15.7:3300/0 says I am v2:172.21.15.7:40382/0 (socket says 172.21.15.7:40382)
2024-02-22T00:35:58.704 INFO:teuthology.orchestra.run.smithi007.stdout:/usr/bin/ceph: stderr
2024-02-22T00:35:57.837+0000 7f4986ffd700 1 -- 172.21.15.7:0/2028930349 learned_addr learned my addr 172.21.15.7:0/2028930349 (peer_addr_for_me v2:172.21.15.7:0/0)
2024-02-22T00:35:58.704 INFO:teuthology.orchestra.run.smithi007.stdout:/usr/bin/ceph: stderr
2024-02-22T00:35:57.838+0000 7f4986ffd700 1 -- 172.21.15.7:0/2028930349 --> [v2:172.21.15.7:3300/0,v1:172.21.15.7:6789/0] -- mon_subscribe({config=0+,monmap=0+}) v3 -- 0x7f4978009b30 con 0x7f4988105150
2024-02-22T00:35:58.704 INFO:teuthology.orchestra.run.smithi007.stdout:/usr/bin/ceph: stderr
2024-02-22T00:35:57.838+0000 7f4986ffd700 1 --2- 172.21.15.7:0/2028930349 >> [v2:172.21.15.7:3300/0,v1:172.21.15.7:6789/0] conn(0x7f4988105150 0x7f49881901b0 secure :-1 s=READY pgs=73 cs=0 l=1 rev1=1 crypto rx=0x7f497800b7b0 tx=0x7f4978003c50 comp rx=0 tx=0).ready entity=mon.0 client_cookie=0 server_cookie=0 in_seq=0 out_seq=0
2024-02-22T00:35:58.704 INFO:teuthology.orchestra.run.smithi007.stdout:/usr/bin/ceph: stderr
2024-02-22T00:35:57.838+0000 7f497ffff700 1 -- 172.21.15.7:0/2028930349 <== mon.0 v2:172.21.15.7:3300/0 1 ==== mon_map magic: 0 v1 ==== 205+0+0 (secure 0 0 0) 0x7f497800e040 con 0x7f4988105150
2024-02-22T00:35:58.704 INFO:teuthology.orchestra.run.smithi007.stdout:/usr/bin/ceph: stderr
2024-02-22T00:35:57.838+0000 7f497ffff700 1 -- 172.21.15.7:0/2028930349 <== mon.0 v2:172.21.15.7:3300/0 2 ==== config(25 keys) v1 ==== 1067+0+0 (secure 0 0 0) 0x7f497800bd70 con 0x7f4988105150
2024-02-22T00:35:58.704 INFO:teuthology.orchestra.run.smithi007.stdout:/usr/bin/ceph: stderr
2024-02-22T00:35:57.838+0000 7f498d4b9700 1 -- 172.21.15.7:0/2028930349 --> [v2:172.21.15.7:3300/0,v1:172.21.15.7:6789/0] -- mon_subscribe({mgrmap=0+}) v3 -- 0x7f498818e930 con 0x7f4988105150
2024-02-22T00:35:58.704 INFO:teuthology.orchestra.run.smithi007.stdout:/usr/bin/ceph: stderr
2024-02-22T00:35:57.838+0000 7f497ffff700 1 -- 172.21.15.7:0/2028930349 <== mon.0 v2:172.21.15.7:3300/0 3 ==== mon_map magic: 0 v1 ==== 205+0+0 (secure 0 0 0) 0x7f497801c590 con 0x7f4988105150
2024-02-22T00:35:58.705 INFO:teuthology.orchestra.run.smithi007.stdout:/usr/bin/ceph: stderr
2024-02-22T00:35:57.838+0000 7f498d4b9700 1 -- 172.21.15.7:0/2028930349 --> [v2:172.21.15.7:3300/0,v1:172.21.15.7:6789/0] -- mon_subscribe({osdmap=0}) v3 -- 0x7f498818ee30 con 0x7f4988105150
2024-02-22T00:35:58.705 INFO:teuthology.orchestra.run.smithi007.stdout:/usr/bin/ceph: stderr
2024-02-22T00:35:57.839+0000 7f497ffff700 1 -- 172.21.15.7:0/2028930349 <== mon.0 v2:172.21.15.7:3300/0 4 ==== mgrmap(e 12) v1 ==== 45550+0+0 (secure 0 0 0) 0x7f497801c800 con 0x7f4988105150
2024-02-22T00:35:58.705 INFO:teuthology.orchestra.run.smithi007.stdout:/usr/bin/ceph: stderr
2024-02-22T00:35:57.839+0000 7f497ffff700 1 --2- 172.21.15.7:0/2028930349 >> [v2:172.21.15.7:6800/1913896147,v1:172.21.15.7:6801/1913896147] conn(0x7f4974038750 0x7f497403ac10 unknown :-1 s=NONE pgs=0 cs=0 l=1 rev1=0 crypto rx=0 tx=0 comp rx=0 tx=0).connect
2024-02-22T00:35:58.705 INFO:teuthology.orchestra.run.smithi007.stdout:/usr/bin/ceph: stderr
2024-02-22T00:35:57.839+0000 7f498d4b9700 1 -- 172.21.15.7:0/2028930349 --> [v2:172.21.15.7:3300/0,v1:172.21.15.7:6789/0] -- mon_command({"prefix": "get_command_descriptions"} v 0) v1 -- 0x7f49880623a0 con 0x7f4988105150
2024-02-22T00:35:58.705 INFO:teuthology.orchestra.run.smithi007.stdout:/usr/bin/ceph: stderr
2024-02-22T00:35:57.839+0000 7f497ffff700 1 -- 172.21.15.7:0/2028930349 <== mon.0 v2:172.21.15.7:3300/0 5 ==== osd_map(3..3 src has 1..3) v4 ==== 1155+0+0 (secure 0 0 0) 0x7f497804c5f0 con 0x7f4988105150
2024-02-22T00:35:58.705 INFO:teuthology.orchestra.run.smithi007.stdout:/usr/bin/ceph: stderr
2024-02-22T00:35:57.839+0000 7f49867fc700 1 --2- 172.21.15.7:0/2028930349 >> [v2:172.21.15.7:6800/1913896147,v1:172.21.15.7:6801/1913896147] conn(0x7f4974038750 0x7f497403ac10 unknown :-1 s=BANNER_CONNECTING pgs=0 cs=0 l=1 rev1=0 crypto rx=0 tx=0 comp rx=0 tx=0)._handle_peer_banner_payload supported=3 required=0
2024-02-22T00:35:58.705 INFO:teuthology.orchestra.run.smithi007.stdout:/usr/bin/ceph: stderr
2024-02-22T00:35:57.840+0000 7f49867fc700 1 --2- 172.21.15.7:0/2028930349 >> [v2:172.21.15.7:6800/1913896147,v1:172.21.15.7:6801/1913896147] conn(0x7f4974038750 0x7f497403ac10 secure :-1 s=READY pgs=8 cs=0 l=1 rev1=1 crypto rx=0x7f4970006fd0 tx=0x7f4970006e40 comp rx=0 tx=0).ready entity=mgr.14152 client_cookie=0 server_cookie=0 in_seq=0 out_seq=0
2024-02-22T00:35:58.705 INFO:teuthology.orchestra.run.smithi007.stdout:/usr/bin/ceph: stderr
2024-02-22T00:35:57.845+0000 7f497ffff700 1 -- 172.21.15.7:0/2028930349 <== mon.0 v2:172.21.15.7:3300/0 6 ==== mon_command_ack([{"prefix": "get_command_descriptions"}]=0 v0) v1 ==== 72+0+182595 (secure 0 0 0) 0x7f4978012950 con 0x7f4988105150
2024-02-22T00:35:58.705 INFO:teuthology.orchestra.run.smithi007.stdout:/usr/bin/ceph: stderr
2024-02-22T00:35:58.077+0000 7f498d4b9700 1 -- 172.21.15.7:0/2028930349 --> [v2:172.21.15.7:6800/1913896147,v1:172.21.15.7:6801/1913896147] -- mgr_command(tid 0: {"prefix": "dashboard ac-user-create", "username": "admin", "rolename": "administrator", "force_password": true, "pwd_update_required": true, "target": ["mon-mgr", ""]}) v1 -- 0x7f49880621c0 con 0x7f4974038750
2024-02-22T00:35:58.705 INFO:teuthology.orchestra.run.smithi007.stdout:/usr/bin/ceph: stderr
2024-02-22T00:35:58.330+0000 7f497ffff700 1 -- 172.21.15.7:0/2028930349 <== mgr.14152 v2:172.21.15.7:6800/1913896147 1 ==== mgr_command_reply(tid 0: 0 ) v1 ==== 8+0+252 (secure 0 0 0) 0x7f49880621c0 con 0x7f4974038750
2024-02-22T00:35:58.705 INFO:teuthology.orchestra.run.smithi007.stdout:/usr/bin/ceph: stderr
2024-02-22T00:35:58.332+0000 7f498d4b9700 1 -- 172.21.15.7:0/2028930349 >> [v2:172.21.15.7:6800/1913896147,v1:172.21.15.7:6801/1913896147] conn(0x7f4974038750 msgr2=0x7f497403ac10 secure :-1 s=STATE_CONNECTION_ESTABLISHED l=1).mark_down
2024-02-22T00:35:58.705 INFO:teuthology.orchestra.run.smithi007.stdout:/usr/bin/ceph: stderr
2024-02-22T00:35:58.332+0000 7f498d4b9700 1 --2- 172.21.15.7:0/2028930349 >> [v2:172.21.15.7:6800/1913896147,v1:172.21.15.7:6801/1913896147] conn(0x7f4974038750 0x7f497403ac10 secure :-1 s=READY pgs=8 cs=0 l=1 rev1=1 crypto rx=0x7f4970006fd0 tx=0x7f4970006e40 comp rx=0 tx=0).stop
2024-02-22T00:35:58.705 INFO:teuthology.orchestra.run.smithi007.stdout:/usr/bin/ceph: stderr
2024-02-22T00:35:58.332+0000 7f498d4b9700 1 -- 172.21.15.7:0/2028930349 >> [v2:172.21.15.7:3300/0,v1:172.21.15.7:6789/0] conn(0x7f4988105150 msgr2=0x7f49881901b0 secure :-1 s=STATE_CONNECTION_ESTABLISHED l=1).mark_down
2024-02-22T00:35:58.705 INFO:teuthology.orchestra.run.smithi007.stdout:/usr/bin/ceph: stderr
2024-02-22T00:35:58.332+0000 7f498d4b9700 1 --2- 172.21.15.7:0/2028930349 >> [v2:172.21.15.7:3300/0,v1:172.21.15.7:6789/0] conn(0x7f4988105150 0x7f49881901b0 secure :-1 s=READY pgs=73 cs=0 l=1 rev1=1 crypto rx=0x7f497800b7b0 tx=0x7f4978003c50 comp rx=0 tx=0).stop
2024-02-22T00:35:58.706 INFO:teuthology.orchestra.run.smithi007.stdout:/usr/bin/ceph: stderr
2024-02-22T00:35:58.332+0000 7f498d4b9700 1 -- 172.21.15.7:0/2028930349 shutdown_connections
2024-02-22T00:35:58.706 INFO:teuthology.orchestra.run.smithi007.stdout:/usr/bin/ceph: stderr
2024-02-22T00:35:58.332+0000 7f498d4b9700 1 --2- 172.21.15.7:0/2028930349 >> [v2:172.21.15.7:6800/1913896147,v1:172.21.15.7:6801/1913896147] conn(0x7f4974038750 0x7f497403ac10 unknown :-1 s=CLOSED pgs=8 cs=0 l=1 rev1=1 crypto rx=0 tx=0 comp rx=0 tx=0).stop
2024-02-22T00:35:58.706 INFO:teuthology.orchestra.run.smithi007.stdout:/usr/bin/ceph: stderr
2024-02-22T00:35:58.332+0000 7f498d4b9700 1 --2- 172.21.15.7:0/2028930349 >> [v2:172.21.15.7:3300/0,v1:172.21.15.7:6789/0] conn(0x7f4988105150 0x7f49881901b0 unknown :-1 s=CLOSED pgs=73 cs=0 l=1 rev1=1 crypto rx=0 tx=0 comp rx=0 tx=0).stop
2024-02-22T00:35:58.706 INFO:teuthology.orchestra.run.smithi007.stdout:/usr/bin/ceph: stderr
2024-02-22T00:35:58.332+0000 7f498d4b9700 1 -- 172.21.15.7:0/2028930349 >> 172.21.15.7:0/2028930349 conn(0x7f4988100710 msgr2=0x7f4988101600 unknown :-1 s=STATE_NONE l=0).mark_down
2024-02-22T00:35:58.706 INFO:teuthology.orchestra.run.smithi007.stdout:/usr/bin/ceph: stderr
2024-02-22T00:35:58.332+0000 7f498d4b9700 1 -- 172.21.15.7:0/2028930349 shutdown_connections
2024-02-22T00:35:58.706 INFO:teuthology.orchestra.run.smithi007.stdout:/usr/bin/ceph: stderr
2024-02-22T00:35:58.332+0000 7f498d4b9700 1 -- 172.21.15.7:0/2028930349 wait complete.
2024-02-22T00:35:58.706 INFO:teuthology.orchestra.run.smithi007.stdout:Fetching dashboard port number...
2024-02-22T00:35:59.570 INFO:journalctl@ceph.mon.a.smithi007.stdout:Feb 22 00:35:59 smithi007 ceph-mon[43428]: from='client.14166 -' entity='client.admin' cmd=[{"prefix": "dashboard ac-user-create", "username": "admin", "rolename": "administrator", "force_password": true, "pwd_update_required": true, "target": ["mon-mgr", ""]}]: dispatch
2024-02-22T00:35:59.570 INFO:journalctl@ceph.mon.a.smithi007.stdout:Feb 22 00:35:59 smithi007 ceph-mon[43428]: from='mgr.14152 172.21.15.7:0/435561705' entity='mgr.x'
2024-02-22T00:35:59.810 INFO:teuthology.orchestra.run.smithi007.stdout:/usr/bin/ceph: stdout 8443
2024-02-22T00:35:59.810 INFO:teuthology.orchestra.run.smithi007.stdout:/usr/bin/ceph: stderr
2024-02-22T00:35:59.146+0000 7fdc4bb8c700 1 Processor -- start
2024-02-22T00:35:59.810 INFO:teuthology.orchestra.run.smithi007.stdout:/usr/bin/ceph: stderr
2024-02-22T00:35:59.146+0000 7fdc4bb8c700 1 -- start start
2024-02-22T00:35:59.810 INFO:teuthology.orchestra.run.smithi007.stdout:/usr/bin/ceph: stderr
2024-02-22T00:35:59.146+0000 7fdc4bb8c700 1 --2- >> [v2:172.21.15.7:3300/0,v1:172.21.15.7:6789/0] conn(0x7fdc44106240 0x7fdc44106660 unknown :-1 s=NONE pgs=0 cs=0 l=0 rev1=0 crypto rx=0 tx=0 comp rx=0 tx=0).connect
2024-02-22T00:35:59.810 INFO:teuthology.orchestra.run.smithi007.stdout:/usr/bin/ceph: stderr
2024-02-22T00:35:59.146+0000 7fdc4bb8c700 1 -- --> [v2:172.21.15.7:3300/0,v1:172.21.15.7:6789/0] -- mon_getmap magic: 0 v1 -- 0x7fdc44106c30 con 0x7fdc44106240
2024-02-22T00:35:59.810 INFO:teuthology.orchestra.run.smithi007.stdout:/usr/bin/ceph: stderr
2024-02-22T00:35:59.147+0000 7fdc49928700 1 --2- >> [v2:172.21.15.7:3300/0,v1:172.21.15.7:6789/0] conn(0x7fdc44106240 0x7fdc44106660 unknown :-1 s=BANNER_CONNECTING pgs=0 cs=0 l=0 rev1=0 crypto rx=0 tx=0 comp rx=0 tx=0)._handle_peer_banner_payload supported=3 required=0
2024-02-22T00:35:59.811 INFO:teuthology.orchestra.run.smithi007.stdout:/usr/bin/ceph: stderr
2024-02-22T00:35:59.147+0000 7fdc49928700 1 --2- >> [v2:172.21.15.7:3300/0,v1:172.21.15.7:6789/0] conn(0x7fdc44106240 0x7fdc44106660 unknown :-1 s=HELLO_CONNECTING pgs=0 cs=0 l=0 rev1=1 crypto rx=0 tx=0 comp rx=0 tx=0).handle_hello peer v2:172.21.15.7:3300/0 says I am v2:172.21.15.7:40394/0 (socket says 172.21.15.7:40394)
2024-02-22T00:35:59.811 INFO:teuthology.orchestra.run.smithi007.stdout:/usr/bin/ceph: stderr
2024-02-22T00:35:59.147+0000 7fdc49928700 1 -- 172.21.15.7:0/1248095484 learned_addr learned my addr 172.21.15.7:0/1248095484 (peer_addr_for_me v2:172.21.15.7:0/0)
2024-02-22T00:35:59.811 INFO:teuthology.orchestra.run.smithi007.stdout:/usr/bin/ceph: stderr
2024-02-22T00:35:59.147+0000 7fdc49928700 1 -- 172.21.15.7:0/1248095484 --> [v2:172.21.15.7:3300/0,v1:172.21.15.7:6789/0] -- mon_subscribe({config=0+,monmap=0+}) v3 -- 0x7fdc44107440 con 0x7fdc44106240
2024-02-22T00:35:59.811 INFO:teuthology.orchestra.run.smithi007.stdout:/usr/bin/ceph: stderr
2024-02-22T00:35:59.147+0000 7fdc49928700 1 --2- 172.21.15.7:0/1248095484 >> [v2:172.21.15.7:3300/0,v1:172.21.15.7:6789/0] conn(0x7fdc44106240 0x7fdc44106660 secure :-1 s=READY pgs=74 cs=0 l=1 rev1=1 crypto rx=0x7fdc400098a0 tx=0x7fdc40009bb0 comp rx=0 tx=0).ready entity=mon.0 client_cookie=99222a3d3f8016e6 server_cookie=0 in_seq=0 out_seq=0
2024-02-22T00:35:59.811 INFO:teuthology.orchestra.run.smithi007.stdout:/usr/bin/ceph: stderr
