2024-02-22T01:29:04.017+0000 7f7875400700 1 --2- 172.21.15.97:0/2449435802 >> [v2:172.21.15.97:3300/0,v1:172.21.15.97:6789/0] conn(0x7f787007ad50 0x7f78700791b0 secure :-1 s=READY pgs=45 cs=0 l=1 rev1=1 crypto rx=0x7f78640098a0 tx=0x7f7864009bb0 comp rx=0 tx=0).ready entity=mon.0 client_cookie=f87c754804018fd5 server_cookie=0 in_seq=0 out_seq=0
2024-02-22T01:29:07.483 INFO:teuthology.orchestra.run.smithi097.stdout:/usr/bin/ceph: stderr
2024-02-22T01:29:04.017+0000 7f786fe00700 1 -- 172.21.15.97:0/2449435802 <== mon.0 v2:172.21.15.97:3300/0 1 ==== mon_map magic: 0 v1 ==== 205+0+0 (secure 0 0 0) 0x7f7864004160 con 0x7f787007ad50
2024-02-22T01:29:07.483 INFO:teuthology.orchestra.run.smithi097.stdout:/usr/bin/ceph: stderr
2024-02-22T01:29:04.017+0000 7f786fe00700 1 -- 172.21.15.97:0/2449435802 <== mon.0 v2:172.21.15.97:3300/0 2 ==== config(26 keys) v1 ==== 1074+0+0 (secure 0 0 0) 0x7f78640042c0 con 0x7f787007ad50
2024-02-22T01:29:07.483 INFO:teuthology.orchestra.run.smithi097.stdout:/usr/bin/ceph: stderr
2024-02-22T01:29:04.017+0000 7f786fe00700 1 -- 172.21.15.97:0/2449435802 <== mon.0 v2:172.21.15.97:3300/0 3 ==== mon_map magic: 0 v1 ==== 205+0+0 (secure 0 0 0) 0x7f7864011a00 con 0x7f787007ad50
2024-02-22T01:29:07.483 INFO:teuthology.orchestra.run.smithi097.stdout:/usr/bin/ceph: stderr
2024-02-22T01:29:04.018+0000 7f7877e00700 1 -- 172.21.15.97:0/2449435802 >> [v2:172.21.15.97:3300/0,v1:172.21.15.97:6789/0] conn(0x7f787007ad50 msgr2=0x7f78700791b0 secure :-1 s=STATE_CONNECTION_ESTABLISHED l=1).mark_down
2024-02-22T01:29:07.483 INFO:teuthology.orchestra.run.smithi097.stdout:/usr/bin/ceph: stderr
2024-02-22T01:29:04.018+0000 7f7877e00700 1 --2- 172.21.15.97:0/2449435802 >> [v2:172.21.15.97:3300/0,v1:172.21.15.97:6789/0] conn(0x7f787007ad50 0x7f78700791b0 secure :-1 s=READY pgs=45 cs=0 l=1 rev1=1 crypto rx=0x7f78640098a0 tx=0x7f7864009bb0 comp rx=0 tx=0).stop
2024-02-22T01:29:07.484 INFO:teuthology.orchestra.run.smithi097.stdout:/usr/bin/ceph: stderr
2024-02-22T01:29:04.018+0000 7f7877e00700 1 -- 172.21.15.97:0/2449435802 shutdown_connections
2024-02-22T01:29:07.484 INFO:teuthology.orchestra.run.smithi097.stdout:/usr/bin/ceph: stderr
2024-02-22T01:29:04.018+0000 7f7877e00700 1 --2- 172.21.15.97:0/2449435802 >> [v2:172.21.15.97:3300/0,v1:172.21.15.97:6789/0] conn(0x7f787007ad50 0x7f78700791b0 unknown :-1 s=CLOSED pgs=45 cs=0 l=1 rev1=1 crypto rx=0 tx=0 comp rx=0 tx=0).stop
2024-02-22T01:29:07.484 INFO:teuthology.orchestra.run.smithi097.stdout:/usr/bin/ceph: stderr
2024-02-22T01:29:04.018+0000 7f7877e00700 1 -- 172.21.15.97:0/2449435802 >> 172.21.15.97:0/2449435802 conn(0x7f7870101be0 msgr2=0x7f7870104000 unknown :-1 s=STATE_NONE l=0).mark_down
2024-02-22T01:29:07.484 INFO:teuthology.orchestra.run.smithi097.stdout:/usr/bin/ceph: stderr
2024-02-22T01:29:04.018+0000 7f7877e00700 1 -- 172.21.15.97:0/2449435802 shutdown_connections
2024-02-22T01:29:07.484 INFO:teuthology.orchestra.run.smithi097.stdout:/usr/bin/ceph: stderr
2024-02-22T01:29:04.018+0000 7f7877e00700 1 -- 172.21.15.97:0/2449435802 wait complete.
2024-02-22T01:29:07.484 INFO:teuthology.orchestra.run.smithi097.stdout:/usr/bin/ceph: stderr
2024-02-22T01:29:04.019+0000 7f7877e00700 1 Processor -- start
2024-02-22T01:29:07.484 INFO:teuthology.orchestra.run.smithi097.stdout:/usr/bin/ceph: stderr
2024-02-22T01:29:04.019+0000 7f7877e00700 1 -- start start
2024-02-22T01:29:07.484 INFO:teuthology.orchestra.run.smithi097.stdout:/usr/bin/ceph: stderr
2024-02-22T01:29:04.020+0000 7f7877e00700 1 --2- >> [v2:172.21.15.97:3300/0,v1:172.21.15.97:6789/0] conn(0x7f787007ad50 0x7f787019c500 unknown :-1 s=NONE pgs=0 cs=0 l=1 rev1=0 crypto rx=0 tx=0 comp rx=0 tx=0).connect
2024-02-22T01:29:07.484 INFO:teuthology.orchestra.run.smithi097.stdout:/usr/bin/ceph: stderr
2024-02-22T01:29:04.020+0000 7f7877e00700 1 -- --> [v2:172.21.15.97:3300/0,v1:172.21.15.97:6789/0] -- mon_getmap magic: 0 v1 -- 0x7f787019ca40 con 0x7f787007ad50
2024-02-22T01:29:07.484 INFO:teuthology.orchestra.run.smithi097.stdout:/usr/bin/ceph: stderr
2024-02-22T01:29:04.020+0000 7f7875400700 1 --2- >> [v2:172.21.15.97:3300/0,v1:172.21.15.97:6789/0] conn(0x7f787007ad50 0x7f787019c500 unknown :-1 s=BANNER_CONNECTING pgs=0 cs=0 l=1 rev1=0 crypto rx=0 tx=0 comp rx=0 tx=0)._handle_peer_banner_payload supported=3 required=0
2024-02-22T01:29:07.484 INFO:teuthology.orchestra.run.smithi097.stdout:/usr/bin/ceph: stderr
2024-02-22T01:29:04.020+0000 7f7875400700 1 --2- >> [v2:172.21.15.97:3300/0,v1:172.21.15.97:6789/0] conn(0x7f787007ad50 0x7f787019c500 unknown :-1 s=HELLO_CONNECTING pgs=0 cs=0 l=1 rev1=1 crypto rx=0 tx=0 comp rx=0 tx=0).handle_hello peer v2:172.21.15.97:3300/0 says I am v2:172.21.15.97:34728/0 (socket says 172.21.15.97:34728)
2024-02-22T01:29:07.484 INFO:teuthology.orchestra.run.smithi097.stdout:/usr/bin/ceph: stderr
2024-02-22T01:29:04.020+0000 7f7875400700 1 -- 172.21.15.97:0/69105554 learned_addr learned my addr 172.21.15.97:0/69105554 (peer_addr_for_me v2:172.21.15.97:0/0)
2024-02-22T01:29:07.484 INFO:teuthology.orchestra.run.smithi097.stdout:/usr/bin/ceph: stderr
2024-02-22T01:29:04.020+0000 7f7875400700 1 -- 172.21.15.97:0/69105554 --> [v2:172.21.15.97:3300/0,v1:172.21.15.97:6789/0] -- mon_subscribe({config=0+,monmap=0+}) v3 -- 0x7f7864009550 con 0x7f787007ad50
2024-02-22T01:29:07.485 INFO:teuthology.orchestra.run.smithi097.stdout:/usr/bin/ceph: stderr
2024-02-22T01:29:04.020+0000 7f7875400700 1 --2- 172.21.15.97:0/69105554 >> [v2:172.21.15.97:3300/0,v1:172.21.15.97:6789/0] conn(0x7f787007ad50 0x7f787019c500 secure :-1 s=READY pgs=46 cs=0 l=1 rev1=1 crypto rx=0x7f7864009130 tx=0x7f7864011ad0 comp rx=0 tx=0).ready entity=mon.0 client_cookie=0 server_cookie=0 in_seq=0 out_seq=0
2024-02-22T01:29:07.485 INFO:teuthology.orchestra.run.smithi097.stdout:/usr/bin/ceph: stderr
2024-02-22T01:29:04.020+0000 7f786e000700 1 -- 172.21.15.97:0/69105554 <== mon.0 v2:172.21.15.97:3300/0 1 ==== mon_map magic: 0 v1 ==== 205+0+0 (secure 0 0 0) 0x7f7864003b70 con 0x7f787007ad50
2024-02-22T01:29:07.485 INFO:teuthology.orchestra.run.smithi097.stdout:/usr/bin/ceph: stderr
2024-02-22T01:29:04.021+0000 7f786e000700 1 -- 172.21.15.97:0/69105554 <== mon.0 v2:172.21.15.97:3300/0 2 ==== config(26 keys) v1 ==== 1074+0+0 (secure 0 0 0) 0x7f7864003cd0 con 0x7f787007ad50
2024-02-22T01:29:07.485 INFO:teuthology.orchestra.run.smithi097.stdout:/usr/bin/ceph: stderr
2024-02-22T01:29:04.021+0000 7f7877e00700 1 -- 172.21.15.97:0/69105554 --> [v2:172.21.15.97:3300/0,v1:172.21.15.97:6789/0] -- mon_subscribe({mgrmap=0+}) v3 -- 0x7f787019cc40 con 0x7f787007ad50
2024-02-22T01:29:07.485 INFO:teuthology.orchestra.run.smithi097.stdout:/usr/bin/ceph: stderr
2024-02-22T01:29:04.021+0000 7f786e000700 1 -- 172.21.15.97:0/69105554 <== mon.0 v2:172.21.15.97:3300/0 3 ==== mon_map magic: 0 v1 ==== 205+0+0 (secure 0 0 0) 0x7f78640197d0 con 0x7f787007ad50
2024-02-22T01:29:07.485 INFO:teuthology.orchestra.run.smithi097.stdout:/usr/bin/ceph: stderr
2024-02-22T01:29:04.021+0000 7f7877e00700 1 -- 172.21.15.97:0/69105554 --> [v2:172.21.15.97:3300/0,v1:172.21.15.97:6789/0] -- mon_subscribe({osdmap=0}) v3 -- 0x7f787019d0e0 con 0x7f787007ad50
2024-02-22T01:29:07.485 INFO:teuthology.orchestra.run.smithi097.stdout:/usr/bin/ceph: stderr
2024-02-22T01:29:04.022+0000 7f786e000700 1 -- 172.21.15.97:0/69105554 <== mon.0 v2:172.21.15.97:3300/0 4 ==== mgrmap(e 8) v1 ==== 45537+0+0 (secure 0 0 0) 0x7f786401abb0 con 0x7f787007ad50
2024-02-22T01:29:07.485 INFO:teuthology.orchestra.run.smithi097.stdout:/usr/bin/ceph: stderr
2024-02-22T01:29:04.022+0000 7f7877e00700 1 -- 172.21.15.97:0/69105554 --> [v2:172.21.15.97:3300/0,v1:172.21.15.97:6789/0] -- mon_command({"prefix": "get_command_descriptions"} v 0) v1 -- 0x7f787010c9d0 con 0x7f787007ad50
2024-02-22T01:29:07.485 INFO:teuthology.orchestra.run.smithi097.stdout:/usr/bin/ceph: stderr
2024-02-22T01:29:04.022+0000 7f786e000700 1 --2- 172.21.15.97:0/69105554 >> [v2:172.21.15.97:6800/1120959736,v1:172.21.15.97:6801/1120959736] conn(0x7f7858038750 0x7f785803ac10 unknown :-1 s=NONE pgs=0 cs=0 l=1 rev1=0 crypto rx=0 tx=0 comp rx=0 tx=0).connect
2024-02-22T01:29:07.485 INFO:teuthology.orchestra.run.smithi097.stdout:/usr/bin/ceph: stderr
2024-02-22T01:29:04.022+0000 7f786e000700 1 -- 172.21.15.97:0/69105554 <== mon.0 v2:172.21.15.97:3300/0 5 ==== osd_map(2..2 src has 1..2) v4 ==== 940+0+0 (secure 0 0 0) 0x7f786404c970 con 0x7f787007ad50
2024-02-22T01:29:07.485 INFO:teuthology.orchestra.run.smithi097.stdout:/usr/bin/ceph: stderr
2024-02-22T01:29:04.023+0000 7f7874a00700 1 --2- 172.21.15.97:0/69105554 >> [v2:172.21.15.97:6800/1120959736,v1:172.21.15.97:6801/1120959736] conn(0x7f7858038750 0x7f785803ac10 unknown :-1 s=BANNER_CONNECTING pgs=0 cs=0 l=1 rev1=0 crypto rx=0 tx=0 comp rx=0 tx=0)._handle_peer_banner_payload supported=3 required=0
2024-02-22T01:29:07.485 INFO:teuthology.orchestra.run.smithi097.stdout:/usr/bin/ceph: stderr
2024-02-22T01:29:04.024+0000 7f7874a00700 1 --2- 172.21.15.97:0/69105554 >> [v2:172.21.15.97:6800/1120959736,v1:172.21.15.97:6801/1120959736] conn(0x7f7858038750 0x7f785803ac10 secure :-1 s=READY pgs=11 cs=0 l=1 rev1=1 crypto rx=0x7f785c006fd0 tx=0x7f785c006e40 comp rx=0 tx=0).ready entity=mgr.14120 client_cookie=0 server_cookie=0 in_seq=0 out_seq=0
2024-02-22T01:29:07.485 INFO:teuthology.orchestra.run.smithi097.stdout:/usr/bin/ceph: stderr
2024-02-22T01:29:04.028+0000 7f786e000700 1 -- 172.21.15.97:0/69105554 <== mon.0 v2:172.21.15.97:3300/0 6 ==== mon_command_ack([{"prefix": "get_command_descriptions"}]=0 v0) v1 ==== 72+0+182595 (secure 0 0 0) 0x7f786401a430 con 0x7f787007ad50
2024-02-22T01:29:07.486 INFO:teuthology.orchestra.run.smithi097.stdout:/usr/bin/ceph: stderr
2024-02-22T01:29:04.231+0000 7f7877e00700 1 -- 172.21.15.97:0/69105554 --> [v2:172.21.15.97:6800/1120959736,v1:172.21.15.97:6801/1120959736] -- mgr_command(tid 0: {"prefix": "orch host add", "hostname": "smithi097", "addr": "172.21.15.97", "target": ["mon-mgr", ""]}) v1 -- 0x7f7870102ed0 con 0x7f7858038750
2024-02-22T01:29:07.486 INFO:teuthology.orchestra.run.smithi097.stdout:/usr/bin/ceph: stderr
2024-02-22T01:29:07.146+0000 7f786e000700 1 -- 172.21.15.97:0/69105554 <== mgr.14120 v2:172.21.15.97:6800/1120959736 1 ==== mgr_command_reply(tid 0: 0 ) v1 ==== 8+0+48 (secure 0 0 0) 0x7f7870102ed0 con 0x7f7858038750
2024-02-22T01:29:07.486 INFO:teuthology.orchestra.run.smithi097.stdout:/usr/bin/ceph: stderr
2024-02-22T01:29:07.148+0000 7f7877e00700 1 -- 172.21.15.97:0/69105554 >> [v2:172.21.15.97:6800/1120959736,v1:172.21.15.97:6801/1120959736] conn(0x7f7858038750 msgr2=0x7f785803ac10 secure :-1 s=STATE_CONNECTION_ESTABLISHED l=1).mark_down
2024-02-22T01:29:07.486 INFO:teuthology.orchestra.run.smithi097.stdout:/usr/bin/ceph: stderr
2024-02-22T01:29:07.148+0000 7f7877e00700 1 --2- 172.21.15.97:0/69105554 >> [v2:172.21.15.97:6800/1120959736,v1:172.21.15.97:6801/1120959736] conn(0x7f7858038750 0x7f785803ac10 secure :-1 s=READY pgs=11 cs=0 l=1 rev1=1 crypto rx=0x7f785c006fd0 tx=0x7f785c006e40 comp rx=0 tx=0).stop
2024-02-22T01:29:07.486 INFO:teuthology.orchestra.run.smithi097.stdout:/usr/bin/ceph: stderr
2024-02-22T01:29:07.148+0000 7f7877e00700 1 -- 172.21.15.97:0/69105554 >> [v2:172.21.15.97:3300/0,v1:172.21.15.97:6789/0] conn(0x7f787007ad50 msgr2=0x7f787019c500 secure :-1 s=STATE_CONNECTION_ESTABLISHED l=1).mark_down
2024-02-22T01:29:07.486 INFO:teuthology.orchestra.run.smithi097.stdout:/usr/bin/ceph: stderr
2024-02-22T01:29:07.148+0000 7f7877e00700 1 --2- 172.21.15.97:0/69105554 >> [v2:172.21.15.97:3300/0,v1:172.21.15.97:6789/0] conn(0x7f787007ad50 0x7f787019c500 secure :-1 s=READY pgs=46 cs=0 l=1 rev1=1 crypto rx=0x7f7864009130 tx=0x7f7864011ad0 comp rx=0 tx=0).stop
2024-02-22T01:29:07.486 INFO:teuthology.orchestra.run.smithi097.stdout:/usr/bin/ceph: stderr
2024-02-22T01:29:07.149+0000 7f7877e00700 1 -- 172.21.15.97:0/69105554 shutdown_connections
2024-02-22T01:29:07.486 INFO:teuthology.orchestra.run.smithi097.stdout:/usr/bin/ceph: stderr
2024-02-22T01:29:07.149+0000 7f7877e00700 1 --2- 172.21.15.97:0/69105554 >> [v2:172.21.15.97:6800/1120959736,v1:172.21.15.97:6801/1120959736] conn(0x7f7858038750 0x7f785803ac10 unknown :-1 s=CLOSED pgs=11 cs=0 l=1 rev1=1 crypto rx=0 tx=0 comp rx=0 tx=0).stop
2024-02-22T01:29:07.486 INFO:teuthology.orchestra.run.smithi097.stdout:/usr/bin/ceph: stderr
2024-02-22T01:29:07.149+0000 7f7877e00700 1 --2- 172.21.15.97:0/69105554 >> [v2:172.21.15.97:3300/0,v1:172.21.15.97:6789/0] conn(0x7f787007ad50 0x7f787019c500 unknown :-1 s=CLOSED pgs=46 cs=0 l=1 rev1=1 crypto rx=0 tx=0 comp rx=0 tx=0).stop
2024-02-22T01:29:07.486 INFO:teuthology.orchestra.run.smithi097.stdout:/usr/bin/ceph: stderr
2024-02-22T01:29:07.149+0000 7f7877e00700 1 -- 172.21.15.97:0/69105554 >> 172.21.15.97:0/69105554 conn(0x7f7870101be0 msgr2=0x7f78701027c0 unknown :-1 s=STATE_NONE l=0).mark_down
2024-02-22T01:29:07.486 INFO:teuthology.orchestra.run.smithi097.stdout:/usr/bin/ceph: stderr
2024-02-22T01:29:07.149+0000 7f7877e00700 1 -- 172.21.15.97:0/69105554 shutdown_connections
2024-02-22T01:29:07.486 INFO:teuthology.orchestra.run.smithi097.stdout:/usr/bin/ceph: stderr
2024-02-22T01:29:07.149+0000 7f7877e00700 1 -- 172.21.15.97:0/69105554 wait complete.
2024-02-22T01:29:07.486 INFO:teuthology.orchestra.run.smithi097.stdout:Deploying unmanaged mon service...
2024-02-22T01:29:08.167 INFO:journalctl@ceph.mon.a.smithi097.stdout:Feb 22 01:29:08 smithi097 ceph-mon[38094]: from='mgr.14120 172.21.15.97:0/4015446432' entity='mgr.x'
2024-02-22T01:29:08.167 INFO:journalctl@ceph.mon.a.smithi097.stdout:Feb 22 01:29:08 smithi097 ceph-mon[38094]: Added host smithi097
2024-02-22T01:29:08.167 INFO:journalctl@ceph.mon.a.smithi097.stdout:Feb 22 01:29:08 smithi097 ceph-mon[38094]: from='mgr.14120 172.21.15.97:0/4015446432' entity='mgr.x' cmd=[{"prefix": "config dump", "format": "json"}]: dispatch
2024-02-22T01:29:08.780 INFO:teuthology.orchestra.run.smithi097.stdout:/usr/bin/ceph: stdout Scheduled mon update...
2024-02-22T01:29:08.780 INFO:teuthology.orchestra.run.smithi097.stdout:/usr/bin/ceph: stderr
2024-02-22T01:29:08.115+0000 7f0f60400700 1 Processor -- start
2024-02-22T01:29:08.780 INFO:teuthology.orchestra.run.smithi097.stdout:/usr/bin/ceph: stderr
2024-02-22T01:29:08.116+0000 7f0f60400700 1 -- start start
2024-02-22T01:29:08.780 INFO:teuthology.orchestra.run.smithi097.stdout:/usr/bin/ceph: stderr
2024-02-22T01:29:08.116+0000 7f0f60400700 1 --2- >> [v2:172.21.15.97:3300/0,v1:172.21.15.97:6789/0] conn(0x7f0f581065e0 0x7f0f58106a00 unknown :-1 s=NONE pgs=0 cs=0 l=0 rev1=0 crypto rx=0 tx=0 comp rx=0 tx=0).connect
2024-02-22T01:29:08.780 INFO:teuthology.orchestra.run.smithi097.stdout:/usr/bin/ceph: stderr
2024-02-22T01:29:08.116+0000 7f0f60400700 1 -- --> [v2:172.21.15.97:3300/0,v1:172.21.15.97:6789/0] -- mon_getmap magic: 0 v1 -- 0x7f0f58106fd0 con 0x7f0f581065e0
2024-02-22T01:29:08.780 INFO:teuthology.orchestra.run.smithi097.stdout:/usr/bin/ceph: stderr
2024-02-22T01:29:08.116+0000 7f0f5da00700 1 --2- >> [v2:172.21.15.97:3300/0,v1:172.21.15.97:6789/0] conn(0x7f0f581065e0 0x7f0f58106a00 unknown :-1 s=BANNER_CONNECTING pgs=0 cs=0 l=0 rev1=0 crypto rx=0 tx=0 comp rx=0 tx=0)._handle_peer_banner_payload supported=3 required=0
2024-02-22T01:29:08.780 INFO:teuthology.orchestra.run.smithi097.stdout:/usr/bin/ceph: stderr
2024-02-22T01:29:08.116+0000 7f0f5da00700 1 --2- >> [v2:172.21.15.97:3300/0,v1:172.21.15.97:6789/0] conn(0x7f0f581065e0 0x7f0f58106a00 unknown :-1 s=HELLO_CONNECTING pgs=0 cs=0 l=0 rev1=1 crypto rx=0 tx=0 comp rx=0 tx=0).handle_hello peer v2:172.21.15.97:3300/0 says I am v2:172.21.15.97:34736/0 (socket says 172.21.15.97:34736)
2024-02-22T01:29:08.780 INFO:teuthology.orchestra.run.smithi097.stdout:/usr/bin/ceph: stderr
2024-02-22T01:29:08.116+0000 7f0f5da00700 1 -- 172.21.15.97:0/3346948609 learned_addr learned my addr 172.21.15.97:0/3346948609 (peer_addr_for_me v2:172.21.15.97:0/0)
2024-02-22T01:29:08.780 INFO:teuthology.orchestra.run.smithi097.stdout:/usr/bin/ceph: stderr
2024-02-22T01:29:08.117+0000 7f0f5da00700 1 -- 172.21.15.97:0/3346948609 --> [v2:172.21.15.97:3300/0,v1:172.21.15.97:6789/0] -- mon_subscribe({config=0+,monmap=0+}) v3 -- 0x7f0f581077e0 con 0x7f0f581065e0
2024-02-22T01:29:08.780 INFO:teuthology.orchestra.run.smithi097.stdout:/usr/bin/ceph: stderr
2024-02-22T01:29:08.117+0000 7f0f5da00700 1 --2- 172.21.15.97:0/3346948609 >> [v2:172.21.15.97:3300/0,v1:172.21.15.97:6789/0] conn(0x7f0f581065e0 0x7f0f58106a00 secure :-1 s=READY pgs=47 cs=0 l=1 rev1=1 crypto rx=0x7f0f4c0098a0 tx=0x7f0f4c009bb0 comp rx=0 tx=0).ready entity=mon.0 client_cookie=85e05612fee6ef5c server_cookie=0 in_seq=0 out_seq=0
2024-02-22T01:29:08.781 INFO:teuthology.orchestra.run.smithi097.stdout:/usr/bin/ceph: stderr
2024-02-22T01:29:08.117+0000 7f0f57e00700 1 -- 172.21.15.97:0/3346948609 <== mon.0 v2:172.21.15.97:3300/0 1 ==== mon_map magic: 0 v1 ==== 205+0+0 (secure 0 0 0) 0x7f0f4c004160 con 0x7f0f581065e0
2024-02-22T01:29:08.781 INFO:teuthology.orchestra.run.smithi097.stdout:/usr/bin/ceph: stderr
2024-02-22T01:29:08.117+0000 7f0f57e00700 1 -- 172.21.15.97:0/3346948609 <== mon.0 v2:172.21.15.97:3300/0 2 ==== config(26 keys) v1 ==== 1074+0+0 (secure 0 0 0) 0x7f0f4c0042c0 con 0x7f0f581065e0
2024-02-22T01:29:08.781 INFO:teuthology.orchestra.run.smithi097.stdout:/usr/bin/ceph: stderr
2024-02-22T01:29:08.117+0000 7f0f57e00700 1 -- 172.21.15.97:0/3346948609 <== mon.0 v2:172.21.15.97:3300/0 3 ==== mon_map magic: 0 v1 ==== 205+0+0 (secure 0 0 0) 0x7f0f4c011a00 con 0x7f0f581065e0
2024-02-22T01:29:08.781 INFO:teuthology.orchestra.run.smithi097.stdout:/usr/bin/ceph: stderr
2024-02-22T01:29:08.118+0000 7f0f60400700 1 -- 172.21.15.97:0/3346948609 >> [v2:172.21.15.97:3300/0,v1:172.21.15.97:6789/0] conn(0x7f0f581065e0 msgr2=0x7f0f58106a00 secure :-1 s=STATE_CONNECTION_ESTABLISHED l=1).mark_down
2024-02-22T01:29:08.781 INFO:teuthology.orchestra.run.smithi097.stdout:/usr/bin/ceph: stderr
2024-02-22T01:29:08.118+0000 7f0f60400700 1 --2- 172.21.15.97:0/3346948609 >> [v2:172.21.15.97:3300/0,v1:172.21.15.97:6789/0] conn(0x7f0f581065e0 0x7f0f58106a00 secure :-1 s=READY pgs=47 cs=0 l=1 rev1=1 crypto rx=0x7f0f4c0098a0 tx=0x7f0f4c009bb0 comp rx=0 tx=0).stop
2024-02-22T01:29:08.781 INFO:teuthology.orchestra.run.smithi097.stdout:/usr/bin/ceph: stderr
2024-02-22T01:29:08.118+0000 7f0f60400700 1 -- 172.21.15.97:0/3346948609 shutdown_connections
2024-02-22T01:29:08.781 INFO:teuthology.orchestra.run.smithi097.stdout:/usr/bin/ceph: stderr
2024-02-22T01:29:08.118+0000 7f0f60400700 1 --2- 172.21.15.97:0/3346948609 >> [v2:172.21.15.97:3300/0,v1:172.21.15.97:6789/0] conn(0x7f0f581065e0 0x7f0f58106a00 unknown :-1 s=CLOSED pgs=47 cs=0 l=1 rev1=1 crypto rx=0 tx=0 comp rx=0 tx=0).stop
2024-02-22T01:29:08.781 INFO:teuthology.orchestra.run.smithi097.stdout:/usr/bin/ceph: stderr
2024-02-22T01:29:08.118+0000 7f0f60400700 1 -- 172.21.15.97:0/3346948609 >> 172.21.15.97:0/3346948609 conn(0x7f0f58101be0 msgr2=0x7f0f58104000 unknown :-1 s=STATE_NONE l=0).mark_down
2024-02-22T01:29:08.781 INFO:teuthology.orchestra.run.smithi097.stdout:/usr/bin/ceph: stderr
2024-02-22T01:29:08.118+0000 7f0f60400700 1 -- 172.21.15.97:0/3346948609 shutdown_connections
2024-02-22T01:29:08.781 INFO:teuthology.orchestra.run.smithi097.stdout:/usr/bin/ceph: stderr
2024-02-22T01:29:08.118+0000 7f0f60400700 1 -- 172.21.15.97:0/3346948609 wait complete.
2024-02-22T01:29:08.781 INFO:teuthology.orchestra.run.smithi097.stdout:/usr/bin/ceph: stderr
2024-02-22T01:29:08.120+0000 7f0f60400700 1 Processor -- start
2024-02-22T01:29:08.781 INFO:teuthology.orchestra.run.smithi097.stdout:/usr/bin/ceph: stderr
2024-02-22T01:29:08.120+0000 7f0f60400700 1 -- start start
2024-02-22T01:29:08.782 INFO:teuthology.orchestra.run.smithi097.stdout:/usr/bin/ceph: stderr
2024-02-22T01:29:08.120+0000 7f0f60400700 1 --2- >> [v2:172.21.15.97:3300/0,v1:172.21.15.97:6789/0] conn(0x7f0f581065e0 0x7f0f5819c550 unknown :-1 s=NONE pgs=0 cs=0 l=1 rev1=0 crypto rx=0 tx=0 comp rx=0 tx=0).connect
2024-02-22T01:29:08.782 INFO:teuthology.orchestra.run.smithi097.stdout:/usr/bin/ceph: stderr
2024-02-22T01:29:08.120+0000 7f0f60400700 1 -- --> [v2:172.21.15.97:3300/0,v1:172.21.15.97:6789/0] -- mon_getmap magic: 0 v1 -- 0x7f0f5819ca90 con 0x7f0f581065e0
2024-02-22T01:29:08.782 INFO:teuthology.orchestra.run.smithi097.stdout:/usr/bin/ceph: stderr
2024-02-22T01:29:08.120+0000 7f0f5da00700 1 --2- >> [v2:172.21.15.97:3300/0,v1:172.21.15.97:6789/0] conn(0x7f0f581065e0 0x7f0f5819c550 unknown :-1 s=BANNER_CONNECTING pgs=0 cs=0 l=1 rev1=0 crypto rx=0 tx=0 comp rx=0 tx=0)._handle_peer_banner_payload supported=3 required=0
2024-02-22T01:29:08.782 INFO:teuthology.orchestra.run.smithi097.stdout:/usr/bin/ceph: stderr
2024-02-22T01:29:08.121+0000 7f0f5da00700 1 --2- >> [v2:172.21.15.97:3300/0,v1:172.21.15.97:6789/0] conn(0x7f0f581065e0 0x7f0f5819c550 unknown :-1 s=HELLO_CONNECTING pgs=0 cs=0 l=1 rev1=1 crypto rx=0 tx=0 comp rx=0 tx=0).handle_hello peer v2:172.21.15.97:3300/0 says I am v2:172.21.15.97:34746/0 (socket says 172.21.15.97:34746)
2024-02-22T01:29:08.782 INFO:teuthology.orchestra.run.smithi097.stdout:/usr/bin/ceph: stderr
2024-02-22T01:29:08.121+0000 7f0f5da00700 1 -- 172.21.15.97:0/3307192150 learned_addr learned my addr 172.21.15.97:0/3307192150 (peer_addr_for_me v2:172.21.15.97:0/0)
2024-02-22T01:29:08.782 INFO:teuthology.orchestra.run.smithi097.stdout:/usr/bin/ceph: stderr
2024-02-22T01:29:08.121+0000 7f0f5da00700 1 -- 172.21.15.97:0/3307192150 --> [v2:172.21.15.97:3300/0,v1:172.21.15.97:6789/0] -- mon_subscribe({config=0+,monmap=0+}) v3 -- 0x7f0f4c009550 con 0x7f0f581065e0
2024-02-22T01:29:08.782 INFO:teuthology.orchestra.run.smithi097.stdout:/usr/bin/ceph: stderr
2024-02-22T01:29:08.121+0000 7f0f5da00700 1 --2- 172.21.15.97:0/3307192150 >> [v2:172.21.15.97:3300/0,v1:172.21.15.97:6789/0] conn(0x7f0f581065e0 0x7f0f5819c550 secure :-1 s=READY pgs=48 cs=0 l=1 rev1=1 crypto rx=0x7f0f4c009130 tx=0x7f0f4c011ad0 comp rx=0 tx=0).ready entity=mon.0 client_cookie=0 server_cookie=0 in_seq=0 out_seq=0
2024-02-22T01:29:08.782 INFO:teuthology.orchestra.run.smithi097.stdout:/usr/bin/ceph: stderr
2024-02-22T01:29:08.121+0000 7f0f56000700 1 -- 172.21.15.97:0/3307192150 <== mon.0 v2:172.21.15.97:3300/0 1 ==== mon_map magic: 0 v1 ==== 205+0+0 (secure 0 0 0) 0x7f0f4c003ab0 con 0x7f0f581065e0
2024-02-22T01:29:08.782 INFO:teuthology.orchestra.run.smithi097.stdout:/usr/bin/ceph: stderr
2024-02-22T01:29:08.121+0000 7f0f56000700 1 -- 172.21.15.97:0/3307192150 <== mon.0 v2:172.21.15.97:3300/0 2 ==== config(26 keys) v1 ==== 1074+0+0 (secure 0 0 0) 0x7f0f4c003c10 con 0x7f0f581065e0
2024-02-22T01:29:08.782 INFO:teuthology.orchestra.run.smithi097.stdout:/usr/bin/ceph: stderr
2024-02-22T01:29:08.121+0000 7f0f60400700 1 -- 172.21.15.97:0/3307192150 --> [v2:172.21.15.97:3300/0,v1:172.21.15.97:6789/0] -- mon_subscribe({mgrmap=0+}) v3 -- 0x7f0f5819cc90 con 0x7f0f581065e0
2024-02-22T01:29:08.782 INFO:teuthology.orchestra.run.smithi097.stdout:/usr/bin/ceph: stderr
2024-02-22T01:29:08.121+0000 7f0f56000700 1 -- 172.21.15.97:0/3307192150 <== mon.0 v2:172.21.15.97:3300/0 3 ==== mon_map magic: 0 v1 ==== 205+0+0 (secure 0 0 0) 0x7f0f4c0247d0 con 0x7f0f581065e0
2024-02-22T01:29:08.782 INFO:teuthology.orchestra.run.smithi097.stdout:/usr/bin/ceph: stderr
2024-02-22T01:29:08.122+0000 7f0f60400700 1 -- 172.21.15.97:0/3307192150 --> [v2:172.21.15.97:3300/0,v1:172.21.15.97:6789/0] -- mon_subscribe({osdmap=0}) v3 -- 0x7f0f5819d130 con 0x7f0f581065e0
2024-02-22T01:29:08.782 INFO:teuthology.orchestra.run.smithi097.stdout:/usr/bin/ceph: stderr
2024-02-22T01:29:08.123+0000 7f0f56000700 1 -- 172.21.15.97:0/3307192150 <== mon.0 v2:172.21.15.97:3300/0 4 ==== mgrmap(e 8) v1 ==== 45537+0+0 (secure 0 0 0) 0x7f0f4c02d3f0 con 0x7f0f581065e0
2024-02-22T01:29:08.782 INFO:teuthology.orchestra.run.smithi097.stdout:/usr/bin/ceph: stderr
2024-02-22T01:29:08.123+0000 7f0f60400700 1 -- 172.21.15.97:0/3307192150 --> [v2:172.21.15.97:3300/0,v1:172.21.15.97:6789/0] -- mon_command({"prefix": "get_command_descriptions"} v 0) v1 -- 0x7f0f5810a9d0 con 0x7f0f581065e0
2024-02-22T01:29:08.783 INFO:teuthology.orchestra.run.smithi097.stdout:/usr/bin/ceph: stderr
2024-02-22T01:29:08.123+0000 7f0f56000700 1 --2- 172.21.15.97:0/3307192150 >> [v2:172.21.15.97:6800/1120959736,v1:172.21.15.97:6801/1120959736] conn(0x7f0f40038750 0x7f0f4003ac10 unknown :-1 s=NONE pgs=0 cs=0 l=1 rev1=0 crypto rx=0 tx=0 comp rx=0 tx=0).connect
2024-02-22T01:29:08.783 INFO:teuthology.orchestra.run.smithi097.stdout:/usr/bin/ceph: stderr
2024-02-22T01:29:08.123+0000 7f0f56000700 1 -- 172.21.15.97:0/3307192150 <== mon.0 v2:172.21.15.97:3300/0 5 ==== osd_map(2..2 src has 1..2) v4 ==== 940+0+0 (secure 0 0 0) 0x7f0f4c04ca30 con 0x7f0f581065e0
2024-02-22T01:29:08.783 INFO:teuthology.orchestra.run.smithi097.stdout:/usr/bin/ceph: stderr
2024-02-22T01:29:08.124+0000 7f0f5d000700 1 --2- 172.21.15.97:0/3307192150 >> [v2:172.21.15.97:6800/1120959736,v1:172.21.15.97:6801/1120959736] conn(0x7f0f40038750 0x7f0f4003ac10 unknown :-1 s=BANNER_CONNECTING pgs=0 cs=0 l=1 rev1=0 crypto rx=0 tx=0 comp rx=0 tx=0)._handle_peer_banner_payload supported=3 required=0
2024-02-22T01:29:08.783 INFO:teuthology.orchestra.run.smithi097.stdout:/usr/bin/ceph: stderr
2024-02-22T01:29:08.124+0000 7f0f5d000700 1 --2- 172.21.15.97:0/3307192150 >> [v2:172.21.15.97:6800/1120959736,v1:172.21.15.97:6801/1120959736] conn(0x7f0f40038750 0x7f0f4003ac10 secure :-1 s=READY pgs=12 cs=0 l=1 rev1=1 crypto rx=0x7f0f44006fd0 tx=0x7f0f44006e40 comp rx=0 tx=0).ready entity=mgr.14120 client_cookie=0 server_cookie=0 in_seq=0 out_seq=0
2024-02-22T01:29:08.783 INFO:teuthology.orchestra.run.smithi097.stdout:/usr/bin/ceph: stderr
2024-02-22T01:29:08.128+0000 7f0f56000700 1 -- 172.21.15.97:0/3307192150 <== mon.0 v2:172.21.15.97:3300/0 6 ==== mon_command_ack([{"prefix": "get_command_descriptions"}]=0 v0) v1 ==== 72+0+182595 (secure 0 0 0) 0x7f0f4c018b00 con 0x7f0f581065e0
2024-02-22T01:29:08.783 INFO:teuthology.orchestra.run.smithi097.stdout:/usr/bin/ceph: stderr
2024-02-22T01:29:08.355+0000 7f0f60400700 1 -- 172.21.15.97:0/3307192150 --> [v2:172.21.15.97:6800/1120959736,v1:172.21.15.97:6801/1120959736] -- mgr_command(tid 0: {"prefix": "orch apply", "service_type": "mon", "unmanaged": true, "target": ["mon-mgr", ""]}) v1 -- 0x7f0f58102e40 con 0x7f0f40038750
2024-02-22T01:29:08.783 INFO:teuthology.orchestra.run.smithi097.stdout:/usr/bin/ceph: stderr
2024-02-22T01:29:08.361+0000 7f0f56000700 1 -- 172.21.15.97:0/3307192150 <== mgr.14120 v2:172.21.15.97:6800/1120959736 1 ==== mgr_command_reply(tid 0: 0 ) v1 ==== 8+0+24 (secure 0 0 0) 0x7f0f58102e40 con 0x7f0f40038750
2024-02-22T01:29:08.783 INFO:teuthology.orchestra.run.smithi097.stdout:/usr/bin/ceph: stderr
2024-02-22T01:29:08.363+0000 7f0f60400700 1 -- 172.21.15.97:0/3307192150 >> [v2:172.21.15.97:6800/1120959736,v1:172.21.15.97:6801/1120959736] conn(0x7f0f40038750 msgr2=0x7f0f4003ac10 secure :-1 s=STATE_CONNECTION_ESTABLISHED l=1).mark_down
2024-02-22T01:29:08.783 INFO:teuthology.orchestra.run.smithi097.stdout:/usr/bin/ceph: stderr
2024-02-22T01:29:08.363+0000 7f0f60400700 1 --2- 172.21.15.97:0/3307192150 >> [v2:172.21.15.97:6800/1120959736,v1:172.21.15.97:6801/1120959736] conn(0x7f0f40038750 0x7f0f4003ac10 secure :-1 s=READY pgs=12 cs=0 l=1 rev1=1 crypto rx=0x7f0f44006fd0 tx=0x7f0f44006e40 comp rx=0 tx=0).stop
2024-02-22T01:29:08.783 INFO:teuthology.orchestra.run.smithi097.stdout:/usr/bin/ceph: stderr
2024-02-22T01:29:08.363+0000 7f0f60400700 1 -- 172.21.15.97:0/3307192150 >> [v2:172.21.15.97:3300/0,v1:172.21.15.97:6789/0] conn(0x7f0f581065e0 msgr2=0x7f0f5819c550 secure :-1 s=STATE_CONNECTION_ESTABLISHED l=1).mark_down
2024-02-22T01:29:08.783 INFO:teuthology.orchestra.run.smithi097.stdout:/usr/bin/ceph: stderr
2024-02-22T01:29:08.363+0000 7f0f60400700 1 --2- 172.21.15.97:0/3307192150 >> [v2:172.21.15.97:3300/0,v1:172.21.15.97:6789/0] conn(0x7f0f581065e0 0x7f0f5819c550 secure :-1 s=READY pgs=48 cs=0 l=1 rev1=1 crypto rx=0x7f0f4c009130 tx=0x7f0f4c011ad0 comp rx=0 tx=0).stop
2024-02-22T01:29:08.783 INFO:teuthology.orchestra.run.smithi097.stdout:/usr/bin/ceph: stderr
2024-02-22T01:29:08.363+0000 7f0f60400700 1 -- 172.21.15.97:0/3307192150 shutdown_connections
2024-02-22T01:29:08.783 INFO:teuthology.orchestra.run.smithi097.stdout:/usr/bin/ceph: stderr
2024-02-22T01:29:08.363+0000 7f0f60400700 1 --2- 172.21.15.97:0/3307192150 >> [v2:172.21.15.97:6800/1120959736,v1:172.21.15.97:6801/1120959736] conn(0x7f0f40038750 0x7f0f4003ac10 unknown :-1 s=CLOSED pgs=12 cs=0 l=1 rev1=1 crypto rx=0 tx=0 comp rx=0 tx=0).stop
2024-02-22T01:29:08.784 INFO:teuthology.orchestra.run.smithi097.stdout:/usr/bin/ceph: stderr
2024-02-22T01:29:08.363+0000 7f0f60400700 1 --2- 172.21.15.97:0/3307192150 >> [v2:172.21.15.97:3300/0,v1:172.21.15.97:6789/0] conn(0x7f0f581065e0 0x7f0f5819c550 unknown :-1 s=CLOSED pgs=48 cs=0 l=1 rev1=1 crypto rx=0 tx=0 comp rx=0 tx=0).stop
2024-02-22T01:29:08.784 INFO:teuthology.orchestra.run.smithi097.stdout:/usr/bin/ceph: stderr
2024-02-22T01:29:08.363+0000 7f0f60400700 1 -- 172.21.15.97:0/3307192150 >> 172.21.15.97:0/3307192150 conn(0x7f0f58101be0 msgr2=0x7f0f58102730 unknown :-1 s=STATE_NONE l=0).mark_down
2024-02-22T01:29:08.784 INFO:teuthology.orchestra.run.smithi097.stdout:/usr/bin/ceph: stderr
2024-02-22T01:29:08.363+0000 7f0f60400700 1 -- 172.21.15.97:0/3307192150 shutdown_connections
2024-02-22T01:29:08.784 INFO:teuthology.orchestra.run.smithi097.stdout:/usr/bin/ceph: stderr
2024-02-22T01:29:08.363+0000 7f0f60400700 1 -- 172.21.15.97:0/3307192150 wait complete.
2024-02-22T01:29:08.784 INFO:teuthology.orchestra.run.smithi097.stdout:Deploying unmanaged mgr service...
2024-02-22T01:29:09.633 INFO:journalctl@ceph.mon.a.smithi097.stdout:Feb 22 01:29:09 smithi097 ceph-mon[38094]: from='client.14142 -' entity='client.admin' cmd=[{"prefix": "orch apply", "service_type": "mon", "unmanaged": true, "target": ["mon-mgr", ""]}]: dispatch
2024-02-22T01:29:09.633 INFO:journalctl@ceph.mon.a.smithi097.stdout:Feb 22 01:29:09 smithi097 ceph-mon[38094]: Saving service mon spec with placement count:5
2024-02-22T01:29:09.633 INFO:journalctl@ceph.mon.a.smithi097.stdout:Feb 22 01:29:09 smithi097 ceph-mon[38094]: from='mgr.14120 172.21.15.97:0/4015446432' entity='mgr.x'
2024-02-22T01:29:09.633 INFO:journalctl@ceph.mon.a.smithi097.stdout:Feb 22 01:29:09 smithi097 ceph-mon[38094]: from='mgr.14120 172.21.15.97:0/4015446432' entity='mgr.x'
2024-02-22T01:29:09.633 INFO:journalctl@ceph.mon.a.smithi097.stdout:Feb 22 01:29:09 smithi097 ceph-mon[38094]: from='mgr.14120 172.21.15.97:0/4015446432' entity='mgr.x'
2024-02-22T01:29:09.785 INFO:teuthology.orchestra.run.smithi097.stdout:/usr/bin/ceph: stdout Scheduled mgr update...
2024-02-22T01:29:09.785 INFO:teuthology.orchestra.run.smithi097.stdout:/usr/bin/ceph: stderr
2024-02-22T01:29:09.216+0000 7f9c82a00700 1 Processor -- start
2024-02-22T01:29:09.785 INFO:teuthology.orchestra.run.smithi097.stdout:/usr/bin/ceph: stderr
2024-02-22T01:29:09.216+0000 7f9c82a00700 1 -- start start
2024-02-22T01:29:09.785 INFO:teuthology.orchestra.run.smithi097.stdout:/usr/bin/ceph: stderr
2024-02-22T01:29:09.217+0000 7f9c82a00700 1 --2- >> [v2:172.21.15.97:3300/0,v1:172.21.15.97:6789/0] conn(0x7f9c7c1065e0 0x7f9c7c106a00 unknown :-1 s=NONE pgs=0 cs=0 l=0 rev1=0 crypto rx=0 tx=0 comp rx=0 tx=0).connect
2024-02-22T01:29:09.785 INFO:teuthology.orchestra.run.smithi097.stdout:/usr/bin/ceph: stderr
2024-02-22T01:29:09.217+0000 7f9c82a00700 1 -- --> [v2:172.21.15.97:3300/0,v1:172.21.15.97:6789/0] -- mon_getmap magic: 0 v1 -- 0x7f9c7c106fd0 con 0x7f9c7c1065e0
2024-02-22T01:29:09.785 INFO:teuthology.orchestra.run.smithi097.stdout:/usr/bin/ceph: stderr
2024-02-22T01:29:09.217+0000 7f9c7be00700 1 --2- >> [v2:172.21.15.97:3300/0,v1:172.21.15.97:6789/0] conn(0x7f9c7c1065e0 0x7f9c7c106a00 unknown :-1 s=BANNER_CONNECTING pgs=0 cs=0 l=0 rev1=0 crypto rx=0 tx=0 comp rx=0 tx=0)._handle_peer_banner_payload supported=3 required=0
2024-02-22T01:29:09.785 INFO:teuthology.orchestra.run.smithi097.stdout:/usr/bin/ceph: stderr
2024-02-22T01:29:09.217+0000 7f9c7be00700 1 --2- >> [v2:172.21.15.97:3300/0,v1:172.21.15.97:6789/0] conn(0x7f9c7c1065e0 0x7f9c7c106a00 unknown :-1 s=HELLO_CONNECTING pgs=0 cs=0 l=0 rev1=1 crypto rx=0 tx=0 comp rx=0 tx=0).handle_hello peer v2:172.21.15.97:3300/0 says I am v2:172.21.15.97:34754/0 (socket says 172.21.15.97:34754)
2024-02-22T01:29:09.786 INFO:teuthology.orchestra.run.smithi097.stdout:/usr/bin/ceph: stderr
2024-02-22T01:29:09.217+0000 7f9c7be00700 1 -- 172.21.15.97:0/1568888178 learned_addr learned my addr 172.21.15.97:0/1568888178 (peer_addr_for_me v2:172.21.15.97:0/0)
2024-02-22T01:29:09.786 INFO:teuthology.orchestra.run.smithi097.stdout:/usr/bin/ceph: stderr
2024-02-22T01:29:09.217+0000 7f9c7be00700 1 -- 172.21.15.97:0/1568888178 --> [v2:172.21.15.97:3300/0,v1:172.21.15.97:6789/0] -- mon_subscribe({config=0+,monmap=0+}) v3 -- 0x7f9c7c1077e0 con 0x7f9c7c1065e0
2024-02-22T01:29:09.786 INFO:teuthology.orchestra.run.smithi097.stdout:/usr/bin/ceph: stderr
2024-02-22T01:29:09.218+0000 7f9c7be00700 1 --2- 172.21.15.97:0/1568888178 >> [v2:172.21.15.97:3300/0,v1:172.21.15.97:6789/0] conn(0x7f9c7c1065e0 0x7f9c7c106a00 secure :-1 s=READY pgs=49 cs=0 l=1 rev1=1 crypto rx=0x7f9c6c0098a0 tx=0x7f9c6c009bb0 comp rx=0 tx=0).ready entity=mon.0 client_cookie=46b7c87c7cb8f8a0 server_cookie=0 in_seq=0 out_seq=0
2024-02-22T01:29:09.786 INFO:teuthology.orchestra.run.smithi097.stdout:/usr/bin/ceph: stderr
2024-02-22T01:29:09.218+0000 7f9c7aa00700 1 -- 172.21.15.97:0/1568888178 <== mon.0 v2:172.21.15.97:3300/0 1 ==== mon_map magic: 0 v1 ==== 205+0+0 (secure 0 0 0) 0x7f9c6c004160 con 0x7f9c7c1065e0
2024-02-22T01:29:09.786 INFO:teuthology.orchestra.run.smithi097.stdout:/usr/bin/ceph: stderr
2024-02-22T01:29:09.218+0000 7f9c7aa00700 1 -- 172.21.15.97:0/1568888178 <== mon.0 v2:172.21.15.97:3300/0 2 ==== config(26 keys) v1 ==== 1105+0+0 (secure 0 0 0) 0x7f9c6c0042c0 con 0x7f9c7c1065e0
2024-02-22T01:29:09.786 INFO:teuthology.orchestra.run.smithi097.stdout:/usr/bin/ceph: stderr
2024-02-22T01:29:09.218+0000 7f9c7aa00700 1 -- 172.21.15.97:0/1568888178 <== mon.0 v2:172.21.15.97:3300/0 3 ==== mon_map magic: 0 v1 ==== 205+0+0 (secure 0 0 0) 0x7f9c6c0119b0 con 0x7f9c7c1065e0
2024-02-22T01:29:09.786 INFO:teuthology.orchestra.run.smithi097.stdout:/usr/bin/ceph: stderr
2024-02-22T01:29:09.218+0000 7f9c82a00700 1 -- 172.21.15.97:0/1568888178 >> [v2:172.21.15.97:3300/0,v1:172.21.15.97:6789/0] conn(0x7f9c7c1065e0 msgr2=0x7f9c7c106a00 secure :-1 s=STATE_CONNECTION_ESTABLISHED l=1).mark_down
2024-02-22T01:29:09.786 INFO:teuthology.orchestra.run.smithi097.stdout:/usr/bin/ceph: stderr
2024-02-22T01:29:09.218+0000 7f9c82a00700 1 --2- 172.21.15.97:0/1568888178 >> [v2:172.21.15.97:3300/0,v1:172.21.15.97:6789/0] conn(0x7f9c7c1065e0 0x7f9c7c106a00 secure :-1 s=READY pgs=49 cs=0 l=1 rev1=1 crypto rx=0x7f9c6c0098a0 tx=0x7f9c6c009bb0 comp rx=0 tx=0).stop
2024-02-22T01:29:09.786 INFO:teuthology.orchestra.run.smithi097.stdout:/usr/bin/ceph: stderr
2024-02-22T01:29:09.219+0000 7f9c82a00700 1 -- 172.21.15.97:0/1568888178 shutdown_connections
2024-02-22T01:29:09.786 INFO:teuthology.orchestra.run.smithi097.stdout:/usr/bin/ceph: stderr
2024-02-22T01:29:09.219+0000 7f9c82a00700 1 --2- 172.21.15.97:0/1568888178 >> [v2:172.21.15.97:3300/0,v1:172.21.15.97:6789/0] conn(0x7f9c7c1065e0 0x7f9c7c106a00 unknown :-1 s=CLOSED pgs=49 cs=0 l=1 rev1=1 crypto rx=0 tx=0 comp rx=0 tx=0).stop
2024-02-22T01:29:09.786 INFO:teuthology.orchestra.run.smithi097.stdout:/usr/bin/ceph: stderr
2024-02-22T01:29:09.219+0000 7f9c82a00700 1 -- 172.21.15.97:0/1568888178 >> 172.21.15.97:0/1568888178 conn(0x7f9c7c101be0 msgr2=0x7f9c7c104000 unknown :-1 s=STATE_NONE l=0).mark_down
2024-02-22T01:29:09.786 INFO:teuthology.orchestra.run.smithi097.stdout:/usr/bin/ceph: stderr
2024-02-22T01:29:09.219+0000 7f9c82a00700 1 -- 172.21.15.97:0/1568888178 shutdown_connections
2024-02-22T01:29:09.786 INFO:teuthology.orchestra.run.smithi097.stdout:/usr/bin/ceph: stderr
2024-02-22T01:29:09.219+0000 7f9c82a00700 1 -- 172.21.15.97:0/1568888178 wait complete.
2024-02-22T01:29:09.786 INFO:teuthology.orchestra.run.smithi097.stdout:/usr/bin/ceph: stderr
2024-02-22T01:29:09.220+0000 7f9c82a00700 1 Processor -- start
2024-02-22T01:29:09.787 INFO:teuthology.orchestra.run.smithi097.stdout:/usr/bin/ceph: stderr
2024-02-22T01:29:09.220+0000 7f9c82a00700 1 -- start start
2024-02-22T01:29:09.787 INFO:teuthology.orchestra.run.smithi097.stdout:/usr/bin/ceph: stderr
2024-02-22T01:29:09.220+0000 7f9c82a00700 1 --2- >> [v2:172.21.15.97:3300/0,v1:172.21.15.97:6789/0] conn(0x7f9c7c1065e0 0x7f9c7c19a350 unknown :-1 s=NONE pgs=0 cs=0 l=1 rev1=0 crypto rx=0 tx=0 comp rx=0 tx=0).connect
2024-02-22T01:29:09.787 INFO:teuthology.orchestra.run.smithi097.stdout:/usr/bin/ceph: stderr
2024-02-22T01:29:09.220+0000 7f9c82a00700 1 -- --> [v2:172.21.15.97:3300/0,v1:172.21.15.97:6789/0] -- mon_getmap magic: 0 v1 -- 0x7f9c7c19a890 con 0x7f9c7c1065e0
2024-02-22T01:29:09.787 INFO:teuthology.orchestra.run.smithi097.stdout:/usr/bin/ceph: stderr
2024-02-22T01:29:09.220+0000 7f9c7be00700 1 --2- >> [v2:172.21.15.97:3300/0,v1:172.21.15.97:6789/0] conn(0x7f9c7c1065e0 0x7f9c7c19a350 unknown :-1 s=BANNER_CONNECTING pgs=0 cs=0 l=1 rev1=0 crypto rx=0 tx=0 comp rx=0 tx=0)._handle_peer_banner_payload supported=3 required=0
2024-02-22T01:29:09.787 INFO:teuthology.orchestra.run.smithi097.stdout:/usr/bin/ceph: stderr
2024-02-22T01:29:09.220+0000 7f9c7be00700 1 --2- >> [v2:172.21.15.97:3300/0,v1:172.21.15.97:6789/0] conn(0x7f9c7c1065e0 0x7f9c7c19a350 unknown :-1 s=HELLO_CONNECTING pgs=0 cs=0 l=1 rev1=1 crypto rx=0 tx=0 comp rx=0 tx=0).handle_hello peer v2:172.21.15.97:3300/0 says I am v2:172.21.15.97:34766/0 (socket says 172.21.15.97:34766)
2024-02-22T01:29:09.787 INFO:teuthology.orchestra.run.smithi097.stdout:/usr/bin/ceph: stderr
2024-02-22T01:29:09.220+0000 7f9c7be00700 1 -- 172.21.15.97:0/4110305393 learned_addr learned my addr 172.21.15.97:0/4110305393 (peer_addr_for_me v2:172.21.15.97:0/0)
2024-02-22T01:29:09.787 INFO:teuthology.orchestra.run.smithi097.stdout:/usr/bin/ceph: stderr
2024-02-22T01:29:09.221+0000 7f9c7be00700 1 -- 172.21.15.97:0/4110305393 --> [v2:172.21.15.97:3300/0,v1:172.21.15.97:6789/0] -- mon_subscribe({config=0+,monmap=0+}) v3 -- 0x7f9c6c009550 con 0x7f9c7c1065e0
2024-02-22T01:29:09.787 INFO:teuthology.orchestra.run.smithi097.stdout:/usr/bin/ceph: stderr
2024-02-22T01:29:09.221+0000 7f9c7be00700 1 --2- 172.21.15.97:0/4110305393 >> [v2:172.21.15.97:3300/0,v1:172.21.15.97:6789/0] conn(0x7f9c7c1065e0 0x7f9c7c19a350 secure :-1 s=READY pgs=50 cs=0 l=1 rev1=1 crypto rx=0x7f9c6c003e60 tx=0x7f9c6c011a30 comp rx=0 tx=0).ready entity=mon.0 client_cookie=0 server_cookie=0 in_seq=0 out_seq=0
2024-02-22T01:29:09.787 INFO:teuthology.orchestra.run.smithi097.stdout:/usr/bin/ceph: stderr
2024-02-22T01:29:09.221+0000 7f9c78c00700 1 -- 172.21.15.97:0/4110305393 <== mon.0 v2:172.21.15.97:3300/0 1 ==== mon_map magic: 0 v1 ==== 205+0+0 (secure 0 0 0) 0x7f9c6c003a60 con 0x7f9c7c1065e0
2024-02-22T01:29:09.787 INFO:teuthology.orchestra.run.smithi097.stdout:/usr/bin/ceph: stderr
2024-02-22T01:29:09.221+0000 7f9c78c00700 1 -- 172.21.15.97:0/4110305393 <== mon.0 v2:172.21.15.97:3300/0 2 ==== config(26 keys) v1 ==== 1105+0+0 (secure 0 0 0) 0x7f9c6c003bc0 con 0x7f9c7c1065e0
2024-02-22T01:29:09.787 INFO:teuthology.orchestra.run.smithi097.stdout:/usr/bin/ceph: stderr
2024-02-22T01:29:09.221+0000 7f9c78c00700 1 -- 172.21.15.97:0/4110305393 <== mon.0 v2:172.21.15.97:3300/0 3 ==== mon_map magic: 0 v1 ==== 205+0+0 (secure 0 0 0) 0x7f9c6c0196c0 con 0x7f9c7c1065e0
2024-02-22T01:29:09.787 INFO:teuthology.orchestra.run.smithi097.stdout:/usr/bin/ceph: stderr
2024-02-22T01:29:09.221+0000 7f9c82a00700 1 -- 172.21.15.97:0/4110305393 --> [v2:172.21.15.97:3300/0,v1:172.21.15.97:6789/0] -- mon_subscribe({mgrmap=0+}) v3 -- 0x7f9c7c19aa90 con 0x7f9c7c1065e0
2024-02-22T01:29:09.787 INFO:teuthology.orchestra.run.smithi097.stdout:/usr/bin/ceph: stderr
2024-02-22T01:29:09.222+0000 7f9c82a00700 1 -- 172.21.15.97:0/4110305393 --> [v2:172.21.15.97:3300/0,v1:172.21.15.97:6789/0] -- mon_subscribe({osdmap=0}) v3 -- 0x7f9c7c19af30 con 0x7f9c7c1065e0
2024-02-22T01:29:09.787 INFO:teuthology.orchestra.run.smithi097.stdout:/usr/bin/ceph: stderr
2024-02-22T01:29:09.223+0000 7f9c78c00700 1 -- 172.21.15.97:0/4110305393 <== mon.0 v2:172.21.15.97:3300/0 4 ==== mgrmap(e 8) v1 ==== 45537+0+0 (secure 0 0 0) 0x7f9c6c019930 con 0x7f9c7c1065e0
2024-02-22T01:29:09.788 INFO:teuthology.orchestra.run.smithi097.stdout:/usr/bin/ceph: stderr
2024-02-22T01:29:09.223+0000 7f9c82a00700 1 -- 172.21.15.97:0/4110305393 --> [v2:172.21.15.97:3300/0,v1:172.21.15.97:6789/0] -- mon_command({"prefix": "get_command_descriptions"} v 0) v1 -- 0x7f9c7c10a9f0 con 0x7f9c7c1065e0
2024-02-22T01:29:09.788 INFO:teuthology.orchestra.run.smithi097.stdout:/usr/bin/ceph: stderr
2024-02-22T01:29:09.223+0000 7f9c78c00700 1 --2- 172.21.15.97:0/4110305393 >> [v2:172.21.15.97:6800/1120959736,v1:172.21.15.97:6801/1120959736] conn(0x7f9c60038730 0x7f9c6003abf0 unknown :-1 s=NONE pgs=0 cs=0 l=1 rev1=0 crypto rx=0 tx=0 comp rx=0 tx=0).connect
2024-02-22T01:29:09.788 INFO:teuthology.orchestra.run.smithi097.stdout:/usr/bin/ceph: stderr
2024-02-22T01:29:09.223+0000 7f9c78c00700 1 -- 172.21.15.97:0/4110305393 <== mon.0 v2:172.21.15.97:3300/0 5 ==== osd_map(2..2 src has 1..2) v4 ==== 940+0+0 (secure 0 0 0) 0x7f9c6c04caf0 con 0x7f9c7c1065e0
2024-02-22T01:29:09.788 INFO:teuthology.orchestra.run.smithi097.stdout:/usr/bin/ceph: stderr
2024-02-22T01:29:09.223+0000 7f9c7b400700 1 --2- 172.21.15.97:0/4110305393 >> [v2:172.21.15.97:6800/1120959736,v1:172.21.15.97:6801/1120959736] conn(0x7f9c60038730 0x7f9c6003abf0 unknown :-1 s=BANNER_CONNECTING pgs=0 cs=0 l=1 rev1=0 crypto rx=0 tx=0 comp rx=0 tx=0)._handle_peer_banner_payload supported=3 required=0
2024-02-22T01:29:09.788 INFO:teuthology.orchestra.run.smithi097.stdout:/usr/bin/ceph: stderr
2024-02-22T01:29:09.224+0000 7f9c7b400700 1 --2- 172.21.15.97:0/4110305393 >> [v2:172.21.15.97:6800/1120959736,v1:172.21.15.97:6801/1120959736] conn(0x7f9c60038730 0x7f9c6003abf0 secure :-1 s=READY pgs=13 cs=0 l=1 rev1=1 crypto rx=0x7f9c68006fd0 tx=0x7f9c68006e40 comp rx=0 tx=0).ready entity=mgr.14120 client_cookie=0 server_cookie=0 in_seq=0 out_seq=0
2024-02-22T01:29:09.788 INFO:teuthology.orchestra.run.smithi097.stdout:/usr/bin/ceph: stderr
2024-02-22T01:29:09.229+0000 7f9c78c00700 1 -- 172.21.15.97:0/4110305393 <== mon.0 v2:172.21.15.97:3300/0 6 ==== mon_command_ack([{"prefix": "get_command_descriptions"}]=0 v0) v1 ==== 72+0+182595 (secure 0 0 0) 0x7f9c6c010560 con 0x7f9c7c1065e0
2024-02-22T01:29:09.788 INFO:teuthology.orchestra.run.smithi097.stdout:/usr/bin/ceph: stderr
2024-02-22T01:29:09.471+0000 7f9c82a00700 1 -- 172.21.15.97:0/4110305393 --> [v2:172.21.15.97:6800/1120959736,v1:172.21.15.97:6801/1120959736] -- mgr_command(tid 0: {"prefix": "orch apply", "service_type": "mgr", "unmanaged": true, "target": ["mon-mgr", ""]}) v1 -- 0x7f9c7c19dbe0 con 0x7f9c60038730
2024-02-22T01:29:09.789 INFO:teuthology.orchestra.run.smithi097.stdout:/usr/bin/ceph: stderr
2024-02-22T01:29:09.479+0000 7f9c78c00700 1 -- 172.21.15.97:0/4110305393 <== mgr.14120 v2:172.21.15.97:6800/1120959736 1 ==== mgr_command_reply(tid 0: 0 ) v1 ==== 8+0+24 (secure 0 0 0) 0x7f9c7c19dbe0 con 0x7f9c60038730
2024-02-22T01:29:09.789 INFO:teuthology.orchestra.run.smithi097.stdout:/usr/bin/ceph: stderr
2024-02-22T01:29:09.482+0000 7f9c82a00700 1 -- 172.21.15.97:0/4110305393 >> [v2:172.21.15.97:6800/1120959736,v1:172.21.15.97:6801/1120959736] conn(0x7f9c60038730 msgr2=0x7f9c6003abf0 secure :-1 s=STATE_CONNECTION_ESTABLISHED l=1).mark_down
2024-02-22T01:29:09.789 INFO:teuthology.orchestra.run.smithi097.stdout:/usr/bin/ceph: stderr
2024-02-22T01:29:09.482+0000 7f9c82a00700 1 --2- 172.21.15.97:0/4110305393 >> [v2:172.21.15.97:6800/1120959736,v1:172.21.15.97:6801/1120959736] conn(0x7f9c60038730 0x7f9c6003abf0 secure :-1 s=READY pgs=13 cs=0 l=1 rev1=1 crypto rx=0x7f9c68006fd0 tx=0x7f9c68006e40 comp rx=0 tx=0).stop
2024-02-22T01:29:09.789 INFO:teuthology.orchestra.run.smithi097.stdout:/usr/bin/ceph: stderr
2024-02-22T01:29:09.482+0000 7f9c82a00700 1 -- 172.21.15.97:0/4110305393 >> [v2:172.21.15.97:3300/0,v1:172.21.15.97:6789/0] conn(0x7f9c7c1065e0 msgr2=0x7f9c7c19a350 secure :-1 s=STATE_CONNECTION_ESTABLISHED l=1).mark_down
2024-02-22T01:29:09.789 INFO:teuthology.orchestra.run.smithi097.stdout:/usr/bin/ceph: stderr
2024-02-22T01:29:09.482+0000 7f9c82a00700 1 --2- 172.21.15.97:0/4110305393 >> [v2:172.21.15.97:3300/0,v1:172.21.15.97:6789/0] conn(0x7f9c7c1065e0 0x7f9c7c19a350 secure :-1 s=READY pgs=50 cs=0 l=1 rev1=1 crypto rx=0x7f9c6c003e60 tx=0x7f9c6c011a30 comp rx=0 tx=0).stop
2024-02-22T01:29:09.789 INFO:teuthology.orchestra.run.smithi097.stdout:/usr/bin/ceph: stderr
2024-02-22T01:29:09.482+0000 7f9c82a00700 1 -- 172.21.15.97:0/4110305393 shutdown_connections
2024-02-22T01:29:09.789 INFO:teuthology.orchestra.run.smithi097.stdout:/usr/bin/ceph: stderr
2024-02-22T01:29:09.482+0000 7f9c82a00700 1 --2- 172.21.15.97:0/4110305393 >> [v2:172.21.15.97:6800/1120959736,v1:172.21.15.97:6801/1120959736] conn(0x7f9c60038730 0x7f9c6003abf0 unknown :-1 s=CLOSED pgs=13 cs=0 l=1 rev1=1 crypto rx=0 tx=0 comp rx=0 tx=0).stop
2024-02-22T01:29:09.789 INFO:teuthology.orchestra.run.smithi097.stdout:/usr/bin/ceph: stderr
2024-02-22T01:29:09.482+0000 7f9c82a00700 1 --2- 172.21.15.97:0/4110305393 >> [v2:172.21.15.97:3300/0,v1:172.21.15.97:6789/0] conn(0x7f9c7c1065e0 0x7f9c7c19a350 unknown :-1 s=CLOSED pgs=50 cs=0 l=1 rev1=1 crypto rx=0 tx=0 comp rx=0 tx=0).stop
2024-02-22T01:29:09.789 INFO:teuthology.orchestra.run.smithi097.stdout:/usr/bin/ceph: stderr
2024-02-22T01:29:09.482+0000 7f9c82a00700 1 -- 172.21.15.97:0/4110305393 >> 172.21.15.97:0/4110305393 conn(0x7f9c7c101be0 msgr2=0x7f9c7c1027e0 unknown :-1 s=STATE_NONE l=0).mark_down
2024-02-22T01:29:09.789 INFO:teuthology.orchestra.run.smithi097.stdout:/usr/bin/ceph: stderr
2024-02-22T01:29:09.482+0000 7f9c82a00700 1 -- 172.21.15.97:0/4110305393 shutdown_connections
2024-02-22T01:29:09.789 INFO:teuthology.orchestra.run.smithi097.stdout:/usr/bin/ceph: stderr
2024-02-22T01:29:09.482+0000 7f9c82a00700 1 -- 172.21.15.97:0/4110305393 wait complete.
2024-02-22T01:29:10.818 INFO:teuthology.orchestra.run.smithi097.stdout:/usr/bin/ceph: stderr
2024-02-22T01:29:10.261+0000 7fca0fe00700 1 Processor -- start
2024-02-22T01:29:10.818 INFO:teuthology.orchestra.run.smithi097.stdout:/usr/bin/ceph: stderr
2024-02-22T01:29:10.262+0000 7fca0fe00700 1 -- start start
2024-02-22T01:29:10.818 INFO:teuthology.orchestra.run.smithi097.stdout:/usr/bin/ceph: stderr
2024-02-22T01:29:10.262+0000 7fca0fe00700 1 --2- >> [v2:172.21.15.97:3300/0,v1:172.21.15.97:6789/0] conn(0x7fca081065c0 0x7fca081069e0 unknown :-1 s=NONE pgs=0 cs=0 l=0 rev1=0 crypto rx=0 tx=0 comp rx=0 tx=0).connect
2024-02-22T01:29:10.818 INFO:teuthology.orchestra.run.smithi097.stdout:/usr/bin/ceph: stderr
2024-02-22T01:29:10.262+0000 7fca0fe00700 1 -- --> [v2:172.21.15.97:3300/0,v1:172.21.15.97:6789/0] -- mon_getmap magic: 0 v1 -- 0x7fca08106fb0 con 0x7fca081065c0
2024-02-22T01:29:10.818 INFO:teuthology.orchestra.run.smithi097.stdout:/usr/bin/ceph: stderr
2024-02-22T01:29:10.263+0000 7fca0d400700 1 --2- >> [v2:172.21.15.97:3300/0,v1:172.21.15.97:6789/0] conn(0x7fca081065c0 0x7fca081069e0 unknown :-1 s=BANNER_CONNECTING pgs=0 cs=0 l=0 rev1=0 crypto rx=0 tx=0 comp rx=0 tx=0)._handle_peer_banner_payload supported=3 required=0
2024-02-22T01:29:10.818 INFO:teuthology.orchestra.run.smithi097.stdout:/usr/bin/ceph: stderr
2024-02-22T01:29:10.263+0000 7fca0d400700 1 --2- >> [v2:172.21.15.97:3300/0,v1:172.21.15.97:6789/0] conn(0x7fca081065c0 0x7fca081069e0 unknown :-1 s=HELLO_CONNECTING pgs=0 cs=0 l=0 rev1=1 crypto rx=0 tx=0 comp rx=0 tx=0).handle_hello peer v2:172.21.15.97:3300/0 says I am v2:172.21.15.97:34776/0 (socket says 172.21.15.97:34776)
2024-02-22T01:29:10.818 INFO:teuthology.orchestra.run.smithi097.stdout:/usr/bin/ceph: stderr
2024-02-22T01:29:10.263+0000 7fca0d400700 1 -- 172.21.15.97:0/3786909074 learned_addr learned my addr 172.21.15.97:0/3786909074 (peer_addr_for_me v2:172.21.15.97:0/0)
2024-02-22T01:29:10.818 INFO:teuthology.orchestra.run.smithi097.stdout:/usr/bin/ceph: stderr
2024-02-22T01:29:10.263+0000 7fca0d400700 1 -- 172.21.15.97:0/3786909074 --> [v2:172.21.15.97:3300/0,v1:172.21.15.97:6789/0] -- mon_subscribe({config=0+,monmap=0+}) v3 -- 0x7fca081077c0 con 0x7fca081065c0
2024-02-22T01:29:10.818 INFO:teuthology.orchestra.run.smithi097.stdout:/usr/bin/ceph: stderr
2024-02-22T01:29:10.263+0000 7fca0d400700 1 --2- 172.21.15.97:0/3786909074 >> [v2:172.21.15.97:3300/0,v1:172.21.15.97:6789/0] conn(0x7fca081065c0 0x7fca081069e0 secure :-1 s=READY pgs=51 cs=0 l=1 rev1=1 crypto rx=0x7fc9fc0098a0 tx=0x7fc9fc009bb0 comp rx=0 tx=0).ready entity=mon.0 client_cookie=86cac79dbac5a1d5 server_cookie=0 in_seq=0 out_seq=0
2024-02-22T01:29:10.819 INFO:teuthology.orchestra.run.smithi097.stdout:/usr/bin/ceph: stderr
2024-02-22T01:29:10.263+0000 7fca07e00700 1 -- 172.21.15.97:0/3786909074 <== mon.0 v2:172.21.15.97:3300/0 1 ==== mon_map magic: 0 v1 ==== 205+0+0 (secure 0 0 0) 0x7fc9fc004160 con 0x7fca081065c0
2024-02-22T01:29:10.819 INFO:teuthology.orchestra.run.smithi097.stdout:/usr/bin/ceph: stderr
2024-02-22T01:29:10.263+0000 7fca07e00700 1 -- 172.21.15.97:0/3786909074 <== mon.0 v2:172.21.15.97:3300/0 2 ==== config(26 keys) v1 ==== 1105+0+0 (secure 0 0 0) 0x7fc9fc0042c0 con 0x7fca081065c0
2024-02-22T01:29:10.819 INFO:teuthology.orchestra.run.smithi097.stdout:/usr/bin/ceph: stderr
2024-02-22T01:29:10.263+0000 7fca07e00700 1 -- 172.21.15.97:0/3786909074 <== mon.0 v2:172.21.15.97:3300/0 3 ==== mon_map magic: 0 v1 ==== 205+0+0 (secure 0 0 0) 0x7fc9fc0119b0 con 0x7fca081065c0
2024-02-22T01:29:10.819 INFO:teuthology.orchestra.run.smithi097.stdout:/usr/bin/ceph: stderr
2024-02-22T01:29:10.264+0000 7fca0fe00700 1 -- 172.21.15.97:0/3786909074 >> [v2:172.21.15.97:3300/0,v1:172.21.15.97:6789/0] conn(0x7fca081065c0 msgr2=0x7fca081069e0 secure :-1 s=STATE_CONNECTION_ESTABLISHED l=1).mark_down
