2024-02-22T01:29:00.984+0000 7f5651600700 1 -- start start
2024-02-22T01:29:01.536 INFO:teuthology.orchestra.run.smithi097.stdout:/usr/bin/ceph: stderr
2024-02-22T01:29:00.985+0000 7f5651600700 1 --2- >> [v2:172.21.15.97:3300/0,v1:172.21.15.97:6789/0] conn(0x7f564c07ad50 0x7f564c19c3d0 unknown :-1 s=NONE pgs=0 cs=0 l=1 rev1=0 crypto rx=0 tx=0 comp rx=0 tx=0).connect
2024-02-22T01:29:01.536 INFO:teuthology.orchestra.run.smithi097.stdout:/usr/bin/ceph: stderr
2024-02-22T01:29:00.985+0000 7f5651600700 1 -- --> [v2:172.21.15.97:3300/0,v1:172.21.15.97:6789/0] -- mon_getmap magic: 0 v1 -- 0x7f564c19c910 con 0x7f564c07ad50
2024-02-22T01:29:01.536 INFO:teuthology.orchestra.run.smithi097.stdout:/usr/bin/ceph: stderr
2024-02-22T01:29:00.985+0000 7f564be00700 1 --2- >> [v2:172.21.15.97:3300/0,v1:172.21.15.97:6789/0] conn(0x7f564c07ad50 0x7f564c19c3d0 unknown :-1 s=BANNER_CONNECTING pgs=0 cs=0 l=1 rev1=0 crypto rx=0 tx=0 comp rx=0 tx=0)._handle_peer_banner_payload supported=3 required=0
2024-02-22T01:29:01.537 INFO:teuthology.orchestra.run.smithi097.stdout:/usr/bin/ceph: stderr
2024-02-22T01:29:00.985+0000 7f564be00700 1 --2- >> [v2:172.21.15.97:3300/0,v1:172.21.15.97:6789/0] conn(0x7f564c07ad50 0x7f564c19c3d0 unknown :-1 s=HELLO_CONNECTING pgs=0 cs=0 l=1 rev1=1 crypto rx=0 tx=0 comp rx=0 tx=0).handle_hello peer v2:172.21.15.97:3300/0 says I am v2:172.21.15.97:41258/0 (socket says 172.21.15.97:41258)
2024-02-22T01:29:01.537 INFO:teuthology.orchestra.run.smithi097.stdout:/usr/bin/ceph: stderr
2024-02-22T01:29:00.985+0000 7f564be00700 1 -- 172.21.15.97:0/4144532299 learned_addr learned my addr 172.21.15.97:0/4144532299 (peer_addr_for_me v2:172.21.15.97:0/0)
2024-02-22T01:29:01.537 INFO:teuthology.orchestra.run.smithi097.stdout:/usr/bin/ceph: stderr
2024-02-22T01:29:00.985+0000 7f564be00700 1 -- 172.21.15.97:0/4144532299 --> [v2:172.21.15.97:3300/0,v1:172.21.15.97:6789/0] -- mon_subscribe({config=0+,monmap=0+}) v3 -- 0x7f563c009550 con 0x7f564c07ad50
2024-02-22T01:29:01.537 INFO:teuthology.orchestra.run.smithi097.stdout:/usr/bin/ceph: stderr
2024-02-22T01:29:00.985+0000 7f564be00700 1 --2- 172.21.15.97:0/4144532299 >> [v2:172.21.15.97:3300/0,v1:172.21.15.97:6789/0] conn(0x7f564c07ad50 0x7f564c19c3d0 secure :-1 s=READY pgs=40 cs=0 l=1 rev1=1 crypto rx=0x7f563c009130 tx=0x7f563c011ad0 comp rx=0 tx=0).ready entity=mon.0 client_cookie=0 server_cookie=0 in_seq=0 out_seq=0
2024-02-22T01:29:01.537 INFO:teuthology.orchestra.run.smithi097.stdout:/usr/bin/ceph: stderr
2024-02-22T01:29:00.986+0000 7f5648c00700 1 -- 172.21.15.97:0/4144532299 <== mon.0 v2:172.21.15.97:3300/0 1 ==== mon_map magic: 0 v1 ==== 205+0+0 (secure 0 0 0) 0x7f563c0038b0 con 0x7f564c07ad50
2024-02-22T01:29:01.537 INFO:teuthology.orchestra.run.smithi097.stdout:/usr/bin/ceph: stderr
2024-02-22T01:29:00.986+0000 7f5648c00700 1 -- 172.21.15.97:0/4144532299 <== mon.0 v2:172.21.15.97:3300/0 2 ==== config(26 keys) v1 ==== 1074+0+0 (secure 0 0 0) 0x7f563c003a10 con 0x7f564c07ad50
2024-02-22T01:29:01.537 INFO:teuthology.orchestra.run.smithi097.stdout:/usr/bin/ceph: stderr
2024-02-22T01:29:00.986+0000 7f5648c00700 1 -- 172.21.15.97:0/4144532299 <== mon.0 v2:172.21.15.97:3300/0 3 ==== mon_map magic: 0 v1 ==== 205+0+0 (secure 0 0 0) 0x7f563c019550 con 0x7f564c07ad50
2024-02-22T01:29:01.537 INFO:teuthology.orchestra.run.smithi097.stdout:/usr/bin/ceph: stderr
2024-02-22T01:29:00.986+0000 7f5651600700 1 -- 172.21.15.97:0/4144532299 --> [v2:172.21.15.97:3300/0,v1:172.21.15.97:6789/0] -- mon_subscribe({mgrmap=0+}) v3 -- 0x7f564c19cb10 con 0x7f564c07ad50
2024-02-22T01:29:01.537 INFO:teuthology.orchestra.run.smithi097.stdout:/usr/bin/ceph: stderr
2024-02-22T01:29:00.986+0000 7f5651600700 1 -- 172.21.15.97:0/4144532299 --> [v2:172.21.15.97:3300/0,v1:172.21.15.97:6789/0] -- mon_subscribe({osdmap=0}) v3 -- 0x7f564c19cfb0 con 0x7f564c07ad50
2024-02-22T01:29:01.537 INFO:teuthology.orchestra.run.smithi097.stdout:/usr/bin/ceph: stderr
2024-02-22T01:29:00.987+0000 7f5648c00700 1 -- 172.21.15.97:0/4144532299 <== mon.0 v2:172.21.15.97:3300/0 4 ==== mgrmap(e 7) v1 ==== 45431+0+0 (secure 0 0 0) 0x7f563c01a960 con 0x7f564c07ad50
2024-02-22T01:29:01.537 INFO:teuthology.orchestra.run.smithi097.stdout:/usr/bin/ceph: stderr
2024-02-22T01:29:00.987+0000 7f5651600700 1 -- 172.21.15.97:0/4144532299 --> [v2:172.21.15.97:3300/0,v1:172.21.15.97:6789/0] -- mon_command({"prefix": "get_command_descriptions"} v 0) v1 -- 0x7f564c10c7f0 con 0x7f564c07ad50
2024-02-22T01:29:01.537 INFO:teuthology.orchestra.run.smithi097.stdout:/usr/bin/ceph: stderr
2024-02-22T01:29:00.987+0000 7f5648c00700 1 --2- 172.21.15.97:0/4144532299 >> [v2:172.21.15.97:6800/1120959736,v1:172.21.15.97:6801/1120959736] conn(0x7f56300385c0 0x7f563003aa80 unknown :-1 s=NONE pgs=0 cs=0 l=1 rev1=0 crypto rx=0 tx=0 comp rx=0 tx=0).connect
2024-02-22T01:29:01.537 INFO:teuthology.orchestra.run.smithi097.stdout:/usr/bin/ceph: stderr
2024-02-22T01:29:00.987+0000 7f5648c00700 1 -- 172.21.15.97:0/4144532299 <== mon.0 v2:172.21.15.97:3300/0 5 ==== osd_map(2..2 src has 1..2) v4 ==== 940+0+0 (secure 0 0 0) 0x7f563c04c640 con 0x7f564c07ad50
2024-02-22T01:29:01.537 INFO:teuthology.orchestra.run.smithi097.stdout:/usr/bin/ceph: stderr
2024-02-22T01:29:00.988+0000 7f564b400700 1 --2- 172.21.15.97:0/4144532299 >> [v2:172.21.15.97:6800/1120959736,v1:172.21.15.97:6801/1120959736] conn(0x7f56300385c0 0x7f563003aa80 unknown :-1 s=BANNER_CONNECTING pgs=0 cs=0 l=1 rev1=0 crypto rx=0 tx=0 comp rx=0 tx=0)._handle_peer_banner_payload supported=3 required=0
2024-02-22T01:29:01.538 INFO:teuthology.orchestra.run.smithi097.stdout:/usr/bin/ceph: stderr
2024-02-22T01:29:00.988+0000 7f564b400700 1 --2- 172.21.15.97:0/4144532299 >> [v2:172.21.15.97:6800/1120959736,v1:172.21.15.97:6801/1120959736] conn(0x7f56300385c0 0x7f563003aa80 secure :-1 s=READY pgs=8 cs=0 l=1 rev1=1 crypto rx=0x7f5638006fd0 tx=0x7f5638006e40 comp rx=0 tx=0).ready entity=mgr.14120 client_cookie=0 server_cookie=0 in_seq=0 out_seq=0
2024-02-22T01:29:01.538 INFO:teuthology.orchestra.run.smithi097.stdout:/usr/bin/ceph: stderr
2024-02-22T01:29:00.993+0000 7f5648c00700 1 -- 172.21.15.97:0/4144532299 <== mon.0 v2:172.21.15.97:3300/0 6 ==== mon_command_ack([{"prefix": "get_command_descriptions"}]=0 v0) v1 ==== 72+0+182595 (secure 0 0 0) 0x7f563c018760 con 0x7f564c07ad50
2024-02-22T01:29:01.538 INFO:teuthology.orchestra.run.smithi097.stdout:/usr/bin/ceph: stderr
2024-02-22T01:29:01.193+0000 7f5651600700 1 -- 172.21.15.97:0/4144532299 --> [v2:172.21.15.97:6800/1120959736,v1:172.21.15.97:6801/1120959736] -- mgr_command(tid 0: {"prefix": "cephadm set-user", "user": "root", "target": ["mon-mgr", ""]}) v1 -- 0x7f564c102d30 con 0x7f56300385c0
2024-02-22T01:29:01.538 INFO:teuthology.orchestra.run.smithi097.stdout:/usr/bin/ceph: stderr
2024-02-22T01:29:01.194+0000 7f5648c00700 1 -- 172.21.15.97:0/4144532299 <== mgr.14120 v2:172.21.15.97:6800/1120959736 1 ==== mgr_command_reply(tid 0: 0 ) v1 ==== 8+0+16 (secure 0 0 0) 0x7f564c102d30 con 0x7f56300385c0
2024-02-22T01:29:01.538 INFO:teuthology.orchestra.run.smithi097.stdout:/usr/bin/ceph: stderr
2024-02-22T01:29:01.197+0000 7f5651600700 1 -- 172.21.15.97:0/4144532299 >> [v2:172.21.15.97:6800/1120959736,v1:172.21.15.97:6801/1120959736] conn(0x7f56300385c0 msgr2=0x7f563003aa80 secure :-1 s=STATE_CONNECTION_ESTABLISHED l=1).mark_down
2024-02-22T01:29:01.538 INFO:teuthology.orchestra.run.smithi097.stdout:/usr/bin/ceph: stderr
2024-02-22T01:29:01.197+0000 7f5651600700 1 --2- 172.21.15.97:0/4144532299 >> [v2:172.21.15.97:6800/1120959736,v1:172.21.15.97:6801/1120959736] conn(0x7f56300385c0 0x7f563003aa80 secure :-1 s=READY pgs=8 cs=0 l=1 rev1=1 crypto rx=0x7f5638006fd0 tx=0x7f5638006e40 comp rx=0 tx=0).stop
2024-02-22T01:29:01.538 INFO:teuthology.orchestra.run.smithi097.stdout:/usr/bin/ceph: stderr
2024-02-22T01:29:01.197+0000 7f5651600700 1 -- 172.21.15.97:0/4144532299 >> [v2:172.21.15.97:3300/0,v1:172.21.15.97:6789/0] conn(0x7f564c07ad50 msgr2=0x7f564c19c3d0 secure :-1 s=STATE_CONNECTION_ESTABLISHED l=1).mark_down
2024-02-22T01:29:01.538 INFO:teuthology.orchestra.run.smithi097.stdout:/usr/bin/ceph: stderr
2024-02-22T01:29:01.197+0000 7f5651600700 1 --2- 172.21.15.97:0/4144532299 >> [v2:172.21.15.97:3300/0,v1:172.21.15.97:6789/0] conn(0x7f564c07ad50 0x7f564c19c3d0 secure :-1 s=READY pgs=40 cs=0 l=1 rev1=1 crypto rx=0x7f563c009130 tx=0x7f563c011ad0 comp rx=0 tx=0).stop
2024-02-22T01:29:01.538 INFO:teuthology.orchestra.run.smithi097.stdout:/usr/bin/ceph: stderr
2024-02-22T01:29:01.197+0000 7f5651600700 1 -- 172.21.15.97:0/4144532299 shutdown_connections
2024-02-22T01:29:01.538 INFO:teuthology.orchestra.run.smithi097.stdout:/usr/bin/ceph: stderr
2024-02-22T01:29:01.197+0000 7f5651600700 1 --2- 172.21.15.97:0/4144532299 >> [v2:172.21.15.97:6800/1120959736,v1:172.21.15.97:6801/1120959736] conn(0x7f56300385c0 0x7f563003aa80 unknown :-1 s=CLOSED pgs=8 cs=0 l=1 rev1=1 crypto rx=0 tx=0 comp rx=0 tx=0).stop
2024-02-22T01:29:01.538 INFO:teuthology.orchestra.run.smithi097.stdout:/usr/bin/ceph: stderr
2024-02-22T01:29:01.197+0000 7f5651600700 1 --2- 172.21.15.97:0/4144532299 >> [v2:172.21.15.97:3300/0,v1:172.21.15.97:6789/0] conn(0x7f564c07ad50 0x7f564c19c3d0 unknown :-1 s=CLOSED pgs=40 cs=0 l=1 rev1=1 crypto rx=0 tx=0 comp rx=0 tx=0).stop
2024-02-22T01:29:01.538 INFO:teuthology.orchestra.run.smithi097.stdout:/usr/bin/ceph: stderr
2024-02-22T01:29:01.197+0000 7f5651600700 1 -- 172.21.15.97:0/4144532299 >> 172.21.15.97:0/4144532299 conn(0x7f564c1019c0 msgr2=0x7f564c1025e0 unknown :-1 s=STATE_NONE l=0).mark_down
2024-02-22T01:29:01.538 INFO:teuthology.orchestra.run.smithi097.stdout:/usr/bin/ceph: stderr
2024-02-22T01:29:01.197+0000 7f5651600700 1 -- 172.21.15.97:0/4144532299 shutdown_connections
2024-02-22T01:29:01.538 INFO:teuthology.orchestra.run.smithi097.stdout:/usr/bin/ceph: stderr
2024-02-22T01:29:01.197+0000 7f5651600700 1 -- 172.21.15.97:0/4144532299 wait complete.
2024-02-22T01:29:01.538 INFO:teuthology.orchestra.run.smithi097.stdout:Generating ssh key...
2024-02-22T01:29:01.539 INFO:journalctl@ceph.mon.a.smithi097.stdout:Feb 22 01:29:01 smithi097 ceph-mon[38094]: [22/Feb/2024:01:28:59] ENGINE Serving on https://172.21.15.97:7150
2024-02-22T01:29:01.539 INFO:journalctl@ceph.mon.a.smithi097.stdout:Feb 22 01:29:01 smithi097 ceph-mon[38094]: [22/Feb/2024:01:28:59] ENGINE Bus STARTED
2024-02-22T01:29:01.539 INFO:journalctl@ceph.mon.a.smithi097.stdout:Feb 22 01:29:01 smithi097 ceph-mon[38094]: from='client.14132 -' entity='client.admin' cmd=[{"prefix": "orch set backend", "module_name": "cephadm", "target": ["mon-mgr", ""]}]: dispatch
2024-02-22T01:29:01.539 INFO:journalctl@ceph.mon.a.smithi097.stdout:Feb 22 01:29:01 smithi097 ceph-mon[38094]: mgrmap e8: x(active, since 2s)
2024-02-22T01:29:02.526 INFO:journalctl@ceph.mon.a.smithi097.stdout:Feb 22 01:29:02 smithi097 ceph-mon[38094]: from='client.14134 -' entity='client.admin' cmd=[{"prefix": "cephadm set-user", "user": "root", "target": ["mon-mgr", ""]}]: dispatch
2024-02-22T01:29:02.526 INFO:journalctl@ceph.mgr.x.smithi097.stdout:Feb 22 01:29:02 smithi097 ceph-8b60b8c8-d121-11ee-95bd-87774f69a715-mgr-x[38345]: Generating public/private rsa key pair.
2024-02-22T01:29:02.526 INFO:journalctl@ceph.mgr.x.smithi097.stdout:Feb 22 01:29:02 smithi097 ceph-8b60b8c8-d121-11ee-95bd-87774f69a715-mgr-x[38345]: Your identification has been saved in /tmp/tmpv2u03o1m/key.
2024-02-22T01:29:02.526 INFO:journalctl@ceph.mgr.x.smithi097.stdout:Feb 22 01:29:02 smithi097 ceph-8b60b8c8-d121-11ee-95bd-87774f69a715-mgr-x[38345]: Your public key has been saved in /tmp/tmpv2u03o1m/key.pub.
2024-02-22T01:29:02.526 INFO:journalctl@ceph.mgr.x.smithi097.stdout:Feb 22 01:29:02 smithi097 ceph-8b60b8c8-d121-11ee-95bd-87774f69a715-mgr-x[38345]: The key fingerprint is:
2024-02-22T01:29:02.526 INFO:journalctl@ceph.mgr.x.smithi097.stdout:Feb 22 01:29:02 smithi097 ceph-8b60b8c8-d121-11ee-95bd-87774f69a715-mgr-x[38345]: SHA256:ToQCyKFtZ46Vwkju5jZdH2dXy32DX93jvhEEhifV8EQ ceph-8b60b8c8-d121-11ee-95bd-87774f69a715
2024-02-22T01:29:02.526 INFO:journalctl@ceph.mgr.x.smithi097.stdout:Feb 22 01:29:02 smithi097 ceph-8b60b8c8-d121-11ee-95bd-87774f69a715-mgr-x[38345]: The key's randomart image is:
2024-02-22T01:29:02.526 INFO:journalctl@ceph.mgr.x.smithi097.stdout:Feb 22 01:29:02 smithi097 ceph-8b60b8c8-d121-11ee-95bd-87774f69a715-mgr-x[38345]: +---[RSA 3072]----+
2024-02-22T01:29:02.526 INFO:journalctl@ceph.mgr.x.smithi097.stdout:Feb 22 01:29:02 smithi097 ceph-8b60b8c8-d121-11ee-95bd-87774f69a715-mgr-x[38345]: |.+o o=+E |
2024-02-22T01:29:02.527 INFO:journalctl@ceph.mgr.x.smithi097.stdout:Feb 22 01:29:02 smithi097 ceph-8b60b8c8-d121-11ee-95bd-87774f69a715-mgr-x[38345]: |== . . . o..+. |
2024-02-22T01:29:02.527 INFO:journalctl@ceph.mgr.x.smithi097.stdout:Feb 22 01:29:02 smithi097 ceph-8b60b8c8-d121-11ee-95bd-87774f69a715-mgr-x[38345]: |o.= * . . o. o |
2024-02-22T01:29:02.527 INFO:journalctl@ceph.mgr.x.smithi097.stdout:Feb 22 01:29:02 smithi097 ceph-8b60b8c8-d121-11ee-95bd-87774f69a715-mgr-x[38345]: |.. B . . o = o|
2024-02-22T01:29:02.527 INFO:journalctl@ceph.mgr.x.smithi097.stdout:Feb 22 01:29:02 smithi097 ceph-8b60b8c8-d121-11ee-95bd-87774f69a715-mgr-x[38345]: | o. .. .So . + ==|
2024-02-22T01:29:02.527 INFO:journalctl@ceph.mgr.x.smithi097.stdout:Feb 22 01:29:02 smithi097 ceph-8b60b8c8-d121-11ee-95bd-87774f69a715-mgr-x[38345]: |o . . .o+ . o *|
2024-02-22T01:29:02.527 INFO:journalctl@ceph.mgr.x.smithi097.stdout:Feb 22 01:29:02 smithi097 ceph-8b60b8c8-d121-11ee-95bd-87774f69a715-mgr-x[38345]: | + . .. + |
2024-02-22T01:29:02.527 INFO:journalctl@ceph.mgr.x.smithi097.stdout:Feb 22 01:29:02 smithi097 ceph-8b60b8c8-d121-11ee-95bd-87774f69a715-mgr-x[38345]: |. . . .|
2024-02-22T01:29:02.527 INFO:journalctl@ceph.mgr.x.smithi097.stdout:Feb 22 01:29:02 smithi097 ceph-8b60b8c8-d121-11ee-95bd-87774f69a715-mgr-x[38345]: | o.|
2024-02-22T01:29:02.527 INFO:journalctl@ceph.mgr.x.smithi097.stdout:Feb 22 01:29:02 smithi097 ceph-8b60b8c8-d121-11ee-95bd-87774f69a715-mgr-x[38345]: +----[SHA256]-----+
2024-02-22T01:29:02.675 INFO:teuthology.orchestra.run.smithi097.stdout:/usr/bin/ceph: stderr
2024-02-22T01:29:01.940+0000 7fe288800700 1 Processor -- start
2024-02-22T01:29:02.675 INFO:teuthology.orchestra.run.smithi097.stdout:/usr/bin/ceph: stderr
2024-02-22T01:29:01.940+0000 7fe288800700 1 -- start start
2024-02-22T01:29:02.675 INFO:teuthology.orchestra.run.smithi097.stdout:/usr/bin/ceph: stderr
2024-02-22T01:29:01.940+0000 7fe288800700 1 --2- >> [v2:172.21.15.97:3300/0,v1:172.21.15.97:6789/0] conn(0x7fe2801065b0 0x7fe2801069d0 unknown :-1 s=NONE pgs=0 cs=0 l=0 rev1=0 crypto rx=0 tx=0 comp rx=0 tx=0).connect
2024-02-22T01:29:02.675 INFO:teuthology.orchestra.run.smithi097.stdout:/usr/bin/ceph: stderr
2024-02-22T01:29:01.940+0000 7fe288800700 1 -- --> [v2:172.21.15.97:3300/0,v1:172.21.15.97:6789/0] -- mon_getmap magic: 0 v1 -- 0x7fe280106fa0 con 0x7fe2801065b0
2024-02-22T01:29:02.675 INFO:teuthology.orchestra.run.smithi097.stdout:/usr/bin/ceph: stderr
2024-02-22T01:29:01.940+0000 7fe285e00700 1 --2- >> [v2:172.21.15.97:3300/0,v1:172.21.15.97:6789/0] conn(0x7fe2801065b0 0x7fe2801069d0 unknown :-1 s=BANNER_CONNECTING pgs=0 cs=0 l=0 rev1=0 crypto rx=0 tx=0 comp rx=0 tx=0)._handle_peer_banner_payload supported=3 required=0
2024-02-22T01:29:02.676 INFO:teuthology.orchestra.run.smithi097.stdout:/usr/bin/ceph: stderr
2024-02-22T01:29:01.941+0000 7fe285e00700 1 --2- >> [v2:172.21.15.97:3300/0,v1:172.21.15.97:6789/0] conn(0x7fe2801065b0 0x7fe2801069d0 unknown :-1 s=HELLO_CONNECTING pgs=0 cs=0 l=0 rev1=1 crypto rx=0 tx=0 comp rx=0 tx=0).handle_hello peer v2:172.21.15.97:3300/0 says I am v2:172.21.15.97:41270/0 (socket says 172.21.15.97:41270)
2024-02-22T01:29:02.676 INFO:teuthology.orchestra.run.smithi097.stdout:/usr/bin/ceph: stderr
2024-02-22T01:29:01.941+0000 7fe285e00700 1 -- 172.21.15.97:0/3251224334 learned_addr learned my addr 172.21.15.97:0/3251224334 (peer_addr_for_me v2:172.21.15.97:0/0)
2024-02-22T01:29:02.676 INFO:teuthology.orchestra.run.smithi097.stdout:/usr/bin/ceph: stderr
2024-02-22T01:29:01.941+0000 7fe285e00700 1 -- 172.21.15.97:0/3251224334 --> [v2:172.21.15.97:3300/0,v1:172.21.15.97:6789/0] -- mon_subscribe({config=0+,monmap=0+}) v3 -- 0x7fe2801077b0 con 0x7fe2801065b0
2024-02-22T01:29:02.676 INFO:teuthology.orchestra.run.smithi097.stdout:/usr/bin/ceph: stderr
2024-02-22T01:29:01.941+0000 7fe285e00700 1 --2- 172.21.15.97:0/3251224334 >> [v2:172.21.15.97:3300/0,v1:172.21.15.97:6789/0] conn(0x7fe2801065b0 0x7fe2801069d0 secure :-1 s=READY pgs=41 cs=0 l=1 rev1=1 crypto rx=0x7fe2740098a0 tx=0x7fe274009bb0 comp rx=0 tx=0).ready entity=mon.0 client_cookie=3dd1ad5baa52f34e server_cookie=0 in_seq=0 out_seq=0
2024-02-22T01:29:02.676 INFO:teuthology.orchestra.run.smithi097.stdout:/usr/bin/ceph: stderr
2024-02-22T01:29:01.941+0000 7fe284a00700 1 -- 172.21.15.97:0/3251224334 <== mon.0 v2:172.21.15.97:3300/0 1 ==== mon_map magic: 0 v1 ==== 205+0+0 (secure 0 0 0) 0x7fe274004160 con 0x7fe2801065b0
2024-02-22T01:29:02.676 INFO:teuthology.orchestra.run.smithi097.stdout:/usr/bin/ceph: stderr
2024-02-22T01:29:01.941+0000 7fe284a00700 1 -- 172.21.15.97:0/3251224334 <== mon.0 v2:172.21.15.97:3300/0 2 ==== config(26 keys) v1 ==== 1074+0+0 (secure 0 0 0) 0x7fe2740042c0 con 0x7fe2801065b0
2024-02-22T01:29:02.676 INFO:teuthology.orchestra.run.smithi097.stdout:/usr/bin/ceph: stderr
2024-02-22T01:29:01.941+0000 7fe284a00700 1 -- 172.21.15.97:0/3251224334 <== mon.0 v2:172.21.15.97:3300/0 3 ==== mon_map magic: 0 v1 ==== 205+0+0 (secure 0 0 0) 0x7fe274011a00 con 0x7fe2801065b0
2024-02-22T01:29:02.676 INFO:teuthology.orchestra.run.smithi097.stdout:/usr/bin/ceph: stderr
2024-02-22T01:29:01.942+0000 7fe288800700 1 -- 172.21.15.97:0/3251224334 >> [v2:172.21.15.97:3300/0,v1:172.21.15.97:6789/0] conn(0x7fe2801065b0 msgr2=0x7fe2801069d0 secure :-1 s=STATE_CONNECTION_ESTABLISHED l=1).mark_down
2024-02-22T01:29:02.676 INFO:teuthology.orchestra.run.smithi097.stdout:/usr/bin/ceph: stderr
2024-02-22T01:29:01.942+0000 7fe288800700 1 --2- 172.21.15.97:0/3251224334 >> [v2:172.21.15.97:3300/0,v1:172.21.15.97:6789/0] conn(0x7fe2801065b0 0x7fe2801069d0 secure :-1 s=READY pgs=41 cs=0 l=1 rev1=1 crypto rx=0x7fe2740098a0 tx=0x7fe274009bb0 comp rx=0 tx=0).stop
2024-02-22T01:29:02.676 INFO:teuthology.orchestra.run.smithi097.stdout:/usr/bin/ceph: stderr
2024-02-22T01:29:01.942+0000 7fe288800700 1 -- 172.21.15.97:0/3251224334 shutdown_connections
2024-02-22T01:29:02.676 INFO:teuthology.orchestra.run.smithi097.stdout:/usr/bin/ceph: stderr
2024-02-22T01:29:01.942+0000 7fe288800700 1 --2- 172.21.15.97:0/3251224334 >> [v2:172.21.15.97:3300/0,v1:172.21.15.97:6789/0] conn(0x7fe2801065b0 0x7fe2801069d0 unknown :-1 s=CLOSED pgs=41 cs=0 l=1 rev1=1 crypto rx=0 tx=0 comp rx=0 tx=0).stop
2024-02-22T01:29:02.676 INFO:teuthology.orchestra.run.smithi097.stdout:/usr/bin/ceph: stderr
2024-02-22T01:29:01.942+0000 7fe288800700 1 -- 172.21.15.97:0/3251224334 >> 172.21.15.97:0/3251224334 conn(0x7fe280101b10 msgr2=0x7fe280103f90 unknown :-1 s=STATE_NONE l=0).mark_down
2024-02-22T01:29:02.676 INFO:teuthology.orchestra.run.smithi097.stdout:/usr/bin/ceph: stderr
2024-02-22T01:29:01.942+0000 7fe288800700 1 -- 172.21.15.97:0/3251224334 shutdown_connections
2024-02-22T01:29:02.677 INFO:teuthology.orchestra.run.smithi097.stdout:/usr/bin/ceph: stderr
2024-02-22T01:29:01.942+0000 7fe288800700 1 -- 172.21.15.97:0/3251224334 wait complete.
2024-02-22T01:29:02.677 INFO:teuthology.orchestra.run.smithi097.stdout:/usr/bin/ceph: stderr
2024-02-22T01:29:01.943+0000 7fe288800700 1 Processor -- start
2024-02-22T01:29:02.677 INFO:teuthology.orchestra.run.smithi097.stdout:/usr/bin/ceph: stderr
2024-02-22T01:29:01.944+0000 7fe288800700 1 -- start start
2024-02-22T01:29:02.677 INFO:teuthology.orchestra.run.smithi097.stdout:/usr/bin/ceph: stderr
2024-02-22T01:29:01.944+0000 7fe288800700 1 --2- >> [v2:172.21.15.97:3300/0,v1:172.21.15.97:6789/0] conn(0x7fe2801065b0 0x7fe28007a9f0 unknown :-1 s=NONE pgs=0 cs=0 l=1 rev1=0 crypto rx=0 tx=0 comp rx=0 tx=0).connect
2024-02-22T01:29:02.677 INFO:teuthology.orchestra.run.smithi097.stdout:/usr/bin/ceph: stderr
2024-02-22T01:29:01.944+0000 7fe288800700 1 -- --> [v2:172.21.15.97:3300/0,v1:172.21.15.97:6789/0] -- mon_getmap magic: 0 v1 -- 0x7fe28007af30 con 0x7fe2801065b0
2024-02-22T01:29:02.677 INFO:teuthology.orchestra.run.smithi097.stdout:/usr/bin/ceph: stderr
2024-02-22T01:29:01.944+0000 7fe285e00700 1 --2- >> [v2:172.21.15.97:3300/0,v1:172.21.15.97:6789/0] conn(0x7fe2801065b0 0x7fe28007a9f0 unknown :-1 s=BANNER_CONNECTING pgs=0 cs=0 l=1 rev1=0 crypto rx=0 tx=0 comp rx=0 tx=0)._handle_peer_banner_payload supported=3 required=0
2024-02-22T01:29:02.677 INFO:teuthology.orchestra.run.smithi097.stdout:/usr/bin/ceph: stderr
2024-02-22T01:29:01.944+0000 7fe285e00700 1 --2- >> [v2:172.21.15.97:3300/0,v1:172.21.15.97:6789/0] conn(0x7fe2801065b0 0x7fe28007a9f0 unknown :-1 s=HELLO_CONNECTING pgs=0 cs=0 l=1 rev1=1 crypto rx=0 tx=0 comp rx=0 tx=0).handle_hello peer v2:172.21.15.97:3300/0 says I am v2:172.21.15.97:41284/0 (socket says 172.21.15.97:41284)
2024-02-22T01:29:02.677 INFO:teuthology.orchestra.run.smithi097.stdout:/usr/bin/ceph: stderr
2024-02-22T01:29:01.944+0000 7fe285e00700 1 -- 172.21.15.97:0/1904324920 learned_addr learned my addr 172.21.15.97:0/1904324920 (peer_addr_for_me v2:172.21.15.97:0/0)
2024-02-22T01:29:02.677 INFO:teuthology.orchestra.run.smithi097.stdout:/usr/bin/ceph: stderr
2024-02-22T01:29:01.945+0000 7fe285e00700 1 -- 172.21.15.97:0/1904324920 --> [v2:172.21.15.97:3300/0,v1:172.21.15.97:6789/0] -- mon_subscribe({config=0+,monmap=0+}) v3 -- 0x7fe274009550 con 0x7fe2801065b0
2024-02-22T01:29:02.677 INFO:teuthology.orchestra.run.smithi097.stdout:/usr/bin/ceph: stderr
2024-02-22T01:29:01.945+0000 7fe285e00700 1 --2- 172.21.15.97:0/1904324920 >> [v2:172.21.15.97:3300/0,v1:172.21.15.97:6789/0] conn(0x7fe2801065b0 0x7fe28007a9f0 secure :-1 s=READY pgs=42 cs=0 l=1 rev1=1 crypto rx=0x7fe274009130 tx=0x7fe274011ad0 comp rx=0 tx=0).ready entity=mon.0 client_cookie=0 server_cookie=0 in_seq=0 out_seq=0
2024-02-22T01:29:02.677 INFO:teuthology.orchestra.run.smithi097.stdout:/usr/bin/ceph: stderr
2024-02-22T01:29:01.945+0000 7fe27aa00700 1 -- 172.21.15.97:0/1904324920 <== mon.0 v2:172.21.15.97:3300/0 1 ==== mon_map magic: 0 v1 ==== 205+0+0 (secure 0 0 0) 0x7fe274003ab0 con 0x7fe2801065b0
2024-02-22T01:29:02.677 INFO:teuthology.orchestra.run.smithi097.stdout:/usr/bin/ceph: stderr
2024-02-22T01:29:01.945+0000 7fe27aa00700 1 -- 172.21.15.97:0/1904324920 <== mon.0 v2:172.21.15.97:3300/0 2 ==== config(26 keys) v1 ==== 1074+0+0 (secure 0 0 0) 0x7fe274003c10 con 0x7fe2801065b0
2024-02-22T01:29:02.677 INFO:teuthology.orchestra.run.smithi097.stdout:/usr/bin/ceph: stderr
2024-02-22T01:29:01.945+0000 7fe288800700 1 -- 172.21.15.97:0/1904324920 --> [v2:172.21.15.97:3300/0,v1:172.21.15.97:6789/0] -- mon_subscribe({mgrmap=0+}) v3 -- 0x7fe280079170 con 0x7fe2801065b0
2024-02-22T01:29:02.678 INFO:teuthology.orchestra.run.smithi097.stdout:/usr/bin/ceph: stderr
2024-02-22T01:29:01.945+0000 7fe27aa00700 1 -- 172.21.15.97:0/1904324920 <== mon.0 v2:172.21.15.97:3300/0 3 ==== mon_map magic: 0 v1 ==== 205+0+0 (secure 0 0 0) 0x7fe2740247d0 con 0x7fe2801065b0
2024-02-22T01:29:02.678 INFO:teuthology.orchestra.run.smithi097.stdout:/usr/bin/ceph: stderr
2024-02-22T01:29:01.945+0000 7fe288800700 1 -- 172.21.15.97:0/1904324920 --> [v2:172.21.15.97:3300/0,v1:172.21.15.97:6789/0] -- mon_subscribe({osdmap=0}) v3 -- 0x7fe280079610 con 0x7fe2801065b0
2024-02-22T01:29:02.678 INFO:teuthology.orchestra.run.smithi097.stdout:/usr/bin/ceph: stderr
2024-02-22T01:29:01.946+0000 7fe27aa00700 1 -- 172.21.15.97:0/1904324920 <== mon.0 v2:172.21.15.97:3300/0 4 ==== mgrmap(e 8) v1 ==== 45537+0+0 (secure 0 0 0) 0x7fe27402d3f0 con 0x7fe2801065b0
2024-02-22T01:29:02.678 INFO:teuthology.orchestra.run.smithi097.stdout:/usr/bin/ceph: stderr
2024-02-22T01:29:01.947+0000 7fe27aa00700 1 --2- 172.21.15.97:0/1904324920 >> [v2:172.21.15.97:6800/1120959736,v1:172.21.15.97:6801/1120959736] conn(0x7fe268038750 0x7fe26803ac10 unknown :-1 s=NONE pgs=0 cs=0 l=1 rev1=0 crypto rx=0 tx=0 comp rx=0 tx=0).connect
2024-02-22T01:29:02.678 INFO:teuthology.orchestra.run.smithi097.stdout:/usr/bin/ceph: stderr
2024-02-22T01:29:01.947+0000 7fe288800700 1 -- 172.21.15.97:0/1904324920 --> [v2:172.21.15.97:3300/0,v1:172.21.15.97:6789/0] -- mon_command({"prefix": "get_command_descriptions"} v 0) v1 -- 0x7fe2800623a0 con 0x7fe2801065b0
2024-02-22T01:29:02.678 INFO:teuthology.orchestra.run.smithi097.stdout:/usr/bin/ceph: stderr
2024-02-22T01:29:01.947+0000 7fe27aa00700 1 -- 172.21.15.97:0/1904324920 <== mon.0 v2:172.21.15.97:3300/0 5 ==== osd_map(2..2 src has 1..2) v4 ==== 940+0+0 (secure 0 0 0) 0x7fe27404ca10 con 0x7fe2801065b0
2024-02-22T01:29:02.678 INFO:teuthology.orchestra.run.smithi097.stdout:/usr/bin/ceph: stderr
2024-02-22T01:29:01.947+0000 7fe285400700 1 --2- 172.21.15.97:0/1904324920 >> [v2:172.21.15.97:6800/1120959736,v1:172.21.15.97:6801/1120959736] conn(0x7fe268038750 0x7fe26803ac10 unknown :-1 s=BANNER_CONNECTING pgs=0 cs=0 l=1 rev1=0 crypto rx=0 tx=0 comp rx=0 tx=0)._handle_peer_banner_payload supported=3 required=0
2024-02-22T01:29:02.678 INFO:teuthology.orchestra.run.smithi097.stdout:/usr/bin/ceph: stderr
2024-02-22T01:29:01.947+0000 7fe285400700 1 --2- 172.21.15.97:0/1904324920 >> [v2:172.21.15.97:6800/1120959736,v1:172.21.15.97:6801/1120959736] conn(0x7fe268038750 0x7fe26803ac10 secure :-1 s=READY pgs=9 cs=0 l=1 rev1=1 crypto rx=0x7fe270006fd0 tx=0x7fe270006e40 comp rx=0 tx=0).ready entity=mgr.14120 client_cookie=0 server_cookie=0 in_seq=0 out_seq=0
2024-02-22T01:29:02.678 INFO:teuthology.orchestra.run.smithi097.stdout:/usr/bin/ceph: stderr
2024-02-22T01:29:01.952+0000 7fe27aa00700 1 -- 172.21.15.97:0/1904324920 <== mon.0 v2:172.21.15.97:3300/0 6 ==== mon_command_ack([{"prefix": "get_command_descriptions"}]=0 v0) v1 ==== 72+0+182595 (secure 0 0 0) 0x7fe27402d6f0 con 0x7fe2801065b0
2024-02-22T01:29:02.678 INFO:teuthology.orchestra.run.smithi097.stdout:/usr/bin/ceph: stderr
2024-02-22T01:29:02.153+0000 7fe288800700 1 -- 172.21.15.97:0/1904324920 --> [v2:172.21.15.97:6800/1120959736,v1:172.21.15.97:6801/1120959736] -- mgr_command(tid 0: {"prefix": "cephadm generate-key", "target": ["mon-mgr", ""]}) v1 -- 0x7fe28010abd0 con 0x7fe268038750
2024-02-22T01:29:02.678 INFO:teuthology.orchestra.run.smithi097.stdout:/usr/bin/ceph: stderr
2024-02-22T01:29:02.363+0000 7fe27aa00700 1 -- 172.21.15.97:0/1904324920 <== mgr.14120 v2:172.21.15.97:6800/1120959736 1 ==== mgr_command_reply(tid 0: 0 ) v1 ==== 8+0+0 (secure 0 0 0) 0x7fe270009e20 con 0x7fe268038750
2024-02-22T01:29:02.678 INFO:teuthology.orchestra.run.smithi097.stdout:/usr/bin/ceph: stderr
2024-02-22T01:29:02.366+0000 7fe288800700 1 -- 172.21.15.97:0/1904324920 >> [v2:172.21.15.97:6800/1120959736,v1:172.21.15.97:6801/1120959736] conn(0x7fe268038750 msgr2=0x7fe26803ac10 secure :-1 s=STATE_CONNECTION_ESTABLISHED l=1).mark_down
2024-02-22T01:29:02.678 INFO:teuthology.orchestra.run.smithi097.stdout:/usr/bin/ceph: stderr
2024-02-22T01:29:02.366+0000 7fe288800700 1 --2- 172.21.15.97:0/1904324920 >> [v2:172.21.15.97:6800/1120959736,v1:172.21.15.97:6801/1120959736] conn(0x7fe268038750 0x7fe26803ac10 secure :-1 s=READY pgs=9 cs=0 l=1 rev1=1 crypto rx=0x7fe270006fd0 tx=0x7fe270006e40 comp rx=0 tx=0).stop
2024-02-22T01:29:02.679 INFO:teuthology.orchestra.run.smithi097.stdout:/usr/bin/ceph: stderr
2024-02-22T01:29:02.366+0000 7fe288800700 1 -- 172.21.15.97:0/1904324920 >> [v2:172.21.15.97:3300/0,v1:172.21.15.97:6789/0] conn(0x7fe2801065b0 msgr2=0x7fe28007a9f0 secure :-1 s=STATE_CONNECTION_ESTABLISHED l=1).mark_down
2024-02-22T01:29:02.679 INFO:teuthology.orchestra.run.smithi097.stdout:/usr/bin/ceph: stderr
2024-02-22T01:29:02.366+0000 7fe288800700 1 --2- 172.21.15.97:0/1904324920 >> [v2:172.21.15.97:3300/0,v1:172.21.15.97:6789/0] conn(0x7fe2801065b0 0x7fe28007a9f0 secure :-1 s=READY pgs=42 cs=0 l=1 rev1=1 crypto rx=0x7fe274009130 tx=0x7fe274011ad0 comp rx=0 tx=0).stop
2024-02-22T01:29:02.679 INFO:teuthology.orchestra.run.smithi097.stdout:/usr/bin/ceph: stderr
2024-02-22T01:29:02.366+0000 7fe288800700 1 -- 172.21.15.97:0/1904324920 shutdown_connections
2024-02-22T01:29:02.679 INFO:teuthology.orchestra.run.smithi097.stdout:/usr/bin/ceph: stderr
2024-02-22T01:29:02.366+0000 7fe288800700 1 --2- 172.21.15.97:0/1904324920 >> [v2:172.21.15.97:6800/1120959736,v1:172.21.15.97:6801/1120959736] conn(0x7fe268038750 0x7fe26803ac10 unknown :-1 s=CLOSED pgs=9 cs=0 l=1 rev1=1 crypto rx=0 tx=0 comp rx=0 tx=0).stop
2024-02-22T01:29:02.679 INFO:teuthology.orchestra.run.smithi097.stdout:/usr/bin/ceph: stderr
2024-02-22T01:29:02.366+0000 7fe288800700 1 --2- 172.21.15.97:0/1904324920 >> [v2:172.21.15.97:3300/0,v1:172.21.15.97:6789/0] conn(0x7fe2801065b0 0x7fe28007a9f0 unknown :-1 s=CLOSED pgs=42 cs=0 l=1 rev1=1 crypto rx=0 tx=0 comp rx=0 tx=0).stop
2024-02-22T01:29:02.679 INFO:teuthology.orchestra.run.smithi097.stdout:/usr/bin/ceph: stderr
2024-02-22T01:29:02.366+0000 7fe288800700 1 -- 172.21.15.97:0/1904324920 >> 172.21.15.97:0/1904324920 conn(0x7fe280101b10 msgr2=0x7fe280102750 unknown :-1 s=STATE_NONE l=0).mark_down
2024-02-22T01:29:02.679 INFO:teuthology.orchestra.run.smithi097.stdout:/usr/bin/ceph: stderr
2024-02-22T01:29:02.366+0000 7fe288800700 1 -- 172.21.15.97:0/1904324920 shutdown_connections
2024-02-22T01:29:02.679 INFO:teuthology.orchestra.run.smithi097.stdout:/usr/bin/ceph: stderr
2024-02-22T01:29:02.366+0000 7fe288800700 1 -- 172.21.15.97:0/1904324920 wait complete.
2024-02-22T01:29:03.617 INFO:teuthology.orchestra.run.smithi097.stdout:/usr/bin/ceph: stdout ssh-rsa AAAAB3NzaC1yc2EAAAADAQABAAABgQDo77WEzeoUmFhLF6iKmBwR2PwiI1maI6s57qbEfxTN7x6O78WhN0VnpB6q0/6mkf+Ti3tqXgvASZ+lS8eMZ9UWN+ZM9+cjbL/6zEmY4MW4INu+1es5kDOyDZugnaQsAh5cF+8fDCvmJHuFCQPmQ7GVscoAik5suiVo9r/zVLMxmCGlQHO0JdABKOEBDBvNRAU7u3nh5gFPDSfinvxqLvyokD2Rvi39wairrwy6BBAczRqyXc+8sqOKTRsO9Flt347YyDQPTKipX2XW7Z7Dz9kvLC94evWAtvNoBEM/uBfk2C1Foj7SbztbnWndVcolqwYhIxH/NluMeRUNeKzxGatdSqSSvHo2QgPM61TEdTAOaaKC7J5ov10VfSPN5S3hLTqjDbMt9L6lnyRXbFyezwWCIK+MGZkWKl+lItTdgSOh6+uGD2Lxy2HlSZvrPZ3kY5KbTcyibwrfRulKPHHZZlzVGElcULKhb30OIuLi+FJ9N04u5LxIB+QSDdwvE7R4s6E= ceph-8b60b8c8-d121-11ee-95bd-87774f69a715
2024-02-22T01:29:03.617 INFO:teuthology.orchestra.run.smithi097.stdout:/usr/bin/ceph: stderr
2024-02-22T01:29:03.098+0000 7f1f5ae00700 1 Processor -- start
2024-02-22T01:29:03.617 INFO:journalctl@ceph.mon.a.smithi097.stdout:Feb 22 01:29:03 smithi097 ceph-mon[38094]: from='client.14136 -' entity='client.admin' cmd=[{"prefix": "cephadm generate-key", "target": ["mon-mgr", ""]}]: dispatch
2024-02-22T01:29:03.617 INFO:journalctl@ceph.mon.a.smithi097.stdout:Feb 22 01:29:03 smithi097 ceph-mon[38094]: Generating ssh key...
2024-02-22T01:29:03.617 INFO:journalctl@ceph.mon.a.smithi097.stdout:Feb 22 01:29:03 smithi097 ceph-mon[38094]: from='mgr.14120 172.21.15.97:0/4015446432' entity='mgr.x'
2024-02-22T01:29:03.617 INFO:journalctl@ceph.mon.a.smithi097.stdout:Feb 22 01:29:03 smithi097 ceph-mon[38094]: from='mgr.14120 172.21.15.97:0/4015446432' entity='mgr.x'
2024-02-22T01:29:03.623 INFO:teuthology.orchestra.run.smithi097.stdout:/usr/bin/ceph: stderr
2024-02-22T01:29:03.098+0000 7f1f5ae00700 1 -- start start
2024-02-22T01:29:03.623 INFO:teuthology.orchestra.run.smithi097.stdout:/usr/bin/ceph: stderr
2024-02-22T01:29:03.098+0000 7f1f5ae00700 1 --2- >> [v2:172.21.15.97:3300/0,v1:172.21.15.97:6789/0] conn(0x7f1f54106400 0x7f1f54106820 unknown :-1 s=NONE pgs=0 cs=0 l=0 rev1=0 crypto rx=0 tx=0 comp rx=0 tx=0).connect
2024-02-22T01:29:03.623 INFO:teuthology.orchestra.run.smithi097.stdout:/usr/bin/ceph: stderr
2024-02-22T01:29:03.098+0000 7f1f5ae00700 1 -- --> [v2:172.21.15.97:3300/0,v1:172.21.15.97:6789/0] -- mon_getmap magic: 0 v1 -- 0x7f1f54106df0 con 0x7f1f54106400
2024-02-22T01:29:03.623 INFO:teuthology.orchestra.run.smithi097.stdout:/usr/bin/ceph: stderr
2024-02-22T01:29:03.099+0000 7f1f59a00700 1 --2- >> [v2:172.21.15.97:3300/0,v1:172.21.15.97:6789/0] conn(0x7f1f54106400 0x7f1f54106820 unknown :-1 s=BANNER_CONNECTING pgs=0 cs=0 l=0 rev1=0 crypto rx=0 tx=0 comp rx=0 tx=0)._handle_peer_banner_payload supported=3 required=0
2024-02-22T01:29:03.624 INFO:teuthology.orchestra.run.smithi097.stdout:/usr/bin/ceph: stderr
2024-02-22T01:29:03.099+0000 7f1f59a00700 1 --2- >> [v2:172.21.15.97:3300/0,v1:172.21.15.97:6789/0] conn(0x7f1f54106400 0x7f1f54106820 unknown :-1 s=HELLO_CONNECTING pgs=0 cs=0 l=0 rev1=1 crypto rx=0 tx=0 comp rx=0 tx=0).handle_hello peer v2:172.21.15.97:3300/0 says I am v2:172.21.15.97:34700/0 (socket says 172.21.15.97:34700)
2024-02-22T01:29:03.624 INFO:teuthology.orchestra.run.smithi097.stdout:/usr/bin/ceph: stderr
2024-02-22T01:29:03.099+0000 7f1f59a00700 1 -- 172.21.15.97:0/2035690476 learned_addr learned my addr 172.21.15.97:0/2035690476 (peer_addr_for_me v2:172.21.15.97:0/0)
2024-02-22T01:29:03.624 INFO:teuthology.orchestra.run.smithi097.stdout:/usr/bin/ceph: stderr
2024-02-22T01:29:03.099+0000 7f1f59a00700 1 -- 172.21.15.97:0/2035690476 --> [v2:172.21.15.97:3300/0,v1:172.21.15.97:6789/0] -- mon_subscribe({config=0+,monmap=0+}) v3 -- 0x7f1f54107600 con 0x7f1f54106400
2024-02-22T01:29:03.624 INFO:teuthology.orchestra.run.smithi097.stdout:/usr/bin/ceph: stderr
2024-02-22T01:29:03.099+0000 7f1f59a00700 1 --2- 172.21.15.97:0/2035690476 >> [v2:172.21.15.97:3300/0,v1:172.21.15.97:6789/0] conn(0x7f1f54106400 0x7f1f54106820 secure :-1 s=READY pgs=43 cs=0 l=1 rev1=1 crypto rx=0x7f1f480098a0 tx=0x7f1f48009bb0 comp rx=0 tx=0).ready entity=mon.0 client_cookie=96feca6a873d68b6 server_cookie=0 in_seq=0 out_seq=0
2024-02-22T01:29:03.624 INFO:teuthology.orchestra.run.smithi097.stdout:/usr/bin/ceph: stderr
2024-02-22T01:29:03.099+0000 7f1f53e00700 1 -- 172.21.15.97:0/2035690476 <== mon.0 v2:172.21.15.97:3300/0 1 ==== mon_map magic: 0 v1 ==== 205+0+0 (secure 0 0 0) 0x7f1f48004160 con 0x7f1f54106400
2024-02-22T01:29:03.624 INFO:teuthology.orchestra.run.smithi097.stdout:/usr/bin/ceph: stderr
2024-02-22T01:29:03.100+0000 7f1f53e00700 1 -- 172.21.15.97:0/2035690476 <== mon.0 v2:172.21.15.97:3300/0 2 ==== config(26 keys) v1 ==== 1074+0+0 (secure 0 0 0) 0x7f1f480042c0 con 0x7f1f54106400
2024-02-22T01:29:03.625 INFO:teuthology.orchestra.run.smithi097.stdout:/usr/bin/ceph: stderr
2024-02-22T01:29:03.100+0000 7f1f53e00700 1 -- 172.21.15.97:0/2035690476 <== mon.0 v2:172.21.15.97:3300/0 3 ==== mon_map magic: 0 v1 ==== 205+0+0 (secure 0 0 0) 0x7f1f48011a00 con 0x7f1f54106400
2024-02-22T01:29:03.625 INFO:teuthology.orchestra.run.smithi097.stdout:/usr/bin/ceph: stderr
2024-02-22T01:29:03.100+0000 7f1f5ae00700 1 -- 172.21.15.97:0/2035690476 >> [v2:172.21.15.97:3300/0,v1:172.21.15.97:6789/0] conn(0x7f1f54106400 msgr2=0x7f1f54106820 secure :-1 s=STATE_CONNECTION_ESTABLISHED l=1).mark_down
2024-02-22T01:29:03.625 INFO:teuthology.orchestra.run.smithi097.stdout:/usr/bin/ceph: stderr
2024-02-22T01:29:03.100+0000 7f1f5ae00700 1 --2- 172.21.15.97:0/2035690476 >> [v2:172.21.15.97:3300/0,v1:172.21.15.97:6789/0] conn(0x7f1f54106400 0x7f1f54106820 secure :-1 s=READY pgs=43 cs=0 l=1 rev1=1 crypto rx=0x7f1f480098a0 tx=0x7f1f48009bb0 comp rx=0 tx=0).stop
2024-02-22T01:29:03.625 INFO:teuthology.orchestra.run.smithi097.stdout:/usr/bin/ceph: stderr
2024-02-22T01:29:03.100+0000 7f1f5ae00700 1 -- 172.21.15.97:0/2035690476 shutdown_connections
2024-02-22T01:29:03.625 INFO:teuthology.orchestra.run.smithi097.stdout:/usr/bin/ceph: stderr
2024-02-22T01:29:03.100+0000 7f1f5ae00700 1 --2- 172.21.15.97:0/2035690476 >> [v2:172.21.15.97:3300/0,v1:172.21.15.97:6789/0] conn(0x7f1f54106400 0x7f1f54106820 unknown :-1 s=CLOSED pgs=43 cs=0 l=1 rev1=1 crypto rx=0 tx=0 comp rx=0 tx=0).stop
2024-02-22T01:29:03.625 INFO:teuthology.orchestra.run.smithi097.stdout:/usr/bin/ceph: stderr
2024-02-22T01:29:03.100+0000 7f1f5ae00700 1 -- 172.21.15.97:0/2035690476 >> 172.21.15.97:0/2035690476 conn(0x7f1f541019c0 msgr2=0x7f1f54103de0 unknown :-1 s=STATE_NONE l=0).mark_down
2024-02-22T01:29:03.625 INFO:teuthology.orchestra.run.smithi097.stdout:/usr/bin/ceph: stderr
2024-02-22T01:29:03.100+0000 7f1f5ae00700 1 -- 172.21.15.97:0/2035690476 shutdown_connections
2024-02-22T01:29:03.625 INFO:teuthology.orchestra.run.smithi097.stdout:/usr/bin/ceph: stderr
2024-02-22T01:29:03.100+0000 7f1f5ae00700 1 -- 172.21.15.97:0/2035690476 wait complete.
2024-02-22T01:29:03.625 INFO:teuthology.orchestra.run.smithi097.stdout:/usr/bin/ceph: stderr
2024-02-22T01:29:03.101+0000 7f1f5ae00700 1 Processor -- start
2024-02-22T01:29:03.626 INFO:teuthology.orchestra.run.smithi097.stdout:/usr/bin/ceph: stderr
2024-02-22T01:29:03.101+0000 7f1f5ae00700 1 -- start start
2024-02-22T01:29:03.626 INFO:teuthology.orchestra.run.smithi097.stdout:/usr/bin/ceph: stderr
2024-02-22T01:29:03.102+0000 7f1f5ae00700 1 --2- >> [v2:172.21.15.97:3300/0,v1:172.21.15.97:6789/0] conn(0x7f1f54106400 0x7f1f5407a9f0 unknown :-1 s=NONE pgs=0 cs=0 l=1 rev1=0 crypto rx=0 tx=0 comp rx=0 tx=0).connect
2024-02-22T01:29:03.626 INFO:teuthology.orchestra.run.smithi097.stdout:/usr/bin/ceph: stderr
2024-02-22T01:29:03.102+0000 7f1f5ae00700 1 -- --> [v2:172.21.15.97:3300/0,v1:172.21.15.97:6789/0] -- mon_getmap magic: 0 v1 -- 0x7f1f5407af30 con 0x7f1f54106400
2024-02-22T01:29:03.626 INFO:teuthology.orchestra.run.smithi097.stdout:/usr/bin/ceph: stderr
2024-02-22T01:29:03.102+0000 7f1f59a00700 1 --2- >> [v2:172.21.15.97:3300/0,v1:172.21.15.97:6789/0] conn(0x7f1f54106400 0x7f1f5407a9f0 unknown :-1 s=BANNER_CONNECTING pgs=0 cs=0 l=1 rev1=0 crypto rx=0 tx=0 comp rx=0 tx=0)._handle_peer_banner_payload supported=3 required=0
2024-02-22T01:29:03.626 INFO:teuthology.orchestra.run.smithi097.stdout:/usr/bin/ceph: stderr
2024-02-22T01:29:03.102+0000 7f1f59a00700 1 --2- >> [v2:172.21.15.97:3300/0,v1:172.21.15.97:6789/0] conn(0x7f1f54106400 0x7f1f5407a9f0 unknown :-1 s=HELLO_CONNECTING pgs=0 cs=0 l=1 rev1=1 crypto rx=0 tx=0 comp rx=0 tx=0).handle_hello peer v2:172.21.15.97:3300/0 says I am v2:172.21.15.97:34708/0 (socket says 172.21.15.97:34708)
2024-02-22T01:29:03.626 INFO:teuthology.orchestra.run.smithi097.stdout:/usr/bin/ceph: stderr
2024-02-22T01:29:03.102+0000 7f1f59a00700 1 -- 172.21.15.97:0/3689598747 learned_addr learned my addr 172.21.15.97:0/3689598747 (peer_addr_for_me v2:172.21.15.97:0/0)
2024-02-22T01:29:03.626 INFO:teuthology.orchestra.run.smithi097.stdout:/usr/bin/ceph: stderr
2024-02-22T01:29:03.102+0000 7f1f59a00700 1 -- 172.21.15.97:0/3689598747 --> [v2:172.21.15.97:3300/0,v1:172.21.15.97:6789/0] -- mon_subscribe({config=0+,monmap=0+}) v3 -- 0x7f1f48009550 con 0x7f1f54106400
2024-02-22T01:29:03.626 INFO:teuthology.orchestra.run.smithi097.stdout:/usr/bin/ceph: stderr
2024-02-22T01:29:03.103+0000 7f1f59a00700 1 --2- 172.21.15.97:0/3689598747 >> [v2:172.21.15.97:3300/0,v1:172.21.15.97:6789/0] conn(0x7f1f54106400 0x7f1f5407a9f0 secure :-1 s=READY pgs=44 cs=0 l=1 rev1=1 crypto rx=0x7f1f48011710 tx=0x7f1f48011ad0 comp rx=0 tx=0).ready entity=mon.0 client_cookie=0 server_cookie=0 in_seq=0 out_seq=0
2024-02-22T01:29:03.626 INFO:teuthology.orchestra.run.smithi097.stdout:/usr/bin/ceph: stderr
2024-02-22T01:29:03.103+0000 7f1f52000700 1 -- 172.21.15.97:0/3689598747 <== mon.0 v2:172.21.15.97:3300/0 1 ==== mon_map magic: 0 v1 ==== 205+0+0 (secure 0 0 0) 0x7f1f48003aa0 con 0x7f1f54106400
2024-02-22T01:29:03.626 INFO:teuthology.orchestra.run.smithi097.stdout:/usr/bin/ceph: stderr
2024-02-22T01:29:03.103+0000 7f1f52000700 1 -- 172.21.15.97:0/3689598747 <== mon.0 v2:172.21.15.97:3300/0 2 ==== config(26 keys) v1 ==== 1074+0+0 (secure 0 0 0) 0x7f1f48003c00 con 0x7f1f54106400
2024-02-22T01:29:03.626 INFO:teuthology.orchestra.run.smithi097.stdout:/usr/bin/ceph: stderr
2024-02-22T01:29:03.103+0000 7f1f52000700 1 -- 172.21.15.97:0/3689598747 <== mon.0 v2:172.21.15.97:3300/0 3 ==== mon_map magic: 0 v1 ==== 205+0+0 (secure 0 0 0) 0x7f1f48024800 con 0x7f1f54106400
2024-02-22T01:29:03.626 INFO:teuthology.orchestra.run.smithi097.stdout:/usr/bin/ceph: stderr
2024-02-22T01:29:03.103+0000 7f1f5ae00700 1 -- 172.21.15.97:0/3689598747 --> [v2:172.21.15.97:3300/0,v1:172.21.15.97:6789/0] -- mon_subscribe({mgrmap=0+}) v3 -- 0x7f1f54079170 con 0x7f1f54106400
2024-02-22T01:29:03.626 INFO:teuthology.orchestra.run.smithi097.stdout:/usr/bin/ceph: stderr
2024-02-22T01:29:03.103+0000 7f1f5ae00700 1 -- 172.21.15.97:0/3689598747 --> [v2:172.21.15.97:3300/0,v1:172.21.15.97:6789/0] -- mon_subscribe({osdmap=0}) v3 -- 0x7f1f54079610 con 0x7f1f54106400
2024-02-22T01:29:03.626 INFO:teuthology.orchestra.run.smithi097.stdout:/usr/bin/ceph: stderr
2024-02-22T01:29:03.104+0000 7f1f52000700 1 -- 172.21.15.97:0/3689598747 <== mon.0 v2:172.21.15.97:3300/0 4 ==== mgrmap(e 8) v1 ==== 45537+0+0 (secure 0 0 0) 0x7f1f4801abd0 con 0x7f1f54106400
2024-02-22T01:29:03.626 INFO:teuthology.orchestra.run.smithi097.stdout:/usr/bin/ceph: stderr
2024-02-22T01:29:03.104+0000 7f1f5ae00700 1 -- 172.21.15.97:0/3689598747 --> [v2:172.21.15.97:3300/0,v1:172.21.15.97:6789/0] -- mon_command({"prefix": "get_command_descriptions"} v 0) v1 -- 0x7f1f540623a0 con 0x7f1f54106400
2024-02-22T01:29:03.627 INFO:teuthology.orchestra.run.smithi097.stdout:/usr/bin/ceph: stderr
2024-02-22T01:29:03.104+0000 7f1f52000700 1 --2- 172.21.15.97:0/3689598747 >> [v2:172.21.15.97:6800/1120959736,v1:172.21.15.97:6801/1120959736] conn(0x7f1f3c038750 0x7f1f3c03ac10 unknown :-1 s=NONE pgs=0 cs=0 l=1 rev1=0 crypto rx=0 tx=0 comp rx=0 tx=0).connect
2024-02-22T01:29:03.627 INFO:teuthology.orchestra.run.smithi097.stdout:/usr/bin/ceph: stderr
2024-02-22T01:29:03.104+0000 7f1f52000700 1 -- 172.21.15.97:0/3689598747 <== mon.0 v2:172.21.15.97:3300/0 5 ==== osd_map(2..2 src has 1..2) v4 ==== 940+0+0 (secure 0 0 0) 0x7f1f4804c6f0 con 0x7f1f54106400
2024-02-22T01:29:03.627 INFO:teuthology.orchestra.run.smithi097.stdout:/usr/bin/ceph: stderr
2024-02-22T01:29:03.105+0000 7f1f59000700 1 --2- 172.21.15.97:0/3689598747 >> [v2:172.21.15.97:6800/1120959736,v1:172.21.15.97:6801/1120959736] conn(0x7f1f3c038750 0x7f1f3c03ac10 unknown :-1 s=BANNER_CONNECTING pgs=0 cs=0 l=1 rev1=0 crypto rx=0 tx=0 comp rx=0 tx=0)._handle_peer_banner_payload supported=3 required=0
2024-02-22T01:29:03.627 INFO:teuthology.orchestra.run.smithi097.stdout:/usr/bin/ceph: stderr
2024-02-22T01:29:03.105+0000 7f1f59000700 1 --2- 172.21.15.97:0/3689598747 >> [v2:172.21.15.97:6800/1120959736,v1:172.21.15.97:6801/1120959736] conn(0x7f1f3c038750 0x7f1f3c03ac10 secure :-1 s=READY pgs=10 cs=0 l=1 rev1=1 crypto rx=0x7f1f40006fd0 tx=0x7f1f40006e40 comp rx=0 tx=0).ready entity=mgr.14120 client_cookie=0 server_cookie=0 in_seq=0 out_seq=0
2024-02-22T01:29:03.627 INFO:teuthology.orchestra.run.smithi097.stdout:/usr/bin/ceph: stderr
2024-02-22T01:29:03.109+0000 7f1f52000700 1 -- 172.21.15.97:0/3689598747 <== mon.0 v2:172.21.15.97:3300/0 6 ==== mon_command_ack([{"prefix": "get_command_descriptions"}]=0 v0) v1 ==== 72+0+182595 (secure 0 0 0) 0x7f1f48018760 con 0x7f1f54106400
2024-02-22T01:29:03.627 INFO:teuthology.orchestra.run.smithi097.stdout:/usr/bin/ceph: stderr
2024-02-22T01:29:03.314+0000 7f1f5ae00700 1 -- 172.21.15.97:0/3689598747 --> [v2:172.21.15.97:6800/1120959736,v1:172.21.15.97:6801/1120959736] -- mgr_command(tid 0: {"prefix": "cephadm get-pub-key", "target": ["mon-mgr", ""]}) v1 -- 0x7f1f5407a030 con 0x7f1f3c038750
2024-02-22T01:29:03.627 INFO:teuthology.orchestra.run.smithi097.stdout:/usr/bin/ceph: stderr
2024-02-22T01:29:03.315+0000 7f1f52000700 1 -- 172.21.15.97:0/3689598747 <== mgr.14120 v2:172.21.15.97:6800/1120959736 1 ==== mgr_command_reply(tid 0: 0 ) v1 ==== 8+0+595 (secure 0 0 0) 0x7f1f5407a030 con 0x7f1f3c038750
2024-02-22T01:29:03.627 INFO:teuthology.orchestra.run.smithi097.stdout:/usr/bin/ceph: stderr
2024-02-22T01:29:03.317+0000 7f1f5ae00700 1 -- 172.21.15.97:0/3689598747 >> [v2:172.21.15.97:6800/1120959736,v1:172.21.15.97:6801/1120959736] conn(0x7f1f3c038750 msgr2=0x7f1f3c03ac10 secure :-1 s=STATE_CONNECTION_ESTABLISHED l=1).mark_down
2024-02-22T01:29:03.627 INFO:teuthology.orchestra.run.smithi097.stdout:/usr/bin/ceph: stderr
2024-02-22T01:29:03.317+0000 7f1f5ae00700 1 --2- 172.21.15.97:0/3689598747 >> [v2:172.21.15.97:6800/1120959736,v1:172.21.15.97:6801/1120959736] conn(0x7f1f3c038750 0x7f1f3c03ac10 secure :-1 s=READY pgs=10 cs=0 l=1 rev1=1 crypto rx=0x7f1f40006fd0 tx=0x7f1f40006e40 comp rx=0 tx=0).stop
2024-02-22T01:29:03.627 INFO:teuthology.orchestra.run.smithi097.stdout:/usr/bin/ceph: stderr
2024-02-22T01:29:03.317+0000 7f1f5ae00700 1 -- 172.21.15.97:0/3689598747 >> [v2:172.21.15.97:3300/0,v1:172.21.15.97:6789/0] conn(0x7f1f54106400 msgr2=0x7f1f5407a9f0 secure :-1 s=STATE_CONNECTION_ESTABLISHED l=1).mark_down
2024-02-22T01:29:03.627 INFO:teuthology.orchestra.run.smithi097.stdout:/usr/bin/ceph: stderr
2024-02-22T01:29:03.317+0000 7f1f5ae00700 1 --2- 172.21.15.97:0/3689598747 >> [v2:172.21.15.97:3300/0,v1:172.21.15.97:6789/0] conn(0x7f1f54106400 0x7f1f5407a9f0 secure :-1 s=READY pgs=44 cs=0 l=1 rev1=1 crypto rx=0x7f1f48011710 tx=0x7f1f48011ad0 comp rx=0 tx=0).stop
2024-02-22T01:29:03.627 INFO:teuthology.orchestra.run.smithi097.stdout:/usr/bin/ceph: stderr
2024-02-22T01:29:03.317+0000 7f1f5ae00700 1 -- 172.21.15.97:0/3689598747 shutdown_connections
2024-02-22T01:29:03.627 INFO:teuthology.orchestra.run.smithi097.stdout:/usr/bin/ceph: stderr
2024-02-22T01:29:03.317+0000 7f1f5ae00700 1 --2- 172.21.15.97:0/3689598747 >> [v2:172.21.15.97:6800/1120959736,v1:172.21.15.97:6801/1120959736] conn(0x7f1f3c038750 0x7f1f3c03ac10 unknown :-1 s=CLOSED pgs=10 cs=0 l=1 rev1=1 crypto rx=0 tx=0 comp rx=0 tx=0).stop
2024-02-22T01:29:03.627 INFO:teuthology.orchestra.run.smithi097.stdout:/usr/bin/ceph: stderr
2024-02-22T01:29:03.317+0000 7f1f5ae00700 1 --2- 172.21.15.97:0/3689598747 >> [v2:172.21.15.97:3300/0,v1:172.21.15.97:6789/0] conn(0x7f1f54106400 0x7f1f5407a9f0 unknown :-1 s=CLOSED pgs=44 cs=0 l=1 rev1=1 crypto rx=0 tx=0 comp rx=0 tx=0).stop
2024-02-22T01:29:03.628 INFO:teuthology.orchestra.run.smithi097.stdout:/usr/bin/ceph: stderr
2024-02-22T01:29:03.317+0000 7f1f5ae00700 1 -- 172.21.15.97:0/3689598747 >> 172.21.15.97:0/3689598747 conn(0x7f1f541019c0 msgr2=0x7f1f54102660 unknown :-1 s=STATE_NONE l=0).mark_down
2024-02-22T01:29:03.628 INFO:teuthology.orchestra.run.smithi097.stdout:/usr/bin/ceph: stderr
2024-02-22T01:29:03.317+0000 7f1f5ae00700 1 -- 172.21.15.97:0/3689598747 shutdown_connections
2024-02-22T01:29:03.628 INFO:teuthology.orchestra.run.smithi097.stdout:/usr/bin/ceph: stderr
2024-02-22T01:29:03.317+0000 7f1f5ae00700 1 -- 172.21.15.97:0/3689598747 wait complete.
2024-02-22T01:29:03.628 INFO:teuthology.orchestra.run.smithi097.stdout:Wrote public SSH key to /home/ubuntu/cephtest/ceph.pub
2024-02-22T01:29:03.628 INFO:teuthology.orchestra.run.smithi097.stdout:Adding key to root@localhost authorized_keys...
2024-02-22T01:29:03.628 INFO:teuthology.orchestra.run.smithi097.stdout:Adding host smithi097...
2024-02-22T01:29:04.838 INFO:journalctl@ceph.mon.a.smithi097.stdout:Feb 22 01:29:04 smithi097 ceph-mon[38094]: from='client.14138 -' entity='client.admin' cmd=[{"prefix": "cephadm get-pub-key", "target": ["mon-mgr", ""]}]: dispatch
2024-02-22T01:29:06.166 INFO:journalctl@ceph.mon.a.smithi097.stdout:Feb 22 01:29:05 smithi097 ceph-mon[38094]: from='client.14140 -' entity='client.admin' cmd=[{"prefix": "orch host add", "hostname": "smithi097", "addr": "172.21.15.97", "target": ["mon-mgr", ""]}]: dispatch
2024-02-22T01:29:07.146 INFO:journalctl@ceph.mon.a.smithi097.stdout:Feb 22 01:29:06 smithi097 ceph-mon[38094]: Deploying cephadm binary to smithi097
2024-02-22T01:29:07.482 INFO:teuthology.orchestra.run.smithi097.stdout:/usr/bin/ceph: stdout Added host 'smithi097' with addr '172.21.15.97'
2024-02-22T01:29:07.482 INFO:teuthology.orchestra.run.smithi097.stdout:/usr/bin/ceph: stderr
2024-02-22T01:29:04.016+0000 7f7877e00700 1 Processor -- start
2024-02-22T01:29:07.483 INFO:teuthology.orchestra.run.smithi097.stdout:/usr/bin/ceph: stderr
2024-02-22T01:29:04.016+0000 7f7877e00700 1 -- start start
2024-02-22T01:29:07.483 INFO:teuthology.orchestra.run.smithi097.stdout:/usr/bin/ceph: stderr
2024-02-22T01:29:04.016+0000 7f7877e00700 1 --2- >> [v2:172.21.15.97:3300/0,v1:172.21.15.97:6789/0] conn(0x7f787007ad50 0x7f78700791b0 unknown :-1 s=NONE pgs=0 cs=0 l=0 rev1=0 crypto rx=0 tx=0 comp rx=0 tx=0).connect
2024-02-22T01:29:07.483 INFO:teuthology.orchestra.run.smithi097.stdout:/usr/bin/ceph: stderr
2024-02-22T01:29:04.016+0000 7f7877e00700 1 -- --> [v2:172.21.15.97:3300/0,v1:172.21.15.97:6789/0] -- mon_getmap magic: 0 v1 -- 0x7f7870079780 con 0x7f787007ad50
2024-02-22T01:29:07.483 INFO:teuthology.orchestra.run.smithi097.stdout:/usr/bin/ceph: stderr
2024-02-22T01:29:04.016+0000 7f7875400700 1 --2- >> [v2:172.21.15.97:3300/0,v1:172.21.15.97:6789/0] conn(0x7f787007ad50 0x7f78700791b0 unknown :-1 s=BANNER_CONNECTING pgs=0 cs=0 l=0 rev1=0 crypto rx=0 tx=0 comp rx=0 tx=0)._handle_peer_banner_payload supported=3 required=0
2024-02-22T01:29:07.483 INFO:teuthology.orchestra.run.smithi097.stdout:/usr/bin/ceph: stderr
2024-02-22T01:29:04.017+0000 7f7875400700 1 --2- >> [v2:172.21.15.97:3300/0,v1:172.21.15.97:6789/0] conn(0x7f787007ad50 0x7f78700791b0 unknown :-1 s=HELLO_CONNECTING pgs=0 cs=0 l=0 rev1=1 crypto rx=0 tx=0 comp rx=0 tx=0).handle_hello peer v2:172.21.15.97:3300/0 says I am v2:172.21.15.97:34724/0 (socket says 172.21.15.97:34724)
2024-02-22T01:29:07.483 INFO:teuthology.orchestra.run.smithi097.stdout:/usr/bin/ceph: stderr
2024-02-22T01:29:04.017+0000 7f7875400700 1 -- 172.21.15.97:0/2449435802 learned_addr learned my addr 172.21.15.97:0/2449435802 (peer_addr_for_me v2:172.21.15.97:0/0)
2024-02-22T01:29:07.483 INFO:teuthology.orchestra.run.smithi097.stdout:/usr/bin/ceph: stderr
2024-02-22T01:29:04.017+0000 7f7875400700 1 -- 172.21.15.97:0/2449435802 --> [v2:172.21.15.97:3300/0,v1:172.21.15.97:6789/0] -- mon_subscribe({config=0+,monmap=0+}) v3 -- 0x7f78700798c0 con 0x7f787007ad50
2024-02-22T01:29:07.483 INFO:teuthology.orchestra.run.smithi097.stdout:/usr/bin/ceph: stderr
