2024-02-22T15:40:56.174+0000 7f2e845d7700 1 -- 172.21.15.19:0/326830732 --> [v2:172.21.15.19:3300/0,v1:172.21.15.19:6789/0] -- mon_command({"prefix": "get_command_descriptions"} v 0) v1 -- 0x7f2e7c04bed0 con 0x7f2e7c101560
2024-02-22T15:40:56.960 INFO:teuthology.orchestra.run.smithi019.stdout:/usr/bin/ceph: stderr
2024-02-22T15:40:56.174+0000 7f2e72ffd700 1 --2- 172.21.15.19:0/326830732 >> [v2:172.21.15.19:6800/3545757717,v1:172.21.15.19:6801/3545757717] conn(0x7f2e68036790 0x7f2e68038c40 unknown :-1 s=NONE pgs=0 cs=0 l=1 rev1=0 crypto rx=0 tx=0 comp rx=0 tx=0).connect
2024-02-22T15:40:56.960 INFO:teuthology.orchestra.run.smithi019.stdout:/usr/bin/ceph: stderr
2024-02-22T15:40:56.174+0000 7f2e72ffd700 1 -- 172.21.15.19:0/326830732 <== mon.0 v2:172.21.15.19:3300/0 5 ==== osd_map(2..2 src has 1..2) v4 ==== 936+0+0 (secure 0 0 0) 0x7f2e6c04a730 con 0x7f2e7c101560
2024-02-22T15:40:56.961 INFO:teuthology.orchestra.run.smithi019.stdout:/usr/bin/ceph: stderr
2024-02-22T15:40:56.174+0000 7f2e81b72700 1 --2- 172.21.15.19:0/326830732 >> [v2:172.21.15.19:6800/3545757717,v1:172.21.15.19:6801/3545757717] conn(0x7f2e68036790 0x7f2e68038c40 unknown :-1 s=BANNER_CONNECTING pgs=0 cs=0 l=1 rev1=0 crypto rx=0 tx=0 comp rx=0 tx=0)._handle_peer_banner_payload supported=3 required=0
2024-02-22T15:40:56.961 INFO:teuthology.orchestra.run.smithi019.stdout:/usr/bin/ceph: stderr
2024-02-22T15:40:56.175+0000 7f2e81b72700 1 --2- 172.21.15.19:0/326830732 >> [v2:172.21.15.19:6800/3545757717,v1:172.21.15.19:6801/3545757717] conn(0x7f2e68036790 0x7f2e68038c40 secure :-1 s=READY pgs=16 cs=0 l=1 rev1=1 crypto rx=0x7f2e78009990 tx=0x7f2e78006e40 comp rx=0 tx=0).ready entity=mgr.14118 client_cookie=0 server_cookie=0 in_seq=0 out_seq=0
2024-02-22T15:40:56.961 INFO:teuthology.orchestra.run.smithi019.stdout:/usr/bin/ceph: stderr
2024-02-22T15:40:56.179+0000 7f2e72ffd700 1 -- 172.21.15.19:0/326830732 <== mon.0 v2:172.21.15.19:3300/0 6 ==== mon_command_ack([{"prefix": "get_command_descriptions"}]=0 v0) v1 ==== 72+0+175031 (secure 0 0 0) 0x7f2e6c01a9f0 con 0x7f2e7c101560
2024-02-22T15:40:56.961 INFO:teuthology.orchestra.run.smithi019.stdout:/usr/bin/ceph: stderr
2024-02-22T15:40:56.381+0000 7f2e845d7700 1 -- 172.21.15.19:0/326830732 --> [v2:172.21.15.19:6800/3545757717,v1:172.21.15.19:6801/3545757717] -- mgr_command(tid 0: {"prefix": "orch apply", "service_type": "grafana", "target": ["mon-mgr", ""]}) v1 -- 0x7f2e7c0fe1a0 con 0x7f2e68036790
2024-02-22T15:40:56.961 INFO:teuthology.orchestra.run.smithi019.stdout:/usr/bin/ceph: stderr
2024-02-22T15:40:56.385+0000 7f2e72ffd700 1 -- 172.21.15.19:0/326830732 <== mgr.14118 v2:172.21.15.19:6800/3545757717 1 ==== mgr_command_reply(tid 0: 0 ) v1 ==== 8+0+28 (secure 0 0 0) 0x7f2e7c0fe1a0 con 0x7f2e68036790
2024-02-22T15:40:56.961 INFO:teuthology.orchestra.run.smithi019.stdout:/usr/bin/ceph: stderr
2024-02-22T15:40:56.387+0000 7f2e845d7700 1 -- 172.21.15.19:0/326830732 >> [v2:172.21.15.19:6800/3545757717,v1:172.21.15.19:6801/3545757717] conn(0x7f2e68036790 msgr2=0x7f2e68038c40 secure :-1 s=STATE_CONNECTION_ESTABLISHED l=1).mark_down
2024-02-22T15:40:56.961 INFO:teuthology.orchestra.run.smithi019.stdout:/usr/bin/ceph: stderr
2024-02-22T15:40:56.387+0000 7f2e845d7700 1 --2- 172.21.15.19:0/326830732 >> [v2:172.21.15.19:6800/3545757717,v1:172.21.15.19:6801/3545757717] conn(0x7f2e68036790 0x7f2e68038c40 secure :-1 s=READY pgs=16 cs=0 l=1 rev1=1 crypto rx=0x7f2e78009990 tx=0x7f2e78006e40 comp rx=0 tx=0).stop
2024-02-22T15:40:56.961 INFO:teuthology.orchestra.run.smithi019.stdout:/usr/bin/ceph: stderr
2024-02-22T15:40:56.387+0000 7f2e845d7700 1 -- 172.21.15.19:0/326830732 >> [v2:172.21.15.19:3300/0,v1:172.21.15.19:6789/0] conn(0x7f2e7c101560 msgr2=0x7f2e7c110300 secure :-1 s=STATE_CONNECTION_ESTABLISHED l=1).mark_down
2024-02-22T15:40:56.961 INFO:teuthology.orchestra.run.smithi019.stdout:/usr/bin/ceph: stderr
2024-02-22T15:40:56.387+0000 7f2e845d7700 1 --2- 172.21.15.19:0/326830732 >> [v2:172.21.15.19:3300/0,v1:172.21.15.19:6789/0] conn(0x7f2e7c101560 0x7f2e7c110300 secure :-1 s=READY pgs=54 cs=0 l=1 rev1=1 crypto rx=0x7f2e6c00bac0 tx=0x7f2e6c009250 comp rx=0 tx=0).stop
2024-02-22T15:40:56.961 INFO:teuthology.orchestra.run.smithi019.stdout:/usr/bin/ceph: stderr
2024-02-22T15:40:56.387+0000 7f2e845d7700 1 -- 172.21.15.19:0/326830732 shutdown_connections
2024-02-22T15:40:56.961 INFO:teuthology.orchestra.run.smithi019.stdout:/usr/bin/ceph: stderr
2024-02-22T15:40:56.387+0000 7f2e845d7700 1 --2- 172.21.15.19:0/326830732 >> [v2:172.21.15.19:6800/3545757717,v1:172.21.15.19:6801/3545757717] conn(0x7f2e68036790 0x7f2e68038c40 unknown :-1 s=CLOSED pgs=16 cs=0 l=1 rev1=1 crypto rx=0 tx=0 comp rx=0 tx=0).stop
2024-02-22T15:40:56.961 INFO:teuthology.orchestra.run.smithi019.stdout:/usr/bin/ceph: stderr
2024-02-22T15:40:56.387+0000 7f2e845d7700 1 --2- 172.21.15.19:0/326830732 >> [v2:172.21.15.19:3300/0,v1:172.21.15.19:6789/0] conn(0x7f2e7c101560 0x7f2e7c110300 unknown :-1 s=CLOSED pgs=54 cs=0 l=1 rev1=1 crypto rx=0 tx=0 comp rx=0 tx=0).stop
2024-02-22T15:40:56.961 INFO:teuthology.orchestra.run.smithi019.stdout:/usr/bin/ceph: stderr
2024-02-22T15:40:56.387+0000 7f2e845d7700 1 -- 172.21.15.19:0/326830732 >> 172.21.15.19:0/326830732 conn(0x7f2e7c0fcd00 msgr2=0x7f2e7c0fda90 unknown :-1 s=STATE_NONE l=0).mark_down
2024-02-22T15:40:56.961 INFO:teuthology.orchestra.run.smithi019.stdout:/usr/bin/ceph: stderr
2024-02-22T15:40:56.387+0000 7f2e845d7700 1 -- 172.21.15.19:0/326830732 shutdown_connections
2024-02-22T15:40:56.962 INFO:teuthology.orchestra.run.smithi019.stdout:/usr/bin/ceph: stderr
2024-02-22T15:40:56.387+0000 7f2e845d7700 1 -- 172.21.15.19:0/326830732 wait complete.
2024-02-22T15:40:56.962 INFO:teuthology.orchestra.run.smithi019.stdout:Deploying node-exporter service with default placement...
2024-02-22T15:40:57.499 INFO:journalctl@ceph.mon.smithi019.smithi019.stdout:Feb 22 15:40:57 smithi019 ceph-mon[67418]: from='client.14148 -' entity='client.admin' cmd=[{"prefix": "orch apply", "service_type": "grafana", "target": ["mon-mgr", ""]}]: dispatch
2024-02-22T15:40:57.499 INFO:journalctl@ceph.mon.smithi019.smithi019.stdout:Feb 22 15:40:57 smithi019 ceph-mon[67418]: Saving service grafana spec with placement count:1
2024-02-22T15:40:57.499 INFO:journalctl@ceph.mon.smithi019.smithi019.stdout:Feb 22 15:40:57 smithi019 ceph-mon[67418]: from='mgr.14118 172.21.15.19:0/2275048261' entity='mgr.smithi019.yvjrkp'
2024-02-22T15:40:57.499 INFO:journalctl@ceph.mon.smithi019.smithi019.stdout:Feb 22 15:40:57 smithi019 ceph-mon[67418]: pgmap v3: 0 pgs: ; 0 B data, 0 B used, 0 B / 0 B avail
2024-02-22T15:40:58.389 INFO:teuthology.orchestra.run.smithi019.stdout:/usr/bin/ceph: stdout Scheduled node-exporter update...
2024-02-22T15:40:58.389 INFO:teuthology.orchestra.run.smithi019.stdout:/usr/bin/ceph: stderr
2024-02-22T15:40:57.540+0000 7f1ddc31c700 1 Processor -- start
2024-02-22T15:40:58.389 INFO:teuthology.orchestra.run.smithi019.stdout:/usr/bin/ceph: stderr
2024-02-22T15:40:57.541+0000 7f1ddc31c700 1 -- start start
2024-02-22T15:40:58.390 INFO:teuthology.orchestra.run.smithi019.stdout:/usr/bin/ceph: stderr
2024-02-22T15:40:57.541+0000 7f1ddc31c700 1 --2- >> [v2:172.21.15.19:3300/0,v1:172.21.15.19:6789/0] conn(0x7f1dd40712f0 0x7f1dd41076a0 unknown :-1 s=NONE pgs=0 cs=0 l=0 rev1=0 crypto rx=0 tx=0 comp rx=0 tx=0).connect
2024-02-22T15:40:58.390 INFO:teuthology.orchestra.run.smithi019.stdout:/usr/bin/ceph: stderr
2024-02-22T15:40:57.541+0000 7f1ddc31c700 1 -- --> [v2:172.21.15.19:3300/0,v1:172.21.15.19:6789/0] -- mon_getmap magic: 0 v1 -- 0x7f1dd4103090 con 0x7f1dd40712f0
2024-02-22T15:40:58.390 INFO:teuthology.orchestra.run.smithi019.stdout:/usr/bin/ceph: stderr
2024-02-22T15:40:57.541+0000 7f1dda0b8700 1 --2- >> [v2:172.21.15.19:3300/0,v1:172.21.15.19:6789/0] conn(0x7f1dd40712f0 0x7f1dd41076a0 unknown :-1 s=BANNER_CONNECTING pgs=0 cs=0 l=0 rev1=0 crypto rx=0 tx=0 comp rx=0 tx=0)._handle_peer_banner_payload supported=3 required=0
2024-02-22T15:40:58.390 INFO:teuthology.orchestra.run.smithi019.stdout:/usr/bin/ceph: stderr
2024-02-22T15:40:57.541+0000 7f1dda0b8700 1 --2- >> [v2:172.21.15.19:3300/0,v1:172.21.15.19:6789/0] conn(0x7f1dd40712f0 0x7f1dd41076a0 unknown :-1 s=HELLO_CONNECTING pgs=0 cs=0 l=0 rev1=1 crypto rx=0 tx=0 comp rx=0 tx=0).handle_hello peer v2:172.21.15.19:3300/0 says I am v2:172.21.15.19:53600/0 (socket says 172.21.15.19:53600)
2024-02-22T15:40:58.390 INFO:teuthology.orchestra.run.smithi019.stdout:/usr/bin/ceph: stderr
2024-02-22T15:40:57.541+0000 7f1dda0b8700 1 -- 172.21.15.19:0/2906124356 learned_addr learned my addr 172.21.15.19:0/2906124356 (peer_addr_for_me v2:172.21.15.19:0/0)
2024-02-22T15:40:58.390 INFO:teuthology.orchestra.run.smithi019.stdout:/usr/bin/ceph: stderr
2024-02-22T15:40:57.541+0000 7f1dda0b8700 1 -- 172.21.15.19:0/2906124356 --> [v2:172.21.15.19:3300/0,v1:172.21.15.19:6789/0] -- mon_subscribe({config=0+,monmap=0+}) v3 -- 0x7f1dd4107be0 con 0x7f1dd40712f0
2024-02-22T15:40:58.390 INFO:teuthology.orchestra.run.smithi019.stdout:/usr/bin/ceph: stderr
2024-02-22T15:40:57.541+0000 7f1dda0b8700 1 --2- 172.21.15.19:0/2906124356 >> [v2:172.21.15.19:3300/0,v1:172.21.15.19:6789/0] conn(0x7f1dd40712f0 0x7f1dd41076a0 secure :-1 s=READY pgs=55 cs=0 l=1 rev1=1 crypto rx=0x7f1dd00098e0 tx=0x7f1dd0009250 comp rx=0 tx=0).ready entity=mon.0 client_cookie=f5823431185bf721 server_cookie=0 in_seq=0 out_seq=0
2024-02-22T15:40:58.390 INFO:teuthology.orchestra.run.smithi019.stdout:/usr/bin/ceph: stderr
2024-02-22T15:40:57.542+0000 7f1dd90b6700 1 -- 172.21.15.19:0/2906124356 <== mon.0 v2:172.21.15.19:3300/0 1 ==== mon_map magic: 0 v1 ==== 229+0+0 (secure 0 0 0) 0x7f1dd000b860 con 0x7f1dd40712f0
2024-02-22T15:40:58.390 INFO:teuthology.orchestra.run.smithi019.stdout:/usr/bin/ceph: stderr
2024-02-22T15:40:57.542+0000 7f1dd90b6700 1 -- 172.21.15.19:0/2906124356 <== mon.0 v2:172.21.15.19:3300/0 2 ==== config(26 keys) v1 ==== 1074+0+0 (secure 0 0 0) 0x7f1dd000be70 con 0x7f1dd40712f0
2024-02-22T15:40:58.390 INFO:teuthology.orchestra.run.smithi019.stdout:/usr/bin/ceph: stderr
2024-02-22T15:40:57.542+0000 7f1dd90b6700 1 -- 172.21.15.19:0/2906124356 <== mon.0 v2:172.21.15.19:3300/0 3 ==== mon_map magic: 0 v1 ==== 229+0+0 (secure 0 0 0) 0x7f1dd0010380 con 0x7f1dd40712f0
2024-02-22T15:40:58.390 INFO:teuthology.orchestra.run.smithi019.stdout:/usr/bin/ceph: stderr
2024-02-22T15:40:57.542+0000 7f1ddc31c700 1 -- 172.21.15.19:0/2906124356 >> [v2:172.21.15.19:3300/0,v1:172.21.15.19:6789/0] conn(0x7f1dd40712f0 msgr2=0x7f1dd41076a0 secure :-1 s=STATE_CONNECTION_ESTABLISHED l=1).mark_down
2024-02-22T15:40:58.390 INFO:teuthology.orchestra.run.smithi019.stdout:/usr/bin/ceph: stderr
2024-02-22T15:40:57.542+0000 7f1ddc31c700 1 --2- 172.21.15.19:0/2906124356 >> [v2:172.21.15.19:3300/0,v1:172.21.15.19:6789/0] conn(0x7f1dd40712f0 0x7f1dd41076a0 secure :-1 s=READY pgs=55 cs=0 l=1 rev1=1 crypto rx=0x7f1dd00098e0 tx=0x7f1dd0009250 comp rx=0 tx=0).stop
2024-02-22T15:40:58.390 INFO:teuthology.orchestra.run.smithi019.stdout:/usr/bin/ceph: stderr
2024-02-22T15:40:57.542+0000 7f1ddc31c700 1 -- 172.21.15.19:0/2906124356 shutdown_connections
2024-02-22T15:40:58.390 INFO:teuthology.orchestra.run.smithi019.stdout:/usr/bin/ceph: stderr
2024-02-22T15:40:57.542+0000 7f1ddc31c700 1 --2- 172.21.15.19:0/2906124356 >> [v2:172.21.15.19:3300/0,v1:172.21.15.19:6789/0] conn(0x7f1dd40712f0 0x7f1dd41076a0 unknown :-1 s=CLOSED pgs=55 cs=0 l=1 rev1=1 crypto rx=0 tx=0 comp rx=0 tx=0).stop
2024-02-22T15:40:58.391 INFO:teuthology.orchestra.run.smithi019.stdout:/usr/bin/ceph: stderr
2024-02-22T15:40:57.542+0000 7f1ddc31c700 1 -- 172.21.15.19:0/2906124356 >> 172.21.15.19:0/2906124356 conn(0x7f1dd40fccd0 msgr2=0x7f1dd40ff100 unknown :-1 s=STATE_NONE l=0).mark_down
2024-02-22T15:40:58.391 INFO:teuthology.orchestra.run.smithi019.stdout:/usr/bin/ceph: stderr
2024-02-22T15:40:57.542+0000 7f1ddc31c700 1 -- 172.21.15.19:0/2906124356 shutdown_connections
2024-02-22T15:40:58.391 INFO:teuthology.orchestra.run.smithi019.stdout:/usr/bin/ceph: stderr
2024-02-22T15:40:57.542+0000 7f1ddc31c700 1 -- 172.21.15.19:0/2906124356 wait complete.
2024-02-22T15:40:58.391 INFO:teuthology.orchestra.run.smithi019.stdout:/usr/bin/ceph: stderr
2024-02-22T15:40:57.543+0000 7f1ddc31c700 1 Processor -- start
2024-02-22T15:40:58.391 INFO:teuthology.orchestra.run.smithi019.stdout:/usr/bin/ceph: stderr
2024-02-22T15:40:57.543+0000 7f1ddc31c700 1 -- start start
2024-02-22T15:40:58.391 INFO:teuthology.orchestra.run.smithi019.stdout:/usr/bin/ceph: stderr
2024-02-22T15:40:57.543+0000 7f1ddc31c700 1 --2- >> [v2:172.21.15.19:3300/0,v1:172.21.15.19:6789/0] conn(0x7f1dd40712f0 0x7f1dd4113980 unknown :-1 s=NONE pgs=0 cs=0 l=1 rev1=0 crypto rx=0 tx=0 comp rx=0 tx=0).connect
2024-02-22T15:40:58.391 INFO:teuthology.orchestra.run.smithi019.stdout:/usr/bin/ceph: stderr
2024-02-22T15:40:57.543+0000 7f1ddc31c700 1 -- --> [v2:172.21.15.19:3300/0,v1:172.21.15.19:6789/0] -- mon_getmap magic: 0 v1 -- 0x7f1dd4113ec0 con 0x7f1dd40712f0
2024-02-22T15:40:58.391 INFO:teuthology.orchestra.run.smithi019.stdout:/usr/bin/ceph: stderr
2024-02-22T15:40:57.544+0000 7f1dda0b8700 1 --2- >> [v2:172.21.15.19:3300/0,v1:172.21.15.19:6789/0] conn(0x7f1dd40712f0 0x7f1dd4113980 unknown :-1 s=BANNER_CONNECTING pgs=0 cs=0 l=1 rev1=0 crypto rx=0 tx=0 comp rx=0 tx=0)._handle_peer_banner_payload supported=3 required=0
2024-02-22T15:40:58.391 INFO:teuthology.orchestra.run.smithi019.stdout:/usr/bin/ceph: stderr
2024-02-22T15:40:57.544+0000 7f1dda0b8700 1 --2- >> [v2:172.21.15.19:3300/0,v1:172.21.15.19:6789/0] conn(0x7f1dd40712f0 0x7f1dd4113980 unknown :-1 s=HELLO_CONNECTING pgs=0 cs=0 l=1 rev1=1 crypto rx=0 tx=0 comp rx=0 tx=0).handle_hello peer v2:172.21.15.19:3300/0 says I am v2:172.21.15.19:53608/0 (socket says 172.21.15.19:53608)
2024-02-22T15:40:58.391 INFO:teuthology.orchestra.run.smithi019.stdout:/usr/bin/ceph: stderr
2024-02-22T15:40:57.544+0000 7f1dda0b8700 1 -- 172.21.15.19:0/2190720257 learned_addr learned my addr 172.21.15.19:0/2190720257 (peer_addr_for_me v2:172.21.15.19:0/0)
2024-02-22T15:40:58.391 INFO:teuthology.orchestra.run.smithi019.stdout:/usr/bin/ceph: stderr
2024-02-22T15:40:57.544+0000 7f1dda0b8700 1 -- 172.21.15.19:0/2190720257 --> [v2:172.21.15.19:3300/0,v1:172.21.15.19:6789/0] -- mon_subscribe({config=0+,monmap=0+}) v3 -- 0x7f1dd00094f0 con 0x7f1dd40712f0
2024-02-22T15:40:58.391 INFO:teuthology.orchestra.run.smithi019.stdout:/usr/bin/ceph: stderr
2024-02-22T15:40:57.544+0000 7f1dda0b8700 1 --2- 172.21.15.19:0/2190720257 >> [v2:172.21.15.19:3300/0,v1:172.21.15.19:6789/0] conn(0x7f1dd40712f0 0x7f1dd4113980 secure :-1 s=READY pgs=56 cs=0 l=1 rev1=1 crypto rx=0x7f1dd000ba70 tx=0x7f1dd0009250 comp rx=0 tx=0).ready entity=mon.0 client_cookie=0 server_cookie=0 in_seq=0 out_seq=0
2024-02-22T15:40:58.391 INFO:teuthology.orchestra.run.smithi019.stdout:/usr/bin/ceph: stderr
2024-02-22T15:40:57.544+0000 7f1dcaffd700 1 -- 172.21.15.19:0/2190720257 <== mon.0 v2:172.21.15.19:3300/0 1 ==== mon_map magic: 0 v1 ==== 229+0+0 (secure 0 0 0) 0x7f1dd0010960 con 0x7f1dd40712f0
2024-02-22T15:40:58.391 INFO:teuthology.orchestra.run.smithi019.stdout:/usr/bin/ceph: stderr
2024-02-22T15:40:57.544+0000 7f1dcaffd700 1 -- 172.21.15.19:0/2190720257 <== mon.0 v2:172.21.15.19:3300/0 2 ==== config(26 keys) v1 ==== 1074+0+0 (secure 0 0 0) 0x7f1dd0024430 con 0x7f1dd40712f0
2024-02-22T15:40:58.392 INFO:teuthology.orchestra.run.smithi019.stdout:/usr/bin/ceph: stderr
2024-02-22T15:40:57.544+0000 7f1ddc31c700 1 -- 172.21.15.19:0/2190720257 --> [v2:172.21.15.19:3300/0,v1:172.21.15.19:6789/0] -- mon_subscribe({mgrmap=0+}) v3 -- 0x7f1dd41140c0 con 0x7f1dd40712f0
2024-02-22T15:40:58.392 INFO:teuthology.orchestra.run.smithi019.stdout:/usr/bin/ceph: stderr
2024-02-22T15:40:57.544+0000 7f1dcaffd700 1 -- 172.21.15.19:0/2190720257 <== mon.0 v2:172.21.15.19:3300/0 3 ==== mon_map magic: 0 v1 ==== 229+0+0 (secure 0 0 0) 0x7f1dd001a5f0 con 0x7f1dd40712f0
2024-02-22T15:40:58.392 INFO:teuthology.orchestra.run.smithi019.stdout:/usr/bin/ceph: stderr
2024-02-22T15:40:57.544+0000 7f1ddc31c700 1 -- 172.21.15.19:0/2190720257 --> [v2:172.21.15.19:3300/0,v1:172.21.15.19:6789/0] -- mon_subscribe({osdmap=0}) v3 -- 0x7f1dd41144d0 con 0x7f1dd40712f0
2024-02-22T15:40:58.392 INFO:teuthology.orchestra.run.smithi019.stdout:/usr/bin/ceph: stderr
2024-02-22T15:40:57.545+0000 7f1dcaffd700 1 -- 172.21.15.19:0/2190720257 <== mon.0 v2:172.21.15.19:3300/0 4 ==== mgrmap(e 8) v1 ==== 43368+0+0 (secure 0 0 0) 0x7f1dd00249f0 con 0x7f1dd40712f0
2024-02-22T15:40:58.392 INFO:teuthology.orchestra.run.smithi019.stdout:/usr/bin/ceph: stderr
2024-02-22T15:40:57.545+0000 7f1ddc31c700 1 -- 172.21.15.19:0/2190720257 --> [v2:172.21.15.19:3300/0,v1:172.21.15.19:6789/0] -- mon_command({"prefix": "get_command_descriptions"} v 0) v1 -- 0x7f1dd404bed0 con 0x7f1dd40712f0
2024-02-22T15:40:58.392 INFO:teuthology.orchestra.run.smithi019.stdout:/usr/bin/ceph: stderr
2024-02-22T15:40:57.545+0000 7f1dcaffd700 1 --2- 172.21.15.19:0/2190720257 >> [v2:172.21.15.19:6800/3545757717,v1:172.21.15.19:6801/3545757717] conn(0x7f1dc00367e0 0x7f1dc0038c90 unknown :-1 s=NONE pgs=0 cs=0 l=1 rev1=0 crypto rx=0 tx=0 comp rx=0 tx=0).connect
2024-02-22T15:40:58.392 INFO:teuthology.orchestra.run.smithi019.stdout:/usr/bin/ceph: stderr
2024-02-22T15:40:57.545+0000 7f1dcaffd700 1 -- 172.21.15.19:0/2190720257 <== mon.0 v2:172.21.15.19:3300/0 5 ==== osd_map(2..2 src has 1..2) v4 ==== 936+0+0 (secure 0 0 0) 0x7f1dd004a450 con 0x7f1dd40712f0
2024-02-22T15:40:58.392 INFO:teuthology.orchestra.run.smithi019.stdout:/usr/bin/ceph: stderr
2024-02-22T15:40:57.545+0000 7f1dd98b7700 1 --2- 172.21.15.19:0/2190720257 >> [v2:172.21.15.19:6800/3545757717,v1:172.21.15.19:6801/3545757717] conn(0x7f1dc00367e0 0x7f1dc0038c90 unknown :-1 s=BANNER_CONNECTING pgs=0 cs=0 l=1 rev1=0 crypto rx=0 tx=0 comp rx=0 tx=0)._handle_peer_banner_payload supported=3 required=0
2024-02-22T15:40:58.392 INFO:teuthology.orchestra.run.smithi019.stdout:/usr/bin/ceph: stderr
2024-02-22T15:40:57.546+0000 7f1dd98b7700 1 --2- 172.21.15.19:0/2190720257 >> [v2:172.21.15.19:6800/3545757717,v1:172.21.15.19:6801/3545757717] conn(0x7f1dc00367e0 0x7f1dc0038c90 secure :-1 s=READY pgs=17 cs=0 l=1 rev1=1 crypto rx=0x7f1dc4009990 tx=0x7f1dc4006e40 comp rx=0 tx=0).ready entity=mgr.14118 client_cookie=0 server_cookie=0 in_seq=0 out_seq=0
2024-02-22T15:40:58.392 INFO:teuthology.orchestra.run.smithi019.stdout:/usr/bin/ceph: stderr
2024-02-22T15:40:57.550+0000 7f1dcaffd700 1 -- 172.21.15.19:0/2190720257 <== mon.0 v2:172.21.15.19:3300/0 6 ==== mon_command_ack([{"prefix": "get_command_descriptions"}]=0 v0) v1 ==== 72+0+175031 (secure 0 0 0) 0x7f1dd0022920 con 0x7f1dd40712f0
2024-02-22T15:40:58.392 INFO:teuthology.orchestra.run.smithi019.stdout:/usr/bin/ceph: stderr
2024-02-22T15:40:57.758+0000 7f1ddc31c700 1 -- 172.21.15.19:0/2190720257 --> [v2:172.21.15.19:6800/3545757717,v1:172.21.15.19:6801/3545757717] -- mgr_command(tid 0: {"prefix": "orch apply", "service_type": "node-exporter", "target": ["mon-mgr", ""]}) v1 -- 0x7f1dd410d1b0 con 0x7f1dc00367e0
2024-02-22T15:40:58.392 INFO:teuthology.orchestra.run.smithi019.stdout:/usr/bin/ceph: stderr
2024-02-22T15:40:57.762+0000 7f1dcaffd700 1 -- 172.21.15.19:0/2190720257 <== mgr.14118 v2:172.21.15.19:6800/3545757717 1 ==== mgr_command_reply(tid 0: 0 ) v1 ==== 8+0+34 (secure 0 0 0) 0x7f1dd410d1b0 con 0x7f1dc00367e0
2024-02-22T15:40:58.392 INFO:teuthology.orchestra.run.smithi019.stdout:/usr/bin/ceph: stderr
2024-02-22T15:40:57.764+0000 7f1ddc31c700 1 -- 172.21.15.19:0/2190720257 >> [v2:172.21.15.19:6800/3545757717,v1:172.21.15.19:6801/3545757717] conn(0x7f1dc00367e0 msgr2=0x7f1dc0038c90 secure :-1 s=STATE_CONNECTION_ESTABLISHED l=1).mark_down
2024-02-22T15:40:58.393 INFO:teuthology.orchestra.run.smithi019.stdout:/usr/bin/ceph: stderr
2024-02-22T15:40:57.764+0000 7f1ddc31c700 1 --2- 172.21.15.19:0/2190720257 >> [v2:172.21.15.19:6800/3545757717,v1:172.21.15.19:6801/3545757717] conn(0x7f1dc00367e0 0x7f1dc0038c90 secure :-1 s=READY pgs=17 cs=0 l=1 rev1=1 crypto rx=0x7f1dc4009990 tx=0x7f1dc4006e40 comp rx=0 tx=0).stop
2024-02-22T15:40:58.393 INFO:teuthology.orchestra.run.smithi019.stdout:/usr/bin/ceph: stderr
2024-02-22T15:40:57.764+0000 7f1ddc31c700 1 -- 172.21.15.19:0/2190720257 >> [v2:172.21.15.19:3300/0,v1:172.21.15.19:6789/0] conn(0x7f1dd40712f0 msgr2=0x7f1dd4113980 secure :-1 s=STATE_CONNECTION_ESTABLISHED l=1).mark_down
2024-02-22T15:40:58.393 INFO:teuthology.orchestra.run.smithi019.stdout:/usr/bin/ceph: stderr
2024-02-22T15:40:57.764+0000 7f1ddc31c700 1 --2- 172.21.15.19:0/2190720257 >> [v2:172.21.15.19:3300/0,v1:172.21.15.19:6789/0] conn(0x7f1dd40712f0 0x7f1dd4113980 secure :-1 s=READY pgs=56 cs=0 l=1 rev1=1 crypto rx=0x7f1dd000ba70 tx=0x7f1dd0009250 comp rx=0 tx=0).stop
2024-02-22T15:40:58.393 INFO:teuthology.orchestra.run.smithi019.stdout:/usr/bin/ceph: stderr
2024-02-22T15:40:57.764+0000 7f1ddc31c700 1 -- 172.21.15.19:0/2190720257 shutdown_connections
2024-02-22T15:40:58.393 INFO:teuthology.orchestra.run.smithi019.stdout:/usr/bin/ceph: stderr
2024-02-22T15:40:57.764+0000 7f1ddc31c700 1 --2- 172.21.15.19:0/2190720257 >> [v2:172.21.15.19:6800/3545757717,v1:172.21.15.19:6801/3545757717] conn(0x7f1dc00367e0 0x7f1dc0038c90 unknown :-1 s=CLOSED pgs=17 cs=0 l=1 rev1=1 crypto rx=0 tx=0 comp rx=0 tx=0).stop
2024-02-22T15:40:58.393 INFO:teuthology.orchestra.run.smithi019.stdout:/usr/bin/ceph: stderr
2024-02-22T15:40:57.764+0000 7f1ddc31c700 1 --2- 172.21.15.19:0/2190720257 >> [v2:172.21.15.19:3300/0,v1:172.21.15.19:6789/0] conn(0x7f1dd40712f0 0x7f1dd4113980 unknown :-1 s=CLOSED pgs=56 cs=0 l=1 rev1=1 crypto rx=0 tx=0 comp rx=0 tx=0).stop
2024-02-22T15:40:58.393 INFO:teuthology.orchestra.run.smithi019.stdout:/usr/bin/ceph: stderr
2024-02-22T15:40:57.764+0000 7f1ddc31c700 1 -- 172.21.15.19:0/2190720257 >> 172.21.15.19:0/2190720257 conn(0x7f1dd40fccd0 msgr2=0x7f1dd40ff010 unknown :-1 s=STATE_NONE l=0).mark_down
2024-02-22T15:40:58.393 INFO:teuthology.orchestra.run.smithi019.stdout:/usr/bin/ceph: stderr
2024-02-22T15:40:57.764+0000 7f1ddc31c700 1 -- 172.21.15.19:0/2190720257 shutdown_connections
2024-02-22T15:40:58.393 INFO:teuthology.orchestra.run.smithi019.stdout:/usr/bin/ceph: stderr
2024-02-22T15:40:57.764+0000 7f1ddc31c700 1 -- 172.21.15.19:0/2190720257 wait complete.
2024-02-22T15:40:58.393 INFO:teuthology.orchestra.run.smithi019.stdout:Deploying alertmanager service with default placement...
2024-02-22T15:40:59.180 INFO:journalctl@ceph.mon.smithi019.smithi019.stdout:Feb 22 15:40:58 smithi019 ceph-mon[67418]: from='client.14150 -' entity='client.admin' cmd=[{"prefix": "orch apply", "service_type": "node-exporter", "target": ["mon-mgr", ""]}]: dispatch
2024-02-22T15:40:59.180 INFO:journalctl@ceph.mon.smithi019.smithi019.stdout:Feb 22 15:40:58 smithi019 ceph-mon[67418]: Saving service node-exporter spec with placement *
2024-02-22T15:40:59.180 INFO:journalctl@ceph.mon.smithi019.smithi019.stdout:Feb 22 15:40:58 smithi019 ceph-mon[67418]: from='mgr.14118 172.21.15.19:0/2275048261' entity='mgr.smithi019.yvjrkp'
2024-02-22T15:40:59.828 INFO:teuthology.orchestra.run.smithi019.stdout:/usr/bin/ceph: stdout Scheduled alertmanager update...
2024-02-22T15:40:59.829 INFO:teuthology.orchestra.run.smithi019.stdout:/usr/bin/ceph: stderr
2024-02-22T15:40:58.953+0000 7f0401a57700 1 Processor -- start
2024-02-22T15:40:59.829 INFO:teuthology.orchestra.run.smithi019.stdout:/usr/bin/ceph: stderr
2024-02-22T15:40:58.953+0000 7f0401a57700 1 -- start start
2024-02-22T15:40:59.829 INFO:teuthology.orchestra.run.smithi019.stdout:/usr/bin/ceph: stderr
2024-02-22T15:40:58.953+0000 7f0401a57700 1 --2- >> [v2:172.21.15.19:3300/0,v1:172.21.15.19:6789/0] conn(0x7f03fc076bd0 0x7f03fc105290 unknown :-1 s=NONE pgs=0 cs=0 l=0 rev1=0 crypto rx=0 tx=0 comp rx=0 tx=0).connect
2024-02-22T15:40:59.829 INFO:teuthology.orchestra.run.smithi019.stdout:/usr/bin/ceph: stderr
2024-02-22T15:40:58.953+0000 7f0401a57700 1 -- --> [v2:172.21.15.19:3300/0,v1:172.21.15.19:6789/0] -- mon_getmap magic: 0 v1 -- 0x7f03fc1057d0 con 0x7f03fc076bd0
2024-02-22T15:40:59.829 INFO:teuthology.orchestra.run.smithi019.stdout:/usr/bin/ceph: stderr
2024-02-22T15:40:58.953+0000 7f03faffd700 1 --2- >> [v2:172.21.15.19:3300/0,v1:172.21.15.19:6789/0] conn(0x7f03fc076bd0 0x7f03fc105290 unknown :-1 s=BANNER_CONNECTING pgs=0 cs=0 l=0 rev1=0 crypto rx=0 tx=0 comp rx=0 tx=0)._handle_peer_banner_payload supported=3 required=0
2024-02-22T15:40:59.829 INFO:teuthology.orchestra.run.smithi019.stdout:/usr/bin/ceph: stderr
2024-02-22T15:40:58.954+0000 7f03faffd700 1 --2- >> [v2:172.21.15.19:3300/0,v1:172.21.15.19:6789/0] conn(0x7f03fc076bd0 0x7f03fc105290 unknown :-1 s=HELLO_CONNECTING pgs=0 cs=0 l=0 rev1=1 crypto rx=0 tx=0 comp rx=0 tx=0).handle_hello peer v2:172.21.15.19:3300/0 says I am v2:172.21.15.19:53614/0 (socket says 172.21.15.19:53614)
2024-02-22T15:40:59.829 INFO:teuthology.orchestra.run.smithi019.stdout:/usr/bin/ceph: stderr
2024-02-22T15:40:58.954+0000 7f03faffd700 1 -- 172.21.15.19:0/1673385619 learned_addr learned my addr 172.21.15.19:0/1673385619 (peer_addr_for_me v2:172.21.15.19:0/0)
2024-02-22T15:40:59.829 INFO:teuthology.orchestra.run.smithi019.stdout:/usr/bin/ceph: stderr
2024-02-22T15:40:58.954+0000 7f03faffd700 1 -- 172.21.15.19:0/1673385619 --> [v2:172.21.15.19:3300/0,v1:172.21.15.19:6789/0] -- mon_subscribe({config=0+,monmap=0+}) v3 -- 0x7f03fc105910 con 0x7f03fc076bd0
2024-02-22T15:40:59.829 INFO:teuthology.orchestra.run.smithi019.stdout:/usr/bin/ceph: stderr
2024-02-22T15:40:58.954+0000 7f03faffd700 1 --2- 172.21.15.19:0/1673385619 >> [v2:172.21.15.19:3300/0,v1:172.21.15.19:6789/0] conn(0x7f03fc076bd0 0x7f03fc105290 secure :-1 s=READY pgs=57 cs=0 l=1 rev1=1 crypto rx=0x7f03f00098e0 tx=0x7f03f0009250 comp rx=0 tx=0).ready entity=mon.0 client_cookie=2828b321ef6eda52 server_cookie=0 in_seq=0 out_seq=0
2024-02-22T15:40:59.829 INFO:teuthology.orchestra.run.smithi019.stdout:/usr/bin/ceph: stderr
2024-02-22T15:40:58.954+0000 7f03f9ffb700 1 -- 172.21.15.19:0/1673385619 <== mon.0 v2:172.21.15.19:3300/0 1 ==== mon_map magic: 0 v1 ==== 229+0+0 (secure 0 0 0) 0x7f03f000b860 con 0x7f03fc076bd0
2024-02-22T15:40:59.829 INFO:teuthology.orchestra.run.smithi019.stdout:/usr/bin/ceph: stderr
2024-02-22T15:40:58.954+0000 7f03f9ffb700 1 -- 172.21.15.19:0/1673385619 <== mon.0 v2:172.21.15.19:3300/0 2 ==== config(26 keys) v1 ==== 1074+0+0 (secure 0 0 0) 0x7f03f000be70 con 0x7f03fc076bd0
2024-02-22T15:40:59.829 INFO:teuthology.orchestra.run.smithi019.stdout:/usr/bin/ceph: stderr
2024-02-22T15:40:58.954+0000 7f03f9ffb700 1 -- 172.21.15.19:0/1673385619 <== mon.0 v2:172.21.15.19:3300/0 3 ==== mon_map magic: 0 v1 ==== 229+0+0 (secure 0 0 0) 0x7f03f0010380 con 0x7f03fc076bd0
2024-02-22T15:40:59.830 INFO:teuthology.orchestra.run.smithi019.stdout:/usr/bin/ceph: stderr
2024-02-22T15:40:58.955+0000 7f0401a57700 1 -- 172.21.15.19:0/1673385619 >> [v2:172.21.15.19:3300/0,v1:172.21.15.19:6789/0] conn(0x7f03fc076bd0 msgr2=0x7f03fc105290 secure :-1 s=STATE_CONNECTION_ESTABLISHED l=1).mark_down
2024-02-22T15:40:59.830 INFO:teuthology.orchestra.run.smithi019.stdout:/usr/bin/ceph: stderr
2024-02-22T15:40:58.955+0000 7f0401a57700 1 --2- 172.21.15.19:0/1673385619 >> [v2:172.21.15.19:3300/0,v1:172.21.15.19:6789/0] conn(0x7f03fc076bd0 0x7f03fc105290 secure :-1 s=READY pgs=57 cs=0 l=1 rev1=1 crypto rx=0x7f03f00098e0 tx=0x7f03f0009250 comp rx=0 tx=0).stop
2024-02-22T15:40:59.830 INFO:teuthology.orchestra.run.smithi019.stdout:/usr/bin/ceph: stderr
2024-02-22T15:40:58.955+0000 7f0401a57700 1 -- 172.21.15.19:0/1673385619 shutdown_connections
2024-02-22T15:40:59.830 INFO:teuthology.orchestra.run.smithi019.stdout:/usr/bin/ceph: stderr
2024-02-22T15:40:58.955+0000 7f0401a57700 1 --2- 172.21.15.19:0/1673385619 >> [v2:172.21.15.19:3300/0,v1:172.21.15.19:6789/0] conn(0x7f03fc076bd0 0x7f03fc105290 unknown :-1 s=CLOSED pgs=57 cs=0 l=1 rev1=1 crypto rx=0 tx=0 comp rx=0 tx=0).stop
2024-02-22T15:40:59.830 INFO:teuthology.orchestra.run.smithi019.stdout:/usr/bin/ceph: stderr
2024-02-22T15:40:58.955+0000 7f0401a57700 1 -- 172.21.15.19:0/1673385619 >> 172.21.15.19:0/1673385619 conn(0x7f03fc0fccc0 msgr2=0x7f03fc0ff0f0 unknown :-1 s=STATE_NONE l=0).mark_down
2024-02-22T15:40:59.830 INFO:teuthology.orchestra.run.smithi019.stdout:/usr/bin/ceph: stderr
2024-02-22T15:40:58.955+0000 7f0401a57700 1 -- 172.21.15.19:0/1673385619 shutdown_connections
2024-02-22T15:40:59.830 INFO:teuthology.orchestra.run.smithi019.stdout:/usr/bin/ceph: stderr
2024-02-22T15:40:58.955+0000 7f0401a57700 1 -- 172.21.15.19:0/1673385619 wait complete.
2024-02-22T15:40:59.830 INFO:teuthology.orchestra.run.smithi019.stdout:/usr/bin/ceph: stderr
2024-02-22T15:40:58.955+0000 7f0401a57700 1 Processor -- start
2024-02-22T15:40:59.830 INFO:teuthology.orchestra.run.smithi019.stdout:/usr/bin/ceph: stderr
2024-02-22T15:40:58.955+0000 7f0401a57700 1 -- start start
2024-02-22T15:40:59.830 INFO:teuthology.orchestra.run.smithi019.stdout:/usr/bin/ceph: stderr
2024-02-22T15:40:58.956+0000 7f0401a57700 1 --2- >> [v2:172.21.15.19:3300/0,v1:172.21.15.19:6789/0] conn(0x7f03fc076bd0 0x7f03fc111460 unknown :-1 s=NONE pgs=0 cs=0 l=1 rev1=0 crypto rx=0 tx=0 comp rx=0 tx=0).connect
2024-02-22T15:40:59.830 INFO:teuthology.orchestra.run.smithi019.stdout:/usr/bin/ceph: stderr
2024-02-22T15:40:58.956+0000 7f0401a57700 1 -- --> [v2:172.21.15.19:3300/0,v1:172.21.15.19:6789/0] -- mon_getmap magic: 0 v1 -- 0x7f03fc1119a0 con 0x7f03fc076bd0
2024-02-22T15:40:59.830 INFO:teuthology.orchestra.run.smithi019.stdout:/usr/bin/ceph: stderr
2024-02-22T15:40:58.956+0000 7f03faffd700 1 --2- >> [v2:172.21.15.19:3300/0,v1:172.21.15.19:6789/0] conn(0x7f03fc076bd0 0x7f03fc111460 unknown :-1 s=BANNER_CONNECTING pgs=0 cs=0 l=1 rev1=0 crypto rx=0 tx=0 comp rx=0 tx=0)._handle_peer_banner_payload supported=3 required=0
2024-02-22T15:40:59.830 INFO:teuthology.orchestra.run.smithi019.stdout:/usr/bin/ceph: stderr
2024-02-22T15:40:58.956+0000 7f03faffd700 1 --2- >> [v2:172.21.15.19:3300/0,v1:172.21.15.19:6789/0] conn(0x7f03fc076bd0 0x7f03fc111460 unknown :-1 s=HELLO_CONNECTING pgs=0 cs=0 l=1 rev1=1 crypto rx=0 tx=0 comp rx=0 tx=0).handle_hello peer v2:172.21.15.19:3300/0 says I am v2:172.21.15.19:53622/0 (socket says 172.21.15.19:53622)
2024-02-22T15:40:59.830 INFO:teuthology.orchestra.run.smithi019.stdout:/usr/bin/ceph: stderr
2024-02-22T15:40:58.956+0000 7f03faffd700 1 -- 172.21.15.19:0/791077554 learned_addr learned my addr 172.21.15.19:0/791077554 (peer_addr_for_me v2:172.21.15.19:0/0)
2024-02-22T15:40:59.830 INFO:teuthology.orchestra.run.smithi019.stdout:/usr/bin/ceph: stderr
2024-02-22T15:40:58.956+0000 7f03faffd700 1 -- 172.21.15.19:0/791077554 --> [v2:172.21.15.19:3300/0,v1:172.21.15.19:6789/0] -- mon_subscribe({config=0+,monmap=0+}) v3 -- 0x7f03f00094f0 con 0x7f03fc076bd0
2024-02-22T15:40:59.831 INFO:teuthology.orchestra.run.smithi019.stdout:/usr/bin/ceph: stderr
2024-02-22T15:40:58.956+0000 7f03faffd700 1 --2- 172.21.15.19:0/791077554 >> [v2:172.21.15.19:3300/0,v1:172.21.15.19:6789/0] conn(0x7f03fc076bd0 0x7f03fc111460 secure :-1 s=READY pgs=58 cs=0 l=1 rev1=1 crypto rx=0x7f03f00094c0 tx=0x7f03f0009250 comp rx=0 tx=0).ready entity=mon.0 client_cookie=0 server_cookie=0 in_seq=0 out_seq=0
2024-02-22T15:40:59.831 INFO:teuthology.orchestra.run.smithi019.stdout:/usr/bin/ceph: stderr
2024-02-22T15:40:58.956+0000 7f03e37fe700 1 -- 172.21.15.19:0/791077554 <== mon.0 v2:172.21.15.19:3300/0 1 ==== mon_map magic: 0 v1 ==== 229+0+0 (secure 0 0 0) 0x7f03f0010850 con 0x7f03fc076bd0
2024-02-22T15:40:59.831 INFO:teuthology.orchestra.run.smithi019.stdout:/usr/bin/ceph: stderr
2024-02-22T15:40:58.956+0000 7f03e37fe700 1 -- 172.21.15.19:0/791077554 <== mon.0 v2:172.21.15.19:3300/0 2 ==== config(26 keys) v1 ==== 1074+0+0 (secure 0 0 0) 0x7f03f0010e60 con 0x7f03fc076bd0
2024-02-22T15:40:59.831 INFO:teuthology.orchestra.run.smithi019.stdout:/usr/bin/ceph: stderr
2024-02-22T15:40:58.956+0000 7f0401a57700 1 -- 172.21.15.19:0/791077554 --> [v2:172.21.15.19:3300/0,v1:172.21.15.19:6789/0] -- mon_subscribe({mgrmap=0+}) v3 -- 0x7f03fc111ba0 con 0x7f03fc076bd0
2024-02-22T15:40:59.831 INFO:teuthology.orchestra.run.smithi019.stdout:/usr/bin/ceph: stderr
2024-02-22T15:40:58.956+0000 7f03e37fe700 1 -- 172.21.15.19:0/791077554 <== mon.0 v2:172.21.15.19:3300/0 3 ==== mon_map magic: 0 v1 ==== 229+0+0 (secure 0 0 0) 0x7f03f00243f0 con 0x7f03fc076bd0
2024-02-22T15:40:59.831 INFO:teuthology.orchestra.run.smithi019.stdout:/usr/bin/ceph: stderr
2024-02-22T15:40:58.956+0000 7f0401a57700 1 -- 172.21.15.19:0/791077554 --> [v2:172.21.15.19:3300/0,v1:172.21.15.19:6789/0] -- mon_subscribe({osdmap=0}) v3 -- 0x7f03fc111fb0 con 0x7f03fc076bd0
2024-02-22T15:40:59.831 INFO:teuthology.orchestra.run.smithi019.stdout:/usr/bin/ceph: stderr
2024-02-22T15:40:58.957+0000 7f03e37fe700 1 -- 172.21.15.19:0/791077554 <== mon.0 v2:172.21.15.19:3300/0 4 ==== mgrmap(e 8) v1 ==== 43368+0+0 (secure 0 0 0) 0x7f03f00246b0 con 0x7f03fc076bd0
2024-02-22T15:40:59.831 INFO:teuthology.orchestra.run.smithi019.stdout:/usr/bin/ceph: stderr
2024-02-22T15:40:58.957+0000 7f0401a57700 1 -- 172.21.15.19:0/791077554 --> [v2:172.21.15.19:3300/0,v1:172.21.15.19:6789/0] -- mon_command({"prefix": "get_command_descriptions"} v 0) v1 -- 0x7f03fc04bed0 con 0x7f03fc076bd0
2024-02-22T15:40:59.831 INFO:teuthology.orchestra.run.smithi019.stdout:/usr/bin/ceph: stderr
2024-02-22T15:40:58.957+0000 7f03e37fe700 1 --2- 172.21.15.19:0/791077554 >> [v2:172.21.15.19:6800/3545757717,v1:172.21.15.19:6801/3545757717] conn(0x7f03e4036790 0x7f03e4038c40 unknown :-1 s=NONE pgs=0 cs=0 l=1 rev1=0 crypto rx=0 tx=0 comp rx=0 tx=0).connect
2024-02-22T15:40:59.831 INFO:teuthology.orchestra.run.smithi019.stdout:/usr/bin/ceph: stderr
2024-02-22T15:40:58.957+0000 7f03e37fe700 1 -- 172.21.15.19:0/791077554 <== mon.0 v2:172.21.15.19:3300/0 5 ==== osd_map(2..2 src has 1..2) v4 ==== 936+0+0 (secure 0 0 0) 0x7f03f004a7a0 con 0x7f03fc076bd0
2024-02-22T15:40:59.831 INFO:teuthology.orchestra.run.smithi019.stdout:/usr/bin/ceph: stderr
2024-02-22T15:40:58.957+0000 7f03fa7fc700 1 --2- 172.21.15.19:0/791077554 >> [v2:172.21.15.19:6800/3545757717,v1:172.21.15.19:6801/3545757717] conn(0x7f03e4036790 0x7f03e4038c40 unknown :-1 s=BANNER_CONNECTING pgs=0 cs=0 l=1 rev1=0 crypto rx=0 tx=0 comp rx=0 tx=0)._handle_peer_banner_payload supported=3 required=0
2024-02-22T15:40:59.831 INFO:teuthology.orchestra.run.smithi019.stdout:/usr/bin/ceph: stderr
2024-02-22T15:40:58.958+0000 7f03fa7fc700 1 --2- 172.21.15.19:0/791077554 >> [v2:172.21.15.19:6800/3545757717,v1:172.21.15.19:6801/3545757717] conn(0x7f03e4036790 0x7f03e4038c40 secure :-1 s=READY pgs=18 cs=0 l=1 rev1=1 crypto rx=0x7f03ec009990 tx=0x7f03ec006e40 comp rx=0 tx=0).ready entity=mgr.14118 client_cookie=0 server_cookie=0 in_seq=0 out_seq=0
2024-02-22T15:40:59.831 INFO:teuthology.orchestra.run.smithi019.stdout:/usr/bin/ceph: stderr
2024-02-22T15:40:58.962+0000 7f03e37fe700 1 -- 172.21.15.19:0/791077554 <== mon.0 v2:172.21.15.19:3300/0 6 ==== mon_command_ack([{"prefix": "get_command_descriptions"}]=0 v0) v1 ==== 72+0+175031 (secure 0 0 0) 0x7f03f00189a0 con 0x7f03fc076bd0
2024-02-22T15:40:59.831 INFO:teuthology.orchestra.run.smithi019.stdout:/usr/bin/ceph: stderr
2024-02-22T15:40:59.164+0000 7f0401a57700 1 -- 172.21.15.19:0/791077554 --> [v2:172.21.15.19:6800/3545757717,v1:172.21.15.19:6801/3545757717] -- mgr_command(tid 0: {"prefix": "orch apply", "service_type": "alertmanager", "target": ["mon-mgr", ""]}) v1 -- 0x7f03fc10b360 con 0x7f03e4036790
2024-02-22T15:40:59.831 INFO:teuthology.orchestra.run.smithi019.stdout:/usr/bin/ceph: stderr
2024-02-22T15:40:59.171+0000 7f03e37fe700 1 -- 172.21.15.19:0/791077554 <== mgr.14118 v2:172.21.15.19:6800/3545757717 1 ==== mgr_command_reply(tid 0: 0 ) v1 ==== 8+0+33 (secure 0 0 0) 0x7f03fc10b360 con 0x7f03e4036790
2024-02-22T15:40:59.832 INFO:teuthology.orchestra.run.smithi019.stdout:/usr/bin/ceph: stderr
2024-02-22T15:40:59.173+0000 7f0401a57700 1 -- 172.21.15.19:0/791077554 >> [v2:172.21.15.19:6800/3545757717,v1:172.21.15.19:6801/3545757717] conn(0x7f03e4036790 msgr2=0x7f03e4038c40 secure :-1 s=STATE_CONNECTION_ESTABLISHED l=1).mark_down
2024-02-22T15:40:59.832 INFO:teuthology.orchestra.run.smithi019.stdout:/usr/bin/ceph: stderr
2024-02-22T15:40:59.173+0000 7f0401a57700 1 --2- 172.21.15.19:0/791077554 >> [v2:172.21.15.19:6800/3545757717,v1:172.21.15.19:6801/3545757717] conn(0x7f03e4036790 0x7f03e4038c40 secure :-1 s=READY pgs=18 cs=0 l=1 rev1=1 crypto rx=0x7f03ec009990 tx=0x7f03ec006e40 comp rx=0 tx=0).stop
2024-02-22T15:40:59.832 INFO:teuthology.orchestra.run.smithi019.stdout:/usr/bin/ceph: stderr
2024-02-22T15:40:59.173+0000 7f0401a57700 1 -- 172.21.15.19:0/791077554 >> [v2:172.21.15.19:3300/0,v1:172.21.15.19:6789/0] conn(0x7f03fc076bd0 msgr2=0x7f03fc111460 secure :-1 s=STATE_CONNECTION_ESTABLISHED l=1).mark_down
2024-02-22T15:40:59.832 INFO:teuthology.orchestra.run.smithi019.stdout:/usr/bin/ceph: stderr
2024-02-22T15:40:59.173+0000 7f0401a57700 1 --2- 172.21.15.19:0/791077554 >> [v2:172.21.15.19:3300/0,v1:172.21.15.19:6789/0] conn(0x7f03fc076bd0 0x7f03fc111460 secure :-1 s=READY pgs=58 cs=0 l=1 rev1=1 crypto rx=0x7f03f00094c0 tx=0x7f03f0009250 comp rx=0 tx=0).stop
2024-02-22T15:40:59.832 INFO:teuthology.orchestra.run.smithi019.stdout:/usr/bin/ceph: stderr
2024-02-22T15:40:59.173+0000 7f0401a57700 1 -- 172.21.15.19:0/791077554 shutdown_connections
2024-02-22T15:40:59.832 INFO:teuthology.orchestra.run.smithi019.stdout:/usr/bin/ceph: stderr
2024-02-22T15:40:59.173+0000 7f0401a57700 1 --2- 172.21.15.19:0/791077554 >> [v2:172.21.15.19:6800/3545757717,v1:172.21.15.19:6801/3545757717] conn(0x7f03e4036790 0x7f03e4038c40 unknown :-1 s=CLOSED pgs=18 cs=0 l=1 rev1=1 crypto rx=0 tx=0 comp rx=0 tx=0).stop
2024-02-22T15:40:59.832 INFO:teuthology.orchestra.run.smithi019.stdout:/usr/bin/ceph: stderr
2024-02-22T15:40:59.173+0000 7f0401a57700 1 --2- 172.21.15.19:0/791077554 >> [v2:172.21.15.19:3300/0,v1:172.21.15.19:6789/0] conn(0x7f03fc076bd0 0x7f03fc111460 unknown :-1 s=CLOSED pgs=58 cs=0 l=1 rev1=1 crypto rx=0 tx=0 comp rx=0 tx=0).stop
2024-02-22T15:40:59.832 INFO:teuthology.orchestra.run.smithi019.stdout:/usr/bin/ceph: stderr
2024-02-22T15:40:59.173+0000 7f0401a57700 1 -- 172.21.15.19:0/791077554 >> 172.21.15.19:0/791077554 conn(0x7f03fc0fccc0 msgr2=0x7f03fc0fe440 unknown :-1 s=STATE_NONE l=0).mark_down
2024-02-22T15:40:59.832 INFO:teuthology.orchestra.run.smithi019.stdout:/usr/bin/ceph: stderr
2024-02-22T15:40:59.173+0000 7f0401a57700 1 -- 172.21.15.19:0/791077554 shutdown_connections
2024-02-22T15:40:59.832 INFO:teuthology.orchestra.run.smithi019.stdout:/usr/bin/ceph: stderr
2024-02-22T15:40:59.173+0000 7f0401a57700 1 -- 172.21.15.19:0/791077554 wait complete.
2024-02-22T15:41:00.089 INFO:journalctl@ceph.mon.smithi019.smithi019.stdout:Feb 22 15:40:59 smithi019 ceph-mon[67418]: pgmap v4: 0 pgs: ; 0 B data, 0 B used, 0 B / 0 B avail
2024-02-22T15:41:00.089 INFO:journalctl@ceph.mon.smithi019.smithi019.stdout:Feb 22 15:40:59 smithi019 ceph-mon[67418]: from='mgr.14118 172.21.15.19:0/2275048261' entity='mgr.smithi019.yvjrkp'
2024-02-22T15:41:01.167 INFO:teuthology.orchestra.run.smithi019.stdout:/usr/bin/ceph: stderr
2024-02-22T15:41:00.403+0000 7ff9664a2700 1 Processor -- start
2024-02-22T15:41:01.168 INFO:teuthology.orchestra.run.smithi019.stdout:/usr/bin/ceph: stderr
2024-02-22T15:41:00.403+0000 7ff9664a2700 1 -- start start
2024-02-22T15:41:01.168 INFO:teuthology.orchestra.run.smithi019.stdout:/usr/bin/ceph: stderr
2024-02-22T15:41:00.403+0000 7ff9664a2700 1 --2- >> [v2:172.21.15.19:3300/0,v1:172.21.15.19:6789/0] conn(0x7ff960102b60 0x7ff960102f70 unknown :-1 s=NONE pgs=0 cs=0 l=0 rev1=0 crypto rx=0 tx=0 comp rx=0 tx=0).connect
2024-02-22T15:41:01.168 INFO:teuthology.orchestra.run.smithi019.stdout:/usr/bin/ceph: stderr
2024-02-22T15:41:00.403+0000 7ff9664a2700 1 -- --> [v2:172.21.15.19:3300/0,v1:172.21.15.19:6789/0] -- mon_getmap magic: 0 v1 -- 0x7ff9601034b0 con 0x7ff960102b60
2024-02-22T15:41:01.168 INFO:teuthology.orchestra.run.smithi019.stdout:/usr/bin/ceph: stderr
2024-02-22T15:41:00.403+0000 7ff95ffff700 1 --2- >> [v2:172.21.15.19:3300/0,v1:172.21.15.19:6789/0] conn(0x7ff960102b60 0x7ff960102f70 unknown :-1 s=BANNER_CONNECTING pgs=0 cs=0 l=0 rev1=0 crypto rx=0 tx=0 comp rx=0 tx=0)._handle_peer_banner_payload supported=3 required=0
2024-02-22T15:41:01.168 INFO:teuthology.orchestra.run.smithi019.stdout:/usr/bin/ceph: stderr
2024-02-22T15:41:00.403+0000 7ff95ffff700 1 --2- >> [v2:172.21.15.19:3300/0,v1:172.21.15.19:6789/0] conn(0x7ff960102b60 0x7ff960102f70 unknown :-1 s=HELLO_CONNECTING pgs=0 cs=0 l=0 rev1=1 crypto rx=0 tx=0 comp rx=0 tx=0).handle_hello peer v2:172.21.15.19:3300/0 says I am v2:172.21.15.19:53626/0 (socket says 172.21.15.19:53626)
2024-02-22T15:41:01.168 INFO:teuthology.orchestra.run.smithi019.stdout:/usr/bin/ceph: stderr
2024-02-22T15:41:00.403+0000 7ff95ffff700 1 -- 172.21.15.19:0/3619234360 learned_addr learned my addr 172.21.15.19:0/3619234360 (peer_addr_for_me v2:172.21.15.19:0/0)
2024-02-22T15:41:01.168 INFO:teuthology.orchestra.run.smithi019.stdout:/usr/bin/ceph: stderr
2024-02-22T15:41:00.404+0000 7ff95ffff700 1 -- 172.21.15.19:0/3619234360 --> [v2:172.21.15.19:3300/0,v1:172.21.15.19:6789/0] -- mon_subscribe({config=0+,monmap=0+}) v3 -- 0x7ff9601035f0 con 0x7ff960102b60
2024-02-22T15:41:01.168 INFO:teuthology.orchestra.run.smithi019.stdout:/usr/bin/ceph: stderr
2024-02-22T15:41:00.404+0000 7ff95ffff700 1 --2- 172.21.15.19:0/3619234360 >> [v2:172.21.15.19:3300/0,v1:172.21.15.19:6789/0] conn(0x7ff960102b60 0x7ff960102f70 secure :-1 s=READY pgs=59 cs=0 l=1 rev1=1 crypto rx=0x7ff9500098e0 tx=0x7ff950009250 comp rx=0 tx=0).ready entity=mon.0 client_cookie=448f76dabb4b7795 server_cookie=0 in_seq=0 out_seq=0
2024-02-22T15:41:01.168 INFO:teuthology.orchestra.run.smithi019.stdout:/usr/bin/ceph: stderr
2024-02-22T15:41:00.404+0000 7ff95effd700 1 -- 172.21.15.19:0/3619234360 <== mon.0 v2:172.21.15.19:3300/0 1 ==== mon_map magic: 0 v1 ==== 229+0+0 (secure 0 0 0) 0x7ff95000b860 con 0x7ff960102b60
2024-02-22T15:41:01.168 INFO:teuthology.orchestra.run.smithi019.stdout:/usr/bin/ceph: stderr
2024-02-22T15:41:00.404+0000 7ff95effd700 1 -- 172.21.15.19:0/3619234360 <== mon.0 v2:172.21.15.19:3300/0 2 ==== config(26 keys) v1 ==== 1074+0+0 (secure 0 0 0) 0x7ff95000be70 con 0x7ff960102b60
2024-02-22T15:41:01.169 INFO:teuthology.orchestra.run.smithi019.stdout:/usr/bin/ceph: stderr
2024-02-22T15:41:00.404+0000 7ff95effd700 1 -- 172.21.15.19:0/3619234360 <== mon.0 v2:172.21.15.19:3300/0 3 ==== mon_map magic: 0 v1 ==== 229+0+0 (secure 0 0 0) 0x7ff950010380 con 0x7ff960102b60
2024-02-22T15:41:01.169 INFO:teuthology.orchestra.run.smithi019.stdout:/usr/bin/ceph: stderr
2024-02-22T15:41:00.405+0000 7ff9664a2700 1 -- 172.21.15.19:0/3619234360 >> [v2:172.21.15.19:3300/0,v1:172.21.15.19:6789/0] conn(0x7ff960102b60 msgr2=0x7ff960102f70 secure :-1 s=STATE_CONNECTION_ESTABLISHED l=1).mark_down
2024-02-22T15:41:01.169 INFO:teuthology.orchestra.run.smithi019.stdout:/usr/bin/ceph: stderr
2024-02-22T15:41:00.405+0000 7ff9664a2700 1 --2- 172.21.15.19:0/3619234360 >> [v2:172.21.15.19:3300/0,v1:172.21.15.19:6789/0] conn(0x7ff960102b60 0x7ff960102f70 secure :-1 s=READY pgs=59 cs=0 l=1 rev1=1 crypto rx=0x7ff9500098e0 tx=0x7ff950009250 comp rx=0 tx=0).stop
2024-02-22T15:41:01.169 INFO:teuthology.orchestra.run.smithi019.stdout:/usr/bin/ceph: stderr
2024-02-22T15:41:00.405+0000 7ff9664a2700 1 -- 172.21.15.19:0/3619234360 shutdown_connections
2024-02-22T15:41:01.169 INFO:teuthology.orchestra.run.smithi019.stdout:/usr/bin/ceph: stderr
2024-02-22T15:41:00.405+0000 7ff9664a2700 1 --2- 172.21.15.19:0/3619234360 >> [v2:172.21.15.19:3300/0,v1:172.21.15.19:6789/0] conn(0x7ff960102b60 0x7ff960102f70 unknown :-1 s=CLOSED pgs=59 cs=0 l=1 rev1=1 crypto rx=0 tx=0 comp rx=0 tx=0).stop
2024-02-22T15:41:01.169 INFO:teuthology.orchestra.run.smithi019.stdout:/usr/bin/ceph: stderr
2024-02-22T15:41:00.405+0000 7ff9664a2700 1 -- 172.21.15.19:0/3619234360 >> 172.21.15.19:0/3619234360 conn(0x7ff9600fc460 msgr2=0x7ff9600fe890 unknown :-1 s=STATE_NONE l=0).mark_down
2024-02-22T15:41:01.169 INFO:teuthology.orchestra.run.smithi019.stdout:/usr/bin/ceph: stderr
2024-02-22T15:41:00.405+0000 7ff9664a2700 1 -- 172.21.15.19:0/3619234360 shutdown_connections
2024-02-22T15:41:01.169 INFO:teuthology.orchestra.run.smithi019.stdout:/usr/bin/ceph: stderr
2024-02-22T15:41:00.405+0000 7ff9664a2700 1 -- 172.21.15.19:0/3619234360 wait complete.
2024-02-22T15:41:01.170 INFO:teuthology.orchestra.run.smithi019.stdout:/usr/bin/ceph: stderr
2024-02-22T15:41:00.405+0000 7ff9664a2700 1 Processor -- start
2024-02-22T15:41:01.170 INFO:teuthology.orchestra.run.smithi019.stdout:/usr/bin/ceph: stderr
2024-02-22T15:41:00.406+0000 7ff9664a2700 1 -- start start
2024-02-22T15:41:01.170 INFO:teuthology.orchestra.run.smithi019.stdout:/usr/bin/ceph: stderr
2024-02-22T15:41:00.406+0000 7ff9664a2700 1 --2- >> [v2:172.21.15.19:3300/0,v1:172.21.15.19:6789/0] conn(0x7ff960102b60 0x7ff960111490 unknown :-1 s=NONE pgs=0 cs=0 l=1 rev1=0 crypto rx=0 tx=0 comp rx=0 tx=0).connect
2024-02-22T15:41:01.170 INFO:teuthology.orchestra.run.smithi019.stdout:/usr/bin/ceph: stderr
2024-02-22T15:41:00.406+0000 7ff9664a2700 1 -- --> [v2:172.21.15.19:3300/0,v1:172.21.15.19:6789/0] -- mon_getmap magic: 0 v1 -- 0x7ff9601119d0 con 0x7ff960102b60
2024-02-22T15:41:01.170 INFO:teuthology.orchestra.run.smithi019.stdout:/usr/bin/ceph: stderr
2024-02-22T15:41:00.406+0000 7ff95ffff700 1 --2- >> [v2:172.21.15.19:3300/0,v1:172.21.15.19:6789/0] conn(0x7ff960102b60 0x7ff960111490 unknown :-1 s=BANNER_CONNECTING pgs=0 cs=0 l=1 rev1=0 crypto rx=0 tx=0 comp rx=0 tx=0)._handle_peer_banner_payload supported=3 required=0
2024-02-22T15:41:01.170 INFO:teuthology.orchestra.run.smithi019.stdout:/usr/bin/ceph: stderr
2024-02-22T15:41:00.406+0000 7ff95ffff700 1 --2- >> [v2:172.21.15.19:3300/0,v1:172.21.15.19:6789/0] conn(0x7ff960102b60 0x7ff960111490 unknown :-1 s=HELLO_CONNECTING pgs=0 cs=0 l=1 rev1=1 crypto rx=0 tx=0 comp rx=0 tx=0).handle_hello peer v2:172.21.15.19:3300/0 says I am v2:172.21.15.19:53628/0 (socket says 172.21.15.19:53628)
2024-02-22T15:41:01.170 INFO:teuthology.orchestra.run.smithi019.stdout:/usr/bin/ceph: stderr
2024-02-22T15:41:00.406+0000 7ff95ffff700 1 -- 172.21.15.19:0/3574945223 learned_addr learned my addr 172.21.15.19:0/3574945223 (peer_addr_for_me v2:172.21.15.19:0/0)
2024-02-22T15:41:01.170 INFO:teuthology.orchestra.run.smithi019.stdout:/usr/bin/ceph: stderr
2024-02-22T15:41:00.406+0000 7ff95ffff700 1 -- 172.21.15.19:0/3574945223 --> [v2:172.21.15.19:3300/0,v1:172.21.15.19:6789/0] -- mon_subscribe({config=0+,monmap=0+}) v3 -- 0x7ff9500094f0 con 0x7ff960102b60
2024-02-22T15:41:01.170 INFO:teuthology.orchestra.run.smithi019.stdout:/usr/bin/ceph: stderr
2024-02-22T15:41:00.406+0000 7ff95ffff700 1 --2- 172.21.15.19:0/3574945223 >> [v2:172.21.15.19:3300/0,v1:172.21.15.19:6789/0] conn(0x7ff960102b60 0x7ff960111490 secure :-1 s=READY pgs=60 cs=0 l=1 rev1=1 crypto rx=0x7ff95000c010 tx=0x7ff950009250 comp rx=0 tx=0).ready entity=mon.0 client_cookie=0 server_cookie=0 in_seq=0 out_seq=0
2024-02-22T15:41:01.170 INFO:teuthology.orchestra.run.smithi019.stdout:/usr/bin/ceph: stderr
2024-02-22T15:41:00.406+0000 7ff95cff9700 1 -- 172.21.15.19:0/3574945223 <== mon.0 v2:172.21.15.19:3300/0 1 ==== mon_map magic: 0 v1 ==== 229+0+0 (secure 0 0 0) 0x7ff950010960 con 0x7ff960102b60
2024-02-22T15:41:01.170 INFO:teuthology.orchestra.run.smithi019.stdout:/usr/bin/ceph: stderr
2024-02-22T15:41:00.407+0000 7ff9664a2700 1 -- 172.21.15.19:0/3574945223 --> [v2:172.21.15.19:3300/0,v1:172.21.15.19:6789/0] -- mon_subscribe({mgrmap=0+}) v3 -- 0x7ff960111bd0 con 0x7ff960102b60
2024-02-22T15:41:01.170 INFO:teuthology.orchestra.run.smithi019.stdout:/usr/bin/ceph: stderr
2024-02-22T15:41:00.407+0000 7ff95cff9700 1 -- 172.21.15.19:0/3574945223 <== mon.0 v2:172.21.15.19:3300/0 2 ==== config(26 keys) v1 ==== 1074+0+0 (secure 0 0 0) 0x7ff95001a430 con 0x7ff960102b60
2024-02-22T15:41:01.170 INFO:teuthology.orchestra.run.smithi019.stdout:/usr/bin/ceph: stderr
2024-02-22T15:41:00.407+0000 7ff95cff9700 1 -- 172.21.15.19:0/3574945223 <== mon.0 v2:172.21.15.19:3300/0 3 ==== mon_map magic: 0 v1 ==== 229+0+0 (secure 0 0 0) 0x7ff950019580 con 0x7ff960102b60
2024-02-22T15:41:01.171 INFO:teuthology.orchestra.run.smithi019.stdout:/usr/bin/ceph: stderr
2024-02-22T15:41:00.407+0000 7ff9664a2700 1 -- 172.21.15.19:0/3574945223 --> [v2:172.21.15.19:3300/0,v1:172.21.15.19:6789/0] -- mon_subscribe({osdmap=0}) v3 -- 0x7ff960111fe0 con 0x7ff960102b60
2024-02-22T15:41:01.171 INFO:teuthology.orchestra.run.smithi019.stdout:/usr/bin/ceph: stderr
2024-02-22T15:41:00.407+0000 7ff95cff9700 1 -- 172.21.15.19:0/3574945223 <== mon.0 v2:172.21.15.19:3300/0 4 ==== mgrmap(e 8) v1 ==== 43368+0+0 (secure 0 0 0) 0x7ff950019800 con 0x7ff960102b60
2024-02-22T15:41:01.171 INFO:teuthology.orchestra.run.smithi019.stdout:/usr/bin/ceph: stderr
2024-02-22T15:41:00.408+0000 7ff95cff9700 1 --2- 172.21.15.19:0/3574945223 >> [v2:172.21.15.19:6800/3545757717,v1:172.21.15.19:6801/3545757717] conn(0x7ff948036790 0x7ff948038c40 unknown :-1 s=NONE pgs=0 cs=0 l=1 rev1=0 crypto rx=0 tx=0 comp rx=0 tx=0).connect
2024-02-22T15:41:01.171 INFO:teuthology.orchestra.run.smithi019.stdout:/usr/bin/ceph: stderr
2024-02-22T15:41:00.408+0000 7ff95cff9700 1 -- 172.21.15.19:0/3574945223 <== mon.0 v2:172.21.15.19:3300/0 5 ==== osd_map(2..2 src has 1..2) v4 ==== 936+0+0 (secure 0 0 0) 0x7ff95004a580 con 0x7ff960102b60
2024-02-22T15:41:01.171 INFO:teuthology.orchestra.run.smithi019.stdout:/usr/bin/ceph: stderr
2024-02-22T15:41:00.408+0000 7ff9664a2700 1 -- 172.21.15.19:0/3574945223 --> [v2:172.21.15.19:3300/0,v1:172.21.15.19:6789/0] -- mon_command({"prefix": "get_command_descriptions"} v 0) v1 -- 0x7ff96004bed0 con 0x7ff960102b60
2024-02-22T15:41:01.171 INFO:teuthology.orchestra.run.smithi019.stdout:/usr/bin/ceph: stderr
