2024-02-22T15:41:05.297+0000 7f577cc9a700 1 --2- 172.21.15.19:0/2136782700 >> [v2:172.21.15.19:6800/3545757717,v1:172.21.15.19:6801/3545757717] conn(0x7f57640367e0 0x7f5764038c90 unknown :-1 s=START_CONNECT pgs=0 cs=0 l=1 rev1=0 crypto rx=0 tx=0 comp rx=0 tx=0)._fault waiting 0.200000
2024-02-22T15:41:06.267 INFO:teuthology.orchestra.run.smithi019.stdout:/usr/bin/ceph: stderr
2024-02-22T15:41:05.302+0000 7f576dffb700 1 -- 172.21.15.19:0/2136782700 <== mon.0 v2:172.21.15.19:3300/0 6 ==== mon_command_ack([{"prefix": "get_command_descriptions"}]=0 v0) v1 ==== 72+0+175031 (secure 0 0 0) 0x7f5774050060 con 0x7f57780712f0
2024-02-22T15:41:06.267 INFO:teuthology.orchestra.run.smithi019.stdout:/usr/bin/ceph: stderr
2024-02-22T15:41:05.498+0000 7f577cc9a700 1 -- 172.21.15.19:0/2136782700 >> [v2:172.21.15.19:6800/3545757717,v1:172.21.15.19:6801/3545757717] conn(0x7f57640367e0 msgr2=0x7f5764038c90 unknown :-1 s=STATE_CONNECTING_RE l=1).process reconnect failed to v2:172.21.15.19:6800/3545757717
2024-02-22T15:41:06.267 INFO:teuthology.orchestra.run.smithi019.stdout:/usr/bin/ceph: stderr
2024-02-22T15:41:05.498+0000 7f577cc9a700 1 --2- 172.21.15.19:0/2136782700 >> [v2:172.21.15.19:6800/3545757717,v1:172.21.15.19:6801/3545757717] conn(0x7f57640367e0 0x7f5764038c90 unknown :-1 s=START_CONNECT pgs=0 cs=0 l=1 rev1=0 crypto rx=0 tx=0 comp rx=0 tx=0)._fault waiting 0.400000
2024-02-22T15:41:06.267 INFO:teuthology.orchestra.run.smithi019.stdout:/usr/bin/ceph: stderr
2024-02-22T15:41:05.549+0000 7f577f6ff700 1 -- 172.21.15.19:0/2136782700 --> [v2:172.21.15.19:3300/0,v1:172.21.15.19:6789/0] -- mon_command({"prefix": "mgr stat"} v 0) v1 -- 0x7f57781088a0 con 0x7f57780712f0
2024-02-22T15:41:06.267 INFO:teuthology.orchestra.run.smithi019.stdout:/usr/bin/ceph: stderr
2024-02-22T15:41:05.549+0000 7f576dffb700 1 -- 172.21.15.19:0/2136782700 <== mon.0 v2:172.21.15.19:3300/0 7 ==== mon_command_ack([{"prefix": "mgr stat"}]=0 v9) v1 ==== 56+0+103 (secure 0 0 0) 0x7f5774050070 con 0x7f57780712f0
2024-02-22T15:41:06.267 INFO:teuthology.orchestra.run.smithi019.stdout:/usr/bin/ceph: stderr
2024-02-22T15:41:05.551+0000 7f577f6ff700 1 -- 172.21.15.19:0/2136782700 >> [v2:172.21.15.19:6800/3545757717,v1:172.21.15.19:6801/3545757717] conn(0x7f57640367e0 msgr2=0x7f5764038c90 unknown :-1 s=STATE_CONNECTING l=1).mark_down
2024-02-22T15:41:06.267 INFO:teuthology.orchestra.run.smithi019.stdout:/usr/bin/ceph: stderr
2024-02-22T15:41:05.551+0000 7f577f6ff700 1 --2- 172.21.15.19:0/2136782700 >> [v2:172.21.15.19:6800/3545757717,v1:172.21.15.19:6801/3545757717] conn(0x7f57640367e0 0x7f5764038c90 unknown :-1 s=START_CONNECT pgs=0 cs=0 l=1 rev1=0 crypto rx=0 tx=0 comp rx=0 tx=0).stop
2024-02-22T15:41:06.267 INFO:teuthology.orchestra.run.smithi019.stdout:/usr/bin/ceph: stderr
2024-02-22T15:41:05.551+0000 7f577f6ff700 1 -- 172.21.15.19:0/2136782700 >> [v2:172.21.15.19:3300/0,v1:172.21.15.19:6789/0] conn(0x7f57780712f0 msgr2=0x7f5778113980 secure :-1 s=STATE_CONNECTION_ESTABLISHED l=1).mark_down
2024-02-22T15:41:06.267 INFO:teuthology.orchestra.run.smithi019.stdout:/usr/bin/ceph: stderr
2024-02-22T15:41:05.551+0000 7f577f6ff700 1 --2- 172.21.15.19:0/2136782700 >> [v2:172.21.15.19:3300/0,v1:172.21.15.19:6789/0] conn(0x7f57780712f0 0x7f5778113980 secure :-1 s=READY pgs=68 cs=0 l=1 rev1=1 crypto rx=0x7f57740094c0 tx=0x7f5774009250 comp rx=0 tx=0).stop
2024-02-22T15:41:06.268 INFO:teuthology.orchestra.run.smithi019.stdout:/usr/bin/ceph: stderr
2024-02-22T15:41:05.551+0000 7f577f6ff700 1 -- 172.21.15.19:0/2136782700 shutdown_connections
2024-02-22T15:41:06.268 INFO:teuthology.orchestra.run.smithi019.stdout:/usr/bin/ceph: stderr
2024-02-22T15:41:05.551+0000 7f577f6ff700 1 --2- 172.21.15.19:0/2136782700 >> [v2:172.21.15.19:6800/3545757717,v1:172.21.15.19:6801/3545757717] conn(0x7f57640367e0 0x7f5764038c90 unknown :-1 s=CLOSED pgs=0 cs=0 l=1 rev1=0 crypto rx=0 tx=0 comp rx=0 tx=0).stop
2024-02-22T15:41:06.268 INFO:teuthology.orchestra.run.smithi019.stdout:/usr/bin/ceph: stderr
2024-02-22T15:41:05.551+0000 7f577f6ff700 1 --2- 172.21.15.19:0/2136782700 >> [v2:172.21.15.19:3300/0,v1:172.21.15.19:6789/0] conn(0x7f57780712f0 0x7f5778113980 unknown :-1 s=CLOSED pgs=68 cs=0 l=1 rev1=1 crypto rx=0 tx=0 comp rx=0 tx=0).stop
2024-02-22T15:41:06.268 INFO:teuthology.orchestra.run.smithi019.stdout:/usr/bin/ceph: stderr
2024-02-22T15:41:05.551+0000 7f577f6ff700 1 -- 172.21.15.19:0/2136782700 >> 172.21.15.19:0/2136782700 conn(0x7f57780fccd0 msgr2=0x7f57780ff010 unknown :-1 s=STATE_NONE l=0).mark_down
2024-02-22T15:41:06.268 INFO:teuthology.orchestra.run.smithi019.stdout:/usr/bin/ceph: stderr
2024-02-22T15:41:05.551+0000 7f577f6ff700 1 -- 172.21.15.19:0/2136782700 shutdown_connections
2024-02-22T15:41:06.268 INFO:teuthology.orchestra.run.smithi019.stdout:/usr/bin/ceph: stderr
2024-02-22T15:41:05.551+0000 7f577f6ff700 1 -- 172.21.15.19:0/2136782700 wait complete.
2024-02-22T15:41:06.268 INFO:teuthology.orchestra.run.smithi019.stdout:Waiting for the mgr to restart...
2024-02-22T15:41:06.268 INFO:teuthology.orchestra.run.smithi019.stdout:Waiting for mgr epoch 9...
2024-02-22T15:41:10.911 INFO:journalctl@ceph.mon.smithi019.smithi019.stdout:Feb 22 15:41:10 smithi019 ceph-mon[67418]: Active manager daemon smithi019.yvjrkp restarted
2024-02-22T15:41:10.911 INFO:journalctl@ceph.mon.smithi019.smithi019.stdout:Feb 22 15:41:10 smithi019 ceph-mon[67418]: Activating manager daemon smithi019.yvjrkp
2024-02-22T15:41:10.911 INFO:journalctl@ceph.mon.smithi019.smithi019.stdout:Feb 22 15:41:10 smithi019 ceph-mon[67418]: osdmap e3: 0 total, 0 up, 0 in
2024-02-22T15:41:10.911 INFO:journalctl@ceph.mon.smithi019.smithi019.stdout:Feb 22 15:41:10 smithi019 ceph-mon[67418]: mgrmap e10: smithi019.yvjrkp(active, starting, since 0.00370153s)
2024-02-22T15:41:10.912 INFO:journalctl@ceph.mon.smithi019.smithi019.stdout:Feb 22 15:41:10 smithi019 ceph-mon[67418]: from='mgr.14160 172.21.15.19:0/814360645' entity='mgr.smithi019.yvjrkp' cmd=[{"prefix": "mon metadata", "id": "smithi019"}]: dispatch
2024-02-22T15:41:10.912 INFO:journalctl@ceph.mon.smithi019.smithi019.stdout:Feb 22 15:41:10 smithi019 ceph-mon[67418]: from='mgr.14160 172.21.15.19:0/814360645' entity='mgr.smithi019.yvjrkp' cmd=[{"prefix": "mgr metadata", "who": "smithi019.yvjrkp", "id": "smithi019.yvjrkp"}]: dispatch
2024-02-22T15:41:10.912 INFO:journalctl@ceph.mon.smithi019.smithi019.stdout:Feb 22 15:41:10 smithi019 ceph-mon[67418]: from='mgr.14160 172.21.15.19:0/814360645' entity='mgr.smithi019.yvjrkp' cmd=[{"prefix": "mds metadata"}]: dispatch
2024-02-22T15:41:10.912 INFO:journalctl@ceph.mon.smithi019.smithi019.stdout:Feb 22 15:41:10 smithi019 ceph-mon[67418]: from='mgr.14160 172.21.15.19:0/814360645' entity='mgr.smithi019.yvjrkp' cmd=[{"prefix": "osd metadata"}]: dispatch
2024-02-22T15:41:10.912 INFO:journalctl@ceph.mon.smithi019.smithi019.stdout:Feb 22 15:41:10 smithi019 ceph-mon[67418]: from='mgr.14160 172.21.15.19:0/814360645' entity='mgr.smithi019.yvjrkp' cmd=[{"prefix": "mon metadata"}]: dispatch
2024-02-22T15:41:10.912 INFO:journalctl@ceph.mon.smithi019.smithi019.stdout:Feb 22 15:41:10 smithi019 ceph-mon[67418]: Manager daemon smithi019.yvjrkp is now available
2024-02-22T15:41:10.912 INFO:journalctl@ceph.mon.smithi019.smithi019.stdout:Feb 22 15:41:10 smithi019 ceph-mon[67418]: from='mgr.14160 172.21.15.19:0/814360645' entity='mgr.smithi019.yvjrkp' cmd=[{"prefix": "config dump", "format": "json"}]: dispatch
2024-02-22T15:41:10.912 INFO:journalctl@ceph.mon.smithi019.smithi019.stdout:Feb 22 15:41:10 smithi019 ceph-mon[67418]: from='mgr.14160 172.21.15.19:0/814360645' entity='mgr.smithi019.yvjrkp' cmd=[{"prefix": "config dump", "format": "json"}]: dispatch
2024-02-22T15:41:11.999 INFO:journalctl@ceph.mon.smithi019.smithi019.stdout:Feb 22 15:41:11 smithi019 ceph-mon[67418]: from='mgr.14160 172.21.15.19:0/814360645' entity='mgr.smithi019.yvjrkp' cmd=[{"prefix":"config rm","who":"mgr","name":"mgr/rbd_support/smithi019.yvjrkp/mirror_snapshot_schedule"}]: dispatch
2024-02-22T15:41:11.999 INFO:journalctl@ceph.mon.smithi019.smithi019.stdout:Feb 22 15:41:11 smithi019 ceph-mon[67418]: from='mgr.14160 172.21.15.19:0/814360645' entity='mgr.smithi019.yvjrkp' cmd=[{"prefix":"config rm","who":"mgr","name":"mgr/rbd_support/smithi019.yvjrkp/trash_purge_schedule"}]: dispatch
2024-02-22T15:41:11.999 INFO:journalctl@ceph.mon.smithi019.smithi019.stdout:Feb 22 15:41:11 smithi019 ceph-mon[67418]: mgrmap e11: smithi019.yvjrkp(active, since 1.00528s)
2024-02-22T15:41:11.999 INFO:journalctl@ceph.mon.smithi019.smithi019.stdout:Feb 22 15:41:11 smithi019 ceph-mon[67418]: from='mgr.14160 172.21.15.19:0/814360645' entity='mgr.smithi019.yvjrkp'
2024-02-22T15:41:12.441 INFO:teuthology.orchestra.run.smithi019.stdout:/usr/bin/ceph: stdout {
2024-02-22T15:41:12.441 INFO:teuthology.orchestra.run.smithi019.stdout:/usr/bin/ceph: stdout "mgrmap_epoch": 11,
2024-02-22T15:41:12.441 INFO:teuthology.orchestra.run.smithi019.stdout:/usr/bin/ceph: stdout "initialized": true
2024-02-22T15:41:12.441 INFO:teuthology.orchestra.run.smithi019.stdout:/usr/bin/ceph: stdout }
2024-02-22T15:41:12.442 INFO:teuthology.orchestra.run.smithi019.stdout:/usr/bin/ceph: stderr
2024-02-22T15:41:06.848+0000 7f1214e26700 1 Processor -- start
2024-02-22T15:41:12.442 INFO:teuthology.orchestra.run.smithi019.stdout:/usr/bin/ceph: stderr
2024-02-22T15:41:06.848+0000 7f1214e26700 1 -- start start
2024-02-22T15:41:12.442 INFO:teuthology.orchestra.run.smithi019.stdout:/usr/bin/ceph: stderr
2024-02-22T15:41:06.848+0000 7f1214e26700 1 --2- >> [v2:172.21.15.19:3300/0,v1:172.21.15.19:6789/0] conn(0x7f1210102660 0x7f1210102a70 unknown :-1 s=NONE pgs=0 cs=0 l=0 rev1=0 crypto rx=0 tx=0 comp rx=0 tx=0).connect
2024-02-22T15:41:12.442 INFO:teuthology.orchestra.run.smithi019.stdout:/usr/bin/ceph: stderr
2024-02-22T15:41:06.848+0000 7f1214e26700 1 -- --> [v2:172.21.15.19:3300/0,v1:172.21.15.19:6789/0] -- mon_getmap magic: 0 v1 -- 0x7f1210102fb0 con 0x7f1210102660
2024-02-22T15:41:12.442 INFO:teuthology.orchestra.run.smithi019.stdout:/usr/bin/ceph: stderr
2024-02-22T15:41:06.849+0000 7f120e59c700 1 --2- >> [v2:172.21.15.19:3300/0,v1:172.21.15.19:6789/0] conn(0x7f1210102660 0x7f1210102a70 unknown :-1 s=BANNER_CONNECTING pgs=0 cs=0 l=0 rev1=0 crypto rx=0 tx=0 comp rx=0 tx=0)._handle_peer_banner_payload supported=3 required=0
2024-02-22T15:41:12.442 INFO:teuthology.orchestra.run.smithi019.stdout:/usr/bin/ceph: stderr
2024-02-22T15:41:06.849+0000 7f120e59c700 1 --2- >> [v2:172.21.15.19:3300/0,v1:172.21.15.19:6789/0] conn(0x7f1210102660 0x7f1210102a70 unknown :-1 s=HELLO_CONNECTING pgs=0 cs=0 l=0 rev1=1 crypto rx=0 tx=0 comp rx=0 tx=0).handle_hello peer v2:172.21.15.19:3300/0 says I am v2:172.21.15.19:53702/0 (socket says 172.21.15.19:53702)
2024-02-22T15:41:12.442 INFO:teuthology.orchestra.run.smithi019.stdout:/usr/bin/ceph: stderr
2024-02-22T15:41:06.849+0000 7f120e59c700 1 -- 172.21.15.19:0/1094357302 learned_addr learned my addr 172.21.15.19:0/1094357302 (peer_addr_for_me v2:172.21.15.19:0/0)
2024-02-22T15:41:12.442 INFO:teuthology.orchestra.run.smithi019.stdout:/usr/bin/ceph: stderr
2024-02-22T15:41:06.849+0000 7f120e59c700 1 -- 172.21.15.19:0/1094357302 --> [v2:172.21.15.19:3300/0,v1:172.21.15.19:6789/0] -- mon_subscribe({config=0+,monmap=0+}) v3 -- 0x7f12101030f0 con 0x7f1210102660
2024-02-22T15:41:12.442 INFO:teuthology.orchestra.run.smithi019.stdout:/usr/bin/ceph: stderr
2024-02-22T15:41:06.849+0000 7f120e59c700 1 --2- 172.21.15.19:0/1094357302 >> [v2:172.21.15.19:3300/0,v1:172.21.15.19:6789/0] conn(0x7f1210102660 0x7f1210102a70 secure :-1 s=READY pgs=69 cs=0 l=1 rev1=1 crypto rx=0x7f12000098e0 tx=0x7f1200009250 comp rx=0 tx=0).ready entity=mon.0 client_cookie=fea27fb8c2586dce server_cookie=0 in_seq=0 out_seq=0
2024-02-22T15:41:12.442 INFO:teuthology.orchestra.run.smithi019.stdout:/usr/bin/ceph: stderr
2024-02-22T15:41:06.849+0000 7f120d59a700 1 -- 172.21.15.19:0/1094357302 <== mon.0 v2:172.21.15.19:3300/0 1 ==== mon_map magic: 0 v1 ==== 229+0+0 (secure 0 0 0) 0x7f120000b860 con 0x7f1210102660
2024-02-22T15:41:12.442 INFO:teuthology.orchestra.run.smithi019.stdout:/usr/bin/ceph: stderr
2024-02-22T15:41:06.849+0000 7f120d59a700 1 -- 172.21.15.19:0/1094357302 <== mon.0 v2:172.21.15.19:3300/0 2 ==== config(26 keys) v1 ==== 1074+0+0 (secure 0 0 0) 0x7f120000be70 con 0x7f1210102660
2024-02-22T15:41:12.442 INFO:teuthology.orchestra.run.smithi019.stdout:/usr/bin/ceph: stderr
2024-02-22T15:41:06.849+0000 7f120d59a700 1 -- 172.21.15.19:0/1094357302 <== mon.0 v2:172.21.15.19:3300/0 3 ==== mon_map magic: 0 v1 ==== 229+0+0 (secure 0 0 0) 0x7f1200010380 con 0x7f1210102660
2024-02-22T15:41:12.442 INFO:teuthology.orchestra.run.smithi019.stdout:/usr/bin/ceph: stderr
2024-02-22T15:41:06.850+0000 7f1214e26700 1 -- 172.21.15.19:0/1094357302 >> [v2:172.21.15.19:3300/0,v1:172.21.15.19:6789/0] conn(0x7f1210102660 msgr2=0x7f1210102a70 secure :-1 s=STATE_CONNECTION_ESTABLISHED l=1).mark_down
2024-02-22T15:41:12.443 INFO:teuthology.orchestra.run.smithi019.stdout:/usr/bin/ceph: stderr
2024-02-22T15:41:06.850+0000 7f1214e26700 1 --2- 172.21.15.19:0/1094357302 >> [v2:172.21.15.19:3300/0,v1:172.21.15.19:6789/0] conn(0x7f1210102660 0x7f1210102a70 secure :-1 s=READY pgs=69 cs=0 l=1 rev1=1 crypto rx=0x7f12000098e0 tx=0x7f1200009250 comp rx=0 tx=0).stop
2024-02-22T15:41:12.443 INFO:teuthology.orchestra.run.smithi019.stdout:/usr/bin/ceph: stderr
2024-02-22T15:41:06.850+0000 7f1214e26700 1 -- 172.21.15.19:0/1094357302 shutdown_connections
2024-02-22T15:41:12.443 INFO:teuthology.orchestra.run.smithi019.stdout:/usr/bin/ceph: stderr
2024-02-22T15:41:06.850+0000 7f1214e26700 1 --2- 172.21.15.19:0/1094357302 >> [v2:172.21.15.19:3300/0,v1:172.21.15.19:6789/0] conn(0x7f1210102660 0x7f1210102a70 unknown :-1 s=CLOSED pgs=69 cs=0 l=1 rev1=1 crypto rx=0 tx=0 comp rx=0 tx=0).stop
2024-02-22T15:41:12.443 INFO:teuthology.orchestra.run.smithi019.stdout:/usr/bin/ceph: stderr
2024-02-22T15:41:06.850+0000 7f1214e26700 1 -- 172.21.15.19:0/1094357302 >> 172.21.15.19:0/1094357302 conn(0x7f12100fddc0 msgr2=0x7f12101001f0 unknown :-1 s=STATE_NONE l=0).mark_down
2024-02-22T15:41:12.443 INFO:teuthology.orchestra.run.smithi019.stdout:/usr/bin/ceph: stderr
2024-02-22T15:41:06.850+0000 7f1214e26700 1 -- 172.21.15.19:0/1094357302 shutdown_connections
2024-02-22T15:41:12.443 INFO:teuthology.orchestra.run.smithi019.stdout:/usr/bin/ceph: stderr
2024-02-22T15:41:06.850+0000 7f1214e26700 1 -- 172.21.15.19:0/1094357302 wait complete.
2024-02-22T15:41:12.443 INFO:teuthology.orchestra.run.smithi019.stdout:/usr/bin/ceph: stderr
2024-02-22T15:41:06.851+0000 7f1214e26700 1 Processor -- start
2024-02-22T15:41:12.443 INFO:teuthology.orchestra.run.smithi019.stdout:/usr/bin/ceph: stderr
2024-02-22T15:41:06.851+0000 7f1214e26700 1 -- start start
2024-02-22T15:41:12.443 INFO:teuthology.orchestra.run.smithi019.stdout:/usr/bin/ceph: stderr
2024-02-22T15:41:06.851+0000 7f1214e26700 1 --2- >> [v2:172.21.15.19:3300/0,v1:172.21.15.19:6789/0] conn(0x7f1210102660 0x7f1210111490 unknown :-1 s=NONE pgs=0 cs=0 l=1 rev1=0 crypto rx=0 tx=0 comp rx=0 tx=0).connect
2024-02-22T15:41:12.443 INFO:teuthology.orchestra.run.smithi019.stdout:/usr/bin/ceph: stderr
2024-02-22T15:41:06.851+0000 7f1214e26700 1 -- --> [v2:172.21.15.19:3300/0,v1:172.21.15.19:6789/0] -- mon_getmap magic: 0 v1 -- 0x7f12101119d0 con 0x7f1210102660
2024-02-22T15:41:12.443 INFO:teuthology.orchestra.run.smithi019.stdout:/usr/bin/ceph: stderr
2024-02-22T15:41:06.851+0000 7f120e59c700 1 --2- >> [v2:172.21.15.19:3300/0,v1:172.21.15.19:6789/0] conn(0x7f1210102660 0x7f1210111490 unknown :-1 s=BANNER_CONNECTING pgs=0 cs=0 l=1 rev1=0 crypto rx=0 tx=0 comp rx=0 tx=0)._handle_peer_banner_payload supported=3 required=0
2024-02-22T15:41:12.443 INFO:teuthology.orchestra.run.smithi019.stdout:/usr/bin/ceph: stderr
2024-02-22T15:41:06.851+0000 7f120e59c700 1 --2- >> [v2:172.21.15.19:3300/0,v1:172.21.15.19:6789/0] conn(0x7f1210102660 0x7f1210111490 unknown :-1 s=HELLO_CONNECTING pgs=0 cs=0 l=1 rev1=1 crypto rx=0 tx=0 comp rx=0 tx=0).handle_hello peer v2:172.21.15.19:3300/0 says I am v2:172.21.15.19:53706/0 (socket says 172.21.15.19:53706)
2024-02-22T15:41:12.443 INFO:teuthology.orchestra.run.smithi019.stdout:/usr/bin/ceph: stderr
2024-02-22T15:41:06.851+0000 7f120e59c700 1 -- 172.21.15.19:0/945145027 learned_addr learned my addr 172.21.15.19:0/945145027 (peer_addr_for_me v2:172.21.15.19:0/0)
2024-02-22T15:41:12.443 INFO:teuthology.orchestra.run.smithi019.stdout:/usr/bin/ceph: stderr
2024-02-22T15:41:06.851+0000 7f120e59c700 1 -- 172.21.15.19:0/945145027 --> [v2:172.21.15.19:3300/0,v1:172.21.15.19:6789/0] -- mon_subscribe({config=0+,monmap=0+}) v3 -- 0x7f12000094f0 con 0x7f1210102660
2024-02-22T15:41:12.443 INFO:teuthology.orchestra.run.smithi019.stdout:/usr/bin/ceph: stderr
2024-02-22T15:41:06.851+0000 7f120e59c700 1 --2- 172.21.15.19:0/945145027 >> [v2:172.21.15.19:3300/0,v1:172.21.15.19:6789/0] conn(0x7f1210102660 0x7f1210111490 secure :-1 s=READY pgs=70 cs=0 l=1 rev1=1 crypto rx=0x7f1200011b60 tx=0x7f1200009250 comp rx=0 tx=0).ready entity=mon.0 client_cookie=0 server_cookie=0 in_seq=0 out_seq=0
2024-02-22T15:41:12.444 INFO:teuthology.orchestra.run.smithi019.stdout:/usr/bin/ceph: stderr
2024-02-22T15:41:06.852+0000 7f11feffd700 1 -- 172.21.15.19:0/945145027 <== mon.0 v2:172.21.15.19:3300/0 1 ==== mon_map magic: 0 v1 ==== 229+0+0 (secure 0 0 0) 0x7f1200010850 con 0x7f1210102660
2024-02-22T15:41:12.444 INFO:teuthology.orchestra.run.smithi019.stdout:/usr/bin/ceph: stderr
2024-02-22T15:41:06.852+0000 7f11feffd700 1 -- 172.21.15.19:0/945145027 <== mon.0 v2:172.21.15.19:3300/0 2 ==== config(26 keys) v1 ==== 1074+0+0 (secure 0 0 0) 0x7f1200010e60 con 0x7f1210102660
2024-02-22T15:41:12.444 INFO:teuthology.orchestra.run.smithi019.stdout:/usr/bin/ceph: stderr
2024-02-22T15:41:06.852+0000 7f1214e26700 1 -- 172.21.15.19:0/945145027 --> [v2:172.21.15.19:3300/0,v1:172.21.15.19:6789/0] -- mon_subscribe({mgrmap=0+}) v3 -- 0x7f1210111bd0 con 0x7f1210102660
2024-02-22T15:41:12.444 INFO:teuthology.orchestra.run.smithi019.stdout:/usr/bin/ceph: stderr
2024-02-22T15:41:06.852+0000 7f1214e26700 1 -- 172.21.15.19:0/945145027 --> [v2:172.21.15.19:3300/0,v1:172.21.15.19:6789/0] -- mon_subscribe({osdmap=0}) v3 -- 0x7f1210111fe0 con 0x7f1210102660
2024-02-22T15:41:12.444 INFO:teuthology.orchestra.run.smithi019.stdout:/usr/bin/ceph: stderr
2024-02-22T15:41:06.852+0000 7f11feffd700 1 -- 172.21.15.19:0/945145027 <== mon.0 v2:172.21.15.19:3300/0 3 ==== mon_map magic: 0 v1 ==== 229+0+0 (secure 0 0 0) 0x7f120001ae20 con 0x7f1210102660
2024-02-22T15:41:12.444 INFO:teuthology.orchestra.run.smithi019.stdout:/usr/bin/ceph: stderr
2024-02-22T15:41:06.853+0000 7f11feffd700 1 -- 172.21.15.19:0/945145027 <== mon.0 v2:172.21.15.19:3300/0 4 ==== mgrmap(e 9) v1 ==== 43381+0+0 (secure 0 0 0) 0x7f12000109b0 con 0x7f1210102660
2024-02-22T15:41:12.444 INFO:teuthology.orchestra.run.smithi019.stdout:/usr/bin/ceph: stderr
2024-02-22T15:41:06.853+0000 7f11feffd700 1 --2- 172.21.15.19:0/945145027 >> [v2:172.21.15.19:6800/3545757717,v1:172.21.15.19:6801/3545757717] conn(0x7f11f80367e0 0x7f11f8038c90 unknown :-1 s=NONE pgs=0 cs=0 l=1 rev1=0 crypto rx=0 tx=0 comp rx=0 tx=0).connect
2024-02-22T15:41:12.444 INFO:teuthology.orchestra.run.smithi019.stdout:/usr/bin/ceph: stderr
2024-02-22T15:41:06.853+0000 7f11feffd700 1 -- 172.21.15.19:0/945145027 --> [v2:172.21.15.19:6800/3545757717,v1:172.21.15.19:6801/3545757717] -- command(tid 0: {"prefix": "get_command_descriptions"}) v1 -- 0x7f11f80393a0 con 0x7f11f80367e0
2024-02-22T15:41:12.444 INFO:teuthology.orchestra.run.smithi019.stdout:/usr/bin/ceph: stderr
2024-02-22T15:41:06.853+0000 7f11feffd700 1 -- 172.21.15.19:0/945145027 <== mon.0 v2:172.21.15.19:3300/0 5 ==== osd_map(2..2 src has 1..2) v4 ==== 936+0+0 (secure 0 0 0) 0x7f120004a470 con 0x7f1210102660
2024-02-22T15:41:12.444 INFO:teuthology.orchestra.run.smithi019.stdout:/usr/bin/ceph: stderr
2024-02-22T15:41:06.853+0000 7f120dd9b700 1 -- 172.21.15.19:0/945145027 >> [v2:172.21.15.19:6800/3545757717,v1:172.21.15.19:6801/3545757717] conn(0x7f11f80367e0 msgr2=0x7f11f8038c90 unknown :-1 s=STATE_CONNECTING_RE l=1).process reconnect failed to v2:172.21.15.19:6800/3545757717
2024-02-22T15:41:12.444 INFO:teuthology.orchestra.run.smithi019.stdout:/usr/bin/ceph: stderr
2024-02-22T15:41:06.853+0000 7f120dd9b700 1 --2- 172.21.15.19:0/945145027 >> [v2:172.21.15.19:6800/3545757717,v1:172.21.15.19:6801/3545757717] conn(0x7f11f80367e0 0x7f11f8038c90 unknown :-1 s=START_CONNECT pgs=0 cs=0 l=1 rev1=0 crypto rx=0 tx=0 comp rx=0 tx=0)._fault waiting 0.200000
2024-02-22T15:41:12.444 INFO:teuthology.orchestra.run.smithi019.stdout:/usr/bin/ceph: stderr
2024-02-22T15:41:07.054+0000 7f120dd9b700 1 -- 172.21.15.19:0/945145027 >> [v2:172.21.15.19:6800/3545757717,v1:172.21.15.19:6801/3545757717] conn(0x7f11f80367e0 msgr2=0x7f11f8038c90 unknown :-1 s=STATE_CONNECTING_RE l=1).process reconnect failed to v2:172.21.15.19:6800/3545757717
2024-02-22T15:41:12.444 INFO:teuthology.orchestra.run.smithi019.stdout:/usr/bin/ceph: stderr
2024-02-22T15:41:07.054+0000 7f120dd9b700 1 --2- 172.21.15.19:0/945145027 >> [v2:172.21.15.19:6800/3545757717,v1:172.21.15.19:6801/3545757717] conn(0x7f11f80367e0 0x7f11f8038c90 unknown :-1 s=START_CONNECT pgs=0 cs=0 l=1 rev1=0 crypto rx=0 tx=0 comp rx=0 tx=0)._fault waiting 0.400000
2024-02-22T15:41:12.445 INFO:teuthology.orchestra.run.smithi019.stdout:/usr/bin/ceph: stderr
2024-02-22T15:41:07.455+0000 7f120dd9b700 1 -- 172.21.15.19:0/945145027 >> [v2:172.21.15.19:6800/3545757717,v1:172.21.15.19:6801/3545757717] conn(0x7f11f80367e0 msgr2=0x7f11f8038c90 unknown :-1 s=STATE_CONNECTING_RE l=1).process reconnect failed to v2:172.21.15.19:6800/3545757717
2024-02-22T15:41:12.445 INFO:teuthology.orchestra.run.smithi019.stdout:/usr/bin/ceph: stderr
2024-02-22T15:41:07.455+0000 7f120dd9b700 1 --2- 172.21.15.19:0/945145027 >> [v2:172.21.15.19:6800/3545757717,v1:172.21.15.19:6801/3545757717] conn(0x7f11f80367e0 0x7f11f8038c90 unknown :-1 s=START_CONNECT pgs=0 cs=0 l=1 rev1=0 crypto rx=0 tx=0 comp rx=0 tx=0)._fault waiting 0.800000
2024-02-22T15:41:12.445 INFO:teuthology.orchestra.run.smithi019.stdout:/usr/bin/ceph: stderr
2024-02-22T15:41:08.256+0000 7f120dd9b700 1 -- 172.21.15.19:0/945145027 >> [v2:172.21.15.19:6800/3545757717,v1:172.21.15.19:6801/3545757717] conn(0x7f11f80367e0 msgr2=0x7f11f8038c90 unknown :-1 s=STATE_CONNECTING_RE l=1).process reconnect failed to v2:172.21.15.19:6800/3545757717
2024-02-22T15:41:12.445 INFO:teuthology.orchestra.run.smithi019.stdout:/usr/bin/ceph: stderr
2024-02-22T15:41:08.256+0000 7f120dd9b700 1 --2- 172.21.15.19:0/945145027 >> [v2:172.21.15.19:6800/3545757717,v1:172.21.15.19:6801/3545757717] conn(0x7f11f80367e0 0x7f11f8038c90 unknown :-1 s=START_CONNECT pgs=0 cs=0 l=1 rev1=0 crypto rx=0 tx=0 comp rx=0 tx=0)._fault waiting 1.600000
2024-02-22T15:41:12.445 INFO:teuthology.orchestra.run.smithi019.stdout:/usr/bin/ceph: stderr
2024-02-22T15:41:09.858+0000 7f120dd9b700 1 -- 172.21.15.19:0/945145027 >> [v2:172.21.15.19:6800/3545757717,v1:172.21.15.19:6801/3545757717] conn(0x7f11f80367e0 msgr2=0x7f11f8038c90 unknown :-1 s=STATE_CONNECTING_RE l=1).process reconnect failed to v2:172.21.15.19:6800/3545757717
2024-02-22T15:41:12.445 INFO:teuthology.orchestra.run.smithi019.stdout:/usr/bin/ceph: stderr
2024-02-22T15:41:09.858+0000 7f120dd9b700 1 --2- 172.21.15.19:0/945145027 >> [v2:172.21.15.19:6800/3545757717,v1:172.21.15.19:6801/3545757717] conn(0x7f11f80367e0 0x7f11f8038c90 unknown :-1 s=START_CONNECT pgs=0 cs=0 l=1 rev1=0 crypto rx=0 tx=0 comp rx=0 tx=0)._fault waiting 3.200000
2024-02-22T15:41:12.445 INFO:teuthology.orchestra.run.smithi019.stdout:/usr/bin/ceph: stderr
2024-02-22T15:41:10.805+0000 7f11feffd700 1 -- 172.21.15.19:0/945145027 <== mon.0 v2:172.21.15.19:3300/0 6 ==== mgrmap(e 10) v1 ==== 43148+0+0 (secure 0 0 0) 0x7f120002d770 con 0x7f1210102660
2024-02-22T15:41:12.445 INFO:teuthology.orchestra.run.smithi019.stdout:/usr/bin/ceph: stderr
2024-02-22T15:41:10.805+0000 7f11feffd700 1 -- 172.21.15.19:0/945145027 >> [v2:172.21.15.19:6800/3545757717,v1:172.21.15.19:6801/3545757717] conn(0x7f11f80367e0 msgr2=0x7f11f8038c90 unknown :-1 s=STATE_CONNECTING l=1).mark_down
2024-02-22T15:41:12.445 INFO:teuthology.orchestra.run.smithi019.stdout:/usr/bin/ceph: stderr
2024-02-22T15:41:10.805+0000 7f11feffd700 1 --2- 172.21.15.19:0/945145027 >> [v2:172.21.15.19:6800/3545757717,v1:172.21.15.19:6801/3545757717] conn(0x7f11f80367e0 0x7f11f8038c90 unknown :-1 s=START_CONNECT pgs=0 cs=0 l=1 rev1=0 crypto rx=0 tx=0 comp rx=0 tx=0).stop
2024-02-22T15:41:12.445 INFO:teuthology.orchestra.run.smithi019.stdout:/usr/bin/ceph: stderr
2024-02-22T15:41:11.806+0000 7f11feffd700 1 -- 172.21.15.19:0/945145027 <== mon.0 v2:172.21.15.19:3300/0 7 ==== mgrmap(e 11) v1 ==== 43275+0+0 (secure 0 0 0) 0x7f120004ba30 con 0x7f1210102660
2024-02-22T15:41:12.445 INFO:teuthology.orchestra.run.smithi019.stdout:/usr/bin/ceph: stderr
2024-02-22T15:41:11.806+0000 7f11feffd700 1 --2- 172.21.15.19:0/945145027 >> [v2:172.21.15.19:6800/1788498096,v1:172.21.15.19:6801/1788498096] conn(0x7f11f803a070 0x7f11f803c450 unknown :-1 s=NONE pgs=0 cs=0 l=1 rev1=0 crypto rx=0 tx=0 comp rx=0 tx=0).connect
2024-02-22T15:41:12.445 INFO:teuthology.orchestra.run.smithi019.stdout:/usr/bin/ceph: stderr
2024-02-22T15:41:11.806+0000 7f11feffd700 1 -- 172.21.15.19:0/945145027 --> [v2:172.21.15.19:6800/1788498096,v1:172.21.15.19:6801/1788498096] -- command(tid 0: {"prefix": "get_command_descriptions"}) v1 -- 0x7f11f80393a0 con 0x7f11f803a070
2024-02-22T15:41:12.445 INFO:teuthology.orchestra.run.smithi019.stdout:/usr/bin/ceph: stderr
2024-02-22T15:41:11.807+0000 7f120dd9b700 1 --2- 172.21.15.19:0/945145027 >> [v2:172.21.15.19:6800/1788498096,v1:172.21.15.19:6801/1788498096] conn(0x7f11f803a070 0x7f11f803c450 unknown :-1 s=BANNER_CONNECTING pgs=0 cs=0 l=1 rev1=0 crypto rx=0 tx=0 comp rx=0 tx=0)._handle_peer_banner_payload supported=3 required=0
2024-02-22T15:41:12.445 INFO:teuthology.orchestra.run.smithi019.stdout:/usr/bin/ceph: stderr
2024-02-22T15:41:11.807+0000 7f120dd9b700 1 --2- 172.21.15.19:0/945145027 >> [v2:172.21.15.19:6800/1788498096,v1:172.21.15.19:6801/1788498096] conn(0x7f11f803a070 0x7f11f803c450 secure :-1 s=READY pgs=3 cs=0 l=1 rev1=1 crypto rx=0x7f12040039d0 tx=0x7f12040092f0 comp rx=0 tx=0).ready entity=mgr.14160 client_cookie=0 server_cookie=0 in_seq=0 out_seq=0
2024-02-22T15:41:12.445 INFO:teuthology.orchestra.run.smithi019.stdout:/usr/bin/ceph: stderr
2024-02-22T15:41:11.808+0000 7f11feffd700 1 -- 172.21.15.19:0/945145027 <== mgr.14160 v2:172.21.15.19:6800/1788498096 1 ==== command_reply(tid 0: 0 ) v1 ==== 8+0+6549 (secure 0 0 0) 0x7f11f80393a0 con 0x7f11f803a070
2024-02-22T15:41:12.446 INFO:teuthology.orchestra.run.smithi019.stdout:/usr/bin/ceph: stderr
2024-02-22T15:41:11.814+0000 7f1214e26700 1 -- 172.21.15.19:0/945145027 --> [v2:172.21.15.19:6800/1788498096,v1:172.21.15.19:6801/1788498096] -- command(tid 1: {"prefix": "mgr_status"}) v1 -- 0x7f121004bed0 con 0x7f11f803a070
2024-02-22T15:41:12.446 INFO:teuthology.orchestra.run.smithi019.stdout:/usr/bin/ceph: stderr
2024-02-22T15:41:11.814+0000 7f11feffd700 1 -- 172.21.15.19:0/945145027 <== mgr.14160 v2:172.21.15.19:6800/1788498096 2 ==== command_reply(tid 1: 0 ) v1 ==== 8+0+52 (secure 0 0 0) 0x7f121004bed0 con 0x7f11f803a070
2024-02-22T15:41:12.446 INFO:teuthology.orchestra.run.smithi019.stdout:/usr/bin/ceph: stderr
2024-02-22T15:41:11.814+0000 7f1214e26700 1 -- 172.21.15.19:0/945145027 >> [v2:172.21.15.19:6800/1788498096,v1:172.21.15.19:6801/1788498096] conn(0x7f11f803a070 msgr2=0x7f11f803c450 secure :-1 s=STATE_CONNECTION_ESTABLISHED l=1).mark_down
2024-02-22T15:41:12.446 INFO:teuthology.orchestra.run.smithi019.stdout:/usr/bin/ceph: stderr
2024-02-22T15:41:11.814+0000 7f1214e26700 1 --2- 172.21.15.19:0/945145027 >> [v2:172.21.15.19:6800/1788498096,v1:172.21.15.19:6801/1788498096] conn(0x7f11f803a070 0x7f11f803c450 secure :-1 s=READY pgs=3 cs=0 l=1 rev1=1 crypto rx=0x7f12040039d0 tx=0x7f12040092f0 comp rx=0 tx=0).stop
2024-02-22T15:41:12.446 INFO:teuthology.orchestra.run.smithi019.stdout:/usr/bin/ceph: stderr
2024-02-22T15:41:11.814+0000 7f1214e26700 1 -- 172.21.15.19:0/945145027 >> [v2:172.21.15.19:3300/0,v1:172.21.15.19:6789/0] conn(0x7f1210102660 msgr2=0x7f1210111490 secure :-1 s=STATE_CONNECTION_ESTABLISHED l=1).mark_down
2024-02-22T15:41:12.446 INFO:teuthology.orchestra.run.smithi019.stdout:/usr/bin/ceph: stderr
2024-02-22T15:41:11.814+0000 7f1214e26700 1 --2- 172.21.15.19:0/945145027 >> [v2:172.21.15.19:3300/0,v1:172.21.15.19:6789/0] conn(0x7f1210102660 0x7f1210111490 secure :-1 s=READY pgs=70 cs=0 l=1 rev1=1 crypto rx=0x7f1200011b60 tx=0x7f1200009250 comp rx=0 tx=0).stop
2024-02-22T15:41:12.446 INFO:teuthology.orchestra.run.smithi019.stdout:/usr/bin/ceph: stderr
2024-02-22T15:41:11.814+0000 7f1214e26700 1 -- 172.21.15.19:0/945145027 shutdown_connections
2024-02-22T15:41:12.446 INFO:teuthology.orchestra.run.smithi019.stdout:/usr/bin/ceph: stderr
2024-02-22T15:41:11.814+0000 7f1214e26700 1 --2- 172.21.15.19:0/945145027 >> [v2:172.21.15.19:6800/1788498096,v1:172.21.15.19:6801/1788498096] conn(0x7f11f803a070 0x7f11f803c450 unknown :-1 s=CLOSED pgs=3 cs=0 l=1 rev1=1 crypto rx=0 tx=0 comp rx=0 tx=0).stop
2024-02-22T15:41:12.446 INFO:teuthology.orchestra.run.smithi019.stdout:/usr/bin/ceph: stderr
2024-02-22T15:41:11.814+0000 7f1214e26700 1 --2- 172.21.15.19:0/945145027 >> [v2:172.21.15.19:3300/0,v1:172.21.15.19:6789/0] conn(0x7f1210102660 0x7f1210111490 unknown :-1 s=CLOSED pgs=70 cs=0 l=1 rev1=1 crypto rx=0 tx=0 comp rx=0 tx=0).stop
2024-02-22T15:41:12.446 INFO:teuthology.orchestra.run.smithi019.stdout:/usr/bin/ceph: stderr
2024-02-22T15:41:11.814+0000 7f1214e26700 1 --2- 172.21.15.19:0/945145027 >> [v2:172.21.15.19:6800/3545757717,v1:172.21.15.19:6801/3545757717] conn(0x7f11f80367e0 0x7f11f8038c90 unknown :-1 s=CLOSED pgs=0 cs=0 l=1 rev1=0 crypto rx=0 tx=0 comp rx=0 tx=0).stop
2024-02-22T15:41:12.446 INFO:teuthology.orchestra.run.smithi019.stdout:/usr/bin/ceph: stderr
2024-02-22T15:41:11.814+0000 7f1214e26700 1 -- 172.21.15.19:0/945145027 >> 172.21.15.19:0/945145027 conn(0x7f12100fddc0 msgr2=0x7f12100ff510 unknown :-1 s=STATE_NONE l=0).mark_down
2024-02-22T15:41:12.446 INFO:teuthology.orchestra.run.smithi019.stdout:/usr/bin/ceph: stderr
2024-02-22T15:41:11.814+0000 7f1214e26700 1 -- 172.21.15.19:0/945145027 shutdown_connections
2024-02-22T15:41:12.446 INFO:teuthology.orchestra.run.smithi019.stdout:/usr/bin/ceph: stderr
2024-02-22T15:41:11.814+0000 7f1214e26700 1 -- 172.21.15.19:0/945145027 wait complete.
2024-02-22T15:41:12.446 INFO:teuthology.orchestra.run.smithi019.stdout:mgr epoch 9 is available
2024-02-22T15:41:12.446 INFO:teuthology.orchestra.run.smithi019.stdout:Generating a dashboard self-signed certificate...
2024-02-22T15:41:12.999 INFO:journalctl@ceph.mon.smithi019.smithi019.stdout:Feb 22 15:41:12 smithi019 ceph-mon[67418]: [22/Feb/2024:15:41:11] ENGINE Bus STARTING
2024-02-22T15:41:13.000 INFO:journalctl@ceph.mon.smithi019.smithi019.stdout:Feb 22 15:41:12 smithi019 ceph-mon[67418]: from='client.14164 -' entity='client.admin' cmd=[{"prefix": "get_command_descriptions"}]: dispatch
2024-02-22T15:41:13.000 INFO:journalctl@ceph.mon.smithi019.smithi019.stdout:Feb 22 15:41:12 smithi019 ceph-mon[67418]: from='client.14164 -' entity='client.admin' cmd=[{"prefix": "mgr_status"}]: dispatch
2024-02-22T15:41:13.000 INFO:journalctl@ceph.mon.smithi019.smithi019.stdout:Feb 22 15:41:12 smithi019 ceph-mon[67418]: [22/Feb/2024:15:41:11] ENGINE Serving on https://172.21.15.19:7150
2024-02-22T15:41:13.000 INFO:journalctl@ceph.mon.smithi019.smithi019.stdout:Feb 22 15:41:12 smithi019 ceph-mon[67418]: [22/Feb/2024:15:41:11] ENGINE Bus STARTED
2024-02-22T15:41:13.000 INFO:journalctl@ceph.mon.smithi019.smithi019.stdout:Feb 22 15:41:12 smithi019 ceph-mon[67418]: from='mgr.14160 172.21.15.19:0/814360645' entity='mgr.smithi019.yvjrkp'
2024-02-22T15:41:13.996 INFO:teuthology.orchestra.run.smithi019.stdout:/usr/bin/ceph: stdout Self-signed certificate created
2024-02-22T15:41:13.996 INFO:teuthology.orchestra.run.smithi019.stdout:/usr/bin/ceph: stderr
2024-02-22T15:41:13.075+0000 7fb57ce56700 1 Processor -- start
2024-02-22T15:41:13.996 INFO:teuthology.orchestra.run.smithi019.stdout:/usr/bin/ceph: stderr
2024-02-22T15:41:13.075+0000 7fb57ce56700 1 -- start start
2024-02-22T15:41:13.996 INFO:teuthology.orchestra.run.smithi019.stdout:/usr/bin/ceph: stderr
2024-02-22T15:41:13.075+0000 7fb57ce56700 1 --2- >> [v2:172.21.15.19:3300/0,v1:172.21.15.19:6789/0] conn(0x7fb578071310 0x7fb578105280 unknown :-1 s=NONE pgs=0 cs=0 l=0 rev1=0 crypto rx=0 tx=0 comp rx=0 tx=0).connect
2024-02-22T15:41:13.996 INFO:teuthology.orchestra.run.smithi019.stdout:/usr/bin/ceph: stderr
2024-02-22T15:41:13.075+0000 7fb57ce56700 1 -- --> [v2:172.21.15.19:3300/0,v1:172.21.15.19:6789/0] -- mon_getmap magic: 0 v1 -- 0x7fb5781057c0 con 0x7fb578071310
2024-02-22T15:41:13.996 INFO:teuthology.orchestra.run.smithi019.stdout:/usr/bin/ceph: stderr
2024-02-22T15:41:13.076+0000 7fb57659c700 1 --2- >> [v2:172.21.15.19:3300/0,v1:172.21.15.19:6789/0] conn(0x7fb578071310 0x7fb578105280 unknown :-1 s=BANNER_CONNECTING pgs=0 cs=0 l=0 rev1=0 crypto rx=0 tx=0 comp rx=0 tx=0)._handle_peer_banner_payload supported=3 required=0
2024-02-22T15:41:13.996 INFO:teuthology.orchestra.run.smithi019.stdout:/usr/bin/ceph: stderr
2024-02-22T15:41:13.076+0000 7fb57659c700 1 --2- >> [v2:172.21.15.19:3300/0,v1:172.21.15.19:6789/0] conn(0x7fb578071310 0x7fb578105280 unknown :-1 s=HELLO_CONNECTING pgs=0 cs=0 l=0 rev1=1 crypto rx=0 tx=0 comp rx=0 tx=0).handle_hello peer v2:172.21.15.19:3300/0 says I am v2:172.21.15.19:58920/0 (socket says 172.21.15.19:58920)
2024-02-22T15:41:13.996 INFO:teuthology.orchestra.run.smithi019.stdout:/usr/bin/ceph: stderr
2024-02-22T15:41:13.076+0000 7fb57659c700 1 -- 172.21.15.19:0/21407563 learned_addr learned my addr 172.21.15.19:0/21407563 (peer_addr_for_me v2:172.21.15.19:0/0)
2024-02-22T15:41:13.996 INFO:teuthology.orchestra.run.smithi019.stdout:/usr/bin/ceph: stderr
2024-02-22T15:41:13.076+0000 7fb57659c700 1 -- 172.21.15.19:0/21407563 --> [v2:172.21.15.19:3300/0,v1:172.21.15.19:6789/0] -- mon_subscribe({config=0+,monmap=0+}) v3 -- 0x7fb578105900 con 0x7fb578071310
2024-02-22T15:41:13.996 INFO:teuthology.orchestra.run.smithi019.stdout:/usr/bin/ceph: stderr
2024-02-22T15:41:13.076+0000 7fb57659c700 1 --2- 172.21.15.19:0/21407563 >> [v2:172.21.15.19:3300/0,v1:172.21.15.19:6789/0] conn(0x7fb578071310 0x7fb578105280 secure :-1 s=READY pgs=78 cs=0 l=1 rev1=1 crypto rx=0x7fb5680098e0 tx=0x7fb568009250 comp rx=0 tx=0).ready entity=mon.0 client_cookie=5cc87060e37384cf server_cookie=0 in_seq=0 out_seq=0
2024-02-22T15:41:13.997 INFO:teuthology.orchestra.run.smithi019.stdout:/usr/bin/ceph: stderr
2024-02-22T15:41:13.076+0000 7fb57559a700 1 -- 172.21.15.19:0/21407563 <== mon.0 v2:172.21.15.19:3300/0 1 ==== mon_map magic: 0 v1 ==== 229+0+0 (secure 0 0 0) 0x7fb56800b860 con 0x7fb578071310
2024-02-22T15:41:13.997 INFO:teuthology.orchestra.run.smithi019.stdout:/usr/bin/ceph: stderr
2024-02-22T15:41:13.076+0000 7fb57559a700 1 -- 172.21.15.19:0/21407563 <== mon.0 v2:172.21.15.19:3300/0 2 ==== config(26 keys) v1 ==== 1074+0+0 (secure 0 0 0) 0x7fb56800be70 con 0x7fb578071310
2024-02-22T15:41:13.997 INFO:teuthology.orchestra.run.smithi019.stdout:/usr/bin/ceph: stderr
2024-02-22T15:41:13.076+0000 7fb57559a700 1 -- 172.21.15.19:0/21407563 <== mon.0 v2:172.21.15.19:3300/0 3 ==== mon_map magic: 0 v1 ==== 229+0+0 (secure 0 0 0) 0x7fb568010380 con 0x7fb578071310
2024-02-22T15:41:13.997 INFO:teuthology.orchestra.run.smithi019.stdout:/usr/bin/ceph: stderr
2024-02-22T15:41:13.077+0000 7fb57ce56700 1 -- 172.21.15.19:0/21407563 >> [v2:172.21.15.19:3300/0,v1:172.21.15.19:6789/0] conn(0x7fb578071310 msgr2=0x7fb578105280 secure :-1 s=STATE_CONNECTION_ESTABLISHED l=1).mark_down
2024-02-22T15:41:13.997 INFO:teuthology.orchestra.run.smithi019.stdout:/usr/bin/ceph: stderr
2024-02-22T15:41:13.077+0000 7fb57ce56700 1 --2- 172.21.15.19:0/21407563 >> [v2:172.21.15.19:3300/0,v1:172.21.15.19:6789/0] conn(0x7fb578071310 0x7fb578105280 secure :-1 s=READY pgs=78 cs=0 l=1 rev1=1 crypto rx=0x7fb5680098e0 tx=0x7fb568009250 comp rx=0 tx=0).stop
2024-02-22T15:41:13.997 INFO:teuthology.orchestra.run.smithi019.stdout:/usr/bin/ceph: stderr
2024-02-22T15:41:13.077+0000 7fb57ce56700 1 -- 172.21.15.19:0/21407563 shutdown_connections
2024-02-22T15:41:13.997 INFO:teuthology.orchestra.run.smithi019.stdout:/usr/bin/ceph: stderr
2024-02-22T15:41:13.077+0000 7fb57ce56700 1 --2- 172.21.15.19:0/21407563 >> [v2:172.21.15.19:3300/0,v1:172.21.15.19:6789/0] conn(0x7fb578071310 0x7fb578105280 unknown :-1 s=CLOSED pgs=78 cs=0 l=1 rev1=1 crypto rx=0 tx=0 comp rx=0 tx=0).stop
2024-02-22T15:41:13.997 INFO:teuthology.orchestra.run.smithi019.stdout:/usr/bin/ceph: stderr
2024-02-22T15:41:13.077+0000 7fb57ce56700 1 -- 172.21.15.19:0/21407563 >> 172.21.15.19:0/21407563 conn(0x7fb5780fccd0 msgr2=0x7fb5780ff100 unknown :-1 s=STATE_NONE l=0).mark_down
2024-02-22T15:41:13.997 INFO:teuthology.orchestra.run.smithi019.stdout:/usr/bin/ceph: stderr
2024-02-22T15:41:13.077+0000 7fb57ce56700 1 -- 172.21.15.19:0/21407563 shutdown_connections
2024-02-22T15:41:13.997 INFO:teuthology.orchestra.run.smithi019.stdout:/usr/bin/ceph: stderr
2024-02-22T15:41:13.077+0000 7fb57ce56700 1 -- 172.21.15.19:0/21407563 wait complete.
2024-02-22T15:41:13.997 INFO:teuthology.orchestra.run.smithi019.stdout:/usr/bin/ceph: stderr
2024-02-22T15:41:13.078+0000 7fb57ce56700 1 Processor -- start
2024-02-22T15:41:13.997 INFO:teuthology.orchestra.run.smithi019.stdout:/usr/bin/ceph: stderr
2024-02-22T15:41:13.078+0000 7fb57ce56700 1 -- start start
2024-02-22T15:41:13.997 INFO:teuthology.orchestra.run.smithi019.stdout:/usr/bin/ceph: stderr
2024-02-22T15:41:13.078+0000 7fb57ce56700 1 --2- >> [v2:172.21.15.19:3300/0,v1:172.21.15.19:6789/0] conn(0x7fb578071310 0x7fb578111780 unknown :-1 s=NONE pgs=0 cs=0 l=1 rev1=0 crypto rx=0 tx=0 comp rx=0 tx=0).connect
2024-02-22T15:41:13.997 INFO:teuthology.orchestra.run.smithi019.stdout:/usr/bin/ceph: stderr
2024-02-22T15:41:13.078+0000 7fb57ce56700 1 -- --> [v2:172.21.15.19:3300/0,v1:172.21.15.19:6789/0] -- mon_getmap magic: 0 v1 -- 0x7fb578111cc0 con 0x7fb578071310
2024-02-22T15:41:13.998 INFO:teuthology.orchestra.run.smithi019.stdout:/usr/bin/ceph: stderr
2024-02-22T15:41:13.078+0000 7fb57659c700 1 --2- >> [v2:172.21.15.19:3300/0,v1:172.21.15.19:6789/0] conn(0x7fb578071310 0x7fb578111780 unknown :-1 s=BANNER_CONNECTING pgs=0 cs=0 l=1 rev1=0 crypto rx=0 tx=0 comp rx=0 tx=0)._handle_peer_banner_payload supported=3 required=0
2024-02-22T15:41:13.998 INFO:teuthology.orchestra.run.smithi019.stdout:/usr/bin/ceph: stderr
2024-02-22T15:41:13.078+0000 7fb57659c700 1 --2- >> [v2:172.21.15.19:3300/0,v1:172.21.15.19:6789/0] conn(0x7fb578071310 0x7fb578111780 unknown :-1 s=HELLO_CONNECTING pgs=0 cs=0 l=1 rev1=1 crypto rx=0 tx=0 comp rx=0 tx=0).handle_hello peer v2:172.21.15.19:3300/0 says I am v2:172.21.15.19:58932/0 (socket says 172.21.15.19:58932)
2024-02-22T15:41:13.998 INFO:teuthology.orchestra.run.smithi019.stdout:/usr/bin/ceph: stderr
2024-02-22T15:41:13.078+0000 7fb57659c700 1 -- 172.21.15.19:0/4256253012 learned_addr learned my addr 172.21.15.19:0/4256253012 (peer_addr_for_me v2:172.21.15.19:0/0)
2024-02-22T15:41:13.998 INFO:teuthology.orchestra.run.smithi019.stdout:/usr/bin/ceph: stderr
2024-02-22T15:41:13.078+0000 7fb57659c700 1 -- 172.21.15.19:0/4256253012 --> [v2:172.21.15.19:3300/0,v1:172.21.15.19:6789/0] -- mon_subscribe({config=0+,monmap=0+}) v3 -- 0x7fb5680094f0 con 0x7fb578071310
2024-02-22T15:41:13.998 INFO:teuthology.orchestra.run.smithi019.stdout:/usr/bin/ceph: stderr
2024-02-22T15:41:13.078+0000 7fb57659c700 1 --2- 172.21.15.19:0/4256253012 >> [v2:172.21.15.19:3300/0,v1:172.21.15.19:6789/0] conn(0x7fb578071310 0x7fb578111780 secure :-1 s=READY pgs=79 cs=0 l=1 rev1=1 crypto rx=0x7fb5680094c0 tx=0x7fb568009250 comp rx=0 tx=0).ready entity=mon.0 client_cookie=0 server_cookie=0 in_seq=0 out_seq=0
2024-02-22T15:41:13.998 INFO:teuthology.orchestra.run.smithi019.stdout:/usr/bin/ceph: stderr
2024-02-22T15:41:13.079+0000 7fb566ffd700 1 -- 172.21.15.19:0/4256253012 <== mon.0 v2:172.21.15.19:3300/0 1 ==== mon_map magic: 0 v1 ==== 229+0+0 (secure 0 0 0) 0x7fb568010850 con 0x7fb578071310
2024-02-22T15:41:13.998 INFO:teuthology.orchestra.run.smithi019.stdout:/usr/bin/ceph: stderr
2024-02-22T15:41:13.079+0000 7fb566ffd700 1 -- 172.21.15.19:0/4256253012 <== mon.0 v2:172.21.15.19:3300/0 2 ==== config(26 keys) v1 ==== 1074+0+0 (secure 0 0 0) 0x7fb568010e60 con 0x7fb578071310
2024-02-22T15:41:13.998 INFO:teuthology.orchestra.run.smithi019.stdout:/usr/bin/ceph: stderr
2024-02-22T15:41:13.079+0000 7fb57ce56700 1 -- 172.21.15.19:0/4256253012 --> [v2:172.21.15.19:3300/0,v1:172.21.15.19:6789/0] -- mon_subscribe({mgrmap=0+}) v3 -- 0x7fb578111ec0 con 0x7fb578071310
2024-02-22T15:41:13.998 INFO:teuthology.orchestra.run.smithi019.stdout:/usr/bin/ceph: stderr
2024-02-22T15:41:13.079+0000 7fb566ffd700 1 -- 172.21.15.19:0/4256253012 <== mon.0 v2:172.21.15.19:3300/0 3 ==== mon_map magic: 0 v1 ==== 229+0+0 (secure 0 0 0) 0x7fb5680243f0 con 0x7fb578071310
2024-02-22T15:41:13.998 INFO:teuthology.orchestra.run.smithi019.stdout:/usr/bin/ceph: stderr
2024-02-22T15:41:13.079+0000 7fb57ce56700 1 -- 172.21.15.19:0/4256253012 --> [v2:172.21.15.19:3300/0,v1:172.21.15.19:6789/0] -- mon_subscribe({osdmap=0}) v3 -- 0x7fb5781122d0 con 0x7fb578071310
2024-02-22T15:41:13.998 INFO:teuthology.orchestra.run.smithi019.stdout:/usr/bin/ceph: stderr
2024-02-22T15:41:13.079+0000 7fb566ffd700 1 -- 172.21.15.19:0/4256253012 <== mon.0 v2:172.21.15.19:3300/0 4 ==== mgrmap(e 11) v1 ==== 43275+0+0 (secure 0 0 0) 0x7fb5680109b0 con 0x7fb578071310
2024-02-22T15:41:13.998 INFO:teuthology.orchestra.run.smithi019.stdout:/usr/bin/ceph: stderr
2024-02-22T15:41:13.080+0000 7fb564ff9700 1 -- 172.21.15.19:0/4256253012 --> [v2:172.21.15.19:3300/0,v1:172.21.15.19:6789/0] -- mon_command({"prefix": "get_command_descriptions"} v 0) v1 -- 0x7fb55c0052b0 con 0x7fb578071310
2024-02-22T15:41:13.998 INFO:teuthology.orchestra.run.smithi019.stdout:/usr/bin/ceph: stderr
2024-02-22T15:41:13.080+0000 7fb566ffd700 1 --2- 172.21.15.19:0/4256253012 >> [v2:172.21.15.19:6800/1788498096,v1:172.21.15.19:6801/1788498096] conn(0x7fb5600366b0 0x7fb560038b60 unknown :-1 s=NONE pgs=0 cs=0 l=1 rev1=0 crypto rx=0 tx=0 comp rx=0 tx=0).connect
2024-02-22T15:41:13.999 INFO:teuthology.orchestra.run.smithi019.stdout:/usr/bin/ceph: stderr
2024-02-22T15:41:13.080+0000 7fb566ffd700 1 -- 172.21.15.19:0/4256253012 <== mon.0 v2:172.21.15.19:3300/0 5 ==== osd_map(3..3 src has 1..3) v4 ==== 1151+0+0 (secure 0 0 0) 0x7fb56804a910 con 0x7fb578071310
2024-02-22T15:41:13.999 INFO:teuthology.orchestra.run.smithi019.stdout:/usr/bin/ceph: stderr
2024-02-22T15:41:13.080+0000 7fb575d9b700 1 --2- 172.21.15.19:0/4256253012 >> [v2:172.21.15.19:6800/1788498096,v1:172.21.15.19:6801/1788498096] conn(0x7fb5600366b0 0x7fb560038b60 unknown :-1 s=BANNER_CONNECTING pgs=0 cs=0 l=1 rev1=0 crypto rx=0 tx=0 comp rx=0 tx=0)._handle_peer_banner_payload supported=3 required=0
2024-02-22T15:41:13.999 INFO:teuthology.orchestra.run.smithi019.stdout:/usr/bin/ceph: stderr
2024-02-22T15:41:13.080+0000 7fb575d9b700 1 --2- 172.21.15.19:0/4256253012 >> [v2:172.21.15.19:6800/1788498096,v1:172.21.15.19:6801/1788498096] conn(0x7fb5600366b0 0x7fb560038b60 secure :-1 s=READY pgs=7 cs=0 l=1 rev1=1 crypto rx=0x7fb56c009990 tx=0x7fb56c006e40 comp rx=0 tx=0).ready entity=mgr.14160 client_cookie=0 server_cookie=0 in_seq=0 out_seq=0
2024-02-22T15:41:13.999 INFO:teuthology.orchestra.run.smithi019.stdout:/usr/bin/ceph: stderr
2024-02-22T15:41:13.085+0000 7fb566ffd700 1 -- 172.21.15.19:0/4256253012 <== mon.0 v2:172.21.15.19:3300/0 6 ==== mon_command_ack([{"prefix": "get_command_descriptions"}]=0 v0) v1 ==== 72+0+175031 (secure 0 0 0) 0x7fb568024bd0 con 0x7fb578071310
2024-02-22T15:41:13.999 INFO:teuthology.orchestra.run.smithi019.stdout:/usr/bin/ceph: stderr
2024-02-22T15:41:13.312+0000 7fb564ff9700 1 -- 172.21.15.19:0/4256253012 --> [v2:172.21.15.19:6800/1788498096,v1:172.21.15.19:6801/1788498096] -- mgr_command(tid 0: {"prefix": "dashboard create-self-signed-cert", "target": ["mon-mgr", ""]}) v1 -- 0x7fb55c000bc0 con 0x7fb5600366b0
2024-02-22T15:41:13.999 INFO:teuthology.orchestra.run.smithi019.stdout:/usr/bin/ceph: stderr
2024-02-22T15:41:13.343+0000 7fb566ffd700 1 -- 172.21.15.19:0/4256253012 <== mgr.14160 v2:172.21.15.19:6800/1788498096 1 ==== mgr_command_reply(tid 0: 0 ) v1 ==== 8+0+32 (secure 0 0 0) 0x7fb55c000bc0 con 0x7fb5600366b0
2024-02-22T15:41:13.999 INFO:teuthology.orchestra.run.smithi019.stdout:/usr/bin/ceph: stderr
2024-02-22T15:41:13.345+0000 7fb564ff9700 1 -- 172.21.15.19:0/4256253012 >> [v2:172.21.15.19:6800/1788498096,v1:172.21.15.19:6801/1788498096] conn(0x7fb5600366b0 msgr2=0x7fb560038b60 secure :-1 s=STATE_CONNECTION_ESTABLISHED l=1).mark_down
2024-02-22T15:41:13.999 INFO:teuthology.orchestra.run.smithi019.stdout:/usr/bin/ceph: stderr
2024-02-22T15:41:13.345+0000 7fb564ff9700 1 --2- 172.21.15.19:0/4256253012 >> [v2:172.21.15.19:6800/1788498096,v1:172.21.15.19:6801/1788498096] conn(0x7fb5600366b0 0x7fb560038b60 secure :-1 s=READY pgs=7 cs=0 l=1 rev1=1 crypto rx=0x7fb56c009990 tx=0x7fb56c006e40 comp rx=0 tx=0).stop
2024-02-22T15:41:13.999 INFO:teuthology.orchestra.run.smithi019.stdout:/usr/bin/ceph: stderr
2024-02-22T15:41:13.345+0000 7fb564ff9700 1 -- 172.21.15.19:0/4256253012 >> [v2:172.21.15.19:3300/0,v1:172.21.15.19:6789/0] conn(0x7fb578071310 msgr2=0x7fb578111780 secure :-1 s=STATE_CONNECTION_ESTABLISHED l=1).mark_down
2024-02-22T15:41:13.999 INFO:teuthology.orchestra.run.smithi019.stdout:/usr/bin/ceph: stderr
2024-02-22T15:41:13.345+0000 7fb564ff9700 1 --2- 172.21.15.19:0/4256253012 >> [v2:172.21.15.19:3300/0,v1:172.21.15.19:6789/0] conn(0x7fb578071310 0x7fb578111780 secure :-1 s=READY pgs=79 cs=0 l=1 rev1=1 crypto rx=0x7fb5680094c0 tx=0x7fb568009250 comp rx=0 tx=0).stop
2024-02-22T15:41:13.999 INFO:teuthology.orchestra.run.smithi019.stdout:/usr/bin/ceph: stderr
2024-02-22T15:41:13.345+0000 7fb564ff9700 1 -- 172.21.15.19:0/4256253012 shutdown_connections
2024-02-22T15:41:13.999 INFO:teuthology.orchestra.run.smithi019.stdout:/usr/bin/ceph: stderr
2024-02-22T15:41:13.345+0000 7fb564ff9700 1 --2- 172.21.15.19:0/4256253012 >> [v2:172.21.15.19:6800/1788498096,v1:172.21.15.19:6801/1788498096] conn(0x7fb5600366b0 0x7fb560038b60 unknown :-1 s=CLOSED pgs=7 cs=0 l=1 rev1=1 crypto rx=0 tx=0 comp rx=0 tx=0).stop
2024-02-22T15:41:13.999 INFO:teuthology.orchestra.run.smithi019.stdout:/usr/bin/ceph: stderr
2024-02-22T15:41:13.345+0000 7fb564ff9700 1 --2- 172.21.15.19:0/4256253012 >> [v2:172.21.15.19:3300/0,v1:172.21.15.19:6789/0] conn(0x7fb578071310 0x7fb578111780 unknown :-1 s=CLOSED pgs=79 cs=0 l=1 rev1=1 crypto rx=0 tx=0 comp rx=0 tx=0).stop
2024-02-22T15:41:13.999 INFO:teuthology.orchestra.run.smithi019.stdout:/usr/bin/ceph: stderr
2024-02-22T15:41:13.345+0000 7fb564ff9700 1 -- 172.21.15.19:0/4256253012 >> 172.21.15.19:0/4256253012 conn(0x7fb5780fccd0 msgr2=0x7fb5780ff010 unknown :-1 s=STATE_NONE l=0).mark_down
2024-02-22T15:41:13.999 INFO:teuthology.orchestra.run.smithi019.stdout:/usr/bin/ceph: stderr
2024-02-22T15:41:13.345+0000 7fb564ff9700 1 -- 172.21.15.19:0/4256253012 shutdown_connections
2024-02-22T15:41:14.000 INFO:teuthology.orchestra.run.smithi019.stdout:/usr/bin/ceph: stderr
2024-02-22T15:41:13.345+0000 7fb564ff9700 1 -- 172.21.15.19:0/4256253012 wait complete.
2024-02-22T15:41:14.000 INFO:teuthology.orchestra.run.smithi019.stdout:Creating initial admin user...
2024-02-22T15:41:14.749 INFO:journalctl@ceph.mon.smithi019.smithi019.stdout:Feb 22 15:41:14 smithi019 ceph-mon[67418]: from='client.14172 -' entity='client.admin' cmd=[{"prefix": "dashboard create-self-signed-cert", "target": ["mon-mgr", ""]}]: dispatch
2024-02-22T15:41:14.749 INFO:journalctl@ceph.mon.smithi019.smithi019.stdout:Feb 22 15:41:14 smithi019 ceph-mon[67418]: from='mgr.14160 172.21.15.19:0/814360645' entity='mgr.smithi019.yvjrkp'
2024-02-22T15:41:14.749 INFO:journalctl@ceph.mon.smithi019.smithi019.stdout:Feb 22 15:41:14 smithi019 ceph-mon[67418]: from='mgr.14160 172.21.15.19:0/814360645' entity='mgr.smithi019.yvjrkp'
2024-02-22T15:41:14.749 INFO:journalctl@ceph.mon.smithi019.smithi019.stdout:Feb 22 15:41:14 smithi019 ceph-mon[67418]: from='mgr.14160 172.21.15.19:0/814360645' entity='mgr.smithi019.yvjrkp'
2024-02-22T15:41:14.749 INFO:journalctl@ceph.mon.smithi019.smithi019.stdout:Feb 22 15:41:14 smithi019 ceph-mon[67418]: mgrmap e12: smithi019.yvjrkp(active, since 2s)
2024-02-22T15:41:15.906 INFO:teuthology.orchestra.run.smithi019.stdout:/usr/bin/ceph: stdout {"username": "admin", "password": "$2b$12$NQqaSw/BivvmnMLOqErWjOTyFgWUzJ3kZmu2owZLx8Wpgs47icjWS", "roles": ["administrator"], "name": null, "email": null, "lastUpdate": 1708616475, "enabled": true, "pwdExpirationDate": null, "pwdUpdateRequired": true}
2024-02-22T15:41:15.907 INFO:teuthology.orchestra.run.smithi019.stdout:/usr/bin/ceph: stderr
2024-02-22T15:41:14.553+0000 7f6ed054c700 1 Processor -- start
2024-02-22T15:41:15.907 INFO:teuthology.orchestra.run.smithi019.stdout:/usr/bin/ceph: stderr
2024-02-22T15:41:14.553+0000 7f6ed054c700 1 -- start start
2024-02-22T15:41:15.907 INFO:teuthology.orchestra.run.smithi019.stdout:/usr/bin/ceph: stderr
2024-02-22T15:41:14.554+0000 7f6ed054c700 1 --2- >> [v2:172.21.15.19:3300/0,v1:172.21.15.19:6789/0] conn(0x7f6ec8102670 0x7f6ec8102a80 unknown :-1 s=NONE pgs=0 cs=0 l=0 rev1=0 crypto rx=0 tx=0 comp rx=0 tx=0).connect
2024-02-22T15:41:15.907 INFO:teuthology.orchestra.run.smithi019.stdout:/usr/bin/ceph: stderr
2024-02-22T15:41:14.554+0000 7f6ed054c700 1 -- --> [v2:172.21.15.19:3300/0,v1:172.21.15.19:6789/0] -- mon_getmap magic: 0 v1 -- 0x7f6ec8102fc0 con 0x7f6ec8102670
2024-02-22T15:41:15.907 INFO:teuthology.orchestra.run.smithi019.stdout:/usr/bin/ceph: stderr
