2024-02-22T18:48:17.524 INFO:teuthology.orchestra.run.smithi194.stderr:/usr/bin/ceph: "quorum_age": 11,
2024-02-22T18:48:17.524 INFO:teuthology.orchestra.run.smithi194.stderr:/usr/bin/ceph: "monmap": {
2024-02-22T18:48:17.524 INFO:teuthology.orchestra.run.smithi194.stderr:/usr/bin/ceph: "epoch": 1,
2024-02-22T18:48:17.524 INFO:teuthology.orchestra.run.smithi194.stderr:/usr/bin/ceph: "min_mon_release_name": "pacific",
2024-02-22T18:48:17.524 INFO:teuthology.orchestra.run.smithi194.stderr:/usr/bin/ceph: "num_mons": 1
2024-02-22T18:48:17.524 INFO:teuthology.orchestra.run.smithi194.stderr:/usr/bin/ceph: },
2024-02-22T18:48:17.524 INFO:teuthology.orchestra.run.smithi194.stderr:/usr/bin/ceph: "osdmap": {
2024-02-22T18:48:17.524 INFO:teuthology.orchestra.run.smithi194.stderr:/usr/bin/ceph: "epoch": 1,
2024-02-22T18:48:17.524 INFO:teuthology.orchestra.run.smithi194.stderr:/usr/bin/ceph: "num_osds": 0,
2024-02-22T18:48:17.525 INFO:teuthology.orchestra.run.smithi194.stderr:/usr/bin/ceph: "num_up_osds": 0,
2024-02-22T18:48:17.525 INFO:teuthology.orchestra.run.smithi194.stderr:/usr/bin/ceph: "osd_up_since": 0,
2024-02-22T18:48:17.529 INFO:teuthology.orchestra.run.smithi194.stderr:/usr/bin/ceph: "num_in_osds": 0,
2024-02-22T18:48:17.529 INFO:teuthology.orchestra.run.smithi194.stderr:/usr/bin/ceph: "osd_in_since": 0,
2024-02-22T18:48:17.529 INFO:teuthology.orchestra.run.smithi194.stderr:/usr/bin/ceph: "num_remapped_pgs": 0
2024-02-22T18:48:17.529 INFO:teuthology.orchestra.run.smithi194.stderr:/usr/bin/ceph: },
2024-02-22T18:48:17.529 INFO:teuthology.orchestra.run.smithi194.stderr:/usr/bin/ceph: "pgmap": {
2024-02-22T18:48:17.529 INFO:teuthology.orchestra.run.smithi194.stderr:/usr/bin/ceph: "pgs_by_state": [],
2024-02-22T18:48:17.530 INFO:teuthology.orchestra.run.smithi194.stderr:/usr/bin/ceph: "num_pgs": 0,
2024-02-22T18:48:17.530 INFO:teuthology.orchestra.run.smithi194.stderr:/usr/bin/ceph: "num_pools": 0,
2024-02-22T18:48:17.530 INFO:teuthology.orchestra.run.smithi194.stderr:/usr/bin/ceph: "num_objects": 0,
2024-02-22T18:48:17.530 INFO:teuthology.orchestra.run.smithi194.stderr:/usr/bin/ceph: "data_bytes": 0,
2024-02-22T18:48:17.530 INFO:teuthology.orchestra.run.smithi194.stderr:/usr/bin/ceph: "bytes_used": 0,
2024-02-22T18:48:17.530 INFO:teuthology.orchestra.run.smithi194.stderr:/usr/bin/ceph: "bytes_avail": 0,
2024-02-22T18:48:17.530 INFO:teuthology.orchestra.run.smithi194.stderr:/usr/bin/ceph: "bytes_total": 0
2024-02-22T18:48:17.530 INFO:teuthology.orchestra.run.smithi194.stderr:/usr/bin/ceph: },
2024-02-22T18:48:17.530 INFO:teuthology.orchestra.run.smithi194.stderr:/usr/bin/ceph: "fsmap": {
2024-02-22T18:48:17.530 INFO:teuthology.orchestra.run.smithi194.stderr:/usr/bin/ceph: "epoch": 1,
2024-02-22T18:48:17.530 INFO:teuthology.orchestra.run.smithi194.stderr:/usr/bin/ceph: "by_rank": [],
2024-02-22T18:48:17.530 INFO:teuthology.orchestra.run.smithi194.stderr:/usr/bin/ceph: "up:standby": 0
2024-02-22T18:48:17.530 INFO:teuthology.orchestra.run.smithi194.stderr:/usr/bin/ceph: },
2024-02-22T18:48:17.530 INFO:teuthology.orchestra.run.smithi194.stderr:/usr/bin/ceph: "mgrmap": {
2024-02-22T18:48:17.530 INFO:teuthology.orchestra.run.smithi194.stderr:/usr/bin/ceph: "available": true,
2024-02-22T18:48:17.531 INFO:teuthology.orchestra.run.smithi194.stderr:/usr/bin/ceph: "num_standbys": 0,
2024-02-22T18:48:17.531 INFO:teuthology.orchestra.run.smithi194.stderr:/usr/bin/ceph: "modules": [
2024-02-22T18:48:17.531 INFO:teuthology.orchestra.run.smithi194.stderr:/usr/bin/ceph: "iostat",
2024-02-22T18:48:17.531 INFO:teuthology.orchestra.run.smithi194.stderr:/usr/bin/ceph: "nfs",
2024-02-22T18:48:17.531 INFO:teuthology.orchestra.run.smithi194.stderr:/usr/bin/ceph: "restful"
2024-02-22T18:48:17.531 INFO:teuthology.orchestra.run.smithi194.stderr:/usr/bin/ceph: ],
2024-02-22T18:48:17.531 INFO:teuthology.orchestra.run.smithi194.stderr:/usr/bin/ceph: "services": {}
2024-02-22T18:48:17.531 INFO:teuthology.orchestra.run.smithi194.stderr:/usr/bin/ceph: },
2024-02-22T18:48:17.531 INFO:teuthology.orchestra.run.smithi194.stderr:/usr/bin/ceph: "servicemap": {
2024-02-22T18:48:17.531 INFO:teuthology.orchestra.run.smithi194.stderr:/usr/bin/ceph: "epoch": 1,
2024-02-22T18:48:17.531 INFO:teuthology.orchestra.run.smithi194.stderr:/usr/bin/ceph: "modified": "2024-02-22T18:47:59.959177+0000",
2024-02-22T18:48:17.532 INFO:teuthology.orchestra.run.smithi194.stderr:/usr/bin/ceph: "services": {}
2024-02-22T18:48:17.532 INFO:teuthology.orchestra.run.smithi194.stderr:/usr/bin/ceph: },
2024-02-22T18:48:17.532 INFO:teuthology.orchestra.run.smithi194.stderr:/usr/bin/ceph: "progress_events": {}
2024-02-22T18:48:17.532 INFO:teuthology.orchestra.run.smithi194.stderr:/usr/bin/ceph: }
2024-02-22T18:48:17.532 INFO:teuthology.orchestra.run.smithi194.stderr:/usr/bin/ceph:
2024-02-22T18:48:17.518+0000 7fe16e4b0700 1 -- 172.21.15.194:0/3398231136 >> v1:172.21.15.194:6800/1986567702 conn(0x7fe150033820 legacy=0x7fe150035ce0 unknown :-1 s=STATE_CONNECTION_ESTABLISHED l=1).mark_down
2024-02-22T18:48:17.532 INFO:teuthology.orchestra.run.smithi194.stderr:/usr/bin/ceph:
2024-02-22T18:48:17.518+0000 7fe16e4b0700 1 -- 172.21.15.194:0/3398231136 >> v1:172.21.15.194:6789/0 conn(0x7fe168071c90 legacy=0x7fe16810c1f0 unknown :-1 s=STATE_CONNECTION_ESTABLISHED l=1).mark_down
2024-02-22T18:48:17.532 INFO:teuthology.orchestra.run.smithi194.stderr:/usr/bin/ceph:
2024-02-22T18:48:17.518+0000 7fe16e4b0700 1 -- 172.21.15.194:0/3398231136 shutdown_connections
2024-02-22T18:48:17.532 INFO:teuthology.orchestra.run.smithi194.stderr:/usr/bin/ceph:
2024-02-22T18:48:17.518+0000 7fe16e4b0700 1 -- 172.21.15.194:0/3398231136 >> 172.21.15.194:0/3398231136 conn(0x7fe1680f6e90 msgr2=0x7fe1680ffec0 unknown :-1 s=STATE_NONE l=0).mark_down
2024-02-22T18:48:17.532 INFO:teuthology.orchestra.run.smithi194.stderr:/usr/bin/ceph:
2024-02-22T18:48:17.518+0000 7fe16e4b0700 1 -- 172.21.15.194:0/3398231136 shutdown_connections
2024-02-22T18:48:17.532 INFO:teuthology.orchestra.run.smithi194.stderr:/usr/bin/ceph:
2024-02-22T18:48:17.518+0000 7fe16e4b0700 1 -- 172.21.15.194:0/3398231136 wait complete.
2024-02-22T18:48:17.894 INFO:journalctl@ceph.mon.a.smithi194.stdout:Feb 22 18:48:17 smithi194 bash[19576]: audit
2024-02-22T18:48:17.518463+0000 mon.a (mon.0) 26 : audit [DBG] from='client.? v1:172.21.15.194:0/3398231136' entity='client.admin' cmd=[{"prefix": "status", "format": "json-pretty"}]: dispatch
2024-02-22T18:48:18.088 INFO:teuthology.orchestra.run.smithi194.stderr:mgr is available
2024-02-22T18:48:18.862 INFO:journalctl@ceph.mon.a.smithi194.stdout:Feb 22 18:48:18 smithi194 bash[19576]: cluster
2024-02-22T18:48:17.571539+0000 mon.a (mon.0) 27 : cluster [DBG] mgrmap e4: y(active, since 2s)
2024-02-22T18:48:19.081 INFO:teuthology.orchestra.run.smithi194.stderr:/usr/bin/ceph:
2024-02-22T18:48:19.074+0000 7f7c9a300700 1 Processor -- start
2024-02-22T18:48:19.081 INFO:teuthology.orchestra.run.smithi194.stderr:/usr/bin/ceph:
2024-02-22T18:48:19.074+0000 7f7c9a300700 1 -- start start
2024-02-22T18:48:19.081 INFO:teuthology.orchestra.run.smithi194.stderr:/usr/bin/ceph:
2024-02-22T18:48:19.074+0000 7f7c9a300700 1 -- --> v1:172.21.15.194:6789/0 -- auth(proto 0 34 bytes epoch 0) v1 -- 0x7f7c940fc1c0 con 0x7f7c940fb690
2024-02-22T18:48:19.081 INFO:teuthology.orchestra.run.smithi194.stderr:/usr/bin/ceph:
2024-02-22T18:48:19.074+0000 7f7c93fff700 1 --1- >> v1:172.21.15.194:6789/0 conn(0x7f7c940fb690 0x7f7c940fbab0 :-1 s=CONNECTING_WAIT_BANNER_AND_IDENTIFY pgs=0 cs=0 l=0).handle_server_banner_and_identify peer v1:172.21.15.194:6789/0 says I am v1:172.21.15.194:52536/0 (socket says 172.21.15.194:52536)
2024-02-22T18:48:19.082 INFO:teuthology.orchestra.run.smithi194.stderr:/usr/bin/ceph:
2024-02-22T18:48:19.074+0000 7f7c93fff700 1 -- 172.21.15.194:0/2309319084 learned_addr learned my addr 172.21.15.194:0/2309319084 (peer_addr_for_me v1:172.21.15.194:0/0)
2024-02-22T18:48:19.082 INFO:teuthology.orchestra.run.smithi194.stderr:/usr/bin/ceph:
2024-02-22T18:48:19.074+0000 7f7c92ffd700 1 -- 172.21.15.194:0/2309319084 <== mon.0 v1:172.21.15.194:6789/0 1 ==== auth_reply(proto 2 0 (0) Success) v1 ==== 33+0+0 (unknown 345214954 0 0) 0x7f7c940fc1c0 con 0x7f7c940fb690
2024-02-22T18:48:19.082 INFO:teuthology.orchestra.run.smithi194.stderr:/usr/bin/ceph:
2024-02-22T18:48:19.074+0000 7f7c92ffd700 1 -- 172.21.15.194:0/2309319084 --> v1:172.21.15.194:6789/0 -- auth(proto 2 36 bytes epoch 0) v1 -- 0x7f7c800033f0 con 0x7f7c940fb690
2024-02-22T18:48:19.082 INFO:teuthology.orchestra.run.smithi194.stderr:/usr/bin/ceph:
2024-02-22T18:48:19.074+0000 7f7c92ffd700 1 -- 172.21.15.194:0/2309319084 <== mon.0 v1:172.21.15.194:6789/0 2 ==== auth_reply(proto 2 0 (0) Success) v1 ==== 214+0+0 (unknown 4069775285 0 0) 0x7f7c800033f0 con 0x7f7c940fb690
2024-02-22T18:48:19.082 INFO:teuthology.orchestra.run.smithi194.stderr:/usr/bin/ceph:
2024-02-22T18:48:19.074+0000 7f7c92ffd700 1 -- 172.21.15.194:0/2309319084 --> v1:172.21.15.194:6789/0 -- mon_subscribe({config=0+,monmap=0+}) v3 -- 0x7f7c94100c10 con 0x7f7c940fb690
2024-02-22T18:48:19.083 INFO:teuthology.orchestra.run.smithi194.stderr:/usr/bin/ceph:
2024-02-22T18:48:19.074+0000 7f7c92ffd700 1 -- 172.21.15.194:0/2309319084 <== mon.0 v1:172.21.15.194:6789/0 3 ==== mon_map magic: 0 v1 ==== 170+0+0 (unknown 4067745962 0 0) 0x7f7c7c001590 con 0x7f7c940fb690
2024-02-22T18:48:19.083 INFO:teuthology.orchestra.run.smithi194.stderr:/usr/bin/ceph:
2024-02-22T18:48:19.074+0000 7f7c92ffd700 1 -- 172.21.15.194:0/2309319084 <== mon.0 v1:172.21.15.194:6789/0 4 ==== config(24 keys) v1 ==== 1036+0+0 (unknown 387798958 0 0) 0x7f7c7c001c30 con 0x7f7c940fb690
2024-02-22T18:48:19.083 INFO:teuthology.orchestra.run.smithi194.stderr:/usr/bin/ceph:
2024-02-22T18:48:19.074+0000 7f7c92ffd700 1 -- 172.21.15.194:0/2309319084 <== mon.0 v1:172.21.15.194:6789/0 5 ==== mon_map magic: 0 v1 ==== 170+0+0 (unknown 4067745962 0 0) 0x7f7c7c005630 con 0x7f7c940fb690
2024-02-22T18:48:19.083 INFO:teuthology.orchestra.run.smithi194.stderr:/usr/bin/ceph:
2024-02-22T18:48:19.074+0000 7f7c9a300700 1 -- 172.21.15.194:0/2309319084 >> v1:172.21.15.194:6789/0 conn(0x7f7c940fb690 legacy=0x7f7c940fbab0 unknown :-1 s=STATE_CONNECTION_ESTABLISHED l=1).mark_down
2024-02-22T18:48:19.083 INFO:teuthology.orchestra.run.smithi194.stderr:/usr/bin/ceph:
2024-02-22T18:48:19.074+0000 7f7c9a300700 1 -- 172.21.15.194:0/2309319084 shutdown_connections
2024-02-22T18:48:19.084 INFO:teuthology.orchestra.run.smithi194.stderr:/usr/bin/ceph:
2024-02-22T18:48:19.074+0000 7f7c9a300700 1 -- 172.21.15.194:0/2309319084 >> 172.21.15.194:0/2309319084 conn(0x7f7c940f6e90 msgr2=0x7f7c940f92b0 unknown :-1 s=STATE_NONE l=0).mark_down
2024-02-22T18:48:19.084 INFO:teuthology.orchestra.run.smithi194.stderr:/usr/bin/ceph:
2024-02-22T18:48:19.078+0000 7f7c9a300700 1 -- 172.21.15.194:0/2309319084 shutdown_connections
2024-02-22T18:48:19.084 INFO:teuthology.orchestra.run.smithi194.stderr:/usr/bin/ceph:
2024-02-22T18:48:19.078+0000 7f7c9a300700 1 -- 172.21.15.194:0/2309319084 wait complete.
2024-02-22T18:48:19.085 INFO:teuthology.orchestra.run.smithi194.stderr:/usr/bin/ceph:
2024-02-22T18:48:19.078+0000 7f7c9a300700 1 Processor -- start
2024-02-22T18:48:19.085 INFO:teuthology.orchestra.run.smithi194.stderr:/usr/bin/ceph:
2024-02-22T18:48:19.078+0000 7f7c9a300700 1 -- start start
2024-02-22T18:48:19.085 INFO:teuthology.orchestra.run.smithi194.stderr:/usr/bin/ceph:
2024-02-22T18:48:19.078+0000 7f7c9a300700 1 -- --> v1:172.21.15.194:6789/0 -- auth(proto 0 34 bytes epoch 0) v1 -- 0x7f7c94071d00 con 0x7f7c940fb690
2024-02-22T18:48:19.085 INFO:teuthology.orchestra.run.smithi194.stderr:/usr/bin/ceph:
2024-02-22T18:48:19.078+0000 7f7c93fff700 1 --1- >> v1:172.21.15.194:6789/0 conn(0x7f7c940fb690 0x7f7c940701f0 :-1 s=CONNECTING_WAIT_BANNER_AND_IDENTIFY pgs=0 cs=0 l=1).handle_server_banner_and_identify peer v1:172.21.15.194:6789/0 says I am v1:172.21.15.194:52538/0 (socket says 172.21.15.194:52538)
2024-02-22T18:48:19.085 INFO:teuthology.orchestra.run.smithi194.stderr:/usr/bin/ceph:
2024-02-22T18:48:19.078+0000 7f7c93fff700 1 -- 172.21.15.194:0/769247508 learned_addr learned my addr 172.21.15.194:0/769247508 (peer_addr_for_me v1:172.21.15.194:0/0)
2024-02-22T18:48:19.086 INFO:teuthology.orchestra.run.smithi194.stderr:/usr/bin/ceph:
2024-02-22T18:48:19.078+0000 7f7c917fa700 1 -- 172.21.15.194:0/769247508 <== mon.0 v1:172.21.15.194:6789/0 1 ==== auth_reply(proto 2 0 (0) Success) v1 ==== 33+0+0 (unknown 1707843873 0 0) 0x7f7c94071d00 con 0x7f7c940fb690
2024-02-22T18:48:19.086 INFO:teuthology.orchestra.run.smithi194.stderr:/usr/bin/ceph:
2024-02-22T18:48:19.078+0000 7f7c917fa700 1 -- 172.21.15.194:0/769247508 --> v1:172.21.15.194:6789/0 -- auth(proto 2 36 bytes epoch 0) v1 -- 0x7f7c80005260 con 0x7f7c940fb690
2024-02-22T18:48:19.086 INFO:teuthology.orchestra.run.smithi194.stderr:/usr/bin/ceph:
2024-02-22T18:48:19.078+0000 7f7c917fa700 1 -- 172.21.15.194:0/769247508 <== mon.0 v1:172.21.15.194:6789/0 2 ==== auth_reply(proto 2 0 (0) Success) v1 ==== 764+0+0 (unknown 3572244402 0 0) 0x7f7c80005260 con 0x7f7c940fb690
2024-02-22T18:48:19.086 INFO:teuthology.orchestra.run.smithi194.stderr:/usr/bin/ceph:
2024-02-22T18:48:19.078+0000 7f7c917fa700 1 -- 172.21.15.194:0/769247508 --> v1:172.21.15.194:6789/0 -- auth(proto 2 165 bytes epoch 0) v1 -- 0x7f7c94071d00 con 0x7f7c940fb690
2024-02-22T18:48:19.086 INFO:teuthology.orchestra.run.smithi194.stderr:/usr/bin/ceph:
2024-02-22T18:48:19.078+0000 7f7c917fa700 1 -- 172.21.15.194:0/769247508 <== mon.0 v1:172.21.15.194:6789/0 3 ==== mon_map magic: 0 v1 ==== 170+0+0 (unknown 4067745962 0 0) 0x7f7c7c000ed0 con 0x7f7c940fb690
2024-02-22T18:48:19.087 INFO:teuthology.orchestra.run.smithi194.stderr:/usr/bin/ceph:
2024-02-22T18:48:19.078+0000 7f7c917fa700 1 -- 172.21.15.194:0/769247508 <== mon.0 v1:172.21.15.194:6789/0 4 ==== auth_reply(proto 2 0 (0) Success) v1 ==== 580+0+0 (unknown 272848850 0 0) 0x7f7c94071d00 con 0x7f7c940fb690
2024-02-22T18:48:19.087 INFO:teuthology.orchestra.run.smithi194.stderr:/usr/bin/ceph:
2024-02-22T18:48:19.078+0000 7f7c917fa700 1 -- 172.21.15.194:0/769247508 --> v1:172.21.15.194:6789/0 -- mon_subscribe({config=0+,monmap=0+}) v3 -- 0x7f7c94071e90 con 0x7f7c940fb690
2024-02-22T18:48:19.087 INFO:teuthology.orchestra.run.smithi194.stderr:/usr/bin/ceph:
2024-02-22T18:48:19.078+0000 7f7c9a300700 1 -- 172.21.15.194:0/769247508 --> v1:172.21.15.194:6789/0 -- mon_subscribe({mgrmap=0+}) v3 -- 0x7f7c94072140 con 0x7f7c940fb690
2024-02-22T18:48:19.087 INFO:teuthology.orchestra.run.smithi194.stderr:/usr/bin/ceph:
2024-02-22T18:48:19.078+0000 7f7c9a300700 1 -- 172.21.15.194:0/769247508 --> v1:172.21.15.194:6789/0 -- mon_subscribe({osdmap=0}) v3 -- 0x7f7c94070c00 con 0x7f7c940fb690
2024-02-22T18:48:19.087 INFO:teuthology.orchestra.run.smithi194.stderr:/usr/bin/ceph:
2024-02-22T18:48:19.078+0000 7f7c917fa700 1 -- 172.21.15.194:0/769247508 <== mon.0 v1:172.21.15.194:6789/0 5 ==== config(24 keys) v1 ==== 1036+0+0 (unknown 387798958 0 0) 0x7f7c7c004a80 con 0x7f7c940fb690
2024-02-22T18:48:19.088 INFO:teuthology.orchestra.run.smithi194.stderr:/usr/bin/ceph:
2024-02-22T18:48:19.078+0000 7f7c917fa700 1 -- 172.21.15.194:0/769247508 <== mon.0 v1:172.21.15.194:6789/0 6 ==== mon_map magic: 0 v1 ==== 170+0+0 (unknown 4067745962 0 0) 0x7f7c7c0060f0 con 0x7f7c940fb690
2024-02-22T18:48:19.088 INFO:teuthology.orchestra.run.smithi194.stderr:/usr/bin/ceph:
2024-02-22T18:48:19.082+0000 7f7c917fa700 1 -- 172.21.15.194:0/769247508 <== mon.0 v1:172.21.15.194:6789/0 7 ==== mgrmap(e 4) v1 ==== 38571+0+0 (unknown 3670975389 0 0) 0x7f7c7c00f910 con 0x7f7c940fb690
2024-02-22T18:48:19.088 INFO:teuthology.orchestra.run.smithi194.stderr:/usr/bin/ceph:
2024-02-22T18:48:19.082+0000 7f7c917fa700 1 -- 172.21.15.194:0/769247508 <== mon.0 v1:172.21.15.194:6789/0 8 ==== osd_map(1..1 src has 1..1) v4 ==== 754+0+0 (unknown 3108962491 0 0) 0x7f7c7c03eaa0 con 0x7f7c940fb690
2024-02-22T18:48:19.088 INFO:teuthology.orchestra.run.smithi194.stderr:/usr/bin/ceph:
2024-02-22T18:48:19.082+0000 7f7c9a300700 1 -- 172.21.15.194:0/769247508 --> v1:172.21.15.194:6789/0 -- mon_command({"prefix": "get_command_descriptions"} v 0) v1 -- 0x7f7c74004f50 con 0x7f7c940fb690
2024-02-22T18:48:19.096 INFO:teuthology.orchestra.run.smithi194.stderr:/usr/bin/ceph:
2024-02-22T18:48:19.090+0000 7f7c917fa700 1 -- 172.21.15.194:0/769247508 <== mon.0 v1:172.21.15.194:6789/0 9 ==== mon_command_ack([{"prefix": "get_command_descriptions"}]=0 v0) v1 ==== 72+0+163658 (unknown 1092875540 0 292100661) 0x7f7c7c010e90 con 0x7f7c940fb690
2024-02-22T18:48:19.418 INFO:teuthology.orchestra.run.smithi194.stderr:/usr/bin/ceph:
2024-02-22T18:48:19.410+0000 7f7c9a300700 1 -- 172.21.15.194:0/769247508 --> v1:172.21.15.194:6789/0 -- mon_command({"prefix": "config assimilate-conf"} v 0) v1 -- 0x7f7c74005780 con 0x7f7c940fb690
2024-02-22T18:48:19.418 INFO:teuthology.orchestra.run.smithi194.stderr:/usr/bin/ceph:
2024-02-22T18:48:19.410+0000 7f7c917fa700 1 -- 172.21.15.194:0/769247508 <== mon.0 v1:172.21.15.194:6789/0 10 ==== mon_command_ack([{"prefix": "config assimilate-conf"}]=0 v3) v1 ==== 70+0+307 (unknown 1187553405 0 2142071700) 0x7f7c7c014660 con 0x7f7c940fb690
2024-02-22T18:48:19.420 INFO:teuthology.orchestra.run.smithi194.stderr:/usr/bin/ceph:
2024-02-22T18:48:19.420 INFO:teuthology.orchestra.run.smithi194.stderr:/usr/bin/ceph: [global]
2024-02-22T18:48:19.420 INFO:teuthology.orchestra.run.smithi194.stderr:/usr/bin/ceph: fsid = d1bd74e6-d1b2-11ee-95bf-87774f69a715
2024-02-22T18:48:19.420 INFO:teuthology.orchestra.run.smithi194.stderr:/usr/bin/ceph: log_to_journald = false
2024-02-22T18:48:19.420 INFO:teuthology.orchestra.run.smithi194.stderr:/usr/bin/ceph: mon_osd_allow_pg_remap = true
2024-02-22T18:48:19.420 INFO:teuthology.orchestra.run.smithi194.stderr:/usr/bin/ceph: mon_osd_allow_primary_affinity = true
2024-02-22T18:48:19.420 INFO:teuthology.orchestra.run.smithi194.stderr:/usr/bin/ceph: mon_warn_on_no_sortbitwise = false
2024-02-22T18:48:19.421 INFO:teuthology.orchestra.run.smithi194.stderr:/usr/bin/ceph: osd_crush_chooseleaf_type = 0
2024-02-22T18:48:19.421 INFO:teuthology.orchestra.run.smithi194.stderr:/usr/bin/ceph:
2024-02-22T18:48:19.421 INFO:teuthology.orchestra.run.smithi194.stderr:/usr/bin/ceph: [mgr]
2024-02-22T18:48:19.421 INFO:teuthology.orchestra.run.smithi194.stderr:/usr/bin/ceph: mgr/telemetry/nag = false
2024-02-22T18:48:19.421 INFO:teuthology.orchestra.run.smithi194.stderr:/usr/bin/ceph:
2024-02-22T18:48:19.421 INFO:teuthology.orchestra.run.smithi194.stderr:/usr/bin/ceph: [osd]
2024-02-22T18:48:19.421 INFO:teuthology.orchestra.run.smithi194.stderr:/usr/bin/ceph: osd_map_max_advance = 10
2024-02-22T18:48:19.421 INFO:teuthology.orchestra.run.smithi194.stderr:/usr/bin/ceph: osd_sloppy_crc = true
2024-02-22T18:48:19.424 INFO:teuthology.orchestra.run.smithi194.stderr:/usr/bin/ceph:
2024-02-22T18:48:19.418+0000 7f7c9a300700 1 -- 172.21.15.194:0/769247508 >> v1:172.21.15.194:6800/1986567702 conn(0x7f7c80033900 legacy=0x7f7c80035dc0 unknown :-1 s=STATE_CONNECTION_ESTABLISHED l=1).mark_down
2024-02-22T18:48:19.425 INFO:teuthology.orchestra.run.smithi194.stderr:/usr/bin/ceph:
2024-02-22T18:48:19.418+0000 7f7c9a300700 1 -- 172.21.15.194:0/769247508 >> v1:172.21.15.194:6789/0 conn(0x7f7c940fb690 legacy=0x7f7c940701f0 unknown :-1 s=STATE_CONNECTION_ESTABLISHED l=1).mark_down
2024-02-22T18:48:19.425 INFO:teuthology.orchestra.run.smithi194.stderr:/usr/bin/ceph:
2024-02-22T18:48:19.418+0000 7f7c9a300700 1 -- 172.21.15.194:0/769247508 shutdown_connections
2024-02-22T18:48:19.425 INFO:teuthology.orchestra.run.smithi194.stderr:/usr/bin/ceph:
2024-02-22T18:48:19.418+0000 7f7c9a300700 1 -- 172.21.15.194:0/769247508 >> 172.21.15.194:0/769247508 conn(0x7f7c940f6e90 msgr2=0x7f7c940f7a90 unknown :-1 s=STATE_NONE l=0).mark_down
2024-02-22T18:48:19.425 INFO:teuthology.orchestra.run.smithi194.stderr:/usr/bin/ceph:
2024-02-22T18:48:19.418+0000 7f7c9a300700 1 -- 172.21.15.194:0/769247508 shutdown_connections
2024-02-22T18:48:19.425 INFO:teuthology.orchestra.run.smithi194.stderr:/usr/bin/ceph:
2024-02-22T18:48:19.418+0000 7f7c9a300700 1 -- 172.21.15.194:0/769247508 wait complete.
2024-02-22T18:48:19.896 INFO:journalctl@ceph.mon.a.smithi194.stdout:Feb 22 18:48:19 smithi194 bash[19576]: audit
2024-02-22T18:48:19.417222+0000 mon.a (mon.0) 28 : audit [INF] from='client.? v1:172.21.15.194:0/769247508' entity='client.admin' cmd=[{"prefix": "config assimilate-conf"}]: dispatch
2024-02-22T18:48:20.110 INFO:teuthology.orchestra.run.smithi194.stderr:Enabling cephadm module...
2024-02-22T18:48:21.120 INFO:teuthology.orchestra.run.smithi194.stderr:/usr/bin/ceph:
2024-02-22T18:48:21.110+0000 7f0f8d35e700 1 Processor -- start
2024-02-22T18:48:21.120 INFO:teuthology.orchestra.run.smithi194.stderr:/usr/bin/ceph:
2024-02-22T18:48:21.114+0000 7f0f8d35e700 1 -- start start
2024-02-22T18:48:21.120 INFO:teuthology.orchestra.run.smithi194.stderr:/usr/bin/ceph:
2024-02-22T18:48:21.114+0000 7f0f8d35e700 1 -- --> v1:172.21.15.194:6789/0 -- auth(proto 0 34 bytes epoch 0) v1 -- 0x7f0f880fc690 con 0x7f0f880fbb60
2024-02-22T18:48:21.120 INFO:teuthology.orchestra.run.smithi194.stderr:/usr/bin/ceph:
2024-02-22T18:48:21.114+0000 7f0f86ffd700 1 --1- >> v1:172.21.15.194:6789/0 conn(0x7f0f880fbb60 0x7f0f880fbf80 :-1 s=CONNECTING_WAIT_BANNER_AND_IDENTIFY pgs=0 cs=0 l=0).handle_server_banner_and_identify peer v1:172.21.15.194:6789/0 says I am v1:172.21.15.194:53262/0 (socket says 172.21.15.194:53262)
2024-02-22T18:48:21.120 INFO:teuthology.orchestra.run.smithi194.stderr:/usr/bin/ceph:
2024-02-22T18:48:21.114+0000 7f0f86ffd700 1 -- 172.21.15.194:0/3070281792 learned_addr learned my addr 172.21.15.194:0/3070281792 (peer_addr_for_me v1:172.21.15.194:0/0)
2024-02-22T18:48:21.121 INFO:teuthology.orchestra.run.smithi194.stderr:/usr/bin/ceph:
2024-02-22T18:48:21.114+0000 7f0f85ffb700 1 -- 172.21.15.194:0/3070281792 <== mon.0 v1:172.21.15.194:6789/0 1 ==== auth_reply(proto 2 0 (0) Success) v1 ==== 33+0+0 (unknown 2677140277 0 0) 0x7f0f880fc690 con 0x7f0f880fbb60
2024-02-22T18:48:21.121 INFO:teuthology.orchestra.run.smithi194.stderr:/usr/bin/ceph:
2024-02-22T18:48:21.114+0000 7f0f85ffb700 1 -- 172.21.15.194:0/3070281792 --> v1:172.21.15.194:6789/0 -- auth(proto 2 36 bytes epoch 0) v1 -- 0x7f0f740033f0 con 0x7f0f880fbb60
2024-02-22T18:48:21.121 INFO:teuthology.orchestra.run.smithi194.stderr:/usr/bin/ceph:
2024-02-22T18:48:21.114+0000 7f0f85ffb700 1 -- 172.21.15.194:0/3070281792 <== mon.0 v1:172.21.15.194:6789/0 2 ==== auth_reply(proto 2 0 (0) Success) v1 ==== 214+0+0 (unknown 3798066624 0 0) 0x7f0f740033f0 con 0x7f0f880fbb60
2024-02-22T18:48:21.122 INFO:teuthology.orchestra.run.smithi194.stderr:/usr/bin/ceph:
2024-02-22T18:48:21.114+0000 7f0f85ffb700 1 -- 172.21.15.194:0/3070281792 --> v1:172.21.15.194:6789/0 -- mon_subscribe({config=0+,monmap=0+}) v3 -- 0x7f0f880ffba0 con 0x7f0f880fbb60
2024-02-22T18:48:21.122 INFO:teuthology.orchestra.run.smithi194.stderr:/usr/bin/ceph:
2024-02-22T18:48:21.114+0000 7f0f85ffb700 1 -- 172.21.15.194:0/3070281792 <== mon.0 v1:172.21.15.194:6789/0 3 ==== mon_map magic: 0 v1 ==== 170+0+0 (unknown 4067745962 0 0) 0x7f0f78001590 con 0x7f0f880fbb60
2024-02-22T18:48:21.122 INFO:teuthology.orchestra.run.smithi194.stderr:/usr/bin/ceph:
2024-02-22T18:48:21.114+0000 7f0f85ffb700 1 -- 172.21.15.194:0/3070281792 <== mon.0 v1:172.21.15.194:6789/0 4 ==== config(24 keys) v1 ==== 1036+0+0 (unknown 387798958 0 0) 0x7f0f78001c30 con 0x7f0f880fbb60
2024-02-22T18:48:21.122 INFO:teuthology.orchestra.run.smithi194.stderr:/usr/bin/ceph:
2024-02-22T18:48:21.114+0000 7f0f85ffb700 1 -- 172.21.15.194:0/3070281792 <== mon.0 v1:172.21.15.194:6789/0 5 ==== mon_map magic: 0 v1 ==== 170+0+0 (unknown 4067745962 0 0) 0x7f0f780057a0 con 0x7f0f880fbb60
2024-02-22T18:48:21.123 INFO:teuthology.orchestra.run.smithi194.stderr:/usr/bin/ceph:
2024-02-22T18:48:21.114+0000 7f0f8d35e700 1 -- 172.21.15.194:0/3070281792 >> v1:172.21.15.194:6789/0 conn(0x7f0f880fbb60 legacy=0x7f0f880fbf80 unknown :-1 s=STATE_CONNECTION_ESTABLISHED l=1).mark_down
2024-02-22T18:48:21.123 INFO:teuthology.orchestra.run.smithi194.stderr:/usr/bin/ceph:
2024-02-22T18:48:21.114+0000 7f0f8d35e700 1 -- 172.21.15.194:0/3070281792 shutdown_connections
2024-02-22T18:48:21.123 INFO:teuthology.orchestra.run.smithi194.stderr:/usr/bin/ceph:
2024-02-22T18:48:21.114+0000 7f0f8d35e700 1 -- 172.21.15.194:0/3070281792 >> 172.21.15.194:0/3070281792 conn(0x7f0f880f5560 msgr2=0x7f0f880f7980 unknown :-1 s=STATE_NONE l=0).mark_down
2024-02-22T18:48:21.123 INFO:teuthology.orchestra.run.smithi194.stderr:/usr/bin/ceph:
2024-02-22T18:48:21.118+0000 7f0f8d35e700 1 -- 172.21.15.194:0/3070281792 shutdown_connections
2024-02-22T18:48:21.123 INFO:teuthology.orchestra.run.smithi194.stderr:/usr/bin/ceph:
2024-02-22T18:48:21.118+0000 7f0f8d35e700 1 -- 172.21.15.194:0/3070281792 wait complete.
2024-02-22T18:48:21.124 INFO:teuthology.orchestra.run.smithi194.stderr:/usr/bin/ceph:
2024-02-22T18:48:21.118+0000 7f0f8d35e700 1 Processor -- start
2024-02-22T18:48:21.125 INFO:teuthology.orchestra.run.smithi194.stderr:/usr/bin/ceph:
2024-02-22T18:48:21.118+0000 7f0f8d35e700 1 -- start start
2024-02-22T18:48:21.125 INFO:teuthology.orchestra.run.smithi194.stderr:/usr/bin/ceph:
2024-02-22T18:48:21.118+0000 7f0f8d35e700 1 -- --> v1:172.21.15.194:6789/0 -- auth(proto 0 34 bytes epoch 0) v1 -- 0x7f0f880fa460 con 0x7f0f880fbb60
2024-02-22T18:48:21.125 INFO:teuthology.orchestra.run.smithi194.stderr:/usr/bin/ceph:
2024-02-22T18:48:21.118+0000 7f0f86ffd700 1 --1- >> v1:172.21.15.194:6789/0 conn(0x7f0f880fbb60 0x7f0f8810cdb0 :-1 s=CONNECTING_WAIT_BANNER_AND_IDENTIFY pgs=0 cs=0 l=1).handle_server_banner_and_identify peer v1:172.21.15.194:6789/0 says I am v1:172.21.15.194:53276/0 (socket says 172.21.15.194:53276)
2024-02-22T18:48:21.126 INFO:teuthology.orchestra.run.smithi194.stderr:/usr/bin/ceph:
2024-02-22T18:48:21.118+0000 7f0f86ffd700 1 -- 172.21.15.194:0/825636032 learned_addr learned my addr 172.21.15.194:0/825636032 (peer_addr_for_me v1:172.21.15.194:0/0)
2024-02-22T18:48:21.126 INFO:teuthology.orchestra.run.smithi194.stderr:/usr/bin/ceph:
2024-02-22T18:48:21.118+0000 7f0f7ffff700 1 -- 172.21.15.194:0/825636032 <== mon.0 v1:172.21.15.194:6789/0 1 ==== auth_reply(proto 2 0 (0) Success) v1 ==== 33+0+0 (unknown 1770855692 0 0) 0x7f0f880fa460 con 0x7f0f880fbb60
2024-02-22T18:48:21.126 INFO:teuthology.orchestra.run.smithi194.stderr:/usr/bin/ceph:
2024-02-22T18:48:21.118+0000 7f0f7ffff700 1 -- 172.21.15.194:0/825636032 --> v1:172.21.15.194:6789/0 -- auth(proto 2 36 bytes epoch 0) v1 -- 0x7f0f74005260 con 0x7f0f880fbb60
2024-02-22T18:48:21.128 INFO:teuthology.orchestra.run.smithi194.stderr:/usr/bin/ceph:
2024-02-22T18:48:21.118+0000 7f0f7ffff700 1 -- 172.21.15.194:0/825636032 <== mon.0 v1:172.21.15.194:6789/0 2 ==== auth_reply(proto 2 0 (0) Success) v1 ==== 764+0+0 (unknown 2752196502 0 0) 0x7f0f74005260 con 0x7f0f880fbb60
2024-02-22T18:48:21.128 INFO:teuthology.orchestra.run.smithi194.stderr:/usr/bin/ceph:
2024-02-22T18:48:21.118+0000 7f0f7ffff700 1 -- 172.21.15.194:0/825636032 --> v1:172.21.15.194:6789/0 -- auth(proto 2 165 bytes epoch 0) v1 -- 0x7f0f880fa460 con 0x7f0f880fbb60
2024-02-22T18:48:21.128 INFO:teuthology.orchestra.run.smithi194.stderr:/usr/bin/ceph:
2024-02-22T18:48:21.118+0000 7f0f7ffff700 1 -- 172.21.15.194:0/825636032 <== mon.0 v1:172.21.15.194:6789/0 3 ==== mon_map magic: 0 v1 ==== 170+0+0 (unknown 4067745962 0 0) 0x7f0f78000ed0 con 0x7f0f880fbb60
2024-02-22T18:48:21.128 INFO:teuthology.orchestra.run.smithi194.stderr:/usr/bin/ceph:
2024-02-22T18:48:21.118+0000 7f0f7ffff700 1 -- 172.21.15.194:0/825636032 <== mon.0 v1:172.21.15.194:6789/0 4 ==== auth_reply(proto 2 0 (0) Success) v1 ==== 580+0+0 (unknown 2651264835 0 0) 0x7f0f880fa460 con 0x7f0f880fbb60
2024-02-22T18:48:21.128 INFO:teuthology.orchestra.run.smithi194.stderr:/usr/bin/ceph:
2024-02-22T18:48:21.118+0000 7f0f7ffff700 1 -- 172.21.15.194:0/825636032 --> v1:172.21.15.194:6789/0 -- mon_subscribe({config=0+,monmap=0+}) v3 -- 0x7f0f880fa5f0 con 0x7f0f880fbb60
2024-02-22T18:48:21.128 INFO:teuthology.orchestra.run.smithi194.stderr:/usr/bin/ceph:
2024-02-22T18:48:21.118+0000 7f0f8d35e700 1 -- 172.21.15.194:0/825636032 --> v1:172.21.15.194:6789/0 -- mon_subscribe({mgrmap=0+}) v3 -- 0x7f0f8810e4d0 con 0x7f0f880fbb60
2024-02-22T18:48:21.129 INFO:teuthology.orchestra.run.smithi194.stderr:/usr/bin/ceph:
2024-02-22T18:48:21.118+0000 7f0f8d35e700 1 -- 172.21.15.194:0/825636032 --> v1:172.21.15.194:6789/0 -- mon_subscribe({osdmap=0}) v3 -- 0x7f0f8810e900 con 0x7f0f880fbb60
2024-02-22T18:48:21.129 INFO:teuthology.orchestra.run.smithi194.stderr:/usr/bin/ceph:
2024-02-22T18:48:21.122+0000 7f0f7ffff700 1 -- 172.21.15.194:0/825636032 <== mon.0 v1:172.21.15.194:6789/0 5 ==== config(24 keys) v1 ==== 1036+0+0 (unknown 387798958 0 0) 0x7f0f78004810 con 0x7f0f880fbb60
2024-02-22T18:48:21.129 INFO:teuthology.orchestra.run.smithi194.stderr:/usr/bin/ceph:
2024-02-22T18:48:21.122+0000 7f0f7ffff700 1 -- 172.21.15.194:0/825636032 <== mon.0 v1:172.21.15.194:6789/0 6 ==== mon_map magic: 0 v1 ==== 170+0+0 (unknown 4067745962 0 0) 0x7f0f780060f0 con 0x7f0f880fbb60
2024-02-22T18:48:21.129 INFO:teuthology.orchestra.run.smithi194.stderr:/usr/bin/ceph:
2024-02-22T18:48:21.122+0000 7f0f7ffff700 1 -- 172.21.15.194:0/825636032 <== mon.0 v1:172.21.15.194:6789/0 7 ==== mgrmap(e 4) v1 ==== 38571+0+0 (unknown 3670975389 0 0) 0x7f0f7800f9b0 con 0x7f0f880fbb60
2024-02-22T18:48:21.129 INFO:teuthology.orchestra.run.smithi194.stderr:/usr/bin/ceph:
2024-02-22T18:48:21.122+0000 7f0f7ffff700 1 -- 172.21.15.194:0/825636032 <== mon.0 v1:172.21.15.194:6789/0 8 ==== osd_map(1..1 src has 1..1) v4 ==== 754+0+0 (unknown 3108962491 0 0) 0x7f0f7803fa70 con 0x7f0f880fbb60
2024-02-22T18:48:21.129 INFO:teuthology.orchestra.run.smithi194.stderr:/usr/bin/ceph:
2024-02-22T18:48:21.122+0000 7f0f8d35e700 1 -- 172.21.15.194:0/825636032 --> v1:172.21.15.194:6789/0 -- mon_command({"prefix": "get_command_descriptions"} v 0) v1 -- 0x7f0f68004f50 con 0x7f0f880fbb60
2024-02-22T18:48:21.135 INFO:teuthology.orchestra.run.smithi194.stderr:/usr/bin/ceph:
2024-02-22T18:48:21.130+0000 7f0f7ffff700 1 -- 172.21.15.194:0/825636032 <== mon.0 v1:172.21.15.194:6789/0 9 ==== mon_command_ack([{"prefix": "get_command_descriptions"}]=0 v0) v1 ==== 72+0+163658 (unknown 1092875540 0 292100661) 0x7f0f78011090 con 0x7f0f880fbb60
2024-02-22T18:48:21.553 INFO:teuthology.orchestra.run.smithi194.stderr:/usr/bin/ceph:
2024-02-22T18:48:21.546+0000 7f0f8d35e700 1 -- 172.21.15.194:0/825636032 --> v1:172.21.15.194:6789/0 -- mon_command({"prefix": "mgr module enable", "module": "cephadm"} v 0) v1 -- 0x7f0f68005200 con 0x7f0f880fbb60
2024-02-22T18:48:21.606 INFO:teuthology.orchestra.run.smithi194.stderr:/usr/bin/ceph:
2024-02-22T18:48:21.598+0000 7f0f7ffff700 1 -- 172.21.15.194:0/825636032 <== mon.0 v1:172.21.15.194:6789/0 10 ==== mgrmap(e 5) v1 ==== 38582+0+0 (unknown 2883659934 0 0) 0x7f0f7803f060 con 0x7f0f880fbb60
2024-02-22T18:48:21.607 INFO:teuthology.orchestra.run.smithi194.stderr:/usr/bin/ceph:
2024-02-22T18:48:21.602+0000 7f0f7ffff700 1 -- 172.21.15.194:0/825636032 <== mon.0 v1:172.21.15.194:6789/0 11 ==== mon_command_ack([{"prefix": "mgr module enable", "module": "cephadm"}]=0 v5) v1 ==== 86+0+0 (unknown 2263024820 0 0) 0x7f0f78013040 con 0x7f0f880fbb60
2024-02-22T18:48:21.612 INFO:teuthology.orchestra.run.smithi194.stderr:/usr/bin/ceph:
2024-02-22T18:48:21.606+0000 7f0f8d35e700 1 -- 172.21.15.194:0/825636032 >> v1:172.21.15.194:6800/1986567702 conn(0x7f0f74033810 legacy=0x7f0f74035cd0 unknown :-1 s=STATE_CONNECTION_ESTABLISHED l=1).mark_down
2024-02-22T18:48:21.612 INFO:teuthology.orchestra.run.smithi194.stderr:/usr/bin/ceph:
2024-02-22T18:48:21.606+0000 7f0f8d35e700 1 -- 172.21.15.194:0/825636032 >> v1:172.21.15.194:6789/0 conn(0x7f0f880fbb60 legacy=0x7f0f8810cdb0 unknown :-1 s=STATE_CONNECTION_ESTABLISHED l=1).mark_down
2024-02-22T18:48:21.613 INFO:teuthology.orchestra.run.smithi194.stderr:/usr/bin/ceph:
2024-02-22T18:48:21.606+0000 7f0f8d35e700 1 -- 172.21.15.194:0/825636032 shutdown_connections
2024-02-22T18:48:21.613 INFO:teuthology.orchestra.run.smithi194.stderr:/usr/bin/ceph:
2024-02-22T18:48:21.606+0000 7f0f8d35e700 1 -- 172.21.15.194:0/825636032 >> 172.21.15.194:0/825636032 conn(0x7f0f880f5560 msgr2=0x7f0f880f6160 unknown :-1 s=STATE_NONE l=0).mark_down
2024-02-22T18:48:21.615 INFO:teuthology.orchestra.run.smithi194.stderr:/usr/bin/ceph:
2024-02-22T18:48:21.610+0000 7f0f8d35e700 1 -- 172.21.15.194:0/825636032 shutdown_connections
2024-02-22T18:48:21.615 INFO:teuthology.orchestra.run.smithi194.stderr:/usr/bin/ceph:
2024-02-22T18:48:21.610+0000 7f0f8d35e700 1 -- 172.21.15.194:0/825636032 wait complete.
2024-02-22T18:48:21.894 INFO:journalctl@ceph.mon.a.smithi194.stdout:Feb 22 18:48:21 smithi194 bash[19576]: audit
2024-02-22T18:48:21.551923+0000 mon.a (mon.0) 29 : audit [INF] from='client.? v1:172.21.15.194:0/825636032' entity='client.admin' cmd=[{"prefix": "mgr module enable", "module": "cephadm"}]: dispatch
2024-02-22T18:48:21.894 INFO:journalctl@ceph.mgr.y.smithi194.stdout:Feb 22 18:48:21 smithi194 bash[19893]: ignoring --setuser ceph since I am not root
2024-02-22T18:48:21.895 INFO:journalctl@ceph.mgr.y.smithi194.stdout:Feb 22 18:48:21 smithi194 bash[19893]: ignoring --setgroup ceph since I am not root
2024-02-22T18:48:21.895 INFO:journalctl@ceph.mgr.y.smithi194.stdout:Feb 22 18:48:21 smithi194 bash[19893]: debug
2024-02-22T18:48:21.794+0000 7faec342b680 -1 mgr[py] Module alerts has missing NOTIFY_TYPES member
2024-02-22T18:48:22.341 INFO:journalctl@ceph.mgr.y.smithi194.stdout:Feb 22 18:48:21 smithi194 bash[19893]: debug
2024-02-22T18:48:21.894+0000 7faec342b680 -1 mgr[py] Module balancer has missing NOTIFY_TYPES member
2024-02-22T18:48:22.612 INFO:journalctl@ceph.mgr.y.smithi194.stdout:Feb 22 18:48:22 smithi194 bash[19893]: debug
2024-02-22T18:48:22.334+0000 7faec342b680 -1 mgr[py] Module crash has missing NOTIFY_TYPES member
2024-02-22T18:48:22.894 INFO:journalctl@ceph.mon.a.smithi194.stdout:Feb 22 18:48:22 smithi194 bash[19576]: audit
2024-02-22T18:48:21.606209+0000 mon.a (mon.0) 30 : audit [INF] from='client.? v1:172.21.15.194:0/825636032' entity='client.admin' cmd='[{"prefix": "mgr module enable", "module": "cephadm"}]': finished
2024-02-22T18:48:22.894 INFO:journalctl@ceph.mon.a.smithi194.stdout:Feb 22 18:48:22 smithi194 bash[19576]: cluster
2024-02-22T18:48:21.606351+0000 mon.a (mon.0) 31 : cluster [DBG] mgrmap e5: y(active, since 6s)
2024-02-22T18:48:23.360 INFO:journalctl@ceph.mgr.y.smithi194.stdout:Feb 22 18:48:23 smithi194 bash[19893]: debug
2024-02-22T18:48:23.254+0000 7faec342b680 -1 mgr[py] Module diskprediction_local has missing NOTIFY_TYPES member
2024-02-22T18:48:23.369 INFO:teuthology.orchestra.run.smithi194.stderr:/usr/bin/ceph:
2024-02-22T18:48:23.366+0000 7f323f3ec700 1 Processor -- start
2024-02-22T18:48:23.369 INFO:teuthology.orchestra.run.smithi194.stderr:/usr/bin/ceph:
2024-02-22T18:48:23.366+0000 7f323f3ec700 1 -- start start
2024-02-22T18:48:23.369 INFO:teuthology.orchestra.run.smithi194.stderr:/usr/bin/ceph:
2024-02-22T18:48:23.366+0000 7f323f3ec700 1 -- --> v1:172.21.15.194:6789/0 -- auth(proto 0 34 bytes epoch 0) v1 -- 0x7f3238072090 con 0x7f3238071c70
2024-02-22T18:48:23.369 INFO:teuthology.orchestra.run.smithi194.stderr:/usr/bin/ceph:
2024-02-22T18:48:23.366+0000 7f323d188700 1 --1- >> v1:172.21.15.194:6789/0 conn(0x7f3238071c70 0x7f3238070210 :-1 s=CONNECTING_WAIT_BANNER_AND_IDENTIFY pgs=0 cs=0 l=0).handle_server_banner_and_identify peer v1:172.21.15.194:6789/0 says I am v1:172.21.15.194:53304/0 (socket says 172.21.15.194:53304)
2024-02-22T18:48:23.369 INFO:teuthology.orchestra.run.smithi194.stderr:/usr/bin/ceph:
2024-02-22T18:48:23.366+0000 7f323d188700 1 -- 172.21.15.194:0/4204217192 learned_addr learned my addr 172.21.15.194:0/4204217192 (peer_addr_for_me v1:172.21.15.194:0/0)
2024-02-22T18:48:23.370 INFO:teuthology.orchestra.run.smithi194.stderr:/usr/bin/ceph:
2024-02-22T18:48:23.366+0000 7f3237fff700 1 -- 172.21.15.194:0/4204217192 <== mon.0 v1:172.21.15.194:6789/0 1 ==== auth_reply(proto 2 0 (0) Success) v1 ==== 33+0+0 (unknown 3112131177 0 0) 0x7f3238072090 con 0x7f3238071c70
2024-02-22T18:48:23.370 INFO:teuthology.orchestra.run.smithi194.stderr:/usr/bin/ceph:
2024-02-22T18:48:23.366+0000 7f3237fff700 1 -- 172.21.15.194:0/4204217192 --> v1:172.21.15.194:6789/0 -- auth(proto 2 36 bytes epoch 0) v1 -- 0x7f32200033f0 con 0x7f3238071c70
2024-02-22T18:48:23.370 INFO:teuthology.orchestra.run.smithi194.stderr:/usr/bin/ceph:
2024-02-22T18:48:23.366+0000 7f3237fff700 1 -- 172.21.15.194:0/4204217192 <== mon.0 v1:172.21.15.194:6789/0 2 ==== auth_reply(proto 2 0 (0) Success) v1 ==== 214+0+0 (unknown 1987867299 0 0) 0x7f32200033f0 con 0x7f3238071c70
2024-02-22T18:48:23.370 INFO:teuthology.orchestra.run.smithi194.stderr:/usr/bin/ceph:
2024-02-22T18:48:23.366+0000 7f3237fff700 1 -- 172.21.15.194:0/4204217192 --> v1:172.21.15.194:6789/0 -- mon_subscribe({config=0+,monmap=0+}) v3 -- 0x7f3238070920 con 0x7f3238071c70
2024-02-22T18:48:23.371 INFO:teuthology.orchestra.run.smithi194.stderr:/usr/bin/ceph:
2024-02-22T18:48:23.366+0000 7f3237fff700 1 -- 172.21.15.194:0/4204217192 <== mon.0 v1:172.21.15.194:6789/0 3 ==== mon_map magic: 0 v1 ==== 170+0+0 (unknown 4067745962 0 0) 0x7f3230001910 con 0x7f3238071c70
2024-02-22T18:48:23.371 INFO:teuthology.orchestra.run.smithi194.stderr:/usr/bin/ceph:
2024-02-22T18:48:23.366+0000 7f3237fff700 1 -- 172.21.15.194:0/4204217192 <== mon.0 v1:172.21.15.194:6789/0 4 ==== config(24 keys) v1 ==== 1036+0+0 (unknown 387798958 0 0) 0x7f3230002080 con 0x7f3238071c70
2024-02-22T18:48:23.371 INFO:teuthology.orchestra.run.smithi194.stderr:/usr/bin/ceph:
2024-02-22T18:48:23.366+0000 7f3237fff700 1 -- 172.21.15.194:0/4204217192 <== mon.0 v1:172.21.15.194:6789/0 5 ==== mon_map magic: 0 v1 ==== 170+0+0 (unknown 4067745962 0 0) 0x7f3230005a80 con 0x7f3238071c70
2024-02-22T18:48:23.372 INFO:teuthology.orchestra.run.smithi194.stderr:/usr/bin/ceph:
2024-02-22T18:48:23.366+0000 7f323f3ec700 1 -- 172.21.15.194:0/4204217192 >> v1:172.21.15.194:6789/0 conn(0x7f3238071c70 legacy=0x7f3238070210 unknown :-1 s=STATE_CONNECTION_ESTABLISHED l=1).mark_down
2024-02-22T18:48:23.372 INFO:teuthology.orchestra.run.smithi194.stderr:/usr/bin/ceph:
2024-02-22T18:48:23.370+0000 7f323f3ec700 1 -- 172.21.15.194:0/4204217192 shutdown_connections
2024-02-22T18:48:23.372 INFO:teuthology.orchestra.run.smithi194.stderr:/usr/bin/ceph:
2024-02-22T18:48:23.370+0000 7f323f3ec700 1 -- 172.21.15.194:0/4204217192 >> 172.21.15.194:0/4204217192 conn(0x7f32380f6e90 msgr2=0x7f32380f92b0 unknown :-1 s=STATE_NONE l=0).mark_down
2024-02-22T18:48:23.372 INFO:teuthology.orchestra.run.smithi194.stderr:/usr/bin/ceph:
2024-02-22T18:48:23.370+0000 7f323f3ec700 1 -- 172.21.15.194:0/4204217192 shutdown_connections
2024-02-22T18:48:23.372 INFO:teuthology.orchestra.run.smithi194.stderr:/usr/bin/ceph:
2024-02-22T18:48:23.370+0000 7f323f3ec700 1 -- 172.21.15.194:0/4204217192 wait complete.
2024-02-22T18:48:23.373 INFO:teuthology.orchestra.run.smithi194.stderr:/usr/bin/ceph:
2024-02-22T18:48:23.370+0000 7f323f3ec700 1 Processor -- start
2024-02-22T18:48:23.373 INFO:teuthology.orchestra.run.smithi194.stderr:/usr/bin/ceph:
2024-02-22T18:48:23.370+0000 7f323f3ec700 1 -- start start
2024-02-22T18:48:23.373 INFO:teuthology.orchestra.run.smithi194.stderr:/usr/bin/ceph:
2024-02-22T18:48:23.370+0000 7f323f3ec700 1 -- --> v1:172.21.15.194:6789/0 -- auth(proto 0 34 bytes epoch 0) v1 -- 0x7f323810c900 con 0x7f3238071c70
2024-02-22T18:48:23.373 INFO:teuthology.orchestra.run.smithi194.stderr:/usr/bin/ceph:
2024-02-22T18:48:23.370+0000 7f323d188700 1 --1- >> v1:172.21.15.194:6789/0 conn(0x7f3238071c70 0x7f323810c1f0 :-1 s=CONNECTING_WAIT_BANNER_AND_IDENTIFY pgs=0 cs=0 l=1).handle_server_banner_and_identify peer v1:172.21.15.194:6789/0 says I am v1:172.21.15.194:53318/0 (socket says 172.21.15.194:53318)
2024-02-22T18:48:23.373 INFO:teuthology.orchestra.run.smithi194.stderr:/usr/bin/ceph:
2024-02-22T18:48:23.370+0000 7f323d188700 1 -- 172.21.15.194:0/3971497672 learned_addr learned my addr 172.21.15.194:0/3971497672 (peer_addr_for_me v1:172.21.15.194:0/0)
2024-02-22T18:48:23.373 INFO:teuthology.orchestra.run.smithi194.stderr:/usr/bin/ceph:
2024-02-22T18:48:23.370+0000 7f32367fc700 1 -- 172.21.15.194:0/3971497672 <== mon.0 v1:172.21.15.194:6789/0 1 ==== auth_reply(proto 2 0 (0) Success) v1 ==== 33+0+0 (unknown 912579500 0 0) 0x7f323810c900 con 0x7f3238071c70
2024-02-22T18:48:23.375 INFO:teuthology.orchestra.run.smithi194.stderr:/usr/bin/ceph:
2024-02-22T18:48:23.370+0000 7f32367fc700 1 -- 172.21.15.194:0/3971497672 --> v1:172.21.15.194:6789/0 -- auth(proto 2 36 bytes epoch 0) v1 -- 0x7f3220005210 con 0x7f3238071c70
2024-02-22T18:48:23.375 INFO:teuthology.orchestra.run.smithi194.stderr:/usr/bin/ceph:
2024-02-22T18:48:23.370+0000 7f32367fc700 1 -- 172.21.15.194:0/3971497672 <== mon.0 v1:172.21.15.194:6789/0 2 ==== auth_reply(proto 2 0 (0) Success) v1 ==== 764+0+0 (unknown 3808646641 0 0) 0x7f3220005210 con 0x7f3238071c70
2024-02-22T18:48:23.375 INFO:teuthology.orchestra.run.smithi194.stderr:/usr/bin/ceph:
2024-02-22T18:48:23.370+0000 7f32367fc700 1 -- 172.21.15.194:0/3971497672 --> v1:172.21.15.194:6789/0 -- auth(proto 2 165 bytes epoch 0) v1 -- 0x7f323810c900 con 0x7f3238071c70
2024-02-22T18:48:23.375 INFO:teuthology.orchestra.run.smithi194.stderr:/usr/bin/ceph:
2024-02-22T18:48:23.370+0000 7f32367fc700 1 -- 172.21.15.194:0/3971497672 <== mon.0 v1:172.21.15.194:6789/0 3 ==== mon_map magic: 0 v1 ==== 170+0+0 (unknown 4067745962 0 0) 0x7f3230004df0 con 0x7f3238071c70
2024-02-22T18:48:23.375 INFO:teuthology.orchestra.run.smithi194.stderr:/usr/bin/ceph:
2024-02-22T18:48:23.370+0000 7f32367fc700 1 -- 172.21.15.194:0/3971497672 <== mon.0 v1:172.21.15.194:6789/0 4 ==== auth_reply(proto 2 0 (0) Success) v1 ==== 580+0+0 (unknown 3389809338 0 0) 0x7f323810c900 con 0x7f3238071c70
2024-02-22T18:48:23.375 INFO:teuthology.orchestra.run.smithi194.stderr:/usr/bin/ceph:
2024-02-22T18:48:23.370+0000 7f32367fc700 1 -- 172.21.15.194:0/3971497672 --> v1:172.21.15.194:6789/0 -- mon_subscribe({config=0+,monmap=0+}) v3 -- 0x7f323810ca90 con 0x7f3238071c70
2024-02-22T18:48:23.375 INFO:teuthology.orchestra.run.smithi194.stderr:/usr/bin/ceph:
2024-02-22T18:48:23.370+0000 7f323f3ec700 1 -- 172.21.15.194:0/3971497672 --> v1:172.21.15.194:6789/0 -- mon_subscribe({mgrmap=0+}) v3 -- 0x7f323810cd40 con 0x7f3238071c70
2024-02-22T18:48:23.375 INFO:teuthology.orchestra.run.smithi194.stderr:/usr/bin/ceph:
2024-02-22T18:48:23.370+0000 7f323f3ec700 1 -- 172.21.15.194:0/3971497672 --> v1:172.21.15.194:6789/0 -- mon_subscribe({osdmap=0}) v3 -- 0x7f3238110a30 con 0x7f3238071c70
2024-02-22T18:48:23.375 INFO:teuthology.orchestra.run.smithi194.stderr:/usr/bin/ceph:
2024-02-22T18:48:23.370+0000 7f32367fc700 1 -- 172.21.15.194:0/3971497672 <== mon.0 v1:172.21.15.194:6789/0 5 ==== config(24 keys) v1 ==== 1036+0+0 (unknown 387798958 0 0) 0x7f3230001c00 con 0x7f3238071c70
2024-02-22T18:48:23.375 INFO:teuthology.orchestra.run.smithi194.stderr:/usr/bin/ceph:
2024-02-22T18:48:23.370+0000 7f32367fc700 1 -- 172.21.15.194:0/3971497672 <== mon.0 v1:172.21.15.194:6789/0 6 ==== mon_map magic: 0 v1 ==== 170+0+0 (unknown 4067745962 0 0) 0x7f3230006670 con 0x7f3238071c70
2024-02-22T18:48:23.376 INFO:teuthology.orchestra.run.smithi194.stderr:/usr/bin/ceph:
2024-02-22T18:48:23.374+0000 7f32367fc700 1 -- 172.21.15.194:0/3971497672 <== mon.0 v1:172.21.15.194:6789/0 7 ==== mgrmap(e 5) v1 ==== 38582+0+0 (unknown 2883659934 0 0) 0x7f323000fe90 con 0x7f3238071c70
2024-02-22T18:48:23.376 INFO:teuthology.orchestra.run.smithi194.stderr:/usr/bin/ceph:
2024-02-22T18:48:23.374+0000 7f32367fc700 1 -- 172.21.15.194:0/3971497672 <== mon.0 v1:172.21.15.194:6789/0 8 ==== osd_map(1..1 src has 1..1) v4 ==== 754+0+0 (unknown 3108962491 0 0) 0x7f323003fe30 con 0x7f3238071c70
2024-02-22T18:48:23.376 INFO:teuthology.orchestra.run.smithi194.stderr:/usr/bin/ceph:
2024-02-22T18:48:23.374+0000 7f323c987700 1 -- 172.21.15.194:0/3971497672 >> v1:172.21.15.194:6800/1986567702 conn(0x7f32200338b0 legacy=0x7f3220035d70 unknown :-1 s=STATE_CONNECTING_RE l=1).process reconnect failed to v1:172.21.15.194:6800/1986567702
2024-02-22T18:48:23.376 INFO:teuthology.orchestra.run.smithi194.stderr:/usr/bin/ceph:
2024-02-22T18:48:23.374+0000 7f323f3ec700 1 -- 172.21.15.194:0/3971497672 --> v1:172.21.15.194:6789/0 -- mon_command({"prefix": "get_command_descriptions"} v 0) v1 -- 0x7f3238046ce0 con 0x7f3238071c70
2024-02-22T18:48:23.383 INFO:teuthology.orchestra.run.smithi194.stderr:/usr/bin/ceph:
2024-02-22T18:48:23.378+0000 7f32367fc700 1 -- 172.21.15.194:0/3971497672 <== mon.0 v1:172.21.15.194:6789/0 9 ==== mon_command_ack([{"prefix": "get_command_descriptions"}]=0 v0) v1 ==== 72+0+163658 (unknown 1092875540 0 292100661) 0x7f3230011600 con 0x7f3238071c70
2024-02-22T18:48:23.579 INFO:teuthology.orchestra.run.smithi194.stderr:/usr/bin/ceph:
2024-02-22T18:48:23.578+0000 7f323c987700 1 -- 172.21.15.194:0/3971497672 >> v1:172.21.15.194:6800/1986567702 conn(0x7f32200338b0 legacy=0x7f3220035d70 unknown :-1 s=STATE_CONNECTING_RE l=1).process reconnect failed to v1:172.21.15.194:6800/1986567702
2024-02-22T18:48:23.616 INFO:journalctl@ceph.mgr.y.smithi194.stdout:Feb 22 18:48:23 smithi194 bash[19893]: debug
2024-02-22T18:48:23.358+0000 7faec342b680 -1 mgr[py] Module influx has missing NOTIFY_TYPES member
2024-02-22T18:48:23.788 INFO:teuthology.orchestra.run.smithi194.stderr:/usr/bin/ceph:
2024-02-22T18:48:23.786+0000 7f323f3ec700 1 -- 172.21.15.194:0/3971497672 --> v1:172.21.15.194:6789/0 -- mon_command({"prefix": "mgr stat"} v 0) v1 -- 0x7f3238110ce0 con 0x7f3238071c70
2024-02-22T18:48:23.790 INFO:teuthology.orchestra.run.smithi194.stderr:/usr/bin/ceph:
2024-02-22T18:48:23.786+0000 7f32367fc700 1 -- 172.21.15.194:0/3971497672 <== mon.0 v1:172.21.15.194:6789/0 10 ==== mon_command_ack([{"prefix": "mgr stat"}]=0 v5) v1 ==== 56+0+88 (unknown 3768197548 0 15966916) 0x7f3230014c20 con 0x7f3238071c70
2024-02-22T18:48:23.790 INFO:teuthology.orchestra.run.smithi194.stderr:/usr/bin/ceph: {
2024-02-22T18:48:23.790 INFO:teuthology.orchestra.run.smithi194.stderr:/usr/bin/ceph: "epoch": 5,
2024-02-22T18:48:23.790 INFO:teuthology.orchestra.run.smithi194.stderr:/usr/bin/ceph: "available": true,
2024-02-22T18:48:23.790 INFO:teuthology.orchestra.run.smithi194.stderr:/usr/bin/ceph: "active_name": "y",
2024-02-22T18:48:23.790 INFO:teuthology.orchestra.run.smithi194.stderr:/usr/bin/ceph: "num_standby": 0
2024-02-22T18:48:23.790 INFO:teuthology.orchestra.run.smithi194.stderr:/usr/bin/ceph: }
2024-02-22T18:48:23.791 INFO:teuthology.orchestra.run.smithi194.stderr:/usr/bin/ceph:
2024-02-22T18:48:23.790+0000 7f323f3ec700 1 -- 172.21.15.194:0/3971497672 >> v1:172.21.15.194:6800/1986567702 conn(0x7f32200338b0 legacy=0x7f3220035d70 unknown :-1 s=STATE_CONNECTING l=1).mark_down
2024-02-22T18:48:23.791 INFO:teuthology.orchestra.run.smithi194.stderr:/usr/bin/ceph:
2024-02-22T18:48:23.790+0000 7f323f3ec700 1 -- 172.21.15.194:0/3971497672 >> v1:172.21.15.194:6789/0 conn(0x7f3238071c70 legacy=0x7f323810c1f0 unknown :-1 s=STATE_CONNECTION_ESTABLISHED l=1).mark_down
2024-02-22T18:48:23.791 INFO:teuthology.orchestra.run.smithi194.stderr:/usr/bin/ceph:
2024-02-22T18:48:23.790+0000 7f323f3ec700 1 -- 172.21.15.194:0/3971497672 shutdown_connections
2024-02-22T18:48:23.791 INFO:teuthology.orchestra.run.smithi194.stderr:/usr/bin/ceph:
2024-02-22T18:48:23.790+0000 7f323f3ec700 1 -- 172.21.15.194:0/3971497672 >> 172.21.15.194:0/3971497672 conn(0x7f32380f6e90 msgr2=0x7f32380ffee0 unknown :-1 s=STATE_NONE l=0).mark_down
2024-02-22T18:48:23.792 INFO:teuthology.orchestra.run.smithi194.stderr:/usr/bin/ceph:
2024-02-22T18:48:23.790+0000 7f323f3ec700 1 -- 172.21.15.194:0/3971497672 shutdown_connections
2024-02-22T18:48:23.792 INFO:teuthology.orchestra.run.smithi194.stderr:/usr/bin/ceph:
2024-02-22T18:48:23.790+0000 7f323f3ec700 1 -- 172.21.15.194:0/3971497672 wait complete.
2024-02-22T18:48:23.894 INFO:journalctl@ceph.mon.a.smithi194.stdout:Feb 22 18:48:23 smithi194 bash[19576]: audit
2024-02-22T18:48:23.787712+0000 mon.a (mon.0) 32 : audit [DBG] from='client.? v1:172.21.15.194:0/3971497672' entity='client.admin' cmd=[{"prefix": "mgr stat"}]: dispatch
2024-02-22T18:48:23.894 INFO:journalctl@ceph.mgr.y.smithi194.stdout:Feb 22 18:48:23 smithi194 bash[19893]: debug
2024-02-22T18:48:23.614+0000 7faec342b680 -1 mgr[py] Module iostat has missing NOTIFY_TYPES member
2024-02-22T18:48:24.330 INFO:teuthology.orchestra.run.smithi194.stderr:Waiting for the mgr to restart...
2024-02-22T18:48:24.330 INFO:teuthology.orchestra.run.smithi194.stderr:Waiting for mgr epoch 5...
2024-02-22T18:48:25.016 INFO:journalctl@ceph.mgr.y.smithi194.stdout:Feb 22 18:48:24 smithi194 bash[19893]: debug
2024-02-22T18:48:24.754+0000 7faec342b680 -1 mgr[py] Module nfs has missing NOTIFY_TYPES member
2024-02-22T18:48:25.016 INFO:journalctl@ceph.mgr.y.smithi194.stdout:Feb 22 18:48:24 smithi194 bash[19893]: debug
2024-02-22T18:48:24.918+0000 7faec342b680 -1 mgr[py] Module orchestrator has missing NOTIFY_TYPES member
2024-02-22T18:48:25.362 INFO:journalctl@ceph.mgr.y.smithi194.stdout:Feb 22 18:48:25 smithi194 bash[19893]: debug
2024-02-22T18:48:25.014+0000 7faec342b680 -1 mgr[py] Module osd_support has missing NOTIFY_TYPES member
2024-02-22T18:48:25.362 INFO:journalctl@ceph.mgr.y.smithi194.stdout:Feb 22 18:48:25 smithi194 bash[19893]: debug
2024-02-22T18:48:25.130+0000 7faec342b680 -1 mgr[py] Module pg_autoscaler has missing NOTIFY_TYPES member
2024-02-22T18:48:25.391 INFO:teuthology.orchestra.run.smithi194.stderr:/usr/bin/ceph:
2024-02-22T18:48:25.386+0000 7fa45ff44700 1 Processor -- start
2024-02-22T18:48:25.391 INFO:teuthology.orchestra.run.smithi194.stderr:/usr/bin/ceph:
2024-02-22T18:48:25.386+0000 7fa45ff44700 1 -- start start
2024-02-22T18:48:25.391 INFO:teuthology.orchestra.run.smithi194.stderr:/usr/bin/ceph:
2024-02-22T18:48:25.386+0000 7fa45ff44700 1 -- --> v1:172.21.15.194:6789/0 -- auth(proto 0 34 bytes epoch 0) v1 -- 0x7fa4580fc1c0 con 0x7fa4580fb690
