2024-02-22T22:28:13.913 INFO:teuthology.orchestra.run.smithi084.stderr:/usr/bin/ceph:
2024-02-22T22:28:13.910+0000 7fe6ea272700 1 --2- >> [v2:172.21.15.84:3300/0,v1:172.21.15.84:6789/0] conn(0x7fe6e4070430 0x7fe6e40fea50 unknown :-1 s=NONE pgs=0 cs=0 l=0 rev1=0 rx=0 tx=0).connect
2024-02-22T22:28:13.913 INFO:teuthology.orchestra.run.smithi084.stderr:/usr/bin/ceph:
2024-02-22T22:28:13.910+0000 7fe6ea272700 1 -- --> [v2:172.21.15.84:3300/0,v1:172.21.15.84:6789/0] -- mon_getmap magic: 0 v1 -- 0x7fe6e40fef40 con 0x7fe6e4070430
2024-02-22T22:28:13.913 INFO:teuthology.orchestra.run.smithi084.stderr:/usr/bin/ceph:
2024-02-22T22:28:13.910+0000 7fe6e3fff700 1 --2- >> [v2:172.21.15.84:3300/0,v1:172.21.15.84:6789/0] conn(0x7fe6e4070430 0x7fe6e40fea50 unknown :-1 s=BANNER_CONNECTING pgs=0 cs=0 l=0 rev1=0 rx=0 tx=0)._handle_peer_banner_payload supported=1 required=0
2024-02-22T22:28:13.913 INFO:teuthology.orchestra.run.smithi084.stderr:/usr/bin/ceph:
2024-02-22T22:28:13.910+0000 7fe6e3fff700 1 --2- >> [v2:172.21.15.84:3300/0,v1:172.21.15.84:6789/0] conn(0x7fe6e4070430 0x7fe6e40fea50 unknown :-1 s=HELLO_CONNECTING pgs=0 cs=0 l=0 rev1=1 rx=0 tx=0).handle_hello peer v2:172.21.15.84:3300/0 says I am v2:172.21.15.84:32958/0 (socket says 172.21.15.84:32958)
2024-02-22T22:28:13.913 INFO:teuthology.orchestra.run.smithi084.stderr:/usr/bin/ceph:
2024-02-22T22:28:13.910+0000 7fe6e3fff700 1 -- 172.21.15.84:0/2813239547 learned_addr learned my addr 172.21.15.84:0/2813239547 (peer_addr_for_me v2:172.21.15.84:0/0)
2024-02-22T22:28:13.913 INFO:teuthology.orchestra.run.smithi084.stderr:/usr/bin/ceph:
2024-02-22T22:28:13.911+0000 7fe6e3fff700 1 -- 172.21.15.84:0/2813239547 --> [v2:172.21.15.84:3300/0,v1:172.21.15.84:6789/0] -- mon_subscribe({config=0+,monmap=0+}) v3 -- 0x7fe6e40ff080 con 0x7fe6e4070430
2024-02-22T22:28:13.913 INFO:teuthology.orchestra.run.smithi084.stderr:/usr/bin/ceph:
2024-02-22T22:28:13.911+0000 7fe6e3fff700 1 --2- 172.21.15.84:0/2813239547 >> [v2:172.21.15.84:3300/0,v1:172.21.15.84:6789/0] conn(0x7fe6e4070430 0x7fe6e40fea50 secure :-1 s=READY pgs=41 cs=0 l=1 rev1=1 rx=0x7fe6d400b5f0 tx=0x7fe6d4006ee0).ready entity=mon.0 client_cookie=8f5e7a4049e0b6c0 server_cookie=0 in_seq=0 out_seq=0
2024-02-22T22:28:13.913 INFO:teuthology.orchestra.run.smithi084.stderr:/usr/bin/ceph:
2024-02-22T22:28:13.911+0000 7fe6e2ffd700 1 -- 172.21.15.84:0/2813239547 <== mon.0 v2:172.21.15.84:3300/0 1 ==== mon_map magic: 0 v1 ==== 229+0+0 (secure 0 0 0) 0x7fe6d400d600 con 0x7fe6e4070430
2024-02-22T22:28:13.913 INFO:teuthology.orchestra.run.smithi084.stderr:/usr/bin/ceph:
2024-02-22T22:28:13.911+0000 7fe6e2ffd700 1 -- 172.21.15.84:0/2813239547 <== mon.0 v2:172.21.15.84:3300/0 2 ==== config(26 keys) v1 ==== 1045+0+0 (secure 0 0 0) 0x7fe6d400dbf0 con 0x7fe6e4070430
2024-02-22T22:28:13.913 INFO:teuthology.orchestra.run.smithi084.stderr:/usr/bin/ceph:
2024-02-22T22:28:13.911+0000 7fe6e2ffd700 1 -- 172.21.15.84:0/2813239547 <== mon.0 v2:172.21.15.84:3300/0 3 ==== mon_map magic: 0 v1 ==== 229+0+0 (secure 0 0 0) 0x7fe6d4011cb0 con 0x7fe6e4070430
2024-02-22T22:28:13.916 INFO:teuthology.orchestra.run.smithi084.stderr:/usr/bin/ceph:
2024-02-22T22:28:13.912+0000 7fe6ea272700 1 -- 172.21.15.84:0/2813239547 >> [v2:172.21.15.84:3300/0,v1:172.21.15.84:6789/0] conn(0x7fe6e4070430 msgr2=0x7fe6e40fea50 secure :-1 s=STATE_CONNECTION_ESTABLISHED l=1).mark_down
2024-02-22T22:28:13.916 INFO:teuthology.orchestra.run.smithi084.stderr:/usr/bin/ceph:
2024-02-22T22:28:13.912+0000 7fe6ea272700 1 --2- 172.21.15.84:0/2813239547 >> [v2:172.21.15.84:3300/0,v1:172.21.15.84:6789/0] conn(0x7fe6e4070430 0x7fe6e40fea50 secure :-1 s=READY pgs=41 cs=0 l=1 rev1=1 rx=0x7fe6d400b5f0 tx=0x7fe6d4006ee0).stop
2024-02-22T22:28:13.916 INFO:teuthology.orchestra.run.smithi084.stderr:/usr/bin/ceph:
2024-02-22T22:28:13.912+0000 7fe6ea272700 1 -- 172.21.15.84:0/2813239547 shutdown_connections
2024-02-22T22:28:13.916 INFO:teuthology.orchestra.run.smithi084.stderr:/usr/bin/ceph:
2024-02-22T22:28:13.912+0000 7fe6ea272700 1 --2- 172.21.15.84:0/2813239547 >> [v2:172.21.15.84:3300/0,v1:172.21.15.84:6789/0] conn(0x7fe6e4070430 0x7fe6e40fea50 unknown :-1 s=CLOSED pgs=41 cs=0 l=1 rev1=1 rx=0 tx=0).stop
2024-02-22T22:28:13.916 INFO:teuthology.orchestra.run.smithi084.stderr:/usr/bin/ceph:
2024-02-22T22:28:13.912+0000 7fe6ea272700 1 -- 172.21.15.84:0/2813239547 >> 172.21.15.84:0/2813239547 conn(0x7fe6e40f6530 msgr2=0x7fe6e40f8950 unknown :-1 s=STATE_NONE l=0).mark_down
2024-02-22T22:28:13.916 INFO:teuthology.orchestra.run.smithi084.stderr:/usr/bin/ceph:
2024-02-22T22:28:13.912+0000 7fe6ea272700 1 -- 172.21.15.84:0/2813239547 shutdown_connections
2024-02-22T22:28:13.917 INFO:teuthology.orchestra.run.smithi084.stderr:/usr/bin/ceph:
2024-02-22T22:28:13.912+0000 7fe6ea272700 1 -- 172.21.15.84:0/2813239547 wait complete.
2024-02-22T22:28:13.917 INFO:teuthology.orchestra.run.smithi084.stderr:/usr/bin/ceph:
2024-02-22T22:28:13.912+0000 7fe6ea272700 1 Processor -- start
2024-02-22T22:28:13.917 INFO:teuthology.orchestra.run.smithi084.stderr:/usr/bin/ceph:
2024-02-22T22:28:13.913+0000 7fe6ea272700 1 -- start start
2024-02-22T22:28:13.917 INFO:teuthology.orchestra.run.smithi084.stderr:/usr/bin/ceph:
2024-02-22T22:28:13.913+0000 7fe6ea272700 1 --2- >> [v2:172.21.15.84:3300/0,v1:172.21.15.84:6789/0] conn(0x7fe6e4070430 0x7fe6e410ab10 unknown :-1 s=NONE pgs=0 cs=0 l=1 rev1=0 rx=0 tx=0).connect
2024-02-22T22:28:13.917 INFO:teuthology.orchestra.run.smithi084.stderr:/usr/bin/ceph:
2024-02-22T22:28:13.913+0000 7fe6ea272700 1 -- --> [v2:172.21.15.84:3300/0,v1:172.21.15.84:6789/0] -- mon_getmap magic: 0 v1 -- 0x7fe6e410b000 con 0x7fe6e4070430
2024-02-22T22:28:13.917 INFO:teuthology.orchestra.run.smithi084.stderr:/usr/bin/ceph:
2024-02-22T22:28:13.913+0000 7fe6e3fff700 1 --2- >> [v2:172.21.15.84:3300/0,v1:172.21.15.84:6789/0] conn(0x7fe6e4070430 0x7fe6e410ab10 unknown :-1 s=BANNER_CONNECTING pgs=0 cs=0 l=1 rev1=0 rx=0 tx=0)._handle_peer_banner_payload supported=1 required=0
2024-02-22T22:28:13.917 INFO:teuthology.orchestra.run.smithi084.stderr:/usr/bin/ceph:
2024-02-22T22:28:13.913+0000 7fe6e3fff700 1 --2- >> [v2:172.21.15.84:3300/0,v1:172.21.15.84:6789/0] conn(0x7fe6e4070430 0x7fe6e410ab10 unknown :-1 s=HELLO_CONNECTING pgs=0 cs=0 l=1 rev1=1 rx=0 tx=0).handle_hello peer v2:172.21.15.84:3300/0 says I am v2:172.21.15.84:32966/0 (socket says 172.21.15.84:32966)
2024-02-22T22:28:13.917 INFO:teuthology.orchestra.run.smithi084.stderr:/usr/bin/ceph:
2024-02-22T22:28:13.913+0000 7fe6e3fff700 1 -- 172.21.15.84:0/500490764 learned_addr learned my addr 172.21.15.84:0/500490764 (peer_addr_for_me v2:172.21.15.84:0/0)
2024-02-22T22:28:13.917 INFO:teuthology.orchestra.run.smithi084.stderr:/usr/bin/ceph:
2024-02-22T22:28:13.913+0000 7fe6e3fff700 1 -- 172.21.15.84:0/500490764 --> [v2:172.21.15.84:3300/0,v1:172.21.15.84:6789/0] -- mon_subscribe({config=0+,monmap=0+}) v3 -- 0x7fe6d400b200 con 0x7fe6e4070430
2024-02-22T22:28:13.917 INFO:teuthology.orchestra.run.smithi084.stderr:/usr/bin/ceph:
2024-02-22T22:28:13.913+0000 7fe6e3fff700 1 --2- 172.21.15.84:0/500490764 >> [v2:172.21.15.84:3300/0,v1:172.21.15.84:6789/0] conn(0x7fe6e4070430 0x7fe6e410ab10 secure :-1 s=READY pgs=42 cs=0 l=1 rev1=1 rx=0x7fe6d4006800 tx=0x7fe6d4006ee0).ready entity=mon.0 client_cookie=0 server_cookie=0 in_seq=0 out_seq=0
2024-02-22T22:28:13.917 INFO:teuthology.orchestra.run.smithi084.stderr:/usr/bin/ceph:
2024-02-22T22:28:13.913+0000 7fe6e0ff9700 1 -- 172.21.15.84:0/500490764 <== mon.0 v2:172.21.15.84:3300/0 1 ==== mon_map magic: 0 v1 ==== 229+0+0 (secure 0 0 0) 0x7fe6d401b570 con 0x7fe6e4070430
2024-02-22T22:28:13.917 INFO:teuthology.orchestra.run.smithi084.stderr:/usr/bin/ceph:
2024-02-22T22:28:13.913+0000 7fe6e0ff9700 1 -- 172.21.15.84:0/500490764 <== mon.0 v2:172.21.15.84:3300/0 2 ==== config(26 keys) v1 ==== 1045+0+0 (secure 0 0 0) 0x7fe6d401bb60 con 0x7fe6e4070430
2024-02-22T22:28:13.917 INFO:teuthology.orchestra.run.smithi084.stderr:/usr/bin/ceph:
2024-02-22T22:28:13.913+0000 7fe6ea272700 1 -- 172.21.15.84:0/500490764 --> [v2:172.21.15.84:3300/0,v1:172.21.15.84:6789/0] -- mon_subscribe({mgrmap=0+}) v3 -- 0x7fe6e410b200 con 0x7fe6e4070430
2024-02-22T22:28:13.917 INFO:teuthology.orchestra.run.smithi084.stderr:/usr/bin/ceph:
2024-02-22T22:28:13.913+0000 7fe6e0ff9700 1 -- 172.21.15.84:0/500490764 <== mon.0 v2:172.21.15.84:3300/0 3 ==== mon_map magic: 0 v1 ==== 229+0+0 (secure 0 0 0) 0x7fe6d401a9f0 con 0x7fe6e4070430
2024-02-22T22:28:13.917 INFO:teuthology.orchestra.run.smithi084.stderr:/usr/bin/ceph:
2024-02-22T22:28:13.913+0000 7fe6ea272700 1 -- 172.21.15.84:0/500490764 --> [v2:172.21.15.84:3300/0,v1:172.21.15.84:6789/0] -- mon_subscribe({osdmap=0}) v3 -- 0x7fe6e410b690 con 0x7fe6e4070430
2024-02-22T22:28:13.917 INFO:teuthology.orchestra.run.smithi084.stderr:/usr/bin/ceph:
2024-02-22T22:28:13.914+0000 7fe6e0ff9700 1 -- 172.21.15.84:0/500490764 <== mon.0 v2:172.21.15.84:3300/0 4 ==== mgrmap(e 8) v1 ==== 36120+0+0 (secure 0 0 0) 0x7fe6d400f070 con 0x7fe6e4070430
2024-02-22T22:28:13.918 INFO:teuthology.orchestra.run.smithi084.stderr:/usr/bin/ceph:
2024-02-22T22:28:13.914+0000 7fe6e0ff9700 1 --2- 172.21.15.84:0/500490764 >> [v2:172.21.15.84:6800/99410932,v1:172.21.15.84:6801/99410932] conn(0x7fe6d002fe10 0x7fe6d00322d0 unknown :-1 s=NONE pgs=0 cs=0 l=1 rev1=0 rx=0 tx=0).connect
2024-02-22T22:28:13.918 INFO:teuthology.orchestra.run.smithi084.stderr:/usr/bin/ceph:
2024-02-22T22:28:13.914+0000 7fe6e0ff9700 1 -- 172.21.15.84:0/500490764 <== mon.0 v2:172.21.15.84:3300/0 5 ==== osd_map(2..2 src has 1..2) v4 ==== 926+0+0 (secure 0 0 0) 0x7fe6d4041640 con 0x7fe6e4070430
2024-02-22T22:28:13.918 INFO:teuthology.orchestra.run.smithi084.stderr:/usr/bin/ceph:
2024-02-22T22:28:13.914+0000 7fe6ea272700 1 -- 172.21.15.84:0/500490764 --> [v2:172.21.15.84:3300/0,v1:172.21.15.84:6789/0] -- mon_command({"prefix": "get_command_descriptions"} v 0) v1 -- 0x7fe6e4045ad0 con 0x7fe6e4070430
2024-02-22T22:28:13.918 INFO:teuthology.orchestra.run.smithi084.stderr:/usr/bin/ceph:
2024-02-22T22:28:13.914+0000 7fe6e37fe700 1 --2- 172.21.15.84:0/500490764 >> [v2:172.21.15.84:6800/99410932,v1:172.21.15.84:6801/99410932] conn(0x7fe6d002fe10 0x7fe6d00322d0 unknown :-1 s=BANNER_CONNECTING pgs=0 cs=0 l=1 rev1=0 rx=0 tx=0)._handle_peer_banner_payload supported=1 required=0
2024-02-22T22:28:13.918 INFO:teuthology.orchestra.run.smithi084.stderr:/usr/bin/ceph:
2024-02-22T22:28:13.915+0000 7fe6e37fe700 1 --2- 172.21.15.84:0/500490764 >> [v2:172.21.15.84:6800/99410932,v1:172.21.15.84:6801/99410932] conn(0x7fe6d002fe10 0x7fe6d00322d0 secure :-1 s=READY pgs=12 cs=0 l=1 rev1=1 rx=0x7fe6d80096a0 tx=0x7fe6d8006b40).ready entity=mgr.14114 client_cookie=0 server_cookie=0 in_seq=0 out_seq=0
2024-02-22T22:28:13.919 INFO:teuthology.orchestra.run.smithi084.stderr:/usr/bin/ceph:
2024-02-22T22:28:13.919+0000 7fe6e0ff9700 1 -- 172.21.15.84:0/500490764 <== mon.0 v2:172.21.15.84:3300/0 6 ==== mon_command_ack([{"prefix": "get_command_descriptions"}]=0 v0) v1 ==== 72+0+152212 (secure 0 0 0) 0x7fe6d4016070 con 0x7fe6e4070430
2024-02-22T22:28:13.944 INFO:journalctl@ceph.mon.smithi084.smithi084.stdout:Feb 22 22:28:13 smithi084 ceph-7f500696-d1d1-11ee-95c0-87774f69a715-mon.smithi084[38124]: audit
2024-02-22T22:28:12.689758+0000 mgr.smithi084.jzoxtq (mgr.14114) 10 : audit [DBG] from='client.14134 -' entity='client.admin' cmd=[{"prefix": "orch apply", "service_type": "mon", "target": ["mon-mgr", ""]}]: dispatch
2024-02-22T22:28:13.944 INFO:journalctl@ceph.mon.smithi084.smithi084.stdout:Feb 22 22:28:13 smithi084 ceph-7f500696-d1d1-11ee-95c0-87774f69a715-mon.smithi084[38124]: cephadm
2024-02-22T22:28:12.690431+0000 mgr.smithi084.jzoxtq (mgr.14114) 11 : cephadm [INF] Saving service mon spec with placement count:5
2024-02-22T22:28:13.944 INFO:journalctl@ceph.mon.smithi084.smithi084.stdout:Feb 22 22:28:13 smithi084 ceph-7f500696-d1d1-11ee-95c0-87774f69a715-mon.smithi084[38124]: audit
2024-02-22T22:28:12.693419+0000 mon.smithi084 (mon.0) 56 : audit [INF] from='mgr.14114 172.21.15.84:0/3755026743' entity='mgr.smithi084.jzoxtq'
2024-02-22T22:28:14.095 INFO:teuthology.orchestra.run.smithi084.stderr:/usr/bin/ceph:
2024-02-22T22:28:14.093+0000 7fe6ea272700 1 -- 172.21.15.84:0/500490764 --> [v2:172.21.15.84:6800/99410932,v1:172.21.15.84:6801/99410932] -- mgr_command(tid 0: {"prefix": "orch apply", "service_type": "mgr", "target": ["mon-mgr", ""]}) v1 -- 0x7fe6e4104af0 con 0x7fe6d002fe10
2024-02-22T22:28:14.099 INFO:teuthology.orchestra.run.smithi084.stderr:/usr/bin/ceph:
2024-02-22T22:28:14.098+0000 7fe6e0ff9700 1 -- 172.21.15.84:0/500490764 <== mgr.14114 v2:172.21.15.84:6800/99410932 1 ==== mgr_command_reply(tid 0: 0 ) v1 ==== 8+0+24 (secure 0 0 0) 0x7fe6e4104af0 con 0x7fe6d002fe10
2024-02-22T22:28:14.099 INFO:teuthology.orchestra.run.smithi084.stderr:/usr/bin/ceph: Scheduled mgr update...
2024-02-22T22:28:14.102 INFO:teuthology.orchestra.run.smithi084.stderr:/usr/bin/ceph:
2024-02-22T22:28:14.100+0000 7fe6ea272700 1 -- 172.21.15.84:0/500490764 >> [v2:172.21.15.84:6800/99410932,v1:172.21.15.84:6801/99410932] conn(0x7fe6d002fe10 msgr2=0x7fe6d00322d0 secure :-1 s=STATE_CONNECTION_ESTABLISHED l=1).mark_down
2024-02-22T22:28:14.102 INFO:teuthology.orchestra.run.smithi084.stderr:/usr/bin/ceph:
2024-02-22T22:28:14.100+0000 7fe6ea272700 1 --2- 172.21.15.84:0/500490764 >> [v2:172.21.15.84:6800/99410932,v1:172.21.15.84:6801/99410932] conn(0x7fe6d002fe10 0x7fe6d00322d0 secure :-1 s=READY pgs=12 cs=0 l=1 rev1=1 rx=0x7fe6d80096a0 tx=0x7fe6d8006b40).stop
2024-02-22T22:28:14.102 INFO:teuthology.orchestra.run.smithi084.stderr:/usr/bin/ceph:
2024-02-22T22:28:14.100+0000 7fe6ea272700 1 -- 172.21.15.84:0/500490764 >> [v2:172.21.15.84:3300/0,v1:172.21.15.84:6789/0] conn(0x7fe6e4070430 msgr2=0x7fe6e410ab10 secure :-1 s=STATE_CONNECTION_ESTABLISHED l=1).mark_down
2024-02-22T22:28:14.102 INFO:teuthology.orchestra.run.smithi084.stderr:/usr/bin/ceph:
2024-02-22T22:28:14.100+0000 7fe6ea272700 1 --2- 172.21.15.84:0/500490764 >> [v2:172.21.15.84:3300/0,v1:172.21.15.84:6789/0] conn(0x7fe6e4070430 0x7fe6e410ab10 secure :-1 s=READY pgs=42 cs=0 l=1 rev1=1 rx=0x7fe6d4006800 tx=0x7fe6d4006ee0).stop
2024-02-22T22:28:14.102 INFO:teuthology.orchestra.run.smithi084.stderr:/usr/bin/ceph:
2024-02-22T22:28:14.100+0000 7fe6ea272700 1 -- 172.21.15.84:0/500490764 shutdown_connections
2024-02-22T22:28:14.102 INFO:teuthology.orchestra.run.smithi084.stderr:/usr/bin/ceph:
2024-02-22T22:28:14.100+0000 7fe6ea272700 1 --2- 172.21.15.84:0/500490764 >> [v2:172.21.15.84:6800/99410932,v1:172.21.15.84:6801/99410932] conn(0x7fe6d002fe10 0x7fe6d00322d0 unknown :-1 s=CLOSED pgs=12 cs=0 l=1 rev1=1 rx=0 tx=0).stop
2024-02-22T22:28:14.102 INFO:teuthology.orchestra.run.smithi084.stderr:/usr/bin/ceph:
2024-02-22T22:28:14.100+0000 7fe6ea272700 1 --2- 172.21.15.84:0/500490764 >> [v2:172.21.15.84:3300/0,v1:172.21.15.84:6789/0] conn(0x7fe6e4070430 0x7fe6e410ab10 unknown :-1 s=CLOSED pgs=42 cs=0 l=1 rev1=1 rx=0 tx=0).stop
2024-02-22T22:28:14.102 INFO:teuthology.orchestra.run.smithi084.stderr:/usr/bin/ceph:
2024-02-22T22:28:14.100+0000 7fe6ea272700 1 -- 172.21.15.84:0/500490764 >> 172.21.15.84:0/500490764 conn(0x7fe6e40f6530 msgr2=0x7fe6e40f7ee0 unknown :-1 s=STATE_NONE l=0).mark_down
2024-02-22T22:28:14.102 INFO:teuthology.orchestra.run.smithi084.stderr:/usr/bin/ceph:
2024-02-22T22:28:14.100+0000 7fe6ea272700 1 -- 172.21.15.84:0/500490764 shutdown_connections
2024-02-22T22:28:14.102 INFO:teuthology.orchestra.run.smithi084.stderr:/usr/bin/ceph:
2024-02-22T22:28:14.100+0000 7fe6ea272700 1 -- 172.21.15.84:0/500490764 wait complete.
2024-02-22T22:28:14.749 INFO:teuthology.orchestra.run.smithi084.stderr:Deploying crash service with default placement...
2024-02-22T22:28:14.749 INFO:teuthology.orchestra.run.smithi084.stderr:Running command: /bin/podman run --rm --ipc=host --no-hosts --net=host --entrypoint /usr/bin/ceph --init -e CONTAINER_IMAGE=docker.io/ceph/ceph:v16.2.4 -e NODE_NAME=smithi084 -e CEPH_USE_RANDOM_NONCE=1 -v /var/log/ceph/7f500696-d1d1-11ee-95c0-87774f69a715:/var/log/ceph:z -v /tmp/ceph-tmpl6n7bzec:/etc/ceph/ceph.client.admin.keyring:z -v /tmp/ceph-tmp504t8dx6:/etc/ceph/ceph.conf:z docker.io/ceph/ceph:v16.2.4 orch apply crash
2024-02-22T22:28:15.343 INFO:teuthology.orchestra.run.smithi084.stderr:/usr/bin/ceph:
2024-02-22T22:28:15.338+0000 7f248ffb7700 1 Processor -- start
2024-02-22T22:28:15.343 INFO:teuthology.orchestra.run.smithi084.stderr:/usr/bin/ceph:
2024-02-22T22:28:15.338+0000 7f248ffb7700 1 -- start start
2024-02-22T22:28:15.343 INFO:teuthology.orchestra.run.smithi084.stderr:/usr/bin/ceph:
2024-02-22T22:28:15.338+0000 7f248ffb7700 1 --2- >> [v2:172.21.15.84:3300/0,v1:172.21.15.84:6789/0] conn(0x7f24880704a0 0x7f24880feb00 unknown :-1 s=NONE pgs=0 cs=0 l=0 rev1=0 rx=0 tx=0).connect
2024-02-22T22:28:15.343 INFO:teuthology.orchestra.run.smithi084.stderr:/usr/bin/ceph:
2024-02-22T22:28:15.338+0000 7f248ffb7700 1 -- --> [v2:172.21.15.84:3300/0,v1:172.21.15.84:6789/0] -- mon_getmap magic: 0 v1 -- 0x7f24880feff0 con 0x7f24880704a0
2024-02-22T22:28:15.343 INFO:teuthology.orchestra.run.smithi084.stderr:/usr/bin/ceph:
2024-02-22T22:28:15.338+0000 7f248dd53700 1 --2- >> [v2:172.21.15.84:3300/0,v1:172.21.15.84:6789/0] conn(0x7f24880704a0 0x7f24880feb00 unknown :-1 s=BANNER_CONNECTING pgs=0 cs=0 l=0 rev1=0 rx=0 tx=0)._handle_peer_banner_payload supported=1 required=0
2024-02-22T22:28:15.344 INFO:teuthology.orchestra.run.smithi084.stderr:/usr/bin/ceph:
2024-02-22T22:28:15.339+0000 7f248dd53700 1 --2- >> [v2:172.21.15.84:3300/0,v1:172.21.15.84:6789/0] conn(0x7f24880704a0 0x7f24880feb00 unknown :-1 s=HELLO_CONNECTING pgs=0 cs=0 l=0 rev1=1 rx=0 tx=0).handle_hello peer v2:172.21.15.84:3300/0 says I am v2:172.21.15.84:33932/0 (socket says 172.21.15.84:33932)
2024-02-22T22:28:15.344 INFO:teuthology.orchestra.run.smithi084.stderr:/usr/bin/ceph:
2024-02-22T22:28:15.339+0000 7f248dd53700 1 -- 172.21.15.84:0/2289323251 learned_addr learned my addr 172.21.15.84:0/2289323251 (peer_addr_for_me v2:172.21.15.84:0/0)
2024-02-22T22:28:15.344 INFO:teuthology.orchestra.run.smithi084.stderr:/usr/bin/ceph:
2024-02-22T22:28:15.339+0000 7f248dd53700 1 -- 172.21.15.84:0/2289323251 --> [v2:172.21.15.84:3300/0,v1:172.21.15.84:6789/0] -- mon_subscribe({config=0+,monmap=0+}) v3 -- 0x7f24880ff130 con 0x7f24880704a0
2024-02-22T22:28:15.344 INFO:teuthology.orchestra.run.smithi084.stderr:/usr/bin/ceph:
2024-02-22T22:28:15.339+0000 7f248dd53700 1 --2- 172.21.15.84:0/2289323251 >> [v2:172.21.15.84:3300/0,v1:172.21.15.84:6789/0] conn(0x7f24880704a0 0x7f24880feb00 secure :-1 s=READY pgs=43 cs=0 l=1 rev1=1 rx=0x7f247800b5f0 tx=0x7f2478006ee0).ready entity=mon.0 client_cookie=28e59f73d2f8df22 server_cookie=0 in_seq=0 out_seq=0
2024-02-22T22:28:15.344 INFO:teuthology.orchestra.run.smithi084.stderr:/usr/bin/ceph:
2024-02-22T22:28:15.339+0000 7f248cd51700 1 -- 172.21.15.84:0/2289323251 <== mon.0 v2:172.21.15.84:3300/0 1 ==== mon_map magic: 0 v1 ==== 229+0+0 (secure 0 0 0) 0x7f247800d600 con 0x7f24880704a0
2024-02-22T22:28:15.344 INFO:teuthology.orchestra.run.smithi084.stderr:/usr/bin/ceph:
2024-02-22T22:28:15.339+0000 7f248cd51700 1 -- 172.21.15.84:0/2289323251 <== mon.0 v2:172.21.15.84:3300/0 2 ==== config(26 keys) v1 ==== 1045+0+0 (secure 0 0 0) 0x7f247800dbf0 con 0x7f24880704a0
2024-02-22T22:28:15.344 INFO:teuthology.orchestra.run.smithi084.stderr:/usr/bin/ceph:
2024-02-22T22:28:15.339+0000 7f248cd51700 1 -- 172.21.15.84:0/2289323251 <== mon.0 v2:172.21.15.84:3300/0 3 ==== mon_map magic: 0 v1 ==== 229+0+0 (secure 0 0 0) 0x7f2478011cb0 con 0x7f24880704a0
2024-02-22T22:28:15.344 INFO:teuthology.orchestra.run.smithi084.stderr:/usr/bin/ceph:
2024-02-22T22:28:15.340+0000 7f248ffb7700 1 -- 172.21.15.84:0/2289323251 >> [v2:172.21.15.84:3300/0,v1:172.21.15.84:6789/0] conn(0x7f24880704a0 msgr2=0x7f24880feb00 secure :-1 s=STATE_CONNECTION_ESTABLISHED l=1).mark_down
2024-02-22T22:28:15.344 INFO:teuthology.orchestra.run.smithi084.stderr:/usr/bin/ceph:
2024-02-22T22:28:15.340+0000 7f248ffb7700 1 --2- 172.21.15.84:0/2289323251 >> [v2:172.21.15.84:3300/0,v1:172.21.15.84:6789/0] conn(0x7f24880704a0 0x7f24880feb00 secure :-1 s=READY pgs=43 cs=0 l=1 rev1=1 rx=0x7f247800b5f0 tx=0x7f2478006ee0).stop
2024-02-22T22:28:15.344 INFO:teuthology.orchestra.run.smithi084.stderr:/usr/bin/ceph:
2024-02-22T22:28:15.340+0000 7f248ffb7700 1 -- 172.21.15.84:0/2289323251 shutdown_connections
2024-02-22T22:28:15.344 INFO:teuthology.orchestra.run.smithi084.stderr:/usr/bin/ceph:
2024-02-22T22:28:15.340+0000 7f248ffb7700 1 --2- 172.21.15.84:0/2289323251 >> [v2:172.21.15.84:3300/0,v1:172.21.15.84:6789/0] conn(0x7f24880704a0 0x7f24880feb00 unknown :-1 s=CLOSED pgs=43 cs=0 l=1 rev1=1 rx=0 tx=0).stop
2024-02-22T22:28:15.344 INFO:teuthology.orchestra.run.smithi084.stderr:/usr/bin/ceph:
2024-02-22T22:28:15.340+0000 7f248ffb7700 1 -- 172.21.15.84:0/2289323251 >> 172.21.15.84:0/2289323251 conn(0x7f24880f65c0 msgr2=0x7f24880f89e0 unknown :-1 s=STATE_NONE l=0).mark_down
2024-02-22T22:28:15.345 INFO:teuthology.orchestra.run.smithi084.stderr:/usr/bin/ceph:
2024-02-22T22:28:15.340+0000 7f248ffb7700 1 -- 172.21.15.84:0/2289323251 shutdown_connections
2024-02-22T22:28:15.346 INFO:teuthology.orchestra.run.smithi084.stderr:/usr/bin/ceph:
2024-02-22T22:28:15.340+0000 7f248ffb7700 1 -- 172.21.15.84:0/2289323251 wait complete.
2024-02-22T22:28:15.346 INFO:teuthology.orchestra.run.smithi084.stderr:/usr/bin/ceph:
2024-02-22T22:28:15.340+0000 7f248ffb7700 1 Processor -- start
2024-02-22T22:28:15.346 INFO:teuthology.orchestra.run.smithi084.stderr:/usr/bin/ceph:
2024-02-22T22:28:15.340+0000 7f248ffb7700 1 -- start start
2024-02-22T22:28:15.346 INFO:teuthology.orchestra.run.smithi084.stderr:/usr/bin/ceph:
2024-02-22T22:28:15.341+0000 7f248ffb7700 1 --2- >> [v2:172.21.15.84:3300/0,v1:172.21.15.84:6789/0] conn(0x7f24880704a0 0x7f248810cdc0 unknown :-1 s=NONE pgs=0 cs=0 l=1 rev1=0 rx=0 tx=0).connect
2024-02-22T22:28:15.347 INFO:teuthology.orchestra.run.smithi084.stderr:/usr/bin/ceph:
2024-02-22T22:28:15.341+0000 7f248ffb7700 1 -- --> [v2:172.21.15.84:3300/0,v1:172.21.15.84:6789/0] -- mon_getmap magic: 0 v1 -- 0x7f248810d2b0 con 0x7f24880704a0
2024-02-22T22:28:15.347 INFO:teuthology.orchestra.run.smithi084.stderr:/usr/bin/ceph:
2024-02-22T22:28:15.341+0000 7f248dd53700 1 --2- >> [v2:172.21.15.84:3300/0,v1:172.21.15.84:6789/0] conn(0x7f24880704a0 0x7f248810cdc0 unknown :-1 s=BANNER_CONNECTING pgs=0 cs=0 l=1 rev1=0 rx=0 tx=0)._handle_peer_banner_payload supported=1 required=0
2024-02-22T22:28:15.347 INFO:teuthology.orchestra.run.smithi084.stderr:/usr/bin/ceph:
2024-02-22T22:28:15.341+0000 7f248dd53700 1 --2- >> [v2:172.21.15.84:3300/0,v1:172.21.15.84:6789/0] conn(0x7f24880704a0 0x7f248810cdc0 unknown :-1 s=HELLO_CONNECTING pgs=0 cs=0 l=1 rev1=1 rx=0 tx=0).handle_hello peer v2:172.21.15.84:3300/0 says I am v2:172.21.15.84:33946/0 (socket says 172.21.15.84:33946)
2024-02-22T22:28:15.347 INFO:teuthology.orchestra.run.smithi084.stderr:/usr/bin/ceph:
2024-02-22T22:28:15.341+0000 7f248dd53700 1 -- 172.21.15.84:0/363408530 learned_addr learned my addr 172.21.15.84:0/363408530 (peer_addr_for_me v2:172.21.15.84:0/0)
2024-02-22T22:28:15.347 INFO:teuthology.orchestra.run.smithi084.stderr:/usr/bin/ceph:
2024-02-22T22:28:15.341+0000 7f248dd53700 1 -- 172.21.15.84:0/363408530 --> [v2:172.21.15.84:3300/0,v1:172.21.15.84:6789/0] -- mon_subscribe({config=0+,monmap=0+}) v3 -- 0x7f247800b200 con 0x7f24880704a0
2024-02-22T22:28:15.347 INFO:teuthology.orchestra.run.smithi084.stderr:/usr/bin/ceph:
2024-02-22T22:28:15.341+0000 7f248dd53700 1 --2- 172.21.15.84:0/363408530 >> [v2:172.21.15.84:3300/0,v1:172.21.15.84:6789/0] conn(0x7f24880704a0 0x7f248810cdc0 secure :-1 s=READY pgs=44 cs=0 l=1 rev1=1 rx=0x7f2478006800 tx=0x7f2478006ee0).ready entity=mon.0 client_cookie=0 server_cookie=0 in_seq=0 out_seq=0
2024-02-22T22:28:15.347 INFO:teuthology.orchestra.run.smithi084.stderr:/usr/bin/ceph:
2024-02-22T22:28:15.341+0000 7f24767fc700 1 -- 172.21.15.84:0/363408530 <== mon.0 v2:172.21.15.84:3300/0 1 ==== mon_map magic: 0 v1 ==== 229+0+0 (secure 0 0 0) 0x7f247801b570 con 0x7f24880704a0
2024-02-22T22:28:15.347 INFO:teuthology.orchestra.run.smithi084.stderr:/usr/bin/ceph:
2024-02-22T22:28:15.341+0000 7f24767fc700 1 -- 172.21.15.84:0/363408530 <== mon.0 v2:172.21.15.84:3300/0 2 ==== config(26 keys) v1 ==== 1045+0+0 (secure 0 0 0) 0x7f247801bb60 con 0x7f24880704a0
2024-02-22T22:28:15.347 INFO:teuthology.orchestra.run.smithi084.stderr:/usr/bin/ceph:
2024-02-22T22:28:15.341+0000 7f248ffb7700 1 -- 172.21.15.84:0/363408530 --> [v2:172.21.15.84:3300/0,v1:172.21.15.84:6789/0] -- mon_subscribe({mgrmap=0+}) v3 -- 0x7f248810d4b0 con 0x7f24880704a0
2024-02-22T22:28:15.347 INFO:teuthology.orchestra.run.smithi084.stderr:/usr/bin/ceph:
2024-02-22T22:28:15.341+0000 7f24767fc700 1 -- 172.21.15.84:0/363408530 <== mon.0 v2:172.21.15.84:3300/0 3 ==== mon_map magic: 0 v1 ==== 229+0+0 (secure 0 0 0) 0x7f247801a9f0 con 0x7f24880704a0
2024-02-22T22:28:15.347 INFO:teuthology.orchestra.run.smithi084.stderr:/usr/bin/ceph:
2024-02-22T22:28:15.341+0000 7f248ffb7700 1 -- 172.21.15.84:0/363408530 --> [v2:172.21.15.84:3300/0,v1:172.21.15.84:6789/0] -- mon_subscribe({osdmap=0}) v3 -- 0x7f248810e0f0 con 0x7f24880704a0
2024-02-22T22:28:15.347 INFO:teuthology.orchestra.run.smithi084.stderr:/usr/bin/ceph:
2024-02-22T22:28:15.342+0000 7f24767fc700 1 -- 172.21.15.84:0/363408530 <== mon.0 v2:172.21.15.84:3300/0 4 ==== mgrmap(e 8) v1 ==== 36120+0+0 (secure 0 0 0) 0x7f247800f070 con 0x7f24880704a0
2024-02-22T22:28:15.347 INFO:teuthology.orchestra.run.smithi084.stderr:/usr/bin/ceph:
2024-02-22T22:28:15.342+0000 7f24767fc700 1 --2- 172.21.15.84:0/363408530 >> [v2:172.21.15.84:6800/99410932,v1:172.21.15.84:6801/99410932] conn(0x7f247002fe10 0x7f24700322d0 unknown :-1 s=NONE pgs=0 cs=0 l=1 rev1=0 rx=0 tx=0).connect
2024-02-22T22:28:15.348 INFO:teuthology.orchestra.run.smithi084.stderr:/usr/bin/ceph:
2024-02-22T22:28:15.342+0000 7f24767fc700 1 -- 172.21.15.84:0/363408530 <== mon.0 v2:172.21.15.84:3300/0 5 ==== osd_map(2..2 src has 1..2) v4 ==== 926+0+0 (secure 0 0 0) 0x7f2478041430 con 0x7f24880704a0
2024-02-22T22:28:15.348 INFO:teuthology.orchestra.run.smithi084.stderr:/usr/bin/ceph:
2024-02-22T22:28:15.342+0000 7f248ffb7700 1 -- 172.21.15.84:0/363408530 --> [v2:172.21.15.84:3300/0,v1:172.21.15.84:6789/0] -- mon_command({"prefix": "get_command_descriptions"} v 0) v1 -- 0x7f248810d940 con 0x7f24880704a0
2024-02-22T22:28:15.348 INFO:teuthology.orchestra.run.smithi084.stderr:/usr/bin/ceph:
2024-02-22T22:28:15.342+0000 7f248d552700 1 --2- 172.21.15.84:0/363408530 >> [v2:172.21.15.84:6800/99410932,v1:172.21.15.84:6801/99410932] conn(0x7f247002fe10 0x7f24700322d0 unknown :-1 s=BANNER_CONNECTING pgs=0 cs=0 l=1 rev1=0 rx=0 tx=0)._handle_peer_banner_payload supported=1 required=0
2024-02-22T22:28:15.348 INFO:teuthology.orchestra.run.smithi084.stderr:/usr/bin/ceph:
2024-02-22T22:28:15.343+0000 7f248d552700 1 --2- 172.21.15.84:0/363408530 >> [v2:172.21.15.84:6800/99410932,v1:172.21.15.84:6801/99410932] conn(0x7f247002fe10 0x7f24700322d0 secure :-1 s=READY pgs=13 cs=0 l=1 rev1=1 rx=0x7f24840096a0 tx=0x7f2484006b40).ready entity=mgr.14114 client_cookie=0 server_cookie=0 in_seq=0 out_seq=0
2024-02-22T22:28:15.349 INFO:teuthology.orchestra.run.smithi084.stderr:/usr/bin/ceph:
2024-02-22T22:28:15.346+0000 7f24767fc700 1 -- 172.21.15.84:0/363408530 <== mon.0 v2:172.21.15.84:3300/0 6 ==== mon_command_ack([{"prefix": "get_command_descriptions"}]=0 v0) v1 ==== 72+0+152212 (secure 0 0 0) 0x7f2478016070 con 0x7f24880704a0
2024-02-22T22:28:15.444 INFO:journalctl@ceph.mon.smithi084.smithi084.stdout:Feb 22 22:28:15 smithi084 ceph-7f500696-d1d1-11ee-95c0-87774f69a715-mon.smithi084[38124]: audit
2024-02-22T22:28:14.095183+0000 mgr.smithi084.jzoxtq (mgr.14114) 12 : audit [DBG] from='client.14136 -' entity='client.admin' cmd=[{"prefix": "orch apply", "service_type": "mgr", "target": ["mon-mgr", ""]}]: dispatch
2024-02-22T22:28:15.444 INFO:journalctl@ceph.mon.smithi084.smithi084.stdout:Feb 22 22:28:15 smithi084 ceph-7f500696-d1d1-11ee-95c0-87774f69a715-mon.smithi084[38124]: cephadm
2024-02-22T22:28:14.095730+0000 mgr.smithi084.jzoxtq (mgr.14114) 13 : cephadm [INF] Saving service mgr spec with placement count:2
2024-02-22T22:28:15.444 INFO:journalctl@ceph.mon.smithi084.smithi084.stdout:Feb 22 22:28:15 smithi084 ceph-7f500696-d1d1-11ee-95c0-87774f69a715-mon.smithi084[38124]: audit
2024-02-22T22:28:14.098772+0000 mon.smithi084 (mon.0) 57 : audit [INF] from='mgr.14114 172.21.15.84:0/3755026743' entity='mgr.smithi084.jzoxtq'
2024-02-22T22:28:15.521 INFO:teuthology.orchestra.run.smithi084.stderr:/usr/bin/ceph:
2024-02-22T22:28:15.520+0000 7f248ffb7700 1 -- 172.21.15.84:0/363408530 --> [v2:172.21.15.84:6800/99410932,v1:172.21.15.84:6801/99410932] -- mgr_command(tid 0: {"prefix": "orch apply", "service_type": "crash", "target": ["mon-mgr", ""]}) v1 -- 0x7f24880fffb0 con 0x7f247002fe10
2024-02-22T22:28:15.525 INFO:teuthology.orchestra.run.smithi084.stderr:/usr/bin/ceph:
2024-02-22T22:28:15.523+0000 7f24767fc700 1 -- 172.21.15.84:0/363408530 <== mgr.14114 v2:172.21.15.84:6800/99410932 1 ==== mgr_command_reply(tid 0: 0 ) v1 ==== 8+0+26 (secure 0 0 0) 0x7f24840092a0 con 0x7f247002fe10
2024-02-22T22:28:15.525 INFO:teuthology.orchestra.run.smithi084.stderr:/usr/bin/ceph: Scheduled crash update...
2024-02-22T22:28:15.527 INFO:teuthology.orchestra.run.smithi084.stderr:/usr/bin/ceph:
2024-02-22T22:28:15.525+0000 7f248ffb7700 1 -- 172.21.15.84:0/363408530 >> [v2:172.21.15.84:6800/99410932,v1:172.21.15.84:6801/99410932] conn(0x7f247002fe10 msgr2=0x7f24700322d0 secure :-1 s=STATE_CONNECTION_ESTABLISHED l=1).mark_down
2024-02-22T22:28:15.527 INFO:teuthology.orchestra.run.smithi084.stderr:/usr/bin/ceph:
2024-02-22T22:28:15.525+0000 7f248ffb7700 1 --2- 172.21.15.84:0/363408530 >> [v2:172.21.15.84:6800/99410932,v1:172.21.15.84:6801/99410932] conn(0x7f247002fe10 0x7f24700322d0 secure :-1 s=READY pgs=13 cs=0 l=1 rev1=1 rx=0x7f24840096a0 tx=0x7f2484006b40).stop
2024-02-22T22:28:15.527 INFO:teuthology.orchestra.run.smithi084.stderr:/usr/bin/ceph:
2024-02-22T22:28:15.525+0000 7f248ffb7700 1 -- 172.21.15.84:0/363408530 >> [v2:172.21.15.84:3300/0,v1:172.21.15.84:6789/0] conn(0x7f24880704a0 msgr2=0x7f248810cdc0 secure :-1 s=STATE_CONNECTION_ESTABLISHED l=1).mark_down
2024-02-22T22:28:15.527 INFO:teuthology.orchestra.run.smithi084.stderr:/usr/bin/ceph:
2024-02-22T22:28:15.525+0000 7f248ffb7700 1 --2- 172.21.15.84:0/363408530 >> [v2:172.21.15.84:3300/0,v1:172.21.15.84:6789/0] conn(0x7f24880704a0 0x7f248810cdc0 secure :-1 s=READY pgs=44 cs=0 l=1 rev1=1 rx=0x7f2478006800 tx=0x7f2478006ee0).stop
2024-02-22T22:28:15.527 INFO:teuthology.orchestra.run.smithi084.stderr:/usr/bin/ceph:
2024-02-22T22:28:15.525+0000 7f248ffb7700 1 -- 172.21.15.84:0/363408530 shutdown_connections
2024-02-22T22:28:15.527 INFO:teuthology.orchestra.run.smithi084.stderr:/usr/bin/ceph:
2024-02-22T22:28:15.525+0000 7f248ffb7700 1 --2- 172.21.15.84:0/363408530 >> [v2:172.21.15.84:6800/99410932,v1:172.21.15.84:6801/99410932] conn(0x7f247002fe10 0x7f24700322d0 unknown :-1 s=CLOSED pgs=13 cs=0 l=1 rev1=1 rx=0 tx=0).stop
2024-02-22T22:28:15.527 INFO:teuthology.orchestra.run.smithi084.stderr:/usr/bin/ceph:
2024-02-22T22:28:15.525+0000 7f248ffb7700 1 --2- 172.21.15.84:0/363408530 >> [v2:172.21.15.84:3300/0,v1:172.21.15.84:6789/0] conn(0x7f24880704a0 0x7f248810cdc0 unknown :-1 s=CLOSED pgs=44 cs=0 l=1 rev1=1 rx=0 tx=0).stop
2024-02-22T22:28:15.527 INFO:teuthology.orchestra.run.smithi084.stderr:/usr/bin/ceph:
2024-02-22T22:28:15.525+0000 7f248ffb7700 1 -- 172.21.15.84:0/363408530 >> 172.21.15.84:0/363408530 conn(0x7f24880f65c0 msgr2=0x7f24880f7f40 unknown :-1 s=STATE_NONE l=0).mark_down
2024-02-22T22:28:15.527 INFO:teuthology.orchestra.run.smithi084.stderr:/usr/bin/ceph:
2024-02-22T22:28:15.525+0000 7f248ffb7700 1 -- 172.21.15.84:0/363408530 shutdown_connections
2024-02-22T22:28:15.528 INFO:teuthology.orchestra.run.smithi084.stderr:/usr/bin/ceph:
2024-02-22T22:28:15.525+0000 7f248ffb7700 1 -- 172.21.15.84:0/363408530 wait complete.
2024-02-22T22:28:16.180 INFO:teuthology.orchestra.run.smithi084.stderr:Enabling mgr prometheus module...
2024-02-22T22:28:16.181 INFO:teuthology.orchestra.run.smithi084.stderr:Running command: /bin/podman run --rm --ipc=host --no-hosts --net=host --entrypoint /usr/bin/ceph --init -e CONTAINER_IMAGE=docker.io/ceph/ceph:v16.2.4 -e NODE_NAME=smithi084 -e CEPH_USE_RANDOM_NONCE=1 -v /var/log/ceph/7f500696-d1d1-11ee-95c0-87774f69a715:/var/log/ceph:z -v /tmp/ceph-tmpl6n7bzec:/etc/ceph/ceph.client.admin.keyring:z -v /tmp/ceph-tmp504t8dx6:/etc/ceph/ceph.conf:z docker.io/ceph/ceph:v16.2.4 mgr module enable prometheus
2024-02-22T22:28:16.694 INFO:journalctl@ceph.mon.smithi084.smithi084.stdout:Feb 22 22:28:16 smithi084 ceph-7f500696-d1d1-11ee-95c0-87774f69a715-mon.smithi084[38124]: audit
2024-02-22T22:28:15.521143+0000 mgr.smithi084.jzoxtq (mgr.14114) 14 : audit [DBG] from='client.14138 -' entity='client.admin' cmd=[{"prefix": "orch apply", "service_type": "crash", "target": ["mon-mgr", ""]}]: dispatch
2024-02-22T22:28:16.695 INFO:journalctl@ceph.mon.smithi084.smithi084.stdout:Feb 22 22:28:16 smithi084 ceph-7f500696-d1d1-11ee-95c0-87774f69a715-mon.smithi084[38124]: cephadm
2024-02-22T22:28:15.521795+0000 mgr.smithi084.jzoxtq (mgr.14114) 15 : cephadm [INF] Saving service crash spec with placement *
2024-02-22T22:28:16.695 INFO:journalctl@ceph.mon.smithi084.smithi084.stdout:Feb 22 22:28:16 smithi084 ceph-7f500696-d1d1-11ee-95c0-87774f69a715-mon.smithi084[38124]: audit
2024-02-22T22:28:15.524012+0000 mon.smithi084 (mon.0) 58 : audit [INF] from='mgr.14114 172.21.15.84:0/3755026743' entity='mgr.smithi084.jzoxtq'
2024-02-22T22:28:16.736 INFO:teuthology.orchestra.run.smithi084.stderr:/usr/bin/ceph:
2024-02-22T22:28:16.730+0000 7f90b27d2700 1 Processor -- start
2024-02-22T22:28:16.736 INFO:teuthology.orchestra.run.smithi084.stderr:/usr/bin/ceph:
2024-02-22T22:28:16.730+0000 7f90b27d2700 1 -- start start
2024-02-22T22:28:16.736 INFO:teuthology.orchestra.run.smithi084.stderr:/usr/bin/ceph:
2024-02-22T22:28:16.730+0000 7f90b27d2700 1 --2- >> [v2:172.21.15.84:3300/0,v1:172.21.15.84:6789/0] conn(0x7f90ac0fad90 0x7f90ac0fb1b0 unknown :-1 s=NONE pgs=0 cs=0 l=0 rev1=0 rx=0 tx=0).connect
2024-02-22T22:28:16.736 INFO:teuthology.orchestra.run.smithi084.stderr:/usr/bin/ceph:
2024-02-22T22:28:16.730+0000 7f90b27d2700 1 -- --> [v2:172.21.15.84:3300/0,v1:172.21.15.84:6789/0] -- mon_getmap magic: 0 v1 -- 0x7f90ac0fb6a0 con 0x7f90ac0fad90
2024-02-22T22:28:16.736 INFO:teuthology.orchestra.run.smithi084.stderr:/usr/bin/ceph:
2024-02-22T22:28:16.730+0000 7f90abfff700 1 --2- >> [v2:172.21.15.84:3300/0,v1:172.21.15.84:6789/0] conn(0x7f90ac0fad90 0x7f90ac0fb1b0 unknown :-1 s=BANNER_CONNECTING pgs=0 cs=0 l=0 rev1=0 rx=0 tx=0)._handle_peer_banner_payload supported=1 required=0
2024-02-22T22:28:16.736 INFO:teuthology.orchestra.run.smithi084.stderr:/usr/bin/ceph:
2024-02-22T22:28:16.731+0000 7f90abfff700 1 --2- >> [v2:172.21.15.84:3300/0,v1:172.21.15.84:6789/0] conn(0x7f90ac0fad90 0x7f90ac0fb1b0 unknown :-1 s=HELLO_CONNECTING pgs=0 cs=0 l=0 rev1=1 rx=0 tx=0).handle_hello peer v2:172.21.15.84:3300/0 says I am v2:172.21.15.84:33960/0 (socket says 172.21.15.84:33960)
2024-02-22T22:28:16.736 INFO:teuthology.orchestra.run.smithi084.stderr:/usr/bin/ceph:
2024-02-22T22:28:16.731+0000 7f90abfff700 1 -- 172.21.15.84:0/600448529 learned_addr learned my addr 172.21.15.84:0/600448529 (peer_addr_for_me v2:172.21.15.84:0/0)
2024-02-22T22:28:16.736 INFO:teuthology.orchestra.run.smithi084.stderr:/usr/bin/ceph:
2024-02-22T22:28:16.731+0000 7f90abfff700 1 -- 172.21.15.84:0/600448529 --> [v2:172.21.15.84:3300/0,v1:172.21.15.84:6789/0] -- mon_subscribe({config=0+,monmap=0+}) v3 -- 0x7f90ac0fb7e0 con 0x7f90ac0fad90
2024-02-22T22:28:16.736 INFO:teuthology.orchestra.run.smithi084.stderr:/usr/bin/ceph:
2024-02-22T22:28:16.731+0000 7f90abfff700 1 --2- 172.21.15.84:0/600448529 >> [v2:172.21.15.84:3300/0,v1:172.21.15.84:6789/0] conn(0x7f90ac0fad90 0x7f90ac0fb1b0 secure :-1 s=READY pgs=45 cs=0 l=1 rev1=1 rx=0x7f909c00b5f0 tx=0x7f909c006ee0).ready entity=mon.0 client_cookie=1cf5ae3b172d2f0f server_cookie=0 in_seq=0 out_seq=0
2024-02-22T22:28:16.736 INFO:teuthology.orchestra.run.smithi084.stderr:/usr/bin/ceph:
2024-02-22T22:28:16.731+0000 7f90aaffd700 1 -- 172.21.15.84:0/600448529 <== mon.0 v2:172.21.15.84:3300/0 1 ==== mon_map magic: 0 v1 ==== 229+0+0 (secure 0 0 0) 0x7f909c00d600 con 0x7f90ac0fad90
2024-02-22T22:28:16.737 INFO:teuthology.orchestra.run.smithi084.stderr:/usr/bin/ceph:
2024-02-22T22:28:16.731+0000 7f90aaffd700 1 -- 172.21.15.84:0/600448529 <== mon.0 v2:172.21.15.84:3300/0 2 ==== config(26 keys) v1 ==== 1045+0+0 (secure 0 0 0) 0x7f909c00dbf0 con 0x7f90ac0fad90
2024-02-22T22:28:16.737 INFO:teuthology.orchestra.run.smithi084.stderr:/usr/bin/ceph:
2024-02-22T22:28:16.731+0000 7f90aaffd700 1 -- 172.21.15.84:0/600448529 <== mon.0 v2:172.21.15.84:3300/0 3 ==== mon_map magic: 0 v1 ==== 229+0+0 (secure 0 0 0) 0x7f909c011cb0 con 0x7f90ac0fad90
2024-02-22T22:28:16.737 INFO:teuthology.orchestra.run.smithi084.stderr:/usr/bin/ceph:
2024-02-22T22:28:16.731+0000 7f90b27d2700 1 -- 172.21.15.84:0/600448529 >> [v2:172.21.15.84:3300/0,v1:172.21.15.84:6789/0] conn(0x7f90ac0fad90 msgr2=0x7f90ac0fb1b0 secure :-1 s=STATE_CONNECTION_ESTABLISHED l=1).mark_down
2024-02-22T22:28:16.737 INFO:teuthology.orchestra.run.smithi084.stderr:/usr/bin/ceph:
2024-02-22T22:28:16.732+0000 7f90b27d2700 1 --2- 172.21.15.84:0/600448529 >> [v2:172.21.15.84:3300/0,v1:172.21.15.84:6789/0] conn(0x7f90ac0fad90 0x7f90ac0fb1b0 secure :-1 s=READY pgs=45 cs=0 l=1 rev1=1 rx=0x7f909c00b5f0 tx=0x7f909c006ee0).stop
2024-02-22T22:28:16.737 INFO:teuthology.orchestra.run.smithi084.stderr:/usr/bin/ceph:
2024-02-22T22:28:16.732+0000 7f90b27d2700 1 -- 172.21.15.84:0/600448529 shutdown_connections
2024-02-22T22:28:16.737 INFO:teuthology.orchestra.run.smithi084.stderr:/usr/bin/ceph:
2024-02-22T22:28:16.732+0000 7f90b27d2700 1 --2- 172.21.15.84:0/600448529 >> [v2:172.21.15.84:3300/0,v1:172.21.15.84:6789/0] conn(0x7f90ac0fad90 0x7f90ac0fb1b0 unknown :-1 s=CLOSED pgs=45 cs=0 l=1 rev1=1 rx=0 tx=0).stop
2024-02-22T22:28:16.737 INFO:teuthology.orchestra.run.smithi084.stderr:/usr/bin/ceph:
2024-02-22T22:28:16.732+0000 7f90b27d2700 1 -- 172.21.15.84:0/600448529 >> 172.21.15.84:0/600448529 conn(0x7f90ac0f6530 msgr2=0x7f90ac0f8950 unknown :-1 s=STATE_NONE l=0).mark_down
2024-02-22T22:28:16.737 INFO:teuthology.orchestra.run.smithi084.stderr:/usr/bin/ceph:
2024-02-22T22:28:16.732+0000 7f90b27d2700 1 -- 172.21.15.84:0/600448529 shutdown_connections
2024-02-22T22:28:16.737 INFO:teuthology.orchestra.run.smithi084.stderr:/usr/bin/ceph:
2024-02-22T22:28:16.732+0000 7f90b27d2700 1 -- 172.21.15.84:0/600448529 wait complete.
2024-02-22T22:28:16.737 INFO:teuthology.orchestra.run.smithi084.stderr:/usr/bin/ceph:
2024-02-22T22:28:16.732+0000 7f90b27d2700 1 Processor -- start
2024-02-22T22:28:16.737 INFO:teuthology.orchestra.run.smithi084.stderr:/usr/bin/ceph:
2024-02-22T22:28:16.733+0000 7f90b27d2700 1 -- start start
2024-02-22T22:28:16.737 INFO:teuthology.orchestra.run.smithi084.stderr:/usr/bin/ceph:
2024-02-22T22:28:16.733+0000 7f90b27d2700 1 --2- >> [v2:172.21.15.84:3300/0,v1:172.21.15.84:6789/0] conn(0x7f90ac0fad90 0x7f90ac109a00 unknown :-1 s=NONE pgs=0 cs=0 l=1 rev1=0 rx=0 tx=0).connect
2024-02-22T22:28:16.737 INFO:teuthology.orchestra.run.smithi084.stderr:/usr/bin/ceph:
2024-02-22T22:28:16.733+0000 7f90b27d2700 1 -- --> [v2:172.21.15.84:3300/0,v1:172.21.15.84:6789/0] -- mon_getmap magic: 0 v1 -- 0x7f90ac109ef0 con 0x7f90ac0fad90
2024-02-22T22:28:16.737 INFO:teuthology.orchestra.run.smithi084.stderr:/usr/bin/ceph:
2024-02-22T22:28:16.733+0000 7f90abfff700 1 --2- >> [v2:172.21.15.84:3300/0,v1:172.21.15.84:6789/0] conn(0x7f90ac0fad90 0x7f90ac109a00 unknown :-1 s=BANNER_CONNECTING pgs=0 cs=0 l=1 rev1=0 rx=0 tx=0)._handle_peer_banner_payload supported=1 required=0
2024-02-22T22:28:16.737 INFO:teuthology.orchestra.run.smithi084.stderr:/usr/bin/ceph:
2024-02-22T22:28:16.733+0000 7f90abfff700 1 --2- >> [v2:172.21.15.84:3300/0,v1:172.21.15.84:6789/0] conn(0x7f90ac0fad90 0x7f90ac109a00 unknown :-1 s=HELLO_CONNECTING pgs=0 cs=0 l=1 rev1=1 rx=0 tx=0).handle_hello peer v2:172.21.15.84:3300/0 says I am v2:172.21.15.84:33970/0 (socket says 172.21.15.84:33970)
2024-02-22T22:28:16.738 INFO:teuthology.orchestra.run.smithi084.stderr:/usr/bin/ceph:
2024-02-22T22:28:16.733+0000 7f90abfff700 1 -- 172.21.15.84:0/3089267206 learned_addr learned my addr 172.21.15.84:0/3089267206 (peer_addr_for_me v2:172.21.15.84:0/0)
2024-02-22T22:28:16.738 INFO:teuthology.orchestra.run.smithi084.stderr:/usr/bin/ceph:
2024-02-22T22:28:16.733+0000 7f90abfff700 1 -- 172.21.15.84:0/3089267206 --> [v2:172.21.15.84:3300/0,v1:172.21.15.84:6789/0] -- mon_subscribe({config=0+,monmap=0+}) v3 -- 0x7f909c00b200 con 0x7f90ac0fad90
2024-02-22T22:28:16.738 INFO:teuthology.orchestra.run.smithi084.stderr:/usr/bin/ceph:
2024-02-22T22:28:16.733+0000 7f90abfff700 1 --2- 172.21.15.84:0/3089267206 >> [v2:172.21.15.84:3300/0,v1:172.21.15.84:6789/0] conn(0x7f90ac0fad90 0x7f90ac109a00 secure :-1 s=READY pgs=46 cs=0 l=1 rev1=1 rx=0x7f909c011ea0 tx=0x7f909c006ee0).ready entity=mon.0 client_cookie=0 server_cookie=0 in_seq=0 out_seq=0
2024-02-22T22:28:16.738 INFO:teuthology.orchestra.run.smithi084.stderr:/usr/bin/ceph:
2024-02-22T22:28:16.733+0000 7f90a8ff9700 1 -- 172.21.15.84:0/3089267206 <== mon.0 v2:172.21.15.84:3300/0 1 ==== mon_map magic: 0 v1 ==== 229+0+0 (secure 0 0 0) 0x7f909c022420 con 0x7f90ac0fad90
2024-02-22T22:28:16.738 INFO:teuthology.orchestra.run.smithi084.stderr:/usr/bin/ceph:
2024-02-22T22:28:16.733+0000 7f90a8ff9700 1 -- 172.21.15.84:0/3089267206 <== mon.0 v2:172.21.15.84:3300/0 2 ==== config(26 keys) v1 ==== 1045+0+0 (secure 0 0 0) 0x7f909c0188b0 con 0x7f90ac0fad90
2024-02-22T22:28:16.738 INFO:teuthology.orchestra.run.smithi084.stderr:/usr/bin/ceph:
2024-02-22T22:28:16.733+0000 7f90a8ff9700 1 -- 172.21.15.84:0/3089267206 <== mon.0 v2:172.21.15.84:3300/0 3 ==== mon_map magic: 0 v1 ==== 229+0+0 (secure 0 0 0) 0x7f909c021670 con 0x7f90ac0fad90
2024-02-22T22:28:16.738 INFO:teuthology.orchestra.run.smithi084.stderr:/usr/bin/ceph:
2024-02-22T22:28:16.733+0000 7f90b27d2700 1 -- 172.21.15.84:0/3089267206 --> [v2:172.21.15.84:3300/0,v1:172.21.15.84:6789/0] -- mon_subscribe({mgrmap=0+}) v3 -- 0x7f90ac10a0f0 con 0x7f90ac0fad90
2024-02-22T22:28:16.738 INFO:teuthology.orchestra.run.smithi084.stderr:/usr/bin/ceph:
2024-02-22T22:28:16.733+0000 7f90b27d2700 1 -- 172.21.15.84:0/3089267206 --> [v2:172.21.15.84:3300/0,v1:172.21.15.84:6789/0] -- mon_subscribe({osdmap=0}) v3 -- 0x7f90ac10a580 con 0x7f90ac0fad90
2024-02-22T22:28:16.738 INFO:teuthology.orchestra.run.smithi084.stderr:/usr/bin/ceph:
2024-02-22T22:28:16.734+0000 7f90b27d2700 1 -- 172.21.15.84:0/3089267206 --> [v2:172.21.15.84:3300/0,v1:172.21.15.84:6789/0] -- mon_command({"prefix": "get_command_descriptions"} v 0) v1 -- 0x7f90ac045ad0 con 0x7f90ac0fad90
2024-02-22T22:28:16.738 INFO:teuthology.orchestra.run.smithi084.stderr:/usr/bin/ceph:
2024-02-22T22:28:16.734+0000 7f90a8ff9700 1 -- 172.21.15.84:0/3089267206 <== mon.0 v2:172.21.15.84:3300/0 4 ==== mgrmap(e 8) v1 ==== 36120+0+0 (secure 0 0 0) 0x7f909c00f070 con 0x7f90ac0fad90
2024-02-22T22:28:16.738 INFO:teuthology.orchestra.run.smithi084.stderr:/usr/bin/ceph:
2024-02-22T22:28:16.735+0000 7f90a8ff9700 1 --2- 172.21.15.84:0/3089267206 >> [v2:172.21.15.84:6800/99410932,v1:172.21.15.84:6801/99410932] conn(0x7f908c02fe10 0x7f908c0322d0 unknown :-1 s=NONE pgs=0 cs=0 l=1 rev1=0 rx=0 tx=0).connect
2024-02-22T22:28:16.738 INFO:teuthology.orchestra.run.smithi084.stderr:/usr/bin/ceph:
2024-02-22T22:28:16.735+0000 7f90a8ff9700 1 -- 172.21.15.84:0/3089267206 <== mon.0 v2:172.21.15.84:3300/0 5 ==== osd_map(2..2 src has 1..2) v4 ==== 926+0+0 (secure 0 0 0) 0x7f909c042b30 con 0x7f90ac0fad90
2024-02-22T22:28:16.738 INFO:teuthology.orchestra.run.smithi084.stderr:/usr/bin/ceph:
2024-02-22T22:28:16.735+0000 7f90ab7fe700 1 --2- 172.21.15.84:0/3089267206 >> [v2:172.21.15.84:6800/99410932,v1:172.21.15.84:6801/99410932] conn(0x7f908c02fe10 0x7f908c0322d0 unknown :-1 s=BANNER_CONNECTING pgs=0 cs=0 l=1 rev1=0 rx=0 tx=0)._handle_peer_banner_payload supported=1 required=0
2024-02-22T22:28:16.738 INFO:teuthology.orchestra.run.smithi084.stderr:/usr/bin/ceph:
2024-02-22T22:28:16.735+0000 7f90ab7fe700 1 --2- 172.21.15.84:0/3089267206 >> [v2:172.21.15.84:6800/99410932,v1:172.21.15.84:6801/99410932] conn(0x7f908c02fe10 0x7f908c0322d0 secure :-1 s=READY pgs=14 cs=0 l=1 rev1=1 rx=0x7f90940096a0 tx=0x7f9094006b40).ready entity=mgr.14114 client_cookie=0 server_cookie=0 in_seq=0 out_seq=0
2024-02-22T22:28:16.739 INFO:teuthology.orchestra.run.smithi084.stderr:/usr/bin/ceph:
2024-02-22T22:28:16.738+0000 7f90a8ff9700 1 -- 172.21.15.84:0/3089267206 <== mon.0 v2:172.21.15.84:3300/0 6 ==== mon_command_ack([{"prefix": "get_command_descriptions"}]=0 v0) v1 ==== 72+0+152212 (secure 0 0 0) 0x7f909c016070 con 0x7f90ac0fad90
2024-02-22T22:28:16.925 INFO:teuthology.orchestra.run.smithi084.stderr:/usr/bin/ceph:
2024-02-22T22:28:16.924+0000 7f90b27d2700 1 -- 172.21.15.84:0/3089267206 --> [v2:172.21.15.84:3300/0,v1:172.21.15.84:6789/0] -- mon_command({"prefix": "mgr module enable", "module": "prometheus"} v 0) v1 -- 0x7f90ac0fcae0 con 0x7f90ac0fad90
2024-02-22T22:28:17.528 INFO:teuthology.orchestra.run.smithi084.stderr:/usr/bin/ceph:
2024-02-22T22:28:17.527+0000 7f90a8ff9700 1 -- 172.21.15.84:0/3089267206 <== mon.0 v2:172.21.15.84:3300/0 7 ==== mgrmap(e 9) v1 ==== 36134+0+0 (secure 0 0 0) 0x7f909c0185b0 con 0x7f90ac0fad90
2024-02-22T22:28:17.529 INFO:teuthology.orchestra.run.smithi084.stderr:/usr/bin/ceph:
2024-02-22T22:28:17.528+0000 7f90a8ff9700 1 -- 172.21.15.84:0/3089267206 <== mon.0 v2:172.21.15.84:3300/0 8 ==== mon_command_ack([{"prefix": "mgr module enable", "module": "prometheus"}]=0 v9) v1 ==== 89+0+0 (secure 0 0 0) 0x7f909c010930 con 0x7f90ac0fad90
2024-02-22T22:28:17.531 INFO:teuthology.orchestra.run.smithi084.stderr:/usr/bin/ceph:
2024-02-22T22:28:17.530+0000 7f90b27d2700 1 -- 172.21.15.84:0/3089267206 >> [v2:172.21.15.84:6800/99410932,v1:172.21.15.84:6801/99410932] conn(0x7f908c02fe10 msgr2=0x7f908c0322d0 secure :-1 s=STATE_CONNECTION_ESTABLISHED l=1).mark_down
2024-02-22T22:28:17.531 INFO:teuthology.orchestra.run.smithi084.stderr:/usr/bin/ceph:
2024-02-22T22:28:17.530+0000 7f90b27d2700 1 --2- 172.21.15.84:0/3089267206 >> [v2:172.21.15.84:6800/99410932,v1:172.21.15.84:6801/99410932] conn(0x7f908c02fe10 0x7f908c0322d0 secure :-1 s=READY pgs=14 cs=0 l=1 rev1=1 rx=0x7f90940096a0 tx=0x7f9094006b40).stop
2024-02-22T22:28:17.531 INFO:teuthology.orchestra.run.smithi084.stderr:/usr/bin/ceph:
2024-02-22T22:28:17.530+0000 7f90b27d2700 1 -- 172.21.15.84:0/3089267206 >> [v2:172.21.15.84:3300/0,v1:172.21.15.84:6789/0] conn(0x7f90ac0fad90 msgr2=0x7f90ac109a00 secure :-1 s=STATE_CONNECTION_ESTABLISHED l=1).mark_down
2024-02-22T22:28:17.531 INFO:teuthology.orchestra.run.smithi084.stderr:/usr/bin/ceph:
2024-02-22T22:28:17.530+0000 7f90b27d2700 1 --2- 172.21.15.84:0/3089267206 >> [v2:172.21.15.84:3300/0,v1:172.21.15.84:6789/0] conn(0x7f90ac0fad90 0x7f90ac109a00 secure :-1 s=READY pgs=46 cs=0 l=1 rev1=1 rx=0x7f909c011ea0 tx=0x7f909c006ee0).stop
2024-02-22T22:28:17.532 INFO:teuthology.orchestra.run.smithi084.stderr:/usr/bin/ceph:
2024-02-22T22:28:17.530+0000 7f90b27d2700 1 -- 172.21.15.84:0/3089267206 shutdown_connections
2024-02-22T22:28:17.532 INFO:teuthology.orchestra.run.smithi084.stderr:/usr/bin/ceph:
2024-02-22T22:28:17.530+0000 7f90b27d2700 1 --2- 172.21.15.84:0/3089267206 >> [v2:172.21.15.84:6800/99410932,v1:172.21.15.84:6801/99410932] conn(0x7f908c02fe10 0x7f908c0322d0 unknown :-1 s=CLOSED pgs=14 cs=0 l=1 rev1=1 rx=0 tx=0).stop
2024-02-22T22:28:17.532 INFO:teuthology.orchestra.run.smithi084.stderr:/usr/bin/ceph:
2024-02-22T22:28:17.530+0000 7f90b27d2700 1 --2- 172.21.15.84:0/3089267206 >> [v2:172.21.15.84:3300/0,v1:172.21.15.84:6789/0] conn(0x7f90ac0fad90 0x7f90ac109a00 unknown :-1 s=CLOSED pgs=46 cs=0 l=1 rev1=1 rx=0 tx=0).stop
2024-02-22T22:28:17.532 INFO:teuthology.orchestra.run.smithi084.stderr:/usr/bin/ceph:
2024-02-22T22:28:17.530+0000 7f90b27d2700 1 -- 172.21.15.84:0/3089267206 >> 172.21.15.84:0/3089267206 conn(0x7f90ac0f6530 msgr2=0x7f90ac0f7f30 unknown :-1 s=STATE_NONE l=0).mark_down
2024-02-22T22:28:17.532 INFO:teuthology.orchestra.run.smithi084.stderr:/usr/bin/ceph:
2024-02-22T22:28:17.530+0000 7f90b27d2700 1 -- 172.21.15.84:0/3089267206 shutdown_connections
2024-02-22T22:28:17.533 INFO:teuthology.orchestra.run.smithi084.stderr:/usr/bin/ceph:
2024-02-22T22:28:17.530+0000 7f90b27d2700 1 -- 172.21.15.84:0/3089267206 wait complete.
2024-02-22T22:28:17.944 INFO:journalctl@ceph.mon.smithi084.smithi084.stdout:Feb 22 22:28:17 smithi084 ceph-7f500696-d1d1-11ee-95c0-87774f69a715-mon.smithi084[38124]: audit
2024-02-22T22:28:16.924900+0000 mon.smithi084 (mon.0) 59 : audit [INF] from='client.? 172.21.15.84:0/3089267206' entity='client.admin' cmd=[{"prefix": "mgr module enable", "module": "prometheus"}]: dispatch
2024-02-22T22:28:18.329 INFO:teuthology.orchestra.run.smithi084.stderr:Deploying prometheus service with default placement...
2024-02-22T22:28:18.329 INFO:teuthology.orchestra.run.smithi084.stderr:Running command: /bin/podman run --rm --ipc=host --no-hosts --net=host --entrypoint /usr/bin/ceph --init -e CONTAINER_IMAGE=docker.io/ceph/ceph:v16.2.4 -e NODE_NAME=smithi084 -e CEPH_USE_RANDOM_NONCE=1 -v /var/log/ceph/7f500696-d1d1-11ee-95c0-87774f69a715:/var/log/ceph:z -v /tmp/ceph-tmpl6n7bzec:/etc/ceph/ceph.client.admin.keyring:z -v /tmp/ceph-tmp504t8dx6:/etc/ceph/ceph.conf:z docker.io/ceph/ceph:v16.2.4 orch apply prometheus
2024-02-22T22:28:18.613 INFO:journalctl@ceph.mon.smithi084.smithi084.stdout:Feb 22 22:28:18 smithi084 ceph-7f500696-d1d1-11ee-95c0-87774f69a715-mon.smithi084[38124]: audit
2024-02-22T22:28:17.528565+0000 mon.smithi084 (mon.0) 60 : audit [INF] from='client.? 172.21.15.84:0/3089267206' entity='client.admin' cmd='[{"prefix": "mgr module enable", "module": "prometheus"}]': finished
