2024-02-23T00:23:12.962+0000 7efe8e061700 1 Processor -- start
2024-02-23T00:23:12.967 INFO:teuthology.orchestra.run.smithi090.stderr:/usr/bin/ceph:
2024-02-23T00:23:12.962+0000 7efe8e061700 1 -- start start
2024-02-23T00:23:12.967 INFO:teuthology.orchestra.run.smithi090.stderr:/usr/bin/ceph:
2024-02-23T00:23:12.962+0000 7efe8e061700 1 --2- >> [v2:172.21.15.90:3300/0,v1:172.21.15.90:6789/0] conn(0x7efe88070420 0x7efe8810ab90 unknown :-1 s=NONE pgs=0 cs=0 l=1 rev1=0 rx=0 tx=0).connect
2024-02-23T00:23:12.968 INFO:teuthology.orchestra.run.smithi090.stderr:/usr/bin/ceph:
2024-02-23T00:23:12.962+0000 7efe8e061700 1 -- --> [v2:172.21.15.90:3300/0,v1:172.21.15.90:6789/0] -- mon_getmap magic: 0 v1 -- 0x7efe8810b080 con 0x7efe88070420
2024-02-23T00:23:12.968 INFO:teuthology.orchestra.run.smithi090.stderr:/usr/bin/ceph:
2024-02-23T00:23:12.962+0000 7efe877fe700 1 --2- >> [v2:172.21.15.90:3300/0,v1:172.21.15.90:6789/0] conn(0x7efe88070420 0x7efe8810ab90 unknown :-1 s=BANNER_CONNECTING pgs=0 cs=0 l=1 rev1=0 rx=0 tx=0)._handle_peer_banner_payload supported=1 required=0
2024-02-23T00:23:12.968 INFO:teuthology.orchestra.run.smithi090.stderr:/usr/bin/ceph:
2024-02-23T00:23:12.962+0000 7efe877fe700 1 --2- >> [v2:172.21.15.90:3300/0,v1:172.21.15.90:6789/0] conn(0x7efe88070420 0x7efe8810ab90 unknown :-1 s=HELLO_CONNECTING pgs=0 cs=0 l=1 rev1=1 rx=0 tx=0).handle_hello peer v2:172.21.15.90:3300/0 says I am v2:172.21.15.90:39920/0 (socket says 172.21.15.90:39920)
2024-02-23T00:23:12.968 INFO:teuthology.orchestra.run.smithi090.stderr:/usr/bin/ceph:
2024-02-23T00:23:12.962+0000 7efe877fe700 1 -- 172.21.15.90:0/1663739523 learned_addr learned my addr 172.21.15.90:0/1663739523 (peer_addr_for_me v2:172.21.15.90:0/0)
2024-02-23T00:23:12.968 INFO:teuthology.orchestra.run.smithi090.stderr:/usr/bin/ceph:
2024-02-23T00:23:12.963+0000 7efe877fe700 1 -- 172.21.15.90:0/1663739523 --> [v2:172.21.15.90:3300/0,v1:172.21.15.90:6789/0] -- mon_subscribe({config=0+,monmap=0+}) v3 -- 0x7efe7c00b200 con 0x7efe88070420
2024-02-23T00:23:12.968 INFO:teuthology.orchestra.run.smithi090.stderr:/usr/bin/ceph:
2024-02-23T00:23:12.963+0000 7efe877fe700 1 --2- 172.21.15.90:0/1663739523 >> [v2:172.21.15.90:3300/0,v1:172.21.15.90:6789/0] conn(0x7efe88070420 0x7efe8810ab90 secure :-1 s=READY pgs=59 cs=0 l=1 rev1=1 rx=0x7efe7c006800 tx=0x7efe7c006ee0).ready entity=mon.0 client_cookie=0 server_cookie=0 in_seq=0 out_seq=0
2024-02-23T00:23:12.968 INFO:teuthology.orchestra.run.smithi090.stderr:/usr/bin/ceph:
2024-02-23T00:23:12.963+0000 7efe6ffff700 1 -- 172.21.15.90:0/1663739523 <== mon.0 v2:172.21.15.90:3300/0 1 ==== mon_map magic: 0 v1 ==== 229+0+0 (secure 0 0 0) 0x7efe7c01b570 con 0x7efe88070420
2024-02-23T00:23:12.968 INFO:teuthology.orchestra.run.smithi090.stderr:/usr/bin/ceph:
2024-02-23T00:23:12.963+0000 7efe6ffff700 1 -- 172.21.15.90:0/1663739523 <== mon.0 v2:172.21.15.90:3300/0 2 ==== config(26 keys) v1 ==== 1045+0+0 (secure 0 0 0) 0x7efe7c01bb60 con 0x7efe88070420
2024-02-23T00:23:12.968 INFO:teuthology.orchestra.run.smithi090.stderr:/usr/bin/ceph:
2024-02-23T00:23:12.963+0000 7efe8e061700 1 -- 172.21.15.90:0/1663739523 --> [v2:172.21.15.90:3300/0,v1:172.21.15.90:6789/0] -- mon_subscribe({mgrmap=0+}) v3 -- 0x7efe8810b280 con 0x7efe88070420
2024-02-23T00:23:12.968 INFO:teuthology.orchestra.run.smithi090.stderr:/usr/bin/ceph:
2024-02-23T00:23:12.963+0000 7efe6ffff700 1 -- 172.21.15.90:0/1663739523 <== mon.0 v2:172.21.15.90:3300/0 3 ==== mon_map magic: 0 v1 ==== 229+0+0 (secure 0 0 0) 0x7efe7c01a9f0 con 0x7efe88070420
2024-02-23T00:23:12.969 INFO:teuthology.orchestra.run.smithi090.stderr:/usr/bin/ceph:
2024-02-23T00:23:12.963+0000 7efe8e061700 1 -- 172.21.15.90:0/1663739523 --> [v2:172.21.15.90:3300/0,v1:172.21.15.90:6789/0] -- mon_subscribe({osdmap=0}) v3 -- 0x7efe8810b710 con 0x7efe88070420
2024-02-23T00:23:12.969 INFO:teuthology.orchestra.run.smithi090.stderr:/usr/bin/ceph:
2024-02-23T00:23:12.964+0000 7efe6ffff700 1 -- 172.21.15.90:0/1663739523 <== mon.0 v2:172.21.15.90:3300/0 4 ==== mgrmap(e 12) v1 ==== 36195+0+0 (secure 0 0 0) 0x7efe7c00f070 con 0x7efe88070420
2024-02-23T00:23:12.969 INFO:teuthology.orchestra.run.smithi090.stderr:/usr/bin/ceph:
2024-02-23T00:23:12.964+0000 7efe6ffff700 1 --2- 172.21.15.90:0/1663739523 >> [v2:172.21.15.90:6800/614814404,v1:172.21.15.90:6801/614814404] conn(0x7efe7402ff70 0x7efe74032430 unknown :-1 s=NONE pgs=0 cs=0 l=1 rev1=0 rx=0 tx=0).connect
2024-02-23T00:23:12.969 INFO:teuthology.orchestra.run.smithi090.stderr:/usr/bin/ceph:
2024-02-23T00:23:12.964+0000 7efe6ffff700 1 -- 172.21.15.90:0/1663739523 <== mon.0 v2:172.21.15.90:3300/0 5 ==== osd_map(3..3 src has 1..3) v4 ==== 1098+0+0 (secure 0 0 0) 0x7efe7c0423d0 con 0x7efe88070420
2024-02-23T00:23:12.969 INFO:teuthology.orchestra.run.smithi090.stderr:/usr/bin/ceph:
2024-02-23T00:23:12.964+0000 7efe86ffd700 1 --2- 172.21.15.90:0/1663739523 >> [v2:172.21.15.90:6800/614814404,v1:172.21.15.90:6801/614814404] conn(0x7efe7402ff70 0x7efe74032430 unknown :-1 s=BANNER_CONNECTING pgs=0 cs=0 l=1 rev1=0 rx=0 tx=0)._handle_peer_banner_payload supported=1 required=0
2024-02-23T00:23:12.969 INFO:teuthology.orchestra.run.smithi090.stderr:/usr/bin/ceph:
2024-02-23T00:23:12.964+0000 7efe8e061700 1 -- 172.21.15.90:0/1663739523 --> [v2:172.21.15.90:3300/0,v1:172.21.15.90:6789/0] -- mon_command({"prefix": "get_command_descriptions"} v 0) v1 -- 0x7efe88045ad0 con 0x7efe88070420
2024-02-23T00:23:12.969 INFO:teuthology.orchestra.run.smithi090.stderr:/usr/bin/ceph:
2024-02-23T00:23:12.964+0000 7efe86ffd700 1 --2- 172.21.15.90:0/1663739523 >> [v2:172.21.15.90:6800/614814404,v1:172.21.15.90:6801/614814404] conn(0x7efe7402ff70 0x7efe74032430 secure :-1 s=READY pgs=7 cs=0 l=1 rev1=1 rx=0x7efe780096a0 tx=0x7efe78006b40).ready entity=mgr.14142 client_cookie=0 server_cookie=0 in_seq=0 out_seq=0
2024-02-23T00:23:12.969 INFO:teuthology.orchestra.run.smithi090.stderr:/usr/bin/ceph:
2024-02-23T00:23:12.968+0000 7efe6ffff700 1 -- 172.21.15.90:0/1663739523 <== mon.0 v2:172.21.15.90:3300/0 6 ==== mon_command_ack([{"prefix": "get_command_descriptions"}]=0 v0) v1 ==== 72+0+152212 (secure 0 0 0) 0x7efe7c016070 con 0x7efe88070420
2024-02-23T00:23:13.145 INFO:teuthology.orchestra.run.smithi090.stderr:/usr/bin/ceph:
2024-02-23T00:23:13.144+0000 7efe8e061700 1 -- 172.21.15.90:0/1663739523 --> [v2:172.21.15.90:6800/614814404,v1:172.21.15.90:6801/614814404] -- mgr_command(tid 0: {"prefix": "orch apply", "service_type": "node-exporter", "target": ["mon-mgr", ""]}) v1 -- 0x7efe880008d0 con 0x7efe7402ff70
2024-02-23T00:23:13.149 INFO:teuthology.orchestra.run.smithi090.stderr:/usr/bin/ceph:
2024-02-23T00:23:13.147+0000 7efe6ffff700 1 -- 172.21.15.90:0/1663739523 <== mgr.14142 v2:172.21.15.90:6800/614814404 1 ==== mgr_command_reply(tid 0: 0 ) v1 ==== 8+0+34 (secure 0 0 0) 0x7efe880008d0 con 0x7efe7402ff70
2024-02-23T00:23:13.149 INFO:teuthology.orchestra.run.smithi090.stderr:/usr/bin/ceph: Scheduled node-exporter update...
2024-02-23T00:23:13.152 INFO:teuthology.orchestra.run.smithi090.stderr:/usr/bin/ceph:
2024-02-23T00:23:13.149+0000 7efe8e061700 1 -- 172.21.15.90:0/1663739523 >> [v2:172.21.15.90:6800/614814404,v1:172.21.15.90:6801/614814404] conn(0x7efe7402ff70 msgr2=0x7efe74032430 secure :-1 s=STATE_CONNECTION_ESTABLISHED l=1).mark_down
2024-02-23T00:23:13.153 INFO:teuthology.orchestra.run.smithi090.stderr:/usr/bin/ceph:
2024-02-23T00:23:13.149+0000 7efe8e061700 1 --2- 172.21.15.90:0/1663739523 >> [v2:172.21.15.90:6800/614814404,v1:172.21.15.90:6801/614814404] conn(0x7efe7402ff70 0x7efe74032430 secure :-1 s=READY pgs=7 cs=0 l=1 rev1=1 rx=0x7efe780096a0 tx=0x7efe78006b40).stop
2024-02-23T00:23:13.153 INFO:teuthology.orchestra.run.smithi090.stderr:/usr/bin/ceph:
2024-02-23T00:23:13.149+0000 7efe8e061700 1 -- 172.21.15.90:0/1663739523 >> [v2:172.21.15.90:3300/0,v1:172.21.15.90:6789/0] conn(0x7efe88070420 msgr2=0x7efe8810ab90 secure :-1 s=STATE_CONNECTION_ESTABLISHED l=1).mark_down
2024-02-23T00:23:13.153 INFO:teuthology.orchestra.run.smithi090.stderr:/usr/bin/ceph:
2024-02-23T00:23:13.149+0000 7efe8e061700 1 --2- 172.21.15.90:0/1663739523 >> [v2:172.21.15.90:3300/0,v1:172.21.15.90:6789/0] conn(0x7efe88070420 0x7efe8810ab90 secure :-1 s=READY pgs=59 cs=0 l=1 rev1=1 rx=0x7efe7c006800 tx=0x7efe7c006ee0).stop
2024-02-23T00:23:13.153 INFO:teuthology.orchestra.run.smithi090.stderr:/usr/bin/ceph:
2024-02-23T00:23:13.149+0000 7efe8e061700 1 -- 172.21.15.90:0/1663739523 shutdown_connections
2024-02-23T00:23:13.153 INFO:teuthology.orchestra.run.smithi090.stderr:/usr/bin/ceph:
2024-02-23T00:23:13.149+0000 7efe8e061700 1 --2- 172.21.15.90:0/1663739523 >> [v2:172.21.15.90:6800/614814404,v1:172.21.15.90:6801/614814404] conn(0x7efe7402ff70 0x7efe74032430 unknown :-1 s=CLOSED pgs=7 cs=0 l=1 rev1=1 rx=0 tx=0).stop
2024-02-23T00:23:13.153 INFO:teuthology.orchestra.run.smithi090.stderr:/usr/bin/ceph:
2024-02-23T00:23:13.149+0000 7efe8e061700 1 --2- 172.21.15.90:0/1663739523 >> [v2:172.21.15.90:3300/0,v1:172.21.15.90:6789/0] conn(0x7efe88070420 0x7efe8810ab90 unknown :-1 s=CLOSED pgs=59 cs=0 l=1 rev1=1 rx=0 tx=0).stop
2024-02-23T00:23:13.154 INFO:teuthology.orchestra.run.smithi090.stderr:/usr/bin/ceph:
2024-02-23T00:23:13.149+0000 7efe8e061700 1 -- 172.21.15.90:0/1663739523 >> 172.21.15.90:0/1663739523 conn(0x7efe880f65c0 msgr2=0x7efe880f7f60 unknown :-1 s=STATE_NONE l=0).mark_down
2024-02-23T00:23:13.154 INFO:teuthology.orchestra.run.smithi090.stderr:/usr/bin/ceph:
2024-02-23T00:23:13.149+0000 7efe8e061700 1 -- 172.21.15.90:0/1663739523 shutdown_connections
2024-02-23T00:23:13.154 INFO:teuthology.orchestra.run.smithi090.stderr:/usr/bin/ceph:
2024-02-23T00:23:13.149+0000 7efe8e061700 1 -- 172.21.15.90:0/1663739523 wait complete.
2024-02-23T00:23:13.762 INFO:teuthology.orchestra.run.smithi090.stderr:Deploying alertmanager service with default placement...
2024-02-23T00:23:13.762 INFO:teuthology.orchestra.run.smithi090.stderr:Running command: /bin/podman run --rm --ipc=host --no-hosts --net=host --entrypoint /usr/bin/ceph --init -e CONTAINER_IMAGE=docker.io/ceph/ceph:v16.2.4 -e NODE_NAME=smithi090 -e CEPH_USE_RANDOM_NONCE=1 -v /var/log/ceph/898d23fe-d1e1-11ee-95c0-87774f69a715:/var/log/ceph:z -v /tmp/ceph-tmp0uizib5l:/etc/ceph/ceph.client.admin.keyring:z -v /tmp/ceph-tmpkbjnfme7:/etc/ceph/ceph.conf:z docker.io/ceph/ceph:v16.2.4 orch apply alertmanager
2024-02-23T00:23:13.764 INFO:journalctl@ceph.mon.smithi090.smithi090.stdout:Feb 23 00:23:13 smithi090 ceph-898d23fe-d1e1-11ee-95c0-87774f69a715-mon.smithi090[38180]: audit
2024-02-23T00:23:11.864831+0000 mgr.smithi090.pxxmlz (mgr.14142) 3 : audit [DBG] from='client.14150 -' entity='client.admin' cmd=[{"prefix": "orch apply", "service_type": "grafana", "target": ["mon-mgr", ""]}]: dispatch
2024-02-23T00:23:13.764 INFO:journalctl@ceph.mon.smithi090.smithi090.stdout:Feb 23 00:23:13 smithi090 ceph-898d23fe-d1e1-11ee-95c0-87774f69a715-mon.smithi090[38180]: cephadm
2024-02-23T00:23:11.865375+0000 mgr.smithi090.pxxmlz (mgr.14142) 4 : cephadm [INF] Saving service grafana spec with placement count:1
2024-02-23T00:23:13.765 INFO:journalctl@ceph.mon.smithi090.smithi090.stdout:Feb 23 00:23:13 smithi090 ceph-898d23fe-d1e1-11ee-95c0-87774f69a715-mon.smithi090[38180]: audit
2024-02-23T00:23:13.148397+0000 mon.smithi090 (mon.0) 80 : audit [INF] from='mgr.14142 172.21.15.90:0/4228577172' entity='mgr.smithi090.pxxmlz'
2024-02-23T00:23:14.249 INFO:teuthology.orchestra.run.smithi090.stderr:/usr/bin/ceph:
2024-02-23T00:23:14.244+0000 7fb97a93a700 1 Processor -- start
2024-02-23T00:23:14.249 INFO:teuthology.orchestra.run.smithi090.stderr:/usr/bin/ceph:
2024-02-23T00:23:14.244+0000 7fb97a93a700 1 -- start start
2024-02-23T00:23:14.249 INFO:teuthology.orchestra.run.smithi090.stderr:/usr/bin/ceph:
2024-02-23T00:23:14.244+0000 7fb97a93a700 1 --2- >> [v2:172.21.15.90:3300/0,v1:172.21.15.90:6789/0] conn(0x7fb9740fad90 0x7fb9740fb1b0 unknown :-1 s=NONE pgs=0 cs=0 l=0 rev1=0 rx=0 tx=0).connect
2024-02-23T00:23:14.249 INFO:teuthology.orchestra.run.smithi090.stderr:/usr/bin/ceph:
2024-02-23T00:23:14.244+0000 7fb97a93a700 1 -- --> [v2:172.21.15.90:3300/0,v1:172.21.15.90:6789/0] -- mon_getmap magic: 0 v1 -- 0x7fb9740fb6a0 con 0x7fb9740fad90
2024-02-23T00:23:14.249 INFO:teuthology.orchestra.run.smithi090.stderr:/usr/bin/ceph:
2024-02-23T00:23:14.244+0000 7fb973fff700 1 --2- >> [v2:172.21.15.90:3300/0,v1:172.21.15.90:6789/0] conn(0x7fb9740fad90 0x7fb9740fb1b0 unknown :-1 s=BANNER_CONNECTING pgs=0 cs=0 l=0 rev1=0 rx=0 tx=0)._handle_peer_banner_payload supported=1 required=0
2024-02-23T00:23:14.249 INFO:teuthology.orchestra.run.smithi090.stderr:/usr/bin/ceph:
2024-02-23T00:23:14.245+0000 7fb973fff700 1 --2- >> [v2:172.21.15.90:3300/0,v1:172.21.15.90:6789/0] conn(0x7fb9740fad90 0x7fb9740fb1b0 unknown :-1 s=HELLO_CONNECTING pgs=0 cs=0 l=0 rev1=1 rx=0 tx=0).handle_hello peer v2:172.21.15.90:3300/0 says I am v2:172.21.15.90:32780/0 (socket says 172.21.15.90:32780)
2024-02-23T00:23:14.249 INFO:teuthology.orchestra.run.smithi090.stderr:/usr/bin/ceph:
2024-02-23T00:23:14.245+0000 7fb973fff700 1 -- 172.21.15.90:0/11778432 learned_addr learned my addr 172.21.15.90:0/11778432 (peer_addr_for_me v2:172.21.15.90:0/0)
2024-02-23T00:23:14.249 INFO:teuthology.orchestra.run.smithi090.stderr:/usr/bin/ceph:
2024-02-23T00:23:14.245+0000 7fb973fff700 1 -- 172.21.15.90:0/11778432 --> [v2:172.21.15.90:3300/0,v1:172.21.15.90:6789/0] -- mon_subscribe({config=0+,monmap=0+}) v3 -- 0x7fb9740fb7e0 con 0x7fb9740fad90
2024-02-23T00:23:14.249 INFO:teuthology.orchestra.run.smithi090.stderr:/usr/bin/ceph:
2024-02-23T00:23:14.245+0000 7fb973fff700 1 --2- 172.21.15.90:0/11778432 >> [v2:172.21.15.90:3300/0,v1:172.21.15.90:6789/0] conn(0x7fb9740fad90 0x7fb9740fb1b0 secure :-1 s=READY pgs=60 cs=0 l=1 rev1=1 rx=0x7fb95c00b5f0 tx=0x7fb95c006ee0).ready entity=mon.0 client_cookie=c2afbe1fb51a6bcb server_cookie=0 in_seq=0 out_seq=0
2024-02-23T00:23:14.250 INFO:teuthology.orchestra.run.smithi090.stderr:/usr/bin/ceph:
2024-02-23T00:23:14.245+0000 7fb972ffd700 1 -- 172.21.15.90:0/11778432 <== mon.0 v2:172.21.15.90:3300/0 1 ==== mon_map magic: 0 v1 ==== 229+0+0 (secure 0 0 0) 0x7fb95c00d600 con 0x7fb9740fad90
2024-02-23T00:23:14.250 INFO:teuthology.orchestra.run.smithi090.stderr:/usr/bin/ceph:
2024-02-23T00:23:14.245+0000 7fb972ffd700 1 -- 172.21.15.90:0/11778432 <== mon.0 v2:172.21.15.90:3300/0 2 ==== config(26 keys) v1 ==== 1045+0+0 (secure 0 0 0) 0x7fb95c00dbf0 con 0x7fb9740fad90
2024-02-23T00:23:14.250 INFO:teuthology.orchestra.run.smithi090.stderr:/usr/bin/ceph:
2024-02-23T00:23:14.245+0000 7fb972ffd700 1 -- 172.21.15.90:0/11778432 <== mon.0 v2:172.21.15.90:3300/0 3 ==== mon_map magic: 0 v1 ==== 229+0+0 (secure 0 0 0) 0x7fb95c011cb0 con 0x7fb9740fad90
2024-02-23T00:23:14.250 INFO:teuthology.orchestra.run.smithi090.stderr:/usr/bin/ceph:
2024-02-23T00:23:14.246+0000 7fb97a93a700 1 -- 172.21.15.90:0/11778432 >> [v2:172.21.15.90:3300/0,v1:172.21.15.90:6789/0] conn(0x7fb9740fad90 msgr2=0x7fb9740fb1b0 secure :-1 s=STATE_CONNECTION_ESTABLISHED l=1).mark_down
2024-02-23T00:23:14.250 INFO:teuthology.orchestra.run.smithi090.stderr:/usr/bin/ceph:
2024-02-23T00:23:14.246+0000 7fb97a93a700 1 --2- 172.21.15.90:0/11778432 >> [v2:172.21.15.90:3300/0,v1:172.21.15.90:6789/0] conn(0x7fb9740fad90 0x7fb9740fb1b0 secure :-1 s=READY pgs=60 cs=0 l=1 rev1=1 rx=0x7fb95c00b5f0 tx=0x7fb95c006ee0).stop
2024-02-23T00:23:14.250 INFO:teuthology.orchestra.run.smithi090.stderr:/usr/bin/ceph:
2024-02-23T00:23:14.246+0000 7fb97a93a700 1 -- 172.21.15.90:0/11778432 shutdown_connections
2024-02-23T00:23:14.250 INFO:teuthology.orchestra.run.smithi090.stderr:/usr/bin/ceph:
2024-02-23T00:23:14.246+0000 7fb97a93a700 1 --2- 172.21.15.90:0/11778432 >> [v2:172.21.15.90:3300/0,v1:172.21.15.90:6789/0] conn(0x7fb9740fad90 0x7fb9740fb1b0 unknown :-1 s=CLOSED pgs=60 cs=0 l=1 rev1=1 rx=0 tx=0).stop
2024-02-23T00:23:14.250 INFO:teuthology.orchestra.run.smithi090.stderr:/usr/bin/ceph:
2024-02-23T00:23:14.246+0000 7fb97a93a700 1 -- 172.21.15.90:0/11778432 >> 172.21.15.90:0/11778432 conn(0x7fb9740f6530 msgr2=0x7fb9740f8950 unknown :-1 s=STATE_NONE l=0).mark_down
2024-02-23T00:23:14.250 INFO:teuthology.orchestra.run.smithi090.stderr:/usr/bin/ceph:
2024-02-23T00:23:14.246+0000 7fb97a93a700 1 -- 172.21.15.90:0/11778432 shutdown_connections
2024-02-23T00:23:14.250 INFO:teuthology.orchestra.run.smithi090.stderr:/usr/bin/ceph:
2024-02-23T00:23:14.246+0000 7fb97a93a700 1 -- 172.21.15.90:0/11778432 wait complete.
2024-02-23T00:23:14.250 INFO:teuthology.orchestra.run.smithi090.stderr:/usr/bin/ceph:
2024-02-23T00:23:14.247+0000 7fb97a93a700 1 Processor -- start
2024-02-23T00:23:14.250 INFO:teuthology.orchestra.run.smithi090.stderr:/usr/bin/ceph:
2024-02-23T00:23:14.247+0000 7fb97a93a700 1 -- start start
2024-02-23T00:23:14.250 INFO:teuthology.orchestra.run.smithi090.stderr:/usr/bin/ceph:
2024-02-23T00:23:14.247+0000 7fb97a93a700 1 --2- >> [v2:172.21.15.90:3300/0,v1:172.21.15.90:6789/0] conn(0x7fb9740fad90 0x7fb97410ce10 unknown :-1 s=NONE pgs=0 cs=0 l=1 rev1=0 rx=0 tx=0).connect
2024-02-23T00:23:14.251 INFO:teuthology.orchestra.run.smithi090.stderr:/usr/bin/ceph:
2024-02-23T00:23:14.247+0000 7fb97a93a700 1 -- --> [v2:172.21.15.90:3300/0,v1:172.21.15.90:6789/0] -- mon_getmap magic: 0 v1 -- 0x7fb97410d300 con 0x7fb9740fad90
2024-02-23T00:23:14.251 INFO:teuthology.orchestra.run.smithi090.stderr:/usr/bin/ceph:
2024-02-23T00:23:14.247+0000 7fb973fff700 1 --2- >> [v2:172.21.15.90:3300/0,v1:172.21.15.90:6789/0] conn(0x7fb9740fad90 0x7fb97410ce10 unknown :-1 s=BANNER_CONNECTING pgs=0 cs=0 l=1 rev1=0 rx=0 tx=0)._handle_peer_banner_payload supported=1 required=0
2024-02-23T00:23:14.251 INFO:teuthology.orchestra.run.smithi090.stderr:/usr/bin/ceph:
2024-02-23T00:23:14.247+0000 7fb973fff700 1 --2- >> [v2:172.21.15.90:3300/0,v1:172.21.15.90:6789/0] conn(0x7fb9740fad90 0x7fb97410ce10 unknown :-1 s=HELLO_CONNECTING pgs=0 cs=0 l=1 rev1=1 rx=0 tx=0).handle_hello peer v2:172.21.15.90:3300/0 says I am v2:172.21.15.90:32786/0 (socket says 172.21.15.90:32786)
2024-02-23T00:23:14.251 INFO:teuthology.orchestra.run.smithi090.stderr:/usr/bin/ceph:
2024-02-23T00:23:14.247+0000 7fb973fff700 1 -- 172.21.15.90:0/227342051 learned_addr learned my addr 172.21.15.90:0/227342051 (peer_addr_for_me v2:172.21.15.90:0/0)
2024-02-23T00:23:14.252 INFO:teuthology.orchestra.run.smithi090.stderr:/usr/bin/ceph:
2024-02-23T00:23:14.247+0000 7fb973fff700 1 -- 172.21.15.90:0/227342051 --> [v2:172.21.15.90:3300/0,v1:172.21.15.90:6789/0] -- mon_subscribe({config=0+,monmap=0+}) v3 -- 0x7fb95c00b200 con 0x7fb9740fad90
2024-02-23T00:23:14.252 INFO:teuthology.orchestra.run.smithi090.stderr:/usr/bin/ceph:
2024-02-23T00:23:14.248+0000 7fb973fff700 1 --2- 172.21.15.90:0/227342051 >> [v2:172.21.15.90:3300/0,v1:172.21.15.90:6789/0] conn(0x7fb9740fad90 0x7fb97410ce10 secure :-1 s=READY pgs=61 cs=0 l=1 rev1=1 rx=0x7fb95c00bf40 tx=0x7fb95c006ee0).ready entity=mon.0 client_cookie=0 server_cookie=0 in_seq=0 out_seq=0
2024-02-23T00:23:14.252 INFO:teuthology.orchestra.run.smithi090.stderr:/usr/bin/ceph:
2024-02-23T00:23:14.248+0000 7fb970ff9700 1 -- 172.21.15.90:0/227342051 <== mon.0 v2:172.21.15.90:3300/0 1 ==== mon_map magic: 0 v1 ==== 229+0+0 (secure 0 0 0) 0x7fb95c01b570 con 0x7fb9740fad90
2024-02-23T00:23:14.252 INFO:teuthology.orchestra.run.smithi090.stderr:/usr/bin/ceph:
2024-02-23T00:23:14.248+0000 7fb970ff9700 1 -- 172.21.15.90:0/227342051 <== mon.0 v2:172.21.15.90:3300/0 2 ==== config(26 keys) v1 ==== 1045+0+0 (secure 0 0 0) 0x7fb95c01bb60 con 0x7fb9740fad90
2024-02-23T00:23:14.252 INFO:teuthology.orchestra.run.smithi090.stderr:/usr/bin/ceph:
2024-02-23T00:23:14.248+0000 7fb970ff9700 1 -- 172.21.15.90:0/227342051 <== mon.0 v2:172.21.15.90:3300/0 3 ==== mon_map magic: 0 v1 ==== 229+0+0 (secure 0 0 0) 0x7fb95c01aa20 con 0x7fb9740fad90
2024-02-23T00:23:14.252 INFO:teuthology.orchestra.run.smithi090.stderr:/usr/bin/ceph:
2024-02-23T00:23:14.248+0000 7fb97a93a700 1 -- 172.21.15.90:0/227342051 --> [v2:172.21.15.90:3300/0,v1:172.21.15.90:6789/0] -- mon_subscribe({mgrmap=0+}) v3 -- 0x7fb97410d500 con 0x7fb9740fad90
2024-02-23T00:23:14.252 INFO:teuthology.orchestra.run.smithi090.stderr:/usr/bin/ceph:
2024-02-23T00:23:14.248+0000 7fb97a93a700 1 -- 172.21.15.90:0/227342051 --> [v2:172.21.15.90:3300/0,v1:172.21.15.90:6789/0] -- mon_subscribe({osdmap=0}) v3 -- 0x7fb97410e110 con 0x7fb9740fad90
2024-02-23T00:23:14.252 INFO:teuthology.orchestra.run.smithi090.stderr:/usr/bin/ceph:
2024-02-23T00:23:14.249+0000 7fb970ff9700 1 -- 172.21.15.90:0/227342051 <== mon.0 v2:172.21.15.90:3300/0 4 ==== mgrmap(e 12) v1 ==== 36195+0+0 (secure 0 0 0) 0x7fb95c00f070 con 0x7fb9740fad90
2024-02-23T00:23:14.253 INFO:teuthology.orchestra.run.smithi090.stderr:/usr/bin/ceph:
2024-02-23T00:23:14.249+0000 7fb97a93a700 1 -- 172.21.15.90:0/227342051 --> [v2:172.21.15.90:3300/0,v1:172.21.15.90:6789/0] -- mon_command({"prefix": "get_command_descriptions"} v 0) v1 -- 0x7fb974059100 con 0x7fb9740fad90
2024-02-23T00:23:14.253 INFO:teuthology.orchestra.run.smithi090.stderr:/usr/bin/ceph:
2024-02-23T00:23:14.249+0000 7fb970ff9700 1 --2- 172.21.15.90:0/227342051 >> [v2:172.21.15.90:6800/614814404,v1:172.21.15.90:6801/614814404] conn(0x7fb95402ff20 0x7fb9540323e0 unknown :-1 s=NONE pgs=0 cs=0 l=1 rev1=0 rx=0 tx=0).connect
2024-02-23T00:23:14.253 INFO:teuthology.orchestra.run.smithi090.stderr:/usr/bin/ceph:
2024-02-23T00:23:14.249+0000 7fb970ff9700 1 -- 172.21.15.90:0/227342051 <== mon.0 v2:172.21.15.90:3300/0 5 ==== osd_map(3..3 src has 1..3) v4 ==== 1098+0+0 (secure 0 0 0) 0x7fb95c041620 con 0x7fb9740fad90
2024-02-23T00:23:14.253 INFO:teuthology.orchestra.run.smithi090.stderr:/usr/bin/ceph:
2024-02-23T00:23:14.249+0000 7fb9737fe700 1 --2- 172.21.15.90:0/227342051 >> [v2:172.21.15.90:6800/614814404,v1:172.21.15.90:6801/614814404] conn(0x7fb95402ff20 0x7fb9540323e0 unknown :-1 s=BANNER_CONNECTING pgs=0 cs=0 l=1 rev1=0 rx=0 tx=0)._handle_peer_banner_payload supported=1 required=0
2024-02-23T00:23:14.253 INFO:teuthology.orchestra.run.smithi090.stderr:/usr/bin/ceph:
2024-02-23T00:23:14.249+0000 7fb9737fe700 1 --2- 172.21.15.90:0/227342051 >> [v2:172.21.15.90:6800/614814404,v1:172.21.15.90:6801/614814404] conn(0x7fb95402ff20 0x7fb9540323e0 secure :-1 s=READY pgs=8 cs=0 l=1 rev1=1 rx=0x7fb9640096a0 tx=0x7fb964006b40).ready entity=mgr.14142 client_cookie=0 server_cookie=0 in_seq=0 out_seq=0
2024-02-23T00:23:14.254 INFO:teuthology.orchestra.run.smithi090.stderr:/usr/bin/ceph:
2024-02-23T00:23:14.253+0000 7fb970ff9700 1 -- 172.21.15.90:0/227342051 <== mon.0 v2:172.21.15.90:3300/0 6 ==== mon_command_ack([{"prefix": "get_command_descriptions"}]=0 v0) v1 ==== 72+0+152212 (secure 0 0 0) 0x7fb95c019cd0 con 0x7fb9740fad90
2024-02-23T00:23:14.428 INFO:teuthology.orchestra.run.smithi090.stderr:/usr/bin/ceph:
2024-02-23T00:23:14.427+0000 7fb97a93a700 1 -- 172.21.15.90:0/227342051 --> [v2:172.21.15.90:6800/614814404,v1:172.21.15.90:6801/614814404] -- mgr_command(tid 0: {"prefix": "orch apply", "service_type": "alertmanager", "target": ["mon-mgr", ""]}) v1 -- 0x7fb97410e410 con 0x7fb95402ff20
2024-02-23T00:23:14.432 INFO:teuthology.orchestra.run.smithi090.stderr:/usr/bin/ceph:
2024-02-23T00:23:14.431+0000 7fb970ff9700 1 -- 172.21.15.90:0/227342051 <== mgr.14142 v2:172.21.15.90:6800/614814404 1 ==== mgr_command_reply(tid 0: 0 ) v1 ==== 8+0+33 (secure 0 0 0) 0x7fb97410e410 con 0x7fb95402ff20
2024-02-23T00:23:14.432 INFO:teuthology.orchestra.run.smithi090.stderr:/usr/bin/ceph: Scheduled alertmanager update...
2024-02-23T00:23:14.435 INFO:teuthology.orchestra.run.smithi090.stderr:/usr/bin/ceph:
2024-02-23T00:23:14.432+0000 7fb97a93a700 1 -- 172.21.15.90:0/227342051 >> [v2:172.21.15.90:6800/614814404,v1:172.21.15.90:6801/614814404] conn(0x7fb95402ff20 msgr2=0x7fb9540323e0 secure :-1 s=STATE_CONNECTION_ESTABLISHED l=1).mark_down
2024-02-23T00:23:14.435 INFO:teuthology.orchestra.run.smithi090.stderr:/usr/bin/ceph:
2024-02-23T00:23:14.432+0000 7fb97a93a700 1 --2- 172.21.15.90:0/227342051 >> [v2:172.21.15.90:6800/614814404,v1:172.21.15.90:6801/614814404] conn(0x7fb95402ff20 0x7fb9540323e0 secure :-1 s=READY pgs=8 cs=0 l=1 rev1=1 rx=0x7fb9640096a0 tx=0x7fb964006b40).stop
2024-02-23T00:23:14.435 INFO:teuthology.orchestra.run.smithi090.stderr:/usr/bin/ceph:
2024-02-23T00:23:14.432+0000 7fb97a93a700 1 -- 172.21.15.90:0/227342051 >> [v2:172.21.15.90:3300/0,v1:172.21.15.90:6789/0] conn(0x7fb9740fad90 msgr2=0x7fb97410ce10 secure :-1 s=STATE_CONNECTION_ESTABLISHED l=1).mark_down
2024-02-23T00:23:14.435 INFO:teuthology.orchestra.run.smithi090.stderr:/usr/bin/ceph:
2024-02-23T00:23:14.432+0000 7fb97a93a700 1 --2- 172.21.15.90:0/227342051 >> [v2:172.21.15.90:3300/0,v1:172.21.15.90:6789/0] conn(0x7fb9740fad90 0x7fb97410ce10 secure :-1 s=READY pgs=61 cs=0 l=1 rev1=1 rx=0x7fb95c00bf40 tx=0x7fb95c006ee0).stop
2024-02-23T00:23:14.435 INFO:teuthology.orchestra.run.smithi090.stderr:/usr/bin/ceph:
2024-02-23T00:23:14.432+0000 7fb97a93a700 1 -- 172.21.15.90:0/227342051 shutdown_connections
2024-02-23T00:23:14.435 INFO:teuthology.orchestra.run.smithi090.stderr:/usr/bin/ceph:
2024-02-23T00:23:14.432+0000 7fb97a93a700 1 --2- 172.21.15.90:0/227342051 >> [v2:172.21.15.90:6800/614814404,v1:172.21.15.90:6801/614814404] conn(0x7fb95402ff20 0x7fb9540323e0 unknown :-1 s=CLOSED pgs=8 cs=0 l=1 rev1=1 rx=0 tx=0).stop
2024-02-23T00:23:14.435 INFO:teuthology.orchestra.run.smithi090.stderr:/usr/bin/ceph:
2024-02-23T00:23:14.432+0000 7fb97a93a700 1 --2- 172.21.15.90:0/227342051 >> [v2:172.21.15.90:3300/0,v1:172.21.15.90:6789/0] conn(0x7fb9740fad90 0x7fb97410ce10 unknown :-1 s=CLOSED pgs=61 cs=0 l=1 rev1=1 rx=0 tx=0).stop
2024-02-23T00:23:14.435 INFO:teuthology.orchestra.run.smithi090.stderr:/usr/bin/ceph:
2024-02-23T00:23:14.432+0000 7fb97a93a700 1 -- 172.21.15.90:0/227342051 >> 172.21.15.90:0/227342051 conn(0x7fb9740f6530 msgr2=0x7fb974070070 unknown :-1 s=STATE_NONE l=0).mark_down
2024-02-23T00:23:14.436 INFO:teuthology.orchestra.run.smithi090.stderr:/usr/bin/ceph:
2024-02-23T00:23:14.433+0000 7fb97a93a700 1 -- 172.21.15.90:0/227342051 shutdown_connections
2024-02-23T00:23:14.436 INFO:teuthology.orchestra.run.smithi090.stderr:/usr/bin/ceph:
2024-02-23T00:23:14.433+0000 7fb97a93a700 1 -- 172.21.15.90:0/227342051 wait complete.
2024-02-23T00:23:14.772 INFO:journalctl@ceph.mon.smithi090.smithi090.stdout:Feb 23 00:23:14 smithi090 ceph-898d23fe-d1e1-11ee-95c0-87774f69a715-mon.smithi090[38180]: audit
2024-02-23T00:23:13.145617+0000 mgr.smithi090.pxxmlz (mgr.14142) 5 : audit [DBG] from='client.14152 -' entity='client.admin' cmd=[{"prefix": "orch apply", "service_type": "node-exporter", "target": ["mon-mgr", ""]}]: dispatch
2024-02-23T00:23:14.773 INFO:journalctl@ceph.mon.smithi090.smithi090.stdout:Feb 23 00:23:14 smithi090 ceph-898d23fe-d1e1-11ee-95c0-87774f69a715-mon.smithi090[38180]: cephadm
2024-02-23T00:23:13.146271+0000 mgr.smithi090.pxxmlz (mgr.14142) 6 : cephadm [INF] Saving service node-exporter spec with placement *
2024-02-23T00:23:14.773 INFO:journalctl@ceph.mon.smithi090.smithi090.stdout:Feb 23 00:23:14 smithi090 ceph-898d23fe-d1e1-11ee-95c0-87774f69a715-mon.smithi090[38180]: audit
2024-02-23T00:23:14.428905+0000 mgr.smithi090.pxxmlz (mgr.14142) 7 : audit [DBG] from='client.14154 -' entity='client.admin' cmd=[{"prefix": "orch apply", "service_type": "alertmanager", "target": ["mon-mgr", ""]}]: dispatch
2024-02-23T00:23:14.773 INFO:journalctl@ceph.mon.smithi090.smithi090.stdout:Feb 23 00:23:14 smithi090 ceph-898d23fe-d1e1-11ee-95c0-87774f69a715-mon.smithi090[38180]: cephadm
2024-02-23T00:23:14.429458+0000 mgr.smithi090.pxxmlz (mgr.14142) 8 : cephadm [INF] Saving service alertmanager spec with placement count:1
2024-02-23T00:23:14.773 INFO:journalctl@ceph.mon.smithi090.smithi090.stdout:Feb 23 00:23:14 smithi090 ceph-898d23fe-d1e1-11ee-95c0-87774f69a715-mon.smithi090[38180]: audit
2024-02-23T00:23:14.431777+0000 mon.smithi090 (mon.0) 81 : audit [INF] from='mgr.14142 172.21.15.90:0/4228577172' entity='mgr.smithi090.pxxmlz'
2024-02-23T00:23:15.078 INFO:teuthology.orchestra.run.smithi090.stderr:Running command: /bin/podman run --rm --ipc=host --no-hosts --net=host --entrypoint /usr/bin/ceph --init -e CONTAINER_IMAGE=docker.io/ceph/ceph:v16.2.4 -e NODE_NAME=smithi090 -e CEPH_USE_RANDOM_NONCE=1 -v /var/log/ceph/898d23fe-d1e1-11ee-95c0-87774f69a715:/var/log/ceph:z -v /tmp/ceph-tmp0uizib5l:/etc/ceph/ceph.client.admin.keyring:z -v /tmp/ceph-tmpkbjnfme7:/etc/ceph/ceph.conf:z docker.io/ceph/ceph:v16.2.4 config set mgr mgr/cephadm/container_init True --force
2024-02-23T00:23:15.620 INFO:teuthology.orchestra.run.smithi090.stderr:/usr/bin/ceph:
2024-02-23T00:23:15.614+0000 7fc5e8cce700 1 Processor -- start
2024-02-23T00:23:15.620 INFO:teuthology.orchestra.run.smithi090.stderr:/usr/bin/ceph:
2024-02-23T00:23:15.614+0000 7fc5e8cce700 1 -- start start
2024-02-23T00:23:15.620 INFO:teuthology.orchestra.run.smithi090.stderr:/usr/bin/ceph:
2024-02-23T00:23:15.614+0000 7fc5e8cce700 1 --2- >> [v2:172.21.15.90:3300/0,v1:172.21.15.90:6789/0] conn(0x7fc5e40703b0 0x7fc5e4100ed0 unknown :-1 s=NONE pgs=0 cs=0 l=0 rev1=0 rx=0 tx=0).connect
2024-02-23T00:23:15.620 INFO:teuthology.orchestra.run.smithi090.stderr:/usr/bin/ceph:
2024-02-23T00:23:15.614+0000 7fc5e8cce700 1 -- --> [v2:172.21.15.90:3300/0,v1:172.21.15.90:6789/0] -- mon_getmap magic: 0 v1 -- 0x7fc5e40fc8c0 con 0x7fc5e40703b0
2024-02-23T00:23:15.620 INFO:teuthology.orchestra.run.smithi090.stderr:/usr/bin/ceph:
2024-02-23T00:23:15.614+0000 7fc5e259c700 1 --2- >> [v2:172.21.15.90:3300/0,v1:172.21.15.90:6789/0] conn(0x7fc5e40703b0 0x7fc5e4100ed0 unknown :-1 s=BANNER_CONNECTING pgs=0 cs=0 l=0 rev1=0 rx=0 tx=0)._handle_peer_banner_payload supported=1 required=0
2024-02-23T00:23:15.620 INFO:teuthology.orchestra.run.smithi090.stderr:/usr/bin/ceph:
2024-02-23T00:23:15.614+0000 7fc5e259c700 1 --2- >> [v2:172.21.15.90:3300/0,v1:172.21.15.90:6789/0] conn(0x7fc5e40703b0 0x7fc5e4100ed0 unknown :-1 s=HELLO_CONNECTING pgs=0 cs=0 l=0 rev1=1 rx=0 tx=0).handle_hello peer v2:172.21.15.90:3300/0 says I am v2:172.21.15.90:32790/0 (socket says 172.21.15.90:32790)
2024-02-23T00:23:15.620 INFO:teuthology.orchestra.run.smithi090.stderr:/usr/bin/ceph:
2024-02-23T00:23:15.614+0000 7fc5e259c700 1 -- 172.21.15.90:0/2223086448 learned_addr learned my addr 172.21.15.90:0/2223086448 (peer_addr_for_me v2:172.21.15.90:0/0)
2024-02-23T00:23:15.620 INFO:teuthology.orchestra.run.smithi090.stderr:/usr/bin/ceph:
2024-02-23T00:23:15.614+0000 7fc5e259c700 1 -- 172.21.15.90:0/2223086448 --> [v2:172.21.15.90:3300/0,v1:172.21.15.90:6789/0] -- mon_subscribe({config=0+,monmap=0+}) v3 -- 0x7fc5e41013c0 con 0x7fc5e40703b0
2024-02-23T00:23:15.620 INFO:teuthology.orchestra.run.smithi090.stderr:/usr/bin/ceph:
2024-02-23T00:23:15.615+0000 7fc5e259c700 1 --2- 172.21.15.90:0/2223086448 >> [v2:172.21.15.90:3300/0,v1:172.21.15.90:6789/0] conn(0x7fc5e40703b0 0x7fc5e4100ed0 secure :-1 s=READY pgs=62 cs=0 l=1 rev1=1 rx=0x7fc5d400b5f0 tx=0x7fc5d4006ee0).ready entity=mon.0 client_cookie=c9bfbbafee7ab04f server_cookie=0 in_seq=0 out_seq=0
2024-02-23T00:23:15.620 INFO:teuthology.orchestra.run.smithi090.stderr:/usr/bin/ceph:
2024-02-23T00:23:15.615+0000 7fc5e159a700 1 -- 172.21.15.90:0/2223086448 <== mon.0 v2:172.21.15.90:3300/0 1 ==== mon_map magic: 0 v1 ==== 229+0+0 (secure 0 0 0) 0x7fc5d400d600 con 0x7fc5e40703b0
2024-02-23T00:23:15.620 INFO:teuthology.orchestra.run.smithi090.stderr:/usr/bin/ceph:
2024-02-23T00:23:15.615+0000 7fc5e159a700 1 -- 172.21.15.90:0/2223086448 <== mon.0 v2:172.21.15.90:3300/0 2 ==== config(26 keys) v1 ==== 1045+0+0 (secure 0 0 0) 0x7fc5d400dbf0 con 0x7fc5e40703b0
2024-02-23T00:23:15.620 INFO:teuthology.orchestra.run.smithi090.stderr:/usr/bin/ceph:
2024-02-23T00:23:15.615+0000 7fc5e159a700 1 -- 172.21.15.90:0/2223086448 <== mon.0 v2:172.21.15.90:3300/0 3 ==== mon_map magic: 0 v1 ==== 229+0+0 (secure 0 0 0) 0x7fc5d4011cb0 con 0x7fc5e40703b0
2024-02-23T00:23:15.621 INFO:teuthology.orchestra.run.smithi090.stderr:/usr/bin/ceph:
2024-02-23T00:23:15.615+0000 7fc5e8cce700 1 -- 172.21.15.90:0/2223086448 >> [v2:172.21.15.90:3300/0,v1:172.21.15.90:6789/0] conn(0x7fc5e40703b0 msgr2=0x7fc5e4100ed0 secure :-1 s=STATE_CONNECTION_ESTABLISHED l=1).mark_down
2024-02-23T00:23:15.621 INFO:teuthology.orchestra.run.smithi090.stderr:/usr/bin/ceph:
2024-02-23T00:23:15.615+0000 7fc5e8cce700 1 --2- 172.21.15.90:0/2223086448 >> [v2:172.21.15.90:3300/0,v1:172.21.15.90:6789/0] conn(0x7fc5e40703b0 0x7fc5e4100ed0 secure :-1 s=READY pgs=62 cs=0 l=1 rev1=1 rx=0x7fc5d400b5f0 tx=0x7fc5d4006ee0).stop
2024-02-23T00:23:15.621 INFO:teuthology.orchestra.run.smithi090.stderr:/usr/bin/ceph:
2024-02-23T00:23:15.615+0000 7fc5e8cce700 1 -- 172.21.15.90:0/2223086448 shutdown_connections
2024-02-23T00:23:15.621 INFO:teuthology.orchestra.run.smithi090.stderr:/usr/bin/ceph:
2024-02-23T00:23:15.615+0000 7fc5e8cce700 1 --2- 172.21.15.90:0/2223086448 >> [v2:172.21.15.90:3300/0,v1:172.21.15.90:6789/0] conn(0x7fc5e40703b0 0x7fc5e4100ed0 unknown :-1 s=CLOSED pgs=62 cs=0 l=1 rev1=1 rx=0 tx=0).stop
2024-02-23T00:23:15.621 INFO:teuthology.orchestra.run.smithi090.stderr:/usr/bin/ceph:
2024-02-23T00:23:15.615+0000 7fc5e8cce700 1 -- 172.21.15.90:0/2223086448 >> 172.21.15.90:0/2223086448 conn(0x7fc5e40f6530 msgr2=0x7fc5e40f8950 unknown :-1 s=STATE_NONE l=0).mark_down
2024-02-23T00:23:15.621 INFO:teuthology.orchestra.run.smithi090.stderr:/usr/bin/ceph:
2024-02-23T00:23:15.615+0000 7fc5e8cce700 1 -- 172.21.15.90:0/2223086448 shutdown_connections
2024-02-23T00:23:15.621 INFO:teuthology.orchestra.run.smithi090.stderr:/usr/bin/ceph:
2024-02-23T00:23:15.615+0000 7fc5e8cce700 1 -- 172.21.15.90:0/2223086448 wait complete.
2024-02-23T00:23:15.621 INFO:teuthology.orchestra.run.smithi090.stderr:/usr/bin/ceph:
2024-02-23T00:23:15.616+0000 7fc5e8cce700 1 Processor -- start
2024-02-23T00:23:15.621 INFO:teuthology.orchestra.run.smithi090.stderr:/usr/bin/ceph:
2024-02-23T00:23:15.616+0000 7fc5e8cce700 1 -- start start
2024-02-23T00:23:15.621 INFO:teuthology.orchestra.run.smithi090.stderr:/usr/bin/ceph:
2024-02-23T00:23:15.616+0000 7fc5e8cce700 1 --2- >> [v2:172.21.15.90:3300/0,v1:172.21.15.90:6789/0] conn(0x7fc5e40703b0 0x7fc5e410ce20 unknown :-1 s=NONE pgs=0 cs=0 l=1 rev1=0 rx=0 tx=0).connect
2024-02-23T00:23:15.621 INFO:teuthology.orchestra.run.smithi090.stderr:/usr/bin/ceph:
2024-02-23T00:23:15.616+0000 7fc5e8cce700 1 -- --> [v2:172.21.15.90:3300/0,v1:172.21.15.90:6789/0] -- mon_getmap magic: 0 v1 -- 0x7fc5e410d310 con 0x7fc5e40703b0
2024-02-23T00:23:15.621 INFO:teuthology.orchestra.run.smithi090.stderr:/usr/bin/ceph:
2024-02-23T00:23:15.616+0000 7fc5e259c700 1 --2- >> [v2:172.21.15.90:3300/0,v1:172.21.15.90:6789/0] conn(0x7fc5e40703b0 0x7fc5e410ce20 unknown :-1 s=BANNER_CONNECTING pgs=0 cs=0 l=1 rev1=0 rx=0 tx=0)._handle_peer_banner_payload supported=1 required=0
2024-02-23T00:23:15.621 INFO:teuthology.orchestra.run.smithi090.stderr:/usr/bin/ceph:
2024-02-23T00:23:15.616+0000 7fc5e259c700 1 --2- >> [v2:172.21.15.90:3300/0,v1:172.21.15.90:6789/0] conn(0x7fc5e40703b0 0x7fc5e410ce20 unknown :-1 s=HELLO_CONNECTING pgs=0 cs=0 l=1 rev1=1 rx=0 tx=0).handle_hello peer v2:172.21.15.90:3300/0 says I am v2:172.21.15.90:32798/0 (socket says 172.21.15.90:32798)
2024-02-23T00:23:15.621 INFO:teuthology.orchestra.run.smithi090.stderr:/usr/bin/ceph:
2024-02-23T00:23:15.616+0000 7fc5e259c700 1 -- 172.21.15.90:0/3310638136 learned_addr learned my addr 172.21.15.90:0/3310638136 (peer_addr_for_me v2:172.21.15.90:0/0)
2024-02-23T00:23:15.622 INFO:teuthology.orchestra.run.smithi090.stderr:/usr/bin/ceph:
2024-02-23T00:23:15.616+0000 7fc5e259c700 1 -- 172.21.15.90:0/3310638136 --> [v2:172.21.15.90:3300/0,v1:172.21.15.90:6789/0] -- mon_subscribe({config=0+,monmap=0+}) v3 -- 0x7fc5d400b200 con 0x7fc5e40703b0
2024-02-23T00:23:15.622 INFO:teuthology.orchestra.run.smithi090.stderr:/usr/bin/ceph:
2024-02-23T00:23:15.617+0000 7fc5e259c700 1 --2- 172.21.15.90:0/3310638136 >> [v2:172.21.15.90:3300/0,v1:172.21.15.90:6789/0] conn(0x7fc5e40703b0 0x7fc5e410ce20 secure :-1 s=READY pgs=63 cs=0 l=1 rev1=1 rx=0x7fc5d400df90 tx=0x7fc5d4006ee0).ready entity=mon.0 client_cookie=0 server_cookie=0 in_seq=0 out_seq=0
2024-02-23T00:23:15.622 INFO:teuthology.orchestra.run.smithi090.stderr:/usr/bin/ceph:
2024-02-23T00:23:15.617+0000 7fc5d2ffd700 1 -- 172.21.15.90:0/3310638136 <== mon.0 v2:172.21.15.90:3300/0 1 ==== mon_map magic: 0 v1 ==== 229+0+0 (secure 0 0 0) 0x7fc5d401b410 con 0x7fc5e40703b0
2024-02-23T00:23:15.622 INFO:teuthology.orchestra.run.smithi090.stderr:/usr/bin/ceph:
2024-02-23T00:23:15.617+0000 7fc5d2ffd700 1 -- 172.21.15.90:0/3310638136 <== mon.0 v2:172.21.15.90:3300/0 2 ==== config(26 keys) v1 ==== 1045+0+0 (secure 0 0 0) 0x7fc5d401ba00 con 0x7fc5e40703b0
2024-02-23T00:23:15.622 INFO:teuthology.orchestra.run.smithi090.stderr:/usr/bin/ceph:
2024-02-23T00:23:15.617+0000 7fc5e8cce700 1 -- 172.21.15.90:0/3310638136 --> [v2:172.21.15.90:3300/0,v1:172.21.15.90:6789/0] -- mon_subscribe({mgrmap=0+}) v3 -- 0x7fc5e410d510 con 0x7fc5e40703b0
2024-02-23T00:23:15.622 INFO:teuthology.orchestra.run.smithi090.stderr:/usr/bin/ceph:
2024-02-23T00:23:15.617+0000 7fc5d2ffd700 1 -- 172.21.15.90:0/3310638136 <== mon.0 v2:172.21.15.90:3300/0 3 ==== mon_map magic: 0 v1 ==== 229+0+0 (secure 0 0 0) 0x7fc5d401aa30 con 0x7fc5e40703b0
2024-02-23T00:23:15.622 INFO:teuthology.orchestra.run.smithi090.stderr:/usr/bin/ceph:
2024-02-23T00:23:15.617+0000 7fc5e8cce700 1 -- 172.21.15.90:0/3310638136 --> [v2:172.21.15.90:3300/0,v1:172.21.15.90:6789/0] -- mon_subscribe({osdmap=0}) v3 -- 0x7fc5e410e120 con 0x7fc5e40703b0
2024-02-23T00:23:15.622 INFO:teuthology.orchestra.run.smithi090.stderr:/usr/bin/ceph:
2024-02-23T00:23:15.618+0000 7fc5d2ffd700 1 -- 172.21.15.90:0/3310638136 <== mon.0 v2:172.21.15.90:3300/0 4 ==== mgrmap(e 12) v1 ==== 36195+0+0 (secure 0 0 0) 0x7fc5d400f070 con 0x7fc5e40703b0
2024-02-23T00:23:15.622 INFO:teuthology.orchestra.run.smithi090.stderr:/usr/bin/ceph:
2024-02-23T00:23:15.618+0000 7fc5d2ffd700 1 --2- 172.21.15.90:0/3310638136 >> [v2:172.21.15.90:6800/614814404,v1:172.21.15.90:6801/614814404] conn(0x7fc5c802ff20 0x7fc5c80323e0 unknown :-1 s=NONE pgs=0 cs=0 l=1 rev1=0 rx=0 tx=0).connect
2024-02-23T00:23:15.622 INFO:teuthology.orchestra.run.smithi090.stderr:/usr/bin/ceph:
2024-02-23T00:23:15.618+0000 7fc5e8cce700 1 -- 172.21.15.90:0/3310638136 --> [v2:172.21.15.90:3300/0,v1:172.21.15.90:6789/0] -- mon_command({"prefix": "get_command_descriptions"} v 0) v1 -- 0x7fc5e4059100 con 0x7fc5e40703b0
2024-02-23T00:23:15.622 INFO:teuthology.orchestra.run.smithi090.stderr:/usr/bin/ceph:
2024-02-23T00:23:15.618+0000 7fc5d2ffd700 1 -- 172.21.15.90:0/3310638136 <== mon.0 v2:172.21.15.90:3300/0 5 ==== osd_map(3..3 src has 1..3) v4 ==== 1098+0+0 (secure 0 0 0) 0x7fc5d4041330 con 0x7fc5e40703b0
2024-02-23T00:23:15.622 INFO:teuthology.orchestra.run.smithi090.stderr:/usr/bin/ceph:
2024-02-23T00:23:15.618+0000 7fc5e1d9b700 1 --2- 172.21.15.90:0/3310638136 >> [v2:172.21.15.90:6800/614814404,v1:172.21.15.90:6801/614814404] conn(0x7fc5c802ff20 0x7fc5c80323e0 unknown :-1 s=BANNER_CONNECTING pgs=0 cs=0 l=1 rev1=0 rx=0 tx=0)._handle_peer_banner_payload supported=1 required=0
2024-02-23T00:23:15.622 INFO:teuthology.orchestra.run.smithi090.stderr:/usr/bin/ceph:
2024-02-23T00:23:15.618+0000 7fc5e1d9b700 1 --2- 172.21.15.90:0/3310638136 >> [v2:172.21.15.90:6800/614814404,v1:172.21.15.90:6801/614814404] conn(0x7fc5c802ff20 0x7fc5c80323e0 secure :-1 s=READY pgs=9 cs=0 l=1 rev1=1 rx=0x7fc5d80096a0 tx=0x7fc5d8006b40).ready entity=mgr.14142 client_cookie=0 server_cookie=0 in_seq=0 out_seq=0
2024-02-23T00:23:15.623 INFO:teuthology.orchestra.run.smithi090.stderr:/usr/bin/ceph:
2024-02-23T00:23:15.622+0000 7fc5d2ffd700 1 -- 172.21.15.90:0/3310638136 <== mon.0 v2:172.21.15.90:3300/0 6 ==== mon_command_ack([{"prefix": "get_command_descriptions"}]=0 v0) v1 ==== 72+0+152212 (secure 0 0 0) 0x7fc5d4016070 con 0x7fc5e40703b0
2024-02-23T00:23:15.772 INFO:teuthology.orchestra.run.smithi090.stderr:/usr/bin/ceph:
2024-02-23T00:23:15.771+0000 7fc5e8cce700 1 -- 172.21.15.90:0/3310638136 --> [v2:172.21.15.90:3300/0,v1:172.21.15.90:6789/0] -- mon_command([{prefix=config set, name=mgr/cephadm/container_init}] v 0) v1 -- 0x7fc5e4045ad0 con 0x7fc5e40703b0
2024-02-23T00:23:15.775 INFO:teuthology.orchestra.run.smithi090.stderr:/usr/bin/ceph:
2024-02-23T00:23:15.774+0000 7fc5d2ffd700 1 -- 172.21.15.90:0/3310638136 <== mon.0 v2:172.21.15.90:3300/0 7 ==== mon_command_ack([{prefix=config set, name=mgr/cephadm/container_init}]=0 v8)=0 v8) v1 ==== 142+0+0 (secure 0 0 0) 0x7fc5d4022d20 con 0x7fc5e40703b0
2024-02-23T00:23:15.778 INFO:teuthology.orchestra.run.smithi090.stderr:/usr/bin/ceph:
2024-02-23T00:23:15.776+0000 7fc5e8cce700 1 -- 172.21.15.90:0/3310638136 >> [v2:172.21.15.90:6800/614814404,v1:172.21.15.90:6801/614814404] conn(0x7fc5c802ff20 msgr2=0x7fc5c80323e0 secure :-1 s=STATE_CONNECTION_ESTABLISHED l=1).mark_down
2024-02-23T00:23:15.778 INFO:teuthology.orchestra.run.smithi090.stderr:/usr/bin/ceph:
2024-02-23T00:23:15.776+0000 7fc5e8cce700 1 --2- 172.21.15.90:0/3310638136 >> [v2:172.21.15.90:6800/614814404,v1:172.21.15.90:6801/614814404] conn(0x7fc5c802ff20 0x7fc5c80323e0 secure :-1 s=READY pgs=9 cs=0 l=1 rev1=1 rx=0x7fc5d80096a0 tx=0x7fc5d8006b40).stop
2024-02-23T00:23:15.778 INFO:teuthology.orchestra.run.smithi090.stderr:/usr/bin/ceph:
2024-02-23T00:23:15.776+0000 7fc5e8cce700 1 -- 172.21.15.90:0/3310638136 >> [v2:172.21.15.90:3300/0,v1:172.21.15.90:6789/0] conn(0x7fc5e40703b0 msgr2=0x7fc5e410ce20 secure :-1 s=STATE_CONNECTION_ESTABLISHED l=1).mark_down
2024-02-23T00:23:15.778 INFO:teuthology.orchestra.run.smithi090.stderr:/usr/bin/ceph:
2024-02-23T00:23:15.776+0000 7fc5e8cce700 1 --2- 172.21.15.90:0/3310638136 >> [v2:172.21.15.90:3300/0,v1:172.21.15.90:6789/0] conn(0x7fc5e40703b0 0x7fc5e410ce20 secure :-1 s=READY pgs=63 cs=0 l=1 rev1=1 rx=0x7fc5d400df90 tx=0x7fc5d4006ee0).stop
2024-02-23T00:23:15.778 INFO:teuthology.orchestra.run.smithi090.stderr:/usr/bin/ceph:
2024-02-23T00:23:15.776+0000 7fc5e8cce700 1 -- 172.21.15.90:0/3310638136 shutdown_connections
2024-02-23T00:23:15.778 INFO:teuthology.orchestra.run.smithi090.stderr:/usr/bin/ceph:
2024-02-23T00:23:15.776+0000 7fc5e8cce700 1 --2- 172.21.15.90:0/3310638136 >> [v2:172.21.15.90:6800/614814404,v1:172.21.15.90:6801/614814404] conn(0x7fc5c802ff20 0x7fc5c80323e0 unknown :-1 s=CLOSED pgs=9 cs=0 l=1 rev1=1 rx=0 tx=0).stop
2024-02-23T00:23:15.779 INFO:teuthology.orchestra.run.smithi090.stderr:/usr/bin/ceph:
2024-02-23T00:23:15.776+0000 7fc5e8cce700 1 --2- 172.21.15.90:0/3310638136 >> [v2:172.21.15.90:3300/0,v1:172.21.15.90:6789/0] conn(0x7fc5e40703b0 0x7fc5e410ce20 unknown :-1 s=CLOSED pgs=63 cs=0 l=1 rev1=1 rx=0 tx=0).stop
2024-02-23T00:23:15.779 INFO:teuthology.orchestra.run.smithi090.stderr:/usr/bin/ceph:
2024-02-23T00:23:15.776+0000 7fc5e8cce700 1 -- 172.21.15.90:0/3310638136 >> 172.21.15.90:0/3310638136 conn(0x7fc5e40f6530 msgr2=0x7fc5e40f8010 unknown :-1 s=STATE_NONE l=0).mark_down
2024-02-23T00:23:15.779 INFO:teuthology.orchestra.run.smithi090.stderr:/usr/bin/ceph:
2024-02-23T00:23:15.777+0000 7fc5e8cce700 1 -- 172.21.15.90:0/3310638136 shutdown_connections
2024-02-23T00:23:15.779 INFO:teuthology.orchestra.run.smithi090.stderr:/usr/bin/ceph:
2024-02-23T00:23:15.777+0000 7fc5e8cce700 1 -- 172.21.15.90:0/3310638136 wait complete.
2024-02-23T00:23:16.345 INFO:teuthology.orchestra.run.smithi090.stderr:Running command: /bin/podman run --rm --ipc=host --no-hosts --net=host --entrypoint /usr/bin/ceph --init -e CONTAINER_IMAGE=docker.io/ceph/ceph:v16.2.4 -e NODE_NAME=smithi090 -e CEPH_USE_RANDOM_NONCE=1 -v /var/log/ceph/898d23fe-d1e1-11ee-95c0-87774f69a715:/var/log/ceph:z -v /tmp/ceph-tmp0uizib5l:/etc/ceph/ceph.client.admin.keyring:z -v /tmp/ceph-tmpkbjnfme7:/etc/ceph/ceph.conf:z docker.io/ceph/ceph:v16.2.4 config set mgr mgr/dashboard/ssl_server_port 8443
2024-02-23T00:23:16.962 INFO:teuthology.orchestra.run.smithi090.stderr:/usr/bin/ceph:
2024-02-23T00:23:16.914+0000 7f3a66e20700 1 Processor -- start
2024-02-23T00:23:16.962 INFO:teuthology.orchestra.run.smithi090.stderr:/usr/bin/ceph:
2024-02-23T00:23:16.914+0000 7f3a66e20700 1 -- start start
2024-02-23T00:23:16.962 INFO:teuthology.orchestra.run.smithi090.stderr:/usr/bin/ceph:
2024-02-23T00:23:16.914+0000 7f3a66e20700 1 --2- >> [v2:172.21.15.90:3300/0,v1:172.21.15.90:6789/0] conn(0x7f3a60070430 0x7f3a600fea50 unknown :-1 s=NONE pgs=0 cs=0 l=0 rev1=0 rx=0 tx=0).connect
2024-02-23T00:23:16.962 INFO:teuthology.orchestra.run.smithi090.stderr:/usr/bin/ceph:
2024-02-23T00:23:16.914+0000 7f3a66e20700 1 -- --> [v2:172.21.15.90:3300/0,v1:172.21.15.90:6789/0] -- mon_getmap magic: 0 v1 -- 0x7f3a600fef40 con 0x7f3a60070430
2024-02-23T00:23:16.962 INFO:teuthology.orchestra.run.smithi090.stderr:/usr/bin/ceph:
2024-02-23T00:23:16.914+0000 7f3a64bbc700 1 --2- >> [v2:172.21.15.90:3300/0,v1:172.21.15.90:6789/0] conn(0x7f3a60070430 0x7f3a600fea50 unknown :-1 s=BANNER_CONNECTING pgs=0 cs=0 l=0 rev1=0 rx=0 tx=0)._handle_peer_banner_payload supported=1 required=0
2024-02-23T00:23:16.962 INFO:teuthology.orchestra.run.smithi090.stderr:/usr/bin/ceph:
2024-02-23T00:23:16.914+0000 7f3a64bbc700 1 --2- >> [v2:172.21.15.90:3300/0,v1:172.21.15.90:6789/0] conn(0x7f3a60070430 0x7f3a600fea50 unknown :-1 s=HELLO_CONNECTING pgs=0 cs=0 l=0 rev1=1 rx=0 tx=0).handle_hello peer v2:172.21.15.90:3300/0 says I am v2:172.21.15.90:32814/0 (socket says 172.21.15.90:32814)
2024-02-23T00:23:16.962 INFO:teuthology.orchestra.run.smithi090.stderr:/usr/bin/ceph:
2024-02-23T00:23:16.914+0000 7f3a64bbc700 1 -- 172.21.15.90:0/3349851295 learned_addr learned my addr 172.21.15.90:0/3349851295 (peer_addr_for_me v2:172.21.15.90:0/0)
2024-02-23T00:23:16.962 INFO:teuthology.orchestra.run.smithi090.stderr:/usr/bin/ceph:
2024-02-23T00:23:16.915+0000 7f3a64bbc700 1 -- 172.21.15.90:0/3349851295 --> [v2:172.21.15.90:3300/0,v1:172.21.15.90:6789/0] -- mon_subscribe({config=0+,monmap=0+}) v3 -- 0x7f3a600ff080 con 0x7f3a60070430
2024-02-23T00:23:16.962 INFO:teuthology.orchestra.run.smithi090.stderr:/usr/bin/ceph:
2024-02-23T00:23:16.915+0000 7f3a64bbc700 1 --2- 172.21.15.90:0/3349851295 >> [v2:172.21.15.90:3300/0,v1:172.21.15.90:6789/0] conn(0x7f3a60070430 0x7f3a600fea50 secure :-1 s=READY pgs=64 cs=0 l=1 rev1=1 rx=0x7f3a5400b5f0 tx=0x7f3a54006ee0).ready entity=mon.0 client_cookie=b694ee207cea3f5e server_cookie=0 in_seq=0 out_seq=0
2024-02-23T00:23:16.962 INFO:teuthology.orchestra.run.smithi090.stderr:/usr/bin/ceph:
2024-02-23T00:23:16.915+0000 7f3a5f7fe700 1 -- 172.21.15.90:0/3349851295 <== mon.0 v2:172.21.15.90:3300/0 1 ==== mon_map magic: 0 v1 ==== 229+0+0 (secure 0 0 0) 0x7f3a5400d600 con 0x7f3a60070430
2024-02-23T00:23:16.963 INFO:teuthology.orchestra.run.smithi090.stderr:/usr/bin/ceph:
2024-02-23T00:23:16.915+0000 7f3a5f7fe700 1 -- 172.21.15.90:0/3349851295 <== mon.0 v2:172.21.15.90:3300/0 2 ==== config(26 keys) v1 ==== 1045+0+0 (secure 0 0 0) 0x7f3a5400dbf0 con 0x7f3a60070430
2024-02-23T00:23:16.963 INFO:teuthology.orchestra.run.smithi090.stderr:/usr/bin/ceph:
2024-02-23T00:23:16.915+0000 7f3a5f7fe700 1 -- 172.21.15.90:0/3349851295 <== mon.0 v2:172.21.15.90:3300/0 3 ==== mon_map magic: 0 v1 ==== 229+0+0 (secure 0 0 0) 0x7f3a54011cb0 con 0x7f3a60070430
2024-02-23T00:23:16.963 INFO:teuthology.orchestra.run.smithi090.stderr:/usr/bin/ceph:
2024-02-23T00:23:16.915+0000 7f3a66e20700 1 -- 172.21.15.90:0/3349851295 >> [v2:172.21.15.90:3300/0,v1:172.21.15.90:6789/0] conn(0x7f3a60070430 msgr2=0x7f3a600fea50 secure :-1 s=STATE_CONNECTION_ESTABLISHED l=1).mark_down
2024-02-23T00:23:16.963 INFO:teuthology.orchestra.run.smithi090.stderr:/usr/bin/ceph:
2024-02-23T00:23:16.915+0000 7f3a66e20700 1 --2- 172.21.15.90:0/3349851295 >> [v2:172.21.15.90:3300/0,v1:172.21.15.90:6789/0] conn(0x7f3a60070430 0x7f3a600fea50 secure :-1 s=READY pgs=64 cs=0 l=1 rev1=1 rx=0x7f3a5400b5f0 tx=0x7f3a54006ee0).stop
2024-02-23T00:23:16.963 INFO:teuthology.orchestra.run.smithi090.stderr:/usr/bin/ceph:
2024-02-23T00:23:16.915+0000 7f3a66e20700 1 -- 172.21.15.90:0/3349851295 shutdown_connections
2024-02-23T00:23:16.963 INFO:teuthology.orchestra.run.smithi090.stderr:/usr/bin/ceph:
2024-02-23T00:23:16.915+0000 7f3a66e20700 1 --2- 172.21.15.90:0/3349851295 >> [v2:172.21.15.90:3300/0,v1:172.21.15.90:6789/0] conn(0x7f3a60070430 0x7f3a600fea50 unknown :-1 s=CLOSED pgs=64 cs=0 l=1 rev1=1 rx=0 tx=0).stop
2024-02-23T00:23:16.963 INFO:teuthology.orchestra.run.smithi090.stderr:/usr/bin/ceph:
2024-02-23T00:23:16.915+0000 7f3a66e20700 1 -- 172.21.15.90:0/3349851295 >> 172.21.15.90:0/3349851295 conn(0x7f3a600f6530 msgr2=0x7f3a600f8950 unknown :-1 s=STATE_NONE l=0).mark_down
2024-02-23T00:23:16.963 INFO:teuthology.orchestra.run.smithi090.stderr:/usr/bin/ceph:
2024-02-23T00:23:16.916+0000 7f3a66e20700 1 -- 172.21.15.90:0/3349851295 shutdown_connections
2024-02-23T00:23:16.963 INFO:teuthology.orchestra.run.smithi090.stderr:/usr/bin/ceph:
2024-02-23T00:23:16.916+0000 7f3a66e20700 1 -- 172.21.15.90:0/3349851295 wait complete.
2024-02-23T00:23:16.963 INFO:teuthology.orchestra.run.smithi090.stderr:/usr/bin/ceph:
2024-02-23T00:23:16.916+0000 7f3a66e20700 1 Processor -- start
2024-02-23T00:23:16.963 INFO:teuthology.orchestra.run.smithi090.stderr:/usr/bin/ceph:
2024-02-23T00:23:16.916+0000 7f3a66e20700 1 -- start start
2024-02-23T00:23:16.963 INFO:teuthology.orchestra.run.smithi090.stderr:/usr/bin/ceph:
2024-02-23T00:23:16.916+0000 7f3a66e20700 1 --2- >> [v2:172.21.15.90:3300/0,v1:172.21.15.90:6789/0] conn(0x7f3a60070430 0x7f3a6010ab30 unknown :-1 s=NONE pgs=0 cs=0 l=1 rev1=0 rx=0 tx=0).connect
2024-02-23T00:23:16.963 INFO:teuthology.orchestra.run.smithi090.stderr:/usr/bin/ceph:
2024-02-23T00:23:16.916+0000 7f3a66e20700 1 -- --> [v2:172.21.15.90:3300/0,v1:172.21.15.90:6789/0] -- mon_getmap magic: 0 v1 -- 0x7f3a6010b020 con 0x7f3a60070430
2024-02-23T00:23:16.963 INFO:teuthology.orchestra.run.smithi090.stderr:/usr/bin/ceph:
2024-02-23T00:23:16.916+0000 7f3a64bbc700 1 --2- >> [v2:172.21.15.90:3300/0,v1:172.21.15.90:6789/0] conn(0x7f3a60070430 0x7f3a6010ab30 unknown :-1 s=BANNER_CONNECTING pgs=0 cs=0 l=1 rev1=0 rx=0 tx=0)._handle_peer_banner_payload supported=1 required=0
