2024-02-23T00:33:20.602 INFO:teuthology.orchestra.run.smithi047.stderr:/usr/bin/ceph:
2024-02-23T00:33:20.597+0000 7f391890b700 1 --2- 172.21.15.47:0/3541715097 >> [v2:172.21.15.47:3300/0,v1:172.21.15.47:6789/0] conn(0x7f3914071380 0x7f391410cd50 secure :-1 s=READY pgs=17 cs=0 l=1 rev1=1 rx=0x7f390800bef0 tx=0x7f39080090f0).ready entity=mon.0 client_cookie=0 server_cookie=0 in_seq=0 out_seq=0
2024-02-23T00:33:20.602 INFO:teuthology.orchestra.run.smithi047.stderr:/usr/bin/ceph:
2024-02-23T00:33:20.597+0000 7f3911ffb700 10 client.?.objecter ms_handle_connect 0x7f3914071380
2024-02-23T00:33:20.602 INFO:teuthology.orchestra.run.smithi047.stderr:/usr/bin/ceph:
2024-02-23T00:33:20.597+0000 7f3911ffb700 10 client.?.objecter resend_mon_ops
2024-02-23T00:33:20.602 INFO:teuthology.orchestra.run.smithi047.stderr:/usr/bin/ceph:
2024-02-23T00:33:20.597+0000 7f3911ffb700 1 -- 172.21.15.47:0/3541715097 <== mon.0 v2:172.21.15.47:3300/0 1 ==== mon_map magic: 0 v1 ==== 205+0+0 (secure 0 0 0) 0x7f3908011a70 con 0x7f3914071380
2024-02-23T00:33:20.602 INFO:teuthology.orchestra.run.smithi047.stderr:/usr/bin/ceph:
2024-02-23T00:33:20.597+0000 7f3911ffb700 1 -- 172.21.15.47:0/3541715097 <== mon.0 v2:172.21.15.47:3300/0 2 ==== config(24 keys) v1 ==== 1023+0+0 (secure 0 0 0) 0x7f390801aab0 con 0x7f3914071380
2024-02-23T00:33:20.602 INFO:teuthology.orchestra.run.smithi047.stderr:/usr/bin/ceph:
2024-02-23T00:33:20.597+0000 7f391ab6f700 1 -- 172.21.15.47:0/3541715097 --> [v2:172.21.15.47:3300/0,v1:172.21.15.47:6789/0] -- mon_subscribe({mgrmap=0+}) v3 -- 0x7f391410d440 con 0x7f3914071380
2024-02-23T00:33:20.603 INFO:teuthology.orchestra.run.smithi047.stderr:/usr/bin/ceph:
2024-02-23T00:33:20.597+0000 7f3911ffb700 1 -- 172.21.15.47:0/3541715097 <== mon.0 v2:172.21.15.47:3300/0 3 ==== mon_map magic: 0 v1 ==== 205+0+0 (secure 0 0 0) 0x7f3908023910 con 0x7f3914071380
2024-02-23T00:33:20.603 INFO:teuthology.orchestra.run.smithi047.stderr:/usr/bin/ceph:
2024-02-23T00:33:20.597+0000 7f391ab6f700 10 client.14112.objecter _maybe_request_map subscribing (onetime) to next osd map
2024-02-23T00:33:20.603 INFO:teuthology.orchestra.run.smithi047.stderr:/usr/bin/ceph:
2024-02-23T00:33:20.597+0000 7f391ab6f700 1 -- 172.21.15.47:0/3541715097 --> [v2:172.21.15.47:3300/0,v1:172.21.15.47:6789/0] -- mon_subscribe({osdmap=0}) v3 -- 0x7f391410e050 con 0x7f3914071380
2024-02-23T00:33:20.603 INFO:teuthology.orchestra.run.smithi047.stderr:/usr/bin/ceph:
2024-02-23T00:33:20.597+0000 7f391ab6f700 1 librados: init done
2024-02-23T00:33:20.603 INFO:teuthology.orchestra.run.smithi047.stderr:/usr/bin/ceph:
2024-02-23T00:33:20.598+0000 7f3911ffb700 1 -- 172.21.15.47:0/3541715097 <== mon.0 v2:172.21.15.47:3300/0 4 ==== mgrmap(e 4) v1 ==== 38606+0+0 (secure 0 0 0) 0x7f3908023a70 con 0x7f3914071380
2024-02-23T00:33:20.603 INFO:teuthology.orchestra.run.smithi047.stderr:/usr/bin/ceph:
2024-02-23T00:33:20.598+0000 7f3911ffb700 1 --2- 172.21.15.47:0/3541715097 >> [v2:172.21.15.47:6800/2409691510,v1:172.21.15.47:6801/2409691510] conn(0x7f3904033f60 0x7f3904036420 unknown :-1 s=NONE pgs=0 cs=0 l=1 rev1=0 rx=0 tx=0).connect
2024-02-23T00:33:20.604 INFO:teuthology.orchestra.run.smithi047.stderr:/usr/bin/ceph:
2024-02-23T00:33:20.598+0000 7f3911ffb700 1 -- 172.21.15.47:0/3541715097 <== mon.0 v2:172.21.15.47:3300/0 5 ==== osd_map(1..1 src has 1..1) v4 ==== 754+0+0 (secure 0 0 0) 0x7f3908044b00 con 0x7f3914071380
2024-02-23T00:33:20.604 INFO:teuthology.orchestra.run.smithi047.stderr:/usr/bin/ceph:
2024-02-23T00:33:20.598+0000 7f3911ffb700 10 client.14112.objecter ms_dispatch 0x7f3914001550 osd_map(1..1 src has 1..1) v4
2024-02-23T00:33:20.604 INFO:teuthology.orchestra.run.smithi047.stderr:/usr/bin/ceph:
2024-02-23T00:33:20.598+0000 7f3911ffb700 3 client.14112.objecter handle_osd_map got epochs [1,1] > 0
2024-02-23T00:33:20.604 INFO:teuthology.orchestra.run.smithi047.stderr:/usr/bin/ceph:
2024-02-23T00:33:20.598+0000 7f3911ffb700 3 client.14112.objecter handle_osd_map decoding full epoch 1
2024-02-23T00:33:20.604 INFO:teuthology.orchestra.run.smithi047.stderr:/usr/bin/ceph:
2024-02-23T00:33:20.598+0000 7f3911ffb700 20 client.14112.objecter dump_active .. 0 homeless
2024-02-23T00:33:20.604 INFO:teuthology.orchestra.run.smithi047.stderr:/usr/bin/ceph:
2024-02-23T00:33:20.598+0000 7f391ab6f700 1 -- 172.21.15.47:0/3541715097 --> [v2:172.21.15.47:3300/0,v1:172.21.15.47:6789/0] -- mon_command({"prefix": "get_command_descriptions"} v 0) v1 -- 0x7f391410d8d0 con 0x7f3914071380
2024-02-23T00:33:20.604 INFO:teuthology.orchestra.run.smithi047.stderr:/usr/bin/ceph:
2024-02-23T00:33:20.598+0000 7f3913fff700 1 --2- 172.21.15.47:0/3541715097 >> [v2:172.21.15.47:6800/2409691510,v1:172.21.15.47:6801/2409691510] conn(0x7f3904033f60 0x7f3904036420 unknown :-1 s=BANNER_CONNECTING pgs=0 cs=0 l=1 rev1=0 rx=0 tx=0)._handle_peer_banner_payload supported=1 required=0
2024-02-23T00:33:20.605 INFO:teuthology.orchestra.run.smithi047.stderr:/usr/bin/ceph:
2024-02-23T00:33:20.599+0000 7f3911ffb700 10 client.14112.objecter ms_handle_connect 0x7f3904033f60
2024-02-23T00:33:20.605 INFO:teuthology.orchestra.run.smithi047.stderr:/usr/bin/ceph:
2024-02-23T00:33:20.599+0000 7f3913fff700 1 --2- 172.21.15.47:0/3541715097 >> [v2:172.21.15.47:6800/2409691510,v1:172.21.15.47:6801/2409691510] conn(0x7f3904033f60 0x7f3904036420 secure :-1 s=READY pgs=6 cs=0 l=1 rev1=1 rx=0x7f3900009780 tx=0x7f3900006cc0).ready entity=mgr.14100 client_cookie=0 server_cookie=0 in_seq=0 out_seq=0
2024-02-23T00:33:20.605 INFO:teuthology.orchestra.run.smithi047.stderr:/usr/bin/ceph:
2024-02-23T00:33:20.603+0000 7f3911ffb700 1 -- 172.21.15.47:0/3541715097 <== mon.0 v2:172.21.15.47:3300/0 6 ==== mon_command_ack([{"prefix": "get_command_descriptions"}]=0 v0) v1 ==== 72+0+163658 (secure 0 0 0) 0x7f391410d8d0 con 0x7f3914071380
2024-02-23T00:33:20.781 INFO:teuthology.orchestra.run.smithi047.stderr:/usr/bin/ceph:
2024-02-23T00:33:20.778+0000 7f391ab6f700 1 -- 172.21.15.47:0/3541715097 --> [v2:172.21.15.47:3300/0,v1:172.21.15.47:6789/0] -- mon_command({"prefix": "config assimilate-conf"} v 0) v1 -- 0x7f391410d8d0 con 0x7f3914071380
2024-02-23T00:33:20.784 INFO:teuthology.orchestra.run.smithi047.stderr:/usr/bin/ceph:
2024-02-23T00:33:20.779+0000 7f3911ffb700 1 -- 172.21.15.47:0/3541715097 <== mon.0 v2:172.21.15.47:3300/0 7 ==== mon_command_ack([{"prefix": "config assimilate-conf"}]=0 v3) v1 ==== 70+0+307 (secure 0 0 0) 0x7f391410d8d0 con 0x7f3914071380
2024-02-23T00:33:20.784 INFO:teuthology.orchestra.run.smithi047.stderr:/usr/bin/ceph:
2024-02-23T00:33:20.784 INFO:teuthology.orchestra.run.smithi047.stderr:/usr/bin/ceph: [global]
2024-02-23T00:33:20.784 INFO:teuthology.orchestra.run.smithi047.stderr:/usr/bin/ceph: fsid = fce2617e-d1e2-11ee-95c0-87774f69a715
2024-02-23T00:33:20.784 INFO:teuthology.orchestra.run.smithi047.stderr:/usr/bin/ceph: log_to_journald = false
2024-02-23T00:33:20.785 INFO:teuthology.orchestra.run.smithi047.stderr:/usr/bin/ceph: mon_osd_allow_pg_remap = true
2024-02-23T00:33:20.785 INFO:teuthology.orchestra.run.smithi047.stderr:/usr/bin/ceph: mon_osd_allow_primary_affinity = true
2024-02-23T00:33:20.785 INFO:teuthology.orchestra.run.smithi047.stderr:/usr/bin/ceph: mon_warn_on_no_sortbitwise = false
2024-02-23T00:33:20.785 INFO:teuthology.orchestra.run.smithi047.stderr:/usr/bin/ceph: osd_crush_chooseleaf_type = 0
2024-02-23T00:33:20.785 INFO:teuthology.orchestra.run.smithi047.stderr:/usr/bin/ceph:
2024-02-23T00:33:20.785 INFO:teuthology.orchestra.run.smithi047.stderr:/usr/bin/ceph: [mgr]
2024-02-23T00:33:20.785 INFO:teuthology.orchestra.run.smithi047.stderr:/usr/bin/ceph: mgr/telemetry/nag = false
2024-02-23T00:33:20.785 INFO:teuthology.orchestra.run.smithi047.stderr:/usr/bin/ceph:
2024-02-23T00:33:20.785 INFO:teuthology.orchestra.run.smithi047.stderr:/usr/bin/ceph: [osd]
2024-02-23T00:33:20.785 INFO:teuthology.orchestra.run.smithi047.stderr:/usr/bin/ceph: osd_map_max_advance = 10
2024-02-23T00:33:20.785 INFO:teuthology.orchestra.run.smithi047.stderr:/usr/bin/ceph: osd_sloppy_crc = true
2024-02-23T00:33:20.785 INFO:teuthology.orchestra.run.smithi047.stderr:/usr/bin/ceph:
2024-02-23T00:33:20.781+0000 7f391ab6f700 10 librados: watch_flush enter
2024-02-23T00:33:20.785 INFO:teuthology.orchestra.run.smithi047.stderr:/usr/bin/ceph:
2024-02-23T00:33:20.781+0000 7f391ab6f700 10 librados: watch_flush exit
2024-02-23T00:33:20.785 INFO:teuthology.orchestra.run.smithi047.stderr:/usr/bin/ceph:
2024-02-23T00:33:20.781+0000 7f391ab6f700 20 client.14112.objecter shutdown clearing up homeless session...
2024-02-23T00:33:20.786 INFO:teuthology.orchestra.run.smithi047.stderr:/usr/bin/ceph:
2024-02-23T00:33:20.781+0000 7f391ab6f700 10 client.14112.objecter successfully canceled tick
2024-02-23T00:33:20.786 INFO:teuthology.orchestra.run.smithi047.stderr:/usr/bin/ceph:
2024-02-23T00:33:20.781+0000 7f391ab6f700 1 -- 172.21.15.47:0/3541715097 >> [v2:172.21.15.47:6800/2409691510,v1:172.21.15.47:6801/2409691510] conn(0x7f3904033f60 msgr2=0x7f3904036420 secure :-1 s=STATE_CONNECTION_ESTABLISHED l=1).mark_down
2024-02-23T00:33:20.786 INFO:teuthology.orchestra.run.smithi047.stderr:/usr/bin/ceph:
2024-02-23T00:33:20.781+0000 7f391ab6f700 1 --2- 172.21.15.47:0/3541715097 >> [v2:172.21.15.47:6800/2409691510,v1:172.21.15.47:6801/2409691510] conn(0x7f3904033f60 0x7f3904036420 secure :-1 s=READY pgs=6 cs=0 l=1 rev1=1 rx=0x7f3900009780 tx=0x7f3900006cc0).stop
2024-02-23T00:33:20.786 INFO:teuthology.orchestra.run.smithi047.stderr:/usr/bin/ceph:
2024-02-23T00:33:20.781+0000 7f391ab6f700 1 -- 172.21.15.47:0/3541715097 >> [v2:172.21.15.47:3300/0,v1:172.21.15.47:6789/0] conn(0x7f3914071380 msgr2=0x7f391410cd50 secure :-1 s=STATE_CONNECTION_ESTABLISHED l=1).mark_down
2024-02-23T00:33:20.786 INFO:teuthology.orchestra.run.smithi047.stderr:/usr/bin/ceph:
2024-02-23T00:33:20.781+0000 7f391ab6f700 1 --2- 172.21.15.47:0/3541715097 >> [v2:172.21.15.47:3300/0,v1:172.21.15.47:6789/0] conn(0x7f3914071380 0x7f391410cd50 secure :-1 s=READY pgs=17 cs=0 l=1 rev1=1 rx=0x7f390800bef0 tx=0x7f39080090f0).stop
2024-02-23T00:33:20.786 INFO:teuthology.orchestra.run.smithi047.stderr:/usr/bin/ceph:
2024-02-23T00:33:20.782+0000 7f391ab6f700 1 -- 172.21.15.47:0/3541715097 shutdown_connections
2024-02-23T00:33:20.786 INFO:teuthology.orchestra.run.smithi047.stderr:/usr/bin/ceph:
2024-02-23T00:33:20.782+0000 7f391ab6f700 1 --2- 172.21.15.47:0/3541715097 >> [v2:172.21.15.47:6800/2409691510,v1:172.21.15.47:6801/2409691510] conn(0x7f3904033f60 0x7f3904036420 unknown :-1 s=CLOSED pgs=6 cs=0 l=1 rev1=1 rx=0 tx=0).stop
2024-02-23T00:33:20.786 INFO:teuthology.orchestra.run.smithi047.stderr:/usr/bin/ceph:
2024-02-23T00:33:20.782+0000 7f391ab6f700 1 --2- 172.21.15.47:0/3541715097 >> [v2:172.21.15.47:3300/0,v1:172.21.15.47:6789/0] conn(0x7f3914071380 0x7f391410cd50 unknown :-1 s=CLOSED pgs=17 cs=0 l=1 rev1=1 rx=0 tx=0).stop
2024-02-23T00:33:20.786 INFO:teuthology.orchestra.run.smithi047.stderr:/usr/bin/ceph:
2024-02-23T00:33:20.782+0000 7f391ab6f700 1 -- 172.21.15.47:0/3541715097 >> 172.21.15.47:0/3541715097 conn(0x7f39140f6540 msgr2=0x7f39140f7e40 unknown :-1 s=STATE_NONE l=0).mark_down
2024-02-23T00:33:20.786 INFO:teuthology.orchestra.run.smithi047.stderr:/usr/bin/ceph:
2024-02-23T00:33:20.782+0000 7f391ab6f700 1 -- 172.21.15.47:0/3541715097 shutdown_connections
2024-02-23T00:33:20.786 INFO:teuthology.orchestra.run.smithi047.stderr:/usr/bin/ceph:
2024-02-23T00:33:20.782+0000 7f391ab6f700 1 -- 172.21.15.47:0/3541715097 wait complete.
2024-02-23T00:33:20.786 INFO:teuthology.orchestra.run.smithi047.stderr:/usr/bin/ceph:
2024-02-23T00:33:20.782+0000 7f391ab6f700 1 librados: shutdown
2024-02-23T00:33:21.056 INFO:journalctl@ceph.mon.a.smithi047.stdout:Feb 23 00:33:20 smithi047 ceph-fce2617e-d1e2-11ee-95c0-87774f69a715-mon-a[38306]: audit
2024-02-23T00:33:20.780460+0000 mon.a (mon.0) 25 : audit [INF] from='client.? 172.21.15.47:0/3541715097' entity='client.admin' cmd=[{"prefix": "config assimilate-conf"}]: dispatch
2024-02-23T00:33:21.514 INFO:teuthology.orchestra.run.smithi047.stderr:Enabling cephadm module...
2024-02-23T00:33:22.137 INFO:teuthology.orchestra.run.smithi047.stderr:/usr/bin/ceph:
2024-02-23T00:33:22.120+0000 7fc96a93f700 1 Processor -- start
2024-02-23T00:33:22.137 INFO:teuthology.orchestra.run.smithi047.stderr:/usr/bin/ceph:
2024-02-23T00:33:22.120+0000 7fc96a93f700 1 -- start start
2024-02-23T00:33:22.137 INFO:teuthology.orchestra.run.smithi047.stderr:/usr/bin/ceph:
2024-02-23T00:33:22.120+0000 7fc96a93f700 1 --2- >> [v2:172.21.15.47:3300/0,v1:172.21.15.47:6789/0] conn(0x7fc964070bc0 0x7fc9640fea70 unknown :-1 s=NONE pgs=0 cs=0 l=0 rev1=0 rx=0 tx=0).connect
2024-02-23T00:33:22.137 INFO:teuthology.orchestra.run.smithi047.stderr:/usr/bin/ceph:
2024-02-23T00:33:22.120+0000 7fc96a93f700 1 -- --> [v2:172.21.15.47:3300/0,v1:172.21.15.47:6789/0] -- mon_getmap magic: 0 v1 -- 0x7fc9640fef60 con 0x7fc964070bc0
2024-02-23T00:33:22.137 INFO:teuthology.orchestra.run.smithi047.stderr:/usr/bin/ceph:
2024-02-23T00:33:22.120+0000 7fc963fff700 1 --2- >> [v2:172.21.15.47:3300/0,v1:172.21.15.47:6789/0] conn(0x7fc964070bc0 0x7fc9640fea70 unknown :-1 s=BANNER_CONNECTING pgs=0 cs=0 l=0 rev1=0 rx=0 tx=0)._handle_peer_banner_payload supported=1 required=0
2024-02-23T00:33:22.137 INFO:teuthology.orchestra.run.smithi047.stderr:/usr/bin/ceph:
2024-02-23T00:33:22.120+0000 7fc963fff700 1 --2- >> [v2:172.21.15.47:3300/0,v1:172.21.15.47:6789/0] conn(0x7fc964070bc0 0x7fc9640fea70 unknown :-1 s=HELLO_CONNECTING pgs=0 cs=0 l=0 rev1=1 rx=0 tx=0).handle_hello peer v2:172.21.15.47:3300/0 says I am v2:172.21.15.47:34220/0 (socket says 172.21.15.47:34220)
2024-02-23T00:33:22.137 INFO:teuthology.orchestra.run.smithi047.stderr:/usr/bin/ceph:
2024-02-23T00:33:22.120+0000 7fc963fff700 1 -- 172.21.15.47:0/2568899628 learned_addr learned my addr 172.21.15.47:0/2568899628 (peer_addr_for_me v2:172.21.15.47:0/0)
2024-02-23T00:33:22.137 INFO:teuthology.orchestra.run.smithi047.stderr:/usr/bin/ceph:
2024-02-23T00:33:22.120+0000 7fc963fff700 1 -- 172.21.15.47:0/2568899628 --> [v2:172.21.15.47:3300/0,v1:172.21.15.47:6789/0] -- mon_subscribe({config=0+,monmap=0+}) v3 -- 0x7fc9640ff0a0 con 0x7fc964070bc0
2024-02-23T00:33:22.137 INFO:teuthology.orchestra.run.smithi047.stderr:/usr/bin/ceph:
2024-02-23T00:33:22.120+0000 7fc963fff700 1 --2- 172.21.15.47:0/2568899628 >> [v2:172.21.15.47:3300/0,v1:172.21.15.47:6789/0] conn(0x7fc964070bc0 0x7fc9640fea70 secure :-1 s=READY pgs=18 cs=0 l=1 rev1=1 rx=0x7fc94c009730 tx=0x7fc94c0090f0).ready entity=mon.0 client_cookie=1dbfe82acd477d99 server_cookie=0 in_seq=0 out_seq=0
2024-02-23T00:33:22.137 INFO:teuthology.orchestra.run.smithi047.stderr:/usr/bin/ceph:
2024-02-23T00:33:22.120+0000 7fc962ffd700 1 -- 172.21.15.47:0/2568899628 <== mon.0 v2:172.21.15.47:3300/0 1 ==== mon_map magic: 0 v1 ==== 205+0+0 (secure 0 0 0) 0x7fc94c00b580 con 0x7fc964070bc0
2024-02-23T00:33:22.138 INFO:teuthology.orchestra.run.smithi047.stderr:/usr/bin/ceph:
2024-02-23T00:33:22.121+0000 7fc962ffd700 1 -- 172.21.15.47:0/2568899628 <== mon.0 v2:172.21.15.47:3300/0 2 ==== config(24 keys) v1 ==== 1023+0+0 (secure 0 0 0) 0x7fc94c00bb50 con 0x7fc964070bc0
2024-02-23T00:33:22.138 INFO:teuthology.orchestra.run.smithi047.stderr:/usr/bin/ceph:
2024-02-23T00:33:22.121+0000 7fc962ffd700 1 -- 172.21.15.47:0/2568899628 <== mon.0 v2:172.21.15.47:3300/0 3 ==== mon_map magic: 0 v1 ==== 205+0+0 (secure 0 0 0) 0x7fc94c011ab0 con 0x7fc964070bc0
2024-02-23T00:33:22.138 INFO:teuthology.orchestra.run.smithi047.stderr:/usr/bin/ceph:
2024-02-23T00:33:22.121+0000 7fc96a93f700 1 -- 172.21.15.47:0/2568899628 >> [v2:172.21.15.47:3300/0,v1:172.21.15.47:6789/0] conn(0x7fc964070bc0 msgr2=0x7fc9640fea70 secure :-1 s=STATE_CONNECTION_ESTABLISHED l=1).mark_down
2024-02-23T00:33:22.138 INFO:teuthology.orchestra.run.smithi047.stderr:/usr/bin/ceph:
2024-02-23T00:33:22.121+0000 7fc96a93f700 1 --2- 172.21.15.47:0/2568899628 >> [v2:172.21.15.47:3300/0,v1:172.21.15.47:6789/0] conn(0x7fc964070bc0 0x7fc9640fea70 secure :-1 s=READY pgs=18 cs=0 l=1 rev1=1 rx=0x7fc94c009730 tx=0x7fc94c0090f0).stop
2024-02-23T00:33:22.138 INFO:teuthology.orchestra.run.smithi047.stderr:/usr/bin/ceph:
2024-02-23T00:33:22.121+0000 7fc96a93f700 1 -- 172.21.15.47:0/2568899628 shutdown_connections
2024-02-23T00:33:22.138 INFO:teuthology.orchestra.run.smithi047.stderr:/usr/bin/ceph:
2024-02-23T00:33:22.121+0000 7fc96a93f700 1 --2- 172.21.15.47:0/2568899628 >> [v2:172.21.15.47:3300/0,v1:172.21.15.47:6789/0] conn(0x7fc964070bc0 0x7fc9640fea70 unknown :-1 s=CLOSED pgs=18 cs=0 l=1 rev1=1 rx=0 tx=0).stop
2024-02-23T00:33:22.138 INFO:teuthology.orchestra.run.smithi047.stderr:/usr/bin/ceph:
2024-02-23T00:33:22.121+0000 7fc96a93f700 1 -- 172.21.15.47:0/2568899628 >> 172.21.15.47:0/2568899628 conn(0x7fc9640f6530 msgr2=0x7fc9640f8950 unknown :-1 s=STATE_NONE l=0).mark_down
2024-02-23T00:33:22.138 INFO:teuthology.orchestra.run.smithi047.stderr:/usr/bin/ceph:
2024-02-23T00:33:22.121+0000 7fc96a93f700 1 -- 172.21.15.47:0/2568899628 shutdown_connections
2024-02-23T00:33:22.138 INFO:teuthology.orchestra.run.smithi047.stderr:/usr/bin/ceph:
2024-02-23T00:33:22.121+0000 7fc96a93f700 1 -- 172.21.15.47:0/2568899628 wait complete.
2024-02-23T00:33:22.138 INFO:teuthology.orchestra.run.smithi047.stderr:/usr/bin/ceph:
2024-02-23T00:33:22.122+0000 7fc96a93f700 1 librados: starting msgr at
2024-02-23T00:33:22.138 INFO:teuthology.orchestra.run.smithi047.stderr:/usr/bin/ceph:
2024-02-23T00:33:22.122+0000 7fc96a93f700 1 librados: starting objecter
2024-02-23T00:33:22.138 INFO:teuthology.orchestra.run.smithi047.stderr:/usr/bin/ceph:
2024-02-23T00:33:22.122+0000 7fc96a93f700 1 Processor -- start
2024-02-23T00:33:22.138 INFO:teuthology.orchestra.run.smithi047.stderr:/usr/bin/ceph:
2024-02-23T00:33:22.122+0000 7fc96a93f700 1 -- start start
2024-02-23T00:33:22.138 INFO:teuthology.orchestra.run.smithi047.stderr:/usr/bin/ceph:
2024-02-23T00:33:22.122+0000 7fc96a93f700 1 librados: setting wanted keys
2024-02-23T00:33:22.138 INFO:teuthology.orchestra.run.smithi047.stderr:/usr/bin/ceph:
2024-02-23T00:33:22.122+0000 7fc96a93f700 1 librados: calling monclient init
2024-02-23T00:33:22.139 INFO:teuthology.orchestra.run.smithi047.stderr:/usr/bin/ceph:
2024-02-23T00:33:22.122+0000 7fc96a93f700 1 --2- >> [v2:172.21.15.47:3300/0,v1:172.21.15.47:6789/0] conn(0x7fc964070bc0 0x7fc96410aa60 unknown :-1 s=NONE pgs=0 cs=0 l=1 rev1=0 rx=0 tx=0).connect
2024-02-23T00:33:22.139 INFO:teuthology.orchestra.run.smithi047.stderr:/usr/bin/ceph:
2024-02-23T00:33:22.122+0000 7fc96a93f700 1 -- --> [v2:172.21.15.47:3300/0,v1:172.21.15.47:6789/0] -- mon_getmap magic: 0 v1 -- 0x7fc96410af50 con 0x7fc964070bc0
2024-02-23T00:33:22.139 INFO:teuthology.orchestra.run.smithi047.stderr:/usr/bin/ceph:
2024-02-23T00:33:22.122+0000 7fc963fff700 1 --2- >> [v2:172.21.15.47:3300/0,v1:172.21.15.47:6789/0] conn(0x7fc964070bc0 0x7fc96410aa60 unknown :-1 s=BANNER_CONNECTING pgs=0 cs=0 l=1 rev1=0 rx=0 tx=0)._handle_peer_banner_payload supported=1 required=0
2024-02-23T00:33:22.139 INFO:teuthology.orchestra.run.smithi047.stderr:/usr/bin/ceph:
2024-02-23T00:33:22.122+0000 7fc963fff700 1 --2- >> [v2:172.21.15.47:3300/0,v1:172.21.15.47:6789/0] conn(0x7fc964070bc0 0x7fc96410aa60 unknown :-1 s=HELLO_CONNECTING pgs=0 cs=0 l=1 rev1=1 rx=0 tx=0).handle_hello peer v2:172.21.15.47:3300/0 says I am v2:172.21.15.47:34230/0 (socket says 172.21.15.47:34230)
2024-02-23T00:33:22.139 INFO:teuthology.orchestra.run.smithi047.stderr:/usr/bin/ceph:
2024-02-23T00:33:22.122+0000 7fc963fff700 1 -- 172.21.15.47:0/1123491492 learned_addr learned my addr 172.21.15.47:0/1123491492 (peer_addr_for_me v2:172.21.15.47:0/0)
2024-02-23T00:33:22.139 INFO:teuthology.orchestra.run.smithi047.stderr:/usr/bin/ceph:
2024-02-23T00:33:22.122+0000 7fc963fff700 1 -- 172.21.15.47:0/1123491492 --> [v2:172.21.15.47:3300/0,v1:172.21.15.47:6789/0] -- mon_subscribe({config=0+,monmap=0+}) v3 -- 0x7fc94c009370 con 0x7fc964070bc0
2024-02-23T00:33:22.139 INFO:teuthology.orchestra.run.smithi047.stderr:/usr/bin/ceph:
2024-02-23T00:33:22.122+0000 7fc963fff700 1 --2- 172.21.15.47:0/1123491492 >> [v2:172.21.15.47:3300/0,v1:172.21.15.47:6789/0] conn(0x7fc964070bc0 0x7fc96410aa60 secure :-1 s=READY pgs=19 cs=0 l=1 rev1=1 rx=0x7fc94c012f20 tx=0x7fc94c0090f0).ready entity=mon.0 client_cookie=0 server_cookie=0 in_seq=0 out_seq=0
2024-02-23T00:33:22.139 INFO:teuthology.orchestra.run.smithi047.stderr:/usr/bin/ceph:
2024-02-23T00:33:22.122+0000 7fc9617fa700 10 client.?.objecter ms_handle_connect 0x7fc964070bc0
2024-02-23T00:33:22.139 INFO:teuthology.orchestra.run.smithi047.stderr:/usr/bin/ceph:
2024-02-23T00:33:22.122+0000 7fc9617fa700 10 client.?.objecter resend_mon_ops
2024-02-23T00:33:22.139 INFO:teuthology.orchestra.run.smithi047.stderr:/usr/bin/ceph:
2024-02-23T00:33:22.123+0000 7fc9617fa700 1 -- 172.21.15.47:0/1123491492 <== mon.0 v2:172.21.15.47:3300/0 1 ==== mon_map magic: 0 v1 ==== 205+0+0 (secure 0 0 0) 0x7fc94c011a70 con 0x7fc964070bc0
2024-02-23T00:33:22.140 INFO:teuthology.orchestra.run.smithi047.stderr:/usr/bin/ceph:
2024-02-23T00:33:22.123+0000 7fc9617fa700 1 -- 172.21.15.47:0/1123491492 <== mon.0 v2:172.21.15.47:3300/0 2 ==== config(24 keys) v1 ==== 1023+0+0 (secure 0 0 0) 0x7fc94c01aab0 con 0x7fc964070bc0
2024-02-23T00:33:22.140 INFO:teuthology.orchestra.run.smithi047.stderr:/usr/bin/ceph:
2024-02-23T00:33:22.123+0000 7fc96a93f700 1 -- 172.21.15.47:0/1123491492 --> [v2:172.21.15.47:3300/0,v1:172.21.15.47:6789/0] -- mon_subscribe({mgrmap=0+}) v3 -- 0x7fc96410b150 con 0x7fc964070bc0
2024-02-23T00:33:22.140 INFO:teuthology.orchestra.run.smithi047.stderr:/usr/bin/ceph:
2024-02-23T00:33:22.123+0000 7fc9617fa700 1 -- 172.21.15.47:0/1123491492 <== mon.0 v2:172.21.15.47:3300/0 3 ==== mon_map magic: 0 v1 ==== 205+0+0 (secure 0 0 0) 0x7fc94c023960 con 0x7fc964070bc0
2024-02-23T00:33:22.140 INFO:teuthology.orchestra.run.smithi047.stderr:/usr/bin/ceph:
2024-02-23T00:33:22.123+0000 7fc96a93f700 10 client.14114.objecter _maybe_request_map subscribing (onetime) to next osd map
2024-02-23T00:33:22.140 INFO:teuthology.orchestra.run.smithi047.stderr:/usr/bin/ceph:
2024-02-23T00:33:22.123+0000 7fc96a93f700 1 -- 172.21.15.47:0/1123491492 --> [v2:172.21.15.47:3300/0,v1:172.21.15.47:6789/0] -- mon_subscribe({osdmap=0}) v3 -- 0x7fc96410b5e0 con 0x7fc964070bc0
2024-02-23T00:33:22.140 INFO:teuthology.orchestra.run.smithi047.stderr:/usr/bin/ceph:
2024-02-23T00:33:22.123+0000 7fc96a93f700 1 librados: init done
2024-02-23T00:33:22.140 INFO:teuthology.orchestra.run.smithi047.stderr:/usr/bin/ceph:
2024-02-23T00:33:22.123+0000 7fc9617fa700 1 -- 172.21.15.47:0/1123491492 <== mon.0 v2:172.21.15.47:3300/0 4 ==== mgrmap(e 4) v1 ==== 38606+0+0 (secure 0 0 0) 0x7fc94c023ac0 con 0x7fc964070bc0
2024-02-23T00:33:22.140 INFO:teuthology.orchestra.run.smithi047.stderr:/usr/bin/ceph:
2024-02-23T00:33:22.123+0000 7fc9617fa700 1 --2- 172.21.15.47:0/1123491492 >> [v2:172.21.15.47:6800/2409691510,v1:172.21.15.47:6801/2409691510] conn(0x7fc950033f60 0x7fc950036420 unknown :-1 s=NONE pgs=0 cs=0 l=1 rev1=0 rx=0 tx=0).connect
2024-02-23T00:33:22.140 INFO:teuthology.orchestra.run.smithi047.stderr:/usr/bin/ceph:
2024-02-23T00:33:22.124+0000 7fc9617fa700 1 -- 172.21.15.47:0/1123491492 <== mon.0 v2:172.21.15.47:3300/0 5 ==== osd_map(1..1 src has 1..1) v4 ==== 754+0+0 (secure 0 0 0) 0x7fc94c044ad0 con 0x7fc964070bc0
2024-02-23T00:33:22.140 INFO:teuthology.orchestra.run.smithi047.stderr:/usr/bin/ceph:
2024-02-23T00:33:22.124+0000 7fc9617fa700 10 client.14114.objecter ms_dispatch 0x7fc964001550 osd_map(1..1 src has 1..1) v4
2024-02-23T00:33:22.140 INFO:teuthology.orchestra.run.smithi047.stderr:/usr/bin/ceph:
2024-02-23T00:33:22.124+0000 7fc9617fa700 3 client.14114.objecter handle_osd_map got epochs [1,1] > 0
2024-02-23T00:33:22.141 INFO:teuthology.orchestra.run.smithi047.stderr:/usr/bin/ceph:
2024-02-23T00:33:22.124+0000 7fc9617fa700 3 client.14114.objecter handle_osd_map decoding full epoch 1
2024-02-23T00:33:22.141 INFO:teuthology.orchestra.run.smithi047.stderr:/usr/bin/ceph:
2024-02-23T00:33:22.124+0000 7fc9617fa700 20 client.14114.objecter dump_active .. 0 homeless
2024-02-23T00:33:22.141 INFO:teuthology.orchestra.run.smithi047.stderr:/usr/bin/ceph:
2024-02-23T00:33:22.124+0000 7fc9637fe700 1 --2- 172.21.15.47:0/1123491492 >> [v2:172.21.15.47:6800/2409691510,v1:172.21.15.47:6801/2409691510] conn(0x7fc950033f60 0x7fc950036420 unknown :-1 s=BANNER_CONNECTING pgs=0 cs=0 l=1 rev1=0 rx=0 tx=0)._handle_peer_banner_payload supported=1 required=0
2024-02-23T00:33:22.141 INFO:teuthology.orchestra.run.smithi047.stderr:/usr/bin/ceph:
2024-02-23T00:33:22.124+0000 7fc96a93f700 1 -- 172.21.15.47:0/1123491492 --> [v2:172.21.15.47:3300/0,v1:172.21.15.47:6789/0] -- mon_command({"prefix": "get_command_descriptions"} v 0) v1 -- 0x7fc96405a310 con 0x7fc964070bc0
2024-02-23T00:33:22.141 INFO:teuthology.orchestra.run.smithi047.stderr:/usr/bin/ceph:
2024-02-23T00:33:22.124+0000 7fc9617fa700 10 client.14114.objecter ms_handle_connect 0x7fc950033f60
2024-02-23T00:33:22.141 INFO:teuthology.orchestra.run.smithi047.stderr:/usr/bin/ceph:
2024-02-23T00:33:22.124+0000 7fc9637fe700 1 --2- 172.21.15.47:0/1123491492 >> [v2:172.21.15.47:6800/2409691510,v1:172.21.15.47:6801/2409691510] conn(0x7fc950033f60 0x7fc950036420 secure :-1 s=READY pgs=7 cs=0 l=1 rev1=1 rx=0x7fc954009780 tx=0x7fc954006cc0).ready entity=mgr.14100 client_cookie=0 server_cookie=0 in_seq=0 out_seq=0
2024-02-23T00:33:22.141 INFO:teuthology.orchestra.run.smithi047.stderr:/usr/bin/ceph:
2024-02-23T00:33:22.128+0000 7fc9617fa700 1 -- 172.21.15.47:0/1123491492 <== mon.0 v2:172.21.15.47:3300/0 6 ==== mon_command_ack([{"prefix": "get_command_descriptions"}]=0 v0) v1 ==== 72+0+163658 (secure 0 0 0) 0x7fc94c01e020 con 0x7fc964070bc0
2024-02-23T00:33:22.348 INFO:teuthology.orchestra.run.smithi047.stderr:/usr/bin/ceph:
2024-02-23T00:33:22.346+0000 7fc96a93f700 1 -- 172.21.15.47:0/1123491492 --> [v2:172.21.15.47:3300/0,v1:172.21.15.47:6789/0] -- mon_command({"prefix": "mgr module enable", "module": "cephadm"} v 0) v1 -- 0x7fc964046ce0 con 0x7fc964070bc0
2024-02-23T00:33:22.401 INFO:teuthology.orchestra.run.smithi047.stderr:/usr/bin/ceph:
2024-02-23T00:33:22.399+0000 7fc9617fa700 1 -- 172.21.15.47:0/1123491492 <== mon.0 v2:172.21.15.47:3300/0 7 ==== mgrmap(e 5) v1 ==== 38617+0+0 (secure 0 0 0) 0x7fc94c02c910 con 0x7fc964070bc0
2024-02-23T00:33:22.402 INFO:teuthology.orchestra.run.smithi047.stderr:/usr/bin/ceph:
2024-02-23T00:33:22.400+0000 7fc9617fa700 1 -- 172.21.15.47:0/1123491492 <== mon.0 v2:172.21.15.47:3300/0 8 ==== mon_command_ack([{"prefix": "mgr module enable", "module": "cephadm"}]=0 v5) v1 ==== 86+0+0 (secure 0 0 0) 0x7fc94c044130 con 0x7fc964070bc0
2024-02-23T00:33:22.405 INFO:teuthology.orchestra.run.smithi047.stderr:/usr/bin/ceph:
2024-02-23T00:33:22.402+0000 7fc96a93f700 10 librados: watch_flush enter
2024-02-23T00:33:22.405 INFO:teuthology.orchestra.run.smithi047.stderr:/usr/bin/ceph:
2024-02-23T00:33:22.402+0000 7fc96a93f700 10 librados: watch_flush exit
2024-02-23T00:33:22.405 INFO:teuthology.orchestra.run.smithi047.stderr:/usr/bin/ceph:
2024-02-23T00:33:22.402+0000 7fc96a93f700 20 client.14114.objecter shutdown clearing up homeless session...
2024-02-23T00:33:22.406 INFO:teuthology.orchestra.run.smithi047.stderr:/usr/bin/ceph:
2024-02-23T00:33:22.402+0000 7fc96a93f700 10 client.14114.objecter successfully canceled tick
2024-02-23T00:33:22.406 INFO:teuthology.orchestra.run.smithi047.stderr:/usr/bin/ceph:
2024-02-23T00:33:22.402+0000 7fc96a93f700 1 -- 172.21.15.47:0/1123491492 >> [v2:172.21.15.47:6800/2409691510,v1:172.21.15.47:6801/2409691510] conn(0x7fc950033f60 msgr2=0x7fc950036420 secure :-1 s=STATE_CONNECTION_ESTABLISHED l=1).mark_down
2024-02-23T00:33:22.406 INFO:teuthology.orchestra.run.smithi047.stderr:/usr/bin/ceph:
2024-02-23T00:33:22.402+0000 7fc96a93f700 1 --2- 172.21.15.47:0/1123491492 >> [v2:172.21.15.47:6800/2409691510,v1:172.21.15.47:6801/2409691510] conn(0x7fc950033f60 0x7fc950036420 secure :-1 s=READY pgs=7 cs=0 l=1 rev1=1 rx=0x7fc954009780 tx=0x7fc954006cc0).stop
2024-02-23T00:33:22.406 INFO:teuthology.orchestra.run.smithi047.stderr:/usr/bin/ceph:
2024-02-23T00:33:22.402+0000 7fc96a93f700 1 -- 172.21.15.47:0/1123491492 >> [v2:172.21.15.47:3300/0,v1:172.21.15.47:6789/0] conn(0x7fc964070bc0 msgr2=0x7fc96410aa60 secure :-1 s=STATE_CONNECTION_ESTABLISHED l=1).mark_down
2024-02-23T00:33:22.406 INFO:teuthology.orchestra.run.smithi047.stderr:/usr/bin/ceph:
2024-02-23T00:33:22.402+0000 7fc96a93f700 1 --2- 172.21.15.47:0/1123491492 >> [v2:172.21.15.47:3300/0,v1:172.21.15.47:6789/0] conn(0x7fc964070bc0 0x7fc96410aa60 secure :-1 s=READY pgs=19 cs=0 l=1 rev1=1 rx=0x7fc94c012f20 tx=0x7fc94c0090f0).stop
2024-02-23T00:33:22.406 INFO:teuthology.orchestra.run.smithi047.stderr:/usr/bin/ceph:
2024-02-23T00:33:22.402+0000 7fc96a93f700 1 -- 172.21.15.47:0/1123491492 shutdown_connections
2024-02-23T00:33:22.406 INFO:teuthology.orchestra.run.smithi047.stderr:/usr/bin/ceph:
2024-02-23T00:33:22.402+0000 7fc96a93f700 1 --2- 172.21.15.47:0/1123491492 >> [v2:172.21.15.47:6800/2409691510,v1:172.21.15.47:6801/2409691510] conn(0x7fc950033f60 0x7fc950036420 unknown :-1 s=CLOSED pgs=7 cs=0 l=1 rev1=1 rx=0 tx=0).stop
2024-02-23T00:33:22.406 INFO:teuthology.orchestra.run.smithi047.stderr:/usr/bin/ceph:
2024-02-23T00:33:22.402+0000 7fc96a93f700 1 --2- 172.21.15.47:0/1123491492 >> [v2:172.21.15.47:3300/0,v1:172.21.15.47:6789/0] conn(0x7fc964070bc0 0x7fc96410aa60 unknown :-1 s=CLOSED pgs=19 cs=0 l=1 rev1=1 rx=0 tx=0).stop
2024-02-23T00:33:22.406 INFO:teuthology.orchestra.run.smithi047.stderr:/usr/bin/ceph:
2024-02-23T00:33:22.402+0000 7fc96a93f700 1 -- 172.21.15.47:0/1123491492 >> 172.21.15.47:0/1123491492 conn(0x7fc9640f6530 msgr2=0x7fc9640f7eb0 unknown :-1 s=STATE_NONE l=0).mark_down
2024-02-23T00:33:22.406 INFO:teuthology.orchestra.run.smithi047.stderr:/usr/bin/ceph:
2024-02-23T00:33:22.402+0000 7fc96a93f700 1 -- 172.21.15.47:0/1123491492 shutdown_connections
2024-02-23T00:33:22.406 INFO:teuthology.orchestra.run.smithi047.stderr:/usr/bin/ceph:
2024-02-23T00:33:22.402+0000 7fc96a93f700 1 -- 172.21.15.47:0/1123491492 wait complete.
2024-02-23T00:33:22.406 INFO:teuthology.orchestra.run.smithi047.stderr:/usr/bin/ceph:
2024-02-23T00:33:22.402+0000 7fc96a93f700 1 librados: shutdown
2024-02-23T00:33:22.801 INFO:journalctl@ceph.mon.a.smithi047.stdout:Feb 23 00:33:22 smithi047 ceph-fce2617e-d1e2-11ee-95c0-87774f69a715-mon-a[38306]: audit
2024-02-23T00:33:22.348254+0000 mon.a (mon.0) 26 : audit [INF] from='client.? 172.21.15.47:0/1123491492' entity='client.admin' cmd=[{"prefix": "mgr module enable", "module": "cephadm"}]: dispatch
2024-02-23T00:33:22.802 INFO:journalctl@ceph.mgr.y.smithi047.stdout:Feb 23 00:33:22 smithi047 ceph-fce2617e-d1e2-11ee-95c0-87774f69a715-mgr-y[38577]: ignoring --setuser ceph since I am not root
2024-02-23T00:33:22.802 INFO:journalctl@ceph.mgr.y.smithi047.stdout:Feb 23 00:33:22 smithi047 ceph-fce2617e-d1e2-11ee-95c0-87774f69a715-mgr-y[38577]: ignoring --setgroup ceph since I am not root
2024-02-23T00:33:22.802 INFO:journalctl@ceph.mgr.y.smithi047.stdout:Feb 23 00:33:22 smithi047 ceph-fce2617e-d1e2-11ee-95c0-87774f69a715-mgr-y[38577]: debug
2024-02-23T00:33:22.557+0000 7fa56f4f4680 -1 mgr[py] Module alerts has missing NOTIFY_TYPES member
2024-02-23T00:33:22.802 INFO:journalctl@ceph.mgr.y.smithi047.stdout:Feb 23 00:33:22 smithi047 ceph-fce2617e-d1e2-11ee-95c0-87774f69a715-mgr-y[38577]: debug
2024-02-23T00:33:22.641+0000 7fa56f4f4680 -1 mgr[py] Module balancer has missing NOTIFY_TYPES member
2024-02-23T00:33:23.056 INFO:journalctl@ceph.mgr.y.smithi047.stdout:Feb 23 00:33:23 smithi047 ceph-fce2617e-d1e2-11ee-95c0-87774f69a715-mgr-y[38577]: debug
2024-02-23T00:33:23.021+0000 7fa56f4f4680 -1 mgr[py] Module crash has missing NOTIFY_TYPES member
2024-02-23T00:33:23.806 INFO:journalctl@ceph.mon.a.smithi047.stdout:Feb 23 00:33:23 smithi047 ceph-fce2617e-d1e2-11ee-95c0-87774f69a715-mon-a[38306]: audit
2024-02-23T00:33:22.401439+0000 mon.a (mon.0) 27 : audit [INF] from='client.? 172.21.15.47:0/1123491492' entity='client.admin' cmd='[{"prefix": "mgr module enable", "module": "cephadm"}]': finished
2024-02-23T00:33:23.806 INFO:journalctl@ceph.mon.a.smithi047.stdout:Feb 23 00:33:23 smithi047 ceph-fce2617e-d1e2-11ee-95c0-87774f69a715-mon-a[38306]: cluster
2024-02-23T00:33:22.401483+0000 mon.a (mon.0) 28 : cluster [DBG] mgrmap e5: y(active, since 10s)
2024-02-23T00:33:23.813 INFO:teuthology.orchestra.run.smithi047.stderr:/usr/bin/ceph:
2024-02-23T00:33:23.810+0000 7f0f55164700 1 Processor -- start
2024-02-23T00:33:23.813 INFO:teuthology.orchestra.run.smithi047.stderr:/usr/bin/ceph:
2024-02-23T00:33:23.810+0000 7f0f55164700 1 -- start start
2024-02-23T00:33:23.813 INFO:teuthology.orchestra.run.smithi047.stderr:/usr/bin/ceph:
2024-02-23T00:33:23.810+0000 7f0f55164700 1 --2- >> [v2:172.21.15.47:3300/0,v1:172.21.15.47:6789/0] conn(0x7f0f50069960 0x7f0f50069d80 unknown :-1 s=NONE pgs=0 cs=0 l=0 rev1=0 rx=0 tx=0).connect
2024-02-23T00:33:23.813 INFO:teuthology.orchestra.run.smithi047.stderr:/usr/bin/ceph:
2024-02-23T00:33:23.810+0000 7f0f55164700 1 -- --> [v2:172.21.15.47:3300/0,v1:172.21.15.47:6789/0] -- mon_getmap magic: 0 v1 -- 0x7f0f5006a270 con 0x7f0f50069960
2024-02-23T00:33:23.813 INFO:teuthology.orchestra.run.smithi047.stderr:/usr/bin/ceph:
2024-02-23T00:33:23.810+0000 7f0f4ed9d700 1 --2- >> [v2:172.21.15.47:3300/0,v1:172.21.15.47:6789/0] conn(0x7f0f50069960 0x7f0f50069d80 unknown :-1 s=BANNER_CONNECTING pgs=0 cs=0 l=0 rev1=0 rx=0 tx=0)._handle_peer_banner_payload supported=1 required=0
2024-02-23T00:33:23.813 INFO:teuthology.orchestra.run.smithi047.stderr:/usr/bin/ceph:
2024-02-23T00:33:23.810+0000 7f0f4ed9d700 1 --2- >> [v2:172.21.15.47:3300/0,v1:172.21.15.47:6789/0] conn(0x7f0f50069960 0x7f0f50069d80 unknown :-1 s=HELLO_CONNECTING pgs=0 cs=0 l=0 rev1=1 rx=0 tx=0).handle_hello peer v2:172.21.15.47:3300/0 says I am v2:172.21.15.47:34254/0 (socket says 172.21.15.47:34254)
2024-02-23T00:33:23.813 INFO:teuthology.orchestra.run.smithi047.stderr:/usr/bin/ceph:
2024-02-23T00:33:23.810+0000 7f0f4ed9d700 1 -- 172.21.15.47:0/3124772576 learned_addr learned my addr 172.21.15.47:0/3124772576 (peer_addr_for_me v2:172.21.15.47:0/0)
2024-02-23T00:33:23.813 INFO:teuthology.orchestra.run.smithi047.stderr:/usr/bin/ceph:
2024-02-23T00:33:23.811+0000 7f0f4ed9d700 1 -- 172.21.15.47:0/3124772576 --> [v2:172.21.15.47:3300/0,v1:172.21.15.47:6789/0] -- mon_subscribe({config=0+,monmap=0+}) v3 -- 0x7f0f5006a3b0 con 0x7f0f50069960
2024-02-23T00:33:23.814 INFO:teuthology.orchestra.run.smithi047.stderr:/usr/bin/ceph:
2024-02-23T00:33:23.811+0000 7f0f4ed9d700 1 --2- 172.21.15.47:0/3124772576 >> [v2:172.21.15.47:3300/0,v1:172.21.15.47:6789/0] conn(0x7f0f50069960 0x7f0f50069d80 secure :-1 s=READY pgs=22 cs=0 l=1 rev1=1 rx=0x7f0f48009e50 tx=0x7f0f48009840).ready entity=mon.0 client_cookie=d892aedf29e659bf server_cookie=0 in_seq=0 out_seq=0
2024-02-23T00:33:23.814 INFO:teuthology.orchestra.run.smithi047.stderr:/usr/bin/ceph:
2024-02-23T00:33:23.812+0000 7f0f4dd9b700 1 -- 172.21.15.47:0/3124772576 <== mon.0 v2:172.21.15.47:3300/0 1 ==== mon_map magic: 0 v1 ==== 205+0+0 (secure 0 0 0) 0x7f0f4800e070 con 0x7f0f50069960
2024-02-23T00:33:23.814 INFO:teuthology.orchestra.run.smithi047.stderr:/usr/bin/ceph:
2024-02-23T00:33:23.812+0000 7f0f4dd9b700 1 -- 172.21.15.47:0/3124772576 <== mon.0 v2:172.21.15.47:3300/0 2 ==== config(24 keys) v1 ==== 1023+0+0 (secure 0 0 0) 0x7f0f4800be90 con 0x7f0f50069960
2024-02-23T00:33:23.814 INFO:teuthology.orchestra.run.smithi047.stderr:/usr/bin/ceph:
2024-02-23T00:33:23.812+0000 7f0f4dd9b700 1 -- 172.21.15.47:0/3124772576 <== mon.0 v2:172.21.15.47:3300/0 3 ==== mon_map magic: 0 v1 ==== 205+0+0 (secure 0 0 0) 0x7f0f48013d80 con 0x7f0f50069960
2024-02-23T00:33:23.815 INFO:teuthology.orchestra.run.smithi047.stderr:/usr/bin/ceph:
2024-02-23T00:33:23.813+0000 7f0f55164700 1 -- 172.21.15.47:0/3124772576 >> [v2:172.21.15.47:3300/0,v1:172.21.15.47:6789/0] conn(0x7f0f50069960 msgr2=0x7f0f50069d80 secure :-1 s=STATE_CONNECTION_ESTABLISHED l=1).mark_down
2024-02-23T00:33:23.815 INFO:teuthology.orchestra.run.smithi047.stderr:/usr/bin/ceph:
2024-02-23T00:33:23.813+0000 7f0f55164700 1 --2- 172.21.15.47:0/3124772576 >> [v2:172.21.15.47:3300/0,v1:172.21.15.47:6789/0] conn(0x7f0f50069960 0x7f0f50069d80 secure :-1 s=READY pgs=22 cs=0 l=1 rev1=1 rx=0x7f0f48009e50 tx=0x7f0f48009840).stop
2024-02-23T00:33:23.815 INFO:teuthology.orchestra.run.smithi047.stderr:/usr/bin/ceph:
2024-02-23T00:33:23.813+0000 7f0f55164700 1 -- 172.21.15.47:0/3124772576 shutdown_connections
2024-02-23T00:33:23.815 INFO:teuthology.orchestra.run.smithi047.stderr:/usr/bin/ceph:
2024-02-23T00:33:23.813+0000 7f0f55164700 1 --2- 172.21.15.47:0/3124772576 >> [v2:172.21.15.47:3300/0,v1:172.21.15.47:6789/0] conn(0x7f0f50069960 0x7f0f50069d80 unknown :-1 s=CLOSED pgs=22 cs=0 l=1 rev1=1 rx=0 tx=0).stop
2024-02-23T00:33:23.815 INFO:teuthology.orchestra.run.smithi047.stderr:/usr/bin/ceph:
2024-02-23T00:33:23.813+0000 7f0f55164700 1 -- 172.21.15.47:0/3124772576 >> 172.21.15.47:0/3124772576 conn(0x7f0f50063e40 msgr2=0x7f0f50066260 unknown :-1 s=STATE_NONE l=0).mark_down
2024-02-23T00:33:23.815 INFO:teuthology.orchestra.run.smithi047.stderr:/usr/bin/ceph:
2024-02-23T00:33:23.813+0000 7f0f55164700 1 -- 172.21.15.47:0/3124772576 shutdown_connections
2024-02-23T00:33:23.818 INFO:teuthology.orchestra.run.smithi047.stderr:/usr/bin/ceph:
2024-02-23T00:33:23.813+0000 7f0f55164700 1 -- 172.21.15.47:0/3124772576 wait complete.
2024-02-23T00:33:23.818 INFO:teuthology.orchestra.run.smithi047.stderr:/usr/bin/ceph:
2024-02-23T00:33:23.814+0000 7f0f55164700 1 librados: starting msgr at
2024-02-23T00:33:23.818 INFO:teuthology.orchestra.run.smithi047.stderr:/usr/bin/ceph:
2024-02-23T00:33:23.814+0000 7f0f55164700 1 librados: starting objecter
2024-02-23T00:33:23.818 INFO:teuthology.orchestra.run.smithi047.stderr:/usr/bin/ceph:
2024-02-23T00:33:23.814+0000 7f0f55164700 1 Processor -- start
2024-02-23T00:33:23.818 INFO:teuthology.orchestra.run.smithi047.stderr:/usr/bin/ceph:
2024-02-23T00:33:23.815+0000 7f0f55164700 1 -- start start
2024-02-23T00:33:23.818 INFO:teuthology.orchestra.run.smithi047.stderr:/usr/bin/ceph:
2024-02-23T00:33:23.815+0000 7f0f55164700 1 librados: setting wanted keys
2024-02-23T00:33:23.818 INFO:teuthology.orchestra.run.smithi047.stderr:/usr/bin/ceph:
2024-02-23T00:33:23.815+0000 7f0f55164700 1 librados: calling monclient init
2024-02-23T00:33:23.818 INFO:teuthology.orchestra.run.smithi047.stderr:/usr/bin/ceph:
2024-02-23T00:33:23.815+0000 7f0f55164700 1 --2- >> [v2:172.21.15.47:3300/0,v1:172.21.15.47:6789/0] conn(0x7f0f50069960 0x7f0f50112480 unknown :-1 s=NONE pgs=0 cs=0 l=1 rev1=0 rx=0 tx=0).connect
2024-02-23T00:33:23.819 INFO:teuthology.orchestra.run.smithi047.stderr:/usr/bin/ceph:
2024-02-23T00:33:23.815+0000 7f0f55164700 1 -- --> [v2:172.21.15.47:3300/0,v1:172.21.15.47:6789/0] -- mon_getmap magic: 0 v1 -- 0x7f0f50112970 con 0x7f0f50069960
2024-02-23T00:33:23.819 INFO:teuthology.orchestra.run.smithi047.stderr:/usr/bin/ceph:
2024-02-23T00:33:23.815+0000 7f0f4ed9d700 1 --2- >> [v2:172.21.15.47:3300/0,v1:172.21.15.47:6789/0] conn(0x7f0f50069960 0x7f0f50112480 unknown :-1 s=BANNER_CONNECTING pgs=0 cs=0 l=1 rev1=0 rx=0 tx=0)._handle_peer_banner_payload supported=1 required=0
2024-02-23T00:33:23.819 INFO:teuthology.orchestra.run.smithi047.stderr:/usr/bin/ceph:
2024-02-23T00:33:23.815+0000 7f0f4ed9d700 1 --2- >> [v2:172.21.15.47:3300/0,v1:172.21.15.47:6789/0] conn(0x7f0f50069960 0x7f0f50112480 unknown :-1 s=HELLO_CONNECTING pgs=0 cs=0 l=1 rev1=1 rx=0 tx=0).handle_hello peer v2:172.21.15.47:3300/0 says I am v2:172.21.15.47:34260/0 (socket says 172.21.15.47:34260)
2024-02-23T00:33:23.819 INFO:teuthology.orchestra.run.smithi047.stderr:/usr/bin/ceph:
2024-02-23T00:33:23.815+0000 7f0f4ed9d700 1 -- 172.21.15.47:0/3786068239 learned_addr learned my addr 172.21.15.47:0/3786068239 (peer_addr_for_me v2:172.21.15.47:0/0)
2024-02-23T00:33:23.819 INFO:teuthology.orchestra.run.smithi047.stderr:/usr/bin/ceph:
2024-02-23T00:33:23.816+0000 7f0f4ed9d700 1 -- 172.21.15.47:0/3786068239 --> [v2:172.21.15.47:3300/0,v1:172.21.15.47:6789/0] -- mon_subscribe({config=0+,monmap=0+}) v3 -- 0x7f0f48009ae0 con 0x7f0f50069960
2024-02-23T00:33:23.819 INFO:teuthology.orchestra.run.smithi047.stderr:/usr/bin/ceph:
2024-02-23T00:33:23.816+0000 7f0f4ed9d700 1 --2- 172.21.15.47:0/3786068239 >> [v2:172.21.15.47:3300/0,v1:172.21.15.47:6789/0] conn(0x7f0f50069960 0x7f0f50112480 secure :-1 s=READY pgs=23 cs=0 l=1 rev1=1 rx=0x7f0f48000f80 tx=0x7f0f48009840).ready entity=mon.0 client_cookie=0 server_cookie=0 in_seq=0 out_seq=0
2024-02-23T00:33:23.819 INFO:teuthology.orchestra.run.smithi047.stderr:/usr/bin/ceph:
2024-02-23T00:33:23.816+0000 7f0f37fff700 10 client.?.objecter ms_handle_connect 0x7f0f50069960
2024-02-23T00:33:23.819 INFO:teuthology.orchestra.run.smithi047.stderr:/usr/bin/ceph:
2024-02-23T00:33:23.816+0000 7f0f37fff700 10 client.?.objecter resend_mon_ops
2024-02-23T00:33:23.820 INFO:teuthology.orchestra.run.smithi047.stderr:/usr/bin/ceph:
2024-02-23T00:33:23.817+0000 7f0f37fff700 1 -- 172.21.15.47:0/3786068239 <== mon.0 v2:172.21.15.47:3300/0 1 ==== mon_map magic: 0 v1 ==== 205+0+0 (secure 0 0 0) 0x7f0f4800e040 con 0x7f0f50069960
2024-02-23T00:33:23.820 INFO:teuthology.orchestra.run.smithi047.stderr:/usr/bin/ceph:
2024-02-23T00:33:23.817+0000 7f0f37fff700 1 -- 172.21.15.47:0/3786068239 <== mon.0 v2:172.21.15.47:3300/0 2 ==== config(24 keys) v1 ==== 1023+0+0 (secure 0 0 0) 0x7f0f48013be0 con 0x7f0f50069960
2024-02-23T00:33:23.820 INFO:teuthology.orchestra.run.smithi047.stderr:/usr/bin/ceph:
2024-02-23T00:33:23.817+0000 7f0f37fff700 1 -- 172.21.15.47:0/3786068239 <== mon.0 v2:172.21.15.47:3300/0 3 ==== mon_map magic: 0 v1 ==== 205+0+0 (secure 0 0 0) 0x7f0f4801c3f0 con 0x7f0f50069960
2024-02-23T00:33:23.820 INFO:teuthology.orchestra.run.smithi047.stderr:/usr/bin/ceph:
2024-02-23T00:33:23.817+0000 7f0f55164700 1 -- 172.21.15.47:0/3786068239 --> [v2:172.21.15.47:3300/0,v1:172.21.15.47:6789/0] -- mon_subscribe({mgrmap=0+}) v3 -- 0x7f0f50112b70 con 0x7f0f50069960
2024-02-23T00:33:23.820 INFO:teuthology.orchestra.run.smithi047.stderr:/usr/bin/ceph:
2024-02-23T00:33:23.817+0000 7f0f55164700 10 client.14118.objecter _maybe_request_map subscribing (onetime) to next osd map
2024-02-23T00:33:23.821 INFO:teuthology.orchestra.run.smithi047.stderr:/usr/bin/ceph:
2024-02-23T00:33:23.817+0000 7f0f55164700 1 -- 172.21.15.47:0/3786068239 --> [v2:172.21.15.47:3300/0,v1:172.21.15.47:6789/0] -- mon_subscribe({osdmap=0}) v3 -- 0x7f0f50113000 con 0x7f0f50069960
2024-02-23T00:33:23.821 INFO:teuthology.orchestra.run.smithi047.stderr:/usr/bin/ceph:
2024-02-23T00:33:23.817+0000 7f0f55164700 1 librados: init done
2024-02-23T00:33:23.822 INFO:teuthology.orchestra.run.smithi047.stderr:/usr/bin/ceph:
2024-02-23T00:33:23.818+0000 7f0f37fff700 1 -- 172.21.15.47:0/3786068239 <== mon.0 v2:172.21.15.47:3300/0 4 ==== mgrmap(e 5) v1 ==== 38617+0+0 (secure 0 0 0) 0x7f0f48003040 con 0x7f0f50069960
2024-02-23T00:33:23.822 INFO:teuthology.orchestra.run.smithi047.stderr:/usr/bin/ceph:
2024-02-23T00:33:23.819+0000 7f0f37fff700 1 --2- 172.21.15.47:0/3786068239 >> [v2:172.21.15.47:6800/2409691510,v1:172.21.15.47:6801/2409691510] conn(0x7f0f38034090 0x7f0f38036550 unknown :-1 s=NONE pgs=0 cs=0 l=1 rev1=0 rx=0 tx=0).connect
2024-02-23T00:33:23.822 INFO:teuthology.orchestra.run.smithi047.stderr:/usr/bin/ceph:
2024-02-23T00:33:23.819+0000 7f0f37fff700 1 -- 172.21.15.47:0/3786068239 <== mon.0 v2:172.21.15.47:3300/0 5 ==== osd_map(1..1 src has 1..1) v4 ==== 754+0+0 (secure 0 0 0) 0x7f0f48043eb0 con 0x7f0f50069960
2024-02-23T00:33:23.822 INFO:teuthology.orchestra.run.smithi047.stderr:/usr/bin/ceph:
2024-02-23T00:33:23.819+0000 7f0f37fff700 10 client.14118.objecter ms_dispatch 0x7f0f50001550 osd_map(1..1 src has 1..1) v4
2024-02-23T00:33:23.822 INFO:teuthology.orchestra.run.smithi047.stderr:/usr/bin/ceph:
2024-02-23T00:33:23.819+0000 7f0f37fff700 3 client.14118.objecter handle_osd_map got epochs [1,1] > 0
2024-02-23T00:33:23.822 INFO:teuthology.orchestra.run.smithi047.stderr:/usr/bin/ceph:
2024-02-23T00:33:23.819+0000 7f0f37fff700 3 client.14118.objecter handle_osd_map decoding full epoch 1
2024-02-23T00:33:23.822 INFO:teuthology.orchestra.run.smithi047.stderr:/usr/bin/ceph:
2024-02-23T00:33:23.819+0000 7f0f37fff700 20 client.14118.objecter dump_active .. 0 homeless
2024-02-23T00:33:23.822 INFO:teuthology.orchestra.run.smithi047.stderr:/usr/bin/ceph:
2024-02-23T00:33:23.819+0000 7f0f4e59c700 1 -- 172.21.15.47:0/3786068239 >> [v2:172.21.15.47:6800/2409691510,v1:172.21.15.47:6801/2409691510] conn(0x7f0f38034090 msgr2=0x7f0f38036550 unknown :-1 s=STATE_CONNECTING_RE l=1).process reconnect failed to v2:172.21.15.47:6800/2409691510
2024-02-23T00:33:23.822 INFO:teuthology.orchestra.run.smithi047.stderr:/usr/bin/ceph:
2024-02-23T00:33:23.819+0000 7f0f4e59c700 1 --2- 172.21.15.47:0/3786068239 >> [v2:172.21.15.47:6800/2409691510,v1:172.21.15.47:6801/2409691510] conn(0x7f0f38034090 0x7f0f38036550 unknown :-1 s=START_CONNECT pgs=0 cs=0 l=1 rev1=0 rx=0 tx=0)._fault waiting 0.200000
2024-02-23T00:33:23.823 INFO:teuthology.orchestra.run.smithi047.stderr:/usr/bin/ceph:
2024-02-23T00:33:23.820+0000 7f0f55164700 1 -- 172.21.15.47:0/3786068239 --> [v2:172.21.15.47:3300/0,v1:172.21.15.47:6789/0] -- mon_command({"prefix": "get_command_descriptions"} v 0) v1 -- 0x7f0f501132b0 con 0x7f0f50069960
2024-02-23T00:33:23.827 INFO:teuthology.orchestra.run.smithi047.stderr:/usr/bin/ceph:
2024-02-23T00:33:23.825+0000 7f0f37fff700 1 -- 172.21.15.47:0/3786068239 <== mon.0 v2:172.21.15.47:3300/0 6 ==== mon_command_ack([{"prefix": "get_command_descriptions"}]=0 v0) v1 ==== 72+0+163658 (secure 0 0 0) 0x7f0f4801c970 con 0x7f0f50069960
2024-02-23T00:33:24.022 INFO:teuthology.orchestra.run.smithi047.stderr:/usr/bin/ceph:
2024-02-23T00:33:24.020+0000 7f0f4e59c700 1 -- 172.21.15.47:0/3786068239 >> [v2:172.21.15.47:6800/2409691510,v1:172.21.15.47:6801/2409691510] conn(0x7f0f38034090 msgr2=0x7f0f38036550 unknown :-1 s=STATE_CONNECTING_RE l=1).process reconnect failed to v2:172.21.15.47:6800/2409691510
2024-02-23T00:33:24.022 INFO:teuthology.orchestra.run.smithi047.stderr:/usr/bin/ceph:
2024-02-23T00:33:24.020+0000 7f0f4e59c700 1 --2- 172.21.15.47:0/3786068239 >> [v2:172.21.15.47:6800/2409691510,v1:172.21.15.47:6801/2409691510] conn(0x7f0f38034090 0x7f0f38036550 unknown :-1 s=START_CONNECT pgs=0 cs=0 l=1 rev1=0 rx=0 tx=0)._fault waiting 0.400000
2024-02-23T00:33:24.042 INFO:teuthology.orchestra.run.smithi047.stderr:/usr/bin/ceph:
2024-02-23T00:33:24.040+0000 7f0f55164700 1 -- 172.21.15.47:0/3786068239 --> [v2:172.21.15.47:3300/0,v1:172.21.15.47:6789/0] -- mon_command({"prefix": "mgr stat"} v 0) v1 -- 0x7f0f50068b00 con 0x7f0f50069960
2024-02-23T00:33:24.042 INFO:teuthology.orchestra.run.smithi047.stderr:/usr/bin/ceph:
2024-02-23T00:33:24.040+0000 7f0f37fff700 1 -- 172.21.15.47:0/3786068239 <== mon.0 v2:172.21.15.47:3300/0 7 ==== mon_command_ack([{"prefix": "mgr stat"}]=0 v5) v1 ==== 56+0+88 (secure 0 0 0) 0x7f0f48025e20 con 0x7f0f50069960
2024-02-23T00:33:24.043 INFO:teuthology.orchestra.run.smithi047.stderr:/usr/bin/ceph: {
2024-02-23T00:33:24.043 INFO:teuthology.orchestra.run.smithi047.stderr:/usr/bin/ceph: "epoch": 5,
2024-02-23T00:33:24.043 INFO:teuthology.orchestra.run.smithi047.stderr:/usr/bin/ceph: "available": true,
2024-02-23T00:33:24.043 INFO:teuthology.orchestra.run.smithi047.stderr:/usr/bin/ceph: "active_name": "y",
2024-02-23T00:33:24.043 INFO:teuthology.orchestra.run.smithi047.stderr:/usr/bin/ceph: "num_standby": 0
2024-02-23T00:33:24.043 INFO:teuthology.orchestra.run.smithi047.stderr:/usr/bin/ceph: }
2024-02-23T00:33:24.045 INFO:teuthology.orchestra.run.smithi047.stderr:/usr/bin/ceph:
2024-02-23T00:33:24.042+0000 7f0f55164700 10 librados: watch_flush enter
2024-02-23T00:33:24.045 INFO:teuthology.orchestra.run.smithi047.stderr:/usr/bin/ceph:
2024-02-23T00:33:24.042+0000 7f0f55164700 10 librados: watch_flush exit
2024-02-23T00:33:24.045 INFO:teuthology.orchestra.run.smithi047.stderr:/usr/bin/ceph:
2024-02-23T00:33:24.042+0000 7f0f55164700 20 client.14118.objecter shutdown clearing up homeless session...
2024-02-23T00:33:24.045 INFO:teuthology.orchestra.run.smithi047.stderr:/usr/bin/ceph:
2024-02-23T00:33:24.042+0000 7f0f55164700 10 client.14118.objecter successfully canceled tick
2024-02-23T00:33:24.045 INFO:teuthology.orchestra.run.smithi047.stderr:/usr/bin/ceph:
2024-02-23T00:33:24.042+0000 7f0f55164700 1 -- 172.21.15.47:0/3786068239 >> [v2:172.21.15.47:6800/2409691510,v1:172.21.15.47:6801/2409691510] conn(0x7f0f38034090 msgr2=0x7f0f38036550 unknown :-1 s=STATE_CONNECTING l=1).mark_down
2024-02-23T00:33:24.046 INFO:teuthology.orchestra.run.smithi047.stderr:/usr/bin/ceph:
2024-02-23T00:33:24.042+0000 7f0f55164700 1 --2- 172.21.15.47:0/3786068239 >> [v2:172.21.15.47:6800/2409691510,v1:172.21.15.47:6801/2409691510] conn(0x7f0f38034090 0x7f0f38036550 unknown :-1 s=START_CONNECT pgs=0 cs=0 l=1 rev1=0 rx=0 tx=0).stop
2024-02-23T00:33:24.046 INFO:teuthology.orchestra.run.smithi047.stderr:/usr/bin/ceph:
2024-02-23T00:33:24.042+0000 7f0f55164700 1 -- 172.21.15.47:0/3786068239 >> [v2:172.21.15.47:3300/0,v1:172.21.15.47:6789/0] conn(0x7f0f50069960 msgr2=0x7f0f50112480 secure :-1 s=STATE_CONNECTION_ESTABLISHED l=1).mark_down
2024-02-23T00:33:24.046 INFO:teuthology.orchestra.run.smithi047.stderr:/usr/bin/ceph:
2024-02-23T00:33:24.042+0000 7f0f55164700 1 --2- 172.21.15.47:0/3786068239 >> [v2:172.21.15.47:3300/0,v1:172.21.15.47:6789/0] conn(0x7f0f50069960 0x7f0f50112480 secure :-1 s=READY pgs=23 cs=0 l=1 rev1=1 rx=0x7f0f48000f80 tx=0x7f0f48009840).stop
2024-02-23T00:33:24.046 INFO:teuthology.orchestra.run.smithi047.stderr:/usr/bin/ceph:
2024-02-23T00:33:24.042+0000 7f0f55164700 1 -- 172.21.15.47:0/3786068239 shutdown_connections
2024-02-23T00:33:24.046 INFO:teuthology.orchestra.run.smithi047.stderr:/usr/bin/ceph:
