2024-02-23T00:34:00.546+0000 7f6f81cfc700 1 --2- >> [v2:172.21.15.47:3300/0,v1:172.21.15.47:6789/0] conn(0x7f6f7c070ae0 0x7f6f7c10a9e0 unknown :-1 s=HELLO_CONNECTING pgs=0 cs=0 l=1 rev1=1 rx=0 tx=0).handle_hello peer v2:172.21.15.47:3300/0 says I am v2:172.21.15.47:59202/0 (socket says 172.21.15.47:59202)
2024-02-23T00:34:00.551 INFO:teuthology.orchestra.run.smithi047.stderr:/usr/bin/ceph:
2024-02-23T00:34:00.546+0000 7f6f81cfc700 1 -- 172.21.15.47:0/2120449356 learned_addr learned my addr 172.21.15.47:0/2120449356 (peer_addr_for_me v2:172.21.15.47:0/0)
2024-02-23T00:34:00.552 INFO:teuthology.orchestra.run.smithi047.stderr:/usr/bin/ceph:
2024-02-23T00:34:00.546+0000 7f6f81cfc700 1 -- 172.21.15.47:0/2120449356 --> [v2:172.21.15.47:3300/0,v1:172.21.15.47:6789/0] -- mon_subscribe({config=0+,monmap=0+}) v3 -- 0x7f6f6c009370 con 0x7f6f7c070ae0
2024-02-23T00:34:00.552 INFO:teuthology.orchestra.run.smithi047.stderr:/usr/bin/ceph:
2024-02-23T00:34:00.547+0000 7f6f81cfc700 1 --2- 172.21.15.47:0/2120449356 >> [v2:172.21.15.47:3300/0,v1:172.21.15.47:6789/0] conn(0x7f6f7c070ae0 0x7f6f7c10a9e0 secure :-1 s=READY pgs=69 cs=0 l=1 rev1=1 rx=0x7f6f6c012f10 tx=0x7f6f6c0090f0).ready entity=mon.0 client_cookie=0 server_cookie=0 in_seq=0 out_seq=0
2024-02-23T00:34:00.552 INFO:teuthology.orchestra.run.smithi047.stderr:/usr/bin/ceph:
2024-02-23T00:34:00.547+0000 7f6f72ffd700 10 client.?.objecter ms_handle_connect 0x7f6f7c070ae0
2024-02-23T00:34:00.552 INFO:teuthology.orchestra.run.smithi047.stderr:/usr/bin/ceph:
2024-02-23T00:34:00.547+0000 7f6f72ffd700 10 client.?.objecter resend_mon_ops
2024-02-23T00:34:00.552 INFO:teuthology.orchestra.run.smithi047.stderr:/usr/bin/ceph:
2024-02-23T00:34:00.547+0000 7f6f72ffd700 1 -- 172.21.15.47:0/2120449356 <== mon.0 v2:172.21.15.47:3300/0 1 ==== mon_map magic: 0 v1 ==== 205+0+0 (secure 0 0 0) 0x7f6f6c01a640 con 0x7f6f7c070ae0
2024-02-23T00:34:00.552 INFO:teuthology.orchestra.run.smithi047.stderr:/usr/bin/ceph:
2024-02-23T00:34:00.547+0000 7f6f83f60700 1 -- 172.21.15.47:0/2120449356 --> [v2:172.21.15.47:3300/0,v1:172.21.15.47:6789/0] -- mon_subscribe({mgrmap=0+}) v3 -- 0x7f6f7c10b0d0 con 0x7f6f7c070ae0
2024-02-23T00:34:00.552 INFO:teuthology.orchestra.run.smithi047.stderr:/usr/bin/ceph:
2024-02-23T00:34:00.547+0000 7f6f72ffd700 1 -- 172.21.15.47:0/2120449356 <== mon.0 v2:172.21.15.47:3300/0 2 ==== config(24 keys) v1 ==== 1054+0+0 (secure 0 0 0) 0x7f6f6c01ac30 con 0x7f6f7c070ae0
2024-02-23T00:34:00.552 INFO:teuthology.orchestra.run.smithi047.stderr:/usr/bin/ceph:
2024-02-23T00:34:00.547+0000 7f6f72ffd700 1 -- 172.21.15.47:0/2120449356 <== mon.0 v2:172.21.15.47:3300/0 3 ==== mon_map magic: 0 v1 ==== 205+0+0 (secure 0 0 0) 0x7f6f6c0239e0 con 0x7f6f7c070ae0
2024-02-23T00:34:00.552 INFO:teuthology.orchestra.run.smithi047.stderr:/usr/bin/ceph:
2024-02-23T00:34:00.547+0000 7f6f83f60700 10 client.14162.objecter _maybe_request_map subscribing (onetime) to next osd map
2024-02-23T00:34:00.552 INFO:teuthology.orchestra.run.smithi047.stderr:/usr/bin/ceph:
2024-02-23T00:34:00.547+0000 7f6f83f60700 1 -- 172.21.15.47:0/2120449356 --> [v2:172.21.15.47:3300/0,v1:172.21.15.47:6789/0] -- mon_subscribe({osdmap=0}) v3 -- 0x7f6f7c10b4e0 con 0x7f6f7c070ae0
2024-02-23T00:34:00.553 INFO:teuthology.orchestra.run.smithi047.stderr:/usr/bin/ceph:
2024-02-23T00:34:00.547+0000 7f6f83f60700 1 librados: init done
2024-02-23T00:34:00.553 INFO:teuthology.orchestra.run.smithi047.stderr:/usr/bin/ceph:
2024-02-23T00:34:00.548+0000 7f6f72ffd700 1 -- 172.21.15.47:0/2120449356 <== mon.0 v2:172.21.15.47:3300/0 4 ==== mgrmap(e 13) v1 ==== 38673+0+0 (secure 0 0 0) 0x7f6f6c01a7a0 con 0x7f6f7c070ae0
2024-02-23T00:34:00.553 INFO:teuthology.orchestra.run.smithi047.stderr:/usr/bin/ceph:
2024-02-23T00:34:00.548+0000 7f6f83f60700 1 -- 172.21.15.47:0/2120449356 --> [v2:172.21.15.47:3300/0,v1:172.21.15.47:6789/0] -- mon_command({"prefix": "get_command_descriptions"} v 0) v1 -- 0x7f6f7c046ce0 con 0x7f6f7c070ae0
2024-02-23T00:34:00.553 INFO:teuthology.orchestra.run.smithi047.stderr:/usr/bin/ceph:
2024-02-23T00:34:00.548+0000 7f6f72ffd700 1 --2- 172.21.15.47:0/2120449356 >> [v2:172.21.15.47:6800/622994871,v1:172.21.15.47:6801/622994871] conn(0x7f6f68038460 0x7f6f6803a920 unknown :-1 s=NONE pgs=0 cs=0 l=1 rev1=0 rx=0 tx=0).connect
2024-02-23T00:34:00.553 INFO:teuthology.orchestra.run.smithi047.stderr:/usr/bin/ceph:
2024-02-23T00:34:00.548+0000 7f6f72ffd700 1 -- 172.21.15.47:0/2120449356 <== mon.0 v2:172.21.15.47:3300/0 5 ==== osd_map(3..3 src has 1..3) v4 ==== 1098+0+0 (secure 0 0 0) 0x7f6f6c044e10 con 0x7f6f7c070ae0
2024-02-23T00:34:00.553 INFO:teuthology.orchestra.run.smithi047.stderr:/usr/bin/ceph:
2024-02-23T00:34:00.548+0000 7f6f72ffd700 10 client.14162.objecter ms_dispatch 0x7f6f7c001550 osd_map(3..3 src has 1..3) v4
2024-02-23T00:34:00.553 INFO:teuthology.orchestra.run.smithi047.stderr:/usr/bin/ceph:
2024-02-23T00:34:00.548+0000 7f6f72ffd700 3 client.14162.objecter handle_osd_map got epochs [3,3] > 0
2024-02-23T00:34:00.553 INFO:teuthology.orchestra.run.smithi047.stderr:/usr/bin/ceph:
2024-02-23T00:34:00.548+0000 7f6f72ffd700 3 client.14162.objecter handle_osd_map decoding full epoch 3
2024-02-23T00:34:00.553 INFO:teuthology.orchestra.run.smithi047.stderr:/usr/bin/ceph:
2024-02-23T00:34:00.548+0000 7f6f72ffd700 20 client.14162.objecter dump_active .. 0 homeless
2024-02-23T00:34:00.553 INFO:teuthology.orchestra.run.smithi047.stderr:/usr/bin/ceph:
2024-02-23T00:34:00.548+0000 7f6f814fb700 1 --2- 172.21.15.47:0/2120449356 >> [v2:172.21.15.47:6800/622994871,v1:172.21.15.47:6801/622994871] conn(0x7f6f68038460 0x7f6f6803a920 unknown :-1 s=BANNER_CONNECTING pgs=0 cs=0 l=1 rev1=0 rx=0 tx=0)._handle_peer_banner_payload supported=1 required=0
2024-02-23T00:34:00.553 INFO:teuthology.orchestra.run.smithi047.stderr:/usr/bin/ceph:
2024-02-23T00:34:00.548+0000 7f6f72ffd700 10 client.14162.objecter ms_handle_connect 0x7f6f68038460
2024-02-23T00:34:00.553 INFO:teuthology.orchestra.run.smithi047.stderr:/usr/bin/ceph:
2024-02-23T00:34:00.548+0000 7f6f814fb700 1 --2- 172.21.15.47:0/2120449356 >> [v2:172.21.15.47:6800/622994871,v1:172.21.15.47:6801/622994871] conn(0x7f6f68038460 0x7f6f6803a920 secure :-1 s=READY pgs=9 cs=0 l=1 rev1=1 rx=0x7f6f78009780 tx=0x7f6f78006cc0).ready entity=mgr.14146 client_cookie=0 server_cookie=0 in_seq=0 out_seq=0
2024-02-23T00:34:00.554 INFO:teuthology.orchestra.run.smithi047.stderr:/usr/bin/ceph:
2024-02-23T00:34:00.552+0000 7f6f72ffd700 1 -- 172.21.15.47:0/2120449356 <== mon.0 v2:172.21.15.47:3300/0 6 ==== mon_command_ack([{"prefix": "get_command_descriptions"}]=0 v0) v1 ==== 72+0+163658 (secure 0 0 0) 0x7f6f6c019920 con 0x7f6f7c070ae0
2024-02-23T00:34:00.725 INFO:teuthology.orchestra.run.smithi047.stderr:/usr/bin/ceph:
2024-02-23T00:34:00.722+0000 7f6f83f60700 1 -- 172.21.15.47:0/2120449356 --> [v2:172.21.15.47:3300/0,v1:172.21.15.47:6789/0] -- mon_command([{prefix=config set, name=osd_memory_target_autotune}] v 0) v1 -- 0x7f6f7c0ffe30 con 0x7f6f7c070ae0
2024-02-23T00:34:00.726 INFO:teuthology.orchestra.run.smithi047.stderr:/usr/bin/ceph:
2024-02-23T00:34:00.722+0000 7f6f72ffd700 1 -- 172.21.15.47:0/2120449356 <== mon.0 v2:172.21.15.47:3300/0 7 ==== mon_command_ack([{prefix=config set, name=osd_memory_target_autotune}]=0 v8)=0 v8) v1 ==== 127+0+0 (secure 0 0 0) 0x7f6f6c01e020 con 0x7f6f7c070ae0
2024-02-23T00:34:00.728 INFO:teuthology.orchestra.run.smithi047.stderr:/usr/bin/ceph:
2024-02-23T00:34:00.724+0000 7f6f83f60700 10 librados: watch_flush enter
2024-02-23T00:34:00.728 INFO:teuthology.orchestra.run.smithi047.stderr:/usr/bin/ceph:
2024-02-23T00:34:00.724+0000 7f6f83f60700 10 librados: watch_flush exit
2024-02-23T00:34:00.728 INFO:teuthology.orchestra.run.smithi047.stderr:/usr/bin/ceph:
2024-02-23T00:34:00.724+0000 7f6f83f60700 20 client.14162.objecter shutdown clearing up homeless session...
2024-02-23T00:34:00.728 INFO:teuthology.orchestra.run.smithi047.stderr:/usr/bin/ceph:
2024-02-23T00:34:00.724+0000 7f6f83f60700 10 client.14162.objecter successfully canceled tick
2024-02-23T00:34:00.728 INFO:teuthology.orchestra.run.smithi047.stderr:/usr/bin/ceph:
2024-02-23T00:34:00.724+0000 7f6f83f60700 1 -- 172.21.15.47:0/2120449356 >> [v2:172.21.15.47:6800/622994871,v1:172.21.15.47:6801/622994871] conn(0x7f6f68038460 msgr2=0x7f6f6803a920 secure :-1 s=STATE_CONNECTION_ESTABLISHED l=1).mark_down
2024-02-23T00:34:00.728 INFO:teuthology.orchestra.run.smithi047.stderr:/usr/bin/ceph:
2024-02-23T00:34:00.724+0000 7f6f83f60700 1 --2- 172.21.15.47:0/2120449356 >> [v2:172.21.15.47:6800/622994871,v1:172.21.15.47:6801/622994871] conn(0x7f6f68038460 0x7f6f6803a920 secure :-1 s=READY pgs=9 cs=0 l=1 rev1=1 rx=0x7f6f78009780 tx=0x7f6f78006cc0).stop
2024-02-23T00:34:00.728 INFO:teuthology.orchestra.run.smithi047.stderr:/usr/bin/ceph:
2024-02-23T00:34:00.724+0000 7f6f83f60700 1 -- 172.21.15.47:0/2120449356 >> [v2:172.21.15.47:3300/0,v1:172.21.15.47:6789/0] conn(0x7f6f7c070ae0 msgr2=0x7f6f7c10a9e0 secure :-1 s=STATE_CONNECTION_ESTABLISHED l=1).mark_down
2024-02-23T00:34:00.728 INFO:teuthology.orchestra.run.smithi047.stderr:/usr/bin/ceph:
2024-02-23T00:34:00.724+0000 7f6f83f60700 1 --2- 172.21.15.47:0/2120449356 >> [v2:172.21.15.47:3300/0,v1:172.21.15.47:6789/0] conn(0x7f6f7c070ae0 0x7f6f7c10a9e0 secure :-1 s=READY pgs=69 cs=0 l=1 rev1=1 rx=0x7f6f6c012f10 tx=0x7f6f6c0090f0).stop
2024-02-23T00:34:00.728 INFO:teuthology.orchestra.run.smithi047.stderr:/usr/bin/ceph:
2024-02-23T00:34:00.724+0000 7f6f83f60700 1 -- 172.21.15.47:0/2120449356 shutdown_connections
2024-02-23T00:34:00.728 INFO:teuthology.orchestra.run.smithi047.stderr:/usr/bin/ceph:
2024-02-23T00:34:00.724+0000 7f6f83f60700 1 --2- 172.21.15.47:0/2120449356 >> [v2:172.21.15.47:6800/622994871,v1:172.21.15.47:6801/622994871] conn(0x7f6f68038460 0x7f6f6803a920 unknown :-1 s=CLOSED pgs=9 cs=0 l=1 rev1=1 rx=0 tx=0).stop
2024-02-23T00:34:00.728 INFO:teuthology.orchestra.run.smithi047.stderr:/usr/bin/ceph:
2024-02-23T00:34:00.724+0000 7f6f83f60700 1 --2- 172.21.15.47:0/2120449356 >> [v2:172.21.15.47:3300/0,v1:172.21.15.47:6789/0] conn(0x7f6f7c070ae0 0x7f6f7c10a9e0 unknown :-1 s=CLOSED pgs=69 cs=0 l=1 rev1=1 rx=0 tx=0).stop
2024-02-23T00:34:00.728 INFO:teuthology.orchestra.run.smithi047.stderr:/usr/bin/ceph:
2024-02-23T00:34:00.724+0000 7f6f83f60700 1 -- 172.21.15.47:0/2120449356 >> 172.21.15.47:0/2120449356 conn(0x7f6f7c0f6530 msgr2=0x7f6f7c0f7dc0 unknown :-1 s=STATE_NONE l=0).mark_down
2024-02-23T00:34:00.729 INFO:teuthology.orchestra.run.smithi047.stderr:/usr/bin/ceph:
2024-02-23T00:34:00.724+0000 7f6f83f60700 1 -- 172.21.15.47:0/2120449356 shutdown_connections
2024-02-23T00:34:00.729 INFO:teuthology.orchestra.run.smithi047.stderr:/usr/bin/ceph:
2024-02-23T00:34:00.724+0000 7f6f83f60700 1 -- 172.21.15.47:0/2120449356 wait complete.
2024-02-23T00:34:00.729 INFO:teuthology.orchestra.run.smithi047.stderr:/usr/bin/ceph:
2024-02-23T00:34:00.725+0000 7f6f83f60700 1 librados: shutdown
2024-02-23T00:34:02.121 INFO:teuthology.orchestra.run.smithi047.stderr:/usr/bin/ceph:
2024-02-23T00:34:02.113+0000 7fe43a943700 1 Processor -- start
2024-02-23T00:34:02.121 INFO:teuthology.orchestra.run.smithi047.stderr:/usr/bin/ceph:
2024-02-23T00:34:02.113+0000 7fe43a943700 1 -- start start
2024-02-23T00:34:02.121 INFO:teuthology.orchestra.run.smithi047.stderr:/usr/bin/ceph:
2024-02-23T00:34:02.113+0000 7fe43a943700 1 --2- >> [v2:172.21.15.47:3300/0,v1:172.21.15.47:6789/0] conn(0x7fe434070b40 0x7fe434100ef0 unknown :-1 s=NONE pgs=0 cs=0 l=0 rev1=0 rx=0 tx=0).connect
2024-02-23T00:34:02.121 INFO:teuthology.orchestra.run.smithi047.stderr:/usr/bin/ceph:
2024-02-23T00:34:02.113+0000 7fe43a943700 1 -- --> [v2:172.21.15.47:3300/0,v1:172.21.15.47:6789/0] -- mon_getmap magic: 0 v1 -- 0x7fe4340fc8e0 con 0x7fe434070b40
2024-02-23T00:34:02.122 INFO:teuthology.orchestra.run.smithi047.stderr:/usr/bin/ceph:
2024-02-23T00:34:02.113+0000 7fe433fff700 1 --2- >> [v2:172.21.15.47:3300/0,v1:172.21.15.47:6789/0] conn(0x7fe434070b40 0x7fe434100ef0 unknown :-1 s=BANNER_CONNECTING pgs=0 cs=0 l=0 rev1=0 rx=0 tx=0)._handle_peer_banner_payload supported=1 required=0
2024-02-23T00:34:02.122 INFO:teuthology.orchestra.run.smithi047.stderr:/usr/bin/ceph:
2024-02-23T00:34:02.114+0000 7fe433fff700 1 --2- >> [v2:172.21.15.47:3300/0,v1:172.21.15.47:6789/0] conn(0x7fe434070b40 0x7fe434100ef0 unknown :-1 s=HELLO_CONNECTING pgs=0 cs=0 l=0 rev1=1 rx=0 tx=0).handle_hello peer v2:172.21.15.47:3300/0 says I am v2:172.21.15.47:59210/0 (socket says 172.21.15.47:59210)
2024-02-23T00:34:02.122 INFO:teuthology.orchestra.run.smithi047.stderr:/usr/bin/ceph:
2024-02-23T00:34:02.114+0000 7fe433fff700 1 -- 172.21.15.47:0/4264821747 learned_addr learned my addr 172.21.15.47:0/4264821747 (peer_addr_for_me v2:172.21.15.47:0/0)
2024-02-23T00:34:02.122 INFO:teuthology.orchestra.run.smithi047.stderr:/usr/bin/ceph:
2024-02-23T00:34:02.114+0000 7fe433fff700 1 -- 172.21.15.47:0/4264821747 --> [v2:172.21.15.47:3300/0,v1:172.21.15.47:6789/0] -- mon_subscribe({config=0+,monmap=0+}) v3 -- 0x7fe4341013e0 con 0x7fe434070b40
2024-02-23T00:34:02.122 INFO:teuthology.orchestra.run.smithi047.stderr:/usr/bin/ceph:
2024-02-23T00:34:02.114+0000 7fe433fff700 1 --2- 172.21.15.47:0/4264821747 >> [v2:172.21.15.47:3300/0,v1:172.21.15.47:6789/0] conn(0x7fe434070b40 0x7fe434100ef0 secure :-1 s=READY pgs=70 cs=0 l=1 rev1=1 rx=0x7fe424009730 tx=0x7fe4240090f0).ready entity=mon.0 client_cookie=faf4dfb5d946a02a server_cookie=0 in_seq=0 out_seq=0
2024-02-23T00:34:02.122 INFO:teuthology.orchestra.run.smithi047.stderr:/usr/bin/ceph:
2024-02-23T00:34:02.114+0000 7fe432ffd700 1 -- 172.21.15.47:0/4264821747 <== mon.0 v2:172.21.15.47:3300/0 1 ==== mon_map magic: 0 v1 ==== 205+0+0 (secure 0 0 0) 0x7fe42400b580 con 0x7fe434070b40
2024-02-23T00:34:02.122 INFO:teuthology.orchestra.run.smithi047.stderr:/usr/bin/ceph:
2024-02-23T00:34:02.114+0000 7fe432ffd700 1 -- 172.21.15.47:0/4264821747 <== mon.0 v2:172.21.15.47:3300/0 2 ==== config(24 keys) v1 ==== 1054+0+0 (secure 0 0 0) 0x7fe42400bb70 con 0x7fe434070b40
2024-02-23T00:34:02.122 INFO:teuthology.orchestra.run.smithi047.stderr:/usr/bin/ceph:
2024-02-23T00:34:02.114+0000 7fe432ffd700 1 -- 172.21.15.47:0/4264821747 <== mon.0 v2:172.21.15.47:3300/0 3 ==== mon_map magic: 0 v1 ==== 205+0+0 (secure 0 0 0) 0x7fe424011a70 con 0x7fe434070b40
2024-02-23T00:34:02.122 INFO:teuthology.orchestra.run.smithi047.stderr:/usr/bin/ceph:
2024-02-23T00:34:02.115+0000 7fe43a943700 1 -- 172.21.15.47:0/4264821747 >> [v2:172.21.15.47:3300/0,v1:172.21.15.47:6789/0] conn(0x7fe434070b40 msgr2=0x7fe434100ef0 secure :-1 s=STATE_CONNECTION_ESTABLISHED l=1).mark_down
2024-02-23T00:34:02.122 INFO:teuthology.orchestra.run.smithi047.stderr:/usr/bin/ceph:
2024-02-23T00:34:02.115+0000 7fe43a943700 1 --2- 172.21.15.47:0/4264821747 >> [v2:172.21.15.47:3300/0,v1:172.21.15.47:6789/0] conn(0x7fe434070b40 0x7fe434100ef0 secure :-1 s=READY pgs=70 cs=0 l=1 rev1=1 rx=0x7fe424009730 tx=0x7fe4240090f0).stop
2024-02-23T00:34:02.122 INFO:teuthology.orchestra.run.smithi047.stderr:/usr/bin/ceph:
2024-02-23T00:34:02.115+0000 7fe43a943700 1 -- 172.21.15.47:0/4264821747 shutdown_connections
2024-02-23T00:34:02.122 INFO:teuthology.orchestra.run.smithi047.stderr:/usr/bin/ceph:
2024-02-23T00:34:02.115+0000 7fe43a943700 1 --2- 172.21.15.47:0/4264821747 >> [v2:172.21.15.47:3300/0,v1:172.21.15.47:6789/0] conn(0x7fe434070b40 0x7fe434100ef0 unknown :-1 s=CLOSED pgs=70 cs=0 l=1 rev1=1 rx=0 tx=0).stop
2024-02-23T00:34:02.122 INFO:teuthology.orchestra.run.smithi047.stderr:/usr/bin/ceph:
2024-02-23T00:34:02.115+0000 7fe43a943700 1 -- 172.21.15.47:0/4264821747 >> 172.21.15.47:0/4264821747 conn(0x7fe4340f6530 msgr2=0x7fe4340f8950 unknown :-1 s=STATE_NONE l=0).mark_down
2024-02-23T00:34:02.122 INFO:teuthology.orchestra.run.smithi047.stderr:/usr/bin/ceph:
2024-02-23T00:34:02.115+0000 7fe43a943700 1 -- 172.21.15.47:0/4264821747 shutdown_connections
2024-02-23T00:34:02.122 INFO:teuthology.orchestra.run.smithi047.stderr:/usr/bin/ceph:
2024-02-23T00:34:02.115+0000 7fe43a943700 1 -- 172.21.15.47:0/4264821747 wait complete.
2024-02-23T00:34:02.123 INFO:teuthology.orchestra.run.smithi047.stderr:/usr/bin/ceph:
2024-02-23T00:34:02.115+0000 7fe43a943700 1 librados: starting msgr at
2024-02-23T00:34:02.123 INFO:teuthology.orchestra.run.smithi047.stderr:/usr/bin/ceph:
2024-02-23T00:34:02.115+0000 7fe43a943700 1 librados: starting objecter
2024-02-23T00:34:02.123 INFO:teuthology.orchestra.run.smithi047.stderr:/usr/bin/ceph:
2024-02-23T00:34:02.116+0000 7fe43a943700 1 Processor -- start
2024-02-23T00:34:02.123 INFO:teuthology.orchestra.run.smithi047.stderr:/usr/bin/ceph:
2024-02-23T00:34:02.116+0000 7fe43a943700 1 -- start start
2024-02-23T00:34:02.123 INFO:teuthology.orchestra.run.smithi047.stderr:/usr/bin/ceph:
2024-02-23T00:34:02.116+0000 7fe43a943700 1 librados: setting wanted keys
2024-02-23T00:34:02.123 INFO:teuthology.orchestra.run.smithi047.stderr:/usr/bin/ceph:
2024-02-23T00:34:02.116+0000 7fe43a943700 1 librados: calling monclient init
2024-02-23T00:34:02.123 INFO:teuthology.orchestra.run.smithi047.stderr:/usr/bin/ceph:
2024-02-23T00:34:02.116+0000 7fe43a943700 1 --2- >> [v2:172.21.15.47:3300/0,v1:172.21.15.47:6789/0] conn(0x7fe434070b40 0x7fe43410cbd0 unknown :-1 s=NONE pgs=0 cs=0 l=1 rev1=0 rx=0 tx=0).connect
2024-02-23T00:34:02.123 INFO:teuthology.orchestra.run.smithi047.stderr:/usr/bin/ceph:
2024-02-23T00:34:02.116+0000 7fe43a943700 1 -- --> [v2:172.21.15.47:3300/0,v1:172.21.15.47:6789/0] -- mon_getmap magic: 0 v1 -- 0x7fe43410d0c0 con 0x7fe434070b40
2024-02-23T00:34:02.123 INFO:teuthology.orchestra.run.smithi047.stderr:/usr/bin/ceph:
2024-02-23T00:34:02.116+0000 7fe433fff700 1 --2- >> [v2:172.21.15.47:3300/0,v1:172.21.15.47:6789/0] conn(0x7fe434070b40 0x7fe43410cbd0 unknown :-1 s=BANNER_CONNECTING pgs=0 cs=0 l=1 rev1=0 rx=0 tx=0)._handle_peer_banner_payload supported=1 required=0
2024-02-23T00:34:02.123 INFO:teuthology.orchestra.run.smithi047.stderr:/usr/bin/ceph:
2024-02-23T00:34:02.116+0000 7fe433fff700 1 --2- >> [v2:172.21.15.47:3300/0,v1:172.21.15.47:6789/0] conn(0x7fe434070b40 0x7fe43410cbd0 unknown :-1 s=HELLO_CONNECTING pgs=0 cs=0 l=1 rev1=1 rx=0 tx=0).handle_hello peer v2:172.21.15.47:3300/0 says I am v2:172.21.15.47:59218/0 (socket says 172.21.15.47:59218)
2024-02-23T00:34:02.123 INFO:teuthology.orchestra.run.smithi047.stderr:/usr/bin/ceph:
2024-02-23T00:34:02.116+0000 7fe433fff700 1 -- 172.21.15.47:0/2107748619 learned_addr learned my addr 172.21.15.47:0/2107748619 (peer_addr_for_me v2:172.21.15.47:0/0)
2024-02-23T00:34:02.123 INFO:teuthology.orchestra.run.smithi047.stderr:/usr/bin/ceph:
2024-02-23T00:34:02.117+0000 7fe433fff700 1 -- 172.21.15.47:0/2107748619 --> [v2:172.21.15.47:3300/0,v1:172.21.15.47:6789/0] -- mon_subscribe({config=0+,monmap=0+}) v3 -- 0x7fe424009370 con 0x7fe434070b40
2024-02-23T00:34:02.123 INFO:teuthology.orchestra.run.smithi047.stderr:/usr/bin/ceph:
2024-02-23T00:34:02.117+0000 7fe433fff700 1 --2- 172.21.15.47:0/2107748619 >> [v2:172.21.15.47:3300/0,v1:172.21.15.47:6789/0] conn(0x7fe434070b40 0x7fe43410cbd0 secure :-1 s=READY pgs=71 cs=0 l=1 rev1=1 rx=0x7fe424012f10 tx=0x7fe4240090f0).ready entity=mon.0 client_cookie=0 server_cookie=0 in_seq=0 out_seq=0
2024-02-23T00:34:02.123 INFO:teuthology.orchestra.run.smithi047.stderr:/usr/bin/ceph:
2024-02-23T00:34:02.117+0000 7fe4317fa700 10 client.?.objecter ms_handle_connect 0x7fe434070b40
2024-02-23T00:34:02.123 INFO:teuthology.orchestra.run.smithi047.stderr:/usr/bin/ceph:
2024-02-23T00:34:02.117+0000 7fe4317fa700 10 client.?.objecter resend_mon_ops
2024-02-23T00:34:02.123 INFO:teuthology.orchestra.run.smithi047.stderr:/usr/bin/ceph:
2024-02-23T00:34:02.117+0000 7fe4317fa700 1 -- 172.21.15.47:0/2107748619 <== mon.0 v2:172.21.15.47:3300/0 1 ==== mon_map magic: 0 v1 ==== 205+0+0 (secure 0 0 0) 0x7fe42401a640 con 0x7fe434070b40
2024-02-23T00:34:02.124 INFO:teuthology.orchestra.run.smithi047.stderr:/usr/bin/ceph:
2024-02-23T00:34:02.117+0000 7fe4317fa700 1 -- 172.21.15.47:0/2107748619 <== mon.0 v2:172.21.15.47:3300/0 2 ==== config(24 keys) v1 ==== 1054+0+0 (secure 0 0 0) 0x7fe42401ac30 con 0x7fe434070b40
2024-02-23T00:34:02.124 INFO:teuthology.orchestra.run.smithi047.stderr:/usr/bin/ceph:
2024-02-23T00:34:02.117+0000 7fe4317fa700 1 -- 172.21.15.47:0/2107748619 <== mon.0 v2:172.21.15.47:3300/0 3 ==== mon_map magic: 0 v1 ==== 205+0+0 (secure 0 0 0) 0x7fe4240239e0 con 0x7fe434070b40
2024-02-23T00:34:02.124 INFO:teuthology.orchestra.run.smithi047.stderr:/usr/bin/ceph:
2024-02-23T00:34:02.117+0000 7fe43a943700 1 -- 172.21.15.47:0/2107748619 --> [v2:172.21.15.47:3300/0,v1:172.21.15.47:6789/0] -- mon_subscribe({mgrmap=0+}) v3 -- 0x7fe43410d2c0 con 0x7fe434070b40
2024-02-23T00:34:02.124 INFO:teuthology.orchestra.run.smithi047.stderr:/usr/bin/ceph:
2024-02-23T00:34:02.117+0000 7fe43a943700 10 client.14164.objecter _maybe_request_map subscribing (onetime) to next osd map
2024-02-23T00:34:02.124 INFO:teuthology.orchestra.run.smithi047.stderr:/usr/bin/ceph:
2024-02-23T00:34:02.117+0000 7fe43a943700 1 -- 172.21.15.47:0/2107748619 --> [v2:172.21.15.47:3300/0,v1:172.21.15.47:6789/0] -- mon_subscribe({osdmap=0}) v3 -- 0x7fe43410d750 con 0x7fe434070b40
2024-02-23T00:34:02.124 INFO:teuthology.orchestra.run.smithi047.stderr:/usr/bin/ceph:
2024-02-23T00:34:02.117+0000 7fe43a943700 1 librados: init done
2024-02-23T00:34:02.124 INFO:teuthology.orchestra.run.smithi047.stderr:/usr/bin/ceph:
2024-02-23T00:34:02.118+0000 7fe4317fa700 1 -- 172.21.15.47:0/2107748619 <== mon.0 v2:172.21.15.47:3300/0 4 ==== mgrmap(e 13) v1 ==== 38673+0+0 (secure 0 0 0) 0x7fe42401a7a0 con 0x7fe434070b40
2024-02-23T00:34:02.124 INFO:teuthology.orchestra.run.smithi047.stderr:/usr/bin/ceph:
2024-02-23T00:34:02.118+0000 7fe4317fa700 1 --2- 172.21.15.47:0/2107748619 >> [v2:172.21.15.47:6800/622994871,v1:172.21.15.47:6801/622994871] conn(0x7fe41c0340a0 0x7fe41c036560 unknown :-1 s=NONE pgs=0 cs=0 l=1 rev1=0 rx=0 tx=0).connect
2024-02-23T00:34:02.124 INFO:teuthology.orchestra.run.smithi047.stderr:/usr/bin/ceph:
2024-02-23T00:34:02.118+0000 7fe4317fa700 1 -- 172.21.15.47:0/2107748619 <== mon.0 v2:172.21.15.47:3300/0 5 ==== osd_map(3..3 src has 1..3) v4 ==== 1098+0+0 (secure 0 0 0) 0x7fe424044e60 con 0x7fe434070b40
2024-02-23T00:34:02.124 INFO:teuthology.orchestra.run.smithi047.stderr:/usr/bin/ceph:
2024-02-23T00:34:02.118+0000 7fe4317fa700 10 client.14164.objecter ms_dispatch 0x7fe434001550 osd_map(3..3 src has 1..3) v4
2024-02-23T00:34:02.124 INFO:teuthology.orchestra.run.smithi047.stderr:/usr/bin/ceph:
2024-02-23T00:34:02.118+0000 7fe4317fa700 3 client.14164.objecter handle_osd_map got epochs [3,3] > 0
2024-02-23T00:34:02.124 INFO:teuthology.orchestra.run.smithi047.stderr:/usr/bin/ceph:
2024-02-23T00:34:02.118+0000 7fe4317fa700 3 client.14164.objecter handle_osd_map decoding full epoch 3
2024-02-23T00:34:02.124 INFO:teuthology.orchestra.run.smithi047.stderr:/usr/bin/ceph:
2024-02-23T00:34:02.118+0000 7fe4317fa700 20 client.14164.objecter dump_active .. 0 homeless
2024-02-23T00:34:02.125 INFO:teuthology.orchestra.run.smithi047.stderr:/usr/bin/ceph:
2024-02-23T00:34:02.118+0000 7fe43a943700 1 -- 172.21.15.47:0/2107748619 --> [v2:172.21.15.47:3300/0,v1:172.21.15.47:6789/0] -- mon_command({"prefix": "get_command_descriptions"} v 0) v1 -- 0x7fe434046ce0 con 0x7fe434070b40
2024-02-23T00:34:02.125 INFO:teuthology.orchestra.run.smithi047.stderr:/usr/bin/ceph:
2024-02-23T00:34:02.118+0000 7fe4337fe700 1 --2- 172.21.15.47:0/2107748619 >> [v2:172.21.15.47:6800/622994871,v1:172.21.15.47:6801/622994871] conn(0x7fe41c0340a0 0x7fe41c036560 unknown :-1 s=BANNER_CONNECTING pgs=0 cs=0 l=1 rev1=0 rx=0 tx=0)._handle_peer_banner_payload supported=1 required=0
2024-02-23T00:34:02.125 INFO:teuthology.orchestra.run.smithi047.stderr:/usr/bin/ceph:
2024-02-23T00:34:02.119+0000 7fe4317fa700 10 client.14164.objecter ms_handle_connect 0x7fe41c0340a0
2024-02-23T00:34:02.125 INFO:teuthology.orchestra.run.smithi047.stderr:/usr/bin/ceph:
2024-02-23T00:34:02.119+0000 7fe4337fe700 1 --2- 172.21.15.47:0/2107748619 >> [v2:172.21.15.47:6800/622994871,v1:172.21.15.47:6801/622994871] conn(0x7fe41c0340a0 0x7fe41c036560 secure :-1 s=READY pgs=10 cs=0 l=1 rev1=1 rx=0x7fe428009780 tx=0x7fe428006cc0).ready entity=mgr.14146 client_cookie=0 server_cookie=0 in_seq=0 out_seq=0
2024-02-23T00:34:02.125 INFO:teuthology.orchestra.run.smithi047.stderr:/usr/bin/ceph:
2024-02-23T00:34:02.123+0000 7fe4317fa700 1 -- 172.21.15.47:0/2107748619 <== mon.0 v2:172.21.15.47:3300/0 6 ==== mon_command_ack([{"prefix": "get_command_descriptions"}]=0 v0) v1 ==== 72+0+163658 (secure 0 0 0) 0x7fe42401e020 con 0x7fe434070b40
2024-02-23T00:34:02.390 INFO:teuthology.orchestra.run.smithi047.stderr:/usr/bin/ceph:
2024-02-23T00:34:02.388+0000 7fe43a943700 1 -- 172.21.15.47:0/2107748619 --> [v2:172.21.15.47:3300/0,v1:172.21.15.47:6789/0] -- mon_command([{prefix=config-key set, key=mgr/dashboard/cluster/status}] v 0) v1 -- 0x7fe4341020b0 con 0x7fe434070b40
2024-02-23T00:34:02.392 INFO:teuthology.orchestra.run.smithi047.stderr:/usr/bin/ceph:
2024-02-23T00:34:02.390+0000 7fe4317fa700 1 -- 172.21.15.47:0/2107748619 <== mon.0 v2:172.21.15.47:3300/0 7 ==== mon_command_ack([{prefix=config-key set, key=mgr/dashboard/cluster/status}]=0 set mgr/dashboard/cluster/status v24)=0 set mgr/dashboard/cluster/status v24) v1 ==== 153+0+0 (secure 0 0 0) 0x7fe42402c3f0 con 0x7fe434070b40
2024-02-23T00:34:02.395 INFO:teuthology.orchestra.run.smithi047.stderr:/usr/bin/ceph:
2024-02-23T00:34:02.392+0000 7fe43a943700 10 librados: watch_flush enter
2024-02-23T00:34:02.395 INFO:teuthology.orchestra.run.smithi047.stderr:/usr/bin/ceph:
2024-02-23T00:34:02.392+0000 7fe43a943700 10 librados: watch_flush exit
2024-02-23T00:34:02.395 INFO:teuthology.orchestra.run.smithi047.stderr:/usr/bin/ceph:
2024-02-23T00:34:02.392+0000 7fe43a943700 20 client.14164.objecter shutdown clearing up homeless session...
2024-02-23T00:34:02.396 INFO:teuthology.orchestra.run.smithi047.stderr:/usr/bin/ceph:
2024-02-23T00:34:02.392+0000 7fe43a943700 10 client.14164.objecter successfully canceled tick
2024-02-23T00:34:02.396 INFO:teuthology.orchestra.run.smithi047.stderr:/usr/bin/ceph:
2024-02-23T00:34:02.392+0000 7fe43a943700 1 -- 172.21.15.47:0/2107748619 >> [v2:172.21.15.47:6800/622994871,v1:172.21.15.47:6801/622994871] conn(0x7fe41c0340a0 msgr2=0x7fe41c036560 secure :-1 s=STATE_CONNECTION_ESTABLISHED l=1).mark_down
2024-02-23T00:34:02.396 INFO:teuthology.orchestra.run.smithi047.stderr:/usr/bin/ceph:
2024-02-23T00:34:02.392+0000 7fe43a943700 1 --2- 172.21.15.47:0/2107748619 >> [v2:172.21.15.47:6800/622994871,v1:172.21.15.47:6801/622994871] conn(0x7fe41c0340a0 0x7fe41c036560 secure :-1 s=READY pgs=10 cs=0 l=1 rev1=1 rx=0x7fe428009780 tx=0x7fe428006cc0).stop
2024-02-23T00:34:02.396 INFO:teuthology.orchestra.run.smithi047.stderr:/usr/bin/ceph:
2024-02-23T00:34:02.392+0000 7fe43a943700 1 -- 172.21.15.47:0/2107748619 >> [v2:172.21.15.47:3300/0,v1:172.21.15.47:6789/0] conn(0x7fe434070b40 msgr2=0x7fe43410cbd0 secure :-1 s=STATE_CONNECTION_ESTABLISHED l=1).mark_down
2024-02-23T00:34:02.396 INFO:teuthology.orchestra.run.smithi047.stderr:/usr/bin/ceph:
2024-02-23T00:34:02.392+0000 7fe43a943700 1 --2- 172.21.15.47:0/2107748619 >> [v2:172.21.15.47:3300/0,v1:172.21.15.47:6789/0] conn(0x7fe434070b40 0x7fe43410cbd0 secure :-1 s=READY pgs=71 cs=0 l=1 rev1=1 rx=0x7fe424012f10 tx=0x7fe4240090f0).stop
2024-02-23T00:34:02.396 INFO:teuthology.orchestra.run.smithi047.stderr:/usr/bin/ceph:
2024-02-23T00:34:02.392+0000 7fe43a943700 1 -- 172.21.15.47:0/2107748619 shutdown_connections
2024-02-23T00:34:02.396 INFO:teuthology.orchestra.run.smithi047.stderr:/usr/bin/ceph:
2024-02-23T00:34:02.392+0000 7fe43a943700 1 --2- 172.21.15.47:0/2107748619 >> [v2:172.21.15.47:6800/622994871,v1:172.21.15.47:6801/622994871] conn(0x7fe41c0340a0 0x7fe41c036560 unknown :-1 s=CLOSED pgs=10 cs=0 l=1 rev1=1 rx=0 tx=0).stop
2024-02-23T00:34:02.396 INFO:teuthology.orchestra.run.smithi047.stderr:/usr/bin/ceph:
2024-02-23T00:34:02.392+0000 7fe43a943700 1 --2- 172.21.15.47:0/2107748619 >> [v2:172.21.15.47:3300/0,v1:172.21.15.47:6789/0] conn(0x7fe434070b40 0x7fe43410cbd0 unknown :-1 s=CLOSED pgs=71 cs=0 l=1 rev1=1 rx=0 tx=0).stop
2024-02-23T00:34:02.396 INFO:teuthology.orchestra.run.smithi047.stderr:/usr/bin/ceph:
2024-02-23T00:34:02.392+0000 7fe43a943700 1 -- 172.21.15.47:0/2107748619 >> 172.21.15.47:0/2107748619 conn(0x7fe4340f6530 msgr2=0x7fe4340f7de0 unknown :-1 s=STATE_NONE l=0).mark_down
2024-02-23T00:34:02.396 INFO:teuthology.orchestra.run.smithi047.stderr:/usr/bin/ceph:
2024-02-23T00:34:02.392+0000 7fe43a943700 1 -- 172.21.15.47:0/2107748619 shutdown_connections
2024-02-23T00:34:02.396 INFO:teuthology.orchestra.run.smithi047.stderr:/usr/bin/ceph:
2024-02-23T00:34:02.392+0000 7fe43a943700 1 -- 172.21.15.47:0/2107748619 wait complete.
2024-02-23T00:34:02.396 INFO:teuthology.orchestra.run.smithi047.stderr:/usr/bin/ceph:
2024-02-23T00:34:02.392+0000 7fe43a943700 1 librados: shutdown
2024-02-23T00:34:02.396 INFO:teuthology.orchestra.run.smithi047.stderr:/usr/bin/ceph: set mgr/dashboard/cluster/status
2024-02-23T00:34:03.066 INFO:teuthology.orchestra.run.smithi047.stderr:You can access the Ceph CLI as following in case of multi-cluster or non-default config:
2024-02-23T00:34:03.066 INFO:teuthology.orchestra.run.smithi047.stderr:
2024-02-23T00:34:03.066 INFO:teuthology.orchestra.run.smithi047.stderr: sudo /home/ubuntu/cephtest/cephadm shell --fsid fce2617e-d1e2-11ee-95c0-87774f69a715 -c /etc/ceph/ceph.conf -k /etc/ceph/ceph.client.admin.keyring
2024-02-23T00:34:03.066 INFO:teuthology.orchestra.run.smithi047.stderr:
2024-02-23T00:34:03.066 INFO:teuthology.orchestra.run.smithi047.stderr:Or, if you are only running a single cluster on this host:
2024-02-23T00:34:03.066 INFO:teuthology.orchestra.run.smithi047.stderr:
2024-02-23T00:34:03.066 INFO:teuthology.orchestra.run.smithi047.stderr: sudo /home/ubuntu/cephtest/cephadm shell
2024-02-23T00:34:03.066 INFO:teuthology.orchestra.run.smithi047.stderr:
2024-02-23T00:34:03.066 INFO:teuthology.orchestra.run.smithi047.stderr:Please consider enabling telemetry to help improve Ceph:
2024-02-23T00:34:03.067 INFO:teuthology.orchestra.run.smithi047.stderr:
2024-02-23T00:34:03.067 INFO:teuthology.orchestra.run.smithi047.stderr: ceph telemetry on
2024-02-23T00:34:03.067 INFO:teuthology.orchestra.run.smithi047.stderr:
2024-02-23T00:34:03.067 INFO:teuthology.orchestra.run.smithi047.stderr:For more information see:
2024-02-23T00:34:03.067 INFO:teuthology.orchestra.run.smithi047.stderr:
2024-02-23T00:34:03.067 INFO:teuthology.orchestra.run.smithi047.stderr: https://docs.ceph.com/en/pacific/mgr/telemetry/
2024-02-23T00:34:03.067 INFO:teuthology.orchestra.run.smithi047.stderr:
2024-02-23T00:34:03.067 INFO:teuthology.orchestra.run.smithi047.stderr:Bootstrap complete.
2024-02-23T00:34:03.113 INFO:tasks.cephadm:Fetching config...
2024-02-23T00:34:03.114 DEBUG:teuthology.orchestra.run.smithi047:> set -ex
2024-02-23T00:34:03.114 DEBUG:teuthology.orchestra.run.smithi047:> dd if=/etc/ceph/ceph.conf of=/dev/stdout
2024-02-23T00:34:03.175 INFO:tasks.cephadm:Fetching client.admin keyring...
2024-02-23T00:34:03.175 DEBUG:teuthology.orchestra.run.smithi047:> set -ex
2024-02-23T00:34:03.175 DEBUG:teuthology.orchestra.run.smithi047:> dd if=/etc/ceph/ceph.client.admin.keyring of=/dev/stdout
2024-02-23T00:34:03.234 INFO:tasks.cephadm:Fetching mon keyring...
2024-02-23T00:34:03.234 DEBUG:teuthology.orchestra.run.smithi047:> set -ex
2024-02-23T00:34:03.234 DEBUG:teuthology.orchestra.run.smithi047:> sudo dd if=/var/lib/ceph/fce2617e-d1e2-11ee-95c0-87774f69a715/mon.a/keyring of=/dev/stdout
2024-02-23T00:34:03.304 INFO:tasks.cephadm:Fetching pub ssh key...
2024-02-23T00:34:03.304 DEBUG:teuthology.orchestra.run.smithi047:> set -ex
2024-02-23T00:34:03.304 DEBUG:teuthology.orchestra.run.smithi047:> dd if=/home/ubuntu/cephtest/ceph.pub of=/dev/stdout
2024-02-23T00:34:03.363 INFO:tasks.cephadm:Installing pub ssh key for root users...
2024-02-23T00:34:03.364 DEBUG:teuthology.orchestra.run.smithi047:> sudo install -d -m 0700 /root/.ssh && echo 'ssh-rsa AAAAB3NzaC1yc2EAAAADAQABAAABgQCzKgjPTR2hwImYTv0iLqANPGRqURcRKmXdJVbOiDqCxX3Bqga20+evwIci0xwlOXp+Ne6FILdQ3X8/v33Z0fFAPERRq3dNan5QJFuOS3G9mp78yy69ikoey8eb73epKR9UpenH/U10fvRayxwIgca+lvwRXaTQRStP1uyJG4/cXbRm443SsuIi7NEmNgYZNGZ4oDW8LBEt97eZxQ1p0TklvnF4ozQ/TgsxQvnDcD5fhNO9URl21Q2ekL59RYPG9xVLAmjO8G3Y3FS8TVeVcJ7z68ok6opskjegliBJlwfSA6Gxf/QZ+tyfgvCmuarcG5GQLVcfatBO8dxaUY6GxKKDeQwUlm1fzGhuswZnza+hQvn09qpxL8Cau8rA2F+/W7GSkxrjUhjX9b88NRKz8DVFfq88WZw0fMvc8teXRXzV2tEgUGYMH0pRIU+ehEedjLdmHzG+yAa5BmbUsWXn+G4o9PmNMV5e3dYUfQ09kFASPhHmV5kdf6KRgN7PmL6j8Nc= ceph-fce2617e-d1e2-11ee-95c0-87774f69a715' | sudo tee -a /root/.ssh/authorized_keys && sudo chmod 0600 /root/.ssh/authorized_keys
2024-02-23T00:34:03.445 INFO:teuthology.orchestra.run.smithi047.stdout:ssh-rsa AAAAB3NzaC1yc2EAAAADAQABAAABgQCzKgjPTR2hwImYTv0iLqANPGRqURcRKmXdJVbOiDqCxX3Bqga20+evwIci0xwlOXp+Ne6FILdQ3X8/v33Z0fFAPERRq3dNan5QJFuOS3G9mp78yy69ikoey8eb73epKR9UpenH/U10fvRayxwIgca+lvwRXaTQRStP1uyJG4/cXbRm443SsuIi7NEmNgYZNGZ4oDW8LBEt97eZxQ1p0TklvnF4ozQ/TgsxQvnDcD5fhNO9URl21Q2ekL59RYPG9xVLAmjO8G3Y3FS8TVeVcJ7z68ok6opskjegliBJlwfSA6Gxf/QZ+tyfgvCmuarcG5GQLVcfatBO8dxaUY6GxKKDeQwUlm1fzGhuswZnza+hQvn09qpxL8Cau8rA2F+/W7GSkxrjUhjX9b88NRKz8DVFfq88WZw0fMvc8teXRXzV2tEgUGYMH0pRIU+ehEedjLdmHzG+yAa5BmbUsWXn+G4o9PmNMV5e3dYUfQ09kFASPhHmV5kdf6KRgN7PmL6j8Nc= ceph-fce2617e-d1e2-11ee-95c0-87774f69a715
2024-02-23T00:34:03.456 DEBUG:teuthology.orchestra.run.smithi196:> sudo install -d -m 0700 /root/.ssh && echo 'ssh-rsa AAAAB3NzaC1yc2EAAAADAQABAAABgQCzKgjPTR2hwImYTv0iLqANPGRqURcRKmXdJVbOiDqCxX3Bqga20+evwIci0xwlOXp+Ne6FILdQ3X8/v33Z0fFAPERRq3dNan5QJFuOS3G9mp78yy69ikoey8eb73epKR9UpenH/U10fvRayxwIgca+lvwRXaTQRStP1uyJG4/cXbRm443SsuIi7NEmNgYZNGZ4oDW8LBEt97eZxQ1p0TklvnF4ozQ/TgsxQvnDcD5fhNO9URl21Q2ekL59RYPG9xVLAmjO8G3Y3FS8TVeVcJ7z68ok6opskjegliBJlwfSA6Gxf/QZ+tyfgvCmuarcG5GQLVcfatBO8dxaUY6GxKKDeQwUlm1fzGhuswZnza+hQvn09qpxL8Cau8rA2F+/W7GSkxrjUhjX9b88NRKz8DVFfq88WZw0fMvc8teXRXzV2tEgUGYMH0pRIU+ehEedjLdmHzG+yAa5BmbUsWXn+G4o9PmNMV5e3dYUfQ09kFASPhHmV5kdf6KRgN7PmL6j8Nc= ceph-fce2617e-d1e2-11ee-95c0-87774f69a715' | sudo tee -a /root/.ssh/authorized_keys && sudo chmod 0600 /root/.ssh/authorized_keys
2024-02-23T00:34:03.500 INFO:teuthology.orchestra.run.smithi196.stdout:ssh-rsa AAAAB3NzaC1yc2EAAAADAQABAAABgQCzKgjPTR2hwImYTv0iLqANPGRqURcRKmXdJVbOiDqCxX3Bqga20+evwIci0xwlOXp+Ne6FILdQ3X8/v33Z0fFAPERRq3dNan5QJFuOS3G9mp78yy69ikoey8eb73epKR9UpenH/U10fvRayxwIgca+lvwRXaTQRStP1uyJG4/cXbRm443SsuIi7NEmNgYZNGZ4oDW8LBEt97eZxQ1p0TklvnF4ozQ/TgsxQvnDcD5fhNO9URl21Q2ekL59RYPG9xVLAmjO8G3Y3FS8TVeVcJ7z68ok6opskjegliBJlwfSA6Gxf/QZ+tyfgvCmuarcG5GQLVcfatBO8dxaUY6GxKKDeQwUlm1fzGhuswZnza+hQvn09qpxL8Cau8rA2F+/W7GSkxrjUhjX9b88NRKz8DVFfq88WZw0fMvc8teXRXzV2tEgUGYMH0pRIU+ehEedjLdmHzG+yAa5BmbUsWXn+G4o9PmNMV5e3dYUfQ09kFASPhHmV5kdf6KRgN7PmL6j8Nc= ceph-fce2617e-d1e2-11ee-95c0-87774f69a715
2024-02-23T00:34:03.512 DEBUG:teuthology.orchestra.run.smithi047:> sudo /home/ubuntu/cephtest/cephadm --image quay-quay-quay.apps.os.sepia.ceph.com/ceph-ci/ceph:eb66ed921e744301e6863be6353618d63967ea59 shell -c /etc/ceph/ceph.conf -k /etc/ceph/ceph.client.admin.keyring --fsid fce2617e-d1e2-11ee-95c0-87774f69a715 -- ceph config set mgr mgr/cephadm/allow_ptrace true
2024-02-23T00:34:03.806 INFO:journalctl@ceph.mon.a.smithi047.stdout:Feb 23 00:34:03 smithi047 ceph-fce2617e-d1e2-11ee-95c0-87774f69a715-mon-a[38306]: audit
2024-02-23T00:34:02.391868+0000 mon.a (mon.0) 88 : audit [INF] from='client.? 172.21.15.47:0/2107748619' entity='client.admin'
2024-02-23T00:34:07.056 INFO:journalctl@ceph.mon.a.smithi047.stdout:Feb 23 00:34:06 smithi047 ceph-fce2617e-d1e2-11ee-95c0-87774f69a715-mon-a[38306]: audit
2024-02-23T00:34:05.796999+0000 mon.a (mon.0) 89 : audit [INF] from='mgr.14146 172.21.15.47:0/1999100149' entity='mgr.y'
2024-02-23T00:34:07.149 INFO:teuthology.orchestra.run.smithi047.stderr:2024-02-23T00:34:07.147+0000 7f0449174700 1 -- 172.21.15.47:0/3072444573 >> [v2:172.21.15.47:3300/0,v1:172.21.15.47:6789/0] conn(0x7f04440f64b0 msgr2=0x7f04440f68d0 secure :-1 s=STATE_CONNECTION_ESTABLISHED l=1).mark_down
2024-02-23T00:34:07.149 INFO:teuthology.orchestra.run.smithi047.stderr:2024-02-23T00:34:07.147+0000 7f0449174700 1 --2- 172.21.15.47:0/3072444573 >> [v2:172.21.15.47:3300/0,v1:172.21.15.47:6789/0] conn(0x7f04440f64b0 0x7f04440f68d0 secure :-1 s=READY pgs=72 cs=0 l=1 rev1=1 rx=0x7f0434004770 tx=0x7f0434009cb0).stop
2024-02-23T00:34:07.149 INFO:teuthology.orchestra.run.smithi047.stderr:2024-02-23T00:34:07.147+0000 7f0449174700 1 -- 172.21.15.47:0/3072444573 shutdown_connections
2024-02-23T00:34:07.149 INFO:teuthology.orchestra.run.smithi047.stderr:2024-02-23T00:34:07.147+0000 7f0449174700 1 --2- 172.21.15.47:0/3072444573 >> [v2:172.21.15.47:3300/0,v1:172.21.15.47:6789/0] conn(0x7f04440f64b0 0x7f04440f68d0 unknown :-1 s=CLOSED pgs=72 cs=0 l=1 rev1=1 rx=0 tx=0).stop
2024-02-23T00:34:07.149 INFO:teuthology.orchestra.run.smithi047.stderr:2024-02-23T00:34:07.147+0000 7f0449174700 1 -- 172.21.15.47:0/3072444573 >> 172.21.15.47:0/3072444573 conn(0x7f04440f1c10 msgr2=0x7f04440f4030 unknown :-1 s=STATE_NONE l=0).mark_down
2024-02-23T00:34:07.149 INFO:teuthology.orchestra.run.smithi047.stderr:2024-02-23T00:34:07.147+0000 7f0449174700 1 -- 172.21.15.47:0/3072444573 shutdown_connections
2024-02-23T00:34:07.150 INFO:teuthology.orchestra.run.smithi047.stderr:2024-02-23T00:34:07.147+0000 7f0449174700 1 -- 172.21.15.47:0/3072444573 wait complete.
2024-02-23T00:34:07.150 INFO:teuthology.orchestra.run.smithi047.stderr:2024-02-23T00:34:07.147+0000 7f0449174700 1 librados: starting msgr at
2024-02-23T00:34:07.150 INFO:teuthology.orchestra.run.smithi047.stderr:2024-02-23T00:34:07.147+0000 7f0449174700 1 librados: starting objecter
2024-02-23T00:34:07.150 INFO:teuthology.orchestra.run.smithi047.stderr:2024-02-23T00:34:07.148+0000 7f0449174700 1 Processor -- start
2024-02-23T00:34:07.151 INFO:teuthology.orchestra.run.smithi047.stderr:2024-02-23T00:34:07.148+0000 7f0449174700 1 -- start start
2024-02-23T00:34:07.151 INFO:teuthology.orchestra.run.smithi047.stderr:2024-02-23T00:34:07.148+0000 7f0449174700 1 librados: setting wanted keys
2024-02-23T00:34:07.151 INFO:teuthology.orchestra.run.smithi047.stderr:2024-02-23T00:34:07.148+0000 7f0449174700 1 librados: calling monclient init
2024-02-23T00:34:07.151 INFO:teuthology.orchestra.run.smithi047.stderr:2024-02-23T00:34:07.148+0000 7f0449174700 1 --2- >> [v2:172.21.15.47:3300/0,v1:172.21.15.47:6789/0] conn(0x7f04440f64b0 0x7f0444106ea0 unknown :-1 s=NONE pgs=0 cs=0 l=1 rev1=0 rx=0 tx=0).connect
2024-02-23T00:34:07.151 INFO:teuthology.orchestra.run.smithi047.stderr:2024-02-23T00:34:07.148+0000 7f0449174700 1 -- --> [v2:172.21.15.47:3300/0,v1:172.21.15.47:6789/0] -- mon_getmap magic: 0 v1 -- 0x7f0444107390 con 0x7f04440f64b0
2024-02-23T00:34:07.151 INFO:teuthology.orchestra.run.smithi047.stderr:2024-02-23T00:34:07.148+0000 7f0442d9d700 1 --2- >> [v2:172.21.15.47:3300/0,v1:172.21.15.47:6789/0] conn(0x7f04440f64b0 0x7f0444106ea0 unknown :-1 s=BANNER_CONNECTING pgs=0 cs=0 l=1 rev1=0 rx=0 tx=0)._handle_peer_banner_payload supported=1 required=0
2024-02-23T00:34:07.151 INFO:teuthology.orchestra.run.smithi047.stderr:2024-02-23T00:34:07.148+0000 7f0442d9d700 1 --2- >> [v2:172.21.15.47:3300/0,v1:172.21.15.47:6789/0] conn(0x7f04440f64b0 0x7f0444106ea0 unknown :-1 s=HELLO_CONNECTING pgs=0 cs=0 l=1 rev1=1 rx=0 tx=0).handle_hello peer v2:172.21.15.47:3300/0 says I am v2:172.21.15.47:35300/0 (socket says 172.21.15.47:35300)
2024-02-23T00:34:07.151 INFO:teuthology.orchestra.run.smithi047.stderr:2024-02-23T00:34:07.148+0000 7f0442d9d700 1 -- 172.21.15.47:0/421739475 learned_addr learned my addr 172.21.15.47:0/421739475 (peer_addr_for_me v2:172.21.15.47:0/0)
2024-02-23T00:34:07.151 INFO:teuthology.orchestra.run.smithi047.stderr:2024-02-23T00:34:07.148+0000 7f0442d9d700 1 -- 172.21.15.47:0/421739475 --> [v2:172.21.15.47:3300/0,v1:172.21.15.47:6789/0] -- mon_subscribe({config=0+,monmap=0+}) v3 -- 0x7f0434005040 con 0x7f04440f64b0
2024-02-23T00:34:07.151 INFO:teuthology.orchestra.run.smithi047.stderr:2024-02-23T00:34:07.148+0000 7f0442d9d700 1 --2- 172.21.15.47:0/421739475 >> [v2:172.21.15.47:3300/0,v1:172.21.15.47:6789/0] conn(0x7f04440f64b0 0x7f0444106ea0 secure :-1 s=READY pgs=73 cs=0 l=1 rev1=1 rx=0x7f0434009b10 tx=0x7f0434009cb0).ready entity=mon.0 client_cookie=0 server_cookie=0 in_seq=0 out_seq=0
2024-02-23T00:34:07.151 INFO:teuthology.orchestra.run.smithi047.stderr:2024-02-23T00:34:07.148+0000 7f042bfff700 10 client.?.objecter ms_handle_connect 0x7f04440f64b0
2024-02-23T00:34:07.152 INFO:teuthology.orchestra.run.smithi047.stderr:2024-02-23T00:34:07.149+0000 7f042bfff700 10 client.?.objecter resend_mon_ops
2024-02-23T00:34:07.152 INFO:teuthology.orchestra.run.smithi047.stderr:2024-02-23T00:34:07.149+0000 7f042bfff700 1 -- 172.21.15.47:0/421739475 <== mon.0 v2:172.21.15.47:3300/0 1 ==== mon_map magic: 0 v1 ==== 205+0+0 (secure 0 0 0) 0x7f043400e030 con 0x7f04440f64b0
2024-02-23T00:34:07.152 INFO:teuthology.orchestra.run.smithi047.stderr:2024-02-23T00:34:07.149+0000 7f042bfff700 1 -- 172.21.15.47:0/421739475 <== mon.0 v2:172.21.15.47:3300/0 2 ==== config(24 keys) v1 ==== 1054+0+0 (secure 0 0 0) 0x7f0434013e60 con 0x7f04440f64b0
2024-02-23T00:34:07.152 INFO:teuthology.orchestra.run.smithi047.stderr:2024-02-23T00:34:07.149+0000 7f0449174700 1 -- 172.21.15.47:0/421739475 --> [v2:172.21.15.47:3300/0,v1:172.21.15.47:6789/0] -- mon_subscribe({mgrmap=0+}) v3 -- 0x7f0444107590 con 0x7f04440f64b0
2024-02-23T00:34:07.152 INFO:teuthology.orchestra.run.smithi047.stderr:2024-02-23T00:34:07.149+0000 7f042bfff700 1 -- 172.21.15.47:0/421739475 <== mon.0 v2:172.21.15.47:3300/0 3 ==== mon_map magic: 0 v1 ==== 205+0+0 (secure 0 0 0) 0x7f0434018070 con 0x7f04440f64b0
2024-02-23T00:34:07.152 INFO:teuthology.orchestra.run.smithi047.stderr:2024-02-23T00:34:07.149+0000 7f0449174700 10 client.14166.objecter _maybe_request_map subscribing (onetime) to next osd map
2024-02-23T00:34:07.152 INFO:teuthology.orchestra.run.smithi047.stderr:2024-02-23T00:34:07.149+0000 7f0449174700 1 -- 172.21.15.47:0/421739475 --> [v2:172.21.15.47:3300/0,v1:172.21.15.47:6789/0] -- mon_subscribe({osdmap=0}) v3 -- 0x7f0444108140 con 0x7f04440f64b0
2024-02-23T00:34:07.152 INFO:teuthology.orchestra.run.smithi047.stderr:2024-02-23T00:34:07.149+0000 7f0449174700 1 librados: init done
2024-02-23T00:34:07.153 INFO:teuthology.orchestra.run.smithi047.stderr:2024-02-23T00:34:07.150+0000 7f042bfff700 1 -- 172.21.15.47:0/421739475 <== mon.0 v2:172.21.15.47:3300/0 4 ==== mgrmap(e 13) v1 ==== 38673+0+0 (secure 0 0 0) 0x7f0434027440 con 0x7f04440f64b0
2024-02-23T00:34:07.153 INFO:teuthology.orchestra.run.smithi047.stderr:2024-02-23T00:34:07.150+0000 7f0449174700 1 -- 172.21.15.47:0/421739475 --> [v2:172.21.15.47:3300/0,v1:172.21.15.47:6789/0] -- mon_command({"prefix": "get_command_descriptions"} v 0) v1 -- 0x7f044405a310 con 0x7f04440f64b0
2024-02-23T00:34:07.153 INFO:teuthology.orchestra.run.smithi047.stderr:2024-02-23T00:34:07.150+0000 7f042bfff700 1 --2- 172.21.15.47:0/421739475 >> [v2:172.21.15.47:6800/622994871,v1:172.21.15.47:6801/622994871] conn(0x7f042c034050 0x7f042c036510 unknown :-1 s=NONE pgs=0 cs=0 l=1 rev1=0 rx=0 tx=0).connect
2024-02-23T00:34:07.153 INFO:teuthology.orchestra.run.smithi047.stderr:2024-02-23T00:34:07.150+0000 7f042bfff700 1 -- 172.21.15.47:0/421739475 <== mon.0 v2:172.21.15.47:3300/0 5 ==== osd_map(3..3 src has 1..3) v4 ==== 1098+0+0 (secure 0 0 0) 0x7f04340441d0 con 0x7f04440f64b0
2024-02-23T00:34:07.153 INFO:teuthology.orchestra.run.smithi047.stderr:2024-02-23T00:34:07.150+0000 7f042bfff700 10 client.14166.objecter ms_dispatch 0x7f0444001550 osd_map(3..3 src has 1..3) v4
2024-02-23T00:34:07.153 INFO:teuthology.orchestra.run.smithi047.stderr:2024-02-23T00:34:07.150+0000 7f042bfff700 3 client.14166.objecter handle_osd_map got epochs [3,3] > 0
2024-02-23T00:34:07.154 INFO:teuthology.orchestra.run.smithi047.stderr:2024-02-23T00:34:07.150+0000 7f042bfff700 3 client.14166.objecter handle_osd_map decoding full epoch 3
2024-02-23T00:34:07.154 INFO:teuthology.orchestra.run.smithi047.stderr:2024-02-23T00:34:07.150+0000 7f042bfff700 20 client.14166.objecter dump_active .. 0 homeless
2024-02-23T00:34:07.154 INFO:teuthology.orchestra.run.smithi047.stderr:2024-02-23T00:34:07.150+0000 7f044259c700 1 --2- 172.21.15.47:0/421739475 >> [v2:172.21.15.47:6800/622994871,v1:172.21.15.47:6801/622994871] conn(0x7f042c034050 0x7f042c036510 unknown :-1 s=BANNER_CONNECTING pgs=0 cs=0 l=1 rev1=0 rx=0 tx=0)._handle_peer_banner_payload supported=1 required=0
2024-02-23T00:34:07.154 INFO:teuthology.orchestra.run.smithi047.stderr:2024-02-23T00:34:07.150+0000 7f044259c700 1 --2- 172.21.15.47:0/421739475 >> [v2:172.21.15.47:6800/622994871,v1:172.21.15.47:6801/622994871] conn(0x7f042c034050 0x7f042c036510 secure :-1 s=READY pgs=11 cs=0 l=1 rev1=1 rx=0x7f0438009780 tx=0x7f0438006cc0).ready entity=mgr.14146 client_cookie=0 server_cookie=0 in_seq=0 out_seq=0
2024-02-23T00:34:07.154 INFO:teuthology.orchestra.run.smithi047.stderr:2024-02-23T00:34:07.150+0000 7f042bfff700 10 client.14166.objecter ms_handle_connect 0x7f042c034050
2024-02-23T00:34:07.156 INFO:teuthology.orchestra.run.smithi047.stderr:2024-02-23T00:34:07.155+0000 7f042bfff700 1 -- 172.21.15.47:0/421739475 <== mon.0 v2:172.21.15.47:3300/0 6 ==== mon_command_ack([{"prefix": "get_command_descriptions"}]=0 v0) v1 ==== 72+0+163658 (secure 0 0 0) 0x7f043401de60 con 0x7f04440f64b0
2024-02-23T00:34:07.336 INFO:teuthology.orchestra.run.smithi047.stderr:2024-02-23T00:34:07.334+0000 7f0449174700 1 -- 172.21.15.47:0/421739475 --> [v2:172.21.15.47:3300/0,v1:172.21.15.47:6789/0] -- mon_command([{prefix=config set, name=mgr/cephadm/allow_ptrace}] v 0) v1 -- 0x7f0444107a20 con 0x7f04440f64b0
2024-02-23T00:34:07.338 INFO:teuthology.orchestra.run.smithi047.stderr:2024-02-23T00:34:07.337+0000 7f042bfff700 1 -- 172.21.15.47:0/421739475 <== mon.0 v2:172.21.15.47:3300/0 7 ==== mon_command_ack([{prefix=config set, name=mgr/cephadm/allow_ptrace}]=0 v9)=0 v9) v1 ==== 125+0+0 (secure 0 0 0) 0x7f0444107a20 con 0x7f04440f64b0
2024-02-23T00:34:07.341 INFO:teuthology.orchestra.run.smithi047.stderr:2024-02-23T00:34:07.338+0000 7f0449174700 10 librados: watch_flush enter
2024-02-23T00:34:07.341 INFO:teuthology.orchestra.run.smithi047.stderr:2024-02-23T00:34:07.339+0000 7f0449174700 10 librados: watch_flush exit
2024-02-23T00:34:07.341 INFO:teuthology.orchestra.run.smithi047.stderr:2024-02-23T00:34:07.339+0000 7f0449174700 20 client.14166.objecter shutdown clearing up homeless session...
2024-02-23T00:34:07.341 INFO:teuthology.orchestra.run.smithi047.stderr:2024-02-23T00:34:07.339+0000 7f0449174700 10 client.14166.objecter successfully canceled tick
2024-02-23T00:34:07.341 INFO:teuthology.orchestra.run.smithi047.stderr:2024-02-23T00:34:07.339+0000 7f0449174700 1 -- 172.21.15.47:0/421739475 >> [v2:172.21.15.47:6800/622994871,v1:172.21.15.47:6801/622994871] conn(0x7f042c034050 msgr2=0x7f042c036510 secure :-1 s=STATE_CONNECTION_ESTABLISHED l=1).mark_down
2024-02-23T00:34:07.341 INFO:teuthology.orchestra.run.smithi047.stderr:2024-02-23T00:34:07.339+0000 7f0449174700 1 --2- 172.21.15.47:0/421739475 >> [v2:172.21.15.47:6800/622994871,v1:172.21.15.47:6801/622994871] conn(0x7f042c034050 0x7f042c036510 secure :-1 s=READY pgs=11 cs=0 l=1 rev1=1 rx=0x7f0438009780 tx=0x7f0438006cc0).stop
2024-02-23T00:34:07.341 INFO:teuthology.orchestra.run.smithi047.stderr:2024-02-23T00:34:07.339+0000 7f0449174700 1 -- 172.21.15.47:0/421739475 >> [v2:172.21.15.47:3300/0,v1:172.21.15.47:6789/0] conn(0x7f04440f64b0 msgr2=0x7f0444106ea0 secure :-1 s=STATE_CONNECTION_ESTABLISHED l=1).mark_down
2024-02-23T00:34:07.341 INFO:teuthology.orchestra.run.smithi047.stderr:2024-02-23T00:34:07.339+0000 7f0449174700 1 --2- 172.21.15.47:0/421739475 >> [v2:172.21.15.47:3300/0,v1:172.21.15.47:6789/0] conn(0x7f04440f64b0 0x7f0444106ea0 secure :-1 s=READY pgs=73 cs=0 l=1 rev1=1 rx=0x7f0434009b10 tx=0x7f0434009cb0).stop
2024-02-23T00:34:07.341 INFO:teuthology.orchestra.run.smithi047.stderr:2024-02-23T00:34:07.339+0000 7f0449174700 1 -- 172.21.15.47:0/421739475 shutdown_connections
2024-02-23T00:34:07.341 INFO:teuthology.orchestra.run.smithi047.stderr:2024-02-23T00:34:07.339+0000 7f0449174700 1 --2- 172.21.15.47:0/421739475 >> [v2:172.21.15.47:6800/622994871,v1:172.21.15.47:6801/622994871] conn(0x7f042c034050 0x7f042c036510 unknown :-1 s=CLOSED pgs=11 cs=0 l=1 rev1=1 rx=0 tx=0).stop
2024-02-23T00:34:07.341 INFO:teuthology.orchestra.run.smithi047.stderr:2024-02-23T00:34:07.339+0000 7f0449174700 1 --2- 172.21.15.47:0/421739475 >> [v2:172.21.15.47:3300/0,v1:172.21.15.47:6789/0] conn(0x7f04440f64b0 0x7f0444106ea0 unknown :-1 s=CLOSED pgs=73 cs=0 l=1 rev1=1 rx=0 tx=0).stop
2024-02-23T00:34:07.342 INFO:teuthology.orchestra.run.smithi047.stderr:2024-02-23T00:34:07.339+0000 7f0449174700 1 -- 172.21.15.47:0/421739475 >> 172.21.15.47:0/421739475 conn(0x7f04440f1c10 msgr2=0x7f0444060da0 unknown :-1 s=STATE_NONE l=0).mark_down
2024-02-23T00:34:07.342 INFO:teuthology.orchestra.run.smithi047.stderr:2024-02-23T00:34:07.339+0000 7f0449174700 1 -- 172.21.15.47:0/421739475 shutdown_connections
2024-02-23T00:34:07.342 INFO:teuthology.orchestra.run.smithi047.stderr:2024-02-23T00:34:07.339+0000 7f0449174700 1 -- 172.21.15.47:0/421739475 wait complete.
2024-02-23T00:34:07.342 INFO:teuthology.orchestra.run.smithi047.stderr:2024-02-23T00:34:07.339+0000 7f0449174700 1 librados: shutdown
2024-02-23T00:34:08.056 INFO:journalctl@ceph.mon.a.smithi047.stdout:Feb 23 00:34:07 smithi047 ceph-fce2617e-d1e2-11ee-95c0-87774f69a715-mon-a[38306]: audit
2024-02-23T00:34:06.951642+0000 mon.a (mon.0) 90 : audit [INF] from='mgr.14146 172.21.15.47:0/1999100149' entity='mgr.y' cmd=[{"prefix": "config rm", "who": "osd/host:smithi047", "name": "osd_memory_target"}]: dispatch
2024-02-23T00:34:08.056 INFO:journalctl@ceph.mon.a.smithi047.stdout:Feb 23 00:34:07 smithi047 ceph-fce2617e-d1e2-11ee-95c0-87774f69a715-mon-a[38306]: audit
2024-02-23T00:34:06.954949+0000 mon.a (mon.0) 91 : audit [INF] from='mgr.14146 172.21.15.47:0/1999100149' entity='mgr.y'
