2024-02-23T00:33:09.761+0000 7fccf1e6a700 1 --2- >> [v2:172.21.15.102:3300/0,v1:172.21.15.102:6789/0] conn(0x7fccec070430 0x7fccec10ab40 unknown :-1 s=NONE pgs=0 cs=0 l=1 rev1=0 rx=0 tx=0).connect
2024-02-23T00:33:09.767 INFO:teuthology.orchestra.run.smithi102.stderr:/usr/bin/ceph:
2024-02-23T00:33:09.761+0000 7fccf1e6a700 1 -- --> [v2:172.21.15.102:3300/0,v1:172.21.15.102:6789/0] -- mon_getmap magic: 0 v1 -- 0x7fccec10b030 con 0x7fccec070430
2024-02-23T00:33:09.767 INFO:teuthology.orchestra.run.smithi102.stderr:/usr/bin/ceph:
2024-02-23T00:33:09.762+0000 7fcceb7fe700 1 --2- >> [v2:172.21.15.102:3300/0,v1:172.21.15.102:6789/0] conn(0x7fccec070430 0x7fccec10ab40 unknown :-1 s=BANNER_CONNECTING pgs=0 cs=0 l=1 rev1=0 rx=0 tx=0)._handle_peer_banner_payload supported=1 required=0
2024-02-23T00:33:09.767 INFO:teuthology.orchestra.run.smithi102.stderr:/usr/bin/ceph:
2024-02-23T00:33:09.762+0000 7fcceb7fe700 1 --2- >> [v2:172.21.15.102:3300/0,v1:172.21.15.102:6789/0] conn(0x7fccec070430 0x7fccec10ab40 unknown :-1 s=HELLO_CONNECTING pgs=0 cs=0 l=1 rev1=1 rx=0 tx=0).handle_hello peer v2:172.21.15.102:3300/0 says I am v2:172.21.15.102:35588/0 (socket says 172.21.15.102:35588)
2024-02-23T00:33:09.767 INFO:teuthology.orchestra.run.smithi102.stderr:/usr/bin/ceph:
2024-02-23T00:33:09.762+0000 7fcceb7fe700 1 -- 172.21.15.102:0/2297776731 learned_addr learned my addr 172.21.15.102:0/2297776731 (peer_addr_for_me v2:172.21.15.102:0/0)
2024-02-23T00:33:09.767 INFO:teuthology.orchestra.run.smithi102.stderr:/usr/bin/ceph:
2024-02-23T00:33:09.762+0000 7fcceb7fe700 1 -- 172.21.15.102:0/2297776731 --> [v2:172.21.15.102:3300/0,v1:172.21.15.102:6789/0] -- mon_subscribe({config=0+,monmap=0+}) v3 -- 0x7fccdc00b200 con 0x7fccec070430
2024-02-23T00:33:09.767 INFO:teuthology.orchestra.run.smithi102.stderr:/usr/bin/ceph:
2024-02-23T00:33:09.762+0000 7fcceb7fe700 1 --2- 172.21.15.102:0/2297776731 >> [v2:172.21.15.102:3300/0,v1:172.21.15.102:6789/0] conn(0x7fccec070430 0x7fccec10ab40 secure :-1 s=READY pgs=59 cs=0 l=1 rev1=1 rx=0x7fccdc006800 tx=0x7fccdc006ee0).ready entity=mon.0 client_cookie=0 server_cookie=0 in_seq=0 out_seq=0
2024-02-23T00:33:09.767 INFO:teuthology.orchestra.run.smithi102.stderr:/usr/bin/ceph:
2024-02-23T00:33:09.762+0000 7fccd3fff700 1 -- 172.21.15.102:0/2297776731 <== mon.0 v2:172.21.15.102:3300/0 1 ==== mon_map magic: 0 v1 ==== 229+0+0 (secure 0 0 0) 0x7fccdc01b570 con 0x7fccec070430
2024-02-23T00:33:09.768 INFO:teuthology.orchestra.run.smithi102.stderr:/usr/bin/ceph:
2024-02-23T00:33:09.762+0000 7fccd3fff700 1 -- 172.21.15.102:0/2297776731 <== mon.0 v2:172.21.15.102:3300/0 2 ==== config(26 keys) v1 ==== 1045+0+0 (secure 0 0 0) 0x7fccdc01bb60 con 0x7fccec070430
2024-02-23T00:33:09.768 INFO:teuthology.orchestra.run.smithi102.stderr:/usr/bin/ceph:
2024-02-23T00:33:09.762+0000 7fccf1e6a700 1 -- 172.21.15.102:0/2297776731 --> [v2:172.21.15.102:3300/0,v1:172.21.15.102:6789/0] -- mon_subscribe({mgrmap=0+}) v3 -- 0x7fccec10b230 con 0x7fccec070430
2024-02-23T00:33:09.768 INFO:teuthology.orchestra.run.smithi102.stderr:/usr/bin/ceph:
2024-02-23T00:33:09.762+0000 7fccd3fff700 1 -- 172.21.15.102:0/2297776731 <== mon.0 v2:172.21.15.102:3300/0 3 ==== mon_map magic: 0 v1 ==== 229+0+0 (secure 0 0 0) 0x7fccdc01a9f0 con 0x7fccec070430
2024-02-23T00:33:09.768 INFO:teuthology.orchestra.run.smithi102.stderr:/usr/bin/ceph:
2024-02-23T00:33:09.762+0000 7fccf1e6a700 1 -- 172.21.15.102:0/2297776731 --> [v2:172.21.15.102:3300/0,v1:172.21.15.102:6789/0] -- mon_subscribe({osdmap=0}) v3 -- 0x7fccec10b6c0 con 0x7fccec070430
2024-02-23T00:33:09.768 INFO:teuthology.orchestra.run.smithi102.stderr:/usr/bin/ceph:
2024-02-23T00:33:09.763+0000 7fccd3fff700 1 -- 172.21.15.102:0/2297776731 <== mon.0 v2:172.21.15.102:3300/0 4 ==== mgrmap(e 12) v1 ==== 36195+0+0 (secure 0 0 0) 0x7fccdc00f070 con 0x7fccec070430
2024-02-23T00:33:09.768 INFO:teuthology.orchestra.run.smithi102.stderr:/usr/bin/ceph:
2024-02-23T00:33:09.763+0000 7fccd3fff700 1 --2- 172.21.15.102:0/2297776731 >> [v2:172.21.15.102:6800/3292090415,v1:172.21.15.102:6801/3292090415] conn(0x7fccd802ff20 0x7fccd80323e0 unknown :-1 s=NONE pgs=0 cs=0 l=1 rev1=0 rx=0 tx=0).connect
2024-02-23T00:33:09.768 INFO:teuthology.orchestra.run.smithi102.stderr:/usr/bin/ceph:
2024-02-23T00:33:09.763+0000 7fccd3fff700 1 -- 172.21.15.102:0/2297776731 <== mon.0 v2:172.21.15.102:3300/0 5 ==== osd_map(3..3 src has 1..3) v4 ==== 1098+0+0 (secure 0 0 0) 0x7fccdc042510 con 0x7fccec070430
2024-02-23T00:33:09.768 INFO:teuthology.orchestra.run.smithi102.stderr:/usr/bin/ceph:
2024-02-23T00:33:09.763+0000 7fcceaffd700 1 --2- 172.21.15.102:0/2297776731 >> [v2:172.21.15.102:6800/3292090415,v1:172.21.15.102:6801/3292090415] conn(0x7fccd802ff20 0x7fccd80323e0 unknown :-1 s=BANNER_CONNECTING pgs=0 cs=0 l=1 rev1=0 rx=0 tx=0)._handle_peer_banner_payload supported=1 required=0
2024-02-23T00:33:09.768 INFO:teuthology.orchestra.run.smithi102.stderr:/usr/bin/ceph:
2024-02-23T00:33:09.763+0000 7fccf1e6a700 1 -- 172.21.15.102:0/2297776731 --> [v2:172.21.15.102:3300/0,v1:172.21.15.102:6789/0] -- mon_command({"prefix": "get_command_descriptions"} v 0) v1 -- 0x7fccec045ad0 con 0x7fccec070430
2024-02-23T00:33:09.768 INFO:teuthology.orchestra.run.smithi102.stderr:/usr/bin/ceph:
2024-02-23T00:33:09.764+0000 7fcceaffd700 1 --2- 172.21.15.102:0/2297776731 >> [v2:172.21.15.102:6800/3292090415,v1:172.21.15.102:6801/3292090415] conn(0x7fccd802ff20 0x7fccd80323e0 secure :-1 s=READY pgs=7 cs=0 l=1 rev1=1 rx=0x7fcce00096a0 tx=0x7fcce0006b40).ready entity=mgr.14142 client_cookie=0 server_cookie=0 in_seq=0 out_seq=0
2024-02-23T00:33:09.769 INFO:teuthology.orchestra.run.smithi102.stderr:/usr/bin/ceph:
2024-02-23T00:33:09.767+0000 7fccd3fff700 1 -- 172.21.15.102:0/2297776731 <== mon.0 v2:172.21.15.102:3300/0 6 ==== mon_command_ack([{"prefix": "get_command_descriptions"}]=0 v0) v1 ==== 72+0+152212 (secure 0 0 0) 0x7fccdc016070 con 0x7fccec070430
2024-02-23T00:33:09.943 INFO:teuthology.orchestra.run.smithi102.stderr:/usr/bin/ceph:
2024-02-23T00:33:09.941+0000 7fccf1e6a700 1 -- 172.21.15.102:0/2297776731 --> [v2:172.21.15.102:6800/3292090415,v1:172.21.15.102:6801/3292090415] -- mgr_command(tid 0: {"prefix": "orch apply", "service_type": "node-exporter", "target": ["mon-mgr", ""]}) v1 -- 0x7fccec104bf0 con 0x7fccd802ff20
2024-02-23T00:33:09.946 INFO:teuthology.orchestra.run.smithi102.stderr:/usr/bin/ceph:
2024-02-23T00:33:09.944+0000 7fccd3fff700 1 -- 172.21.15.102:0/2297776731 <== mgr.14142 v2:172.21.15.102:6800/3292090415 1 ==== mgr_command_reply(tid 0: 0 ) v1 ==== 8+0+34 (secure 0 0 0) 0x7fccec104bf0 con 0x7fccd802ff20
2024-02-23T00:33:09.946 INFO:teuthology.orchestra.run.smithi102.stderr:/usr/bin/ceph: Scheduled node-exporter update...
2024-02-23T00:33:09.949 INFO:teuthology.orchestra.run.smithi102.stderr:/usr/bin/ceph:
2024-02-23T00:33:09.946+0000 7fccf1e6a700 1 -- 172.21.15.102:0/2297776731 >> [v2:172.21.15.102:6800/3292090415,v1:172.21.15.102:6801/3292090415] conn(0x7fccd802ff20 msgr2=0x7fccd80323e0 secure :-1 s=STATE_CONNECTION_ESTABLISHED l=1).mark_down
2024-02-23T00:33:09.949 INFO:teuthology.orchestra.run.smithi102.stderr:/usr/bin/ceph:
2024-02-23T00:33:09.946+0000 7fccf1e6a700 1 --2- 172.21.15.102:0/2297776731 >> [v2:172.21.15.102:6800/3292090415,v1:172.21.15.102:6801/3292090415] conn(0x7fccd802ff20 0x7fccd80323e0 secure :-1 s=READY pgs=7 cs=0 l=1 rev1=1 rx=0x7fcce00096a0 tx=0x7fcce0006b40).stop
2024-02-23T00:33:09.949 INFO:teuthology.orchestra.run.smithi102.stderr:/usr/bin/ceph:
2024-02-23T00:33:09.946+0000 7fccf1e6a700 1 -- 172.21.15.102:0/2297776731 >> [v2:172.21.15.102:3300/0,v1:172.21.15.102:6789/0] conn(0x7fccec070430 msgr2=0x7fccec10ab40 secure :-1 s=STATE_CONNECTION_ESTABLISHED l=1).mark_down
2024-02-23T00:33:09.949 INFO:teuthology.orchestra.run.smithi102.stderr:/usr/bin/ceph:
2024-02-23T00:33:09.946+0000 7fccf1e6a700 1 --2- 172.21.15.102:0/2297776731 >> [v2:172.21.15.102:3300/0,v1:172.21.15.102:6789/0] conn(0x7fccec070430 0x7fccec10ab40 secure :-1 s=READY pgs=59 cs=0 l=1 rev1=1 rx=0x7fccdc006800 tx=0x7fccdc006ee0).stop
2024-02-23T00:33:09.949 INFO:teuthology.orchestra.run.smithi102.stderr:/usr/bin/ceph:
2024-02-23T00:33:09.946+0000 7fccf1e6a700 1 -- 172.21.15.102:0/2297776731 shutdown_connections
2024-02-23T00:33:09.949 INFO:teuthology.orchestra.run.smithi102.stderr:/usr/bin/ceph:
2024-02-23T00:33:09.946+0000 7fccf1e6a700 1 --2- 172.21.15.102:0/2297776731 >> [v2:172.21.15.102:6800/3292090415,v1:172.21.15.102:6801/3292090415] conn(0x7fccd802ff20 0x7fccd80323e0 unknown :-1 s=CLOSED pgs=7 cs=0 l=1 rev1=1 rx=0 tx=0).stop
2024-02-23T00:33:09.949 INFO:teuthology.orchestra.run.smithi102.stderr:/usr/bin/ceph:
2024-02-23T00:33:09.946+0000 7fccf1e6a700 1 --2- 172.21.15.102:0/2297776731 >> [v2:172.21.15.102:3300/0,v1:172.21.15.102:6789/0] conn(0x7fccec070430 0x7fccec10ab40 unknown :-1 s=CLOSED pgs=59 cs=0 l=1 rev1=1 rx=0 tx=0).stop
2024-02-23T00:33:09.949 INFO:teuthology.orchestra.run.smithi102.stderr:/usr/bin/ceph:
2024-02-23T00:33:09.946+0000 7fccf1e6a700 1 -- 172.21.15.102:0/2297776731 >> 172.21.15.102:0/2297776731 conn(0x7fccec0f6530 msgr2=0x7fccec0f7f30 unknown :-1 s=STATE_NONE l=0).mark_down
2024-02-23T00:33:09.949 INFO:teuthology.orchestra.run.smithi102.stderr:/usr/bin/ceph:
2024-02-23T00:33:09.946+0000 7fccf1e6a700 1 -- 172.21.15.102:0/2297776731 shutdown_connections
2024-02-23T00:33:09.949 INFO:teuthology.orchestra.run.smithi102.stderr:/usr/bin/ceph:
2024-02-23T00:33:09.946+0000 7fccf1e6a700 1 -- 172.21.15.102:0/2297776731 wait complete.
2024-02-23T00:33:10.542 INFO:teuthology.orchestra.run.smithi102.stderr:Deploying alertmanager service with default placement...
2024-02-23T00:33:10.542 INFO:teuthology.orchestra.run.smithi102.stderr:Running command: /bin/podman run --rm --ipc=host --no-hosts --net=host --entrypoint /usr/bin/ceph --init -e CONTAINER_IMAGE=docker.io/ceph/ceph:v16.2.4 -e NODE_NAME=smithi102 -e CEPH_USE_RANDOM_NONCE=1 -v /var/log/ceph/ec7eeef6-d1e2-11ee-95c0-87774f69a715:/var/log/ceph:z -v /tmp/ceph-tmpspcki26t:/etc/ceph/ceph.client.admin.keyring:z -v /tmp/ceph-tmp8g4l5jfz:/etc/ceph/ceph.conf:z docker.io/ceph/ceph:v16.2.4 orch apply alertmanager
2024-02-23T00:33:11.046 INFO:teuthology.orchestra.run.smithi102.stderr:/usr/bin/ceph:
2024-02-23T00:33:11.029+0000 7f62ee40a700 1 Processor -- start
2024-02-23T00:33:11.046 INFO:teuthology.orchestra.run.smithi102.stderr:/usr/bin/ceph:
2024-02-23T00:33:11.029+0000 7f62ee40a700 1 -- start start
2024-02-23T00:33:11.046 INFO:teuthology.orchestra.run.smithi102.stderr:/usr/bin/ceph:
2024-02-23T00:33:11.029+0000 7f62ee40a700 1 --2- >> [v2:172.21.15.102:3300/0,v1:172.21.15.102:6789/0] conn(0x7f62e80fad90 0x7f62e80fb1b0 unknown :-1 s=NONE pgs=0 cs=0 l=0 rev1=0 rx=0 tx=0).connect
2024-02-23T00:33:11.046 INFO:teuthology.orchestra.run.smithi102.stderr:/usr/bin/ceph:
2024-02-23T00:33:11.029+0000 7f62ee40a700 1 -- --> [v2:172.21.15.102:3300/0,v1:172.21.15.102:6789/0] -- mon_getmap magic: 0 v1 -- 0x7f62e80fb6a0 con 0x7f62e80fad90
2024-02-23T00:33:11.046 INFO:teuthology.orchestra.run.smithi102.stderr:/usr/bin/ceph:
2024-02-23T00:33:11.030+0000 7f62e7fff700 1 --2- >> [v2:172.21.15.102:3300/0,v1:172.21.15.102:6789/0] conn(0x7f62e80fad90 0x7f62e80fb1b0 unknown :-1 s=BANNER_CONNECTING pgs=0 cs=0 l=0 rev1=0 rx=0 tx=0)._handle_peer_banner_payload supported=1 required=0
2024-02-23T00:33:11.046 INFO:teuthology.orchestra.run.smithi102.stderr:/usr/bin/ceph:
2024-02-23T00:33:11.030+0000 7f62e7fff700 1 --2- >> [v2:172.21.15.102:3300/0,v1:172.21.15.102:6789/0] conn(0x7f62e80fad90 0x7f62e80fb1b0 unknown :-1 s=HELLO_CONNECTING pgs=0 cs=0 l=0 rev1=1 rx=0 tx=0).handle_hello peer v2:172.21.15.102:3300/0 says I am v2:172.21.15.102:35604/0 (socket says 172.21.15.102:35604)
2024-02-23T00:33:11.047 INFO:teuthology.orchestra.run.smithi102.stderr:/usr/bin/ceph:
2024-02-23T00:33:11.030+0000 7f62e7fff700 1 -- 172.21.15.102:0/1850768908 learned_addr learned my addr 172.21.15.102:0/1850768908 (peer_addr_for_me v2:172.21.15.102:0/0)
2024-02-23T00:33:11.047 INFO:teuthology.orchestra.run.smithi102.stderr:/usr/bin/ceph:
2024-02-23T00:33:11.030+0000 7f62e7fff700 1 -- 172.21.15.102:0/1850768908 --> [v2:172.21.15.102:3300/0,v1:172.21.15.102:6789/0] -- mon_subscribe({config=0+,monmap=0+}) v3 -- 0x7f62e80fb7e0 con 0x7f62e80fad90
2024-02-23T00:33:11.047 INFO:teuthology.orchestra.run.smithi102.stderr:/usr/bin/ceph:
2024-02-23T00:33:11.030+0000 7f62e7fff700 1 --2- 172.21.15.102:0/1850768908 >> [v2:172.21.15.102:3300/0,v1:172.21.15.102:6789/0] conn(0x7f62e80fad90 0x7f62e80fb1b0 secure :-1 s=READY pgs=60 cs=0 l=1 rev1=1 rx=0x7f62dc00b5f0 tx=0x7f62dc006ee0).ready entity=mon.0 client_cookie=66fafc30b39b6965 server_cookie=0 in_seq=0 out_seq=0
2024-02-23T00:33:11.047 INFO:teuthology.orchestra.run.smithi102.stderr:/usr/bin/ceph:
2024-02-23T00:33:11.030+0000 7f62e6ffd700 1 -- 172.21.15.102:0/1850768908 <== mon.0 v2:172.21.15.102:3300/0 1 ==== mon_map magic: 0 v1 ==== 229+0+0 (secure 0 0 0) 0x7f62dc00d600 con 0x7f62e80fad90
2024-02-23T00:33:11.047 INFO:teuthology.orchestra.run.smithi102.stderr:/usr/bin/ceph:
2024-02-23T00:33:11.030+0000 7f62e6ffd700 1 -- 172.21.15.102:0/1850768908 <== mon.0 v2:172.21.15.102:3300/0 2 ==== config(26 keys) v1 ==== 1045+0+0 (secure 0 0 0) 0x7f62dc00dbf0 con 0x7f62e80fad90
2024-02-23T00:33:11.047 INFO:teuthology.orchestra.run.smithi102.stderr:/usr/bin/ceph:
2024-02-23T00:33:11.030+0000 7f62e6ffd700 1 -- 172.21.15.102:0/1850768908 <== mon.0 v2:172.21.15.102:3300/0 3 ==== mon_map magic: 0 v1 ==== 229+0+0 (secure 0 0 0) 0x7f62dc011cb0 con 0x7f62e80fad90
2024-02-23T00:33:11.047 INFO:teuthology.orchestra.run.smithi102.stderr:/usr/bin/ceph:
2024-02-23T00:33:11.030+0000 7f62ee40a700 1 -- 172.21.15.102:0/1850768908 >> [v2:172.21.15.102:3300/0,v1:172.21.15.102:6789/0] conn(0x7f62e80fad90 msgr2=0x7f62e80fb1b0 secure :-1 s=STATE_CONNECTION_ESTABLISHED l=1).mark_down
2024-02-23T00:33:11.047 INFO:teuthology.orchestra.run.smithi102.stderr:/usr/bin/ceph:
2024-02-23T00:33:11.030+0000 7f62ee40a700 1 --2- 172.21.15.102:0/1850768908 >> [v2:172.21.15.102:3300/0,v1:172.21.15.102:6789/0] conn(0x7f62e80fad90 0x7f62e80fb1b0 secure :-1 s=READY pgs=60 cs=0 l=1 rev1=1 rx=0x7f62dc00b5f0 tx=0x7f62dc006ee0).stop
2024-02-23T00:33:11.047 INFO:teuthology.orchestra.run.smithi102.stderr:/usr/bin/ceph:
2024-02-23T00:33:11.030+0000 7f62ee40a700 1 -- 172.21.15.102:0/1850768908 shutdown_connections
2024-02-23T00:33:11.047 INFO:teuthology.orchestra.run.smithi102.stderr:/usr/bin/ceph:
2024-02-23T00:33:11.030+0000 7f62ee40a700 1 --2- 172.21.15.102:0/1850768908 >> [v2:172.21.15.102:3300/0,v1:172.21.15.102:6789/0] conn(0x7f62e80fad90 0x7f62e80fb1b0 unknown :-1 s=CLOSED pgs=60 cs=0 l=1 rev1=1 rx=0 tx=0).stop
2024-02-23T00:33:11.047 INFO:teuthology.orchestra.run.smithi102.stderr:/usr/bin/ceph:
2024-02-23T00:33:11.030+0000 7f62ee40a700 1 -- 172.21.15.102:0/1850768908 >> 172.21.15.102:0/1850768908 conn(0x7f62e80f6530 msgr2=0x7f62e80f8950 unknown :-1 s=STATE_NONE l=0).mark_down
2024-02-23T00:33:11.047 INFO:teuthology.orchestra.run.smithi102.stderr:/usr/bin/ceph:
2024-02-23T00:33:11.031+0000 7f62ee40a700 1 -- 172.21.15.102:0/1850768908 shutdown_connections
2024-02-23T00:33:11.047 INFO:teuthology.orchestra.run.smithi102.stderr:/usr/bin/ceph:
2024-02-23T00:33:11.031+0000 7f62ee40a700 1 -- 172.21.15.102:0/1850768908 wait complete.
2024-02-23T00:33:11.047 INFO:teuthology.orchestra.run.smithi102.stderr:/usr/bin/ceph:
2024-02-23T00:33:11.031+0000 7f62ee40a700 1 Processor -- start
2024-02-23T00:33:11.048 INFO:teuthology.orchestra.run.smithi102.stderr:/usr/bin/ceph:
2024-02-23T00:33:11.031+0000 7f62ee40a700 1 -- start start
2024-02-23T00:33:11.048 INFO:teuthology.orchestra.run.smithi102.stderr:/usr/bin/ceph:
2024-02-23T00:33:11.031+0000 7f62ee40a700 1 --2- >> [v2:172.21.15.102:3300/0,v1:172.21.15.102:6789/0] conn(0x7f62e80fad90 0x7f62e810ab10 unknown :-1 s=NONE pgs=0 cs=0 l=1 rev1=0 rx=0 tx=0).connect
2024-02-23T00:33:11.048 INFO:teuthology.orchestra.run.smithi102.stderr:/usr/bin/ceph:
2024-02-23T00:33:11.031+0000 7f62ee40a700 1 -- --> [v2:172.21.15.102:3300/0,v1:172.21.15.102:6789/0] -- mon_getmap magic: 0 v1 -- 0x7f62e810b000 con 0x7f62e80fad90
2024-02-23T00:33:11.048 INFO:teuthology.orchestra.run.smithi102.stderr:/usr/bin/ceph:
2024-02-23T00:33:11.031+0000 7f62e7fff700 1 --2- >> [v2:172.21.15.102:3300/0,v1:172.21.15.102:6789/0] conn(0x7f62e80fad90 0x7f62e810ab10 unknown :-1 s=BANNER_CONNECTING pgs=0 cs=0 l=1 rev1=0 rx=0 tx=0)._handle_peer_banner_payload supported=1 required=0
2024-02-23T00:33:11.048 INFO:teuthology.orchestra.run.smithi102.stderr:/usr/bin/ceph:
2024-02-23T00:33:11.031+0000 7f62e7fff700 1 --2- >> [v2:172.21.15.102:3300/0,v1:172.21.15.102:6789/0] conn(0x7f62e80fad90 0x7f62e810ab10 unknown :-1 s=HELLO_CONNECTING pgs=0 cs=0 l=1 rev1=1 rx=0 tx=0).handle_hello peer v2:172.21.15.102:3300/0 says I am v2:172.21.15.102:35612/0 (socket says 172.21.15.102:35612)
2024-02-23T00:33:11.048 INFO:teuthology.orchestra.run.smithi102.stderr:/usr/bin/ceph:
2024-02-23T00:33:11.031+0000 7f62e7fff700 1 -- 172.21.15.102:0/3447131013 learned_addr learned my addr 172.21.15.102:0/3447131013 (peer_addr_for_me v2:172.21.15.102:0/0)
2024-02-23T00:33:11.048 INFO:teuthology.orchestra.run.smithi102.stderr:/usr/bin/ceph:
2024-02-23T00:33:11.032+0000 7f62e7fff700 1 -- 172.21.15.102:0/3447131013 --> [v2:172.21.15.102:3300/0,v1:172.21.15.102:6789/0] -- mon_subscribe({config=0+,monmap=0+}) v3 -- 0x7f62dc00b200 con 0x7f62e80fad90
2024-02-23T00:33:11.048 INFO:teuthology.orchestra.run.smithi102.stderr:/usr/bin/ceph:
2024-02-23T00:33:11.032+0000 7f62e7fff700 1 --2- 172.21.15.102:0/3447131013 >> [v2:172.21.15.102:3300/0,v1:172.21.15.102:6789/0] conn(0x7f62e80fad90 0x7f62e810ab10 secure :-1 s=READY pgs=61 cs=0 l=1 rev1=1 rx=0x7f62dc011ea0 tx=0x7f62dc006ee0).ready entity=mon.0 client_cookie=0 server_cookie=0 in_seq=0 out_seq=0
2024-02-23T00:33:11.048 INFO:teuthology.orchestra.run.smithi102.stderr:/usr/bin/ceph:
2024-02-23T00:33:11.032+0000 7f62e4ff9700 1 -- 172.21.15.102:0/3447131013 <== mon.0 v2:172.21.15.102:3300/0 1 ==== mon_map magic: 0 v1 ==== 229+0+0 (secure 0 0 0) 0x7f62dc01b570 con 0x7f62e80fad90
2024-02-23T00:33:11.048 INFO:teuthology.orchestra.run.smithi102.stderr:/usr/bin/ceph:
2024-02-23T00:33:11.032+0000 7f62e4ff9700 1 -- 172.21.15.102:0/3447131013 <== mon.0 v2:172.21.15.102:3300/0 2 ==== config(26 keys) v1 ==== 1045+0+0 (secure 0 0 0) 0x7f62dc01bb60 con 0x7f62e80fad90
2024-02-23T00:33:11.048 INFO:teuthology.orchestra.run.smithi102.stderr:/usr/bin/ceph:
2024-02-23T00:33:11.032+0000 7f62ee40a700 1 -- 172.21.15.102:0/3447131013 --> [v2:172.21.15.102:3300/0,v1:172.21.15.102:6789/0] -- mon_subscribe({mgrmap=0+}) v3 -- 0x7f62e810b200 con 0x7f62e80fad90
2024-02-23T00:33:11.048 INFO:teuthology.orchestra.run.smithi102.stderr:/usr/bin/ceph:
2024-02-23T00:33:11.032+0000 7f62e4ff9700 1 -- 172.21.15.102:0/3447131013 <== mon.0 v2:172.21.15.102:3300/0 3 ==== mon_map magic: 0 v1 ==== 229+0+0 (secure 0 0 0) 0x7f62dc01a8d0 con 0x7f62e80fad90
2024-02-23T00:33:11.048 INFO:teuthology.orchestra.run.smithi102.stderr:/usr/bin/ceph:
2024-02-23T00:33:11.032+0000 7f62ee40a700 1 -- 172.21.15.102:0/3447131013 --> [v2:172.21.15.102:3300/0,v1:172.21.15.102:6789/0] -- mon_subscribe({osdmap=0}) v3 -- 0x7f62e810b690 con 0x7f62e80fad90
2024-02-23T00:33:11.049 INFO:teuthology.orchestra.run.smithi102.stderr:/usr/bin/ceph:
2024-02-23T00:33:11.033+0000 7f62e4ff9700 1 -- 172.21.15.102:0/3447131013 <== mon.0 v2:172.21.15.102:3300/0 4 ==== mgrmap(e 12) v1 ==== 36195+0+0 (secure 0 0 0) 0x7f62dc00f070 con 0x7f62e80fad90
2024-02-23T00:33:11.049 INFO:teuthology.orchestra.run.smithi102.stderr:/usr/bin/ceph:
2024-02-23T00:33:11.033+0000 7f62ee40a700 1 -- 172.21.15.102:0/3447131013 --> [v2:172.21.15.102:3300/0,v1:172.21.15.102:6789/0] -- mon_command({"prefix": "get_command_descriptions"} v 0) v1 -- 0x7f62e8045ad0 con 0x7f62e80fad90
2024-02-23T00:33:11.049 INFO:teuthology.orchestra.run.smithi102.stderr:/usr/bin/ceph:
2024-02-23T00:33:11.033+0000 7f62e4ff9700 1 --2- 172.21.15.102:0/3447131013 >> [v2:172.21.15.102:6800/3292090415,v1:172.21.15.102:6801/3292090415] conn(0x7f62d402ff20 0x7f62d40323e0 unknown :-1 s=NONE pgs=0 cs=0 l=1 rev1=0 rx=0 tx=0).connect
2024-02-23T00:33:11.049 INFO:teuthology.orchestra.run.smithi102.stderr:/usr/bin/ceph:
2024-02-23T00:33:11.033+0000 7f62e4ff9700 1 -- 172.21.15.102:0/3447131013 <== mon.0 v2:172.21.15.102:3300/0 5 ==== osd_map(3..3 src has 1..3) v4 ==== 1098+0+0 (secure 0 0 0) 0x7f62dc041600 con 0x7f62e80fad90
2024-02-23T00:33:11.049 INFO:teuthology.orchestra.run.smithi102.stderr:/usr/bin/ceph:
2024-02-23T00:33:11.033+0000 7f62e77fe700 1 --2- 172.21.15.102:0/3447131013 >> [v2:172.21.15.102:6800/3292090415,v1:172.21.15.102:6801/3292090415] conn(0x7f62d402ff20 0x7f62d40323e0 unknown :-1 s=BANNER_CONNECTING pgs=0 cs=0 l=1 rev1=0 rx=0 tx=0)._handle_peer_banner_payload supported=1 required=0
2024-02-23T00:33:11.049 INFO:teuthology.orchestra.run.smithi102.stderr:/usr/bin/ceph:
2024-02-23T00:33:11.033+0000 7f62e77fe700 1 --2- 172.21.15.102:0/3447131013 >> [v2:172.21.15.102:6800/3292090415,v1:172.21.15.102:6801/3292090415] conn(0x7f62d402ff20 0x7f62d40323e0 secure :-1 s=READY pgs=8 cs=0 l=1 rev1=1 rx=0x7f62d80096a0 tx=0x7f62d8006b40).ready entity=mgr.14142 client_cookie=0 server_cookie=0 in_seq=0 out_seq=0
2024-02-23T00:33:11.049 INFO:teuthology.orchestra.run.smithi102.stderr:/usr/bin/ceph:
2024-02-23T00:33:11.037+0000 7f62e4ff9700 1 -- 172.21.15.102:0/3447131013 <== mon.0 v2:172.21.15.102:3300/0 6 ==== mon_command_ack([{"prefix": "get_command_descriptions"}]=0 v0) v1 ==== 72+0+152212 (secure 0 0 0) 0x7f62dc022d20 con 0x7f62e80fad90
2024-02-23T00:33:11.215 INFO:teuthology.orchestra.run.smithi102.stderr:/usr/bin/ceph:
2024-02-23T00:33:11.213+0000 7f62ee40a700 1 -- 172.21.15.102:0/3447131013 --> [v2:172.21.15.102:6800/3292090415,v1:172.21.15.102:6801/3292090415] -- mgr_command(tid 0: {"prefix": "orch apply", "service_type": "alertmanager", "target": ["mon-mgr", ""]}) v1 -- 0x7f62e810bfb0 con 0x7f62d402ff20
2024-02-23T00:33:11.218 INFO:teuthology.orchestra.run.smithi102.stderr:/usr/bin/ceph:
2024-02-23T00:33:11.217+0000 7f62e4ff9700 1 -- 172.21.15.102:0/3447131013 <== mgr.14142 v2:172.21.15.102:6800/3292090415 1 ==== mgr_command_reply(tid 0: 0 ) v1 ==== 8+0+33 (secure 0 0 0) 0x7f62e810bfb0 con 0x7f62d402ff20
2024-02-23T00:33:11.218 INFO:teuthology.orchestra.run.smithi102.stderr:/usr/bin/ceph: Scheduled alertmanager update...
2024-02-23T00:33:11.221 INFO:teuthology.orchestra.run.smithi102.stderr:/usr/bin/ceph:
2024-02-23T00:33:11.218+0000 7f62ee40a700 1 -- 172.21.15.102:0/3447131013 >> [v2:172.21.15.102:6800/3292090415,v1:172.21.15.102:6801/3292090415] conn(0x7f62d402ff20 msgr2=0x7f62d40323e0 secure :-1 s=STATE_CONNECTION_ESTABLISHED l=1).mark_down
2024-02-23T00:33:11.221 INFO:teuthology.orchestra.run.smithi102.stderr:/usr/bin/ceph:
2024-02-23T00:33:11.218+0000 7f62ee40a700 1 --2- 172.21.15.102:0/3447131013 >> [v2:172.21.15.102:6800/3292090415,v1:172.21.15.102:6801/3292090415] conn(0x7f62d402ff20 0x7f62d40323e0 secure :-1 s=READY pgs=8 cs=0 l=1 rev1=1 rx=0x7f62d80096a0 tx=0x7f62d8006b40).stop
2024-02-23T00:33:11.221 INFO:teuthology.orchestra.run.smithi102.stderr:/usr/bin/ceph:
2024-02-23T00:33:11.218+0000 7f62ee40a700 1 -- 172.21.15.102:0/3447131013 >> [v2:172.21.15.102:3300/0,v1:172.21.15.102:6789/0] conn(0x7f62e80fad90 msgr2=0x7f62e810ab10 secure :-1 s=STATE_CONNECTION_ESTABLISHED l=1).mark_down
2024-02-23T00:33:11.221 INFO:teuthology.orchestra.run.smithi102.stderr:/usr/bin/ceph:
2024-02-23T00:33:11.218+0000 7f62ee40a700 1 --2- 172.21.15.102:0/3447131013 >> [v2:172.21.15.102:3300/0,v1:172.21.15.102:6789/0] conn(0x7f62e80fad90 0x7f62e810ab10 secure :-1 s=READY pgs=61 cs=0 l=1 rev1=1 rx=0x7f62dc011ea0 tx=0x7f62dc006ee0).stop
2024-02-23T00:33:11.221 INFO:teuthology.orchestra.run.smithi102.stderr:/usr/bin/ceph:
2024-02-23T00:33:11.218+0000 7f62ee40a700 1 -- 172.21.15.102:0/3447131013 shutdown_connections
2024-02-23T00:33:11.221 INFO:teuthology.orchestra.run.smithi102.stderr:/usr/bin/ceph:
2024-02-23T00:33:11.218+0000 7f62ee40a700 1 --2- 172.21.15.102:0/3447131013 >> [v2:172.21.15.102:6800/3292090415,v1:172.21.15.102:6801/3292090415] conn(0x7f62d402ff20 0x7f62d40323e0 unknown :-1 s=CLOSED pgs=8 cs=0 l=1 rev1=1 rx=0 tx=0).stop
2024-02-23T00:33:11.221 INFO:teuthology.orchestra.run.smithi102.stderr:/usr/bin/ceph:
2024-02-23T00:33:11.218+0000 7f62ee40a700 1 --2- 172.21.15.102:0/3447131013 >> [v2:172.21.15.102:3300/0,v1:172.21.15.102:6789/0] conn(0x7f62e80fad90 0x7f62e810ab10 unknown :-1 s=CLOSED pgs=61 cs=0 l=1 rev1=1 rx=0 tx=0).stop
2024-02-23T00:33:11.221 INFO:teuthology.orchestra.run.smithi102.stderr:/usr/bin/ceph:
2024-02-23T00:33:11.218+0000 7f62ee40a700 1 -- 172.21.15.102:0/3447131013 >> 172.21.15.102:0/3447131013 conn(0x7f62e80f6530 msgr2=0x7f62e80f7ec0 unknown :-1 s=STATE_NONE l=0).mark_down
2024-02-23T00:33:11.221 INFO:teuthology.orchestra.run.smithi102.stderr:/usr/bin/ceph:
2024-02-23T00:33:11.218+0000 7f62ee40a700 1 -- 172.21.15.102:0/3447131013 shutdown_connections
2024-02-23T00:33:11.221 INFO:teuthology.orchestra.run.smithi102.stderr:/usr/bin/ceph:
2024-02-23T00:33:11.218+0000 7f62ee40a700 1 -- 172.21.15.102:0/3447131013 wait complete.
2024-02-23T00:33:11.228 INFO:journalctl@ceph.mon.smithi102.smithi102.stdout:Feb 23 00:33:10 smithi102 ceph-ec7eeef6-d1e2-11ee-95c0-87774f69a715-mon.smithi102[38165]: audit
2024-02-23T00:33:09.942934+0000 mgr.smithi102.zuhlty (mgr.14142) 5 : audit [DBG] from='client.14152 -' entity='client.admin' cmd=[{"prefix": "orch apply", "service_type": "node-exporter", "target": ["mon-mgr", ""]}]: dispatch
2024-02-23T00:33:11.228 INFO:journalctl@ceph.mon.smithi102.smithi102.stdout:Feb 23 00:33:10 smithi102 ceph-ec7eeef6-d1e2-11ee-95c0-87774f69a715-mon.smithi102[38165]: cephadm
2024-02-23T00:33:09.943563+0000 mgr.smithi102.zuhlty (mgr.14142) 6 : cephadm [INF] Saving service node-exporter spec with placement *
2024-02-23T00:33:11.228 INFO:journalctl@ceph.mon.smithi102.smithi102.stdout:Feb 23 00:33:10 smithi102 ceph-ec7eeef6-d1e2-11ee-95c0-87774f69a715-mon.smithi102[38165]: audit
2024-02-23T00:33:09.945782+0000 mon.smithi102 (mon.0) 80 : audit [INF] from='mgr.14142 172.21.15.102:0/1557324369' entity='mgr.smithi102.zuhlty'
2024-02-23T00:33:11.840 INFO:teuthology.orchestra.run.smithi102.stderr:Running command: /bin/podman run --rm --ipc=host --no-hosts --net=host --entrypoint /usr/bin/ceph --init -e CONTAINER_IMAGE=docker.io/ceph/ceph:v16.2.4 -e NODE_NAME=smithi102 -e CEPH_USE_RANDOM_NONCE=1 -v /var/log/ceph/ec7eeef6-d1e2-11ee-95c0-87774f69a715:/var/log/ceph:z -v /tmp/ceph-tmpspcki26t:/etc/ceph/ceph.client.admin.keyring:z -v /tmp/ceph-tmp8g4l5jfz:/etc/ceph/ceph.conf:z docker.io/ceph/ceph:v16.2.4 config set mgr mgr/cephadm/container_init True --force
2024-02-23T00:33:12.320 INFO:teuthology.orchestra.run.smithi102.stderr:/usr/bin/ceph:
2024-02-23T00:33:12.315+0000 7f6ca8aac700 1 Processor -- start
2024-02-23T00:33:12.320 INFO:teuthology.orchestra.run.smithi102.stderr:/usr/bin/ceph:
2024-02-23T00:33:12.315+0000 7f6ca8aac700 1 -- start start
2024-02-23T00:33:12.320 INFO:teuthology.orchestra.run.smithi102.stderr:/usr/bin/ceph:
2024-02-23T00:33:12.315+0000 7f6ca8aac700 1 --2- >> [v2:172.21.15.102:3300/0,v1:172.21.15.102:6789/0] conn(0x7f6ca40fad90 0x7f6ca40fb1b0 unknown :-1 s=NONE pgs=0 cs=0 l=0 rev1=0 rx=0 tx=0).connect
2024-02-23T00:33:12.320 INFO:teuthology.orchestra.run.smithi102.stderr:/usr/bin/ceph:
2024-02-23T00:33:12.315+0000 7f6ca8aac700 1 -- --> [v2:172.21.15.102:3300/0,v1:172.21.15.102:6789/0] -- mon_getmap magic: 0 v1 -- 0x7f6ca40fb6a0 con 0x7f6ca40fad90
2024-02-23T00:33:12.320 INFO:teuthology.orchestra.run.smithi102.stderr:/usr/bin/ceph:
2024-02-23T00:33:12.315+0000 7f6ca259c700 1 --2- >> [v2:172.21.15.102:3300/0,v1:172.21.15.102:6789/0] conn(0x7f6ca40fad90 0x7f6ca40fb1b0 unknown :-1 s=BANNER_CONNECTING pgs=0 cs=0 l=0 rev1=0 rx=0 tx=0)._handle_peer_banner_payload supported=1 required=0
2024-02-23T00:33:12.320 INFO:teuthology.orchestra.run.smithi102.stderr:/usr/bin/ceph:
2024-02-23T00:33:12.315+0000 7f6ca259c700 1 --2- >> [v2:172.21.15.102:3300/0,v1:172.21.15.102:6789/0] conn(0x7f6ca40fad90 0x7f6ca40fb1b0 unknown :-1 s=HELLO_CONNECTING pgs=0 cs=0 l=0 rev1=1 rx=0 tx=0).handle_hello peer v2:172.21.15.102:3300/0 says I am v2:172.21.15.102:46880/0 (socket says 172.21.15.102:46880)
2024-02-23T00:33:12.320 INFO:teuthology.orchestra.run.smithi102.stderr:/usr/bin/ceph:
2024-02-23T00:33:12.315+0000 7f6ca259c700 1 -- 172.21.15.102:0/2399932289 learned_addr learned my addr 172.21.15.102:0/2399932289 (peer_addr_for_me v2:172.21.15.102:0/0)
2024-02-23T00:33:12.321 INFO:teuthology.orchestra.run.smithi102.stderr:/usr/bin/ceph:
2024-02-23T00:33:12.316+0000 7f6ca259c700 1 -- 172.21.15.102:0/2399932289 --> [v2:172.21.15.102:3300/0,v1:172.21.15.102:6789/0] -- mon_subscribe({config=0+,monmap=0+}) v3 -- 0x7f6ca40fb7e0 con 0x7f6ca40fad90
2024-02-23T00:33:12.321 INFO:teuthology.orchestra.run.smithi102.stderr:/usr/bin/ceph:
2024-02-23T00:33:12.316+0000 7f6ca259c700 1 --2- 172.21.15.102:0/2399932289 >> [v2:172.21.15.102:3300/0,v1:172.21.15.102:6789/0] conn(0x7f6ca40fad90 0x7f6ca40fb1b0 secure :-1 s=READY pgs=62 cs=0 l=1 rev1=1 rx=0x7f6c9400b5f0 tx=0x7f6c94006ee0).ready entity=mon.0 client_cookie=e3721738a0e05b45 server_cookie=0 in_seq=0 out_seq=0
2024-02-23T00:33:12.321 INFO:teuthology.orchestra.run.smithi102.stderr:/usr/bin/ceph:
2024-02-23T00:33:12.316+0000 7f6ca159a700 1 -- 172.21.15.102:0/2399932289 <== mon.0 v2:172.21.15.102:3300/0 1 ==== mon_map magic: 0 v1 ==== 229+0+0 (secure 0 0 0) 0x7f6c9400d600 con 0x7f6ca40fad90
2024-02-23T00:33:12.321 INFO:teuthology.orchestra.run.smithi102.stderr:/usr/bin/ceph:
2024-02-23T00:33:12.316+0000 7f6ca159a700 1 -- 172.21.15.102:0/2399932289 <== mon.0 v2:172.21.15.102:3300/0 2 ==== config(26 keys) v1 ==== 1045+0+0 (secure 0 0 0) 0x7f6c9400dbf0 con 0x7f6ca40fad90
2024-02-23T00:33:12.321 INFO:teuthology.orchestra.run.smithi102.stderr:/usr/bin/ceph:
2024-02-23T00:33:12.316+0000 7f6ca159a700 1 -- 172.21.15.102:0/2399932289 <== mon.0 v2:172.21.15.102:3300/0 3 ==== mon_map magic: 0 v1 ==== 229+0+0 (secure 0 0 0) 0x7f6c94011cb0 con 0x7f6ca40fad90
2024-02-23T00:33:12.321 INFO:teuthology.orchestra.run.smithi102.stderr:/usr/bin/ceph:
2024-02-23T00:33:12.316+0000 7f6ca8aac700 1 -- 172.21.15.102:0/2399932289 >> [v2:172.21.15.102:3300/0,v1:172.21.15.102:6789/0] conn(0x7f6ca40fad90 msgr2=0x7f6ca40fb1b0 secure :-1 s=STATE_CONNECTION_ESTABLISHED l=1).mark_down
2024-02-23T00:33:12.321 INFO:teuthology.orchestra.run.smithi102.stderr:/usr/bin/ceph:
2024-02-23T00:33:12.316+0000 7f6ca8aac700 1 --2- 172.21.15.102:0/2399932289 >> [v2:172.21.15.102:3300/0,v1:172.21.15.102:6789/0] conn(0x7f6ca40fad90 0x7f6ca40fb1b0 secure :-1 s=READY pgs=62 cs=0 l=1 rev1=1 rx=0x7f6c9400b5f0 tx=0x7f6c94006ee0).stop
2024-02-23T00:33:12.321 INFO:teuthology.orchestra.run.smithi102.stderr:/usr/bin/ceph:
2024-02-23T00:33:12.316+0000 7f6ca8aac700 1 -- 172.21.15.102:0/2399932289 shutdown_connections
2024-02-23T00:33:12.321 INFO:teuthology.orchestra.run.smithi102.stderr:/usr/bin/ceph:
2024-02-23T00:33:12.316+0000 7f6ca8aac700 1 --2- 172.21.15.102:0/2399932289 >> [v2:172.21.15.102:3300/0,v1:172.21.15.102:6789/0] conn(0x7f6ca40fad90 0x7f6ca40fb1b0 unknown :-1 s=CLOSED pgs=62 cs=0 l=1 rev1=1 rx=0 tx=0).stop
2024-02-23T00:33:12.321 INFO:teuthology.orchestra.run.smithi102.stderr:/usr/bin/ceph:
2024-02-23T00:33:12.316+0000 7f6ca8aac700 1 -- 172.21.15.102:0/2399932289 >> 172.21.15.102:0/2399932289 conn(0x7f6ca40f6530 msgr2=0x7f6ca40f8950 unknown :-1 s=STATE_NONE l=0).mark_down
2024-02-23T00:33:12.321 INFO:teuthology.orchestra.run.smithi102.stderr:/usr/bin/ceph:
2024-02-23T00:33:12.317+0000 7f6ca8aac700 1 -- 172.21.15.102:0/2399932289 shutdown_connections
2024-02-23T00:33:12.321 INFO:teuthology.orchestra.run.smithi102.stderr:/usr/bin/ceph:
2024-02-23T00:33:12.317+0000 7f6ca8aac700 1 -- 172.21.15.102:0/2399932289 wait complete.
2024-02-23T00:33:12.321 INFO:teuthology.orchestra.run.smithi102.stderr:/usr/bin/ceph:
2024-02-23T00:33:12.317+0000 7f6ca8aac700 1 Processor -- start
2024-02-23T00:33:12.321 INFO:teuthology.orchestra.run.smithi102.stderr:/usr/bin/ceph:
2024-02-23T00:33:12.317+0000 7f6ca8aac700 1 -- start start
2024-02-23T00:33:12.321 INFO:teuthology.orchestra.run.smithi102.stderr:/usr/bin/ceph:
2024-02-23T00:33:12.317+0000 7f6ca8aac700 1 --2- >> [v2:172.21.15.102:3300/0,v1:172.21.15.102:6789/0] conn(0x7f6ca40fad90 0x7f6ca4108970 unknown :-1 s=NONE pgs=0 cs=0 l=1 rev1=0 rx=0 tx=0).connect
2024-02-23T00:33:12.322 INFO:teuthology.orchestra.run.smithi102.stderr:/usr/bin/ceph:
2024-02-23T00:33:12.317+0000 7f6ca8aac700 1 -- --> [v2:172.21.15.102:3300/0,v1:172.21.15.102:6789/0] -- mon_getmap magic: 0 v1 -- 0x7f6ca4108e60 con 0x7f6ca40fad90
2024-02-23T00:33:12.322 INFO:teuthology.orchestra.run.smithi102.stderr:/usr/bin/ceph:
2024-02-23T00:33:12.317+0000 7f6ca259c700 1 --2- >> [v2:172.21.15.102:3300/0,v1:172.21.15.102:6789/0] conn(0x7f6ca40fad90 0x7f6ca4108970 unknown :-1 s=BANNER_CONNECTING pgs=0 cs=0 l=1 rev1=0 rx=0 tx=0)._handle_peer_banner_payload supported=1 required=0
2024-02-23T00:33:12.322 INFO:teuthology.orchestra.run.smithi102.stderr:/usr/bin/ceph:
2024-02-23T00:33:12.317+0000 7f6ca259c700 1 --2- >> [v2:172.21.15.102:3300/0,v1:172.21.15.102:6789/0] conn(0x7f6ca40fad90 0x7f6ca4108970 unknown :-1 s=HELLO_CONNECTING pgs=0 cs=0 l=1 rev1=1 rx=0 tx=0).handle_hello peer v2:172.21.15.102:3300/0 says I am v2:172.21.15.102:46882/0 (socket says 172.21.15.102:46882)
2024-02-23T00:33:12.322 INFO:teuthology.orchestra.run.smithi102.stderr:/usr/bin/ceph:
2024-02-23T00:33:12.317+0000 7f6ca259c700 1 -- 172.21.15.102:0/2023953231 learned_addr learned my addr 172.21.15.102:0/2023953231 (peer_addr_for_me v2:172.21.15.102:0/0)
2024-02-23T00:33:12.322 INFO:teuthology.orchestra.run.smithi102.stderr:/usr/bin/ceph:
2024-02-23T00:33:12.318+0000 7f6ca259c700 1 -- 172.21.15.102:0/2023953231 --> [v2:172.21.15.102:3300/0,v1:172.21.15.102:6789/0] -- mon_subscribe({config=0+,monmap=0+}) v3 -- 0x7f6c9400b200 con 0x7f6ca40fad90
2024-02-23T00:33:12.322 INFO:teuthology.orchestra.run.smithi102.stderr:/usr/bin/ceph:
2024-02-23T00:33:12.318+0000 7f6ca259c700 1 --2- 172.21.15.102:0/2023953231 >> [v2:172.21.15.102:3300/0,v1:172.21.15.102:6789/0] conn(0x7f6ca40fad90 0x7f6ca4108970 secure :-1 s=READY pgs=63 cs=0 l=1 rev1=1 rx=0x7f6c94002f40 tx=0x7f6c94006ee0).ready entity=mon.0 client_cookie=0 server_cookie=0 in_seq=0 out_seq=0
2024-02-23T00:33:12.322 INFO:teuthology.orchestra.run.smithi102.stderr:/usr/bin/ceph:
2024-02-23T00:33:12.318+0000 7f6c92ffd700 1 -- 172.21.15.102:0/2023953231 <== mon.0 v2:172.21.15.102:3300/0 1 ==== mon_map magic: 0 v1 ==== 229+0+0 (secure 0 0 0) 0x7f6c9401b410 con 0x7f6ca40fad90
2024-02-23T00:33:12.322 INFO:teuthology.orchestra.run.smithi102.stderr:/usr/bin/ceph:
2024-02-23T00:33:12.318+0000 7f6ca8aac700 1 -- 172.21.15.102:0/2023953231 --> [v2:172.21.15.102:3300/0,v1:172.21.15.102:6789/0] -- mon_subscribe({mgrmap=0+}) v3 -- 0x7f6ca4109060 con 0x7f6ca40fad90
2024-02-23T00:33:12.322 INFO:teuthology.orchestra.run.smithi102.stderr:/usr/bin/ceph:
2024-02-23T00:33:12.318+0000 7f6c92ffd700 1 -- 172.21.15.102:0/2023953231 <== mon.0 v2:172.21.15.102:3300/0 2 ==== config(26 keys) v1 ==== 1045+0+0 (secure 0 0 0) 0x7f6c9401ba00 con 0x7f6ca40fad90
2024-02-23T00:33:12.322 INFO:teuthology.orchestra.run.smithi102.stderr:/usr/bin/ceph:
2024-02-23T00:33:12.318+0000 7f6c92ffd700 1 -- 172.21.15.102:0/2023953231 <== mon.0 v2:172.21.15.102:3300/0 3 ==== mon_map magic: 0 v1 ==== 229+0+0 (secure 0 0 0) 0x7f6c9401a900 con 0x7f6ca40fad90
2024-02-23T00:33:12.322 INFO:teuthology.orchestra.run.smithi102.stderr:/usr/bin/ceph:
2024-02-23T00:33:12.318+0000 7f6ca8aac700 1 -- 172.21.15.102:0/2023953231 --> [v2:172.21.15.102:3300/0,v1:172.21.15.102:6789/0] -- mon_subscribe({osdmap=0}) v3 -- 0x7f6ca41094f0 con 0x7f6ca40fad90
2024-02-23T00:33:12.323 INFO:teuthology.orchestra.run.smithi102.stderr:/usr/bin/ceph:
2024-02-23T00:33:12.319+0000 7f6c92ffd700 1 -- 172.21.15.102:0/2023953231 <== mon.0 v2:172.21.15.102:3300/0 4 ==== mgrmap(e 12) v1 ==== 36195+0+0 (secure 0 0 0) 0x7f6c9400f070 con 0x7f6ca40fad90
2024-02-23T00:33:12.323 INFO:teuthology.orchestra.run.smithi102.stderr:/usr/bin/ceph:
2024-02-23T00:33:12.319+0000 7f6c92ffd700 1 --2- 172.21.15.102:0/2023953231 >> [v2:172.21.15.102:6800/3292090415,v1:172.21.15.102:6801/3292090415] conn(0x7f6c88032160 0x7f6c88034620 unknown :-1 s=NONE pgs=0 cs=0 l=1 rev1=0 rx=0 tx=0).connect
2024-02-23T00:33:12.323 INFO:teuthology.orchestra.run.smithi102.stderr:/usr/bin/ceph:
2024-02-23T00:33:12.319+0000 7f6ca8aac700 1 -- 172.21.15.102:0/2023953231 --> [v2:172.21.15.102:3300/0,v1:172.21.15.102:6789/0] -- mon_command({"prefix": "get_command_descriptions"} v 0) v1 -- 0x7f6ca4045ad0 con 0x7f6ca40fad90
2024-02-23T00:33:12.323 INFO:teuthology.orchestra.run.smithi102.stderr:/usr/bin/ceph:
2024-02-23T00:33:12.319+0000 7f6c92ffd700 1 -- 172.21.15.102:0/2023953231 <== mon.0 v2:172.21.15.102:3300/0 5 ==== osd_map(3..3 src has 1..3) v4 ==== 1098+0+0 (secure 0 0 0) 0x7f6c940414c0 con 0x7f6ca40fad90
2024-02-23T00:33:12.324 INFO:teuthology.orchestra.run.smithi102.stderr:/usr/bin/ceph:
2024-02-23T00:33:12.319+0000 7f6ca1d9b700 1 --2- 172.21.15.102:0/2023953231 >> [v2:172.21.15.102:6800/3292090415,v1:172.21.15.102:6801/3292090415] conn(0x7f6c88032160 0x7f6c88034620 unknown :-1 s=BANNER_CONNECTING pgs=0 cs=0 l=1 rev1=0 rx=0 tx=0)._handle_peer_banner_payload supported=1 required=0
2024-02-23T00:33:12.324 INFO:teuthology.orchestra.run.smithi102.stderr:/usr/bin/ceph:
2024-02-23T00:33:12.320+0000 7f6ca1d9b700 1 --2- 172.21.15.102:0/2023953231 >> [v2:172.21.15.102:6800/3292090415,v1:172.21.15.102:6801/3292090415] conn(0x7f6c88032160 0x7f6c88034620 secure :-1 s=READY pgs=9 cs=0 l=1 rev1=1 rx=0x7f6c980096a0 tx=0x7f6c98006b40).ready entity=mgr.14142 client_cookie=0 server_cookie=0 in_seq=0 out_seq=0
2024-02-23T00:33:12.325 INFO:teuthology.orchestra.run.smithi102.stderr:/usr/bin/ceph:
2024-02-23T00:33:12.323+0000 7f6c92ffd700 1 -- 172.21.15.102:0/2023953231 <== mon.0 v2:172.21.15.102:3300/0 6 ==== mon_command_ack([{"prefix": "get_command_descriptions"}]=0 v0) v1 ==== 72+0+152212 (secure 0 0 0) 0x7f6c94016070 con 0x7f6ca40fad90
2024-02-23T00:33:12.473 INFO:teuthology.orchestra.run.smithi102.stderr:/usr/bin/ceph:
2024-02-23T00:33:12.471+0000 7f6ca8aac700 1 -- 172.21.15.102:0/2023953231 --> [v2:172.21.15.102:3300/0,v1:172.21.15.102:6789/0] -- mon_command([{prefix=config set, name=mgr/cephadm/container_init}] v 0) v1 -- 0x7f6ca40fcae0 con 0x7f6ca40fad90
2024-02-23T00:33:12.475 INFO:teuthology.orchestra.run.smithi102.stderr:/usr/bin/ceph:
2024-02-23T00:33:12.474+0000 7f6c92ffd700 1 -- 172.21.15.102:0/2023953231 <== mon.0 v2:172.21.15.102:3300/0 7 ==== mon_command_ack([{prefix=config set, name=mgr/cephadm/container_init}]=0 v8)=0 v8) v1 ==== 142+0+0 (secure 0 0 0) 0x7f6c94022a50 con 0x7f6ca40fad90
2024-02-23T00:33:12.478 INFO:journalctl@ceph.mon.smithi102.smithi102.stdout:Feb 23 00:33:12 smithi102 ceph-ec7eeef6-d1e2-11ee-95c0-87774f69a715-mon.smithi102[38165]: audit
2024-02-23T00:33:11.215070+0000 mgr.smithi102.zuhlty (mgr.14142) 7 : audit [DBG] from='client.14154 -' entity='client.admin' cmd=[{"prefix": "orch apply", "service_type": "alertmanager", "target": ["mon-mgr", ""]}]: dispatch
2024-02-23T00:33:12.478 INFO:journalctl@ceph.mon.smithi102.smithi102.stdout:Feb 23 00:33:12 smithi102 ceph-ec7eeef6-d1e2-11ee-95c0-87774f69a715-mon.smithi102[38165]: cephadm
2024-02-23T00:33:11.215634+0000 mgr.smithi102.zuhlty (mgr.14142) 8 : cephadm [INF] Saving service alertmanager spec with placement count:1
2024-02-23T00:33:12.478 INFO:journalctl@ceph.mon.smithi102.smithi102.stdout:Feb 23 00:33:12 smithi102 ceph-ec7eeef6-d1e2-11ee-95c0-87774f69a715-mon.smithi102[38165]: audit
2024-02-23T00:33:11.217849+0000 mon.smithi102 (mon.0) 81 : audit [INF] from='mgr.14142 172.21.15.102:0/1557324369' entity='mgr.smithi102.zuhlty'
2024-02-23T00:33:12.479 INFO:teuthology.orchestra.run.smithi102.stderr:/usr/bin/ceph:
2024-02-23T00:33:12.476+0000 7f6ca8aac700 1 -- 172.21.15.102:0/2023953231 >> [v2:172.21.15.102:6800/3292090415,v1:172.21.15.102:6801/3292090415] conn(0x7f6c88032160 msgr2=0x7f6c88034620 secure :-1 s=STATE_CONNECTION_ESTABLISHED l=1).mark_down
2024-02-23T00:33:12.479 INFO:teuthology.orchestra.run.smithi102.stderr:/usr/bin/ceph:
2024-02-23T00:33:12.476+0000 7f6ca8aac700 1 --2- 172.21.15.102:0/2023953231 >> [v2:172.21.15.102:6800/3292090415,v1:172.21.15.102:6801/3292090415] conn(0x7f6c88032160 0x7f6c88034620 secure :-1 s=READY pgs=9 cs=0 l=1 rev1=1 rx=0x7f6c980096a0 tx=0x7f6c98006b40).stop
2024-02-23T00:33:12.479 INFO:teuthology.orchestra.run.smithi102.stderr:/usr/bin/ceph:
2024-02-23T00:33:12.476+0000 7f6ca8aac700 1 -- 172.21.15.102:0/2023953231 >> [v2:172.21.15.102:3300/0,v1:172.21.15.102:6789/0] conn(0x7f6ca40fad90 msgr2=0x7f6ca4108970 secure :-1 s=STATE_CONNECTION_ESTABLISHED l=1).mark_down
2024-02-23T00:33:12.479 INFO:teuthology.orchestra.run.smithi102.stderr:/usr/bin/ceph:
2024-02-23T00:33:12.476+0000 7f6ca8aac700 1 --2- 172.21.15.102:0/2023953231 >> [v2:172.21.15.102:3300/0,v1:172.21.15.102:6789/0] conn(0x7f6ca40fad90 0x7f6ca4108970 secure :-1 s=READY pgs=63 cs=0 l=1 rev1=1 rx=0x7f6c94002f40 tx=0x7f6c94006ee0).stop
2024-02-23T00:33:12.479 INFO:teuthology.orchestra.run.smithi102.stderr:/usr/bin/ceph:
2024-02-23T00:33:12.476+0000 7f6ca8aac700 1 -- 172.21.15.102:0/2023953231 shutdown_connections
2024-02-23T00:33:12.479 INFO:teuthology.orchestra.run.smithi102.stderr:/usr/bin/ceph:
2024-02-23T00:33:12.476+0000 7f6ca8aac700 1 --2- 172.21.15.102:0/2023953231 >> [v2:172.21.15.102:6800/3292090415,v1:172.21.15.102:6801/3292090415] conn(0x7f6c88032160 0x7f6c88034620 unknown :-1 s=CLOSED pgs=9 cs=0 l=1 rev1=1 rx=0 tx=0).stop
2024-02-23T00:33:12.479 INFO:teuthology.orchestra.run.smithi102.stderr:/usr/bin/ceph:
2024-02-23T00:33:12.476+0000 7f6ca8aac700 1 --2- 172.21.15.102:0/2023953231 >> [v2:172.21.15.102:3300/0,v1:172.21.15.102:6789/0] conn(0x7f6ca40fad90 0x7f6ca4108970 unknown :-1 s=CLOSED pgs=63 cs=0 l=1 rev1=1 rx=0 tx=0).stop
2024-02-23T00:33:12.479 INFO:teuthology.orchestra.run.smithi102.stderr:/usr/bin/ceph:
2024-02-23T00:33:12.476+0000 7f6ca8aac700 1 -- 172.21.15.102:0/2023953231 >> 172.21.15.102:0/2023953231 conn(0x7f6ca40f6530 msgr2=0x7f6ca40ff9e0 unknown :-1 s=STATE_NONE l=0).mark_down
2024-02-23T00:33:12.479 INFO:teuthology.orchestra.run.smithi102.stderr:/usr/bin/ceph:
2024-02-23T00:33:12.476+0000 7f6ca8aac700 1 -- 172.21.15.102:0/2023953231 shutdown_connections
2024-02-23T00:33:12.479 INFO:teuthology.orchestra.run.smithi102.stderr:/usr/bin/ceph:
2024-02-23T00:33:12.476+0000 7f6ca8aac700 1 -- 172.21.15.102:0/2023953231 wait complete.
2024-02-23T00:33:13.030 INFO:teuthology.orchestra.run.smithi102.stderr:Running command: /bin/podman run --rm --ipc=host --no-hosts --net=host --entrypoint /usr/bin/ceph --init -e CONTAINER_IMAGE=docker.io/ceph/ceph:v16.2.4 -e NODE_NAME=smithi102 -e CEPH_USE_RANDOM_NONCE=1 -v /var/log/ceph/ec7eeef6-d1e2-11ee-95c0-87774f69a715:/var/log/ceph:z -v /tmp/ceph-tmpspcki26t:/etc/ceph/ceph.client.admin.keyring:z -v /tmp/ceph-tmp8g4l5jfz:/etc/ceph/ceph.conf:z docker.io/ceph/ceph:v16.2.4 config set mgr mgr/dashboard/ssl_server_port 8443
2024-02-23T00:33:13.588 INFO:teuthology.orchestra.run.smithi102.stderr:/usr/bin/ceph:
2024-02-23T00:33:13.583+0000 7fa1cc181700 1 Processor -- start
2024-02-23T00:33:13.589 INFO:teuthology.orchestra.run.smithi102.stderr:/usr/bin/ceph:
2024-02-23T00:33:13.583+0000 7fa1cc181700 1 -- start start
2024-02-23T00:33:13.589 INFO:teuthology.orchestra.run.smithi102.stderr:/usr/bin/ceph:
2024-02-23T00:33:13.583+0000 7fa1cc181700 1 --2- >> [v2:172.21.15.102:3300/0,v1:172.21.15.102:6789/0] conn(0x7fa1c40fad90 0x7fa1c40fb1b0 unknown :-1 s=NONE pgs=0 cs=0 l=0 rev1=0 rx=0 tx=0).connect
2024-02-23T00:33:13.589 INFO:teuthology.orchestra.run.smithi102.stderr:/usr/bin/ceph:
2024-02-23T00:33:13.583+0000 7fa1cc181700 1 -- --> [v2:172.21.15.102:3300/0,v1:172.21.15.102:6789/0] -- mon_getmap magic: 0 v1 -- 0x7fa1c40fb6a0 con 0x7fa1c40fad90
2024-02-23T00:33:13.589 INFO:teuthology.orchestra.run.smithi102.stderr:/usr/bin/ceph:
2024-02-23T00:33:13.584+0000 7fa1c9f1d700 1 --2- >> [v2:172.21.15.102:3300/0,v1:172.21.15.102:6789/0] conn(0x7fa1c40fad90 0x7fa1c40fb1b0 unknown :-1 s=BANNER_CONNECTING pgs=0 cs=0 l=0 rev1=0 rx=0 tx=0)._handle_peer_banner_payload supported=1 required=0
2024-02-23T00:33:13.589 INFO:teuthology.orchestra.run.smithi102.stderr:/usr/bin/ceph:
2024-02-23T00:33:13.584+0000 7fa1c9f1d700 1 --2- >> [v2:172.21.15.102:3300/0,v1:172.21.15.102:6789/0] conn(0x7fa1c40fad90 0x7fa1c40fb1b0 unknown :-1 s=HELLO_CONNECTING pgs=0 cs=0 l=0 rev1=1 rx=0 tx=0).handle_hello peer v2:172.21.15.102:3300/0 says I am v2:172.21.15.102:46890/0 (socket says 172.21.15.102:46890)
2024-02-23T00:33:13.589 INFO:teuthology.orchestra.run.smithi102.stderr:/usr/bin/ceph:
2024-02-23T00:33:13.584+0000 7fa1c9f1d700 1 -- 172.21.15.102:0/237272988 learned_addr learned my addr 172.21.15.102:0/237272988 (peer_addr_for_me v2:172.21.15.102:0/0)
2024-02-23T00:33:13.589 INFO:teuthology.orchestra.run.smithi102.stderr:/usr/bin/ceph:
2024-02-23T00:33:13.584+0000 7fa1c9f1d700 1 -- 172.21.15.102:0/237272988 --> [v2:172.21.15.102:3300/0,v1:172.21.15.102:6789/0] -- mon_subscribe({config=0+,monmap=0+}) v3 -- 0x7fa1c40fb7e0 con 0x7fa1c40fad90
2024-02-23T00:33:13.589 INFO:teuthology.orchestra.run.smithi102.stderr:/usr/bin/ceph:
2024-02-23T00:33:13.584+0000 7fa1c9f1d700 1 --2- 172.21.15.102:0/237272988 >> [v2:172.21.15.102:3300/0,v1:172.21.15.102:6789/0] conn(0x7fa1c40fad90 0x7fa1c40fb1b0 secure :-1 s=READY pgs=64 cs=0 l=1 rev1=1 rx=0x7fa1c000b870 tx=0x7fa1c0006f70).ready entity=mon.0 client_cookie=57396296140aa16d server_cookie=0 in_seq=0 out_seq=0
2024-02-23T00:33:13.589 INFO:teuthology.orchestra.run.smithi102.stderr:/usr/bin/ceph:
2024-02-23T00:33:13.584+0000 7fa1c8f1b700 1 -- 172.21.15.102:0/237272988 <== mon.0 v2:172.21.15.102:3300/0 1 ==== mon_map magic: 0 v1 ==== 229+0+0 (secure 0 0 0) 0x7fa1c000da20 con 0x7fa1c40fad90
2024-02-23T00:33:13.589 INFO:teuthology.orchestra.run.smithi102.stderr:/usr/bin/ceph:
2024-02-23T00:33:13.584+0000 7fa1c8f1b700 1 -- 172.21.15.102:0/237272988 <== mon.0 v2:172.21.15.102:3300/0 2 ==== config(26 keys) v1 ==== 1045+0+0 (secure 0 0 0) 0x7fa1c0010470 con 0x7fa1c40fad90
2024-02-23T00:33:13.589 INFO:teuthology.orchestra.run.smithi102.stderr:/usr/bin/ceph:
2024-02-23T00:33:13.584+0000 7fa1c8f1b700 1 -- 172.21.15.102:0/237272988 <== mon.0 v2:172.21.15.102:3300/0 3 ==== mon_map magic: 0 v1 ==== 229+0+0 (secure 0 0 0) 0x7fa1c000f5b0 con 0x7fa1c40fad90
2024-02-23T00:33:13.589 INFO:teuthology.orchestra.run.smithi102.stderr:/usr/bin/ceph:
2024-02-23T00:33:13.585+0000 7fa1cc181700 1 -- 172.21.15.102:0/237272988 >> [v2:172.21.15.102:3300/0,v1:172.21.15.102:6789/0] conn(0x7fa1c40fad90 msgr2=0x7fa1c40fb1b0 secure :-1 s=STATE_CONNECTION_ESTABLISHED l=1).mark_down
2024-02-23T00:33:13.589 INFO:teuthology.orchestra.run.smithi102.stderr:/usr/bin/ceph:
2024-02-23T00:33:13.585+0000 7fa1cc181700 1 --2- 172.21.15.102:0/237272988 >> [v2:172.21.15.102:3300/0,v1:172.21.15.102:6789/0] conn(0x7fa1c40fad90 0x7fa1c40fb1b0 secure :-1 s=READY pgs=64 cs=0 l=1 rev1=1 rx=0x7fa1c000b870 tx=0x7fa1c0006f70).stop
2024-02-23T00:33:13.590 INFO:teuthology.orchestra.run.smithi102.stderr:/usr/bin/ceph:
2024-02-23T00:33:13.585+0000 7fa1cc181700 1 -- 172.21.15.102:0/237272988 shutdown_connections
2024-02-23T00:33:13.590 INFO:teuthology.orchestra.run.smithi102.stderr:/usr/bin/ceph:
2024-02-23T00:33:13.585+0000 7fa1cc181700 1 --2- 172.21.15.102:0/237272988 >> [v2:172.21.15.102:3300/0,v1:172.21.15.102:6789/0] conn(0x7fa1c40fad90 0x7fa1c40fb1b0 unknown :-1 s=CLOSED pgs=64 cs=0 l=1 rev1=1 rx=0 tx=0).stop
2024-02-23T00:33:13.590 INFO:teuthology.orchestra.run.smithi102.stderr:/usr/bin/ceph:
2024-02-23T00:33:13.585+0000 7fa1cc181700 1 -- 172.21.15.102:0/237272988 >> 172.21.15.102:0/237272988 conn(0x7fa1c40f6530 msgr2=0x7fa1c40f8950 unknown :-1 s=STATE_NONE l=0).mark_down
2024-02-23T00:33:13.590 INFO:teuthology.orchestra.run.smithi102.stderr:/usr/bin/ceph:
2024-02-23T00:33:13.585+0000 7fa1cc181700 1 -- 172.21.15.102:0/237272988 shutdown_connections
2024-02-23T00:33:13.590 INFO:teuthology.orchestra.run.smithi102.stderr:/usr/bin/ceph:
2024-02-23T00:33:13.585+0000 7fa1cc181700 1 -- 172.21.15.102:0/237272988 wait complete.
2024-02-23T00:33:13.590 INFO:teuthology.orchestra.run.smithi102.stderr:/usr/bin/ceph:
2024-02-23T00:33:13.585+0000 7fa1cc181700 1 Processor -- start
2024-02-23T00:33:13.590 INFO:teuthology.orchestra.run.smithi102.stderr:/usr/bin/ceph:
2024-02-23T00:33:13.586+0000 7fa1cc181700 1 -- start start
2024-02-23T00:33:13.590 INFO:teuthology.orchestra.run.smithi102.stderr:/usr/bin/ceph:
2024-02-23T00:33:13.586+0000 7fa1cc181700 1 --2- >> [v2:172.21.15.102:3300/0,v1:172.21.15.102:6789/0] conn(0x7fa1c40fad90 0x7fa1c4108900 unknown :-1 s=NONE pgs=0 cs=0 l=1 rev1=0 rx=0 tx=0).connect
2024-02-23T00:33:13.590 INFO:teuthology.orchestra.run.smithi102.stderr:/usr/bin/ceph:
2024-02-23T00:33:13.586+0000 7fa1cc181700 1 -- --> [v2:172.21.15.102:3300/0,v1:172.21.15.102:6789/0] -- mon_getmap magic: 0 v1 -- 0x7fa1c4108df0 con 0x7fa1c40fad90
2024-02-23T00:33:13.590 INFO:teuthology.orchestra.run.smithi102.stderr:/usr/bin/ceph:
2024-02-23T00:33:13.586+0000 7fa1c9f1d700 1 --2- >> [v2:172.21.15.102:3300/0,v1:172.21.15.102:6789/0] conn(0x7fa1c40fad90 0x7fa1c4108900 unknown :-1 s=BANNER_CONNECTING pgs=0 cs=0 l=1 rev1=0 rx=0 tx=0)._handle_peer_banner_payload supported=1 required=0
2024-02-23T00:33:13.590 INFO:teuthology.orchestra.run.smithi102.stderr:/usr/bin/ceph:
2024-02-23T00:33:13.586+0000 7fa1c9f1d700 1 --2- >> [v2:172.21.15.102:3300/0,v1:172.21.15.102:6789/0] conn(0x7fa1c40fad90 0x7fa1c4108900 unknown :-1 s=HELLO_CONNECTING pgs=0 cs=0 l=1 rev1=1 rx=0 tx=0).handle_hello peer v2:172.21.15.102:3300/0 says I am v2:172.21.15.102:46900/0 (socket says 172.21.15.102:46900)
2024-02-23T00:33:13.590 INFO:teuthology.orchestra.run.smithi102.stderr:/usr/bin/ceph:
