2024-02-23T00:33:13.586+0000 7fa1c9f1d700 1 -- 172.21.15.102:0/2125718977 learned_addr learned my addr 172.21.15.102:0/2125718977 (peer_addr_for_me v2:172.21.15.102:0/0)
2024-02-23T00:33:13.590 INFO:teuthology.orchestra.run.smithi102.stderr:/usr/bin/ceph:
2024-02-23T00:33:13.586+0000 7fa1c9f1d700 1 -- 172.21.15.102:0/2125718977 --> [v2:172.21.15.102:3300/0,v1:172.21.15.102:6789/0] -- mon_subscribe({config=0+,monmap=0+}) v3 -- 0x7fa1c000b480 con 0x7fa1c40fad90
2024-02-23T00:33:13.590 INFO:teuthology.orchestra.run.smithi102.stderr:/usr/bin/ceph:
2024-02-23T00:33:13.586+0000 7fa1c9f1d700 1 --2- 172.21.15.102:0/2125718977 >> [v2:172.21.15.102:3300/0,v1:172.21.15.102:6789/0] conn(0x7fa1c40fad90 0x7fa1c4108900 secure :-1 s=READY pgs=65 cs=0 l=1 rev1=1 rx=0x7fa1c0006800 tx=0x7fa1c0006f70).ready entity=mon.0 client_cookie=0 server_cookie=0 in_seq=0 out_seq=0
2024-02-23T00:33:13.591 INFO:teuthology.orchestra.run.smithi102.stderr:/usr/bin/ceph:
2024-02-23T00:33:13.586+0000 7fa1b27fc700 1 -- 172.21.15.102:0/2125718977 <== mon.0 v2:172.21.15.102:3300/0 1 ==== mon_map magic: 0 v1 ==== 229+0+0 (secure 0 0 0) 0x7fa1c000f3d0 con 0x7fa1c40fad90
2024-02-23T00:33:13.591 INFO:teuthology.orchestra.run.smithi102.stderr:/usr/bin/ceph:
2024-02-23T00:33:13.586+0000 7fa1b27fc700 1 -- 172.21.15.102:0/2125718977 <== mon.0 v2:172.21.15.102:3300/0 2 ==== config(26 keys) v1 ==== 1045+0+0 (secure 0 0 0) 0x7fa1c000fd00 con 0x7fa1c40fad90
2024-02-23T00:33:13.591 INFO:teuthology.orchestra.run.smithi102.stderr:/usr/bin/ceph:
2024-02-23T00:33:13.586+0000 7fa1cc181700 1 -- 172.21.15.102:0/2125718977 --> [v2:172.21.15.102:3300/0,v1:172.21.15.102:6789/0] -- mon_subscribe({mgrmap=0+}) v3 -- 0x7fa1c4108ff0 con 0x7fa1c40fad90
2024-02-23T00:33:13.591 INFO:teuthology.orchestra.run.smithi102.stderr:/usr/bin/ceph:
2024-02-23T00:33:13.586+0000 7fa1b27fc700 1 -- 172.21.15.102:0/2125718977 <== mon.0 v2:172.21.15.102:3300/0 3 ==== mon_map magic: 0 v1 ==== 229+0+0 (secure 0 0 0) 0x7fa1c0019d00 con 0x7fa1c40fad90
2024-02-23T00:33:13.591 INFO:teuthology.orchestra.run.smithi102.stderr:/usr/bin/ceph:
2024-02-23T00:33:13.586+0000 7fa1cc181700 1 -- 172.21.15.102:0/2125718977 --> [v2:172.21.15.102:3300/0,v1:172.21.15.102:6789/0] -- mon_subscribe({osdmap=0}) v3 -- 0x7fa1c4109480 con 0x7fa1c40fad90
2024-02-23T00:33:13.592 INFO:teuthology.orchestra.run.smithi102.stderr:/usr/bin/ceph:
2024-02-23T00:33:13.587+0000 7fa1cc181700 1 -- 172.21.15.102:0/2125718977 --> [v2:172.21.15.102:3300/0,v1:172.21.15.102:6789/0] -- mon_command({"prefix": "get_command_descriptions"} v 0) v1 -- 0x7fa1c4045ad0 con 0x7fa1c40fad90
2024-02-23T00:33:13.592 INFO:teuthology.orchestra.run.smithi102.stderr:/usr/bin/ceph:
2024-02-23T00:33:13.588+0000 7fa1b27fc700 1 -- 172.21.15.102:0/2125718977 <== mon.0 v2:172.21.15.102:3300/0 4 ==== mgrmap(e 12) v1 ==== 36195+0+0 (secure 0 0 0) 0x7fa1c0016030 con 0x7fa1c40fad90
2024-02-23T00:33:13.592 INFO:teuthology.orchestra.run.smithi102.stderr:/usr/bin/ceph:
2024-02-23T00:33:13.588+0000 7fa1b27fc700 1 --2- 172.21.15.102:0/2125718977 >> [v2:172.21.15.102:6800/3292090415,v1:172.21.15.102:6801/3292090415] conn(0x7fa1ac02ff20 0x7fa1ac0323e0 unknown :-1 s=NONE pgs=0 cs=0 l=1 rev1=0 rx=0 tx=0).connect
2024-02-23T00:33:13.592 INFO:teuthology.orchestra.run.smithi102.stderr:/usr/bin/ceph:
2024-02-23T00:33:13.588+0000 7fa1b27fc700 1 -- 172.21.15.102:0/2125718977 <== mon.0 v2:172.21.15.102:3300/0 5 ==== osd_map(3..3 src has 1..3) v4 ==== 1098+0+0 (secure 0 0 0) 0x7fa1c00440d0 con 0x7fa1c40fad90
2024-02-23T00:33:13.592 INFO:teuthology.orchestra.run.smithi102.stderr:/usr/bin/ceph:
2024-02-23T00:33:13.588+0000 7fa1c971c700 1 --2- 172.21.15.102:0/2125718977 >> [v2:172.21.15.102:6800/3292090415,v1:172.21.15.102:6801/3292090415] conn(0x7fa1ac02ff20 0x7fa1ac0323e0 unknown :-1 s=BANNER_CONNECTING pgs=0 cs=0 l=1 rev1=0 rx=0 tx=0)._handle_peer_banner_payload supported=1 required=0
2024-02-23T00:33:13.592 INFO:teuthology.orchestra.run.smithi102.stderr:/usr/bin/ceph:
2024-02-23T00:33:13.588+0000 7fa1c971c700 1 --2- 172.21.15.102:0/2125718977 >> [v2:172.21.15.102:6800/3292090415,v1:172.21.15.102:6801/3292090415] conn(0x7fa1ac02ff20 0x7fa1ac0323e0 secure :-1 s=READY pgs=10 cs=0 l=1 rev1=1 rx=0x7fa1b40096a0 tx=0x7fa1b4006b40).ready entity=mgr.14142 client_cookie=0 server_cookie=0 in_seq=0 out_seq=0
2024-02-23T00:33:13.593 INFO:teuthology.orchestra.run.smithi102.stderr:/usr/bin/ceph:
2024-02-23T00:33:13.592+0000 7fa1b27fc700 1 -- 172.21.15.102:0/2125718977 <== mon.0 v2:172.21.15.102:3300/0 6 ==== mon_command_ack([{"prefix": "get_command_descriptions"}]=0 v0) v1 ==== 72+0+152212 (secure 0 0 0) 0x7fa1c000fe70 con 0x7fa1c40fad90
2024-02-23T00:33:13.728 INFO:journalctl@ceph.mon.smithi102.smithi102.stdout:Feb 23 00:33:13 smithi102 ceph-ec7eeef6-d1e2-11ee-95c0-87774f69a715-mon.smithi102[38165]: audit
2024-02-23T00:33:12.475400+0000 mon.smithi102 (mon.0) 82 : audit [INF] from='client.? 172.21.15.102:0/2023953231' entity='client.admin'
2024-02-23T00:33:13.746 INFO:teuthology.orchestra.run.smithi102.stderr:/usr/bin/ceph:
2024-02-23T00:33:13.744+0000 7fa1cc181700 1 -- 172.21.15.102:0/2125718977 --> [v2:172.21.15.102:3300/0,v1:172.21.15.102:6789/0] -- mon_command([{prefix=config set, name=mgr/dashboard/ssl_server_port}] v 0) v1 -- 0x7fa1c40fcae0 con 0x7fa1c40fad90
2024-02-23T00:33:13.748 INFO:teuthology.orchestra.run.smithi102.stderr:/usr/bin/ceph:
2024-02-23T00:33:13.747+0000 7fa1b27fc700 1 -- 172.21.15.102:0/2125718977 <== mon.0 v2:172.21.15.102:3300/0 7 ==== mon_command_ack([{prefix=config set, name=mgr/dashboard/ssl_server_port}]=0 v9)=0 v9) v1 ==== 130+0+0 (secure 0 0 0) 0x7fa1c0014020 con 0x7fa1c40fad90
2024-02-23T00:33:13.751 INFO:teuthology.orchestra.run.smithi102.stderr:/usr/bin/ceph:
2024-02-23T00:33:13.749+0000 7fa1cc181700 1 -- 172.21.15.102:0/2125718977 >> [v2:172.21.15.102:6800/3292090415,v1:172.21.15.102:6801/3292090415] conn(0x7fa1ac02ff20 msgr2=0x7fa1ac0323e0 secure :-1 s=STATE_CONNECTION_ESTABLISHED l=1).mark_down
2024-02-23T00:33:13.752 INFO:teuthology.orchestra.run.smithi102.stderr:/usr/bin/ceph:
2024-02-23T00:33:13.749+0000 7fa1cc181700 1 --2- 172.21.15.102:0/2125718977 >> [v2:172.21.15.102:6800/3292090415,v1:172.21.15.102:6801/3292090415] conn(0x7fa1ac02ff20 0x7fa1ac0323e0 secure :-1 s=READY pgs=10 cs=0 l=1 rev1=1 rx=0x7fa1b40096a0 tx=0x7fa1b4006b40).stop
2024-02-23T00:33:13.752 INFO:teuthology.orchestra.run.smithi102.stderr:/usr/bin/ceph:
2024-02-23T00:33:13.749+0000 7fa1cc181700 1 -- 172.21.15.102:0/2125718977 >> [v2:172.21.15.102:3300/0,v1:172.21.15.102:6789/0] conn(0x7fa1c40fad90 msgr2=0x7fa1c4108900 secure :-1 s=STATE_CONNECTION_ESTABLISHED l=1).mark_down
2024-02-23T00:33:13.752 INFO:teuthology.orchestra.run.smithi102.stderr:/usr/bin/ceph:
2024-02-23T00:33:13.749+0000 7fa1cc181700 1 --2- 172.21.15.102:0/2125718977 >> [v2:172.21.15.102:3300/0,v1:172.21.15.102:6789/0] conn(0x7fa1c40fad90 0x7fa1c4108900 secure :-1 s=READY pgs=65 cs=0 l=1 rev1=1 rx=0x7fa1c0006800 tx=0x7fa1c0006f70).stop
2024-02-23T00:33:13.752 INFO:teuthology.orchestra.run.smithi102.stderr:/usr/bin/ceph:
2024-02-23T00:33:13.749+0000 7fa1cc181700 1 -- 172.21.15.102:0/2125718977 shutdown_connections
2024-02-23T00:33:13.752 INFO:teuthology.orchestra.run.smithi102.stderr:/usr/bin/ceph:
2024-02-23T00:33:13.749+0000 7fa1cc181700 1 --2- 172.21.15.102:0/2125718977 >> [v2:172.21.15.102:6800/3292090415,v1:172.21.15.102:6801/3292090415] conn(0x7fa1ac02ff20 0x7fa1ac0323e0 unknown :-1 s=CLOSED pgs=10 cs=0 l=1 rev1=1 rx=0 tx=0).stop
2024-02-23T00:33:13.752 INFO:teuthology.orchestra.run.smithi102.stderr:/usr/bin/ceph:
2024-02-23T00:33:13.749+0000 7fa1cc181700 1 --2- 172.21.15.102:0/2125718977 >> [v2:172.21.15.102:3300/0,v1:172.21.15.102:6789/0] conn(0x7fa1c40fad90 0x7fa1c4108900 unknown :-1 s=CLOSED pgs=65 cs=0 l=1 rev1=1 rx=0 tx=0).stop
2024-02-23T00:33:13.752 INFO:teuthology.orchestra.run.smithi102.stderr:/usr/bin/ceph:
2024-02-23T00:33:13.749+0000 7fa1cc181700 1 -- 172.21.15.102:0/2125718977 >> 172.21.15.102:0/2125718977 conn(0x7fa1c40f6530 msgr2=0x7fa1c40ff9e0 unknown :-1 s=STATE_NONE l=0).mark_down
2024-02-23T00:33:13.752 INFO:teuthology.orchestra.run.smithi102.stderr:/usr/bin/ceph:
2024-02-23T00:33:13.749+0000 7fa1cc181700 1 -- 172.21.15.102:0/2125718977 shutdown_connections
2024-02-23T00:33:13.752 INFO:teuthology.orchestra.run.smithi102.stderr:/usr/bin/ceph:
2024-02-23T00:33:13.749+0000 7fa1cc181700 1 -- 172.21.15.102:0/2125718977 wait complete.
2024-02-23T00:33:14.548 INFO:teuthology.orchestra.run.smithi102.stderr:Enabling the dashboard module...
2024-02-23T00:33:14.548 INFO:teuthology.orchestra.run.smithi102.stderr:Running command: /bin/podman run --rm --ipc=host --no-hosts --net=host --entrypoint /usr/bin/ceph --init -e CONTAINER_IMAGE=docker.io/ceph/ceph:v16.2.4 -e NODE_NAME=smithi102 -e CEPH_USE_RANDOM_NONCE=1 -v /var/log/ceph/ec7eeef6-d1e2-11ee-95c0-87774f69a715:/var/log/ceph:z -v /tmp/ceph-tmpspcki26t:/etc/ceph/ceph.client.admin.keyring:z -v /tmp/ceph-tmp8g4l5jfz:/etc/ceph/ceph.conf:z docker.io/ceph/ceph:v16.2.4 mgr module enable dashboard
2024-02-23T00:33:14.809 INFO:journalctl@ceph.mon.smithi102.smithi102.stdout:Feb 23 00:33:14 smithi102 ceph-ec7eeef6-d1e2-11ee-95c0-87774f69a715-mon.smithi102[38165]: audit
2024-02-23T00:33:13.748433+0000 mon.smithi102 (mon.0) 83 : audit [INF] from='client.? 172.21.15.102:0/2125718977' entity='client.admin'
2024-02-23T00:33:16.092 INFO:teuthology.orchestra.run.smithi102.stderr:/usr/bin/ceph:
2024-02-23T00:33:15.239+0000 7f3822a95700 1 Processor -- start
2024-02-23T00:33:16.092 INFO:teuthology.orchestra.run.smithi102.stderr:/usr/bin/ceph:
2024-02-23T00:33:15.240+0000 7f3822a95700 1 -- start start
2024-02-23T00:33:16.092 INFO:teuthology.orchestra.run.smithi102.stderr:/usr/bin/ceph:
2024-02-23T00:33:15.240+0000 7f3822a95700 1 --2- >> [v2:172.21.15.102:3300/0,v1:172.21.15.102:6789/0] conn(0x7f381c0703f0 0x7f381c100cd0 unknown :-1 s=NONE pgs=0 cs=0 l=0 rev1=0 rx=0 tx=0).connect
2024-02-23T00:33:16.092 INFO:teuthology.orchestra.run.smithi102.stderr:/usr/bin/ceph:
2024-02-23T00:33:15.240+0000 7f3822a95700 1 -- --> [v2:172.21.15.102:3300/0,v1:172.21.15.102:6789/0] -- mon_getmap magic: 0 v1 -- 0x7f381c0fc6c0 con 0x7f381c0703f0
2024-02-23T00:33:16.093 INFO:teuthology.orchestra.run.smithi102.stderr:/usr/bin/ceph:
2024-02-23T00:33:15.240+0000 7f3821a93700 1 --2- >> [v2:172.21.15.102:3300/0,v1:172.21.15.102:6789/0] conn(0x7f381c0703f0 0x7f381c100cd0 unknown :-1 s=BANNER_CONNECTING pgs=0 cs=0 l=0 rev1=0 rx=0 tx=0)._handle_peer_banner_payload supported=1 required=0
2024-02-23T00:33:16.093 INFO:teuthology.orchestra.run.smithi102.stderr:/usr/bin/ceph:
2024-02-23T00:33:15.240+0000 7f3821a93700 1 --2- >> [v2:172.21.15.102:3300/0,v1:172.21.15.102:6789/0] conn(0x7f381c0703f0 0x7f381c100cd0 unknown :-1 s=HELLO_CONNECTING pgs=0 cs=0 l=0 rev1=1 rx=0 tx=0).handle_hello peer v2:172.21.15.102:3300/0 says I am v2:172.21.15.102:46906/0 (socket says 172.21.15.102:46906)
2024-02-23T00:33:16.093 INFO:teuthology.orchestra.run.smithi102.stderr:/usr/bin/ceph:
2024-02-23T00:33:15.240+0000 7f3821a93700 1 -- 172.21.15.102:0/3586590944 learned_addr learned my addr 172.21.15.102:0/3586590944 (peer_addr_for_me v2:172.21.15.102:0/0)
2024-02-23T00:33:16.093 INFO:teuthology.orchestra.run.smithi102.stderr:/usr/bin/ceph:
2024-02-23T00:33:15.240+0000 7f3821a93700 1 -- 172.21.15.102:0/3586590944 --> [v2:172.21.15.102:3300/0,v1:172.21.15.102:6789/0] -- mon_subscribe({config=0+,monmap=0+}) v3 -- 0x7f381c1011c0 con 0x7f381c0703f0
2024-02-23T00:33:16.093 INFO:teuthology.orchestra.run.smithi102.stderr:/usr/bin/ceph:
2024-02-23T00:33:15.240+0000 7f3821a93700 1 --2- 172.21.15.102:0/3586590944 >> [v2:172.21.15.102:3300/0,v1:172.21.15.102:6789/0] conn(0x7f381c0703f0 0x7f381c100cd0 secure :-1 s=READY pgs=66 cs=0 l=1 rev1=1 rx=0x7f381800b5f0 tx=0x7f3818006ee0).ready entity=mon.0 client_cookie=effdd05c4101588c server_cookie=0 in_seq=0 out_seq=0
2024-02-23T00:33:16.093 INFO:teuthology.orchestra.run.smithi102.stderr:/usr/bin/ceph:
2024-02-23T00:33:15.240+0000 7f3820a91700 1 -- 172.21.15.102:0/3586590944 <== mon.0 v2:172.21.15.102:3300/0 1 ==== mon_map magic: 0 v1 ==== 229+0+0 (secure 0 0 0) 0x7f381800d600 con 0x7f381c0703f0
2024-02-23T00:33:16.093 INFO:teuthology.orchestra.run.smithi102.stderr:/usr/bin/ceph:
2024-02-23T00:33:15.240+0000 7f3820a91700 1 -- 172.21.15.102:0/3586590944 <== mon.0 v2:172.21.15.102:3300/0 2 ==== config(26 keys) v1 ==== 1045+0+0 (secure 0 0 0) 0x7f381800dbf0 con 0x7f381c0703f0
2024-02-23T00:33:16.093 INFO:teuthology.orchestra.run.smithi102.stderr:/usr/bin/ceph:
2024-02-23T00:33:15.240+0000 7f3820a91700 1 -- 172.21.15.102:0/3586590944 <== mon.0 v2:172.21.15.102:3300/0 3 ==== mon_map magic: 0 v1 ==== 229+0+0 (secure 0 0 0) 0x7f3818011ce0 con 0x7f381c0703f0
2024-02-23T00:33:16.093 INFO:teuthology.orchestra.run.smithi102.stderr:/usr/bin/ceph:
2024-02-23T00:33:15.241+0000 7f3822a95700 1 -- 172.21.15.102:0/3586590944 >> [v2:172.21.15.102:3300/0,v1:172.21.15.102:6789/0] conn(0x7f381c0703f0 msgr2=0x7f381c100cd0 secure :-1 s=STATE_CONNECTION_ESTABLISHED l=1).mark_down
2024-02-23T00:33:16.093 INFO:teuthology.orchestra.run.smithi102.stderr:/usr/bin/ceph:
2024-02-23T00:33:15.241+0000 7f3822a95700 1 --2- 172.21.15.102:0/3586590944 >> [v2:172.21.15.102:3300/0,v1:172.21.15.102:6789/0] conn(0x7f381c0703f0 0x7f381c100cd0 secure :-1 s=READY pgs=66 cs=0 l=1 rev1=1 rx=0x7f381800b5f0 tx=0x7f3818006ee0).stop
2024-02-23T00:33:16.093 INFO:teuthology.orchestra.run.smithi102.stderr:/usr/bin/ceph:
2024-02-23T00:33:15.241+0000 7f3822a95700 1 -- 172.21.15.102:0/3586590944 shutdown_connections
2024-02-23T00:33:16.093 INFO:teuthology.orchestra.run.smithi102.stderr:/usr/bin/ceph:
2024-02-23T00:33:15.241+0000 7f3822a95700 1 --2- 172.21.15.102:0/3586590944 >> [v2:172.21.15.102:3300/0,v1:172.21.15.102:6789/0] conn(0x7f381c0703f0 0x7f381c100cd0 unknown :-1 s=CLOSED pgs=66 cs=0 l=1 rev1=1 rx=0 tx=0).stop
2024-02-23T00:33:16.093 INFO:teuthology.orchestra.run.smithi102.stderr:/usr/bin/ceph:
2024-02-23T00:33:15.241+0000 7f3822a95700 1 -- 172.21.15.102:0/3586590944 >> 172.21.15.102:0/3586590944 conn(0x7f381c0f6390 msgr2=0x7f381c0f87b0 unknown :-1 s=STATE_NONE l=0).mark_down
2024-02-23T00:33:16.093 INFO:teuthology.orchestra.run.smithi102.stderr:/usr/bin/ceph:
2024-02-23T00:33:15.241+0000 7f3822a95700 1 -- 172.21.15.102:0/3586590944 shutdown_connections
2024-02-23T00:33:16.094 INFO:teuthology.orchestra.run.smithi102.stderr:/usr/bin/ceph:
2024-02-23T00:33:15.241+0000 7f3822a95700 1 -- 172.21.15.102:0/3586590944 wait complete.
2024-02-23T00:33:16.094 INFO:teuthology.orchestra.run.smithi102.stderr:/usr/bin/ceph:
2024-02-23T00:33:15.242+0000 7f3822a95700 1 Processor -- start
2024-02-23T00:33:16.094 INFO:teuthology.orchestra.run.smithi102.stderr:/usr/bin/ceph:
2024-02-23T00:33:15.242+0000 7f3822a95700 1 -- start start
2024-02-23T00:33:16.094 INFO:teuthology.orchestra.run.smithi102.stderr:/usr/bin/ceph:
2024-02-23T00:33:15.242+0000 7f3822a95700 1 --2- >> [v2:172.21.15.102:3300/0,v1:172.21.15.102:6789/0] conn(0x7f381c0703f0 0x7f381c10cbd0 unknown :-1 s=NONE pgs=0 cs=0 l=1 rev1=0 rx=0 tx=0).connect
2024-02-23T00:33:16.094 INFO:teuthology.orchestra.run.smithi102.stderr:/usr/bin/ceph:
2024-02-23T00:33:15.242+0000 7f3822a95700 1 -- --> [v2:172.21.15.102:3300/0,v1:172.21.15.102:6789/0] -- mon_getmap magic: 0 v1 -- 0x7f381c10d0c0 con 0x7f381c0703f0
2024-02-23T00:33:16.094 INFO:teuthology.orchestra.run.smithi102.stderr:/usr/bin/ceph:
2024-02-23T00:33:15.242+0000 7f3821a93700 1 --2- >> [v2:172.21.15.102:3300/0,v1:172.21.15.102:6789/0] conn(0x7f381c0703f0 0x7f381c10cbd0 unknown :-1 s=BANNER_CONNECTING pgs=0 cs=0 l=1 rev1=0 rx=0 tx=0)._handle_peer_banner_payload supported=1 required=0
2024-02-23T00:33:16.094 INFO:teuthology.orchestra.run.smithi102.stderr:/usr/bin/ceph:
2024-02-23T00:33:15.242+0000 7f3821a93700 1 --2- >> [v2:172.21.15.102:3300/0,v1:172.21.15.102:6789/0] conn(0x7f381c0703f0 0x7f381c10cbd0 unknown :-1 s=HELLO_CONNECTING pgs=0 cs=0 l=1 rev1=1 rx=0 tx=0).handle_hello peer v2:172.21.15.102:3300/0 says I am v2:172.21.15.102:46908/0 (socket says 172.21.15.102:46908)
2024-02-23T00:33:16.094 INFO:teuthology.orchestra.run.smithi102.stderr:/usr/bin/ceph:
2024-02-23T00:33:15.242+0000 7f3821a93700 1 -- 172.21.15.102:0/4232423044 learned_addr learned my addr 172.21.15.102:0/4232423044 (peer_addr_for_me v2:172.21.15.102:0/0)
2024-02-23T00:33:16.094 INFO:teuthology.orchestra.run.smithi102.stderr:/usr/bin/ceph:
2024-02-23T00:33:15.242+0000 7f3821a93700 1 -- 172.21.15.102:0/4232423044 --> [v2:172.21.15.102:3300/0,v1:172.21.15.102:6789/0] -- mon_subscribe({config=0+,monmap=0+}) v3 -- 0x7f381800b200 con 0x7f381c0703f0
2024-02-23T00:33:16.094 INFO:teuthology.orchestra.run.smithi102.stderr:/usr/bin/ceph:
2024-02-23T00:33:15.242+0000 7f3821a93700 1 --2- 172.21.15.102:0/4232423044 >> [v2:172.21.15.102:3300/0,v1:172.21.15.102:6789/0] conn(0x7f381c0703f0 0x7f381c10cbd0 secure :-1 s=READY pgs=67 cs=0 l=1 rev1=1 rx=0x7f38180115c0 tx=0x7f3818006ee0).ready entity=mon.0 client_cookie=0 server_cookie=0 in_seq=0 out_seq=0
2024-02-23T00:33:16.094 INFO:teuthology.orchestra.run.smithi102.stderr:/usr/bin/ceph:
2024-02-23T00:33:15.243+0000 7f380a7fc700 1 -- 172.21.15.102:0/4232423044 <== mon.0 v2:172.21.15.102:3300/0 1 ==== mon_map magic: 0 v1 ==== 229+0+0 (secure 0 0 0) 0x7f381801b410 con 0x7f381c0703f0
2024-02-23T00:33:16.094 INFO:teuthology.orchestra.run.smithi102.stderr:/usr/bin/ceph:
2024-02-23T00:33:15.243+0000 7f380a7fc700 1 -- 172.21.15.102:0/4232423044 <== mon.0 v2:172.21.15.102:3300/0 2 ==== config(26 keys) v1 ==== 1045+0+0 (secure 0 0 0) 0x7f381801ba00 con 0x7f381c0703f0
2024-02-23T00:33:16.094 INFO:teuthology.orchestra.run.smithi102.stderr:/usr/bin/ceph:
2024-02-23T00:33:15.243+0000 7f380a7fc700 1 -- 172.21.15.102:0/4232423044 <== mon.0 v2:172.21.15.102:3300/0 3 ==== mon_map magic: 0 v1 ==== 229+0+0 (secure 0 0 0) 0x7f381801aaa0 con 0x7f381c0703f0
2024-02-23T00:33:16.094 INFO:teuthology.orchestra.run.smithi102.stderr:/usr/bin/ceph:
2024-02-23T00:33:15.243+0000 7f3822a95700 1 -- 172.21.15.102:0/4232423044 --> [v2:172.21.15.102:3300/0,v1:172.21.15.102:6789/0] -- mon_subscribe({mgrmap=0+}) v3 -- 0x7f381c10d2c0 con 0x7f381c0703f0
2024-02-23T00:33:16.095 INFO:teuthology.orchestra.run.smithi102.stderr:/usr/bin/ceph:
2024-02-23T00:33:15.243+0000 7f3822a95700 1 -- 172.21.15.102:0/4232423044 --> [v2:172.21.15.102:3300/0,v1:172.21.15.102:6789/0] -- mon_subscribe({osdmap=0}) v3 -- 0x7f381c10d750 con 0x7f381c0703f0
2024-02-23T00:33:16.095 INFO:teuthology.orchestra.run.smithi102.stderr:/usr/bin/ceph:
2024-02-23T00:33:15.243+0000 7f380a7fc700 1 -- 172.21.15.102:0/4232423044 <== mon.0 v2:172.21.15.102:3300/0 4 ==== mgrmap(e 12) v1 ==== 36195+0+0 (secure 0 0 0) 0x7f381800f070 con 0x7f381c0703f0
2024-02-23T00:33:16.095 INFO:teuthology.orchestra.run.smithi102.stderr:/usr/bin/ceph:
2024-02-23T00:33:15.244+0000 7f380a7fc700 1 --2- 172.21.15.102:0/4232423044 >> [v2:172.21.15.102:6800/3292090415,v1:172.21.15.102:6801/3292090415] conn(0x7f380402ff20 0x7f38040323e0 unknown :-1 s=NONE pgs=0 cs=0 l=1 rev1=0 rx=0 tx=0).connect
2024-02-23T00:33:16.095 INFO:teuthology.orchestra.run.smithi102.stderr:/usr/bin/ceph:
2024-02-23T00:33:15.244+0000 7f380a7fc700 1 -- 172.21.15.102:0/4232423044 <== mon.0 v2:172.21.15.102:3300/0 5 ==== osd_map(3..3 src has 1..3) v4 ==== 1098+0+0 (secure 0 0 0) 0x7f3818041270 con 0x7f381c0703f0
2024-02-23T00:33:16.095 INFO:teuthology.orchestra.run.smithi102.stderr:/usr/bin/ceph:
2024-02-23T00:33:15.244+0000 7f3822a95700 1 -- 172.21.15.102:0/4232423044 --> [v2:172.21.15.102:3300/0,v1:172.21.15.102:6789/0] -- mon_command({"prefix": "get_command_descriptions"} v 0) v1 -- 0x7f381c045ad0 con 0x7f381c0703f0
2024-02-23T00:33:16.095 INFO:teuthology.orchestra.run.smithi102.stderr:/usr/bin/ceph:
2024-02-23T00:33:15.244+0000 7f3821292700 1 --2- 172.21.15.102:0/4232423044 >> [v2:172.21.15.102:6800/3292090415,v1:172.21.15.102:6801/3292090415] conn(0x7f380402ff20 0x7f38040323e0 unknown :-1 s=BANNER_CONNECTING pgs=0 cs=0 l=1 rev1=0 rx=0 tx=0)._handle_peer_banner_payload supported=1 required=0
2024-02-23T00:33:16.095 INFO:teuthology.orchestra.run.smithi102.stderr:/usr/bin/ceph:
2024-02-23T00:33:15.244+0000 7f3821292700 1 --2- 172.21.15.102:0/4232423044 >> [v2:172.21.15.102:6800/3292090415,v1:172.21.15.102:6801/3292090415] conn(0x7f380402ff20 0x7f38040323e0 secure :-1 s=READY pgs=11 cs=0 l=1 rev1=1 rx=0x7f380c0096a0 tx=0x7f380c006b40).ready entity=mgr.14142 client_cookie=0 server_cookie=0 in_seq=0 out_seq=0
2024-02-23T00:33:16.095 INFO:teuthology.orchestra.run.smithi102.stderr:/usr/bin/ceph:
2024-02-23T00:33:15.248+0000 7f380a7fc700 1 -- 172.21.15.102:0/4232423044 <== mon.0 v2:172.21.15.102:3300/0 6 ==== mon_command_ack([{"prefix": "get_command_descriptions"}]=0 v0) v1 ==== 72+0+152212 (secure 0 0 0) 0x7f3818016070 con 0x7f381c0703f0
2024-02-23T00:33:16.095 INFO:teuthology.orchestra.run.smithi102.stderr:/usr/bin/ceph:
2024-02-23T00:33:15.443+0000 7f3822a95700 1 -- 172.21.15.102:0/4232423044 --> [v2:172.21.15.102:3300/0,v1:172.21.15.102:6789/0] -- mon_command({"prefix": "mgr module enable", "module": "dashboard"} v 0) v1 -- 0x7f381c101e40 con 0x7f381c0703f0
2024-02-23T00:33:16.095 INFO:teuthology.orchestra.run.smithi102.stderr:/usr/bin/ceph:
2024-02-23T00:33:15.928+0000 7f380a7fc700 1 -- 172.21.15.102:0/4232423044 <== mon.0 v2:172.21.15.102:3300/0 7 ==== config(26 keys) v1 ==== 1109+0+0 (secure 0 0 0) 0x7f3818010bc0 con 0x7f381c0703f0
2024-02-23T00:33:16.336 INFO:teuthology.orchestra.run.smithi102.stderr:/usr/bin/ceph:
2024-02-23T00:33:16.333+0000 7f380a7fc700 1 -- 172.21.15.102:0/4232423044 <== mon.0 v2:172.21.15.102:3300/0 8 ==== mgrmap(e 13) v1 ==== 36208+0+0 (secure 0 0 0) 0x7f381801bbf0 con 0x7f381c0703f0
2024-02-23T00:33:16.336 INFO:teuthology.orchestra.run.smithi102.stderr:/usr/bin/ceph:
2024-02-23T00:33:16.334+0000 7f380a7fc700 1 -- 172.21.15.102:0/4232423044 <== mon.0 v2:172.21.15.102:3300/0 9 ==== mon_command_ack([{"prefix": "mgr module enable", "module": "dashboard"}]=0 v13) v1 ==== 88+0+0 (secure 0 0 0) 0x7f381802d960 con 0x7f381c0703f0
2024-02-23T00:33:16.339 INFO:teuthology.orchestra.run.smithi102.stderr:/usr/bin/ceph:
2024-02-23T00:33:16.336+0000 7f3822a95700 1 -- 172.21.15.102:0/4232423044 >> [v2:172.21.15.102:6800/3292090415,v1:172.21.15.102:6801/3292090415] conn(0x7f380402ff20 msgr2=0x7f38040323e0 secure :-1 s=STATE_CONNECTION_ESTABLISHED l=1).mark_down
2024-02-23T00:33:16.339 INFO:teuthology.orchestra.run.smithi102.stderr:/usr/bin/ceph:
2024-02-23T00:33:16.336+0000 7f3822a95700 1 --2- 172.21.15.102:0/4232423044 >> [v2:172.21.15.102:6800/3292090415,v1:172.21.15.102:6801/3292090415] conn(0x7f380402ff20 0x7f38040323e0 secure :-1 s=READY pgs=11 cs=0 l=1 rev1=1 rx=0x7f380c0096a0 tx=0x7f380c006b40).stop
2024-02-23T00:33:16.339 INFO:teuthology.orchestra.run.smithi102.stderr:/usr/bin/ceph:
2024-02-23T00:33:16.336+0000 7f3822a95700 1 -- 172.21.15.102:0/4232423044 >> [v2:172.21.15.102:3300/0,v1:172.21.15.102:6789/0] conn(0x7f381c0703f0 msgr2=0x7f381c10cbd0 secure :-1 s=STATE_CONNECTION_ESTABLISHED l=1).mark_down
2024-02-23T00:33:16.339 INFO:teuthology.orchestra.run.smithi102.stderr:/usr/bin/ceph:
2024-02-23T00:33:16.336+0000 7f3822a95700 1 --2- 172.21.15.102:0/4232423044 >> [v2:172.21.15.102:3300/0,v1:172.21.15.102:6789/0] conn(0x7f381c0703f0 0x7f381c10cbd0 secure :-1 s=READY pgs=67 cs=0 l=1 rev1=1 rx=0x7f38180115c0 tx=0x7f3818006ee0).stop
2024-02-23T00:33:16.339 INFO:teuthology.orchestra.run.smithi102.stderr:/usr/bin/ceph:
2024-02-23T00:33:16.336+0000 7f3822a95700 1 -- 172.21.15.102:0/4232423044 shutdown_connections
2024-02-23T00:33:16.339 INFO:teuthology.orchestra.run.smithi102.stderr:/usr/bin/ceph:
2024-02-23T00:33:16.336+0000 7f3822a95700 1 --2- 172.21.15.102:0/4232423044 >> [v2:172.21.15.102:6800/3292090415,v1:172.21.15.102:6801/3292090415] conn(0x7f380402ff20 0x7f38040323e0 unknown :-1 s=CLOSED pgs=11 cs=0 l=1 rev1=1 rx=0 tx=0).stop
2024-02-23T00:33:16.339 INFO:teuthology.orchestra.run.smithi102.stderr:/usr/bin/ceph:
2024-02-23T00:33:16.336+0000 7f3822a95700 1 --2- 172.21.15.102:0/4232423044 >> [v2:172.21.15.102:3300/0,v1:172.21.15.102:6789/0] conn(0x7f381c0703f0 0x7f381c10cbd0 unknown :-1 s=CLOSED pgs=67 cs=0 l=1 rev1=1 rx=0 tx=0).stop
2024-02-23T00:33:16.339 INFO:teuthology.orchestra.run.smithi102.stderr:/usr/bin/ceph:
2024-02-23T00:33:16.336+0000 7f3822a95700 1 -- 172.21.15.102:0/4232423044 >> 172.21.15.102:0/4232423044 conn(0x7f381c0f6390 msgr2=0x7f381c0f7de0 unknown :-1 s=STATE_NONE l=0).mark_down
2024-02-23T00:33:16.339 INFO:teuthology.orchestra.run.smithi102.stderr:/usr/bin/ceph:
2024-02-23T00:33:16.337+0000 7f3822a95700 1 -- 172.21.15.102:0/4232423044 shutdown_connections
2024-02-23T00:33:16.339 INFO:teuthology.orchestra.run.smithi102.stderr:/usr/bin/ceph:
2024-02-23T00:33:16.337+0000 7f3822a95700 1 -- 172.21.15.102:0/4232423044 wait complete.
2024-02-23T00:33:16.691 INFO:journalctl@ceph.mon.smithi102.smithi102.stdout:Feb 23 00:33:16 smithi102 ceph-ec7eeef6-d1e2-11ee-95c0-87774f69a715-mon.smithi102[38165]: audit
2024-02-23T00:33:15.444865+0000 mon.smithi102 (mon.0) 84 : audit [INF] from='client.? 172.21.15.102:0/4232423044' entity='client.admin' cmd=[{"prefix": "mgr module enable", "module": "dashboard"}]: dispatch
2024-02-23T00:33:16.691 INFO:journalctl@ceph.mon.smithi102.smithi102.stdout:Feb 23 00:33:16 smithi102 ceph-ec7eeef6-d1e2-11ee-95c0-87774f69a715-mon.smithi102[38165]: audit
2024-02-23T00:33:15.929158+0000 mon.smithi102 (mon.0) 85 : audit [INF] from='mgr.14142 172.21.15.102:0/1557324369' entity='mgr.smithi102.zuhlty'
2024-02-23T00:33:16.691 INFO:journalctl@ceph.mon.smithi102.smithi102.stdout:Feb 23 00:33:16 smithi102 ceph-ec7eeef6-d1e2-11ee-95c0-87774f69a715-mon.smithi102[38165]: audit
2024-02-23T00:33:16.146142+0000 mon.smithi102 (mon.0) 86 : audit [INF] from='mgr.14142 172.21.15.102:0/1557324369' entity='mgr.smithi102.zuhlty'
2024-02-23T00:33:16.978 INFO:teuthology.orchestra.run.smithi102.stderr:Running command: /bin/podman run --rm --ipc=host --no-hosts --net=host --entrypoint /usr/bin/ceph --init -e CONTAINER_IMAGE=docker.io/ceph/ceph:v16.2.4 -e NODE_NAME=smithi102 -e CEPH_USE_RANDOM_NONCE=1 -v /var/log/ceph/ec7eeef6-d1e2-11ee-95c0-87774f69a715:/var/log/ceph:z -v /tmp/ceph-tmpspcki26t:/etc/ceph/ceph.client.admin.keyring:z -v /tmp/ceph-tmp8g4l5jfz:/etc/ceph/ceph.conf:z docker.io/ceph/ceph:v16.2.4 mgr stat
2024-02-23T00:33:17.634 INFO:journalctl@ceph.mon.smithi102.smithi102.stdout:Feb 23 00:33:17 smithi102 ceph-ec7eeef6-d1e2-11ee-95c0-87774f69a715-mon.smithi102[38165]: audit
2024-02-23T00:33:16.335459+0000 mon.smithi102 (mon.0) 87 : audit [INF] from='client.? 172.21.15.102:0/4232423044' entity='client.admin' cmd='[{"prefix": "mgr module enable", "module": "dashboard"}]': finished
2024-02-23T00:33:17.634 INFO:journalctl@ceph.mon.smithi102.smithi102.stdout:Feb 23 00:33:17 smithi102 ceph-ec7eeef6-d1e2-11ee-95c0-87774f69a715-mon.smithi102[38165]: cluster
2024-02-23T00:33:16.335526+0000 mon.smithi102 (mon.0) 88 : cluster [DBG] mgrmap e13: smithi102.zuhlty(active, since 10s)
2024-02-23T00:33:17.784 INFO:teuthology.orchestra.run.smithi102.stderr:/usr/bin/ceph:
2024-02-23T00:33:17.725+0000 7f12ada44700 1 Processor -- start
2024-02-23T00:33:17.784 INFO:teuthology.orchestra.run.smithi102.stderr:/usr/bin/ceph:
2024-02-23T00:33:17.725+0000 7f12ada44700 1 -- start start
2024-02-23T00:33:17.784 INFO:teuthology.orchestra.run.smithi102.stderr:/usr/bin/ceph:
2024-02-23T00:33:17.725+0000 7f12ada44700 1 --2- >> [v2:172.21.15.102:3300/0,v1:172.21.15.102:6789/0] conn(0x7f12a8072540 0x7f12a8070ae0 unknown :-1 s=NONE pgs=0 cs=0 l=0 rev1=0 rx=0 tx=0).connect
2024-02-23T00:33:17.784 INFO:teuthology.orchestra.run.smithi102.stderr:/usr/bin/ceph:
2024-02-23T00:33:17.725+0000 7f12ada44700 1 -- --> [v2:172.21.15.102:3300/0,v1:172.21.15.102:6789/0] -- mon_getmap magic: 0 v1 -- 0x7f12a8072960 con 0x7f12a8072540
2024-02-23T00:33:17.784 INFO:teuthology.orchestra.run.smithi102.stderr:/usr/bin/ceph:
2024-02-23T00:33:17.725+0000 7f12a6ffd700 1 --2- >> [v2:172.21.15.102:3300/0,v1:172.21.15.102:6789/0] conn(0x7f12a8072540 0x7f12a8070ae0 unknown :-1 s=BANNER_CONNECTING pgs=0 cs=0 l=0 rev1=0 rx=0 tx=0)._handle_peer_banner_payload supported=1 required=0
2024-02-23T00:33:17.784 INFO:teuthology.orchestra.run.smithi102.stderr:/usr/bin/ceph:
2024-02-23T00:33:17.725+0000 7f12a6ffd700 1 --2- >> [v2:172.21.15.102:3300/0,v1:172.21.15.102:6789/0] conn(0x7f12a8072540 0x7f12a8070ae0 unknown :-1 s=HELLO_CONNECTING pgs=0 cs=0 l=0 rev1=1 rx=0 tx=0).handle_hello peer v2:172.21.15.102:3300/0 says I am v2:172.21.15.102:46924/0 (socket says 172.21.15.102:46924)
2024-02-23T00:33:17.785 INFO:teuthology.orchestra.run.smithi102.stderr:/usr/bin/ceph:
2024-02-23T00:33:17.725+0000 7f12a6ffd700 1 -- 172.21.15.102:0/2770803957 learned_addr learned my addr 172.21.15.102:0/2770803957 (peer_addr_for_me v2:172.21.15.102:0/0)
2024-02-23T00:33:17.785 INFO:teuthology.orchestra.run.smithi102.stderr:/usr/bin/ceph:
2024-02-23T00:33:17.726+0000 7f12a6ffd700 1 -- 172.21.15.102:0/2770803957 --> [v2:172.21.15.102:3300/0,v1:172.21.15.102:6789/0] -- mon_subscribe({config=0+,monmap=0+}) v3 -- 0x7f12a8070fd0 con 0x7f12a8072540
2024-02-23T00:33:17.785 INFO:teuthology.orchestra.run.smithi102.stderr:/usr/bin/ceph:
2024-02-23T00:33:17.726+0000 7f12a6ffd700 1 --2- 172.21.15.102:0/2770803957 >> [v2:172.21.15.102:3300/0,v1:172.21.15.102:6789/0] conn(0x7f12a8072540 0x7f12a8070ae0 secure :-1 s=READY pgs=70 cs=0 l=1 rev1=1 rx=0x7f129800b5f0 tx=0x7f1298006ee0).ready entity=mon.0 client_cookie=9dcd765e40f9003a server_cookie=0 in_seq=0 out_seq=0
2024-02-23T00:33:17.785 INFO:teuthology.orchestra.run.smithi102.stderr:/usr/bin/ceph:
2024-02-23T00:33:17.726+0000 7f12a5ffb700 1 -- 172.21.15.102:0/2770803957 <== mon.0 v2:172.21.15.102:3300/0 1 ==== mon_map magic: 0 v1 ==== 229+0+0 (secure 0 0 0) 0x7f129800d600 con 0x7f12a8072540
2024-02-23T00:33:17.785 INFO:teuthology.orchestra.run.smithi102.stderr:/usr/bin/ceph:
2024-02-23T00:33:17.726+0000 7f12a5ffb700 1 -- 172.21.15.102:0/2770803957 <== mon.0 v2:172.21.15.102:3300/0 2 ==== config(26 keys) v1 ==== 1109+0+0 (secure 0 0 0) 0x7f129800dc30 con 0x7f12a8072540
2024-02-23T00:33:17.785 INFO:teuthology.orchestra.run.smithi102.stderr:/usr/bin/ceph:
2024-02-23T00:33:17.726+0000 7f12a5ffb700 1 -- 172.21.15.102:0/2770803957 <== mon.0 v2:172.21.15.102:3300/0 3 ==== mon_map magic: 0 v1 ==== 229+0+0 (secure 0 0 0) 0x7f1298011d30 con 0x7f12a8072540
2024-02-23T00:33:17.785 INFO:teuthology.orchestra.run.smithi102.stderr:/usr/bin/ceph:
2024-02-23T00:33:17.726+0000 7f12ada44700 1 -- 172.21.15.102:0/2770803957 >> [v2:172.21.15.102:3300/0,v1:172.21.15.102:6789/0] conn(0x7f12a8072540 msgr2=0x7f12a8070ae0 secure :-1 s=STATE_CONNECTION_ESTABLISHED l=1).mark_down
2024-02-23T00:33:17.785 INFO:teuthology.orchestra.run.smithi102.stderr:/usr/bin/ceph:
2024-02-23T00:33:17.727+0000 7f12ada44700 1 --2- 172.21.15.102:0/2770803957 >> [v2:172.21.15.102:3300/0,v1:172.21.15.102:6789/0] conn(0x7f12a8072540 0x7f12a8070ae0 secure :-1 s=READY pgs=70 cs=0 l=1 rev1=1 rx=0x7f129800b5f0 tx=0x7f1298006ee0).stop
2024-02-23T00:33:17.785 INFO:teuthology.orchestra.run.smithi102.stderr:/usr/bin/ceph:
2024-02-23T00:33:17.727+0000 7f12ada44700 1 -- 172.21.15.102:0/2770803957 shutdown_connections
2024-02-23T00:33:17.785 INFO:teuthology.orchestra.run.smithi102.stderr:/usr/bin/ceph:
2024-02-23T00:33:17.727+0000 7f12ada44700 1 --2- 172.21.15.102:0/2770803957 >> [v2:172.21.15.102:3300/0,v1:172.21.15.102:6789/0] conn(0x7f12a8072540 0x7f12a8070ae0 unknown :-1 s=CLOSED pgs=70 cs=0 l=1 rev1=1 rx=0 tx=0).stop
2024-02-23T00:33:17.785 INFO:teuthology.orchestra.run.smithi102.stderr:/usr/bin/ceph:
2024-02-23T00:33:17.727+0000 7f12ada44700 1 -- 172.21.15.102:0/2770803957 >> 172.21.15.102:0/2770803957 conn(0x7f12a80f76a0 msgr2=0x7f12a80f9ac0 unknown :-1 s=STATE_NONE l=0).mark_down
2024-02-23T00:33:17.785 INFO:teuthology.orchestra.run.smithi102.stderr:/usr/bin/ceph:
2024-02-23T00:33:17.727+0000 7f12ada44700 1 -- 172.21.15.102:0/2770803957 shutdown_connections
2024-02-23T00:33:17.785 INFO:teuthology.orchestra.run.smithi102.stderr:/usr/bin/ceph:
2024-02-23T00:33:17.727+0000 7f12ada44700 1 -- 172.21.15.102:0/2770803957 wait complete.
2024-02-23T00:33:17.785 INFO:teuthology.orchestra.run.smithi102.stderr:/usr/bin/ceph:
2024-02-23T00:33:17.727+0000 7f12ada44700 1 Processor -- start
2024-02-23T00:33:17.786 INFO:teuthology.orchestra.run.smithi102.stderr:/usr/bin/ceph:
2024-02-23T00:33:17.727+0000 7f12ada44700 1 -- start start
2024-02-23T00:33:17.786 INFO:teuthology.orchestra.run.smithi102.stderr:/usr/bin/ceph:
2024-02-23T00:33:17.728+0000 7f12ada44700 1 --2- >> [v2:172.21.15.102:3300/0,v1:172.21.15.102:6789/0] conn(0x7f12a8072540 0x7f12a810ce60 unknown :-1 s=NONE pgs=0 cs=0 l=1 rev1=0 rx=0 tx=0).connect
2024-02-23T00:33:17.786 INFO:teuthology.orchestra.run.smithi102.stderr:/usr/bin/ceph:
2024-02-23T00:33:17.728+0000 7f12ada44700 1 -- --> [v2:172.21.15.102:3300/0,v1:172.21.15.102:6789/0] -- mon_getmap magic: 0 v1 -- 0x7f12a810d350 con 0x7f12a8072540
2024-02-23T00:33:17.786 INFO:teuthology.orchestra.run.smithi102.stderr:/usr/bin/ceph:
2024-02-23T00:33:17.728+0000 7f12a6ffd700 1 --2- >> [v2:172.21.15.102:3300/0,v1:172.21.15.102:6789/0] conn(0x7f12a8072540 0x7f12a810ce60 unknown :-1 s=BANNER_CONNECTING pgs=0 cs=0 l=1 rev1=0 rx=0 tx=0)._handle_peer_banner_payload supported=1 required=0
2024-02-23T00:33:17.786 INFO:teuthology.orchestra.run.smithi102.stderr:/usr/bin/ceph:
2024-02-23T00:33:17.728+0000 7f12a6ffd700 1 --2- >> [v2:172.21.15.102:3300/0,v1:172.21.15.102:6789/0] conn(0x7f12a8072540 0x7f12a810ce60 unknown :-1 s=HELLO_CONNECTING pgs=0 cs=0 l=1 rev1=1 rx=0 tx=0).handle_hello peer v2:172.21.15.102:3300/0 says I am v2:172.21.15.102:46934/0 (socket says 172.21.15.102:46934)
2024-02-23T00:33:17.786 INFO:teuthology.orchestra.run.smithi102.stderr:/usr/bin/ceph:
2024-02-23T00:33:17.728+0000 7f12a6ffd700 1 -- 172.21.15.102:0/1290625066 learned_addr learned my addr 172.21.15.102:0/1290625066 (peer_addr_for_me v2:172.21.15.102:0/0)
2024-02-23T00:33:17.786 INFO:teuthology.orchestra.run.smithi102.stderr:/usr/bin/ceph:
2024-02-23T00:33:17.728+0000 7f12a6ffd700 1 -- 172.21.15.102:0/1290625066 --> [v2:172.21.15.102:3300/0,v1:172.21.15.102:6789/0] -- mon_subscribe({config=0+,monmap=0+}) v3 -- 0x7f129800b200 con 0x7f12a8072540
2024-02-23T00:33:17.786 INFO:teuthology.orchestra.run.smithi102.stderr:/usr/bin/ceph:
2024-02-23T00:33:17.728+0000 7f12a6ffd700 1 --2- 172.21.15.102:0/1290625066 >> [v2:172.21.15.102:3300/0,v1:172.21.15.102:6789/0] conn(0x7f12a8072540 0x7f12a810ce60 secure :-1 s=READY pgs=71 cs=0 l=1 rev1=1 rx=0x7f129800b1b0 tx=0x7f1298006ee0).ready entity=mon.0 client_cookie=0 server_cookie=0 in_seq=0 out_seq=0
2024-02-23T00:33:17.786 INFO:teuthology.orchestra.run.smithi102.stderr:/usr/bin/ceph:
2024-02-23T00:33:17.728+0000 7f128f7fe700 1 -- 172.21.15.102:0/1290625066 <== mon.0 v2:172.21.15.102:3300/0 1 ==== mon_map magic: 0 v1 ==== 229+0+0 (secure 0 0 0) 0x7f129800d960 con 0x7f12a8072540
2024-02-23T00:33:17.786 INFO:teuthology.orchestra.run.smithi102.stderr:/usr/bin/ceph:
2024-02-23T00:33:17.728+0000 7f128f7fe700 1 -- 172.21.15.102:0/1290625066 <== mon.0 v2:172.21.15.102:3300/0 2 ==== config(26 keys) v1 ==== 1109+0+0 (secure 0 0 0) 0x7f129800dac0 con 0x7f12a8072540
2024-02-23T00:33:17.786 INFO:teuthology.orchestra.run.smithi102.stderr:/usr/bin/ceph:
2024-02-23T00:33:17.728+0000 7f12ada44700 1 -- 172.21.15.102:0/1290625066 --> [v2:172.21.15.102:3300/0,v1:172.21.15.102:6789/0] -- mon_subscribe({mgrmap=0+}) v3 -- 0x7f12a810d550 con 0x7f12a8072540
2024-02-23T00:33:17.786 INFO:teuthology.orchestra.run.smithi102.stderr:/usr/bin/ceph:
2024-02-23T00:33:17.728+0000 7f128f7fe700 1 -- 172.21.15.102:0/1290625066 <== mon.0 v2:172.21.15.102:3300/0 3 ==== mon_map magic: 0 v1 ==== 229+0+0 (secure 0 0 0) 0x7f129801a7c0 con 0x7f12a8072540
2024-02-23T00:33:17.787 INFO:teuthology.orchestra.run.smithi102.stderr:/usr/bin/ceph:
2024-02-23T00:33:17.728+0000 7f12ada44700 1 -- 172.21.15.102:0/1290625066 --> [v2:172.21.15.102:3300/0,v1:172.21.15.102:6789/0] -- mon_subscribe({osdmap=0}) v3 -- 0x7f12a810e160 con 0x7f12a8072540
2024-02-23T00:33:17.787 INFO:teuthology.orchestra.run.smithi102.stderr:/usr/bin/ceph:
2024-02-23T00:33:17.729+0000 7f128f7fe700 1 -- 172.21.15.102:0/1290625066 <== mon.0 v2:172.21.15.102:3300/0 4 ==== mgrmap(e 13) v1 ==== 36208+0+0 (secure 0 0 0) 0x7f129800f070 con 0x7f12a8072540
2024-02-23T00:33:17.787 INFO:teuthology.orchestra.run.smithi102.stderr:/usr/bin/ceph:
2024-02-23T00:33:17.729+0000 7f128f7fe700 1 --2- 172.21.15.102:0/1290625066 >> [v2:172.21.15.102:6800/3292090415,v1:172.21.15.102:6801/3292090415] conn(0x7f129402ff70 0x7f1294032430 unknown :-1 s=NONE pgs=0 cs=0 l=1 rev1=0 rx=0 tx=0).connect
2024-02-23T00:33:17.787 INFO:teuthology.orchestra.run.smithi102.stderr:/usr/bin/ceph:
2024-02-23T00:33:17.729+0000 7f128f7fe700 1 -- 172.21.15.102:0/1290625066 <== mon.0 v2:172.21.15.102:3300/0 5 ==== osd_map(3..3 src has 1..3) v4 ==== 1098+0+0 (secure 0 0 0) 0x7f12980423c0 con 0x7f12a8072540
2024-02-23T00:33:17.787 INFO:teuthology.orchestra.run.smithi102.stderr:/usr/bin/ceph:
2024-02-23T00:33:17.729+0000 7f12a67fc700 1 -- 172.21.15.102:0/1290625066 >> [v2:172.21.15.102:6800/3292090415,v1:172.21.15.102:6801/3292090415] conn(0x7f129402ff70 msgr2=0x7f1294032430 unknown :-1 s=STATE_CONNECTING_RE l=1).process reconnect failed to v2:172.21.15.102:6800/3292090415
2024-02-23T00:33:17.787 INFO:teuthology.orchestra.run.smithi102.stderr:/usr/bin/ceph:
2024-02-23T00:33:17.729+0000 7f12ada44700 1 -- 172.21.15.102:0/1290625066 --> [v2:172.21.15.102:3300/0,v1:172.21.15.102:6789/0] -- mon_command({"prefix": "get_command_descriptions"} v 0) v1 -- 0x7f12a8059100 con 0x7f12a8072540
2024-02-23T00:33:17.787 INFO:teuthology.orchestra.run.smithi102.stderr:/usr/bin/ceph:
2024-02-23T00:33:17.729+0000 7f12a67fc700 1 --2- 172.21.15.102:0/1290625066 >> [v2:172.21.15.102:6800/3292090415,v1:172.21.15.102:6801/3292090415] conn(0x7f129402ff70 0x7f1294032430 unknown :-1 s=START_CONNECT pgs=0 cs=0 l=1 rev1=0 rx=0 tx=0)._fault waiting 0.200000
2024-02-23T00:33:17.787 INFO:teuthology.orchestra.run.smithi102.stderr:/usr/bin/ceph:
2024-02-23T00:33:17.734+0000 7f128f7fe700 1 -- 172.21.15.102:0/1290625066 <== mon.0 v2:172.21.15.102:3300/0 6 ==== mon_command_ack([{"prefix": "get_command_descriptions"}]=0 v0) v1 ==== 72+0+152212 (secure 0 0 0) 0x7f1298016070 con 0x7f12a8072540
2024-02-23T00:33:17.932 INFO:teuthology.orchestra.run.smithi102.stderr:/usr/bin/ceph:
2024-02-23T00:33:17.930+0000 7f12a67fc700 1 -- 172.21.15.102:0/1290625066 >> [v2:172.21.15.102:6800/3292090415,v1:172.21.15.102:6801/3292090415] conn(0x7f129402ff70 msgr2=0x7f1294032430 unknown :-1 s=STATE_CONNECTING_RE l=1).process reconnect failed to v2:172.21.15.102:6800/3292090415
2024-02-23T00:33:17.932 INFO:teuthology.orchestra.run.smithi102.stderr:/usr/bin/ceph:
2024-02-23T00:33:17.930+0000 7f12a67fc700 1 --2- 172.21.15.102:0/1290625066 >> [v2:172.21.15.102:6800/3292090415,v1:172.21.15.102:6801/3292090415] conn(0x7f129402ff70 0x7f1294032430 unknown :-1 s=START_CONNECT pgs=0 cs=0 l=1 rev1=0 rx=0 tx=0)._fault waiting 0.400000
2024-02-23T00:33:17.951 INFO:teuthology.orchestra.run.smithi102.stderr:/usr/bin/ceph:
2024-02-23T00:33:17.948+0000 7f12ada44700 1 -- 172.21.15.102:0/1290625066 --> [v2:172.21.15.102:3300/0,v1:172.21.15.102:6789/0] -- mon_command({"prefix": "mgr stat"} v 0) v1 -- 0x7f12a8102200 con 0x7f12a8072540
2024-02-23T00:33:17.951 INFO:teuthology.orchestra.run.smithi102.stderr:/usr/bin/ceph:
2024-02-23T00:33:17.949+0000 7f128f7fe700 1 -- 172.21.15.102:0/1290625066 <== mon.0 v2:172.21.15.102:3300/0 7 ==== mon_command_ack([{"prefix": "mgr stat"}]=0 v13) v1 ==== 56+0+104 (secure 0 0 0) 0x7f1298022d70 con 0x7f12a8072540
2024-02-23T00:33:17.951 INFO:teuthology.orchestra.run.smithi102.stderr:/usr/bin/ceph: {
2024-02-23T00:33:17.951 INFO:teuthology.orchestra.run.smithi102.stderr:/usr/bin/ceph: "epoch": 13,
2024-02-23T00:33:17.951 INFO:teuthology.orchestra.run.smithi102.stderr:/usr/bin/ceph: "available": true,
2024-02-23T00:33:17.951 INFO:teuthology.orchestra.run.smithi102.stderr:/usr/bin/ceph: "active_name": "smithi102.zuhlty",
2024-02-23T00:33:17.951 INFO:teuthology.orchestra.run.smithi102.stderr:/usr/bin/ceph: "num_standby": 0
2024-02-23T00:33:17.951 INFO:teuthology.orchestra.run.smithi102.stderr:/usr/bin/ceph: }
2024-02-23T00:33:17.953 INFO:teuthology.orchestra.run.smithi102.stderr:/usr/bin/ceph:
2024-02-23T00:33:17.951+0000 7f12ada44700 1 -- 172.21.15.102:0/1290625066 >> [v2:172.21.15.102:6800/3292090415,v1:172.21.15.102:6801/3292090415] conn(0x7f129402ff70 msgr2=0x7f1294032430 unknown :-1 s=STATE_CONNECTING l=1).mark_down
2024-02-23T00:33:17.953 INFO:teuthology.orchestra.run.smithi102.stderr:/usr/bin/ceph:
2024-02-23T00:33:17.951+0000 7f12ada44700 1 --2- 172.21.15.102:0/1290625066 >> [v2:172.21.15.102:6800/3292090415,v1:172.21.15.102:6801/3292090415] conn(0x7f129402ff70 0x7f1294032430 unknown :-1 s=START_CONNECT pgs=0 cs=0 l=1 rev1=0 rx=0 tx=0).stop
2024-02-23T00:33:17.953 INFO:teuthology.orchestra.run.smithi102.stderr:/usr/bin/ceph:
2024-02-23T00:33:17.951+0000 7f12ada44700 1 -- 172.21.15.102:0/1290625066 >> [v2:172.21.15.102:3300/0,v1:172.21.15.102:6789/0] conn(0x7f12a8072540 msgr2=0x7f12a810ce60 secure :-1 s=STATE_CONNECTION_ESTABLISHED l=1).mark_down
2024-02-23T00:33:17.953 INFO:teuthology.orchestra.run.smithi102.stderr:/usr/bin/ceph:
2024-02-23T00:33:17.951+0000 7f12ada44700 1 --2- 172.21.15.102:0/1290625066 >> [v2:172.21.15.102:3300/0,v1:172.21.15.102:6789/0] conn(0x7f12a8072540 0x7f12a810ce60 secure :-1 s=READY pgs=71 cs=0 l=1 rev1=1 rx=0x7f129800b1b0 tx=0x7f1298006ee0).stop
2024-02-23T00:33:17.953 INFO:teuthology.orchestra.run.smithi102.stderr:/usr/bin/ceph:
2024-02-23T00:33:17.951+0000 7f12ada44700 1 -- 172.21.15.102:0/1290625066 shutdown_connections
2024-02-23T00:33:17.954 INFO:teuthology.orchestra.run.smithi102.stderr:/usr/bin/ceph:
2024-02-23T00:33:17.951+0000 7f12ada44700 1 --2- 172.21.15.102:0/1290625066 >> [v2:172.21.15.102:6800/3292090415,v1:172.21.15.102:6801/3292090415] conn(0x7f129402ff70 0x7f1294032430 unknown :-1 s=CLOSED pgs=0 cs=0 l=1 rev1=0 rx=0 tx=0).stop
2024-02-23T00:33:17.954 INFO:teuthology.orchestra.run.smithi102.stderr:/usr/bin/ceph:
2024-02-23T00:33:17.951+0000 7f12ada44700 1 --2- 172.21.15.102:0/1290625066 >> [v2:172.21.15.102:3300/0,v1:172.21.15.102:6789/0] conn(0x7f12a8072540 0x7f12a810ce60 unknown :-1 s=CLOSED pgs=71 cs=0 l=1 rev1=1 rx=0 tx=0).stop
2024-02-23T00:33:17.954 INFO:teuthology.orchestra.run.smithi102.stderr:/usr/bin/ceph:
2024-02-23T00:33:17.951+0000 7f12ada44700 1 -- 172.21.15.102:0/1290625066 >> 172.21.15.102:0/1290625066 conn(0x7f12a80f76a0 msgr2=0x7f12a80f90b0 unknown :-1 s=STATE_NONE l=0).mark_down
2024-02-23T00:33:17.954 INFO:teuthology.orchestra.run.smithi102.stderr:/usr/bin/ceph:
2024-02-23T00:33:17.951+0000 7f12ada44700 1 -- 172.21.15.102:0/1290625066 shutdown_connections
2024-02-23T00:33:17.954 INFO:teuthology.orchestra.run.smithi102.stderr:/usr/bin/ceph:
2024-02-23T00:33:17.951+0000 7f12ada44700 1 -- 172.21.15.102:0/1290625066 wait complete.
2024-02-23T00:33:18.672 INFO:teuthology.orchestra.run.smithi102.stderr:Waiting for the mgr to restart...
2024-02-23T00:33:18.672 INFO:teuthology.orchestra.run.smithi102.stderr:Waiting for mgr epoch 13...
2024-02-23T00:33:18.672 INFO:teuthology.orchestra.run.smithi102.stderr:Running command: /bin/podman run --rm --ipc=host --no-hosts --net=host --entrypoint /usr/bin/ceph --init -e CONTAINER_IMAGE=docker.io/ceph/ceph:v16.2.4 -e NODE_NAME=smithi102 -e CEPH_USE_RANDOM_NONCE=1 -v /var/log/ceph/ec7eeef6-d1e2-11ee-95c0-87774f69a715:/var/log/ceph:z -v /tmp/ceph-tmpspcki26t:/etc/ceph/ceph.client.admin.keyring:z -v /tmp/ceph-tmp8g4l5jfz:/etc/ceph/ceph.conf:z docker.io/ceph/ceph:v16.2.4 tell mgr mgr_status
2024-02-23T00:33:18.674 INFO:journalctl@ceph.mon.smithi102.smithi102.stdout:Feb 23 00:33:18 smithi102 ceph-ec7eeef6-d1e2-11ee-95c0-87774f69a715-mon.smithi102[38165]: audit
2024-02-23T00:33:17.949984+0000 mon.smithi102 (mon.0) 89 : audit [DBG] from='client.? 172.21.15.102:0/1290625066' entity='client.admin' cmd=[{"prefix": "mgr stat"}]: dispatch
2024-02-23T00:33:19.243 INFO:teuthology.orchestra.run.smithi102.stderr:/usr/bin/ceph:
2024-02-23T00:33:19.239+0000 7f682d28a700 1 Processor -- start
2024-02-23T00:33:19.243 INFO:teuthology.orchestra.run.smithi102.stderr:/usr/bin/ceph:
2024-02-23T00:33:19.239+0000 7f682d28a700 1 -- start start
2024-02-23T00:33:19.243 INFO:teuthology.orchestra.run.smithi102.stderr:/usr/bin/ceph:
2024-02-23T00:33:19.239+0000 7f682d28a700 1 --2- >> [v2:172.21.15.102:3300/0,v1:172.21.15.102:6789/0] conn(0x7f68280fad90 0x7f68280fb1b0 unknown :-1 s=NONE pgs=0 cs=0 l=0 rev1=0 rx=0 tx=0).connect
2024-02-23T00:33:19.244 INFO:teuthology.orchestra.run.smithi102.stderr:/usr/bin/ceph:
2024-02-23T00:33:19.239+0000 7f682d28a700 1 -- --> [v2:172.21.15.102:3300/0,v1:172.21.15.102:6789/0] -- mon_getmap magic: 0 v1 -- 0x7f68280fb6a0 con 0x7f68280fad90
2024-02-23T00:33:19.244 INFO:teuthology.orchestra.run.smithi102.stderr:/usr/bin/ceph:
2024-02-23T00:33:19.239+0000 7f6826ffd700 1 --2- >> [v2:172.21.15.102:3300/0,v1:172.21.15.102:6789/0] conn(0x7f68280fad90 0x7f68280fb1b0 unknown :-1 s=BANNER_CONNECTING pgs=0 cs=0 l=0 rev1=0 rx=0 tx=0)._handle_peer_banner_payload supported=1 required=0
2024-02-23T00:33:19.244 INFO:teuthology.orchestra.run.smithi102.stderr:/usr/bin/ceph:
2024-02-23T00:33:19.239+0000 7f6826ffd700 1 --2- >> [v2:172.21.15.102:3300/0,v1:172.21.15.102:6789/0] conn(0x7f68280fad90 0x7f68280fb1b0 unknown :-1 s=HELLO_CONNECTING pgs=0 cs=0 l=0 rev1=1 rx=0 tx=0).handle_hello peer v2:172.21.15.102:3300/0 says I am v2:172.21.15.102:46940/0 (socket says 172.21.15.102:46940)
2024-02-23T00:33:19.244 INFO:teuthology.orchestra.run.smithi102.stderr:/usr/bin/ceph:
2024-02-23T00:33:19.239+0000 7f6826ffd700 1 -- 172.21.15.102:0/585992197 learned_addr learned my addr 172.21.15.102:0/585992197 (peer_addr_for_me v2:172.21.15.102:0/0)
2024-02-23T00:33:19.244 INFO:teuthology.orchestra.run.smithi102.stderr:/usr/bin/ceph:
2024-02-23T00:33:19.240+0000 7f6826ffd700 1 -- 172.21.15.102:0/585992197 --> [v2:172.21.15.102:3300/0,v1:172.21.15.102:6789/0] -- mon_subscribe({config=0+,monmap=0+}) v3 -- 0x7f68280fb7e0 con 0x7f68280fad90
2024-02-23T00:33:19.244 INFO:teuthology.orchestra.run.smithi102.stderr:/usr/bin/ceph:
2024-02-23T00:33:19.240+0000 7f6826ffd700 1 --2- 172.21.15.102:0/585992197 >> [v2:172.21.15.102:3300/0,v1:172.21.15.102:6789/0] conn(0x7f68280fad90 0x7f68280fb1b0 secure :-1 s=READY pgs=72 cs=0 l=1 rev1=1 rx=0x7f681800b5f0 tx=0x7f6818006ee0).ready entity=mon.0 client_cookie=4d4e300f5b3328e0 server_cookie=0 in_seq=0 out_seq=0
2024-02-23T00:33:19.244 INFO:teuthology.orchestra.run.smithi102.stderr:/usr/bin/ceph:
2024-02-23T00:33:19.240+0000 7f6825ffb700 1 -- 172.21.15.102:0/585992197 <== mon.0 v2:172.21.15.102:3300/0 1 ==== mon_map magic: 0 v1 ==== 229+0+0 (secure 0 0 0) 0x7f681800d600 con 0x7f68280fad90
2024-02-23T00:33:19.244 INFO:teuthology.orchestra.run.smithi102.stderr:/usr/bin/ceph:
2024-02-23T00:33:19.240+0000 7f6825ffb700 1 -- 172.21.15.102:0/585992197 <== mon.0 v2:172.21.15.102:3300/0 2 ==== config(26 keys) v1 ==== 1109+0+0 (secure 0 0 0) 0x7f681800dc30 con 0x7f68280fad90
2024-02-23T00:33:19.244 INFO:teuthology.orchestra.run.smithi102.stderr:/usr/bin/ceph:
2024-02-23T00:33:19.240+0000 7f6825ffb700 1 -- 172.21.15.102:0/585992197 <== mon.0 v2:172.21.15.102:3300/0 3 ==== mon_map magic: 0 v1 ==== 229+0+0 (secure 0 0 0) 0x7f6818011d30 con 0x7f68280fad90
2024-02-23T00:33:19.244 INFO:teuthology.orchestra.run.smithi102.stderr:/usr/bin/ceph:
2024-02-23T00:33:19.241+0000 7f682d28a700 1 -- 172.21.15.102:0/585992197 >> [v2:172.21.15.102:3300/0,v1:172.21.15.102:6789/0] conn(0x7f68280fad90 msgr2=0x7f68280fb1b0 secure :-1 s=STATE_CONNECTION_ESTABLISHED l=1).mark_down
2024-02-23T00:33:19.244 INFO:teuthology.orchestra.run.smithi102.stderr:/usr/bin/ceph:
2024-02-23T00:33:19.241+0000 7f682d28a700 1 --2- 172.21.15.102:0/585992197 >> [v2:172.21.15.102:3300/0,v1:172.21.15.102:6789/0] conn(0x7f68280fad90 0x7f68280fb1b0 secure :-1 s=READY pgs=72 cs=0 l=1 rev1=1 rx=0x7f681800b5f0 tx=0x7f6818006ee0).stop
2024-02-23T00:33:19.244 INFO:teuthology.orchestra.run.smithi102.stderr:/usr/bin/ceph:
2024-02-23T00:33:19.241+0000 7f682d28a700 1 -- 172.21.15.102:0/585992197 shutdown_connections
2024-02-23T00:33:19.244 INFO:teuthology.orchestra.run.smithi102.stderr:/usr/bin/ceph:
2024-02-23T00:33:19.241+0000 7f682d28a700 1 --2- 172.21.15.102:0/585992197 >> [v2:172.21.15.102:3300/0,v1:172.21.15.102:6789/0] conn(0x7f68280fad90 0x7f68280fb1b0 unknown :-1 s=CLOSED pgs=72 cs=0 l=1 rev1=1 rx=0 tx=0).stop
2024-02-23T00:33:19.245 INFO:teuthology.orchestra.run.smithi102.stderr:/usr/bin/ceph:
2024-02-23T00:33:19.241+0000 7f682d28a700 1 -- 172.21.15.102:0/585992197 >> 172.21.15.102:0/585992197 conn(0x7f68280f6530 msgr2=0x7f68280f8950 unknown :-1 s=STATE_NONE l=0).mark_down
2024-02-23T00:33:19.245 INFO:teuthology.orchestra.run.smithi102.stderr:/usr/bin/ceph:
2024-02-23T00:33:19.241+0000 7f682d28a700 1 -- 172.21.15.102:0/585992197 shutdown_connections
2024-02-23T00:33:19.245 INFO:teuthology.orchestra.run.smithi102.stderr:/usr/bin/ceph:
2024-02-23T00:33:19.241+0000 7f682d28a700 1 -- 172.21.15.102:0/585992197 wait complete.
2024-02-23T00:33:19.245 INFO:teuthology.orchestra.run.smithi102.stderr:/usr/bin/ceph:
2024-02-23T00:33:19.242+0000 7f682d28a700 1 Processor -- start
2024-02-23T00:33:19.245 INFO:teuthology.orchestra.run.smithi102.stderr:/usr/bin/ceph:
2024-02-23T00:33:19.242+0000 7f682d28a700 1 -- start start
2024-02-23T00:33:19.247 INFO:teuthology.orchestra.run.smithi102.stderr:/usr/bin/ceph:
2024-02-23T00:33:19.242+0000 7f682d28a700 1 --2- >> [v2:172.21.15.102:3300/0,v1:172.21.15.102:6789/0] conn(0x7f68280fad90 0x7f682810fc40 unknown :-1 s=NONE pgs=0 cs=0 l=1 rev1=0 rx=0 tx=0).connect
2024-02-23T00:33:19.247 INFO:teuthology.orchestra.run.smithi102.stderr:/usr/bin/ceph:
2024-02-23T00:33:19.242+0000 7f682d28a700 1 -- --> [v2:172.21.15.102:3300/0,v1:172.21.15.102:6789/0] -- mon_getmap magic: 0 v1 -- 0x7f682810b630 con 0x7f68280fad90
