2024-02-23T00:33:44.418 INFO:journalctl@ceph.mon.smithi110.smithi110.stdout:Feb 23 00:33:43 smithi110 ceph-134b5146-d1e3-11ee-95c0-87774f69a715-mon.smithi110[38132]: audit
2024-02-23T00:33:43.056297+0000 mon.smithi110 (mon.0) 39 : audit [INF] from='mgr.14114 172.21.15.110:0/970093288' entity='mgr.smithi110.pgbfms'
2024-02-23T00:33:44.418 INFO:journalctl@ceph.mon.smithi110.smithi110.stdout:Feb 23 00:33:43 smithi110 ceph-134b5146-d1e3-11ee-95c0-87774f69a715-mon.smithi110[38132]: audit
2024-02-23T00:33:43.058858+0000 mon.smithi110 (mon.0) 40 : audit [INF] from='mgr.14114 172.21.15.110:0/970093288' entity='mgr.smithi110.pgbfms'
2024-02-23T00:33:44.418 INFO:journalctl@ceph.mon.smithi110.smithi110.stdout:Feb 23 00:33:43 smithi110 ceph-134b5146-d1e3-11ee-95c0-87774f69a715-mon.smithi110[38132]: audit
2024-02-23T00:33:43.061204+0000 mon.smithi110 (mon.0) 41 : audit [INF] from='mgr.14114 172.21.15.110:0/970093288' entity='mgr.smithi110.pgbfms'
2024-02-23T00:33:44.418 INFO:journalctl@ceph.mon.smithi110.smithi110.stdout:Feb 23 00:33:43 smithi110 ceph-134b5146-d1e3-11ee-95c0-87774f69a715-mon.smithi110[38132]: audit
2024-02-23T00:33:43.148005+0000 mon.smithi110 (mon.0) 42 : audit [INF] from='mgr.14114 172.21.15.110:0/970093288' entity='mgr.smithi110.pgbfms'
2024-02-23T00:33:44.418 INFO:journalctl@ceph.mon.smithi110.smithi110.stdout:Feb 23 00:33:43 smithi110 ceph-134b5146-d1e3-11ee-95c0-87774f69a715-mon.smithi110[38132]: audit
2024-02-23T00:33:43.148635+0000 mon.smithi110 (mon.0) 43 : audit [DBG] from='mgr.14114 172.21.15.110:0/970093288' entity='mgr.smithi110.pgbfms' cmd=[{"prefix": "config dump", "format": "json"}]: dispatch
2024-02-23T00:33:44.418 INFO:journalctl@ceph.mon.smithi110.smithi110.stdout:Feb 23 00:33:43 smithi110 ceph-134b5146-d1e3-11ee-95c0-87774f69a715-mon.smithi110[38132]: audit
2024-02-23T00:33:43.150716+0000 mon.smithi110 (mon.0) 44 : audit [DBG] from='mgr.14114 172.21.15.110:0/970093288' entity='mgr.smithi110.pgbfms' cmd=[{"prefix": "config dump", "format": "json"}]: dispatch
2024-02-23T00:33:44.418 INFO:journalctl@ceph.mon.smithi110.smithi110.stdout:Feb 23 00:33:43 smithi110 ceph-134b5146-d1e3-11ee-95c0-87774f69a715-mon.smithi110[38132]: audit
2024-02-23T00:33:43.152254+0000 mon.smithi110 (mon.0) 45 : audit [DBG] from='mgr.14114 172.21.15.110:0/970093288' entity='mgr.smithi110.pgbfms' cmd=[{"prefix": "config dump", "format": "json"}]: dispatch
2024-02-23T00:33:44.418 INFO:journalctl@ceph.mon.smithi110.smithi110.stdout:Feb 23 00:33:43 smithi110 ceph-134b5146-d1e3-11ee-95c0-87774f69a715-mon.smithi110[38132]: audit
2024-02-23T00:33:43.161754+0000 mon.smithi110 (mon.0) 46 : audit [INF] from='mgr.14114 172.21.15.110:0/970093288' entity='mgr.smithi110.pgbfms' cmd=[{"prefix":"config rm","who":"mgr","name":"mgr/rbd_support/smithi110.pgbfms/mirror_snapshot_schedule"}]: dispatch
2024-02-23T00:33:44.418 INFO:journalctl@ceph.mon.smithi110.smithi110.stdout:Feb 23 00:33:43 smithi110 ceph-134b5146-d1e3-11ee-95c0-87774f69a715-mon.smithi110[38132]: audit
2024-02-23T00:33:43.162826+0000 mon.smithi110 (mon.0) 47 : audit [INF] from='mgr.14114 172.21.15.110:0/970093288' entity='mgr.smithi110.pgbfms' cmd=[{"prefix":"config rm","who":"mgr","name":"mgr/rbd_support/smithi110.pgbfms/trash_purge_schedule"}]: dispatch
2024-02-23T00:33:45.417 INFO:journalctl@ceph.mon.smithi110.smithi110.stdout:Feb 23 00:33:45 smithi110 ceph-134b5146-d1e3-11ee-95c0-87774f69a715-mon.smithi110[38132]: audit
2024-02-23T00:33:44.029586+0000 mgr.smithi110.pgbfms (mgr.14114) 1 : audit [DBG] from='client.14118 -' entity='client.admin' cmd=[{"prefix": "get_command_descriptions"}]: dispatch
2024-02-23T00:33:45.417 INFO:journalctl@ceph.mon.smithi110.smithi110.stdout:Feb 23 00:33:45 smithi110 ceph-134b5146-d1e3-11ee-95c0-87774f69a715-mon.smithi110[38132]: cluster
2024-02-23T00:33:44.030597+0000 mon.smithi110 (mon.0) 48 : cluster [DBG] mgrmap e7: smithi110.pgbfms(active, since 1.05575s)
2024-02-23T00:33:45.417 INFO:journalctl@ceph.mon.smithi110.smithi110.stdout:Feb 23 00:33:45 smithi110 ceph-134b5146-d1e3-11ee-95c0-87774f69a715-mon.smithi110[38132]: audit
2024-02-23T00:33:44.036383+0000 mgr.smithi110.pgbfms (mgr.14114) 2 : audit [DBG] from='client.14118 -' entity='client.admin' cmd=[{"prefix": "mgr_status"}]: dispatch
2024-02-23T00:33:46.417 INFO:journalctl@ceph.mon.smithi110.smithi110.stdout:Feb 23 00:33:46 smithi110 ceph-134b5146-d1e3-11ee-95c0-87774f69a715-mon.smithi110[38132]: cluster
2024-02-23T00:33:45.032293+0000 mon.smithi110 (mon.0) 49 : cluster [DBG] mgrmap e8: smithi110.pgbfms(active, since 2s)
2024-02-23T00:33:49.729 INFO:teuthology.orchestra.run.smithi110.stderr:mgr epoch 5 is available
2024-02-23T00:33:49.729 INFO:teuthology.orchestra.run.smithi110.stderr:Setting orchestrator backend to cephadm...
2024-02-23T00:33:49.729 INFO:teuthology.orchestra.run.smithi110.stderr:Running command: /bin/podman run --rm --ipc=host --no-hosts --net=host --entrypoint /usr/bin/ceph --init -e CONTAINER_IMAGE=docker.io/ceph/ceph:v16.2.4 -e NODE_NAME=smithi110 -e CEPH_USE_RANDOM_NONCE=1 -v /var/log/ceph/134b5146-d1e3-11ee-95c0-87774f69a715:/var/log/ceph:z -v /tmp/ceph-tmp_zxuz1td:/etc/ceph/ceph.client.admin.keyring:z -v /tmp/ceph-tmpjg47esdu:/etc/ceph/ceph.conf:z docker.io/ceph/ceph:v16.2.4 orch set backend cephadm
2024-02-23T00:33:50.254 INFO:teuthology.orchestra.run.smithi110.stderr:/usr/bin/ceph:
2024-02-23T00:33:50.249+0000 7fbc7c0c8700 1 Processor -- start
2024-02-23T00:33:50.254 INFO:teuthology.orchestra.run.smithi110.stderr:/usr/bin/ceph:
2024-02-23T00:33:50.249+0000 7fbc7c0c8700 1 -- start start
2024-02-23T00:33:50.254 INFO:teuthology.orchestra.run.smithi110.stderr:/usr/bin/ceph:
2024-02-23T00:33:50.249+0000 7fbc7c0c8700 1 --2- >> [v2:172.21.15.110:3300/0,v1:172.21.15.110:6789/0] conn(0x7fbc740fad90 0x7fbc740fb1b0 unknown :-1 s=NONE pgs=0 cs=0 l=0 rev1=0 rx=0 tx=0).connect
2024-02-23T00:33:50.254 INFO:teuthology.orchestra.run.smithi110.stderr:/usr/bin/ceph:
2024-02-23T00:33:50.249+0000 7fbc7c0c8700 1 -- --> [v2:172.21.15.110:3300/0,v1:172.21.15.110:6789/0] -- mon_getmap magic: 0 v1 -- 0x7fbc740fb6a0 con 0x7fbc740fad90
2024-02-23T00:33:50.254 INFO:teuthology.orchestra.run.smithi110.stderr:/usr/bin/ceph:
2024-02-23T00:33:50.249+0000 7fbc79e64700 1 --2- >> [v2:172.21.15.110:3300/0,v1:172.21.15.110:6789/0] conn(0x7fbc740fad90 0x7fbc740fb1b0 unknown :-1 s=BANNER_CONNECTING pgs=0 cs=0 l=0 rev1=0 rx=0 tx=0)._handle_peer_banner_payload supported=1 required=0
2024-02-23T00:33:50.254 INFO:teuthology.orchestra.run.smithi110.stderr:/usr/bin/ceph:
2024-02-23T00:33:50.249+0000 7fbc79e64700 1 --2- >> [v2:172.21.15.110:3300/0,v1:172.21.15.110:6789/0] conn(0x7fbc740fad90 0x7fbc740fb1b0 unknown :-1 s=HELLO_CONNECTING pgs=0 cs=0 l=0 rev1=1 rx=0 tx=0).handle_hello peer v2:172.21.15.110:3300/0 says I am v2:172.21.15.110:53676/0 (socket says 172.21.15.110:53676)
2024-02-23T00:33:50.254 INFO:teuthology.orchestra.run.smithi110.stderr:/usr/bin/ceph:
2024-02-23T00:33:50.249+0000 7fbc79e64700 1 -- 172.21.15.110:0/3051722480 learned_addr learned my addr 172.21.15.110:0/3051722480 (peer_addr_for_me v2:172.21.15.110:0/0)
2024-02-23T00:33:50.254 INFO:teuthology.orchestra.run.smithi110.stderr:/usr/bin/ceph:
2024-02-23T00:33:50.250+0000 7fbc79e64700 1 -- 172.21.15.110:0/3051722480 --> [v2:172.21.15.110:3300/0,v1:172.21.15.110:6789/0] -- mon_subscribe({config=0+,monmap=0+}) v3 -- 0x7fbc740fb7e0 con 0x7fbc740fad90
2024-02-23T00:33:50.255 INFO:teuthology.orchestra.run.smithi110.stderr:/usr/bin/ceph:
2024-02-23T00:33:50.250+0000 7fbc79e64700 1 --2- 172.21.15.110:0/3051722480 >> [v2:172.21.15.110:3300/0,v1:172.21.15.110:6789/0] conn(0x7fbc740fad90 0x7fbc740fb1b0 secure :-1 s=READY pgs=29 cs=0 l=1 rev1=1 rx=0x7fbc7000b870 tx=0x7fbc70006f70).ready entity=mon.0 client_cookie=91528a62beaf0a3a server_cookie=0 in_seq=0 out_seq=0
2024-02-23T00:33:50.255 INFO:teuthology.orchestra.run.smithi110.stderr:/usr/bin/ceph:
2024-02-23T00:33:50.250+0000 7fbc78e62700 1 -- 172.21.15.110:0/3051722480 <== mon.0 v2:172.21.15.110:3300/0 1 ==== mon_map magic: 0 v1 ==== 229+0+0 (secure 0 0 0) 0x7fbc7000da20 con 0x7fbc740fad90
2024-02-23T00:33:50.255 INFO:teuthology.orchestra.run.smithi110.stderr:/usr/bin/ceph:
2024-02-23T00:33:50.250+0000 7fbc78e62700 1 -- 172.21.15.110:0/3051722480 <== mon.0 v2:172.21.15.110:3300/0 2 ==== config(26 keys) v1 ==== 1045+0+0 (secure 0 0 0) 0x7fbc70010470 con 0x7fbc740fad90
2024-02-23T00:33:50.255 INFO:teuthology.orchestra.run.smithi110.stderr:/usr/bin/ceph:
2024-02-23T00:33:50.250+0000 7fbc78e62700 1 -- 172.21.15.110:0/3051722480 <== mon.0 v2:172.21.15.110:3300/0 3 ==== mon_map magic: 0 v1 ==== 229+0+0 (secure 0 0 0) 0x7fbc7000f5b0 con 0x7fbc740fad90
2024-02-23T00:33:50.255 INFO:teuthology.orchestra.run.smithi110.stderr:/usr/bin/ceph:
2024-02-23T00:33:50.250+0000 7fbc7c0c8700 1 -- 172.21.15.110:0/3051722480 >> [v2:172.21.15.110:3300/0,v1:172.21.15.110:6789/0] conn(0x7fbc740fad90 msgr2=0x7fbc740fb1b0 secure :-1 s=STATE_CONNECTION_ESTABLISHED l=1).mark_down
2024-02-23T00:33:50.255 INFO:teuthology.orchestra.run.smithi110.stderr:/usr/bin/ceph:
2024-02-23T00:33:50.250+0000 7fbc7c0c8700 1 --2- 172.21.15.110:0/3051722480 >> [v2:172.21.15.110:3300/0,v1:172.21.15.110:6789/0] conn(0x7fbc740fad90 0x7fbc740fb1b0 secure :-1 s=READY pgs=29 cs=0 l=1 rev1=1 rx=0x7fbc7000b870 tx=0x7fbc70006f70).stop
2024-02-23T00:33:50.255 INFO:teuthology.orchestra.run.smithi110.stderr:/usr/bin/ceph:
2024-02-23T00:33:50.250+0000 7fbc7c0c8700 1 -- 172.21.15.110:0/3051722480 shutdown_connections
2024-02-23T00:33:50.255 INFO:teuthology.orchestra.run.smithi110.stderr:/usr/bin/ceph:
2024-02-23T00:33:50.250+0000 7fbc7c0c8700 1 --2- 172.21.15.110:0/3051722480 >> [v2:172.21.15.110:3300/0,v1:172.21.15.110:6789/0] conn(0x7fbc740fad90 0x7fbc740fb1b0 unknown :-1 s=CLOSED pgs=29 cs=0 l=1 rev1=1 rx=0 tx=0).stop
2024-02-23T00:33:50.255 INFO:teuthology.orchestra.run.smithi110.stderr:/usr/bin/ceph:
2024-02-23T00:33:50.250+0000 7fbc7c0c8700 1 -- 172.21.15.110:0/3051722480 >> 172.21.15.110:0/3051722480 conn(0x7fbc740f6530 msgr2=0x7fbc740f8950 unknown :-1 s=STATE_NONE l=0).mark_down
2024-02-23T00:33:50.255 INFO:teuthology.orchestra.run.smithi110.stderr:/usr/bin/ceph:
2024-02-23T00:33:50.251+0000 7fbc7c0c8700 1 -- 172.21.15.110:0/3051722480 shutdown_connections
2024-02-23T00:33:50.255 INFO:teuthology.orchestra.run.smithi110.stderr:/usr/bin/ceph:
2024-02-23T00:33:50.251+0000 7fbc7c0c8700 1 -- 172.21.15.110:0/3051722480 wait complete.
2024-02-23T00:33:50.255 INFO:teuthology.orchestra.run.smithi110.stderr:/usr/bin/ceph:
2024-02-23T00:33:50.251+0000 7fbc7c0c8700 1 Processor -- start
2024-02-23T00:33:50.255 INFO:teuthology.orchestra.run.smithi110.stderr:/usr/bin/ceph:
2024-02-23T00:33:50.251+0000 7fbc7c0c8700 1 -- start start
2024-02-23T00:33:50.255 INFO:teuthology.orchestra.run.smithi110.stderr:/usr/bin/ceph:
2024-02-23T00:33:50.251+0000 7fbc7c0c8700 1 --2- >> [v2:172.21.15.110:3300/0,v1:172.21.15.110:6789/0] conn(0x7fbc740fad90 0x7fbc7410cd80 unknown :-1 s=NONE pgs=0 cs=0 l=1 rev1=0 rx=0 tx=0).connect
2024-02-23T00:33:50.256 INFO:teuthology.orchestra.run.smithi110.stderr:/usr/bin/ceph:
2024-02-23T00:33:50.251+0000 7fbc7c0c8700 1 -- --> [v2:172.21.15.110:3300/0,v1:172.21.15.110:6789/0] -- mon_getmap magic: 0 v1 -- 0x7fbc7410d270 con 0x7fbc740fad90
2024-02-23T00:33:50.256 INFO:teuthology.orchestra.run.smithi110.stderr:/usr/bin/ceph:
2024-02-23T00:33:50.251+0000 7fbc79e64700 1 --2- >> [v2:172.21.15.110:3300/0,v1:172.21.15.110:6789/0] conn(0x7fbc740fad90 0x7fbc7410cd80 unknown :-1 s=BANNER_CONNECTING pgs=0 cs=0 l=1 rev1=0 rx=0 tx=0)._handle_peer_banner_payload supported=1 required=0
2024-02-23T00:33:50.256 INFO:teuthology.orchestra.run.smithi110.stderr:/usr/bin/ceph:
2024-02-23T00:33:50.251+0000 7fbc79e64700 1 --2- >> [v2:172.21.15.110:3300/0,v1:172.21.15.110:6789/0] conn(0x7fbc740fad90 0x7fbc7410cd80 unknown :-1 s=HELLO_CONNECTING pgs=0 cs=0 l=1 rev1=1 rx=0 tx=0).handle_hello peer v2:172.21.15.110:3300/0 says I am v2:172.21.15.110:53678/0 (socket says 172.21.15.110:53678)
2024-02-23T00:33:50.256 INFO:teuthology.orchestra.run.smithi110.stderr:/usr/bin/ceph:
2024-02-23T00:33:50.251+0000 7fbc79e64700 1 -- 172.21.15.110:0/941816119 learned_addr learned my addr 172.21.15.110:0/941816119 (peer_addr_for_me v2:172.21.15.110:0/0)
2024-02-23T00:33:50.257 INFO:teuthology.orchestra.run.smithi110.stderr:/usr/bin/ceph:
2024-02-23T00:33:50.252+0000 7fbc79e64700 1 -- 172.21.15.110:0/941816119 --> [v2:172.21.15.110:3300/0,v1:172.21.15.110:6789/0] -- mon_subscribe({config=0+,monmap=0+}) v3 -- 0x7fbc7000b480 con 0x7fbc740fad90
2024-02-23T00:33:50.257 INFO:teuthology.orchestra.run.smithi110.stderr:/usr/bin/ceph:
2024-02-23T00:33:50.252+0000 7fbc79e64700 1 --2- 172.21.15.110:0/941816119 >> [v2:172.21.15.110:3300/0,v1:172.21.15.110:6789/0] conn(0x7fbc740fad90 0x7fbc7410cd80 secure :-1 s=READY pgs=30 cs=0 l=1 rev1=1 rx=0x7fbc70000c00 tx=0x7fbc70006f70).ready entity=mon.0 client_cookie=0 server_cookie=0 in_seq=0 out_seq=0
2024-02-23T00:33:50.257 INFO:teuthology.orchestra.run.smithi110.stderr:/usr/bin/ceph:
2024-02-23T00:33:50.252+0000 7fbc627fc700 1 -- 172.21.15.110:0/941816119 <== mon.0 v2:172.21.15.110:3300/0 1 ==== mon_map magic: 0 v1 ==== 229+0+0 (secure 0 0 0) 0x7fbc7000f820 con 0x7fbc740fad90
2024-02-23T00:33:50.257 INFO:teuthology.orchestra.run.smithi110.stderr:/usr/bin/ceph:
2024-02-23T00:33:50.252+0000 7fbc627fc700 1 -- 172.21.15.110:0/941816119 <== mon.0 v2:172.21.15.110:3300/0 2 ==== config(26 keys) v1 ==== 1045+0+0 (secure 0 0 0) 0x7fbc7000fe10 con 0x7fbc740fad90
2024-02-23T00:33:50.258 INFO:teuthology.orchestra.run.smithi110.stderr:/usr/bin/ceph:
2024-02-23T00:33:50.252+0000 7fbc7c0c8700 1 -- 172.21.15.110:0/941816119 --> [v2:172.21.15.110:3300/0,v1:172.21.15.110:6789/0] -- mon_subscribe({mgrmap=0+}) v3 -- 0x7fbc7410d470 con 0x7fbc740fad90
2024-02-23T00:33:50.258 INFO:teuthology.orchestra.run.smithi110.stderr:/usr/bin/ceph:
2024-02-23T00:33:50.252+0000 7fbc627fc700 1 -- 172.21.15.110:0/941816119 <== mon.0 v2:172.21.15.110:3300/0 3 ==== mon_map magic: 0 v1 ==== 229+0+0 (secure 0 0 0) 0x7fbc70019e20 con 0x7fbc740fad90
2024-02-23T00:33:50.258 INFO:teuthology.orchestra.run.smithi110.stderr:/usr/bin/ceph:
2024-02-23T00:33:50.252+0000 7fbc7c0c8700 1 -- 172.21.15.110:0/941816119 --> [v2:172.21.15.110:3300/0,v1:172.21.15.110:6789/0] -- mon_subscribe({osdmap=0}) v3 -- 0x7fbc7410e080 con 0x7fbc740fad90
2024-02-23T00:33:50.258 INFO:teuthology.orchestra.run.smithi110.stderr:/usr/bin/ceph:
2024-02-23T00:33:50.253+0000 7fbc627fc700 1 -- 172.21.15.110:0/941816119 <== mon.0 v2:172.21.15.110:3300/0 4 ==== mgrmap(e 8) v1 ==== 36120+0+0 (secure 0 0 0) 0x7fbc70016030 con 0x7fbc740fad90
2024-02-23T00:33:50.258 INFO:teuthology.orchestra.run.smithi110.stderr:/usr/bin/ceph:
2024-02-23T00:33:50.253+0000 7fbc627fc700 1 --2- 172.21.15.110:0/941816119 >> [v2:172.21.15.110:6800/1159472721,v1:172.21.15.110:6801/1159472721] conn(0x7fbc5c02fe10 0x7fbc5c0322d0 unknown :-1 s=NONE pgs=0 cs=0 l=1 rev1=0 rx=0 tx=0).connect
2024-02-23T00:33:50.258 INFO:teuthology.orchestra.run.smithi110.stderr:/usr/bin/ceph:
2024-02-23T00:33:50.253+0000 7fbc627fc700 1 -- 172.21.15.110:0/941816119 <== mon.0 v2:172.21.15.110:3300/0 5 ==== osd_map(2..2 src has 1..2) v4 ==== 926+0+0 (secure 0 0 0) 0x7fbc70041b90 con 0x7fbc740fad90
2024-02-23T00:33:50.258 INFO:teuthology.orchestra.run.smithi110.stderr:/usr/bin/ceph:
2024-02-23T00:33:50.253+0000 7fbc79663700 1 --2- 172.21.15.110:0/941816119 >> [v2:172.21.15.110:6800/1159472721,v1:172.21.15.110:6801/1159472721] conn(0x7fbc5c02fe10 0x7fbc5c0322d0 unknown :-1 s=BANNER_CONNECTING pgs=0 cs=0 l=1 rev1=0 rx=0 tx=0)._handle_peer_banner_payload supported=1 required=0
2024-02-23T00:33:50.258 INFO:teuthology.orchestra.run.smithi110.stderr:/usr/bin/ceph:
2024-02-23T00:33:50.253+0000 7fbc7c0c8700 1 -- 172.21.15.110:0/941816119 --> [v2:172.21.15.110:3300/0,v1:172.21.15.110:6789/0] -- mon_command({"prefix": "get_command_descriptions"} v 0) v1 -- 0x7fbc74059100 con 0x7fbc740fad90
2024-02-23T00:33:50.258 INFO:teuthology.orchestra.run.smithi110.stderr:/usr/bin/ceph:
2024-02-23T00:33:50.254+0000 7fbc79663700 1 --2- 172.21.15.110:0/941816119 >> [v2:172.21.15.110:6800/1159472721,v1:172.21.15.110:6801/1159472721] conn(0x7fbc5c02fe10 0x7fbc5c0322d0 secure :-1 s=READY pgs=6 cs=0 l=1 rev1=1 rx=0x7fbc640096a0 tx=0x7fbc64006b40).ready entity=mgr.14114 client_cookie=0 server_cookie=0 in_seq=0 out_seq=0
2024-02-23T00:33:50.260 INFO:teuthology.orchestra.run.smithi110.stderr:/usr/bin/ceph:
2024-02-23T00:33:50.258+0000 7fbc627fc700 1 -- 172.21.15.110:0/941816119 <== mon.0 v2:172.21.15.110:3300/0 6 ==== mon_command_ack([{"prefix": "get_command_descriptions"}]=0 v0) v1 ==== 72+0+152212 (secure 0 0 0) 0x7fbc70014070 con 0x7fbc740fad90
2024-02-23T00:33:50.439 INFO:teuthology.orchestra.run.smithi110.stderr:/usr/bin/ceph:
2024-02-23T00:33:50.435+0000 7fbc7c0c8700 1 -- 172.21.15.110:0/941816119 --> [v2:172.21.15.110:6800/1159472721,v1:172.21.15.110:6801/1159472721] -- mgr_command(tid 0: {"prefix": "orch set backend", "module_name": "cephadm", "target": ["mon-mgr", ""]}) v1 -- 0x7fbc740fcc20 con 0x7fbc5c02fe10
2024-02-23T00:33:50.442 INFO:teuthology.orchestra.run.smithi110.stderr:/usr/bin/ceph:
2024-02-23T00:33:50.440+0000 7fbc627fc700 1 -- 172.21.15.110:0/941816119 <== mgr.14114 v2:172.21.15.110:6800/1159472721 1 ==== mgr_command_reply(tid 0: 0 ) v1 ==== 8+0+0 (secure 0 0 0) 0x7fbc740fcc20 con 0x7fbc5c02fe10
2024-02-23T00:33:50.445 INFO:teuthology.orchestra.run.smithi110.stderr:/usr/bin/ceph:
2024-02-23T00:33:50.442+0000 7fbc7c0c8700 1 -- 172.21.15.110:0/941816119 >> [v2:172.21.15.110:6800/1159472721,v1:172.21.15.110:6801/1159472721] conn(0x7fbc5c02fe10 msgr2=0x7fbc5c0322d0 secure :-1 s=STATE_CONNECTION_ESTABLISHED l=1).mark_down
2024-02-23T00:33:50.445 INFO:teuthology.orchestra.run.smithi110.stderr:/usr/bin/ceph:
2024-02-23T00:33:50.442+0000 7fbc7c0c8700 1 --2- 172.21.15.110:0/941816119 >> [v2:172.21.15.110:6800/1159472721,v1:172.21.15.110:6801/1159472721] conn(0x7fbc5c02fe10 0x7fbc5c0322d0 secure :-1 s=READY pgs=6 cs=0 l=1 rev1=1 rx=0x7fbc640096a0 tx=0x7fbc64006b40).stop
2024-02-23T00:33:50.445 INFO:teuthology.orchestra.run.smithi110.stderr:/usr/bin/ceph:
2024-02-23T00:33:50.442+0000 7fbc7c0c8700 1 -- 172.21.15.110:0/941816119 >> [v2:172.21.15.110:3300/0,v1:172.21.15.110:6789/0] conn(0x7fbc740fad90 msgr2=0x7fbc7410cd80 secure :-1 s=STATE_CONNECTION_ESTABLISHED l=1).mark_down
2024-02-23T00:33:50.446 INFO:teuthology.orchestra.run.smithi110.stderr:/usr/bin/ceph:
2024-02-23T00:33:50.442+0000 7fbc7c0c8700 1 --2- 172.21.15.110:0/941816119 >> [v2:172.21.15.110:3300/0,v1:172.21.15.110:6789/0] conn(0x7fbc740fad90 0x7fbc7410cd80 secure :-1 s=READY pgs=30 cs=0 l=1 rev1=1 rx=0x7fbc70000c00 tx=0x7fbc70006f70).stop
2024-02-23T00:33:50.446 INFO:teuthology.orchestra.run.smithi110.stderr:/usr/bin/ceph:
2024-02-23T00:33:50.442+0000 7fbc7c0c8700 1 -- 172.21.15.110:0/941816119 shutdown_connections
2024-02-23T00:33:50.446 INFO:teuthology.orchestra.run.smithi110.stderr:/usr/bin/ceph:
2024-02-23T00:33:50.442+0000 7fbc7c0c8700 1 --2- 172.21.15.110:0/941816119 >> [v2:172.21.15.110:6800/1159472721,v1:172.21.15.110:6801/1159472721] conn(0x7fbc5c02fe10 0x7fbc5c0322d0 unknown :-1 s=CLOSED pgs=6 cs=0 l=1 rev1=1 rx=0 tx=0).stop
2024-02-23T00:33:50.446 INFO:teuthology.orchestra.run.smithi110.stderr:/usr/bin/ceph:
2024-02-23T00:33:50.442+0000 7fbc7c0c8700 1 --2- 172.21.15.110:0/941816119 >> [v2:172.21.15.110:3300/0,v1:172.21.15.110:6789/0] conn(0x7fbc740fad90 0x7fbc7410cd80 unknown :-1 s=CLOSED pgs=30 cs=0 l=1 rev1=1 rx=0 tx=0).stop
2024-02-23T00:33:50.446 INFO:teuthology.orchestra.run.smithi110.stderr:/usr/bin/ceph:
2024-02-23T00:33:50.442+0000 7fbc7c0c8700 1 -- 172.21.15.110:0/941816119 >> 172.21.15.110:0/941816119 conn(0x7fbc740f6530 msgr2=0x7fbc740ff9e0 unknown :-1 s=STATE_NONE l=0).mark_down
2024-02-23T00:33:50.446 INFO:teuthology.orchestra.run.smithi110.stderr:/usr/bin/ceph:
2024-02-23T00:33:50.442+0000 7fbc7c0c8700 1 -- 172.21.15.110:0/941816119 shutdown_connections
2024-02-23T00:33:50.446 INFO:teuthology.orchestra.run.smithi110.stderr:/usr/bin/ceph:
2024-02-23T00:33:50.442+0000 7fbc7c0c8700 1 -- 172.21.15.110:0/941816119 wait complete.
2024-02-23T00:33:51.102 INFO:teuthology.orchestra.run.smithi110.stderr:Running command: /bin/podman run --rm --ipc=host --no-hosts --net=host --entrypoint /usr/bin/ceph --init -e CONTAINER_IMAGE=docker.io/ceph/ceph:v16.2.4 -e NODE_NAME=smithi110 -e CEPH_USE_RANDOM_NONCE=1 -v /var/log/ceph/134b5146-d1e3-11ee-95c0-87774f69a715:/var/log/ceph:z -v /tmp/ceph-tmp_zxuz1td:/etc/ceph/ceph.client.admin.keyring:z -v /tmp/ceph-tmpjg47esdu:/etc/ceph/ceph.conf:z docker.io/ceph/ceph:v16.2.4 cephadm set-user root
2024-02-23T00:33:51.605 INFO:teuthology.orchestra.run.smithi110.stderr:/usr/bin/ceph:
2024-02-23T00:33:51.599+0000 7fe96ea58700 1 Processor -- start
2024-02-23T00:33:51.605 INFO:teuthology.orchestra.run.smithi110.stderr:/usr/bin/ceph:
2024-02-23T00:33:51.599+0000 7fe96ea58700 1 -- start start
2024-02-23T00:33:51.605 INFO:teuthology.orchestra.run.smithi110.stderr:/usr/bin/ceph:
2024-02-23T00:33:51.599+0000 7fe96ea58700 1 --2- >> [v2:172.21.15.110:3300/0,v1:172.21.15.110:6789/0] conn(0x7fe9680724d0 0x7fe968070a70 unknown :-1 s=NONE pgs=0 cs=0 l=0 rev1=0 rx=0 tx=0).connect
2024-02-23T00:33:51.605 INFO:teuthology.orchestra.run.smithi110.stderr:/usr/bin/ceph:
2024-02-23T00:33:51.599+0000 7fe96ea58700 1 -- --> [v2:172.21.15.110:3300/0,v1:172.21.15.110:6789/0] -- mon_getmap magic: 0 v1 -- 0x7fe9680728f0 con 0x7fe9680724d0
2024-02-23T00:33:51.605 INFO:teuthology.orchestra.run.smithi110.stderr:/usr/bin/ceph:
2024-02-23T00:33:51.599+0000 7fe967fff700 1 --2- >> [v2:172.21.15.110:3300/0,v1:172.21.15.110:6789/0] conn(0x7fe9680724d0 0x7fe968070a70 unknown :-1 s=BANNER_CONNECTING pgs=0 cs=0 l=0 rev1=0 rx=0 tx=0)._handle_peer_banner_payload supported=1 required=0
2024-02-23T00:33:51.605 INFO:teuthology.orchestra.run.smithi110.stderr:/usr/bin/ceph:
2024-02-23T00:33:51.600+0000 7fe967fff700 1 --2- >> [v2:172.21.15.110:3300/0,v1:172.21.15.110:6789/0] conn(0x7fe9680724d0 0x7fe968070a70 unknown :-1 s=HELLO_CONNECTING pgs=0 cs=0 l=0 rev1=1 rx=0 tx=0).handle_hello peer v2:172.21.15.110:3300/0 says I am v2:172.21.15.110:53684/0 (socket says 172.21.15.110:53684)
2024-02-23T00:33:51.605 INFO:teuthology.orchestra.run.smithi110.stderr:/usr/bin/ceph:
2024-02-23T00:33:51.600+0000 7fe967fff700 1 -- 172.21.15.110:0/2541685389 learned_addr learned my addr 172.21.15.110:0/2541685389 (peer_addr_for_me v2:172.21.15.110:0/0)
2024-02-23T00:33:51.605 INFO:teuthology.orchestra.run.smithi110.stderr:/usr/bin/ceph:
2024-02-23T00:33:51.600+0000 7fe967fff700 1 -- 172.21.15.110:0/2541685389 --> [v2:172.21.15.110:3300/0,v1:172.21.15.110:6789/0] -- mon_subscribe({config=0+,monmap=0+}) v3 -- 0x7fe968070f60 con 0x7fe9680724d0
2024-02-23T00:33:51.605 INFO:teuthology.orchestra.run.smithi110.stderr:/usr/bin/ceph:
2024-02-23T00:33:51.600+0000 7fe967fff700 1 --2- 172.21.15.110:0/2541685389 >> [v2:172.21.15.110:3300/0,v1:172.21.15.110:6789/0] conn(0x7fe9680724d0 0x7fe968070a70 secure :-1 s=READY pgs=31 cs=0 l=1 rev1=1 rx=0x7fe95c00b5f0 tx=0x7fe95c006ee0).ready entity=mon.0 client_cookie=babdb6af0f552853 server_cookie=0 in_seq=0 out_seq=0
2024-02-23T00:33:51.605 INFO:teuthology.orchestra.run.smithi110.stderr:/usr/bin/ceph:
2024-02-23T00:33:51.600+0000 7fe966ffd700 1 -- 172.21.15.110:0/2541685389 <== mon.0 v2:172.21.15.110:3300/0 1 ==== mon_map magic: 0 v1 ==== 229+0+0 (secure 0 0 0) 0x7fe95c00d600 con 0x7fe9680724d0
2024-02-23T00:33:51.605 INFO:teuthology.orchestra.run.smithi110.stderr:/usr/bin/ceph:
2024-02-23T00:33:51.600+0000 7fe966ffd700 1 -- 172.21.15.110:0/2541685389 <== mon.0 v2:172.21.15.110:3300/0 2 ==== config(26 keys) v1 ==== 1045+0+0 (secure 0 0 0) 0x7fe95c00dbf0 con 0x7fe9680724d0
2024-02-23T00:33:51.605 INFO:teuthology.orchestra.run.smithi110.stderr:/usr/bin/ceph:
2024-02-23T00:33:51.600+0000 7fe966ffd700 1 -- 172.21.15.110:0/2541685389 <== mon.0 v2:172.21.15.110:3300/0 3 ==== mon_map magic: 0 v1 ==== 229+0+0 (secure 0 0 0) 0x7fe95c011cb0 con 0x7fe9680724d0
2024-02-23T00:33:51.606 INFO:teuthology.orchestra.run.smithi110.stderr:/usr/bin/ceph:
2024-02-23T00:33:51.601+0000 7fe96ea58700 1 -- 172.21.15.110:0/2541685389 >> [v2:172.21.15.110:3300/0,v1:172.21.15.110:6789/0] conn(0x7fe9680724d0 msgr2=0x7fe968070a70 secure :-1 s=STATE_CONNECTION_ESTABLISHED l=1).mark_down
2024-02-23T00:33:51.606 INFO:teuthology.orchestra.run.smithi110.stderr:/usr/bin/ceph:
2024-02-23T00:33:51.601+0000 7fe96ea58700 1 --2- 172.21.15.110:0/2541685389 >> [v2:172.21.15.110:3300/0,v1:172.21.15.110:6789/0] conn(0x7fe9680724d0 0x7fe968070a70 secure :-1 s=READY pgs=31 cs=0 l=1 rev1=1 rx=0x7fe95c00b5f0 tx=0x7fe95c006ee0).stop
2024-02-23T00:33:51.606 INFO:teuthology.orchestra.run.smithi110.stderr:/usr/bin/ceph:
2024-02-23T00:33:51.601+0000 7fe96ea58700 1 -- 172.21.15.110:0/2541685389 shutdown_connections
2024-02-23T00:33:51.606 INFO:teuthology.orchestra.run.smithi110.stderr:/usr/bin/ceph:
2024-02-23T00:33:51.601+0000 7fe96ea58700 1 --2- 172.21.15.110:0/2541685389 >> [v2:172.21.15.110:3300/0,v1:172.21.15.110:6789/0] conn(0x7fe9680724d0 0x7fe968070a70 unknown :-1 s=CLOSED pgs=31 cs=0 l=1 rev1=1 rx=0 tx=0).stop
2024-02-23T00:33:51.606 INFO:teuthology.orchestra.run.smithi110.stderr:/usr/bin/ceph:
2024-02-23T00:33:51.601+0000 7fe96ea58700 1 -- 172.21.15.110:0/2541685389 >> 172.21.15.110:0/2541685389 conn(0x7fe9680f7660 msgr2=0x7fe9680f9a80 unknown :-1 s=STATE_NONE l=0).mark_down
2024-02-23T00:33:51.606 INFO:teuthology.orchestra.run.smithi110.stderr:/usr/bin/ceph:
2024-02-23T00:33:51.601+0000 7fe96ea58700 1 -- 172.21.15.110:0/2541685389 shutdown_connections
2024-02-23T00:33:51.606 INFO:teuthology.orchestra.run.smithi110.stderr:/usr/bin/ceph:
2024-02-23T00:33:51.601+0000 7fe96ea58700 1 -- 172.21.15.110:0/2541685389 wait complete.
2024-02-23T00:33:51.606 INFO:teuthology.orchestra.run.smithi110.stderr:/usr/bin/ceph:
2024-02-23T00:33:51.601+0000 7fe96ea58700 1 Processor -- start
2024-02-23T00:33:51.606 INFO:teuthology.orchestra.run.smithi110.stderr:/usr/bin/ceph:
2024-02-23T00:33:51.602+0000 7fe96ea58700 1 -- start start
2024-02-23T00:33:51.606 INFO:teuthology.orchestra.run.smithi110.stderr:/usr/bin/ceph:
2024-02-23T00:33:51.602+0000 7fe96ea58700 1 --2- >> [v2:172.21.15.110:3300/0,v1:172.21.15.110:6789/0] conn(0x7fe9680724d0 0x7fe96810cd90 unknown :-1 s=NONE pgs=0 cs=0 l=1 rev1=0 rx=0 tx=0).connect
2024-02-23T00:33:51.606 INFO:teuthology.orchestra.run.smithi110.stderr:/usr/bin/ceph:
2024-02-23T00:33:51.602+0000 7fe96ea58700 1 -- --> [v2:172.21.15.110:3300/0,v1:172.21.15.110:6789/0] -- mon_getmap magic: 0 v1 -- 0x7fe96810d280 con 0x7fe9680724d0
2024-02-23T00:33:51.606 INFO:teuthology.orchestra.run.smithi110.stderr:/usr/bin/ceph:
2024-02-23T00:33:51.602+0000 7fe967fff700 1 --2- >> [v2:172.21.15.110:3300/0,v1:172.21.15.110:6789/0] conn(0x7fe9680724d0 0x7fe96810cd90 unknown :-1 s=BANNER_CONNECTING pgs=0 cs=0 l=1 rev1=0 rx=0 tx=0)._handle_peer_banner_payload supported=1 required=0
2024-02-23T00:33:51.606 INFO:teuthology.orchestra.run.smithi110.stderr:/usr/bin/ceph:
2024-02-23T00:33:51.602+0000 7fe967fff700 1 --2- >> [v2:172.21.15.110:3300/0,v1:172.21.15.110:6789/0] conn(0x7fe9680724d0 0x7fe96810cd90 unknown :-1 s=HELLO_CONNECTING pgs=0 cs=0 l=1 rev1=1 rx=0 tx=0).handle_hello peer v2:172.21.15.110:3300/0 says I am v2:172.21.15.110:53692/0 (socket says 172.21.15.110:53692)
2024-02-23T00:33:51.606 INFO:teuthology.orchestra.run.smithi110.stderr:/usr/bin/ceph:
2024-02-23T00:33:51.602+0000 7fe967fff700 1 -- 172.21.15.110:0/728070013 learned_addr learned my addr 172.21.15.110:0/728070013 (peer_addr_for_me v2:172.21.15.110:0/0)
2024-02-23T00:33:51.608 INFO:teuthology.orchestra.run.smithi110.stderr:/usr/bin/ceph:
2024-02-23T00:33:51.602+0000 7fe967fff700 1 -- 172.21.15.110:0/728070013 --> [v2:172.21.15.110:3300/0,v1:172.21.15.110:6789/0] -- mon_subscribe({config=0+,monmap=0+}) v3 -- 0x7fe95c00b200 con 0x7fe9680724d0
2024-02-23T00:33:51.608 INFO:teuthology.orchestra.run.smithi110.stderr:/usr/bin/ceph:
2024-02-23T00:33:51.602+0000 7fe967fff700 1 --2- 172.21.15.110:0/728070013 >> [v2:172.21.15.110:3300/0,v1:172.21.15.110:6789/0] conn(0x7fe9680724d0 0x7fe96810cd90 secure :-1 s=READY pgs=32 cs=0 l=1 rev1=1 rx=0x7fe95c006800 tx=0x7fe95c006ee0).ready entity=mon.0 client_cookie=0 server_cookie=0 in_seq=0 out_seq=0
2024-02-23T00:33:51.608 INFO:teuthology.orchestra.run.smithi110.stderr:/usr/bin/ceph:
2024-02-23T00:33:51.603+0000 7fe964ff9700 1 -- 172.21.15.110:0/728070013 <== mon.0 v2:172.21.15.110:3300/0 1 ==== mon_map magic: 0 v1 ==== 229+0+0 (secure 0 0 0) 0x7fe95c01b570 con 0x7fe9680724d0
2024-02-23T00:33:51.608 INFO:teuthology.orchestra.run.smithi110.stderr:/usr/bin/ceph:
2024-02-23T00:33:51.603+0000 7fe96ea58700 1 -- 172.21.15.110:0/728070013 --> [v2:172.21.15.110:3300/0,v1:172.21.15.110:6789/0] -- mon_subscribe({mgrmap=0+}) v3 -- 0x7fe96810d480 con 0x7fe9680724d0
2024-02-23T00:33:51.608 INFO:teuthology.orchestra.run.smithi110.stderr:/usr/bin/ceph:
2024-02-23T00:33:51.603+0000 7fe964ff9700 1 -- 172.21.15.110:0/728070013 <== mon.0 v2:172.21.15.110:3300/0 2 ==== config(26 keys) v1 ==== 1045+0+0 (secure 0 0 0) 0x7fe95c01bb60 con 0x7fe9680724d0
2024-02-23T00:33:51.608 INFO:teuthology.orchestra.run.smithi110.stderr:/usr/bin/ceph:
2024-02-23T00:33:51.603+0000 7fe964ff9700 1 -- 172.21.15.110:0/728070013 <== mon.0 v2:172.21.15.110:3300/0 3 ==== mon_map magic: 0 v1 ==== 229+0+0 (secure 0 0 0) 0x7fe95c01a9f0 con 0x7fe9680724d0
2024-02-23T00:33:51.609 INFO:teuthology.orchestra.run.smithi110.stderr:/usr/bin/ceph:
2024-02-23T00:33:51.603+0000 7fe96ea58700 1 -- 172.21.15.110:0/728070013 --> [v2:172.21.15.110:3300/0,v1:172.21.15.110:6789/0] -- mon_subscribe({osdmap=0}) v3 -- 0x7fe96810e0c0 con 0x7fe9680724d0
2024-02-23T00:33:51.609 INFO:teuthology.orchestra.run.smithi110.stderr:/usr/bin/ceph:
2024-02-23T00:33:51.603+0000 7fe964ff9700 1 -- 172.21.15.110:0/728070013 <== mon.0 v2:172.21.15.110:3300/0 4 ==== mgrmap(e 8) v1 ==== 36120+0+0 (secure 0 0 0) 0x7fe95c00f070 con 0x7fe9680724d0
2024-02-23T00:33:51.609 INFO:teuthology.orchestra.run.smithi110.stderr:/usr/bin/ceph:
2024-02-23T00:33:51.604+0000 7fe96ea58700 1 -- 172.21.15.110:0/728070013 --> [v2:172.21.15.110:3300/0,v1:172.21.15.110:6789/0] -- mon_command({"prefix": "get_command_descriptions"} v 0) v1 -- 0x7fe96810d910 con 0x7fe9680724d0
2024-02-23T00:33:51.609 INFO:teuthology.orchestra.run.smithi110.stderr:/usr/bin/ceph:
2024-02-23T00:33:51.604+0000 7fe964ff9700 1 --2- 172.21.15.110:0/728070013 >> [v2:172.21.15.110:6800/1159472721,v1:172.21.15.110:6801/1159472721] conn(0x7fe95402fe70 0x7fe954032330 unknown :-1 s=NONE pgs=0 cs=0 l=1 rev1=0 rx=0 tx=0).connect
2024-02-23T00:33:51.609 INFO:teuthology.orchestra.run.smithi110.stderr:/usr/bin/ceph:
2024-02-23T00:33:51.604+0000 7fe964ff9700 1 -- 172.21.15.110:0/728070013 <== mon.0 v2:172.21.15.110:3300/0 5 ==== osd_map(2..2 src has 1..2) v4 ==== 926+0+0 (secure 0 0 0) 0x7fe95c0413b0 con 0x7fe9680724d0
2024-02-23T00:33:51.609 INFO:teuthology.orchestra.run.smithi110.stderr:/usr/bin/ceph:
2024-02-23T00:33:51.604+0000 7fe9677fe700 1 --2- 172.21.15.110:0/728070013 >> [v2:172.21.15.110:6800/1159472721,v1:172.21.15.110:6801/1159472721] conn(0x7fe95402fe70 0x7fe954032330 unknown :-1 s=BANNER_CONNECTING pgs=0 cs=0 l=1 rev1=0 rx=0 tx=0)._handle_peer_banner_payload supported=1 required=0
2024-02-23T00:33:51.609 INFO:teuthology.orchestra.run.smithi110.stderr:/usr/bin/ceph:
2024-02-23T00:33:51.604+0000 7fe9677fe700 1 --2- 172.21.15.110:0/728070013 >> [v2:172.21.15.110:6800/1159472721,v1:172.21.15.110:6801/1159472721] conn(0x7fe95402fe70 0x7fe954032330 secure :-1 s=READY pgs=7 cs=0 l=1 rev1=1 rx=0x7fe9580096a0 tx=0x7fe958006b40).ready entity=mgr.14114 client_cookie=0 server_cookie=0 in_seq=0 out_seq=0
2024-02-23T00:33:51.610 INFO:teuthology.orchestra.run.smithi110.stderr:/usr/bin/ceph:
2024-02-23T00:33:51.608+0000 7fe964ff9700 1 -- 172.21.15.110:0/728070013 <== mon.0 v2:172.21.15.110:3300/0 6 ==== mon_command_ack([{"prefix": "get_command_descriptions"}]=0 v0) v1 ==== 72+0+152212 (secure 0 0 0) 0x7fe95c01ab50 con 0x7fe9680724d0
2024-02-23T00:33:51.762 INFO:teuthology.orchestra.run.smithi110.stderr:/usr/bin/ceph:
2024-02-23T00:33:51.759+0000 7fe96ea58700 1 -- 172.21.15.110:0/728070013 --> [v2:172.21.15.110:6800/1159472721,v1:172.21.15.110:6801/1159472721] -- mgr_command(tid 0: {"prefix": "cephadm set-user", "user": "root", "target": ["mon-mgr", ""]}) v1 -- 0x7fe96810e300 con 0x7fe95402fe70
2024-02-23T00:33:51.762 INFO:teuthology.orchestra.run.smithi110.stderr:/usr/bin/ceph:
2024-02-23T00:33:51.760+0000 7fe964ff9700 1 -- 172.21.15.110:0/728070013 <== mgr.14114 v2:172.21.15.110:6800/1159472721 1 ==== mgr_command_reply(tid 0: 0 ) v1 ==== 8+0+16 (secure 0 0 0) 0x7fe96810e300 con 0x7fe95402fe70
2024-02-23T00:33:51.762 INFO:teuthology.orchestra.run.smithi110.stderr:/usr/bin/ceph: value unchanged
2024-02-23T00:33:51.765 INFO:teuthology.orchestra.run.smithi110.stderr:/usr/bin/ceph:
2024-02-23T00:33:51.761+0000 7fe96ea58700 1 -- 172.21.15.110:0/728070013 >> [v2:172.21.15.110:6800/1159472721,v1:172.21.15.110:6801/1159472721] conn(0x7fe95402fe70 msgr2=0x7fe954032330 secure :-1 s=STATE_CONNECTION_ESTABLISHED l=1).mark_down
2024-02-23T00:33:51.765 INFO:teuthology.orchestra.run.smithi110.stderr:/usr/bin/ceph:
2024-02-23T00:33:51.761+0000 7fe96ea58700 1 --2- 172.21.15.110:0/728070013 >> [v2:172.21.15.110:6800/1159472721,v1:172.21.15.110:6801/1159472721] conn(0x7fe95402fe70 0x7fe954032330 secure :-1 s=READY pgs=7 cs=0 l=1 rev1=1 rx=0x7fe9580096a0 tx=0x7fe958006b40).stop
2024-02-23T00:33:51.765 INFO:teuthology.orchestra.run.smithi110.stderr:/usr/bin/ceph:
2024-02-23T00:33:51.761+0000 7fe96ea58700 1 -- 172.21.15.110:0/728070013 >> [v2:172.21.15.110:3300/0,v1:172.21.15.110:6789/0] conn(0x7fe9680724d0 msgr2=0x7fe96810cd90 secure :-1 s=STATE_CONNECTION_ESTABLISHED l=1).mark_down
2024-02-23T00:33:51.765 INFO:teuthology.orchestra.run.smithi110.stderr:/usr/bin/ceph:
2024-02-23T00:33:51.761+0000 7fe96ea58700 1 --2- 172.21.15.110:0/728070013 >> [v2:172.21.15.110:3300/0,v1:172.21.15.110:6789/0] conn(0x7fe9680724d0 0x7fe96810cd90 secure :-1 s=READY pgs=32 cs=0 l=1 rev1=1 rx=0x7fe95c006800 tx=0x7fe95c006ee0).stop
2024-02-23T00:33:51.765 INFO:teuthology.orchestra.run.smithi110.stderr:/usr/bin/ceph:
2024-02-23T00:33:51.761+0000 7fe96ea58700 1 -- 172.21.15.110:0/728070013 shutdown_connections
2024-02-23T00:33:51.765 INFO:teuthology.orchestra.run.smithi110.stderr:/usr/bin/ceph:
2024-02-23T00:33:51.761+0000 7fe96ea58700 1 --2- 172.21.15.110:0/728070013 >> [v2:172.21.15.110:6800/1159472721,v1:172.21.15.110:6801/1159472721] conn(0x7fe95402fe70 0x7fe954032330 unknown :-1 s=CLOSED pgs=7 cs=0 l=1 rev1=1 rx=0 tx=0).stop
2024-02-23T00:33:51.765 INFO:teuthology.orchestra.run.smithi110.stderr:/usr/bin/ceph:
2024-02-23T00:33:51.761+0000 7fe96ea58700 1 --2- 172.21.15.110:0/728070013 >> [v2:172.21.15.110:3300/0,v1:172.21.15.110:6789/0] conn(0x7fe9680724d0 0x7fe96810cd90 unknown :-1 s=CLOSED pgs=32 cs=0 l=1 rev1=1 rx=0 tx=0).stop
2024-02-23T00:33:51.765 INFO:teuthology.orchestra.run.smithi110.stderr:/usr/bin/ceph:
2024-02-23T00:33:51.761+0000 7fe96ea58700 1 -- 172.21.15.110:0/728070013 >> 172.21.15.110:0/728070013 conn(0x7fe9680f7660 msgr2=0x7fe9680f8ff0 unknown :-1 s=STATE_NONE l=0).mark_down
2024-02-23T00:33:51.766 INFO:teuthology.orchestra.run.smithi110.stderr:/usr/bin/ceph:
2024-02-23T00:33:51.762+0000 7fe96ea58700 1 -- 172.21.15.110:0/728070013 shutdown_connections
2024-02-23T00:33:51.766 INFO:teuthology.orchestra.run.smithi110.stderr:/usr/bin/ceph:
2024-02-23T00:33:51.762+0000 7fe96ea58700 1 -- 172.21.15.110:0/728070013 wait complete.
2024-02-23T00:33:51.786 INFO:journalctl@ceph.mon.smithi110.smithi110.stdout:Feb 23 00:33:51 smithi110 ceph-134b5146-d1e3-11ee-95c0-87774f69a715-mon.smithi110[38132]: audit
2024-02-23T00:33:50.438082+0000 mgr.smithi110.pgbfms (mgr.14114) 3 : audit [DBG] from='client.14124 -' entity='client.admin' cmd=[{"prefix": "orch set backend", "module_name": "cephadm", "target": ["mon-mgr", ""]}]: dispatch
2024-02-23T00:33:51.787 INFO:journalctl@ceph.mon.smithi110.smithi110.stdout:Feb 23 00:33:51 smithi110 ceph-134b5146-d1e3-11ee-95c0-87774f69a715-mon.smithi110[38132]: audit
2024-02-23T00:33:50.441697+0000 mon.smithi110 (mon.0) 50 : audit [INF] from='mgr.14114 172.21.15.110:0/970093288' entity='mgr.smithi110.pgbfms'
2024-02-23T00:33:51.787 INFO:journalctl@ceph.mon.smithi110.smithi110.stdout:Feb 23 00:33:51 smithi110 ceph-134b5146-d1e3-11ee-95c0-87774f69a715-mon.smithi110[38132]: audit
2024-02-23T00:33:50.445628+0000 mon.smithi110 (mon.0) 51 : audit [DBG] from='mgr.14114 172.21.15.110:0/970093288' entity='mgr.smithi110.pgbfms' cmd=[{"prefix": "config dump", "format": "json"}]: dispatch
2024-02-23T00:33:52.375 INFO:teuthology.orchestra.run.smithi110.stderr:Generating ssh key...
2024-02-23T00:33:52.375 INFO:teuthology.orchestra.run.smithi110.stderr:Running command: /bin/podman run --rm --ipc=host --no-hosts --net=host --entrypoint /usr/bin/ceph --init -e CONTAINER_IMAGE=docker.io/ceph/ceph:v16.2.4 -e NODE_NAME=smithi110 -e CEPH_USE_RANDOM_NONCE=1 -v /var/log/ceph/134b5146-d1e3-11ee-95c0-87774f69a715:/var/log/ceph:z -v /tmp/ceph-tmp_zxuz1td:/etc/ceph/ceph.client.admin.keyring:z -v /tmp/ceph-tmpjg47esdu:/etc/ceph/ceph.conf:z docker.io/ceph/ceph:v16.2.4 cephadm generate-key
2024-02-23T00:33:52.896 INFO:teuthology.orchestra.run.smithi110.stderr:/usr/bin/ceph:
2024-02-23T00:33:52.880+0000 7fc1b6ef4700 1 Processor -- start
2024-02-23T00:33:52.896 INFO:teuthology.orchestra.run.smithi110.stderr:/usr/bin/ceph:
2024-02-23T00:33:52.880+0000 7fc1b6ef4700 1 -- start start
2024-02-23T00:33:52.896 INFO:teuthology.orchestra.run.smithi110.stderr:/usr/bin/ceph:
2024-02-23T00:33:52.880+0000 7fc1b6ef4700 1 --2- >> [v2:172.21.15.110:3300/0,v1:172.21.15.110:6789/0] conn(0x7fc1b0070430 0x7fc1b00fea50 unknown :-1 s=NONE pgs=0 cs=0 l=0 rev1=0 rx=0 tx=0).connect
2024-02-23T00:33:52.896 INFO:teuthology.orchestra.run.smithi110.stderr:/usr/bin/ceph:
2024-02-23T00:33:52.880+0000 7fc1b6ef4700 1 -- --> [v2:172.21.15.110:3300/0,v1:172.21.15.110:6789/0] -- mon_getmap magic: 0 v1 -- 0x7fc1b00fef40 con 0x7fc1b0070430
2024-02-23T00:33:52.896 INFO:teuthology.orchestra.run.smithi110.stderr:/usr/bin/ceph:
2024-02-23T00:33:52.880+0000 7fc1b4c90700 1 --2- >> [v2:172.21.15.110:3300/0,v1:172.21.15.110:6789/0] conn(0x7fc1b0070430 0x7fc1b00fea50 unknown :-1 s=BANNER_CONNECTING pgs=0 cs=0 l=0 rev1=0 rx=0 tx=0)._handle_peer_banner_payload supported=1 required=0
2024-02-23T00:33:52.899 INFO:teuthology.orchestra.run.smithi110.stderr:/usr/bin/ceph:
2024-02-23T00:33:52.880+0000 7fc1b4c90700 1 --2- >> [v2:172.21.15.110:3300/0,v1:172.21.15.110:6789/0] conn(0x7fc1b0070430 0x7fc1b00fea50 unknown :-1 s=HELLO_CONNECTING pgs=0 cs=0 l=0 rev1=1 rx=0 tx=0).handle_hello peer v2:172.21.15.110:3300/0 says I am v2:172.21.15.110:53696/0 (socket says 172.21.15.110:53696)
2024-02-23T00:33:52.900 INFO:teuthology.orchestra.run.smithi110.stderr:/usr/bin/ceph:
2024-02-23T00:33:52.880+0000 7fc1b4c90700 1 -- 172.21.15.110:0/3414331660 learned_addr learned my addr 172.21.15.110:0/3414331660 (peer_addr_for_me v2:172.21.15.110:0/0)
2024-02-23T00:33:52.900 INFO:teuthology.orchestra.run.smithi110.stderr:/usr/bin/ceph:
2024-02-23T00:33:52.880+0000 7fc1b4c90700 1 -- 172.21.15.110:0/3414331660 --> [v2:172.21.15.110:3300/0,v1:172.21.15.110:6789/0] -- mon_subscribe({config=0+,monmap=0+}) v3 -- 0x7fc1b00ff080 con 0x7fc1b0070430
2024-02-23T00:33:52.900 INFO:teuthology.orchestra.run.smithi110.stderr:/usr/bin/ceph:
2024-02-23T00:33:52.880+0000 7fc1b4c90700 1 --2- 172.21.15.110:0/3414331660 >> [v2:172.21.15.110:3300/0,v1:172.21.15.110:6789/0] conn(0x7fc1b0070430 0x7fc1b00fea50 secure :-1 s=READY pgs=33 cs=0 l=1 rev1=1 rx=0x7fc1a400b5f0 tx=0x7fc1a4006ee0).ready entity=mon.0 client_cookie=e459d345f917a09a server_cookie=0 in_seq=0 out_seq=0
2024-02-23T00:33:52.900 INFO:teuthology.orchestra.run.smithi110.stderr:/usr/bin/ceph:
2024-02-23T00:33:52.880+0000 7fc1af7fe700 1 -- 172.21.15.110:0/3414331660 <== mon.0 v2:172.21.15.110:3300/0 1 ==== mon_map magic: 0 v1 ==== 229+0+0 (secure 0 0 0) 0x7fc1a400d600 con 0x7fc1b0070430
2024-02-23T00:33:52.900 INFO:teuthology.orchestra.run.smithi110.stderr:/usr/bin/ceph:
2024-02-23T00:33:52.880+0000 7fc1af7fe700 1 -- 172.21.15.110:0/3414331660 <== mon.0 v2:172.21.15.110:3300/0 2 ==== config(26 keys) v1 ==== 1045+0+0 (secure 0 0 0) 0x7fc1a400dbf0 con 0x7fc1b0070430
2024-02-23T00:33:52.900 INFO:teuthology.orchestra.run.smithi110.stderr:/usr/bin/ceph:
2024-02-23T00:33:52.880+0000 7fc1af7fe700 1 -- 172.21.15.110:0/3414331660 <== mon.0 v2:172.21.15.110:3300/0 3 ==== mon_map magic: 0 v1 ==== 229+0+0 (secure 0 0 0) 0x7fc1a4011cb0 con 0x7fc1b0070430
2024-02-23T00:33:52.900 INFO:teuthology.orchestra.run.smithi110.stderr:/usr/bin/ceph:
2024-02-23T00:33:52.881+0000 7fc1b6ef4700 1 -- 172.21.15.110:0/3414331660 >> [v2:172.21.15.110:3300/0,v1:172.21.15.110:6789/0] conn(0x7fc1b0070430 msgr2=0x7fc1b00fea50 secure :-1 s=STATE_CONNECTION_ESTABLISHED l=1).mark_down
2024-02-23T00:33:52.900 INFO:teuthology.orchestra.run.smithi110.stderr:/usr/bin/ceph:
2024-02-23T00:33:52.881+0000 7fc1b6ef4700 1 --2- 172.21.15.110:0/3414331660 >> [v2:172.21.15.110:3300/0,v1:172.21.15.110:6789/0] conn(0x7fc1b0070430 0x7fc1b00fea50 secure :-1 s=READY pgs=33 cs=0 l=1 rev1=1 rx=0x7fc1a400b5f0 tx=0x7fc1a4006ee0).stop
2024-02-23T00:33:52.900 INFO:teuthology.orchestra.run.smithi110.stderr:/usr/bin/ceph:
2024-02-23T00:33:52.881+0000 7fc1b6ef4700 1 -- 172.21.15.110:0/3414331660 shutdown_connections
2024-02-23T00:33:52.900 INFO:teuthology.orchestra.run.smithi110.stderr:/usr/bin/ceph:
2024-02-23T00:33:52.881+0000 7fc1b6ef4700 1 --2- 172.21.15.110:0/3414331660 >> [v2:172.21.15.110:3300/0,v1:172.21.15.110:6789/0] conn(0x7fc1b0070430 0x7fc1b00fea50 unknown :-1 s=CLOSED pgs=33 cs=0 l=1 rev1=1 rx=0 tx=0).stop
2024-02-23T00:33:52.900 INFO:teuthology.orchestra.run.smithi110.stderr:/usr/bin/ceph:
2024-02-23T00:33:52.881+0000 7fc1b6ef4700 1 -- 172.21.15.110:0/3414331660 >> 172.21.15.110:0/3414331660 conn(0x7fc1b00f6530 msgr2=0x7fc1b00f8950 unknown :-1 s=STATE_NONE l=0).mark_down
2024-02-23T00:33:52.901 INFO:teuthology.orchestra.run.smithi110.stderr:/usr/bin/ceph:
2024-02-23T00:33:52.881+0000 7fc1b6ef4700 1 -- 172.21.15.110:0/3414331660 shutdown_connections
2024-02-23T00:33:52.901 INFO:teuthology.orchestra.run.smithi110.stderr:/usr/bin/ceph:
2024-02-23T00:33:52.881+0000 7fc1b6ef4700 1 -- 172.21.15.110:0/3414331660 wait complete.
2024-02-23T00:33:52.901 INFO:teuthology.orchestra.run.smithi110.stderr:/usr/bin/ceph:
2024-02-23T00:33:52.881+0000 7fc1b6ef4700 1 Processor -- start
2024-02-23T00:33:52.901 INFO:teuthology.orchestra.run.smithi110.stderr:/usr/bin/ceph:
2024-02-23T00:33:52.881+0000 7fc1b6ef4700 1 -- start start
2024-02-23T00:33:52.901 INFO:teuthology.orchestra.run.smithi110.stderr:/usr/bin/ceph:
2024-02-23T00:33:52.882+0000 7fc1b6ef4700 1 --2- >> [v2:172.21.15.110:3300/0,v1:172.21.15.110:6789/0] conn(0x7fc1b0070430 0x7fc1b010ab40 unknown :-1 s=NONE pgs=0 cs=0 l=1 rev1=0 rx=0 tx=0).connect
2024-02-23T00:33:52.901 INFO:teuthology.orchestra.run.smithi110.stderr:/usr/bin/ceph:
2024-02-23T00:33:52.882+0000 7fc1b6ef4700 1 -- --> [v2:172.21.15.110:3300/0,v1:172.21.15.110:6789/0] -- mon_getmap magic: 0 v1 -- 0x7fc1b010b030 con 0x7fc1b0070430
2024-02-23T00:33:52.901 INFO:teuthology.orchestra.run.smithi110.stderr:/usr/bin/ceph:
2024-02-23T00:33:52.882+0000 7fc1b4c90700 1 --2- >> [v2:172.21.15.110:3300/0,v1:172.21.15.110:6789/0] conn(0x7fc1b0070430 0x7fc1b010ab40 unknown :-1 s=BANNER_CONNECTING pgs=0 cs=0 l=1 rev1=0 rx=0 tx=0)._handle_peer_banner_payload supported=1 required=0
2024-02-23T00:33:52.901 INFO:teuthology.orchestra.run.smithi110.stderr:/usr/bin/ceph:
2024-02-23T00:33:52.882+0000 7fc1b4c90700 1 --2- >> [v2:172.21.15.110:3300/0,v1:172.21.15.110:6789/0] conn(0x7fc1b0070430 0x7fc1b010ab40 unknown :-1 s=HELLO_CONNECTING pgs=0 cs=0 l=1 rev1=1 rx=0 tx=0).handle_hello peer v2:172.21.15.110:3300/0 says I am v2:172.21.15.110:53700/0 (socket says 172.21.15.110:53700)
2024-02-23T00:33:52.901 INFO:teuthology.orchestra.run.smithi110.stderr:/usr/bin/ceph:
2024-02-23T00:33:52.882+0000 7fc1b4c90700 1 -- 172.21.15.110:0/1649668331 learned_addr learned my addr 172.21.15.110:0/1649668331 (peer_addr_for_me v2:172.21.15.110:0/0)
2024-02-23T00:33:52.901 INFO:teuthology.orchestra.run.smithi110.stderr:/usr/bin/ceph:
2024-02-23T00:33:52.882+0000 7fc1b4c90700 1 -- 172.21.15.110:0/1649668331 --> [v2:172.21.15.110:3300/0,v1:172.21.15.110:6789/0] -- mon_subscribe({config=0+,monmap=0+}) v3 -- 0x7fc1a400b200 con 0x7fc1b0070430
2024-02-23T00:33:52.901 INFO:teuthology.orchestra.run.smithi110.stderr:/usr/bin/ceph:
2024-02-23T00:33:52.882+0000 7fc1b4c90700 1 --2- 172.21.15.110:0/1649668331 >> [v2:172.21.15.110:3300/0,v1:172.21.15.110:6789/0] conn(0x7fc1b0070430 0x7fc1b010ab40 secure :-1 s=READY pgs=34 cs=0 l=1 rev1=1 rx=0x7fc1a4006800 tx=0x7fc1a4006ee0).ready entity=mon.0 client_cookie=0 server_cookie=0 in_seq=0 out_seq=0
2024-02-23T00:33:52.901 INFO:teuthology.orchestra.run.smithi110.stderr:/usr/bin/ceph:
2024-02-23T00:33:52.882+0000 7fc1ad7fa700 1 -- 172.21.15.110:0/1649668331 <== mon.0 v2:172.21.15.110:3300/0 1 ==== mon_map magic: 0 v1 ==== 229+0+0 (secure 0 0 0) 0x7fc1a401b570 con 0x7fc1b0070430
2024-02-23T00:33:52.901 INFO:teuthology.orchestra.run.smithi110.stderr:/usr/bin/ceph:
2024-02-23T00:33:52.882+0000 7fc1ad7fa700 1 -- 172.21.15.110:0/1649668331 <== mon.0 v2:172.21.15.110:3300/0 2 ==== config(26 keys) v1 ==== 1045+0+0 (secure 0 0 0) 0x7fc1a401bb60 con 0x7fc1b0070430
2024-02-23T00:33:52.902 INFO:teuthology.orchestra.run.smithi110.stderr:/usr/bin/ceph:
2024-02-23T00:33:52.882+0000 7fc1b6ef4700 1 -- 172.21.15.110:0/1649668331 --> [v2:172.21.15.110:3300/0,v1:172.21.15.110:6789/0] -- mon_subscribe({mgrmap=0+}) v3 -- 0x7fc1b010b230 con 0x7fc1b0070430
2024-02-23T00:33:52.902 INFO:teuthology.orchestra.run.smithi110.stderr:/usr/bin/ceph:
2024-02-23T00:33:52.882+0000 7fc1ad7fa700 1 -- 172.21.15.110:0/1649668331 <== mon.0 v2:172.21.15.110:3300/0 3 ==== mon_map magic: 0 v1 ==== 229+0+0 (secure 0 0 0) 0x7fc1a401a9f0 con 0x7fc1b0070430
2024-02-23T00:33:52.902 INFO:teuthology.orchestra.run.smithi110.stderr:/usr/bin/ceph:
2024-02-23T00:33:52.882+0000 7fc1b6ef4700 1 -- 172.21.15.110:0/1649668331 --> [v2:172.21.15.110:3300/0,v1:172.21.15.110:6789/0] -- mon_subscribe({osdmap=0}) v3 -- 0x7fc1b010b6c0 con 0x7fc1b0070430
2024-02-23T00:33:52.902 INFO:teuthology.orchestra.run.smithi110.stderr:/usr/bin/ceph:
2024-02-23T00:33:52.883+0000 7fc1ad7fa700 1 -- 172.21.15.110:0/1649668331 <== mon.0 v2:172.21.15.110:3300/0 4 ==== mgrmap(e 8) v1 ==== 36120+0+0 (secure 0 0 0) 0x7fc1a400f070 con 0x7fc1b0070430
2024-02-23T00:33:52.902 INFO:teuthology.orchestra.run.smithi110.stderr:/usr/bin/ceph:
2024-02-23T00:33:52.883+0000 7fc1ad7fa700 1 --2- 172.21.15.110:0/1649668331 >> [v2:172.21.15.110:6800/1159472721,v1:172.21.15.110:6801/1159472721] conn(0x7fc19402fe10 0x7fc1940322d0 unknown :-1 s=NONE pgs=0 cs=0 l=1 rev1=0 rx=0 tx=0).connect
2024-02-23T00:33:52.902 INFO:teuthology.orchestra.run.smithi110.stderr:/usr/bin/ceph:
2024-02-23T00:33:52.883+0000 7fc1ad7fa700 1 -- 172.21.15.110:0/1649668331 <== mon.0 v2:172.21.15.110:3300/0 5 ==== osd_map(2..2 src has 1..2) v4 ==== 926+0+0 (secure 0 0 0) 0x7fc1a4041470 con 0x7fc1b0070430
2024-02-23T00:33:52.902 INFO:teuthology.orchestra.run.smithi110.stderr:/usr/bin/ceph:
2024-02-23T00:33:52.883+0000 7fc1b6ef4700 1 -- 172.21.15.110:0/1649668331 --> [v2:172.21.15.110:3300/0,v1:172.21.15.110:6789/0] -- mon_command({"prefix": "get_command_descriptions"} v 0) v1 -- 0x7fc1b0045ad0 con 0x7fc1b0070430
2024-02-23T00:33:52.902 INFO:teuthology.orchestra.run.smithi110.stderr:/usr/bin/ceph:
2024-02-23T00:33:52.883+0000 7fc1affff700 1 --2- 172.21.15.110:0/1649668331 >> [v2:172.21.15.110:6800/1159472721,v1:172.21.15.110:6801/1159472721] conn(0x7fc19402fe10 0x7fc1940322d0 unknown :-1 s=BANNER_CONNECTING pgs=0 cs=0 l=1 rev1=0 rx=0 tx=0)._handle_peer_banner_payload supported=1 required=0
2024-02-23T00:33:52.902 INFO:teuthology.orchestra.run.smithi110.stderr:/usr/bin/ceph:
2024-02-23T00:33:52.884+0000 7fc1affff700 1 --2- 172.21.15.110:0/1649668331 >> [v2:172.21.15.110:6800/1159472721,v1:172.21.15.110:6801/1159472721] conn(0x7fc19402fe10 0x7fc1940322d0 secure :-1 s=READY pgs=8 cs=0 l=1 rev1=1 rx=0x7fc19c0096a0 tx=0x7fc19c006b40).ready entity=mgr.14114 client_cookie=0 server_cookie=0 in_seq=0 out_seq=0
2024-02-23T00:33:52.902 INFO:teuthology.orchestra.run.smithi110.stderr:/usr/bin/ceph:
2024-02-23T00:33:52.887+0000 7fc1ad7fa700 1 -- 172.21.15.110:0/1649668331 <== mon.0 v2:172.21.15.110:3300/0 6 ==== mon_command_ack([{"prefix": "get_command_descriptions"}]=0 v0) v1 ==== 72+0+152212 (secure 0 0 0) 0x7fc1a4016070 con 0x7fc1b0070430
2024-02-23T00:33:52.916 INFO:journalctl@ceph.mon.smithi110.smithi110.stdout:Feb 23 00:33:52 smithi110 ceph-134b5146-d1e3-11ee-95c0-87774f69a715-mon.smithi110[38132]: audit
2024-02-23T00:33:51.761821+0000 mgr.smithi110.pgbfms (mgr.14114) 4 : audit [DBG] from='client.14126 -' entity='client.admin' cmd=[{"prefix": "cephadm set-user", "user": "root", "target": ["mon-mgr", ""]}]: dispatch
2024-02-23T00:33:53.041 INFO:teuthology.orchestra.run.smithi110.stderr:/usr/bin/ceph:
2024-02-23T00:33:53.038+0000 7fc1b6ef4700 1 -- 172.21.15.110:0/1649668331 --> [v2:172.21.15.110:6800/1159472721,v1:172.21.15.110:6801/1159472721] -- mgr_command(tid 0: {"prefix": "cephadm generate-key", "target": ["mon-mgr", ""]}) v1 -- 0x7fc1b010bf20 con 0x7fc19402fe10
2024-02-23T00:33:53.711 INFO:journalctl@ceph.mon.smithi110.smithi110.stdout:Feb 23 00:33:53 smithi110 ceph-134b5146-d1e3-11ee-95c0-87774f69a715-mon.smithi110[38132]: cephadm
2024-02-23T00:33:53.040836+0000 mgr.smithi110.pgbfms (mgr.14114) 6 : cephadm [INF] Generating ssh key...
2024-02-23T00:33:53.716 INFO:teuthology.orchestra.run.smithi110.stderr:/usr/bin/ceph:
2024-02-23T00:33:53.714+0000 7fc1ad7fa700 1 -- 172.21.15.110:0/1649668331 <== mgr.14114 v2:172.21.15.110:6800/1159472721 1 ==== mgr_command_reply(tid 0: 0 ) v1 ==== 8+0+0 (secure 0 0 0) 0x7fc1b010bf20 con 0x7fc19402fe10
