2024-02-23T00:34:11.621+0000 7f38e6ffd700 1 --2- 172.21.15.110:0/477573272 >> [v2:172.21.15.110:3300/0,v1:172.21.15.110:6789/0] conn(0x7f38e80fc4d0 0x7f38e80fc8f0 secure :-1 s=READY pgs=58 cs=0 l=1 rev1=1 rx=0x7f38dc00b5f0 tx=0x7f38dc006ee0).ready entity=mon.0 client_cookie=8e9befe484d7a360 server_cookie=0 in_seq=0 out_seq=0
2024-02-23T00:34:11.625 INFO:teuthology.orchestra.run.smithi110.stderr:/usr/bin/ceph:
2024-02-23T00:34:11.621+0000 7f38e5ffb700 1 -- 172.21.15.110:0/477573272 <== mon.0 v2:172.21.15.110:3300/0 1 ==== mon_map magic: 0 v1 ==== 229+0+0 (secure 0 0 0) 0x7f38dc00d600 con 0x7f38e80fc4d0
2024-02-23T00:34:11.625 INFO:teuthology.orchestra.run.smithi110.stderr:/usr/bin/ceph:
2024-02-23T00:34:11.621+0000 7f38e5ffb700 1 -- 172.21.15.110:0/477573272 <== mon.0 v2:172.21.15.110:3300/0 2 ==== config(26 keys) v1 ==== 1045+0+0 (secure 0 0 0) 0x7f38dc00dbf0 con 0x7f38e80fc4d0
2024-02-23T00:34:11.625 INFO:teuthology.orchestra.run.smithi110.stderr:/usr/bin/ceph:
2024-02-23T00:34:11.621+0000 7f38e5ffb700 1 -- 172.21.15.110:0/477573272 <== mon.0 v2:172.21.15.110:3300/0 3 ==== mon_map magic: 0 v1 ==== 229+0+0 (secure 0 0 0) 0x7f38dc011cb0 con 0x7f38e80fc4d0
2024-02-23T00:34:11.625 INFO:teuthology.orchestra.run.smithi110.stderr:/usr/bin/ceph:
2024-02-23T00:34:11.622+0000 7f38ed866700 1 -- 172.21.15.110:0/477573272 >> [v2:172.21.15.110:3300/0,v1:172.21.15.110:6789/0] conn(0x7f38e80fc4d0 msgr2=0x7f38e80fc8f0 secure :-1 s=STATE_CONNECTION_ESTABLISHED l=1).mark_down
2024-02-23T00:34:11.625 INFO:teuthology.orchestra.run.smithi110.stderr:/usr/bin/ceph:
2024-02-23T00:34:11.622+0000 7f38ed866700 1 --2- 172.21.15.110:0/477573272 >> [v2:172.21.15.110:3300/0,v1:172.21.15.110:6789/0] conn(0x7f38e80fc4d0 0x7f38e80fc8f0 secure :-1 s=READY pgs=58 cs=0 l=1 rev1=1 rx=0x7f38dc00b5f0 tx=0x7f38dc006ee0).stop
2024-02-23T00:34:11.625 INFO:teuthology.orchestra.run.smithi110.stderr:/usr/bin/ceph:
2024-02-23T00:34:11.622+0000 7f38ed866700 1 -- 172.21.15.110:0/477573272 shutdown_connections
2024-02-23T00:34:11.625 INFO:teuthology.orchestra.run.smithi110.stderr:/usr/bin/ceph:
2024-02-23T00:34:11.622+0000 7f38ed866700 1 --2- 172.21.15.110:0/477573272 >> [v2:172.21.15.110:3300/0,v1:172.21.15.110:6789/0] conn(0x7f38e80fc4d0 0x7f38e80fc8f0 unknown :-1 s=CLOSED pgs=58 cs=0 l=1 rev1=1 rx=0 tx=0).stop
2024-02-23T00:34:11.625 INFO:teuthology.orchestra.run.smithi110.stderr:/usr/bin/ceph:
2024-02-23T00:34:11.622+0000 7f38ed866700 1 -- 172.21.15.110:0/477573272 >> 172.21.15.110:0/477573272 conn(0x7f38e80f5d20 msgr2=0x7f38e80f8140 unknown :-1 s=STATE_NONE l=0).mark_down
2024-02-23T00:34:11.625 INFO:teuthology.orchestra.run.smithi110.stderr:/usr/bin/ceph:
2024-02-23T00:34:11.622+0000 7f38ed866700 1 -- 172.21.15.110:0/477573272 shutdown_connections
2024-02-23T00:34:11.625 INFO:teuthology.orchestra.run.smithi110.stderr:/usr/bin/ceph:
2024-02-23T00:34:11.622+0000 7f38ed866700 1 -- 172.21.15.110:0/477573272 wait complete.
2024-02-23T00:34:11.625 INFO:teuthology.orchestra.run.smithi110.stderr:/usr/bin/ceph:
2024-02-23T00:34:11.623+0000 7f38ed866700 1 Processor -- start
2024-02-23T00:34:11.626 INFO:teuthology.orchestra.run.smithi110.stderr:/usr/bin/ceph:
2024-02-23T00:34:11.623+0000 7f38ed866700 1 -- start start
2024-02-23T00:34:11.626 INFO:teuthology.orchestra.run.smithi110.stderr:/usr/bin/ceph:
2024-02-23T00:34:11.623+0000 7f38ed866700 1 --2- >> [v2:172.21.15.110:3300/0,v1:172.21.15.110:6789/0] conn(0x7f38e80fc4d0 0x7f38e810cd90 unknown :-1 s=NONE pgs=0 cs=0 l=1 rev1=0 rx=0 tx=0).connect
2024-02-23T00:34:11.626 INFO:teuthology.orchestra.run.smithi110.stderr:/usr/bin/ceph:
2024-02-23T00:34:11.623+0000 7f38ed866700 1 -- --> [v2:172.21.15.110:3300/0,v1:172.21.15.110:6789/0] -- mon_getmap magic: 0 v1 -- 0x7f38e810d280 con 0x7f38e80fc4d0
2024-02-23T00:34:11.626 INFO:teuthology.orchestra.run.smithi110.stderr:/usr/bin/ceph:
2024-02-23T00:34:11.623+0000 7f38e6ffd700 1 --2- >> [v2:172.21.15.110:3300/0,v1:172.21.15.110:6789/0] conn(0x7f38e80fc4d0 0x7f38e810cd90 unknown :-1 s=BANNER_CONNECTING pgs=0 cs=0 l=1 rev1=0 rx=0 tx=0)._handle_peer_banner_payload supported=1 required=0
2024-02-23T00:34:11.626 INFO:teuthology.orchestra.run.smithi110.stderr:/usr/bin/ceph:
2024-02-23T00:34:11.623+0000 7f38e6ffd700 1 --2- >> [v2:172.21.15.110:3300/0,v1:172.21.15.110:6789/0] conn(0x7f38e80fc4d0 0x7f38e810cd90 unknown :-1 s=HELLO_CONNECTING pgs=0 cs=0 l=1 rev1=1 rx=0 tx=0).handle_hello peer v2:172.21.15.110:3300/0 says I am v2:172.21.15.110:42918/0 (socket says 172.21.15.110:42918)
2024-02-23T00:34:11.627 INFO:teuthology.orchestra.run.smithi110.stderr:/usr/bin/ceph:
2024-02-23T00:34:11.623+0000 7f38e6ffd700 1 -- 172.21.15.110:0/1704719572 learned_addr learned my addr 172.21.15.110:0/1704719572 (peer_addr_for_me v2:172.21.15.110:0/0)
2024-02-23T00:34:11.627 INFO:teuthology.orchestra.run.smithi110.stderr:/usr/bin/ceph:
2024-02-23T00:34:11.623+0000 7f38e6ffd700 1 -- 172.21.15.110:0/1704719572 --> [v2:172.21.15.110:3300/0,v1:172.21.15.110:6789/0] -- mon_subscribe({config=0+,monmap=0+}) v3 -- 0x7f38dc00b200 con 0x7f38e80fc4d0
2024-02-23T00:34:11.627 INFO:teuthology.orchestra.run.smithi110.stderr:/usr/bin/ceph:
2024-02-23T00:34:11.623+0000 7f38e6ffd700 1 --2- 172.21.15.110:0/1704719572 >> [v2:172.21.15.110:3300/0,v1:172.21.15.110:6789/0] conn(0x7f38e80fc4d0 0x7f38e810cd90 secure :-1 s=READY pgs=59 cs=0 l=1 rev1=1 rx=0x7f38dc00bf40 tx=0x7f38dc006ee0).ready entity=mon.0 client_cookie=0 server_cookie=0 in_seq=0 out_seq=0
2024-02-23T00:34:11.627 INFO:teuthology.orchestra.run.smithi110.stderr:/usr/bin/ceph:
2024-02-23T00:34:11.623+0000 7f38cf7fe700 1 -- 172.21.15.110:0/1704719572 <== mon.0 v2:172.21.15.110:3300/0 1 ==== mon_map magic: 0 v1 ==== 229+0+0 (secure 0 0 0) 0x7f38dc01b570 con 0x7f38e80fc4d0
2024-02-23T00:34:11.627 INFO:teuthology.orchestra.run.smithi110.stderr:/usr/bin/ceph:
2024-02-23T00:34:11.623+0000 7f38ed866700 1 -- 172.21.15.110:0/1704719572 --> [v2:172.21.15.110:3300/0,v1:172.21.15.110:6789/0] -- mon_subscribe({mgrmap=0+}) v3 -- 0x7f38e810d480 con 0x7f38e80fc4d0
2024-02-23T00:34:11.627 INFO:teuthology.orchestra.run.smithi110.stderr:/usr/bin/ceph:
2024-02-23T00:34:11.623+0000 7f38cf7fe700 1 -- 172.21.15.110:0/1704719572 <== mon.0 v2:172.21.15.110:3300/0 2 ==== config(26 keys) v1 ==== 1045+0+0 (secure 0 0 0) 0x7f38dc01bb60 con 0x7f38e80fc4d0
2024-02-23T00:34:11.627 INFO:teuthology.orchestra.run.smithi110.stderr:/usr/bin/ceph:
2024-02-23T00:34:11.623+0000 7f38cf7fe700 1 -- 172.21.15.110:0/1704719572 <== mon.0 v2:172.21.15.110:3300/0 3 ==== mon_map magic: 0 v1 ==== 229+0+0 (secure 0 0 0) 0x7f38dc01aa20 con 0x7f38e80fc4d0
2024-02-23T00:34:11.627 INFO:teuthology.orchestra.run.smithi110.stderr:/usr/bin/ceph:
2024-02-23T00:34:11.623+0000 7f38ed866700 1 -- 172.21.15.110:0/1704719572 --> [v2:172.21.15.110:3300/0,v1:172.21.15.110:6789/0] -- mon_subscribe({osdmap=0}) v3 -- 0x7f38e810e0c0 con 0x7f38e80fc4d0
2024-02-23T00:34:11.627 INFO:teuthology.orchestra.run.smithi110.stderr:/usr/bin/ceph:
2024-02-23T00:34:11.624+0000 7f38cf7fe700 1 -- 172.21.15.110:0/1704719572 <== mon.0 v2:172.21.15.110:3300/0 4 ==== mgrmap(e 12) v1 ==== 36195+0+0 (secure 0 0 0) 0x7f38dc00f070 con 0x7f38e80fc4d0
2024-02-23T00:34:11.627 INFO:teuthology.orchestra.run.smithi110.stderr:/usr/bin/ceph:
2024-02-23T00:34:11.624+0000 7f38cf7fe700 1 --2- 172.21.15.110:0/1704719572 >> [v2:172.21.15.110:6800/1341390480,v1:172.21.15.110:6801/1341390480] conn(0x7f38d402ff20 0x7f38d40323e0 unknown :-1 s=NONE pgs=0 cs=0 l=1 rev1=0 rx=0 tx=0).connect
2024-02-23T00:34:11.627 INFO:teuthology.orchestra.run.smithi110.stderr:/usr/bin/ceph:
2024-02-23T00:34:11.624+0000 7f38cf7fe700 1 -- 172.21.15.110:0/1704719572 <== mon.0 v2:172.21.15.110:3300/0 5 ==== osd_map(3..3 src has 1..3) v4 ==== 1098+0+0 (secure 0 0 0) 0x7f38dc041650 con 0x7f38e80fc4d0
2024-02-23T00:34:11.627 INFO:teuthology.orchestra.run.smithi110.stderr:/usr/bin/ceph:
2024-02-23T00:34:11.624+0000 7f38e67fc700 1 --2- 172.21.15.110:0/1704719572 >> [v2:172.21.15.110:6800/1341390480,v1:172.21.15.110:6801/1341390480] conn(0x7f38d402ff20 0x7f38d40323e0 unknown :-1 s=BANNER_CONNECTING pgs=0 cs=0 l=1 rev1=0 rx=0 tx=0)._handle_peer_banner_payload supported=1 required=0
2024-02-23T00:34:11.627 INFO:teuthology.orchestra.run.smithi110.stderr:/usr/bin/ceph:
2024-02-23T00:34:11.625+0000 7f38ed866700 1 -- 172.21.15.110:0/1704719572 --> [v2:172.21.15.110:3300/0,v1:172.21.15.110:6789/0] -- mon_command({"prefix": "get_command_descriptions"} v 0) v1 -- 0x7f38e810d910 con 0x7f38e80fc4d0
2024-02-23T00:34:11.627 INFO:teuthology.orchestra.run.smithi110.stderr:/usr/bin/ceph:
2024-02-23T00:34:11.625+0000 7f38e67fc700 1 --2- 172.21.15.110:0/1704719572 >> [v2:172.21.15.110:6800/1341390480,v1:172.21.15.110:6801/1341390480] conn(0x7f38d402ff20 0x7f38d40323e0 secure :-1 s=READY pgs=7 cs=0 l=1 rev1=1 rx=0x7f38d80096a0 tx=0x7f38d8006b40).ready entity=mgr.14142 client_cookie=0 server_cookie=0 in_seq=0 out_seq=0
2024-02-23T00:34:11.630 INFO:teuthology.orchestra.run.smithi110.stderr:/usr/bin/ceph:
2024-02-23T00:34:11.629+0000 7f38cf7fe700 1 -- 172.21.15.110:0/1704719572 <== mon.0 v2:172.21.15.110:3300/0 6 ==== mon_command_ack([{"prefix": "get_command_descriptions"}]=0 v0) v1 ==== 72+0+152212 (secure 0 0 0) 0x7f38dc016070 con 0x7f38e80fc4d0
2024-02-23T00:34:11.667 INFO:journalctl@ceph.mon.smithi110.smithi110.stdout:Feb 23 00:34:11 smithi110 ceph-134b5146-d1e3-11ee-95c0-87774f69a715-mon.smithi110[38132]: cluster
2024-02-23T00:34:10.191348+0000 mon.smithi110 (mon.0) 78 : cluster [DBG] mgrmap e12: smithi110.pgbfms(active, since 2s)
2024-02-23T00:34:11.667 INFO:journalctl@ceph.mon.smithi110.smithi110.stdout:Feb 23 00:34:11 smithi110 ceph-134b5146-d1e3-11ee-95c0-87774f69a715-mon.smithi110[38132]: audit
2024-02-23T00:34:10.567876+0000 mgr.smithi110.pgbfms (mgr.14142) 3 : audit [DBG] from='client.14150 -' entity='client.admin' cmd=[{"prefix": "orch apply", "service_type": "grafana", "target": ["mon-mgr", ""]}]: dispatch
2024-02-23T00:34:11.667 INFO:journalctl@ceph.mon.smithi110.smithi110.stdout:Feb 23 00:34:11 smithi110 ceph-134b5146-d1e3-11ee-95c0-87774f69a715-mon.smithi110[38132]: cephadm
2024-02-23T00:34:10.568389+0000 mgr.smithi110.pgbfms (mgr.14142) 4 : cephadm [INF] Saving service grafana spec with placement count:1
2024-02-23T00:34:11.667 INFO:journalctl@ceph.mon.smithi110.smithi110.stdout:Feb 23 00:34:11 smithi110 ceph-134b5146-d1e3-11ee-95c0-87774f69a715-mon.smithi110[38132]: audit
2024-02-23T00:34:10.570604+0000 mon.smithi110 (mon.0) 79 : audit [INF] from='mgr.14142 172.21.15.110:0/2085911700' entity='mgr.smithi110.pgbfms'
2024-02-23T00:34:11.805 INFO:teuthology.orchestra.run.smithi110.stderr:/usr/bin/ceph:
2024-02-23T00:34:11.803+0000 7f38ed866700 1 -- 172.21.15.110:0/1704719572 --> [v2:172.21.15.110:6800/1341390480,v1:172.21.15.110:6801/1341390480] -- mgr_command(tid 0: {"prefix": "orch apply", "service_type": "node-exporter", "target": ["mon-mgr", ""]}) v1 -- 0x7f38e8102210 con 0x7f38d402ff20
2024-02-23T00:34:11.808 INFO:teuthology.orchestra.run.smithi110.stderr:/usr/bin/ceph:
2024-02-23T00:34:11.807+0000 7f38cf7fe700 1 -- 172.21.15.110:0/1704719572 <== mgr.14142 v2:172.21.15.110:6800/1341390480 1 ==== mgr_command_reply(tid 0: 0 ) v1 ==== 8+0+34 (secure 0 0 0) 0x7f38e8102210 con 0x7f38d402ff20
2024-02-23T00:34:11.808 INFO:teuthology.orchestra.run.smithi110.stderr:/usr/bin/ceph: Scheduled node-exporter update...
2024-02-23T00:34:11.811 INFO:teuthology.orchestra.run.smithi110.stderr:/usr/bin/ceph:
2024-02-23T00:34:11.809+0000 7f38ed866700 1 -- 172.21.15.110:0/1704719572 >> [v2:172.21.15.110:6800/1341390480,v1:172.21.15.110:6801/1341390480] conn(0x7f38d402ff20 msgr2=0x7f38d40323e0 secure :-1 s=STATE_CONNECTION_ESTABLISHED l=1).mark_down
2024-02-23T00:34:11.811 INFO:teuthology.orchestra.run.smithi110.stderr:/usr/bin/ceph:
2024-02-23T00:34:11.809+0000 7f38ed866700 1 --2- 172.21.15.110:0/1704719572 >> [v2:172.21.15.110:6800/1341390480,v1:172.21.15.110:6801/1341390480] conn(0x7f38d402ff20 0x7f38d40323e0 secure :-1 s=READY pgs=7 cs=0 l=1 rev1=1 rx=0x7f38d80096a0 tx=0x7f38d8006b40).stop
2024-02-23T00:34:11.811 INFO:teuthology.orchestra.run.smithi110.stderr:/usr/bin/ceph:
2024-02-23T00:34:11.809+0000 7f38ed866700 1 -- 172.21.15.110:0/1704719572 >> [v2:172.21.15.110:3300/0,v1:172.21.15.110:6789/0] conn(0x7f38e80fc4d0 msgr2=0x7f38e810cd90 secure :-1 s=STATE_CONNECTION_ESTABLISHED l=1).mark_down
2024-02-23T00:34:11.812 INFO:teuthology.orchestra.run.smithi110.stderr:/usr/bin/ceph:
2024-02-23T00:34:11.809+0000 7f38ed866700 1 --2- 172.21.15.110:0/1704719572 >> [v2:172.21.15.110:3300/0,v1:172.21.15.110:6789/0] conn(0x7f38e80fc4d0 0x7f38e810cd90 secure :-1 s=READY pgs=59 cs=0 l=1 rev1=1 rx=0x7f38dc00bf40 tx=0x7f38dc006ee0).stop
2024-02-23T00:34:11.812 INFO:teuthology.orchestra.run.smithi110.stderr:/usr/bin/ceph:
2024-02-23T00:34:11.809+0000 7f38ed866700 1 -- 172.21.15.110:0/1704719572 shutdown_connections
2024-02-23T00:34:11.812 INFO:teuthology.orchestra.run.smithi110.stderr:/usr/bin/ceph:
2024-02-23T00:34:11.809+0000 7f38ed866700 1 --2- 172.21.15.110:0/1704719572 >> [v2:172.21.15.110:6800/1341390480,v1:172.21.15.110:6801/1341390480] conn(0x7f38d402ff20 0x7f38d40323e0 unknown :-1 s=CLOSED pgs=7 cs=0 l=1 rev1=1 rx=0 tx=0).stop
2024-02-23T00:34:11.812 INFO:teuthology.orchestra.run.smithi110.stderr:/usr/bin/ceph:
2024-02-23T00:34:11.809+0000 7f38ed866700 1 --2- 172.21.15.110:0/1704719572 >> [v2:172.21.15.110:3300/0,v1:172.21.15.110:6789/0] conn(0x7f38e80fc4d0 0x7f38e810cd90 unknown :-1 s=CLOSED pgs=59 cs=0 l=1 rev1=1 rx=0 tx=0).stop
2024-02-23T00:34:11.812 INFO:teuthology.orchestra.run.smithi110.stderr:/usr/bin/ceph:
2024-02-23T00:34:11.809+0000 7f38ed866700 1 -- 172.21.15.110:0/1704719572 >> 172.21.15.110:0/1704719572 conn(0x7f38e80f5d20 msgr2=0x7f38e80f76e0 unknown :-1 s=STATE_NONE l=0).mark_down
2024-02-23T00:34:11.812 INFO:teuthology.orchestra.run.smithi110.stderr:/usr/bin/ceph:
2024-02-23T00:34:11.809+0000 7f38ed866700 1 -- 172.21.15.110:0/1704719572 shutdown_connections
2024-02-23T00:34:11.812 INFO:teuthology.orchestra.run.smithi110.stderr:/usr/bin/ceph:
2024-02-23T00:34:11.809+0000 7f38ed866700 1 -- 172.21.15.110:0/1704719572 wait complete.
2024-02-23T00:34:12.433 INFO:teuthology.orchestra.run.smithi110.stderr:Deploying alertmanager service with default placement...
2024-02-23T00:34:12.433 INFO:teuthology.orchestra.run.smithi110.stderr:Running command: /bin/podman run --rm --ipc=host --no-hosts --net=host --entrypoint /usr/bin/ceph --init -e CONTAINER_IMAGE=docker.io/ceph/ceph:v16.2.4 -e NODE_NAME=smithi110 -e CEPH_USE_RANDOM_NONCE=1 -v /var/log/ceph/134b5146-d1e3-11ee-95c0-87774f69a715:/var/log/ceph:z -v /tmp/ceph-tmp_zxuz1td:/etc/ceph/ceph.client.admin.keyring:z -v /tmp/ceph-tmpjg47esdu:/etc/ceph/ceph.conf:z docker.io/ceph/ceph:v16.2.4 orch apply alertmanager
2024-02-23T00:34:12.992 INFO:teuthology.orchestra.run.smithi110.stderr:/usr/bin/ceph:
2024-02-23T00:34:12.988+0000 7f5666d79700 1 Processor -- start
2024-02-23T00:34:12.992 INFO:teuthology.orchestra.run.smithi110.stderr:/usr/bin/ceph:
2024-02-23T00:34:12.989+0000 7f5666d79700 1 -- start start
2024-02-23T00:34:12.992 INFO:teuthology.orchestra.run.smithi110.stderr:/usr/bin/ceph:
2024-02-23T00:34:12.989+0000 7f5666d79700 1 --2- >> [v2:172.21.15.110:3300/0,v1:172.21.15.110:6789/0] conn(0x7f56600fab30 0x7f56600faf50 unknown :-1 s=NONE pgs=0 cs=0 l=0 rev1=0 rx=0 tx=0).connect
2024-02-23T00:34:12.993 INFO:teuthology.orchestra.run.smithi110.stderr:/usr/bin/ceph:
2024-02-23T00:34:12.989+0000 7f5666d79700 1 -- --> [v2:172.21.15.110:3300/0,v1:172.21.15.110:6789/0] -- mon_getmap magic: 0 v1 -- 0x7f56600fb440 con 0x7f56600fab30
2024-02-23T00:34:12.993 INFO:teuthology.orchestra.run.smithi110.stderr:/usr/bin/ceph:
2024-02-23T00:34:12.989+0000 7f5665d77700 1 --2- >> [v2:172.21.15.110:3300/0,v1:172.21.15.110:6789/0] conn(0x7f56600fab30 0x7f56600faf50 unknown :-1 s=BANNER_CONNECTING pgs=0 cs=0 l=0 rev1=0 rx=0 tx=0)._handle_peer_banner_payload supported=1 required=0
2024-02-23T00:34:12.993 INFO:teuthology.orchestra.run.smithi110.stderr:/usr/bin/ceph:
2024-02-23T00:34:12.989+0000 7f5665d77700 1 --2- >> [v2:172.21.15.110:3300/0,v1:172.21.15.110:6789/0] conn(0x7f56600fab30 0x7f56600faf50 unknown :-1 s=HELLO_CONNECTING pgs=0 cs=0 l=0 rev1=1 rx=0 tx=0).handle_hello peer v2:172.21.15.110:3300/0 says I am v2:172.21.15.110:42922/0 (socket says 172.21.15.110:42922)
2024-02-23T00:34:12.993 INFO:teuthology.orchestra.run.smithi110.stderr:/usr/bin/ceph:
2024-02-23T00:34:12.989+0000 7f5665d77700 1 -- 172.21.15.110:0/4090436620 learned_addr learned my addr 172.21.15.110:0/4090436620 (peer_addr_for_me v2:172.21.15.110:0/0)
2024-02-23T00:34:12.993 INFO:teuthology.orchestra.run.smithi110.stderr:/usr/bin/ceph:
2024-02-23T00:34:12.989+0000 7f5665d77700 1 -- 172.21.15.110:0/4090436620 --> [v2:172.21.15.110:3300/0,v1:172.21.15.110:6789/0] -- mon_subscribe({config=0+,monmap=0+}) v3 -- 0x7f56600fb580 con 0x7f56600fab30
2024-02-23T00:34:12.993 INFO:teuthology.orchestra.run.smithi110.stderr:/usr/bin/ceph:
2024-02-23T00:34:12.989+0000 7f5665d77700 1 --2- 172.21.15.110:0/4090436620 >> [v2:172.21.15.110:3300/0,v1:172.21.15.110:6789/0] conn(0x7f56600fab30 0x7f56600faf50 secure :-1 s=READY pgs=60 cs=0 l=1 rev1=1 rx=0x7f565c00b5f0 tx=0x7f565c006ee0).ready entity=mon.0 client_cookie=2760f7ba00cc7575 server_cookie=0 in_seq=0 out_seq=0
2024-02-23T00:34:12.993 INFO:teuthology.orchestra.run.smithi110.stderr:/usr/bin/ceph:
2024-02-23T00:34:12.990+0000 7f5664d75700 1 -- 172.21.15.110:0/4090436620 <== mon.0 v2:172.21.15.110:3300/0 1 ==== mon_map magic: 0 v1 ==== 229+0+0 (secure 0 0 0) 0x7f565c00d600 con 0x7f56600fab30
2024-02-23T00:34:12.993 INFO:teuthology.orchestra.run.smithi110.stderr:/usr/bin/ceph:
2024-02-23T00:34:12.990+0000 7f5664d75700 1 -- 172.21.15.110:0/4090436620 <== mon.0 v2:172.21.15.110:3300/0 2 ==== config(26 keys) v1 ==== 1045+0+0 (secure 0 0 0) 0x7f565c00dbf0 con 0x7f56600fab30
2024-02-23T00:34:12.993 INFO:teuthology.orchestra.run.smithi110.stderr:/usr/bin/ceph:
2024-02-23T00:34:12.990+0000 7f5664d75700 1 -- 172.21.15.110:0/4090436620 <== mon.0 v2:172.21.15.110:3300/0 3 ==== mon_map magic: 0 v1 ==== 229+0+0 (secure 0 0 0) 0x7f565c011cb0 con 0x7f56600fab30
2024-02-23T00:34:12.993 INFO:teuthology.orchestra.run.smithi110.stderr:/usr/bin/ceph:
2024-02-23T00:34:12.990+0000 7f5666d79700 1 -- 172.21.15.110:0/4090436620 >> [v2:172.21.15.110:3300/0,v1:172.21.15.110:6789/0] conn(0x7f56600fab30 msgr2=0x7f56600faf50 secure :-1 s=STATE_CONNECTION_ESTABLISHED l=1).mark_down
2024-02-23T00:34:12.993 INFO:teuthology.orchestra.run.smithi110.stderr:/usr/bin/ceph:
2024-02-23T00:34:12.990+0000 7f5666d79700 1 --2- 172.21.15.110:0/4090436620 >> [v2:172.21.15.110:3300/0,v1:172.21.15.110:6789/0] conn(0x7f56600fab30 0x7f56600faf50 secure :-1 s=READY pgs=60 cs=0 l=1 rev1=1 rx=0x7f565c00b5f0 tx=0x7f565c006ee0).stop
2024-02-23T00:34:12.993 INFO:teuthology.orchestra.run.smithi110.stderr:/usr/bin/ceph:
2024-02-23T00:34:12.990+0000 7f5666d79700 1 -- 172.21.15.110:0/4090436620 shutdown_connections
2024-02-23T00:34:12.993 INFO:teuthology.orchestra.run.smithi110.stderr:/usr/bin/ceph:
2024-02-23T00:34:12.990+0000 7f5666d79700 1 --2- 172.21.15.110:0/4090436620 >> [v2:172.21.15.110:3300/0,v1:172.21.15.110:6789/0] conn(0x7f56600fab30 0x7f56600faf50 unknown :-1 s=CLOSED pgs=60 cs=0 l=1 rev1=1 rx=0 tx=0).stop
2024-02-23T00:34:12.994 INFO:teuthology.orchestra.run.smithi110.stderr:/usr/bin/ceph:
2024-02-23T00:34:12.990+0000 7f5666d79700 1 -- 172.21.15.110:0/4090436620 >> 172.21.15.110:0/4090436620 conn(0x7f56600f6390 msgr2=0x7f56600f87b0 unknown :-1 s=STATE_NONE l=0).mark_down
2024-02-23T00:34:12.994 INFO:teuthology.orchestra.run.smithi110.stderr:/usr/bin/ceph:
2024-02-23T00:34:12.990+0000 7f5666d79700 1 -- 172.21.15.110:0/4090436620 shutdown_connections
2024-02-23T00:34:12.994 INFO:teuthology.orchestra.run.smithi110.stderr:/usr/bin/ceph:
2024-02-23T00:34:12.990+0000 7f5666d79700 1 -- 172.21.15.110:0/4090436620 wait complete.
2024-02-23T00:34:12.996 INFO:teuthology.orchestra.run.smithi110.stderr:/usr/bin/ceph:
2024-02-23T00:34:12.991+0000 7f5666d79700 1 Processor -- start
2024-02-23T00:34:12.996 INFO:teuthology.orchestra.run.smithi110.stderr:/usr/bin/ceph:
2024-02-23T00:34:12.991+0000 7f5666d79700 1 -- start start
2024-02-23T00:34:12.996 INFO:teuthology.orchestra.run.smithi110.stderr:/usr/bin/ceph:
2024-02-23T00:34:12.991+0000 7f5666d79700 1 --2- >> [v2:172.21.15.110:3300/0,v1:172.21.15.110:6789/0] conn(0x7f56600fab30 0x7f566010d670 unknown :-1 s=NONE pgs=0 cs=0 l=1 rev1=0 rx=0 tx=0).connect
2024-02-23T00:34:12.996 INFO:teuthology.orchestra.run.smithi110.stderr:/usr/bin/ceph:
2024-02-23T00:34:12.991+0000 7f5666d79700 1 -- --> [v2:172.21.15.110:3300/0,v1:172.21.15.110:6789/0] -- mon_getmap magic: 0 v1 -- 0x7f5660070470 con 0x7f56600fab30
2024-02-23T00:34:12.996 INFO:teuthology.orchestra.run.smithi110.stderr:/usr/bin/ceph:
2024-02-23T00:34:12.992+0000 7f5665d77700 1 --2- >> [v2:172.21.15.110:3300/0,v1:172.21.15.110:6789/0] conn(0x7f56600fab30 0x7f566010d670 unknown :-1 s=BANNER_CONNECTING pgs=0 cs=0 l=1 rev1=0 rx=0 tx=0)._handle_peer_banner_payload supported=1 required=0
2024-02-23T00:34:12.997 INFO:teuthology.orchestra.run.smithi110.stderr:/usr/bin/ceph:
2024-02-23T00:34:12.992+0000 7f5665d77700 1 --2- >> [v2:172.21.15.110:3300/0,v1:172.21.15.110:6789/0] conn(0x7f56600fab30 0x7f566010d670 unknown :-1 s=HELLO_CONNECTING pgs=0 cs=0 l=1 rev1=1 rx=0 tx=0).handle_hello peer v2:172.21.15.110:3300/0 says I am v2:172.21.15.110:42930/0 (socket says 172.21.15.110:42930)
2024-02-23T00:34:12.997 INFO:teuthology.orchestra.run.smithi110.stderr:/usr/bin/ceph:
2024-02-23T00:34:12.992+0000 7f5665d77700 1 -- 172.21.15.110:0/276209600 learned_addr learned my addr 172.21.15.110:0/276209600 (peer_addr_for_me v2:172.21.15.110:0/0)
2024-02-23T00:34:12.997 INFO:teuthology.orchestra.run.smithi110.stderr:/usr/bin/ceph:
2024-02-23T00:34:12.992+0000 7f5665d77700 1 -- 172.21.15.110:0/276209600 --> [v2:172.21.15.110:3300/0,v1:172.21.15.110:6789/0] -- mon_subscribe({config=0+,monmap=0+}) v3 -- 0x7f565c00b200 con 0x7f56600fab30
2024-02-23T00:34:12.997 INFO:teuthology.orchestra.run.smithi110.stderr:/usr/bin/ceph:
2024-02-23T00:34:12.992+0000 7f5665d77700 1 --2- 172.21.15.110:0/276209600 >> [v2:172.21.15.110:3300/0,v1:172.21.15.110:6789/0] conn(0x7f56600fab30 0x7f566010d670 secure :-1 s=READY pgs=61 cs=0 l=1 rev1=1 rx=0x7f565c011ea0 tx=0x7f565c006ee0).ready entity=mon.0 client_cookie=0 server_cookie=0 in_seq=0 out_seq=0
2024-02-23T00:34:12.997 INFO:teuthology.orchestra.run.smithi110.stderr:/usr/bin/ceph:
2024-02-23T00:34:12.992+0000 7f564e7fc700 1 -- 172.21.15.110:0/276209600 <== mon.0 v2:172.21.15.110:3300/0 1 ==== mon_map magic: 0 v1 ==== 229+0+0 (secure 0 0 0) 0x7f565c01b570 con 0x7f56600fab30
2024-02-23T00:34:12.997 INFO:teuthology.orchestra.run.smithi110.stderr:/usr/bin/ceph:
2024-02-23T00:34:12.992+0000 7f5666d79700 1 -- 172.21.15.110:0/276209600 --> [v2:172.21.15.110:3300/0,v1:172.21.15.110:6789/0] -- mon_subscribe({mgrmap=0+}) v3 -- 0x7f5660070670 con 0x7f56600fab30
2024-02-23T00:34:12.997 INFO:teuthology.orchestra.run.smithi110.stderr:/usr/bin/ceph:
2024-02-23T00:34:12.992+0000 7f564e7fc700 1 -- 172.21.15.110:0/276209600 <== mon.0 v2:172.21.15.110:3300/0 2 ==== config(26 keys) v1 ==== 1045+0+0 (secure 0 0 0) 0x7f565c01bb60 con 0x7f56600fab30
2024-02-23T00:34:12.997 INFO:teuthology.orchestra.run.smithi110.stderr:/usr/bin/ceph:
2024-02-23T00:34:12.992+0000 7f5666d79700 1 -- 172.21.15.110:0/276209600 --> [v2:172.21.15.110:3300/0,v1:172.21.15.110:6789/0] -- mon_subscribe({osdmap=0}) v3 -- 0x7f566010dd20 con 0x7f56600fab30
2024-02-23T00:34:12.997 INFO:teuthology.orchestra.run.smithi110.stderr:/usr/bin/ceph:
2024-02-23T00:34:12.992+0000 7f564e7fc700 1 -- 172.21.15.110:0/276209600 <== mon.0 v2:172.21.15.110:3300/0 3 ==== mon_map magic: 0 v1 ==== 229+0+0 (secure 0 0 0) 0x7f565c01a8d0 con 0x7f56600fab30
2024-02-23T00:34:12.997 INFO:teuthology.orchestra.run.smithi110.stderr:/usr/bin/ceph:
2024-02-23T00:34:12.993+0000 7f564e7fc700 1 -- 172.21.15.110:0/276209600 <== mon.0 v2:172.21.15.110:3300/0 4 ==== mgrmap(e 12) v1 ==== 36195+0+0 (secure 0 0 0) 0x7f565c00f070 con 0x7f56600fab30
2024-02-23T00:34:12.997 INFO:teuthology.orchestra.run.smithi110.stderr:/usr/bin/ceph:
2024-02-23T00:34:12.993+0000 7f5647fff700 1 -- 172.21.15.110:0/276209600 --> [v2:172.21.15.110:3300/0,v1:172.21.15.110:6789/0] -- mon_command({"prefix": "get_command_descriptions"} v 0) v1 -- 0x7f563c004fa0 con 0x7f56600fab30
2024-02-23T00:34:12.997 INFO:teuthology.orchestra.run.smithi110.stderr:/usr/bin/ceph:
2024-02-23T00:34:12.993+0000 7f564e7fc700 1 --2- 172.21.15.110:0/276209600 >> [v2:172.21.15.110:6800/1341390480,v1:172.21.15.110:6801/1341390480] conn(0x7f564802ff20 0x7f56480323e0 unknown :-1 s=NONE pgs=0 cs=0 l=1 rev1=0 rx=0 tx=0).connect
2024-02-23T00:34:12.997 INFO:teuthology.orchestra.run.smithi110.stderr:/usr/bin/ceph:
2024-02-23T00:34:12.993+0000 7f564e7fc700 1 -- 172.21.15.110:0/276209600 <== mon.0 v2:172.21.15.110:3300/0 5 ==== osd_map(3..3 src has 1..3) v4 ==== 1098+0+0 (secure 0 0 0) 0x7f565c0417b0 con 0x7f56600fab30
2024-02-23T00:34:12.998 INFO:teuthology.orchestra.run.smithi110.stderr:/usr/bin/ceph:
2024-02-23T00:34:12.993+0000 7f5665576700 1 --2- 172.21.15.110:0/276209600 >> [v2:172.21.15.110:6800/1341390480,v1:172.21.15.110:6801/1341390480] conn(0x7f564802ff20 0x7f56480323e0 unknown :-1 s=BANNER_CONNECTING pgs=0 cs=0 l=1 rev1=0 rx=0 tx=0)._handle_peer_banner_payload supported=1 required=0
2024-02-23T00:34:12.998 INFO:teuthology.orchestra.run.smithi110.stderr:/usr/bin/ceph:
2024-02-23T00:34:12.994+0000 7f5665576700 1 --2- 172.21.15.110:0/276209600 >> [v2:172.21.15.110:6800/1341390480,v1:172.21.15.110:6801/1341390480] conn(0x7f564802ff20 0x7f56480323e0 secure :-1 s=READY pgs=8 cs=0 l=1 rev1=1 rx=0x7f56500096a0 tx=0x7f5650006b40).ready entity=mgr.14142 client_cookie=0 server_cookie=0 in_seq=0 out_seq=0
2024-02-23T00:34:12.999 INFO:teuthology.orchestra.run.smithi110.stderr:/usr/bin/ceph:
2024-02-23T00:34:12.997+0000 7f564e7fc700 1 -- 172.21.15.110:0/276209600 <== mon.0 v2:172.21.15.110:3300/0 6 ==== mon_command_ack([{"prefix": "get_command_descriptions"}]=0 v0) v1 ==== 72+0+152212 (secure 0 0 0) 0x7f565c022d20 con 0x7f56600fab30
2024-02-23T00:34:13.167 INFO:journalctl@ceph.mon.smithi110.smithi110.stdout:Feb 23 00:34:12 smithi110 ceph-134b5146-d1e3-11ee-95c0-87774f69a715-mon.smithi110[38132]: audit
2024-02-23T00:34:11.805017+0000 mgr.smithi110.pgbfms (mgr.14142) 5 : audit [DBG] from='client.14152 -' entity='client.admin' cmd=[{"prefix": "orch apply", "service_type": "node-exporter", "target": ["mon-mgr", ""]}]: dispatch
2024-02-23T00:34:13.167 INFO:journalctl@ceph.mon.smithi110.smithi110.stdout:Feb 23 00:34:12 smithi110 ceph-134b5146-d1e3-11ee-95c0-87774f69a715-mon.smithi110[38132]: cephadm
2024-02-23T00:34:11.805645+0000 mgr.smithi110.pgbfms (mgr.14142) 6 : cephadm [INF] Saving service node-exporter spec with placement *
2024-02-23T00:34:13.167 INFO:journalctl@ceph.mon.smithi110.smithi110.stdout:Feb 23 00:34:12 smithi110 ceph-134b5146-d1e3-11ee-95c0-87774f69a715-mon.smithi110[38132]: audit
2024-02-23T00:34:11.807878+0000 mon.smithi110 (mon.0) 80 : audit [INF] from='mgr.14142 172.21.15.110:0/2085911700' entity='mgr.smithi110.pgbfms'
2024-02-23T00:34:13.176 INFO:teuthology.orchestra.run.smithi110.stderr:/usr/bin/ceph:
2024-02-23T00:34:13.175+0000 7f5647fff700 1 -- 172.21.15.110:0/276209600 --> [v2:172.21.15.110:6800/1341390480,v1:172.21.15.110:6801/1341390480] -- mgr_command(tid 0: {"prefix": "orch apply", "service_type": "alertmanager", "target": ["mon-mgr", ""]}) v1 -- 0x7f563c000bc0 con 0x7f564802ff20
2024-02-23T00:34:13.180 INFO:teuthology.orchestra.run.smithi110.stderr:/usr/bin/ceph:
2024-02-23T00:34:13.178+0000 7f564e7fc700 1 -- 172.21.15.110:0/276209600 <== mgr.14142 v2:172.21.15.110:6800/1341390480 1 ==== mgr_command_reply(tid 0: 0 ) v1 ==== 8+0+33 (secure 0 0 0) 0x7f563c000bc0 con 0x7f564802ff20
2024-02-23T00:34:13.180 INFO:teuthology.orchestra.run.smithi110.stderr:/usr/bin/ceph: Scheduled alertmanager update...
2024-02-23T00:34:13.192 INFO:teuthology.orchestra.run.smithi110.stderr:/usr/bin/ceph:
2024-02-23T00:34:13.180+0000 7f5647fff700 1 -- 172.21.15.110:0/276209600 >> [v2:172.21.15.110:6800/1341390480,v1:172.21.15.110:6801/1341390480] conn(0x7f564802ff20 msgr2=0x7f56480323e0 secure :-1 s=STATE_CONNECTION_ESTABLISHED l=1).mark_down
2024-02-23T00:34:13.192 INFO:teuthology.orchestra.run.smithi110.stderr:/usr/bin/ceph:
2024-02-23T00:34:13.180+0000 7f5647fff700 1 --2- 172.21.15.110:0/276209600 >> [v2:172.21.15.110:6800/1341390480,v1:172.21.15.110:6801/1341390480] conn(0x7f564802ff20 0x7f56480323e0 secure :-1 s=READY pgs=8 cs=0 l=1 rev1=1 rx=0x7f56500096a0 tx=0x7f5650006b40).stop
2024-02-23T00:34:13.192 INFO:teuthology.orchestra.run.smithi110.stderr:/usr/bin/ceph:
2024-02-23T00:34:13.180+0000 7f5647fff700 1 -- 172.21.15.110:0/276209600 >> [v2:172.21.15.110:3300/0,v1:172.21.15.110:6789/0] conn(0x7f56600fab30 msgr2=0x7f566010d670 secure :-1 s=STATE_CONNECTION_ESTABLISHED l=1).mark_down
2024-02-23T00:34:13.192 INFO:teuthology.orchestra.run.smithi110.stderr:/usr/bin/ceph:
2024-02-23T00:34:13.180+0000 7f5647fff700 1 --2- 172.21.15.110:0/276209600 >> [v2:172.21.15.110:3300/0,v1:172.21.15.110:6789/0] conn(0x7f56600fab30 0x7f566010d670 secure :-1 s=READY pgs=61 cs=0 l=1 rev1=1 rx=0x7f565c011ea0 tx=0x7f565c006ee0).stop
2024-02-23T00:34:13.193 INFO:teuthology.orchestra.run.smithi110.stderr:/usr/bin/ceph:
2024-02-23T00:34:13.180+0000 7f5647fff700 1 -- 172.21.15.110:0/276209600 shutdown_connections
2024-02-23T00:34:13.193 INFO:teuthology.orchestra.run.smithi110.stderr:/usr/bin/ceph:
2024-02-23T00:34:13.180+0000 7f5647fff700 1 --2- 172.21.15.110:0/276209600 >> [v2:172.21.15.110:6800/1341390480,v1:172.21.15.110:6801/1341390480] conn(0x7f564802ff20 0x7f56480323e0 unknown :-1 s=CLOSED pgs=8 cs=0 l=1 rev1=1 rx=0 tx=0).stop
2024-02-23T00:34:13.193 INFO:teuthology.orchestra.run.smithi110.stderr:/usr/bin/ceph:
2024-02-23T00:34:13.180+0000 7f5647fff700 1 --2- 172.21.15.110:0/276209600 >> [v2:172.21.15.110:3300/0,v1:172.21.15.110:6789/0] conn(0x7f56600fab30 0x7f566010d670 unknown :-1 s=CLOSED pgs=61 cs=0 l=1 rev1=1 rx=0 tx=0).stop
2024-02-23T00:34:13.193 INFO:teuthology.orchestra.run.smithi110.stderr:/usr/bin/ceph:
2024-02-23T00:34:13.180+0000 7f5647fff700 1 -- 172.21.15.110:0/276209600 >> 172.21.15.110:0/276209600 conn(0x7f56600f6390 msgr2=0x7f56600f7d60 unknown :-1 s=STATE_NONE l=0).mark_down
2024-02-23T00:34:13.193 INFO:teuthology.orchestra.run.smithi110.stderr:/usr/bin/ceph:
2024-02-23T00:34:13.180+0000 7f5647fff700 1 -- 172.21.15.110:0/276209600 shutdown_connections
2024-02-23T00:34:13.193 INFO:teuthology.orchestra.run.smithi110.stderr:/usr/bin/ceph:
2024-02-23T00:34:13.180+0000 7f5647fff700 1 -- 172.21.15.110:0/276209600 wait complete.
2024-02-23T00:34:13.824 INFO:teuthology.orchestra.run.smithi110.stderr:Running command: /bin/podman run --rm --ipc=host --no-hosts --net=host --entrypoint /usr/bin/ceph --init -e CONTAINER_IMAGE=docker.io/ceph/ceph:v16.2.4 -e NODE_NAME=smithi110 -e CEPH_USE_RANDOM_NONCE=1 -v /var/log/ceph/134b5146-d1e3-11ee-95c0-87774f69a715:/var/log/ceph:z -v /tmp/ceph-tmp_zxuz1td:/etc/ceph/ceph.client.admin.keyring:z -v /tmp/ceph-tmpjg47esdu:/etc/ceph/ceph.conf:z docker.io/ceph/ceph:v16.2.4 config set mgr mgr/cephadm/container_init True --force
2024-02-23T00:34:14.331 INFO:teuthology.orchestra.run.smithi110.stderr:/usr/bin/ceph:
2024-02-23T00:34:14.328+0000 7f548105e700 1 Processor -- start
2024-02-23T00:34:14.331 INFO:teuthology.orchestra.run.smithi110.stderr:/usr/bin/ceph:
2024-02-23T00:34:14.328+0000 7f548105e700 1 -- start start
2024-02-23T00:34:14.331 INFO:teuthology.orchestra.run.smithi110.stderr:/usr/bin/ceph:
2024-02-23T00:34:14.328+0000 7f548105e700 1 --2- >> [v2:172.21.15.110:3300/0,v1:172.21.15.110:6789/0] conn(0x7f547c070390 0x7f547c100ef0 unknown :-1 s=NONE pgs=0 cs=0 l=0 rev1=0 rx=0 tx=0).connect
2024-02-23T00:34:14.331 INFO:teuthology.orchestra.run.smithi110.stderr:/usr/bin/ceph:
2024-02-23T00:34:14.328+0000 7f548105e700 1 -- --> [v2:172.21.15.110:3300/0,v1:172.21.15.110:6789/0] -- mon_getmap magic: 0 v1 -- 0x7f547c0fc8e0 con 0x7f547c070390
2024-02-23T00:34:14.331 INFO:teuthology.orchestra.run.smithi110.stderr:/usr/bin/ceph:
2024-02-23T00:34:14.328+0000 7f547ad9d700 1 --2- >> [v2:172.21.15.110:3300/0,v1:172.21.15.110:6789/0] conn(0x7f547c070390 0x7f547c100ef0 unknown :-1 s=BANNER_CONNECTING pgs=0 cs=0 l=0 rev1=0 rx=0 tx=0)._handle_peer_banner_payload supported=1 required=0
2024-02-23T00:34:14.331 INFO:teuthology.orchestra.run.smithi110.stderr:/usr/bin/ceph:
2024-02-23T00:34:14.328+0000 7f547ad9d700 1 --2- >> [v2:172.21.15.110:3300/0,v1:172.21.15.110:6789/0] conn(0x7f547c070390 0x7f547c100ef0 unknown :-1 s=HELLO_CONNECTING pgs=0 cs=0 l=0 rev1=1 rx=0 tx=0).handle_hello peer v2:172.21.15.110:3300/0 says I am v2:172.21.15.110:42942/0 (socket says 172.21.15.110:42942)
2024-02-23T00:34:14.331 INFO:teuthology.orchestra.run.smithi110.stderr:/usr/bin/ceph:
2024-02-23T00:34:14.328+0000 7f547ad9d700 1 -- 172.21.15.110:0/1115503442 learned_addr learned my addr 172.21.15.110:0/1115503442 (peer_addr_for_me v2:172.21.15.110:0/0)
2024-02-23T00:34:14.331 INFO:teuthology.orchestra.run.smithi110.stderr:/usr/bin/ceph:
2024-02-23T00:34:14.329+0000 7f547ad9d700 1 -- 172.21.15.110:0/1115503442 --> [v2:172.21.15.110:3300/0,v1:172.21.15.110:6789/0] -- mon_subscribe({config=0+,monmap=0+}) v3 -- 0x7f547c1013e0 con 0x7f547c070390
2024-02-23T00:34:14.334 INFO:teuthology.orchestra.run.smithi110.stderr:/usr/bin/ceph:
2024-02-23T00:34:14.329+0000 7f547ad9d700 1 --2- 172.21.15.110:0/1115503442 >> [v2:172.21.15.110:3300/0,v1:172.21.15.110:6789/0] conn(0x7f547c070390 0x7f547c100ef0 secure :-1 s=READY pgs=62 cs=0 l=1 rev1=1 rx=0x7f547000b5f0 tx=0x7f5470006ee0).ready entity=mon.0 client_cookie=e0958a25f0eed7d7 server_cookie=0 in_seq=0 out_seq=0
2024-02-23T00:34:14.334 INFO:teuthology.orchestra.run.smithi110.stderr:/usr/bin/ceph:
2024-02-23T00:34:14.329+0000 7f5479d9b700 1 -- 172.21.15.110:0/1115503442 <== mon.0 v2:172.21.15.110:3300/0 1 ==== mon_map magic: 0 v1 ==== 229+0+0 (secure 0 0 0) 0x7f547000d600 con 0x7f547c070390
2024-02-23T00:34:14.334 INFO:teuthology.orchestra.run.smithi110.stderr:/usr/bin/ceph:
2024-02-23T00:34:14.329+0000 7f5479d9b700 1 -- 172.21.15.110:0/1115503442 <== mon.0 v2:172.21.15.110:3300/0 2 ==== config(26 keys) v1 ==== 1045+0+0 (secure 0 0 0) 0x7f547000dbf0 con 0x7f547c070390
2024-02-23T00:34:14.334 INFO:teuthology.orchestra.run.smithi110.stderr:/usr/bin/ceph:
2024-02-23T00:34:14.329+0000 7f5479d9b700 1 -- 172.21.15.110:0/1115503442 <== mon.0 v2:172.21.15.110:3300/0 3 ==== mon_map magic: 0 v1 ==== 229+0+0 (secure 0 0 0) 0x7f5470011cb0 con 0x7f547c070390
2024-02-23T00:34:14.334 INFO:teuthology.orchestra.run.smithi110.stderr:/usr/bin/ceph:
2024-02-23T00:34:14.329+0000 7f548105e700 1 -- 172.21.15.110:0/1115503442 >> [v2:172.21.15.110:3300/0,v1:172.21.15.110:6789/0] conn(0x7f547c070390 msgr2=0x7f547c100ef0 secure :-1 s=STATE_CONNECTION_ESTABLISHED l=1).mark_down
2024-02-23T00:34:14.334 INFO:teuthology.orchestra.run.smithi110.stderr:/usr/bin/ceph:
2024-02-23T00:34:14.329+0000 7f548105e700 1 --2- 172.21.15.110:0/1115503442 >> [v2:172.21.15.110:3300/0,v1:172.21.15.110:6789/0] conn(0x7f547c070390 0x7f547c100ef0 secure :-1 s=READY pgs=62 cs=0 l=1 rev1=1 rx=0x7f547000b5f0 tx=0x7f5470006ee0).stop
2024-02-23T00:34:14.334 INFO:teuthology.orchestra.run.smithi110.stderr:/usr/bin/ceph:
2024-02-23T00:34:14.330+0000 7f548105e700 1 -- 172.21.15.110:0/1115503442 shutdown_connections
2024-02-23T00:34:14.334 INFO:teuthology.orchestra.run.smithi110.stderr:/usr/bin/ceph:
2024-02-23T00:34:14.330+0000 7f548105e700 1 --2- 172.21.15.110:0/1115503442 >> [v2:172.21.15.110:3300/0,v1:172.21.15.110:6789/0] conn(0x7f547c070390 0x7f547c100ef0 unknown :-1 s=CLOSED pgs=62 cs=0 l=1 rev1=1 rx=0 tx=0).stop
2024-02-23T00:34:14.334 INFO:teuthology.orchestra.run.smithi110.stderr:/usr/bin/ceph:
2024-02-23T00:34:14.330+0000 7f548105e700 1 -- 172.21.15.110:0/1115503442 >> 172.21.15.110:0/1115503442 conn(0x7f547c0f6530 msgr2=0x7f547c0f8950 unknown :-1 s=STATE_NONE l=0).mark_down
2024-02-23T00:34:14.334 INFO:teuthology.orchestra.run.smithi110.stderr:/usr/bin/ceph:
2024-02-23T00:34:14.330+0000 7f548105e700 1 -- 172.21.15.110:0/1115503442 shutdown_connections
2024-02-23T00:34:14.335 INFO:teuthology.orchestra.run.smithi110.stderr:/usr/bin/ceph:
2024-02-23T00:34:14.330+0000 7f548105e700 1 -- 172.21.15.110:0/1115503442 wait complete.
2024-02-23T00:34:14.335 INFO:teuthology.orchestra.run.smithi110.stderr:/usr/bin/ceph:
2024-02-23T00:34:14.330+0000 7f548105e700 1 Processor -- start
2024-02-23T00:34:14.335 INFO:teuthology.orchestra.run.smithi110.stderr:/usr/bin/ceph:
2024-02-23T00:34:14.330+0000 7f548105e700 1 -- start start
2024-02-23T00:34:14.335 INFO:teuthology.orchestra.run.smithi110.stderr:/usr/bin/ceph:
2024-02-23T00:34:14.330+0000 7f548105e700 1 --2- >> [v2:172.21.15.110:3300/0,v1:172.21.15.110:6789/0] conn(0x7f547c070390 0x7f547c10cda0 unknown :-1 s=NONE pgs=0 cs=0 l=1 rev1=0 rx=0 tx=0).connect
2024-02-23T00:34:14.335 INFO:teuthology.orchestra.run.smithi110.stderr:/usr/bin/ceph:
2024-02-23T00:34:14.330+0000 7f548105e700 1 -- --> [v2:172.21.15.110:3300/0,v1:172.21.15.110:6789/0] -- mon_getmap magic: 0 v1 -- 0x7f547c10d290 con 0x7f547c070390
2024-02-23T00:34:14.335 INFO:teuthology.orchestra.run.smithi110.stderr:/usr/bin/ceph:
2024-02-23T00:34:14.330+0000 7f547ad9d700 1 --2- >> [v2:172.21.15.110:3300/0,v1:172.21.15.110:6789/0] conn(0x7f547c070390 0x7f547c10cda0 unknown :-1 s=BANNER_CONNECTING pgs=0 cs=0 l=1 rev1=0 rx=0 tx=0)._handle_peer_banner_payload supported=1 required=0
2024-02-23T00:34:14.335 INFO:teuthology.orchestra.run.smithi110.stderr:/usr/bin/ceph:
2024-02-23T00:34:14.330+0000 7f547ad9d700 1 --2- >> [v2:172.21.15.110:3300/0,v1:172.21.15.110:6789/0] conn(0x7f547c070390 0x7f547c10cda0 unknown :-1 s=HELLO_CONNECTING pgs=0 cs=0 l=1 rev1=1 rx=0 tx=0).handle_hello peer v2:172.21.15.110:3300/0 says I am v2:172.21.15.110:42956/0 (socket says 172.21.15.110:42956)
2024-02-23T00:34:14.335 INFO:teuthology.orchestra.run.smithi110.stderr:/usr/bin/ceph:
2024-02-23T00:34:14.331+0000 7f547ad9d700 1 -- 172.21.15.110:0/3082202964 learned_addr learned my addr 172.21.15.110:0/3082202964 (peer_addr_for_me v2:172.21.15.110:0/0)
2024-02-23T00:34:14.335 INFO:teuthology.orchestra.run.smithi110.stderr:/usr/bin/ceph:
2024-02-23T00:34:14.331+0000 7f547ad9d700 1 -- 172.21.15.110:0/3082202964 --> [v2:172.21.15.110:3300/0,v1:172.21.15.110:6789/0] -- mon_subscribe({config=0+,monmap=0+}) v3 -- 0x7f547000b200 con 0x7f547c070390
2024-02-23T00:34:14.335 INFO:teuthology.orchestra.run.smithi110.stderr:/usr/bin/ceph:
2024-02-23T00:34:14.331+0000 7f547ad9d700 1 --2- 172.21.15.110:0/3082202964 >> [v2:172.21.15.110:3300/0,v1:172.21.15.110:6789/0] conn(0x7f547c070390 0x7f547c10cda0 secure :-1 s=READY pgs=63 cs=0 l=1 rev1=1 rx=0x7f5470006800 tx=0x7f5470006ee0).ready entity=mon.0 client_cookie=0 server_cookie=0 in_seq=0 out_seq=0
2024-02-23T00:34:14.335 INFO:teuthology.orchestra.run.smithi110.stderr:/usr/bin/ceph:
2024-02-23T00:34:14.331+0000 7f54637fe700 1 -- 172.21.15.110:0/3082202964 <== mon.0 v2:172.21.15.110:3300/0 1 ==== mon_map magic: 0 v1 ==== 229+0+0 (secure 0 0 0) 0x7f547001b570 con 0x7f547c070390
2024-02-23T00:34:14.335 INFO:teuthology.orchestra.run.smithi110.stderr:/usr/bin/ceph:
2024-02-23T00:34:14.331+0000 7f548105e700 1 -- 172.21.15.110:0/3082202964 --> [v2:172.21.15.110:3300/0,v1:172.21.15.110:6789/0] -- mon_subscribe({mgrmap=0+}) v3 -- 0x7f547c10d490 con 0x7f547c070390
2024-02-23T00:34:14.335 INFO:teuthology.orchestra.run.smithi110.stderr:/usr/bin/ceph:
2024-02-23T00:34:14.331+0000 7f54637fe700 1 -- 172.21.15.110:0/3082202964 <== mon.0 v2:172.21.15.110:3300/0 2 ==== config(26 keys) v1 ==== 1045+0+0 (secure 0 0 0) 0x7f547001bb60 con 0x7f547c070390
2024-02-23T00:34:14.335 INFO:teuthology.orchestra.run.smithi110.stderr:/usr/bin/ceph:
2024-02-23T00:34:14.331+0000 7f54637fe700 1 -- 172.21.15.110:0/3082202964 <== mon.0 v2:172.21.15.110:3300/0 3 ==== mon_map magic: 0 v1 ==== 229+0+0 (secure 0 0 0) 0x7f547001a9f0 con 0x7f547c070390
2024-02-23T00:34:14.336 INFO:teuthology.orchestra.run.smithi110.stderr:/usr/bin/ceph:
2024-02-23T00:34:14.331+0000 7f548105e700 1 -- 172.21.15.110:0/3082202964 --> [v2:172.21.15.110:3300/0,v1:172.21.15.110:6789/0] -- mon_subscribe({osdmap=0}) v3 -- 0x7f547c10e0d0 con 0x7f547c070390
2024-02-23T00:34:14.336 INFO:teuthology.orchestra.run.smithi110.stderr:/usr/bin/ceph:
2024-02-23T00:34:14.332+0000 7f54637fe700 1 -- 172.21.15.110:0/3082202964 <== mon.0 v2:172.21.15.110:3300/0 4 ==== mgrmap(e 12) v1 ==== 36195+0+0 (secure 0 0 0) 0x7f547000f070 con 0x7f547c070390
2024-02-23T00:34:14.336 INFO:teuthology.orchestra.run.smithi110.stderr:/usr/bin/ceph:
2024-02-23T00:34:14.332+0000 7f54637fe700 1 --2- 172.21.15.110:0/3082202964 >> [v2:172.21.15.110:6800/1341390480,v1:172.21.15.110:6801/1341390480] conn(0x7f546802ff20 0x7f54680323e0 unknown :-1 s=NONE pgs=0 cs=0 l=1 rev1=0 rx=0 tx=0).connect
2024-02-23T00:34:14.336 INFO:teuthology.orchestra.run.smithi110.stderr:/usr/bin/ceph:
2024-02-23T00:34:14.332+0000 7f54637fe700 1 -- 172.21.15.110:0/3082202964 <== mon.0 v2:172.21.15.110:3300/0 5 ==== osd_map(3..3 src has 1..3) v4 ==== 1098+0+0 (secure 0 0 0) 0x7f54700415e0 con 0x7f547c070390
2024-02-23T00:34:14.336 INFO:teuthology.orchestra.run.smithi110.stderr:/usr/bin/ceph:
2024-02-23T00:34:14.332+0000 7f547a59c700 1 --2- 172.21.15.110:0/3082202964 >> [v2:172.21.15.110:6800/1341390480,v1:172.21.15.110:6801/1341390480] conn(0x7f546802ff20 0x7f54680323e0 unknown :-1 s=BANNER_CONNECTING pgs=0 cs=0 l=1 rev1=0 rx=0 tx=0)._handle_peer_banner_payload supported=1 required=0
2024-02-23T00:34:14.336 INFO:teuthology.orchestra.run.smithi110.stderr:/usr/bin/ceph:
2024-02-23T00:34:14.332+0000 7f548105e700 1 -- 172.21.15.110:0/3082202964 --> [v2:172.21.15.110:3300/0,v1:172.21.15.110:6789/0] -- mon_command({"prefix": "get_command_descriptions"} v 0) v1 -- 0x7f547c10d920 con 0x7f547c070390
2024-02-23T00:34:14.336 INFO:teuthology.orchestra.run.smithi110.stderr:/usr/bin/ceph:
2024-02-23T00:34:14.332+0000 7f547a59c700 1 --2- 172.21.15.110:0/3082202964 >> [v2:172.21.15.110:6800/1341390480,v1:172.21.15.110:6801/1341390480] conn(0x7f546802ff20 0x7f54680323e0 secure :-1 s=READY pgs=9 cs=0 l=1 rev1=1 rx=0x7f546c0096a0 tx=0x7f546c006b40).ready entity=mgr.14142 client_cookie=0 server_cookie=0 in_seq=0 out_seq=0
2024-02-23T00:34:14.338 INFO:teuthology.orchestra.run.smithi110.stderr:/usr/bin/ceph:
2024-02-23T00:34:14.336+0000 7f54637fe700 1 -- 172.21.15.110:0/3082202964 <== mon.0 v2:172.21.15.110:3300/0 6 ==== mon_command_ack([{"prefix": "get_command_descriptions"}]=0 v0) v1 ==== 72+0+152212 (secure 0 0 0) 0x7f5470016070 con 0x7f547c070390
2024-02-23T00:34:14.487 INFO:teuthology.orchestra.run.smithi110.stderr:/usr/bin/ceph:
2024-02-23T00:34:14.485+0000 7f548105e700 1 -- 172.21.15.110:0/3082202964 --> [v2:172.21.15.110:3300/0,v1:172.21.15.110:6789/0] -- mon_command([{prefix=config set, name=mgr/cephadm/container_init}] v 0) v1 -- 0x7f547c059100 con 0x7f547c070390
2024-02-23T00:34:14.489 INFO:teuthology.orchestra.run.smithi110.stderr:/usr/bin/ceph:
2024-02-23T00:34:14.488+0000 7f54637fe700 1 -- 172.21.15.110:0/3082202964 <== mon.0 v2:172.21.15.110:3300/0 7 ==== mon_command_ack([{prefix=config set, name=mgr/cephadm/container_init}]=0 v8)=0 v8) v1 ==== 142+0+0 (secure 0 0 0) 0x7f5470010360 con 0x7f547c070390
2024-02-23T00:34:14.492 INFO:teuthology.orchestra.run.smithi110.stderr:/usr/bin/ceph:
2024-02-23T00:34:14.489+0000 7f548105e700 1 -- 172.21.15.110:0/3082202964 >> [v2:172.21.15.110:6800/1341390480,v1:172.21.15.110:6801/1341390480] conn(0x7f546802ff20 msgr2=0x7f54680323e0 secure :-1 s=STATE_CONNECTION_ESTABLISHED l=1).mark_down
2024-02-23T00:34:14.492 INFO:teuthology.orchestra.run.smithi110.stderr:/usr/bin/ceph:
2024-02-23T00:34:14.489+0000 7f548105e700 1 --2- 172.21.15.110:0/3082202964 >> [v2:172.21.15.110:6800/1341390480,v1:172.21.15.110:6801/1341390480] conn(0x7f546802ff20 0x7f54680323e0 secure :-1 s=READY pgs=9 cs=0 l=1 rev1=1 rx=0x7f546c0096a0 tx=0x7f546c006b40).stop
2024-02-23T00:34:14.492 INFO:teuthology.orchestra.run.smithi110.stderr:/usr/bin/ceph:
2024-02-23T00:34:14.489+0000 7f548105e700 1 -- 172.21.15.110:0/3082202964 >> [v2:172.21.15.110:3300/0,v1:172.21.15.110:6789/0] conn(0x7f547c070390 msgr2=0x7f547c10cda0 secure :-1 s=STATE_CONNECTION_ESTABLISHED l=1).mark_down
2024-02-23T00:34:14.492 INFO:teuthology.orchestra.run.smithi110.stderr:/usr/bin/ceph:
2024-02-23T00:34:14.489+0000 7f548105e700 1 --2- 172.21.15.110:0/3082202964 >> [v2:172.21.15.110:3300/0,v1:172.21.15.110:6789/0] conn(0x7f547c070390 0x7f547c10cda0 secure :-1 s=READY pgs=63 cs=0 l=1 rev1=1 rx=0x7f5470006800 tx=0x7f5470006ee0).stop
2024-02-23T00:34:14.492 INFO:teuthology.orchestra.run.smithi110.stderr:/usr/bin/ceph:
2024-02-23T00:34:14.490+0000 7f548105e700 1 -- 172.21.15.110:0/3082202964 shutdown_connections
2024-02-23T00:34:14.492 INFO:teuthology.orchestra.run.smithi110.stderr:/usr/bin/ceph:
2024-02-23T00:34:14.490+0000 7f548105e700 1 --2- 172.21.15.110:0/3082202964 >> [v2:172.21.15.110:6800/1341390480,v1:172.21.15.110:6801/1341390480] conn(0x7f546802ff20 0x7f54680323e0 unknown :-1 s=CLOSED pgs=9 cs=0 l=1 rev1=1 rx=0 tx=0).stop
2024-02-23T00:34:14.493 INFO:teuthology.orchestra.run.smithi110.stderr:/usr/bin/ceph:
2024-02-23T00:34:14.490+0000 7f548105e700 1 --2- 172.21.15.110:0/3082202964 >> [v2:172.21.15.110:3300/0,v1:172.21.15.110:6789/0] conn(0x7f547c070390 0x7f547c10cda0 unknown :-1 s=CLOSED pgs=63 cs=0 l=1 rev1=1 rx=0 tx=0).stop
2024-02-23T00:34:14.493 INFO:teuthology.orchestra.run.smithi110.stderr:/usr/bin/ceph:
2024-02-23T00:34:14.490+0000 7f548105e700 1 -- 172.21.15.110:0/3082202964 >> 172.21.15.110:0/3082202964 conn(0x7f547c0f6530 msgr2=0x7f547c0f7f10 unknown :-1 s=STATE_NONE l=0).mark_down
2024-02-23T00:34:14.493 INFO:teuthology.orchestra.run.smithi110.stderr:/usr/bin/ceph:
2024-02-23T00:34:14.490+0000 7f548105e700 1 -- 172.21.15.110:0/3082202964 shutdown_connections
2024-02-23T00:34:14.493 INFO:teuthology.orchestra.run.smithi110.stderr:/usr/bin/ceph:
2024-02-23T00:34:14.490+0000 7f548105e700 1 -- 172.21.15.110:0/3082202964 wait complete.
2024-02-23T00:34:14.514 INFO:journalctl@ceph.mon.smithi110.smithi110.stdout:Feb 23 00:34:14 smithi110 ceph-134b5146-d1e3-11ee-95c0-87774f69a715-mon.smithi110[38132]: audit
2024-02-23T00:34:13.176553+0000 mgr.smithi110.pgbfms (mgr.14142) 7 : audit [DBG] from='client.14154 -' entity='client.admin' cmd=[{"prefix": "orch apply", "service_type": "alertmanager", "target": ["mon-mgr", ""]}]: dispatch
2024-02-23T00:34:14.514 INFO:journalctl@ceph.mon.smithi110.smithi110.stdout:Feb 23 00:34:14 smithi110 ceph-134b5146-d1e3-11ee-95c0-87774f69a715-mon.smithi110[38132]: cephadm
2024-02-23T00:34:13.177084+0000 mgr.smithi110.pgbfms (mgr.14142) 8 : cephadm [INF] Saving service alertmanager spec with placement count:1
2024-02-23T00:34:14.515 INFO:journalctl@ceph.mon.smithi110.smithi110.stdout:Feb 23 00:34:14 smithi110 ceph-134b5146-d1e3-11ee-95c0-87774f69a715-mon.smithi110[38132]: audit
2024-02-23T00:34:13.179295+0000 mon.smithi110 (mon.0) 81 : audit [INF] from='mgr.14142 172.21.15.110:0/2085911700' entity='mgr.smithi110.pgbfms'
2024-02-23T00:34:15.105 INFO:teuthology.orchestra.run.smithi110.stderr:Running command: /bin/podman run --rm --ipc=host --no-hosts --net=host --entrypoint /usr/bin/ceph --init -e CONTAINER_IMAGE=docker.io/ceph/ceph:v16.2.4 -e NODE_NAME=smithi110 -e CEPH_USE_RANDOM_NONCE=1 -v /var/log/ceph/134b5146-d1e3-11ee-95c0-87774f69a715:/var/log/ceph:z -v /tmp/ceph-tmp_zxuz1td:/etc/ceph/ceph.client.admin.keyring:z -v /tmp/ceph-tmpjg47esdu:/etc/ceph/ceph.conf:z docker.io/ceph/ceph:v16.2.4 config set mgr mgr/dashboard/ssl_server_port 8443
2024-02-23T00:34:15.667 INFO:journalctl@ceph.mon.smithi110.smithi110.stdout:Feb 23 00:34:15 smithi110 ceph-134b5146-d1e3-11ee-95c0-87774f69a715-mon.smithi110[38132]: audit
2024-02-23T00:34:14.488878+0000 mon.smithi110 (mon.0) 82 : audit [INF] from='client.? 172.21.15.110:0/3082202964' entity='client.admin'
2024-02-23T00:34:16.009 INFO:teuthology.orchestra.run.smithi110.stderr:/usr/bin/ceph:
2024-02-23T00:34:16.006+0000 7fb064f9b700 1 Processor -- start
2024-02-23T00:34:16.009 INFO:teuthology.orchestra.run.smithi110.stderr:/usr/bin/ceph:
2024-02-23T00:34:16.006+0000 7fb064f9b700 1 -- start start
2024-02-23T00:34:16.010 INFO:teuthology.orchestra.run.smithi110.stderr:/usr/bin/ceph:
2024-02-23T00:34:16.006+0000 7fb064f9b700 1 --2- >> [v2:172.21.15.110:3300/0,v1:172.21.15.110:6789/0] conn(0x7fb0600703f0 0x7fb0600fe8d0 unknown :-1 s=NONE pgs=0 cs=0 l=0 rev1=0 rx=0 tx=0).connect
2024-02-23T00:34:16.010 INFO:teuthology.orchestra.run.smithi110.stderr:/usr/bin/ceph:
2024-02-23T00:34:16.006+0000 7fb064f9b700 1 -- --> [v2:172.21.15.110:3300/0,v1:172.21.15.110:6789/0] -- mon_getmap magic: 0 v1 -- 0x7fb0600fedc0 con 0x7fb0600703f0
2024-02-23T00:34:16.010 INFO:teuthology.orchestra.run.smithi110.stderr:/usr/bin/ceph:
2024-02-23T00:34:16.006+0000 7fb05f7fe700 1 --2- >> [v2:172.21.15.110:3300/0,v1:172.21.15.110:6789/0] conn(0x7fb0600703f0 0x7fb0600fe8d0 unknown :-1 s=BANNER_CONNECTING pgs=0 cs=0 l=0 rev1=0 rx=0 tx=0)._handle_peer_banner_payload supported=1 required=0
2024-02-23T00:34:16.010 INFO:teuthology.orchestra.run.smithi110.stderr:/usr/bin/ceph:
2024-02-23T00:34:16.007+0000 7fb05f7fe700 1 --2- >> [v2:172.21.15.110:3300/0,v1:172.21.15.110:6789/0] conn(0x7fb0600703f0 0x7fb0600fe8d0 unknown :-1 s=HELLO_CONNECTING pgs=0 cs=0 l=0 rev1=1 rx=0 tx=0).handle_hello peer v2:172.21.15.110:3300/0 says I am v2:172.21.15.110:42970/0 (socket says 172.21.15.110:42970)
2024-02-23T00:34:16.010 INFO:teuthology.orchestra.run.smithi110.stderr:/usr/bin/ceph:
2024-02-23T00:34:16.007+0000 7fb05f7fe700 1 -- 172.21.15.110:0/3250892590 learned_addr learned my addr 172.21.15.110:0/3250892590 (peer_addr_for_me v2:172.21.15.110:0/0)
2024-02-23T00:34:16.010 INFO:teuthology.orchestra.run.smithi110.stderr:/usr/bin/ceph:
