2024-02-23T00:34:03.130+0000 7fb687b24700 1 -- 172.21.15.110:0/1108416542 >> [v2:172.21.15.110:6800/1159472721,v1:172.21.15.110:6801/1159472721] conn(0x7fb66802fe10 msgr2=0x7fb6680322d0 secure :-1 s=STATE_CONNECTION_ESTABLISHED l=1).mark_down
2024-02-23T00:34:03.132 INFO:teuthology.orchestra.run.smithi110.stderr:/usr/bin/ceph:
2024-02-23T00:34:03.130+0000 7fb687b24700 1 --2- 172.21.15.110:0/1108416542 >> [v2:172.21.15.110:6800/1159472721,v1:172.21.15.110:6801/1159472721] conn(0x7fb66802fe10 0x7fb6680322d0 secure :-1 s=READY pgs=14 cs=0 l=1 rev1=1 rx=0x7fb67c0096a0 tx=0x7fb67c006b40).stop
2024-02-23T00:34:03.132 INFO:teuthology.orchestra.run.smithi110.stderr:/usr/bin/ceph:
2024-02-23T00:34:03.130+0000 7fb687b24700 1 -- 172.21.15.110:0/1108416542 >> [v2:172.21.15.110:3300/0,v1:172.21.15.110:6789/0] conn(0x7fb6800703b0 msgr2=0x7fb68010cd80 secure :-1 s=STATE_CONNECTION_ESTABLISHED l=1).mark_down
2024-02-23T00:34:03.132 INFO:teuthology.orchestra.run.smithi110.stderr:/usr/bin/ceph:
2024-02-23T00:34:03.130+0000 7fb687b24700 1 --2- 172.21.15.110:0/1108416542 >> [v2:172.21.15.110:3300/0,v1:172.21.15.110:6789/0] conn(0x7fb6800703b0 0x7fb68010cd80 secure :-1 s=READY pgs=46 cs=0 l=1 rev1=1 rx=0x7fb670006800 tx=0x7fb670006ee0).stop
2024-02-23T00:34:03.133 INFO:teuthology.orchestra.run.smithi110.stderr:/usr/bin/ceph:
2024-02-23T00:34:03.130+0000 7fb687b24700 1 -- 172.21.15.110:0/1108416542 shutdown_connections
2024-02-23T00:34:03.133 INFO:teuthology.orchestra.run.smithi110.stderr:/usr/bin/ceph:
2024-02-23T00:34:03.130+0000 7fb687b24700 1 --2- 172.21.15.110:0/1108416542 >> [v2:172.21.15.110:6800/1159472721,v1:172.21.15.110:6801/1159472721] conn(0x7fb66802fe10 0x7fb6680322d0 unknown :-1 s=CLOSED pgs=14 cs=0 l=1 rev1=1 rx=0 tx=0).stop
2024-02-23T00:34:03.133 INFO:teuthology.orchestra.run.smithi110.stderr:/usr/bin/ceph:
2024-02-23T00:34:03.130+0000 7fb687b24700 1 --2- 172.21.15.110:0/1108416542 >> [v2:172.21.15.110:3300/0,v1:172.21.15.110:6789/0] conn(0x7fb6800703b0 0x7fb68010cd80 unknown :-1 s=CLOSED pgs=46 cs=0 l=1 rev1=1 rx=0 tx=0).stop
2024-02-23T00:34:03.133 INFO:teuthology.orchestra.run.smithi110.stderr:/usr/bin/ceph:
2024-02-23T00:34:03.130+0000 7fb687b24700 1 -- 172.21.15.110:0/1108416542 >> 172.21.15.110:0/1108416542 conn(0x7fb6800f6530 msgr2=0x7fb6800f7f60 unknown :-1 s=STATE_NONE l=0).mark_down
2024-02-23T00:34:03.133 INFO:teuthology.orchestra.run.smithi110.stderr:/usr/bin/ceph:
2024-02-23T00:34:03.130+0000 7fb687b24700 1 -- 172.21.15.110:0/1108416542 shutdown_connections
2024-02-23T00:34:03.133 INFO:teuthology.orchestra.run.smithi110.stderr:/usr/bin/ceph:
2024-02-23T00:34:03.131+0000 7fb687b24700 1 -- 172.21.15.110:0/1108416542 wait complete.
2024-02-23T00:34:03.417 INFO:journalctl@ceph.mon.smithi110.smithi110.stdout:Feb 23 00:34:03 smithi110 ceph-134b5146-d1e3-11ee-95c0-87774f69a715-mon.smithi110[38132]: audit
2024-02-23T00:34:02.395274+0000 mon.smithi110 (mon.0) 59 : audit [INF] from='client.? 172.21.15.110:0/1108416542' entity='client.admin' cmd=[{"prefix": "mgr module enable", "module": "prometheus"}]: dispatch
2024-02-23T00:34:03.417 INFO:journalctl@ceph.mon.smithi110.smithi110.stdout:Feb 23 00:34:03 smithi110 ceph-134b5146-d1e3-11ee-95c0-87774f69a715-mon.smithi110[38132]: cluster
2024-02-23T00:34:03.031400+0000 mgr.smithi110.pgbfms (mgr.14114) 16 : cluster [DBG] pgmap v3: 0 pgs: ; 0 B data, 0 B used, 0 B / 0 B avail
2024-02-23T00:34:03.776 INFO:teuthology.orchestra.run.smithi110.stderr:Deploying prometheus service with default placement...
2024-02-23T00:34:03.776 INFO:teuthology.orchestra.run.smithi110.stderr:Running command: /bin/podman run --rm --ipc=host --no-hosts --net=host --entrypoint /usr/bin/ceph --init -e CONTAINER_IMAGE=docker.io/ceph/ceph:v16.2.4 -e NODE_NAME=smithi110 -e CEPH_USE_RANDOM_NONCE=1 -v /var/log/ceph/134b5146-d1e3-11ee-95c0-87774f69a715:/var/log/ceph:z -v /tmp/ceph-tmp_zxuz1td:/etc/ceph/ceph.client.admin.keyring:z -v /tmp/ceph-tmpjg47esdu:/etc/ceph/ceph.conf:z docker.io/ceph/ceph:v16.2.4 orch apply prometheus
2024-02-23T00:34:04.417 INFO:journalctl@ceph.mon.smithi110.smithi110.stdout:Feb 23 00:34:04 smithi110 ceph-134b5146-d1e3-11ee-95c0-87774f69a715-mon.smithi110[38132]: audit
2024-02-23T00:34:03.128695+0000 mon.smithi110 (mon.0) 60 : audit [INF] from='client.? 172.21.15.110:0/1108416542' entity='client.admin' cmd='[{"prefix": "mgr module enable", "module": "prometheus"}]': finished
2024-02-23T00:34:04.417 INFO:journalctl@ceph.mon.smithi110.smithi110.stdout:Feb 23 00:34:04 smithi110 ceph-134b5146-d1e3-11ee-95c0-87774f69a715-mon.smithi110[38132]: cluster
2024-02-23T00:34:03.128750+0000 mon.smithi110 (mon.0) 61 : cluster [DBG] mgrmap e9: smithi110.pgbfms(active, since 20s)
2024-02-23T00:34:04.458 INFO:teuthology.orchestra.run.smithi110.stderr:/usr/bin/ceph:
2024-02-23T00:34:04.426+0000 7f6eb2945700 1 Processor -- start
2024-02-23T00:34:04.459 INFO:teuthology.orchestra.run.smithi110.stderr:/usr/bin/ceph:
2024-02-23T00:34:04.426+0000 7f6eb2945700 1 -- start start
2024-02-23T00:34:04.459 INFO:teuthology.orchestra.run.smithi110.stderr:/usr/bin/ceph:
2024-02-23T00:34:04.426+0000 7f6eb2945700 1 --2- >> [v2:172.21.15.110:3300/0,v1:172.21.15.110:6789/0] conn(0x7f6eac0703b0 0x7f6eac0fead0 unknown :-1 s=NONE pgs=0 cs=0 l=0 rev1=0 rx=0 tx=0).connect
2024-02-23T00:34:04.459 INFO:teuthology.orchestra.run.smithi110.stderr:/usr/bin/ceph:
2024-02-23T00:34:04.426+0000 7f6eb2945700 1 -- --> [v2:172.21.15.110:3300/0,v1:172.21.15.110:6789/0] -- mon_getmap magic: 0 v1 -- 0x7f6eac0fefc0 con 0x7f6eac0703b0
2024-02-23T00:34:04.459 INFO:teuthology.orchestra.run.smithi110.stderr:/usr/bin/ceph:
2024-02-23T00:34:04.426+0000 7f6eabfff700 1 --2- >> [v2:172.21.15.110:3300/0,v1:172.21.15.110:6789/0] conn(0x7f6eac0703b0 0x7f6eac0fead0 unknown :-1 s=BANNER_CONNECTING pgs=0 cs=0 l=0 rev1=0 rx=0 tx=0)._handle_peer_banner_payload supported=1 required=0
2024-02-23T00:34:04.459 INFO:teuthology.orchestra.run.smithi110.stderr:/usr/bin/ceph:
2024-02-23T00:34:04.426+0000 7f6eabfff700 1 --2- >> [v2:172.21.15.110:3300/0,v1:172.21.15.110:6789/0] conn(0x7f6eac0703b0 0x7f6eac0fead0 unknown :-1 s=HELLO_CONNECTING pgs=0 cs=0 l=0 rev1=1 rx=0 tx=0).handle_hello peer v2:172.21.15.110:3300/0 says I am v2:172.21.15.110:37026/0 (socket says 172.21.15.110:37026)
2024-02-23T00:34:04.459 INFO:teuthology.orchestra.run.smithi110.stderr:/usr/bin/ceph:
2024-02-23T00:34:04.426+0000 7f6eabfff700 1 -- 172.21.15.110:0/701251832 learned_addr learned my addr 172.21.15.110:0/701251832 (peer_addr_for_me v2:172.21.15.110:0/0)
2024-02-23T00:34:04.459 INFO:teuthology.orchestra.run.smithi110.stderr:/usr/bin/ceph:
2024-02-23T00:34:04.427+0000 7f6eabfff700 1 -- 172.21.15.110:0/701251832 --> [v2:172.21.15.110:3300/0,v1:172.21.15.110:6789/0] -- mon_subscribe({config=0+,monmap=0+}) v3 -- 0x7f6eac0ff100 con 0x7f6eac0703b0
2024-02-23T00:34:04.459 INFO:teuthology.orchestra.run.smithi110.stderr:/usr/bin/ceph:
2024-02-23T00:34:04.427+0000 7f6eabfff700 1 --2- 172.21.15.110:0/701251832 >> [v2:172.21.15.110:3300/0,v1:172.21.15.110:6789/0] conn(0x7f6eac0703b0 0x7f6eac0fead0 secure :-1 s=READY pgs=49 cs=0 l=1 rev1=1 rx=0x7f6e9c00b5f0 tx=0x7f6e9c006ee0).ready entity=mon.0 client_cookie=19db9b6d5a045254 server_cookie=0 in_seq=0 out_seq=0
2024-02-23T00:34:04.459 INFO:teuthology.orchestra.run.smithi110.stderr:/usr/bin/ceph:
2024-02-23T00:34:04.427+0000 7f6eaaffd700 1 -- 172.21.15.110:0/701251832 <== mon.0 v2:172.21.15.110:3300/0 1 ==== mon_map magic: 0 v1 ==== 229+0+0 (secure 0 0 0) 0x7f6e9c00d600 con 0x7f6eac0703b0
2024-02-23T00:34:04.459 INFO:teuthology.orchestra.run.smithi110.stderr:/usr/bin/ceph:
2024-02-23T00:34:04.427+0000 7f6eaaffd700 1 -- 172.21.15.110:0/701251832 <== mon.0 v2:172.21.15.110:3300/0 2 ==== config(26 keys) v1 ==== 1045+0+0 (secure 0 0 0) 0x7f6e9c00dbf0 con 0x7f6eac0703b0
2024-02-23T00:34:04.460 INFO:teuthology.orchestra.run.smithi110.stderr:/usr/bin/ceph:
2024-02-23T00:34:04.427+0000 7f6eaaffd700 1 -- 172.21.15.110:0/701251832 <== mon.0 v2:172.21.15.110:3300/0 3 ==== mon_map magic: 0 v1 ==== 229+0+0 (secure 0 0 0) 0x7f6e9c011cb0 con 0x7f6eac0703b0
2024-02-23T00:34:04.460 INFO:teuthology.orchestra.run.smithi110.stderr:/usr/bin/ceph:
2024-02-23T00:34:04.427+0000 7f6eb2945700 1 -- 172.21.15.110:0/701251832 >> [v2:172.21.15.110:3300/0,v1:172.21.15.110:6789/0] conn(0x7f6eac0703b0 msgr2=0x7f6eac0fead0 secure :-1 s=STATE_CONNECTION_ESTABLISHED l=1).mark_down
2024-02-23T00:34:04.460 INFO:teuthology.orchestra.run.smithi110.stderr:/usr/bin/ceph:
2024-02-23T00:34:04.427+0000 7f6eb2945700 1 --2- 172.21.15.110:0/701251832 >> [v2:172.21.15.110:3300/0,v1:172.21.15.110:6789/0] conn(0x7f6eac0703b0 0x7f6eac0fead0 secure :-1 s=READY pgs=49 cs=0 l=1 rev1=1 rx=0x7f6e9c00b5f0 tx=0x7f6e9c006ee0).stop
2024-02-23T00:34:04.460 INFO:teuthology.orchestra.run.smithi110.stderr:/usr/bin/ceph:
2024-02-23T00:34:04.427+0000 7f6eb2945700 1 -- 172.21.15.110:0/701251832 shutdown_connections
2024-02-23T00:34:04.460 INFO:teuthology.orchestra.run.smithi110.stderr:/usr/bin/ceph:
2024-02-23T00:34:04.427+0000 7f6eb2945700 1 --2- 172.21.15.110:0/701251832 >> [v2:172.21.15.110:3300/0,v1:172.21.15.110:6789/0] conn(0x7f6eac0703b0 0x7f6eac0fead0 unknown :-1 s=CLOSED pgs=49 cs=0 l=1 rev1=1 rx=0 tx=0).stop
2024-02-23T00:34:04.460 INFO:teuthology.orchestra.run.smithi110.stderr:/usr/bin/ceph:
2024-02-23T00:34:04.427+0000 7f6eb2945700 1 -- 172.21.15.110:0/701251832 >> 172.21.15.110:0/701251832 conn(0x7f6eac0f6530 msgr2=0x7f6eac0f8950 unknown :-1 s=STATE_NONE l=0).mark_down
2024-02-23T00:34:04.460 INFO:teuthology.orchestra.run.smithi110.stderr:/usr/bin/ceph:
2024-02-23T00:34:04.428+0000 7f6eb2945700 1 -- 172.21.15.110:0/701251832 shutdown_connections
2024-02-23T00:34:04.460 INFO:teuthology.orchestra.run.smithi110.stderr:/usr/bin/ceph:
2024-02-23T00:34:04.428+0000 7f6eb2945700 1 -- 172.21.15.110:0/701251832 wait complete.
2024-02-23T00:34:04.460 INFO:teuthology.orchestra.run.smithi110.stderr:/usr/bin/ceph:
2024-02-23T00:34:04.428+0000 7f6eb2945700 1 Processor -- start
2024-02-23T00:34:04.460 INFO:teuthology.orchestra.run.smithi110.stderr:/usr/bin/ceph:
2024-02-23T00:34:04.428+0000 7f6eb2945700 1 -- start start
2024-02-23T00:34:04.460 INFO:teuthology.orchestra.run.smithi110.stderr:/usr/bin/ceph:
2024-02-23T00:34:04.428+0000 7f6eb2945700 1 --2- >> [v2:172.21.15.110:3300/0,v1:172.21.15.110:6789/0] conn(0x7f6eac0703b0 0x7f6eac113360 unknown :-1 s=NONE pgs=0 cs=0 l=1 rev1=0 rx=0 tx=0).connect
2024-02-23T00:34:04.461 INFO:teuthology.orchestra.run.smithi110.stderr:/usr/bin/ceph:
2024-02-23T00:34:04.428+0000 7f6eb2945700 1 -- --> [v2:172.21.15.110:3300/0,v1:172.21.15.110:6789/0] -- mon_getmap magic: 0 v1 -- 0x7f6eac113850 con 0x7f6eac0703b0
2024-02-23T00:34:04.461 INFO:teuthology.orchestra.run.smithi110.stderr:/usr/bin/ceph:
2024-02-23T00:34:04.429+0000 7f6eabfff700 1 --2- >> [v2:172.21.15.110:3300/0,v1:172.21.15.110:6789/0] conn(0x7f6eac0703b0 0x7f6eac113360 unknown :-1 s=BANNER_CONNECTING pgs=0 cs=0 l=1 rev1=0 rx=0 tx=0)._handle_peer_banner_payload supported=1 required=0
2024-02-23T00:34:04.461 INFO:teuthology.orchestra.run.smithi110.stderr:/usr/bin/ceph:
2024-02-23T00:34:04.429+0000 7f6eabfff700 1 --2- >> [v2:172.21.15.110:3300/0,v1:172.21.15.110:6789/0] conn(0x7f6eac0703b0 0x7f6eac113360 unknown :-1 s=HELLO_CONNECTING pgs=0 cs=0 l=1 rev1=1 rx=0 tx=0).handle_hello peer v2:172.21.15.110:3300/0 says I am v2:172.21.15.110:37036/0 (socket says 172.21.15.110:37036)
2024-02-23T00:34:04.461 INFO:teuthology.orchestra.run.smithi110.stderr:/usr/bin/ceph:
2024-02-23T00:34:04.429+0000 7f6eabfff700 1 -- 172.21.15.110:0/3608182057 learned_addr learned my addr 172.21.15.110:0/3608182057 (peer_addr_for_me v2:172.21.15.110:0/0)
2024-02-23T00:34:04.461 INFO:teuthology.orchestra.run.smithi110.stderr:/usr/bin/ceph:
2024-02-23T00:34:04.429+0000 7f6eabfff700 1 -- 172.21.15.110:0/3608182057 --> [v2:172.21.15.110:3300/0,v1:172.21.15.110:6789/0] -- mon_subscribe({config=0+,monmap=0+}) v3 -- 0x7f6e9c00b200 con 0x7f6eac0703b0
2024-02-23T00:34:04.461 INFO:teuthology.orchestra.run.smithi110.stderr:/usr/bin/ceph:
2024-02-23T00:34:04.429+0000 7f6eabfff700 1 --2- 172.21.15.110:0/3608182057 >> [v2:172.21.15.110:3300/0,v1:172.21.15.110:6789/0] conn(0x7f6eac0703b0 0x7f6eac113360 secure :-1 s=READY pgs=50 cs=0 l=1 rev1=1 rx=0x7f6e9c006800 tx=0x7f6e9c006ee0).ready entity=mon.0 client_cookie=0 server_cookie=0 in_seq=0 out_seq=0
2024-02-23T00:34:04.461 INFO:teuthology.orchestra.run.smithi110.stderr:/usr/bin/ceph:
2024-02-23T00:34:04.429+0000 7f6ea8ff9700 1 -- 172.21.15.110:0/3608182057 <== mon.0 v2:172.21.15.110:3300/0 1 ==== mon_map magic: 0 v1 ==== 229+0+0 (secure 0 0 0) 0x7f6e9c01b570 con 0x7f6eac0703b0
2024-02-23T00:34:04.461 INFO:teuthology.orchestra.run.smithi110.stderr:/usr/bin/ceph:
2024-02-23T00:34:04.429+0000 7f6eb2945700 1 -- 172.21.15.110:0/3608182057 --> [v2:172.21.15.110:3300/0,v1:172.21.15.110:6789/0] -- mon_subscribe({mgrmap=0+}) v3 -- 0x7f6eac113a50 con 0x7f6eac0703b0
2024-02-23T00:34:04.461 INFO:teuthology.orchestra.run.smithi110.stderr:/usr/bin/ceph:
2024-02-23T00:34:04.429+0000 7f6eb2945700 1 -- 172.21.15.110:0/3608182057 --> [v2:172.21.15.110:3300/0,v1:172.21.15.110:6789/0] -- mon_subscribe({osdmap=0}) v3 -- 0x7f6eac113ee0 con 0x7f6eac0703b0
2024-02-23T00:34:04.461 INFO:teuthology.orchestra.run.smithi110.stderr:/usr/bin/ceph:
2024-02-23T00:34:04.429+0000 7f6ea8ff9700 1 -- 172.21.15.110:0/3608182057 <== mon.0 v2:172.21.15.110:3300/0 2 ==== config(26 keys) v1 ==== 1045+0+0 (secure 0 0 0) 0x7f6e9c01bb60 con 0x7f6eac0703b0
2024-02-23T00:34:04.461 INFO:teuthology.orchestra.run.smithi110.stderr:/usr/bin/ceph:
2024-02-23T00:34:04.429+0000 7f6ea8ff9700 1 -- 172.21.15.110:0/3608182057 <== mon.0 v2:172.21.15.110:3300/0 3 ==== mon_map magic: 0 v1 ==== 229+0+0 (secure 0 0 0) 0x7f6e9c01a9f0 con 0x7f6eac0703b0
2024-02-23T00:34:04.461 INFO:teuthology.orchestra.run.smithi110.stderr:/usr/bin/ceph:
2024-02-23T00:34:04.430+0000 7f6eb2945700 1 -- 172.21.15.110:0/3608182057 --> [v2:172.21.15.110:3300/0,v1:172.21.15.110:6789/0] -- mon_command({"prefix": "get_command_descriptions"} v 0) v1 -- 0x7f6e8c004fa0 con 0x7f6eac0703b0
2024-02-23T00:34:04.461 INFO:teuthology.orchestra.run.smithi110.stderr:/usr/bin/ceph:
2024-02-23T00:34:04.430+0000 7f6ea8ff9700 1 -- 172.21.15.110:0/3608182057 <== mon.0 v2:172.21.15.110:3300/0 4 ==== mgrmap(e 9) v1 ==== 36134+0+0 (secure 0 0 0) 0x7f6e9c00f070 con 0x7f6eac0703b0
2024-02-23T00:34:04.462 INFO:teuthology.orchestra.run.smithi110.stderr:/usr/bin/ceph:
2024-02-23T00:34:04.431+0000 7f6ea8ff9700 1 --2- 172.21.15.110:0/3608182057 >> [v2:172.21.15.110:6800/1159472721,v1:172.21.15.110:6801/1159472721] conn(0x7f6e9802ff10 0x7f6e980323d0 unknown :-1 s=NONE pgs=0 cs=0 l=1 rev1=0 rx=0 tx=0).connect
2024-02-23T00:34:04.462 INFO:teuthology.orchestra.run.smithi110.stderr:/usr/bin/ceph:
2024-02-23T00:34:04.431+0000 7f6ea8ff9700 1 -- 172.21.15.110:0/3608182057 <== mon.0 v2:172.21.15.110:3300/0 5 ==== osd_map(2..2 src has 1..2) v4 ==== 926+0+0 (secure 0 0 0) 0x7f6e9c041c60 con 0x7f6eac0703b0
2024-02-23T00:34:04.462 INFO:teuthology.orchestra.run.smithi110.stderr:/usr/bin/ceph:
2024-02-23T00:34:04.431+0000 7f6eab7fe700 1 -- 172.21.15.110:0/3608182057 >> [v2:172.21.15.110:6800/1159472721,v1:172.21.15.110:6801/1159472721] conn(0x7f6e9802ff10 msgr2=0x7f6e980323d0 unknown :-1 s=STATE_CONNECTING_RE l=1).process reconnect failed to v2:172.21.15.110:6800/1159472721
2024-02-23T00:34:04.462 INFO:teuthology.orchestra.run.smithi110.stderr:/usr/bin/ceph:
2024-02-23T00:34:04.431+0000 7f6eab7fe700 1 --2- 172.21.15.110:0/3608182057 >> [v2:172.21.15.110:6800/1159472721,v1:172.21.15.110:6801/1159472721] conn(0x7f6e9802ff10 0x7f6e980323d0 unknown :-1 s=START_CONNECT pgs=0 cs=0 l=1 rev1=0 rx=0 tx=0)._fault waiting 0.200000
2024-02-23T00:34:04.462 INFO:teuthology.orchestra.run.smithi110.stderr:/usr/bin/ceph:
2024-02-23T00:34:04.434+0000 7f6ea8ff9700 1 -- 172.21.15.110:0/3608182057 <== mon.0 v2:172.21.15.110:3300/0 6 ==== mon_command_ack([{"prefix": "get_command_descriptions"}]=0 v0) v1 ==== 72+0+152212 (secure 0 0 0) 0x7f6e9c023b50 con 0x7f6eac0703b0
2024-02-23T00:34:04.630 INFO:teuthology.orchestra.run.smithi110.stderr:/usr/bin/ceph:
2024-02-23T00:34:04.629+0000 7f6eb2945700 1 -- 172.21.15.110:0/3608182057 --> [v2:172.21.15.110:6800/1159472721,v1:172.21.15.110:6801/1159472721] -- mgr_command(tid 0: {"prefix": "orch apply", "service_type": "prometheus", "target": ["mon-mgr", ""]}) v1 -- 0x7f6e8c000bc0 con 0x7f6e9802ff10
2024-02-23T00:34:04.633 INFO:teuthology.orchestra.run.smithi110.stderr:/usr/bin/ceph:
2024-02-23T00:34:04.632+0000 7f6eab7fe700 1 -- 172.21.15.110:0/3608182057 >> [v2:172.21.15.110:6800/1159472721,v1:172.21.15.110:6801/1159472721] conn(0x7f6e9802ff10 msgr2=0x7f6e980323d0 unknown :-1 s=STATE_CONNECTING_RE l=1).process reconnect failed to v2:172.21.15.110:6800/1159472721
2024-02-23T00:34:04.633 INFO:teuthology.orchestra.run.smithi110.stderr:/usr/bin/ceph:
2024-02-23T00:34:04.632+0000 7f6eab7fe700 1 --2- 172.21.15.110:0/3608182057 >> [v2:172.21.15.110:6800/1159472721,v1:172.21.15.110:6801/1159472721] conn(0x7f6e9802ff10 0x7f6e980323d0 unknown :-1 s=START_CONNECT pgs=0 cs=0 l=1 rev1=0 rx=0 tx=0)._fault waiting 0.400000
2024-02-23T00:34:05.034 INFO:teuthology.orchestra.run.smithi110.stderr:/usr/bin/ceph:
2024-02-23T00:34:05.033+0000 7f6eab7fe700 1 -- 172.21.15.110:0/3608182057 >> [v2:172.21.15.110:6800/1159472721,v1:172.21.15.110:6801/1159472721] conn(0x7f6e9802ff10 msgr2=0x7f6e980323d0 unknown :-1 s=STATE_CONNECTING_RE l=1).process reconnect failed to v2:172.21.15.110:6800/1159472721
2024-02-23T00:34:05.035 INFO:teuthology.orchestra.run.smithi110.stderr:/usr/bin/ceph:
2024-02-23T00:34:05.033+0000 7f6eab7fe700 1 --2- 172.21.15.110:0/3608182057 >> [v2:172.21.15.110:6800/1159472721,v1:172.21.15.110:6801/1159472721] conn(0x7f6e9802ff10 0x7f6e980323d0 unknown :-1 s=START_CONNECT pgs=0 cs=0 l=1 rev1=0 rx=0 tx=0)._fault waiting 0.800000
2024-02-23T00:34:05.836 INFO:teuthology.orchestra.run.smithi110.stderr:/usr/bin/ceph:
2024-02-23T00:34:05.834+0000 7f6eab7fe700 1 -- 172.21.15.110:0/3608182057 >> [v2:172.21.15.110:6800/1159472721,v1:172.21.15.110:6801/1159472721] conn(0x7f6e9802ff10 msgr2=0x7f6e980323d0 unknown :-1 s=STATE_CONNECTING_RE l=1).process reconnect failed to v2:172.21.15.110:6800/1159472721
2024-02-23T00:34:05.836 INFO:teuthology.orchestra.run.smithi110.stderr:/usr/bin/ceph:
2024-02-23T00:34:05.834+0000 7f6eab7fe700 1 --2- 172.21.15.110:0/3608182057 >> [v2:172.21.15.110:6800/1159472721,v1:172.21.15.110:6801/1159472721] conn(0x7f6e9802ff10 0x7f6e980323d0 unknown :-1 s=START_CONNECT pgs=0 cs=0 l=1 rev1=0 rx=0 tx=0)._fault waiting 1.600000
2024-02-23T00:34:07.437 INFO:teuthology.orchestra.run.smithi110.stderr:/usr/bin/ceph:
2024-02-23T00:34:07.435+0000 7f6eab7fe700 1 -- 172.21.15.110:0/3608182057 >> [v2:172.21.15.110:6800/1159472721,v1:172.21.15.110:6801/1159472721] conn(0x7f6e9802ff10 msgr2=0x7f6e980323d0 unknown :-1 s=STATE_CONNECTING_RE l=1).process reconnect failed to v2:172.21.15.110:6800/1159472721
2024-02-23T00:34:07.437 INFO:teuthology.orchestra.run.smithi110.stderr:/usr/bin/ceph:
2024-02-23T00:34:07.435+0000 7f6eab7fe700 1 --2- 172.21.15.110:0/3608182057 >> [v2:172.21.15.110:6800/1159472721,v1:172.21.15.110:6801/1159472721] conn(0x7f6e9802ff10 0x7f6e980323d0 unknown :-1 s=START_CONNECT pgs=0 cs=0 l=1 rev1=0 rx=0 tx=0)._fault waiting 3.200000
2024-02-23T00:34:08.184 INFO:teuthology.orchestra.run.smithi110.stderr:/usr/bin/ceph:
2024-02-23T00:34:08.182+0000 7f6ea8ff9700 1 -- 172.21.15.110:0/3608182057 <== mon.0 v2:172.21.15.110:3300/0 7 ==== mgrmap(e 10) v1 ==== 35984+0+0 (secure 0 0 0) 0x7f6e9c01ab50 con 0x7f6eac0703b0
2024-02-23T00:34:08.184 INFO:teuthology.orchestra.run.smithi110.stderr:/usr/bin/ceph:
2024-02-23T00:34:08.182+0000 7f6ea8ff9700 1 -- 172.21.15.110:0/3608182057 >> [v2:172.21.15.110:6800/1159472721,v1:172.21.15.110:6801/1159472721] conn(0x7f6e9802ff10 msgr2=0x7f6e980323d0 unknown :-1 s=STATE_CONNECTING l=1).mark_down
2024-02-23T00:34:08.184 INFO:teuthology.orchestra.run.smithi110.stderr:/usr/bin/ceph:
2024-02-23T00:34:08.182+0000 7f6ea8ff9700 1 --2- 172.21.15.110:0/3608182057 >> [v2:172.21.15.110:6800/1159472721,v1:172.21.15.110:6801/1159472721] conn(0x7f6e9802ff10 0x7f6e980323d0 unknown :-1 s=START_CONNECT pgs=0 cs=0 l=1 rev1=0 rx=0 tx=0).stop
2024-02-23T00:34:09.187 INFO:teuthology.orchestra.run.smithi110.stderr:/usr/bin/ceph:
2024-02-23T00:34:09.183+0000 7f6ea8ff9700 1 -- 172.21.15.110:0/3608182057 <== mon.0 v2:172.21.15.110:3300/0 8 ==== mgrmap(e 11) v1 ==== 36054+0+0 (secure 0 0 0) 0x7f6e9c023360 con 0x7f6eac0703b0
2024-02-23T00:34:09.187 INFO:teuthology.orchestra.run.smithi110.stderr:/usr/bin/ceph:
2024-02-23T00:34:09.184+0000 7f6ea8ff9700 1 --2- 172.21.15.110:0/3608182057 >> [v2:172.21.15.110:6800/1341390480,v1:172.21.15.110:6801/1341390480] conn(0x7f6e98033d30 0x7f6e98036120 unknown :-1 s=NONE pgs=0 cs=0 l=1 rev1=0 rx=0 tx=0).connect
2024-02-23T00:34:09.187 INFO:teuthology.orchestra.run.smithi110.stderr:/usr/bin/ceph:
2024-02-23T00:34:09.184+0000 7f6ea8ff9700 1 -- 172.21.15.110:0/3608182057 --> [v2:172.21.15.110:6800/1341390480,v1:172.21.15.110:6801/1341390480] -- mgr_command(tid 0: {"prefix": "orch apply", "service_type": "prometheus", "target": ["mon-mgr", ""]}) v1 -- 0x7f6e8c000bc0 con 0x7f6e98033d30
2024-02-23T00:34:09.187 INFO:teuthology.orchestra.run.smithi110.stderr:/usr/bin/ceph:
2024-02-23T00:34:09.184+0000 7f6eab7fe700 1 --2- 172.21.15.110:0/3608182057 >> [v2:172.21.15.110:6800/1341390480,v1:172.21.15.110:6801/1341390480] conn(0x7f6e98033d30 0x7f6e98036120 unknown :-1 s=BANNER_CONNECTING pgs=0 cs=0 l=1 rev1=0 rx=0 tx=0)._handle_peer_banner_payload supported=1 required=0
2024-02-23T00:34:09.187 INFO:teuthology.orchestra.run.smithi110.stderr:/usr/bin/ceph:
2024-02-23T00:34:09.185+0000 7f6eab7fe700 1 --2- 172.21.15.110:0/3608182057 >> [v2:172.21.15.110:6800/1341390480,v1:172.21.15.110:6801/1341390480] conn(0x7f6e98033d30 0x7f6e98036120 secure :-1 s=READY pgs=1 cs=0 l=1 rev1=1 rx=0x7f6ea0006fd0 tx=0x7f6ea0006db0).ready entity=mgr.14142 client_cookie=0 server_cookie=0 in_seq=0 out_seq=0
2024-02-23T00:34:09.190 INFO:teuthology.orchestra.run.smithi110.stderr:/usr/bin/ceph:
2024-02-23T00:34:09.189+0000 7f6ea8ff9700 1 -- 172.21.15.110:0/3608182057 <== mgr.14142 v2:172.21.15.110:6800/1341390480 1 ==== mgr_command_reply(tid 0: 0 ) v1 ==== 8+0+31 (secure 0 0 0) 0x7f6e8c000bc0 con 0x7f6e98033d30
2024-02-23T00:34:09.190 INFO:teuthology.orchestra.run.smithi110.stderr:/usr/bin/ceph: Scheduled prometheus update...
2024-02-23T00:34:09.193 INFO:teuthology.orchestra.run.smithi110.stderr:/usr/bin/ceph:
2024-02-23T00:34:09.191+0000 7f6eb2945700 1 -- 172.21.15.110:0/3608182057 >> [v2:172.21.15.110:6800/1341390480,v1:172.21.15.110:6801/1341390480] conn(0x7f6e98033d30 msgr2=0x7f6e98036120 secure :-1 s=STATE_CONNECTION_ESTABLISHED l=1).mark_down
2024-02-23T00:34:09.193 INFO:teuthology.orchestra.run.smithi110.stderr:/usr/bin/ceph:
2024-02-23T00:34:09.191+0000 7f6eb2945700 1 --2- 172.21.15.110:0/3608182057 >> [v2:172.21.15.110:6800/1341390480,v1:172.21.15.110:6801/1341390480] conn(0x7f6e98033d30 0x7f6e98036120 secure :-1 s=READY pgs=1 cs=0 l=1 rev1=1 rx=0x7f6ea0006fd0 tx=0x7f6ea0006db0).stop
2024-02-23T00:34:09.193 INFO:teuthology.orchestra.run.smithi110.stderr:/usr/bin/ceph:
2024-02-23T00:34:09.191+0000 7f6eb2945700 1 -- 172.21.15.110:0/3608182057 >> [v2:172.21.15.110:3300/0,v1:172.21.15.110:6789/0] conn(0x7f6eac0703b0 msgr2=0x7f6eac113360 secure :-1 s=STATE_CONNECTION_ESTABLISHED l=1).mark_down
2024-02-23T00:34:09.193 INFO:teuthology.orchestra.run.smithi110.stderr:/usr/bin/ceph:
2024-02-23T00:34:09.191+0000 7f6eb2945700 1 --2- 172.21.15.110:0/3608182057 >> [v2:172.21.15.110:3300/0,v1:172.21.15.110:6789/0] conn(0x7f6eac0703b0 0x7f6eac113360 secure :-1 s=READY pgs=50 cs=0 l=1 rev1=1 rx=0x7f6e9c006800 tx=0x7f6e9c006ee0).stop
2024-02-23T00:34:09.193 INFO:teuthology.orchestra.run.smithi110.stderr:/usr/bin/ceph:
2024-02-23T00:34:09.191+0000 7f6eb2945700 1 -- 172.21.15.110:0/3608182057 shutdown_connections
2024-02-23T00:34:09.193 INFO:teuthology.orchestra.run.smithi110.stderr:/usr/bin/ceph:
2024-02-23T00:34:09.191+0000 7f6eb2945700 1 --2- 172.21.15.110:0/3608182057 >> [v2:172.21.15.110:6800/1341390480,v1:172.21.15.110:6801/1341390480] conn(0x7f6e98033d30 0x7f6e98036120 unknown :-1 s=CLOSED pgs=1 cs=0 l=1 rev1=1 rx=0 tx=0).stop
2024-02-23T00:34:09.193 INFO:teuthology.orchestra.run.smithi110.stderr:/usr/bin/ceph:
2024-02-23T00:34:09.191+0000 7f6eb2945700 1 --2- 172.21.15.110:0/3608182057 >> [v2:172.21.15.110:3300/0,v1:172.21.15.110:6789/0] conn(0x7f6eac0703b0 0x7f6eac113360 secure :-1 s=CLOSED pgs=50 cs=0 l=1 rev1=1 rx=0x7f6e9c006800 tx=0x7f6e9c006ee0).stop
2024-02-23T00:34:09.193 INFO:teuthology.orchestra.run.smithi110.stderr:/usr/bin/ceph:
2024-02-23T00:34:09.191+0000 7f6eb2945700 1 --2- 172.21.15.110:0/3608182057 >> [v2:172.21.15.110:6800/1159472721,v1:172.21.15.110:6801/1159472721] conn(0x7f6e9802ff10 0x7f6e980323d0 unknown :-1 s=CLOSED pgs=0 cs=0 l=1 rev1=0 rx=0 tx=0).stop
2024-02-23T00:34:09.194 INFO:teuthology.orchestra.run.smithi110.stderr:/usr/bin/ceph:
2024-02-23T00:34:09.191+0000 7f6eb2945700 1 -- 172.21.15.110:0/3608182057 >> 172.21.15.110:0/3608182057 conn(0x7f6eac0f6530 msgr2=0x7f6eac0f7f40 unknown :-1 s=STATE_NONE l=0).mark_down
2024-02-23T00:34:09.194 INFO:teuthology.orchestra.run.smithi110.stderr:/usr/bin/ceph:
2024-02-23T00:34:09.191+0000 7f6eb2945700 1 -- 172.21.15.110:0/3608182057 shutdown_connections
2024-02-23T00:34:09.194 INFO:teuthology.orchestra.run.smithi110.stderr:/usr/bin/ceph:
2024-02-23T00:34:09.191+0000 7f6eb2945700 1 -- 172.21.15.110:0/3608182057 wait complete.
2024-02-23T00:34:09.417 INFO:journalctl@ceph.mon.smithi110.smithi110.stdout:Feb 23 00:34:09 smithi110 ceph-134b5146-d1e3-11ee-95c0-87774f69a715-mon.smithi110[38132]: cluster
2024-02-23T00:34:08.131690+0000 mon.smithi110 (mon.0) 62 : cluster [INF] Active manager daemon smithi110.pgbfms restarted
2024-02-23T00:34:09.417 INFO:journalctl@ceph.mon.smithi110.smithi110.stdout:Feb 23 00:34:09 smithi110 ceph-134b5146-d1e3-11ee-95c0-87774f69a715-mon.smithi110[38132]: cluster
2024-02-23T00:34:08.132065+0000 mon.smithi110 (mon.0) 63 : cluster [INF] Activating manager daemon smithi110.pgbfms
2024-02-23T00:34:09.417 INFO:journalctl@ceph.mon.smithi110.smithi110.stdout:Feb 23 00:34:09 smithi110 ceph-134b5146-d1e3-11ee-95c0-87774f69a715-mon.smithi110[38132]: cluster
2024-02-23T00:34:08.133896+0000 mon.smithi110 (mon.0) 64 : cluster [DBG] osdmap e3: 0 total, 0 up, 0 in
2024-02-23T00:34:09.417 INFO:journalctl@ceph.mon.smithi110.smithi110.stdout:Feb 23 00:34:09 smithi110 ceph-134b5146-d1e3-11ee-95c0-87774f69a715-mon.smithi110[38132]: cluster
2024-02-23T00:34:08.184413+0000 mon.smithi110 (mon.0) 65 : cluster [DBG] mgrmap e10: smithi110.pgbfms(active, starting, since 0.0524306s)
2024-02-23T00:34:09.417 INFO:journalctl@ceph.mon.smithi110.smithi110.stdout:Feb 23 00:34:09 smithi110 ceph-134b5146-d1e3-11ee-95c0-87774f69a715-mon.smithi110[38132]: audit
2024-02-23T00:34:08.185195+0000 mon.smithi110 (mon.0) 66 : audit [DBG] from='mgr.14142 172.21.15.110:0/2085911700' entity='mgr.smithi110.pgbfms' cmd=[{"prefix": "mon metadata", "id": "smithi110"}]: dispatch
2024-02-23T00:34:09.417 INFO:journalctl@ceph.mon.smithi110.smithi110.stdout:Feb 23 00:34:09 smithi110 ceph-134b5146-d1e3-11ee-95c0-87774f69a715-mon.smithi110[38132]: audit
2024-02-23T00:34:08.185821+0000 mon.smithi110 (mon.0) 67 : audit [DBG] from='mgr.14142 172.21.15.110:0/2085911700' entity='mgr.smithi110.pgbfms' cmd=[{"prefix": "mgr metadata", "who": "smithi110.pgbfms", "id": "smithi110.pgbfms"}]: dispatch
2024-02-23T00:34:09.418 INFO:journalctl@ceph.mon.smithi110.smithi110.stdout:Feb 23 00:34:09 smithi110 ceph-134b5146-d1e3-11ee-95c0-87774f69a715-mon.smithi110[38132]: audit
2024-02-23T00:34:08.186479+0000 mon.smithi110 (mon.0) 68 : audit [DBG] from='mgr.14142 172.21.15.110:0/2085911700' entity='mgr.smithi110.pgbfms' cmd=[{"prefix": "mds metadata"}]: dispatch
2024-02-23T00:34:09.418 INFO:journalctl@ceph.mon.smithi110.smithi110.stdout:Feb 23 00:34:09 smithi110 ceph-134b5146-d1e3-11ee-95c0-87774f69a715-mon.smithi110[38132]: audit
2024-02-23T00:34:08.186625+0000 mon.smithi110 (mon.0) 69 : audit [DBG] from='mgr.14142 172.21.15.110:0/2085911700' entity='mgr.smithi110.pgbfms' cmd=[{"prefix": "osd metadata"}]: dispatch
2024-02-23T00:34:09.418 INFO:journalctl@ceph.mon.smithi110.smithi110.stdout:Feb 23 00:34:09 smithi110 ceph-134b5146-d1e3-11ee-95c0-87774f69a715-mon.smithi110[38132]: audit
2024-02-23T00:34:08.186770+0000 mon.smithi110 (mon.0) 70 : audit [DBG] from='mgr.14142 172.21.15.110:0/2085911700' entity='mgr.smithi110.pgbfms' cmd=[{"prefix": "mon metadata"}]: dispatch
2024-02-23T00:34:09.418 INFO:journalctl@ceph.mon.smithi110.smithi110.stdout:Feb 23 00:34:09 smithi110 ceph-134b5146-d1e3-11ee-95c0-87774f69a715-mon.smithi110[38132]: cluster
2024-02-23T00:34:08.200054+0000 mon.smithi110 (mon.0) 71 : cluster [INF] Manager daemon smithi110.pgbfms is now available
2024-02-23T00:34:09.418 INFO:journalctl@ceph.mon.smithi110.smithi110.stdout:Feb 23 00:34:09 smithi110 ceph-134b5146-d1e3-11ee-95c0-87774f69a715-mon.smithi110[38132]: audit
2024-02-23T00:34:08.295714+0000 mon.smithi110 (mon.0) 72 : audit [DBG] from='mgr.14142 172.21.15.110:0/2085911700' entity='mgr.smithi110.pgbfms' cmd=[{"prefix": "config dump", "format": "json"}]: dispatch
2024-02-23T00:34:09.418 INFO:journalctl@ceph.mon.smithi110.smithi110.stdout:Feb 23 00:34:09 smithi110 ceph-134b5146-d1e3-11ee-95c0-87774f69a715-mon.smithi110[38132]: audit
2024-02-23T00:34:08.297055+0000 mon.smithi110 (mon.0) 73 : audit [DBG] from='mgr.14142 172.21.15.110:0/2085911700' entity='mgr.smithi110.pgbfms' cmd=[{"prefix": "config dump", "format": "json"}]: dispatch
2024-02-23T00:34:09.418 INFO:journalctl@ceph.mon.smithi110.smithi110.stdout:Feb 23 00:34:09 smithi110 ceph-134b5146-d1e3-11ee-95c0-87774f69a715-mon.smithi110[38132]: audit
2024-02-23T00:34:08.311899+0000 mon.smithi110 (mon.0) 74 : audit [INF] from='mgr.14142 172.21.15.110:0/2085911700' entity='mgr.smithi110.pgbfms' cmd=[{"prefix":"config rm","who":"mgr","name":"mgr/rbd_support/smithi110.pgbfms/mirror_snapshot_schedule"}]: dispatch
2024-02-23T00:34:09.418 INFO:journalctl@ceph.mon.smithi110.smithi110.stdout:Feb 23 00:34:09 smithi110 ceph-134b5146-d1e3-11ee-95c0-87774f69a715-mon.smithi110[38132]: audit
2024-02-23T00:34:08.319427+0000 mon.smithi110 (mon.0) 75 : audit [INF] from='mgr.14142 172.21.15.110:0/2085911700' entity='mgr.smithi110.pgbfms' cmd=[{"prefix":"config rm","who":"mgr","name":"mgr/rbd_support/smithi110.pgbfms/trash_purge_schedule"}]: dispatch
2024-02-23T00:34:09.827 INFO:teuthology.orchestra.run.smithi110.stderr:Deploying grafana service with default placement...
2024-02-23T00:34:09.827 INFO:teuthology.orchestra.run.smithi110.stderr:Running command: /bin/podman run --rm --ipc=host --no-hosts --net=host --entrypoint /usr/bin/ceph --init -e CONTAINER_IMAGE=docker.io/ceph/ceph:v16.2.4 -e NODE_NAME=smithi110 -e CEPH_USE_RANDOM_NONCE=1 -v /var/log/ceph/134b5146-d1e3-11ee-95c0-87774f69a715:/var/log/ceph:z -v /tmp/ceph-tmp_zxuz1td:/etc/ceph/ceph.client.admin.keyring:z -v /tmp/ceph-tmpjg47esdu:/etc/ceph/ceph.conf:z docker.io/ceph/ceph:v16.2.4 orch apply grafana
2024-02-23T00:34:10.386 INFO:teuthology.orchestra.run.smithi110.stderr:/usr/bin/ceph:
2024-02-23T00:34:10.381+0000 7f0a8f59e700 1 Processor -- start
2024-02-23T00:34:10.386 INFO:teuthology.orchestra.run.smithi110.stderr:/usr/bin/ceph:
2024-02-23T00:34:10.381+0000 7f0a8f59e700 1 -- start start
2024-02-23T00:34:10.386 INFO:teuthology.orchestra.run.smithi110.stderr:/usr/bin/ceph:
2024-02-23T00:34:10.381+0000 7f0a8f59e700 1 --2- >> [v2:172.21.15.110:3300/0,v1:172.21.15.110:6789/0] conn(0x7f0a90070430 0x7f0a900fe890 unknown :-1 s=NONE pgs=0 cs=0 l=0 rev1=0 rx=0 tx=0).connect
2024-02-23T00:34:10.386 INFO:teuthology.orchestra.run.smithi110.stderr:/usr/bin/ceph:
2024-02-23T00:34:10.381+0000 7f0a8f59e700 1 -- --> [v2:172.21.15.110:3300/0,v1:172.21.15.110:6789/0] -- mon_getmap magic: 0 v1 -- 0x7f0a900fed80 con 0x7f0a90070430
2024-02-23T00:34:10.386 INFO:teuthology.orchestra.run.smithi110.stderr:/usr/bin/ceph:
2024-02-23T00:34:10.382+0000 7f0a8e59c700 1 --2- >> [v2:172.21.15.110:3300/0,v1:172.21.15.110:6789/0] conn(0x7f0a90070430 0x7f0a900fe890 unknown :-1 s=BANNER_CONNECTING pgs=0 cs=0 l=0 rev1=0 rx=0 tx=0)._handle_peer_banner_payload supported=1 required=0
2024-02-23T00:34:10.386 INFO:teuthology.orchestra.run.smithi110.stderr:/usr/bin/ceph:
2024-02-23T00:34:10.382+0000 7f0a8e59c700 1 --2- >> [v2:172.21.15.110:3300/0,v1:172.21.15.110:6789/0] conn(0x7f0a90070430 0x7f0a900fe890 unknown :-1 s=HELLO_CONNECTING pgs=0 cs=0 l=0 rev1=1 rx=0 tx=0).handle_hello peer v2:172.21.15.110:3300/0 says I am v2:172.21.15.110:42876/0 (socket says 172.21.15.110:42876)
2024-02-23T00:34:10.386 INFO:teuthology.orchestra.run.smithi110.stderr:/usr/bin/ceph:
2024-02-23T00:34:10.382+0000 7f0a8e59c700 1 -- 172.21.15.110:0/1231506852 learned_addr learned my addr 172.21.15.110:0/1231506852 (peer_addr_for_me v2:172.21.15.110:0/0)
2024-02-23T00:34:10.386 INFO:teuthology.orchestra.run.smithi110.stderr:/usr/bin/ceph:
2024-02-23T00:34:10.382+0000 7f0a8e59c700 1 -- 172.21.15.110:0/1231506852 --> [v2:172.21.15.110:3300/0,v1:172.21.15.110:6789/0] -- mon_subscribe({config=0+,monmap=0+}) v3 -- 0x7f0a900feec0 con 0x7f0a90070430
2024-02-23T00:34:10.386 INFO:teuthology.orchestra.run.smithi110.stderr:/usr/bin/ceph:
2024-02-23T00:34:10.382+0000 7f0a8e59c700 1 --2- 172.21.15.110:0/1231506852 >> [v2:172.21.15.110:3300/0,v1:172.21.15.110:6789/0] conn(0x7f0a90070430 0x7f0a900fe890 secure :-1 s=READY pgs=56 cs=0 l=1 rev1=1 rx=0x7f0a8400b5f0 tx=0x7f0a84006ee0).ready entity=mon.0 client_cookie=cd3023c6723c4dd7 server_cookie=0 in_seq=0 out_seq=0
2024-02-23T00:34:10.387 INFO:teuthology.orchestra.run.smithi110.stderr:/usr/bin/ceph:
2024-02-23T00:34:10.382+0000 7f0a8d59a700 1 -- 172.21.15.110:0/1231506852 <== mon.0 v2:172.21.15.110:3300/0 1 ==== mon_map magic: 0 v1 ==== 229+0+0 (secure 0 0 0) 0x7f0a8400d600 con 0x7f0a90070430
2024-02-23T00:34:10.387 INFO:teuthology.orchestra.run.smithi110.stderr:/usr/bin/ceph:
2024-02-23T00:34:10.382+0000 7f0a8d59a700 1 -- 172.21.15.110:0/1231506852 <== mon.0 v2:172.21.15.110:3300/0 2 ==== config(26 keys) v1 ==== 1045+0+0 (secure 0 0 0) 0x7f0a8400dbf0 con 0x7f0a90070430
2024-02-23T00:34:10.387 INFO:teuthology.orchestra.run.smithi110.stderr:/usr/bin/ceph:
2024-02-23T00:34:10.382+0000 7f0a8d59a700 1 -- 172.21.15.110:0/1231506852 <== mon.0 v2:172.21.15.110:3300/0 3 ==== mon_map magic: 0 v1 ==== 229+0+0 (secure 0 0 0) 0x7f0a84011cb0 con 0x7f0a90070430
2024-02-23T00:34:10.387 INFO:teuthology.orchestra.run.smithi110.stderr:/usr/bin/ceph:
2024-02-23T00:34:10.383+0000 7f0a8f59e700 1 -- 172.21.15.110:0/1231506852 >> [v2:172.21.15.110:3300/0,v1:172.21.15.110:6789/0] conn(0x7f0a90070430 msgr2=0x7f0a900fe890 secure :-1 s=STATE_CONNECTION_ESTABLISHED l=1).mark_down
2024-02-23T00:34:10.387 INFO:teuthology.orchestra.run.smithi110.stderr:/usr/bin/ceph:
2024-02-23T00:34:10.383+0000 7f0a8f59e700 1 --2- 172.21.15.110:0/1231506852 >> [v2:172.21.15.110:3300/0,v1:172.21.15.110:6789/0] conn(0x7f0a90070430 0x7f0a900fe890 secure :-1 s=READY pgs=56 cs=0 l=1 rev1=1 rx=0x7f0a8400b5f0 tx=0x7f0a84006ee0).stop
2024-02-23T00:34:10.387 INFO:teuthology.orchestra.run.smithi110.stderr:/usr/bin/ceph:
2024-02-23T00:34:10.383+0000 7f0a8f59e700 1 -- 172.21.15.110:0/1231506852 shutdown_connections
2024-02-23T00:34:10.387 INFO:teuthology.orchestra.run.smithi110.stderr:/usr/bin/ceph:
2024-02-23T00:34:10.383+0000 7f0a8f59e700 1 --2- 172.21.15.110:0/1231506852 >> [v2:172.21.15.110:3300/0,v1:172.21.15.110:6789/0] conn(0x7f0a90070430 0x7f0a900fe890 unknown :-1 s=CLOSED pgs=56 cs=0 l=1 rev1=1 rx=0 tx=0).stop
2024-02-23T00:34:10.387 INFO:teuthology.orchestra.run.smithi110.stderr:/usr/bin/ceph:
2024-02-23T00:34:10.383+0000 7f0a8f59e700 1 -- 172.21.15.110:0/1231506852 >> 172.21.15.110:0/1231506852 conn(0x7f0a900f6390 msgr2=0x7f0a900f87b0 unknown :-1 s=STATE_NONE l=0).mark_down
2024-02-23T00:34:10.387 INFO:teuthology.orchestra.run.smithi110.stderr:/usr/bin/ceph:
2024-02-23T00:34:10.383+0000 7f0a8f59e700 1 -- 172.21.15.110:0/1231506852 shutdown_connections
2024-02-23T00:34:10.387 INFO:teuthology.orchestra.run.smithi110.stderr:/usr/bin/ceph:
2024-02-23T00:34:10.383+0000 7f0a8f59e700 1 -- 172.21.15.110:0/1231506852 wait complete.
2024-02-23T00:34:10.387 INFO:teuthology.orchestra.run.smithi110.stderr:/usr/bin/ceph:
2024-02-23T00:34:10.383+0000 7f0a8f59e700 1 Processor -- start
2024-02-23T00:34:10.387 INFO:teuthology.orchestra.run.smithi110.stderr:/usr/bin/ceph:
2024-02-23T00:34:10.383+0000 7f0a8f59e700 1 -- start start
2024-02-23T00:34:10.387 INFO:teuthology.orchestra.run.smithi110.stderr:/usr/bin/ceph:
2024-02-23T00:34:10.384+0000 7f0a8f59e700 1 --2- >> [v2:172.21.15.110:3300/0,v1:172.21.15.110:6789/0] conn(0x7f0a90070430 0x7f0a9010a990 unknown :-1 s=NONE pgs=0 cs=0 l=1 rev1=0 rx=0 tx=0).connect
2024-02-23T00:34:10.387 INFO:teuthology.orchestra.run.smithi110.stderr:/usr/bin/ceph:
2024-02-23T00:34:10.384+0000 7f0a8f59e700 1 -- --> [v2:172.21.15.110:3300/0,v1:172.21.15.110:6789/0] -- mon_getmap magic: 0 v1 -- 0x7f0a9010ae80 con 0x7f0a90070430
2024-02-23T00:34:10.388 INFO:teuthology.orchestra.run.smithi110.stderr:/usr/bin/ceph:
2024-02-23T00:34:10.384+0000 7f0a8e59c700 1 --2- >> [v2:172.21.15.110:3300/0,v1:172.21.15.110:6789/0] conn(0x7f0a90070430 0x7f0a9010a990 unknown :-1 s=BANNER_CONNECTING pgs=0 cs=0 l=1 rev1=0 rx=0 tx=0)._handle_peer_banner_payload supported=1 required=0
2024-02-23T00:34:10.388 INFO:teuthology.orchestra.run.smithi110.stderr:/usr/bin/ceph:
2024-02-23T00:34:10.384+0000 7f0a8e59c700 1 --2- >> [v2:172.21.15.110:3300/0,v1:172.21.15.110:6789/0] conn(0x7f0a90070430 0x7f0a9010a990 unknown :-1 s=HELLO_CONNECTING pgs=0 cs=0 l=1 rev1=1 rx=0 tx=0).handle_hello peer v2:172.21.15.110:3300/0 says I am v2:172.21.15.110:42888/0 (socket says 172.21.15.110:42888)
2024-02-23T00:34:10.388 INFO:teuthology.orchestra.run.smithi110.stderr:/usr/bin/ceph:
2024-02-23T00:34:10.384+0000 7f0a8e59c700 1 -- 172.21.15.110:0/2008876081 learned_addr learned my addr 172.21.15.110:0/2008876081 (peer_addr_for_me v2:172.21.15.110:0/0)
2024-02-23T00:34:10.388 INFO:teuthology.orchestra.run.smithi110.stderr:/usr/bin/ceph:
2024-02-23T00:34:10.384+0000 7f0a8e59c700 1 -- 172.21.15.110:0/2008876081 --> [v2:172.21.15.110:3300/0,v1:172.21.15.110:6789/0] -- mon_subscribe({config=0+,monmap=0+}) v3 -- 0x7f0a8400b200 con 0x7f0a90070430
2024-02-23T00:34:10.388 INFO:teuthology.orchestra.run.smithi110.stderr:/usr/bin/ceph:
2024-02-23T00:34:10.384+0000 7f0a8e59c700 1 --2- 172.21.15.110:0/2008876081 >> [v2:172.21.15.110:3300/0,v1:172.21.15.110:6789/0] conn(0x7f0a90070430 0x7f0a9010a990 secure :-1 s=READY pgs=57 cs=0 l=1 rev1=1 rx=0x7f0a84006800 tx=0x7f0a84006ee0).ready entity=mon.0 client_cookie=0 server_cookie=0 in_seq=0 out_seq=0
2024-02-23T00:34:10.388 INFO:teuthology.orchestra.run.smithi110.stderr:/usr/bin/ceph:
2024-02-23T00:34:10.384+0000 7f0a7effd700 1 -- 172.21.15.110:0/2008876081 <== mon.0 v2:172.21.15.110:3300/0 1 ==== mon_map magic: 0 v1 ==== 229+0+0 (secure 0 0 0) 0x7f0a8401b570 con 0x7f0a90070430
2024-02-23T00:34:10.388 INFO:teuthology.orchestra.run.smithi110.stderr:/usr/bin/ceph:
2024-02-23T00:34:10.384+0000 7f0a8f59e700 1 -- 172.21.15.110:0/2008876081 --> [v2:172.21.15.110:3300/0,v1:172.21.15.110:6789/0] -- mon_subscribe({mgrmap=0+}) v3 -- 0x7f0a9010b080 con 0x7f0a90070430
2024-02-23T00:34:10.388 INFO:teuthology.orchestra.run.smithi110.stderr:/usr/bin/ceph:
2024-02-23T00:34:10.384+0000 7f0a7effd700 1 -- 172.21.15.110:0/2008876081 <== mon.0 v2:172.21.15.110:3300/0 2 ==== config(26 keys) v1 ==== 1045+0+0 (secure 0 0 0) 0x7f0a8401bb60 con 0x7f0a90070430
2024-02-23T00:34:10.388 INFO:teuthology.orchestra.run.smithi110.stderr:/usr/bin/ceph:
2024-02-23T00:34:10.384+0000 7f0a7effd700 1 -- 172.21.15.110:0/2008876081 <== mon.0 v2:172.21.15.110:3300/0 3 ==== mon_map magic: 0 v1 ==== 229+0+0 (secure 0 0 0) 0x7f0a8401a9f0 con 0x7f0a90070430
2024-02-23T00:34:10.388 INFO:teuthology.orchestra.run.smithi110.stderr:/usr/bin/ceph:
2024-02-23T00:34:10.384+0000 7f0a8f59e700 1 -- 172.21.15.110:0/2008876081 --> [v2:172.21.15.110:3300/0,v1:172.21.15.110:6789/0] -- mon_subscribe({osdmap=0}) v3 -- 0x7f0a9010b510 con 0x7f0a90070430
2024-02-23T00:34:10.389 INFO:teuthology.orchestra.run.smithi110.stderr:/usr/bin/ceph:
2024-02-23T00:34:10.385+0000 7f0a7effd700 1 -- 172.21.15.110:0/2008876081 <== mon.0 v2:172.21.15.110:3300/0 4 ==== mgrmap(e 12) v1 ==== 36195+0+0 (secure 0 0 0) 0x7f0a8400f070 con 0x7f0a90070430
2024-02-23T00:34:10.389 INFO:teuthology.orchestra.run.smithi110.stderr:/usr/bin/ceph:
2024-02-23T00:34:10.385+0000 7f0a7effd700 1 --2- 172.21.15.110:0/2008876081 >> [v2:172.21.15.110:6800/1341390480,v1:172.21.15.110:6801/1341390480] conn(0x7f0a7402ff20 0x7f0a740323e0 unknown :-1 s=NONE pgs=0 cs=0 l=1 rev1=0 rx=0 tx=0).connect
2024-02-23T00:34:10.389 INFO:teuthology.orchestra.run.smithi110.stderr:/usr/bin/ceph:
2024-02-23T00:34:10.385+0000 7f0a8f59e700 1 -- 172.21.15.110:0/2008876081 --> [v2:172.21.15.110:3300/0,v1:172.21.15.110:6789/0] -- mon_command({"prefix": "get_command_descriptions"} v 0) v1 -- 0x7f0a90045ad0 con 0x7f0a90070430
2024-02-23T00:34:10.389 INFO:teuthology.orchestra.run.smithi110.stderr:/usr/bin/ceph:
2024-02-23T00:34:10.385+0000 7f0a7effd700 1 -- 172.21.15.110:0/2008876081 <== mon.0 v2:172.21.15.110:3300/0 5 ==== osd_map(3..3 src has 1..3) v4 ==== 1098+0+0 (secure 0 0 0) 0x7f0a840415e0 con 0x7f0a90070430
2024-02-23T00:34:10.389 INFO:teuthology.orchestra.run.smithi110.stderr:/usr/bin/ceph:
2024-02-23T00:34:10.385+0000 7f0a8dd9b700 1 --2- 172.21.15.110:0/2008876081 >> [v2:172.21.15.110:6800/1341390480,v1:172.21.15.110:6801/1341390480] conn(0x7f0a7402ff20 0x7f0a740323e0 unknown :-1 s=BANNER_CONNECTING pgs=0 cs=0 l=1 rev1=0 rx=0 tx=0)._handle_peer_banner_payload supported=1 required=0
2024-02-23T00:34:10.390 INFO:teuthology.orchestra.run.smithi110.stderr:/usr/bin/ceph:
2024-02-23T00:34:10.386+0000 7f0a8dd9b700 1 --2- 172.21.15.110:0/2008876081 >> [v2:172.21.15.110:6800/1341390480,v1:172.21.15.110:6801/1341390480] conn(0x7f0a7402ff20 0x7f0a740323e0 secure :-1 s=READY pgs=6 cs=0 l=1 rev1=1 rx=0x7f0a800096a0 tx=0x7f0a80006b40).ready entity=mgr.14142 client_cookie=0 server_cookie=0 in_seq=0 out_seq=0
2024-02-23T00:34:10.391 INFO:teuthology.orchestra.run.smithi110.stderr:/usr/bin/ceph:
2024-02-23T00:34:10.389+0000 7f0a7effd700 1 -- 172.21.15.110:0/2008876081 <== mon.0 v2:172.21.15.110:3300/0 6 ==== mon_command_ack([{"prefix": "get_command_descriptions"}]=0 v0) v1 ==== 72+0+152212 (secure 0 0 0) 0x7f0a84016070 con 0x7f0a90070430
2024-02-23T00:34:10.417 INFO:journalctl@ceph.mon.smithi110.smithi110.stdout:Feb 23 00:34:10 smithi110 ceph-134b5146-d1e3-11ee-95c0-87774f69a715-mon.smithi110[38132]: cluster
2024-02-23T00:34:09.186459+0000 mon.smithi110 (mon.0) 76 : cluster [DBG] mgrmap e11: smithi110.pgbfms(active, since 1.05448s)
2024-02-23T00:34:10.417 INFO:journalctl@ceph.mon.smithi110.smithi110.stdout:Feb 23 00:34:10 smithi110 ceph-134b5146-d1e3-11ee-95c0-87774f69a715-mon.smithi110[38132]: cephadm
2024-02-23T00:34:09.187534+0000 mgr.smithi110.pgbfms (mgr.14142) 2 : cephadm [INF] Saving service prometheus spec with placement count:1
2024-02-23T00:34:10.417 INFO:journalctl@ceph.mon.smithi110.smithi110.stdout:Feb 23 00:34:10 smithi110 ceph-134b5146-d1e3-11ee-95c0-87774f69a715-mon.smithi110[38132]: audit
2024-02-23T00:34:09.189640+0000 mon.smithi110 (mon.0) 77 : audit [INF] from='mgr.14142 172.21.15.110:0/2085911700' entity='mgr.smithi110.pgbfms'
2024-02-23T00:34:10.568 INFO:teuthology.orchestra.run.smithi110.stderr:/usr/bin/ceph:
2024-02-23T00:34:10.566+0000 7f0a8f59e700 1 -- 172.21.15.110:0/2008876081 --> [v2:172.21.15.110:6800/1341390480,v1:172.21.15.110:6801/1341390480] -- mgr_command(tid 0: {"prefix": "orch apply", "service_type": "grafana", "target": ["mon-mgr", ""]}) v1 -- 0x7f0a9010be30 con 0x7f0a7402ff20
2024-02-23T00:34:10.571 INFO:teuthology.orchestra.run.smithi110.stderr:/usr/bin/ceph:
2024-02-23T00:34:10.570+0000 7f0a7effd700 1 -- 172.21.15.110:0/2008876081 <== mgr.14142 v2:172.21.15.110:6800/1341390480 1 ==== mgr_command_reply(tid 0: 0 ) v1 ==== 8+0+28 (secure 0 0 0) 0x7f0a9010be30 con 0x7f0a7402ff20
2024-02-23T00:34:10.571 INFO:teuthology.orchestra.run.smithi110.stderr:/usr/bin/ceph: Scheduled grafana update...
2024-02-23T00:34:10.574 INFO:teuthology.orchestra.run.smithi110.stderr:/usr/bin/ceph:
2024-02-23T00:34:10.571+0000 7f0a8f59e700 1 -- 172.21.15.110:0/2008876081 >> [v2:172.21.15.110:6800/1341390480,v1:172.21.15.110:6801/1341390480] conn(0x7f0a7402ff20 msgr2=0x7f0a740323e0 secure :-1 s=STATE_CONNECTION_ESTABLISHED l=1).mark_down
2024-02-23T00:34:10.574 INFO:teuthology.orchestra.run.smithi110.stderr:/usr/bin/ceph:
2024-02-23T00:34:10.571+0000 7f0a8f59e700 1 --2- 172.21.15.110:0/2008876081 >> [v2:172.21.15.110:6800/1341390480,v1:172.21.15.110:6801/1341390480] conn(0x7f0a7402ff20 0x7f0a740323e0 secure :-1 s=READY pgs=6 cs=0 l=1 rev1=1 rx=0x7f0a800096a0 tx=0x7f0a80006b40).stop
2024-02-23T00:34:10.574 INFO:teuthology.orchestra.run.smithi110.stderr:/usr/bin/ceph:
2024-02-23T00:34:10.571+0000 7f0a8f59e700 1 -- 172.21.15.110:0/2008876081 >> [v2:172.21.15.110:3300/0,v1:172.21.15.110:6789/0] conn(0x7f0a90070430 msgr2=0x7f0a9010a990 secure :-1 s=STATE_CONNECTION_ESTABLISHED l=1).mark_down
2024-02-23T00:34:10.574 INFO:teuthology.orchestra.run.smithi110.stderr:/usr/bin/ceph:
2024-02-23T00:34:10.571+0000 7f0a8f59e700 1 --2- 172.21.15.110:0/2008876081 >> [v2:172.21.15.110:3300/0,v1:172.21.15.110:6789/0] conn(0x7f0a90070430 0x7f0a9010a990 secure :-1 s=READY pgs=57 cs=0 l=1 rev1=1 rx=0x7f0a84006800 tx=0x7f0a84006ee0).stop
2024-02-23T00:34:10.574 INFO:teuthology.orchestra.run.smithi110.stderr:/usr/bin/ceph:
2024-02-23T00:34:10.571+0000 7f0a8f59e700 1 -- 172.21.15.110:0/2008876081 shutdown_connections
2024-02-23T00:34:10.574 INFO:teuthology.orchestra.run.smithi110.stderr:/usr/bin/ceph:
2024-02-23T00:34:10.571+0000 7f0a8f59e700 1 --2- 172.21.15.110:0/2008876081 >> [v2:172.21.15.110:6800/1341390480,v1:172.21.15.110:6801/1341390480] conn(0x7f0a7402ff20 0x7f0a740323e0 unknown :-1 s=CLOSED pgs=6 cs=0 l=1 rev1=1 rx=0 tx=0).stop
2024-02-23T00:34:10.574 INFO:teuthology.orchestra.run.smithi110.stderr:/usr/bin/ceph:
2024-02-23T00:34:10.571+0000 7f0a8f59e700 1 --2- 172.21.15.110:0/2008876081 >> [v2:172.21.15.110:3300/0,v1:172.21.15.110:6789/0] conn(0x7f0a90070430 0x7f0a9010a990 unknown :-1 s=CLOSED pgs=57 cs=0 l=1 rev1=1 rx=0 tx=0).stop
2024-02-23T00:34:10.574 INFO:teuthology.orchestra.run.smithi110.stderr:/usr/bin/ceph:
2024-02-23T00:34:10.571+0000 7f0a8f59e700 1 -- 172.21.15.110:0/2008876081 >> 172.21.15.110:0/2008876081 conn(0x7f0a900f6390 msgr2=0x7f0a900f7d70 unknown :-1 s=STATE_NONE l=0).mark_down
2024-02-23T00:34:10.574 INFO:teuthology.orchestra.run.smithi110.stderr:/usr/bin/ceph:
2024-02-23T00:34:10.572+0000 7f0a8f59e700 1 -- 172.21.15.110:0/2008876081 shutdown_connections
2024-02-23T00:34:10.574 INFO:teuthology.orchestra.run.smithi110.stderr:/usr/bin/ceph:
2024-02-23T00:34:10.572+0000 7f0a8f59e700 1 -- 172.21.15.110:0/2008876081 wait complete.
2024-02-23T00:34:11.101 INFO:teuthology.orchestra.run.smithi110.stderr:Deploying node-exporter service with default placement...
2024-02-23T00:34:11.101 INFO:teuthology.orchestra.run.smithi110.stderr:Running command: /bin/podman run --rm --ipc=host --no-hosts --net=host --entrypoint /usr/bin/ceph --init -e CONTAINER_IMAGE=docker.io/ceph/ceph:v16.2.4 -e NODE_NAME=smithi110 -e CEPH_USE_RANDOM_NONCE=1 -v /var/log/ceph/134b5146-d1e3-11ee-95c0-87774f69a715:/var/log/ceph:z -v /tmp/ceph-tmp_zxuz1td:/etc/ceph/ceph.client.admin.keyring:z -v /tmp/ceph-tmpjg47esdu:/etc/ceph/ceph.conf:z docker.io/ceph/ceph:v16.2.4 orch apply node-exporter
2024-02-23T00:34:11.624 INFO:teuthology.orchestra.run.smithi110.stderr:/usr/bin/ceph:
2024-02-23T00:34:11.620+0000 7f38ed866700 1 Processor -- start
2024-02-23T00:34:11.624 INFO:teuthology.orchestra.run.smithi110.stderr:/usr/bin/ceph:
2024-02-23T00:34:11.620+0000 7f38ed866700 1 -- start start
2024-02-23T00:34:11.624 INFO:teuthology.orchestra.run.smithi110.stderr:/usr/bin/ceph:
2024-02-23T00:34:11.620+0000 7f38ed866700 1 --2- >> [v2:172.21.15.110:3300/0,v1:172.21.15.110:6789/0] conn(0x7f38e80fc4d0 0x7f38e80fc8f0 unknown :-1 s=NONE pgs=0 cs=0 l=0 rev1=0 rx=0 tx=0).connect
2024-02-23T00:34:11.624 INFO:teuthology.orchestra.run.smithi110.stderr:/usr/bin/ceph:
2024-02-23T00:34:11.620+0000 7f38ed866700 1 -- --> [v2:172.21.15.110:3300/0,v1:172.21.15.110:6789/0] -- mon_getmap magic: 0 v1 -- 0x7f38e80fcde0 con 0x7f38e80fc4d0
2024-02-23T00:34:11.624 INFO:teuthology.orchestra.run.smithi110.stderr:/usr/bin/ceph:
2024-02-23T00:34:11.621+0000 7f38e6ffd700 1 --2- >> [v2:172.21.15.110:3300/0,v1:172.21.15.110:6789/0] conn(0x7f38e80fc4d0 0x7f38e80fc8f0 unknown :-1 s=BANNER_CONNECTING pgs=0 cs=0 l=0 rev1=0 rx=0 tx=0)._handle_peer_banner_payload supported=1 required=0
2024-02-23T00:34:11.624 INFO:teuthology.orchestra.run.smithi110.stderr:/usr/bin/ceph:
2024-02-23T00:34:11.621+0000 7f38e6ffd700 1 --2- >> [v2:172.21.15.110:3300/0,v1:172.21.15.110:6789/0] conn(0x7f38e80fc4d0 0x7f38e80fc8f0 unknown :-1 s=HELLO_CONNECTING pgs=0 cs=0 l=0 rev1=1 rx=0 tx=0).handle_hello peer v2:172.21.15.110:3300/0 says I am v2:172.21.15.110:42902/0 (socket says 172.21.15.110:42902)
2024-02-23T00:34:11.624 INFO:teuthology.orchestra.run.smithi110.stderr:/usr/bin/ceph:
2024-02-23T00:34:11.621+0000 7f38e6ffd700 1 -- 172.21.15.110:0/477573272 learned_addr learned my addr 172.21.15.110:0/477573272 (peer_addr_for_me v2:172.21.15.110:0/0)
2024-02-23T00:34:11.624 INFO:teuthology.orchestra.run.smithi110.stderr:/usr/bin/ceph:
2024-02-23T00:34:11.621+0000 7f38e6ffd700 1 -- 172.21.15.110:0/477573272 --> [v2:172.21.15.110:3300/0,v1:172.21.15.110:6789/0] -- mon_subscribe({config=0+,monmap=0+}) v3 -- 0x7f38e80fcf20 con 0x7f38e80fc4d0
2024-02-23T00:34:11.624 INFO:teuthology.orchestra.run.smithi110.stderr:/usr/bin/ceph:
