2024-03-12T16:01:47.300 INFO:teuthology.orchestra.run.smithi006.stderr:/usr/bin/ceph:
2024-03-12T16:01:47.297+0000 7fceff23c700 1 --2- 172.21.15.6:0/2819484107 >> [v2:172.21.15.6:3300/0,v1:172.21.15.6:6789/0] conn(0x7fcef80fbed0 0x7fcef810be40 secure :-1 s=READY pgs=73 cs=0 l=1 rev1=1 rx=0x7fceec002f40 tx=0x7fceec0090f0).stop
2024-03-12T16:01:47.300 INFO:teuthology.orchestra.run.smithi006.stderr:/usr/bin/ceph:
2024-03-12T16:01:47.297+0000 7fceff23c700 1 -- 172.21.15.6:0/2819484107 shutdown_connections
2024-03-12T16:01:47.300 INFO:teuthology.orchestra.run.smithi006.stderr:/usr/bin/ceph:
2024-03-12T16:01:47.297+0000 7fceff23c700 1 --2- 172.21.15.6:0/2819484107 >> [v2:172.21.15.6:6800/3591243488,v1:172.21.15.6:6801/3591243488] conn(0x7fcee8032660 0x7fcee8034b20 unknown :-1 s=CLOSED pgs=6 cs=0 l=1 rev1=1 rx=0 tx=0).stop
2024-03-12T16:01:47.300 INFO:teuthology.orchestra.run.smithi006.stderr:/usr/bin/ceph:
2024-03-12T16:01:47.297+0000 7fceff23c700 1 --2- 172.21.15.6:0/2819484107 >> [v2:172.21.15.6:3300/0,v1:172.21.15.6:6789/0] conn(0x7fcef80fbed0 0x7fcef810be40 unknown :-1 s=CLOSED pgs=73 cs=0 l=1 rev1=1 rx=0 tx=0).stop
2024-03-12T16:01:47.300 INFO:teuthology.orchestra.run.smithi006.stderr:/usr/bin/ceph:
2024-03-12T16:01:47.297+0000 7fceff23c700 1 -- 172.21.15.6:0/2819484107 >> 172.21.15.6:0/2819484107 conn(0x7fcef80f76f0 msgr2=0x7fcef80f9160 unknown :-1 s=STATE_NONE l=0).mark_down
2024-03-12T16:01:47.300 INFO:teuthology.orchestra.run.smithi006.stderr:/usr/bin/ceph:
2024-03-12T16:01:47.297+0000 7fceff23c700 1 -- 172.21.15.6:0/2819484107 shutdown_connections
2024-03-12T16:01:47.300 INFO:teuthology.orchestra.run.smithi006.stderr:/usr/bin/ceph:
2024-03-12T16:01:47.297+0000 7fceff23c700 1 -- 172.21.15.6:0/2819484107 wait complete.
2024-03-12T16:01:48.308 INFO:journalctl@ceph.mon.smithi006.smithi006.stdout:Mar 12 16:01:47 smithi006 ceph-88d7ee42-e089-11ee-95c8-87774f69a715-mon-smithi006[39682]: cluster
2024-03-12T16:01:46.999417+0000 mon.smithi006 (mon.0) 87 : cluster [DBG] mgrmap e12: smithi006.kskdce(active, since 2s)
2024-03-12T16:01:48.309 INFO:journalctl@ceph.mon.smithi006.smithi006.stdout:Mar 12 16:01:47 smithi006 ceph-88d7ee42-e089-11ee-95c8-87774f69a715-mon-smithi006[39682]: audit
2024-03-12T16:01:47.201174+0000 mgr.smithi006.kskdce (mgr.14156) 3 : audit [DBG] from='client.14166 -' entity='client.admin' cmd=[{"prefix": "dashboard create-self-signed-cert", "target": ["mon-mgr", ""]}]: dispatch
2024-03-12T16:01:48.309 INFO:journalctl@ceph.mon.smithi006.smithi006.stdout:Mar 12 16:01:47 smithi006 ceph-88d7ee42-e089-11ee-95c8-87774f69a715-mon-smithi006[39682]: audit
2024-03-12T16:01:47.291841+0000 mon.smithi006 (mon.0) 88 : audit [INF] from='mgr.14156 172.21.15.6:0/3692553344' entity='mgr.smithi006.kskdce'
2024-03-12T16:01:48.309 INFO:journalctl@ceph.mon.smithi006.smithi006.stdout:Mar 12 16:01:47 smithi006 ceph-88d7ee42-e089-11ee-95c8-87774f69a715-mon-smithi006[39682]: audit
2024-03-12T16:01:47.296762+0000 mon.smithi006 (mon.0) 89 : audit [INF] from='mgr.14156 172.21.15.6:0/3692553344' entity='mgr.smithi006.kskdce'
2024-03-12T16:01:48.750 INFO:teuthology.orchestra.run.smithi006.stderr:Creating initial admin user...
2024-03-12T16:01:49.351 INFO:teuthology.orchestra.run.smithi006.stderr:/usr/bin/ceph:
2024-03-12T16:01:49.344+0000 7fad0d54e700 1 Processor -- start
2024-03-12T16:01:49.351 INFO:teuthology.orchestra.run.smithi006.stderr:/usr/bin/ceph:
2024-03-12T16:01:49.344+0000 7fad0d54e700 1 -- start start
2024-03-12T16:01:49.351 INFO:teuthology.orchestra.run.smithi006.stderr:/usr/bin/ceph:
2024-03-12T16:01:49.344+0000 7fad0d54e700 1 --2- >> [v2:172.21.15.6:3300/0,v1:172.21.15.6:6789/0] conn(0x7fad080fd430 0x7fad080fd850 unknown :-1 s=NONE pgs=0 cs=0 l=0 rev1=0 rx=0 tx=0).connect
2024-03-12T16:01:49.351 INFO:teuthology.orchestra.run.smithi006.stderr:/usr/bin/ceph:
2024-03-12T16:01:49.344+0000 7fad0d54e700 1 -- --> [v2:172.21.15.6:3300/0,v1:172.21.15.6:6789/0] -- mon_getmap magic: 0 v1 -- 0x7fad080fdd40 con 0x7fad080fd430
2024-03-12T16:01:49.351 INFO:teuthology.orchestra.run.smithi006.stderr:/usr/bin/ceph:
2024-03-12T16:01:49.344+0000 7fad06ffd700 1 --2- >> [v2:172.21.15.6:3300/0,v1:172.21.15.6:6789/0] conn(0x7fad080fd430 0x7fad080fd850 unknown :-1 s=BANNER_CONNECTING pgs=0 cs=0 l=0 rev1=0 rx=0 tx=0)._handle_peer_banner_payload supported=1 required=0
2024-03-12T16:01:49.351 INFO:teuthology.orchestra.run.smithi006.stderr:/usr/bin/ceph:
2024-03-12T16:01:49.344+0000 7fad06ffd700 1 --2- >> [v2:172.21.15.6:3300/0,v1:172.21.15.6:6789/0] conn(0x7fad080fd430 0x7fad080fd850 unknown :-1 s=HELLO_CONNECTING pgs=0 cs=0 l=0 rev1=1 rx=0 tx=0).handle_hello peer v2:172.21.15.6:3300/0 says I am v2:172.21.15.6:38412/0 (socket says 172.21.15.6:38412)
2024-03-12T16:01:49.351 INFO:teuthology.orchestra.run.smithi006.stderr:/usr/bin/ceph:
2024-03-12T16:01:49.344+0000 7fad06ffd700 1 -- 172.21.15.6:0/4244698958 learned_addr learned my addr 172.21.15.6:0/4244698958 (peer_addr_for_me v2:172.21.15.6:0/0)
2024-03-12T16:01:49.351 INFO:teuthology.orchestra.run.smithi006.stderr:/usr/bin/ceph:
2024-03-12T16:01:49.345+0000 7fad06ffd700 1 -- 172.21.15.6:0/4244698958 --> [v2:172.21.15.6:3300/0,v1:172.21.15.6:6789/0] -- mon_subscribe({config=0+,monmap=0+}) v3 -- 0x7fad080fde80 con 0x7fad080fd430
2024-03-12T16:01:49.351 INFO:teuthology.orchestra.run.smithi006.stderr:/usr/bin/ceph:
2024-03-12T16:01:49.345+0000 7fad06ffd700 1 --2- 172.21.15.6:0/4244698958 >> [v2:172.21.15.6:3300/0,v1:172.21.15.6:6789/0] conn(0x7fad080fd430 0x7fad080fd850 secure :-1 s=READY pgs=74 cs=0 l=1 rev1=1 rx=0x7facf8009730 tx=0x7facf80090f0).ready entity=mon.0 client_cookie=d7ce1a36d90126c0 server_cookie=0 in_seq=0 out_seq=0
2024-03-12T16:01:49.351 INFO:teuthology.orchestra.run.smithi006.stderr:/usr/bin/ceph:
2024-03-12T16:01:49.345+0000 7fad05ffb700 1 -- 172.21.15.6:0/4244698958 <== mon.0 v2:172.21.15.6:3300/0 1 ==== mon_map magic: 0 v1 ==== 229+0+0 (secure 0 0 0) 0x7facf800b6e0 con 0x7fad080fd430
2024-03-12T16:01:49.352 INFO:teuthology.orchestra.run.smithi006.stderr:/usr/bin/ceph:
2024-03-12T16:01:49.345+0000 7fad05ffb700 1 -- 172.21.15.6:0/4244698958 <== mon.0 v2:172.21.15.6:3300/0 2 ==== config(25 keys) v1 ==== 1046+0+0 (secure 0 0 0) 0x7facf800bcd0 con 0x7fad080fd430
2024-03-12T16:01:49.352 INFO:teuthology.orchestra.run.smithi006.stderr:/usr/bin/ceph:
2024-03-12T16:01:49.345+0000 7fad05ffb700 1 -- 172.21.15.6:0/4244698958 <== mon.0 v2:172.21.15.6:3300/0 3 ==== mon_map magic: 0 v1 ==== 229+0+0 (secure 0 0 0) 0x7facf8011cb0 con 0x7fad080fd430
2024-03-12T16:01:49.352 INFO:teuthology.orchestra.run.smithi006.stderr:/usr/bin/ceph:
2024-03-12T16:01:49.346+0000 7fad0d54e700 1 -- 172.21.15.6:0/4244698958 >> [v2:172.21.15.6:3300/0,v1:172.21.15.6:6789/0] conn(0x7fad080fd430 msgr2=0x7fad080fd850 secure :-1 s=STATE_CONNECTION_ESTABLISHED l=1).mark_down
2024-03-12T16:01:49.352 INFO:teuthology.orchestra.run.smithi006.stderr:/usr/bin/ceph:
2024-03-12T16:01:49.346+0000 7fad0d54e700 1 --2- 172.21.15.6:0/4244698958 >> [v2:172.21.15.6:3300/0,v1:172.21.15.6:6789/0] conn(0x7fad080fd430 0x7fad080fd850 secure :-1 s=READY pgs=74 cs=0 l=1 rev1=1 rx=0x7facf8009730 tx=0x7facf80090f0).stop
2024-03-12T16:01:49.352 INFO:teuthology.orchestra.run.smithi006.stderr:/usr/bin/ceph:
2024-03-12T16:01:49.346+0000 7fad0d54e700 1 -- 172.21.15.6:0/4244698958 shutdown_connections
2024-03-12T16:01:49.352 INFO:teuthology.orchestra.run.smithi006.stderr:/usr/bin/ceph:
2024-03-12T16:01:49.346+0000 7fad0d54e700 1 --2- 172.21.15.6:0/4244698958 >> [v2:172.21.15.6:3300/0,v1:172.21.15.6:6789/0] conn(0x7fad080fd430 0x7fad080fd850 unknown :-1 s=CLOSED pgs=74 cs=0 l=1 rev1=1 rx=0 tx=0).stop
2024-03-12T16:01:49.352 INFO:teuthology.orchestra.run.smithi006.stderr:/usr/bin/ceph:
2024-03-12T16:01:49.346+0000 7fad0d54e700 1 -- 172.21.15.6:0/4244698958 >> 172.21.15.6:0/4244698958 conn(0x7fad080f6e20 msgr2=0x7fad080f9240 unknown :-1 s=STATE_NONE l=0).mark_down
2024-03-12T16:01:49.352 INFO:teuthology.orchestra.run.smithi006.stderr:/usr/bin/ceph:
2024-03-12T16:01:49.346+0000 7fad0d54e700 1 -- 172.21.15.6:0/4244698958 shutdown_connections
2024-03-12T16:01:49.352 INFO:teuthology.orchestra.run.smithi006.stderr:/usr/bin/ceph:
2024-03-12T16:01:49.346+0000 7fad0d54e700 1 -- 172.21.15.6:0/4244698958 wait complete.
2024-03-12T16:01:49.352 INFO:teuthology.orchestra.run.smithi006.stderr:/usr/bin/ceph:
2024-03-12T16:01:49.346+0000 7fad0d54e700 1 Processor -- start
2024-03-12T16:01:49.352 INFO:teuthology.orchestra.run.smithi006.stderr:/usr/bin/ceph:
2024-03-12T16:01:49.347+0000 7fad0d54e700 1 -- start start
2024-03-12T16:01:49.352 INFO:teuthology.orchestra.run.smithi006.stderr:/usr/bin/ceph:
2024-03-12T16:01:49.347+0000 7fad0d54e700 1 --2- >> [v2:172.21.15.6:3300/0,v1:172.21.15.6:6789/0] conn(0x7fad080fd430 0x7fad0810dfc0 unknown :-1 s=NONE pgs=0 cs=0 l=1 rev1=0 rx=0 tx=0).connect
2024-03-12T16:01:49.352 INFO:teuthology.orchestra.run.smithi006.stderr:/usr/bin/ceph:
2024-03-12T16:01:49.347+0000 7fad0d54e700 1 -- --> [v2:172.21.15.6:3300/0,v1:172.21.15.6:6789/0] -- mon_getmap magic: 0 v1 -- 0x7fad0810e4b0 con 0x7fad080fd430
2024-03-12T16:01:49.352 INFO:teuthology.orchestra.run.smithi006.stderr:/usr/bin/ceph:
2024-03-12T16:01:49.347+0000 7fad06ffd700 1 --2- >> [v2:172.21.15.6:3300/0,v1:172.21.15.6:6789/0] conn(0x7fad080fd430 0x7fad0810dfc0 unknown :-1 s=BANNER_CONNECTING pgs=0 cs=0 l=1 rev1=0 rx=0 tx=0)._handle_peer_banner_payload supported=1 required=0
2024-03-12T16:01:49.353 INFO:teuthology.orchestra.run.smithi006.stderr:/usr/bin/ceph:
2024-03-12T16:01:49.347+0000 7fad06ffd700 1 --2- >> [v2:172.21.15.6:3300/0,v1:172.21.15.6:6789/0] conn(0x7fad080fd430 0x7fad0810dfc0 unknown :-1 s=HELLO_CONNECTING pgs=0 cs=0 l=1 rev1=1 rx=0 tx=0).handle_hello peer v2:172.21.15.6:3300/0 says I am v2:172.21.15.6:38422/0 (socket says 172.21.15.6:38422)
2024-03-12T16:01:49.353 INFO:teuthology.orchestra.run.smithi006.stderr:/usr/bin/ceph:
2024-03-12T16:01:49.347+0000 7fad06ffd700 1 -- 172.21.15.6:0/3154338388 learned_addr learned my addr 172.21.15.6:0/3154338388 (peer_addr_for_me v2:172.21.15.6:0/0)
2024-03-12T16:01:49.353 INFO:teuthology.orchestra.run.smithi006.stderr:/usr/bin/ceph:
2024-03-12T16:01:49.347+0000 7fad06ffd700 1 -- 172.21.15.6:0/3154338388 --> [v2:172.21.15.6:3300/0,v1:172.21.15.6:6789/0] -- mon_subscribe({config=0+,monmap=0+}) v3 -- 0x7facf8009370 con 0x7fad080fd430
2024-03-12T16:01:49.353 INFO:teuthology.orchestra.run.smithi006.stderr:/usr/bin/ceph:
2024-03-12T16:01:49.347+0000 7fad06ffd700 1 --2- 172.21.15.6:0/3154338388 >> [v2:172.21.15.6:3300/0,v1:172.21.15.6:6789/0] conn(0x7fad080fd430 0x7fad0810dfc0 secure :-1 s=READY pgs=75 cs=0 l=1 rev1=1 rx=0x7facf8002f90 tx=0x7facf80090f0).ready entity=mon.0 client_cookie=0 server_cookie=0 in_seq=0 out_seq=0
2024-03-12T16:01:49.353 INFO:teuthology.orchestra.run.smithi006.stderr:/usr/bin/ceph:
2024-03-12T16:01:49.347+0000 7facfffff700 1 -- 172.21.15.6:0/3154338388 <== mon.0 v2:172.21.15.6:3300/0 1 ==== mon_map magic: 0 v1 ==== 229+0+0 (secure 0 0 0) 0x7facf801a640 con 0x7fad080fd430
2024-03-12T16:01:49.353 INFO:teuthology.orchestra.run.smithi006.stderr:/usr/bin/ceph:
2024-03-12T16:01:49.347+0000 7facfffff700 1 -- 172.21.15.6:0/3154338388 <== mon.0 v2:172.21.15.6:3300/0 2 ==== config(25 keys) v1 ==== 1046+0+0 (secure 0 0 0) 0x7facf801ac30 con 0x7fad080fd430
2024-03-12T16:01:49.353 INFO:teuthology.orchestra.run.smithi006.stderr:/usr/bin/ceph:
2024-03-12T16:01:49.347+0000 7fad0d54e700 1 -- 172.21.15.6:0/3154338388 --> [v2:172.21.15.6:3300/0,v1:172.21.15.6:6789/0] -- mon_subscribe({mgrmap=0+}) v3 -- 0x7fad0810e6b0 con 0x7fad080fd430
2024-03-12T16:01:49.353 INFO:teuthology.orchestra.run.smithi006.stderr:/usr/bin/ceph:
2024-03-12T16:01:49.348+0000 7facfffff700 1 -- 172.21.15.6:0/3154338388 <== mon.0 v2:172.21.15.6:3300/0 3 ==== mon_map magic: 0 v1 ==== 229+0+0 (secure 0 0 0) 0x7facf8022b20 con 0x7fad080fd430
2024-03-12T16:01:49.353 INFO:teuthology.orchestra.run.smithi006.stderr:/usr/bin/ceph:
2024-03-12T16:01:49.348+0000 7fad0d54e700 1 -- 172.21.15.6:0/3154338388 --> [v2:172.21.15.6:3300/0,v1:172.21.15.6:6789/0] -- mon_subscribe({osdmap=0}) v3 -- 0x7fad0810eac0 con 0x7fad080fd430
2024-03-12T16:01:49.353 INFO:teuthology.orchestra.run.smithi006.stderr:/usr/bin/ceph:
2024-03-12T16:01:49.348+0000 7facfffff700 1 -- 172.21.15.6:0/3154338388 <== mon.0 v2:172.21.15.6:3300/0 4 ==== mgrmap(e 12) v1 ==== 38645+0+0 (secure 0 0 0) 0x7facf8019390 con 0x7fad080fd430
2024-03-12T16:01:49.353 INFO:teuthology.orchestra.run.smithi006.stderr:/usr/bin/ceph:
2024-03-12T16:01:49.348+0000 7facfffff700 1 --2- 172.21.15.6:0/3154338388 >> [v2:172.21.15.6:6800/3591243488,v1:172.21.15.6:6801/3591243488] conn(0x7facf4032630 0x7facf4034af0 unknown :-1 s=NONE pgs=0 cs=0 l=1 rev1=0 rx=0 tx=0).connect
2024-03-12T16:01:49.353 INFO:teuthology.orchestra.run.smithi006.stderr:/usr/bin/ceph:
2024-03-12T16:01:49.349+0000 7facfffff700 1 -- 172.21.15.6:0/3154338388 <== mon.0 v2:172.21.15.6:3300/0 5 ==== osd_map(3..3 src has 1..3) v4 ==== 1065+0+0 (secure 0 0 0) 0x7facf8044b30 con 0x7fad080fd430
2024-03-12T16:01:49.353 INFO:teuthology.orchestra.run.smithi006.stderr:/usr/bin/ceph:
2024-03-12T16:01:49.349+0000 7fad067fc700 1 --2- 172.21.15.6:0/3154338388 >> [v2:172.21.15.6:6800/3591243488,v1:172.21.15.6:6801/3591243488] conn(0x7facf4032630 0x7facf4034af0 unknown :-1 s=BANNER_CONNECTING pgs=0 cs=0 l=1 rev1=0 rx=0 tx=0)._handle_peer_banner_payload supported=1 required=0
2024-03-12T16:01:49.354 INFO:teuthology.orchestra.run.smithi006.stderr:/usr/bin/ceph:
2024-03-12T16:01:49.349+0000 7fad067fc700 1 --2- 172.21.15.6:0/3154338388 >> [v2:172.21.15.6:6800/3591243488,v1:172.21.15.6:6801/3591243488] conn(0x7facf4032630 0x7facf4034af0 secure :-1 s=READY pgs=7 cs=0 l=1 rev1=1 rx=0x7facf0009780 tx=0x7facf0006cc0).ready entity=mgr.14156 client_cookie=0 server_cookie=0 in_seq=0 out_seq=0
2024-03-12T16:01:49.354 INFO:teuthology.orchestra.run.smithi006.stderr:/usr/bin/ceph:
2024-03-12T16:01:49.350+0000 7fad0d54e700 1 -- 172.21.15.6:0/3154338388 --> [v2:172.21.15.6:3300/0,v1:172.21.15.6:6789/0] -- mon_command({"prefix": "get_command_descriptions"} v 0) v1 -- 0x7fad0805a310 con 0x7fad080fd430
2024-03-12T16:01:49.356 INFO:teuthology.orchestra.run.smithi006.stderr:/usr/bin/ceph:
2024-03-12T16:01:49.354+0000 7facfffff700 1 -- 172.21.15.6:0/3154338388 <== mon.0 v2:172.21.15.6:3300/0 6 ==== mon_command_ack([{"prefix": "get_command_descriptions"}]=0 v0) v1 ==== 72+0+163658 (secure 0 0 0) 0x7facf801e020 con 0x7fad080fd430
2024-03-12T16:01:49.545 INFO:teuthology.orchestra.run.smithi006.stderr:/usr/bin/ceph:
2024-03-12T16:01:49.542+0000 7fad0d54e700 1 -- 172.21.15.6:0/3154338388 --> [v2:172.21.15.6:6800/3591243488,v1:172.21.15.6:6801/3591243488] -- mgr_command(tid 0: {"prefix": "dashboard ac-user-create", "username": "admin", "rolename": "administrator", "force_password": true, "pwd_update_required": true, "target": ["mon-mgr", ""]}) v1 -- 0x7fad0805a130 con 0x7facf4032630
2024-03-12T16:01:49.791 INFO:teuthology.orchestra.run.smithi006.stderr:/usr/bin/ceph:
2024-03-12T16:01:49.789+0000 7facfffff700 1 -- 172.21.15.6:0/3154338388 <== mgr.14156 v2:172.21.15.6:6800/3591243488 1 ==== mgr_command_reply(tid 0: 0 ) v1 ==== 8+0+252 (secure 0 0 0) 0x7fad0805a130 con 0x7facf4032630
2024-03-12T16:01:49.791 INFO:teuthology.orchestra.run.smithi006.stderr:/usr/bin/ceph: {"username": "admin", "password": "$2b$12$8D17zMwL.cIiq4twBk7F8e00r/47FnJ767GKiUdn3FppfsN2RyLY2", "roles": ["administrator"], "name": null, "email": null, "lastUpdate": 1710259309, "enabled": true, "pwdExpirationDate": null, "pwdUpdateRequired": true}
2024-03-12T16:01:49.794 INFO:teuthology.orchestra.run.smithi006.stderr:/usr/bin/ceph:
2024-03-12T16:01:49.791+0000 7fad0d54e700 1 -- 172.21.15.6:0/3154338388 >> [v2:172.21.15.6:6800/3591243488,v1:172.21.15.6:6801/3591243488] conn(0x7facf4032630 msgr2=0x7facf4034af0 secure :-1 s=STATE_CONNECTION_ESTABLISHED l=1).mark_down
2024-03-12T16:01:49.794 INFO:teuthology.orchestra.run.smithi006.stderr:/usr/bin/ceph:
2024-03-12T16:01:49.791+0000 7fad0d54e700 1 --2- 172.21.15.6:0/3154338388 >> [v2:172.21.15.6:6800/3591243488,v1:172.21.15.6:6801/3591243488] conn(0x7facf4032630 0x7facf4034af0 secure :-1 s=READY pgs=7 cs=0 l=1 rev1=1 rx=0x7facf0009780 tx=0x7facf0006cc0).stop
2024-03-12T16:01:49.794 INFO:teuthology.orchestra.run.smithi006.stderr:/usr/bin/ceph:
2024-03-12T16:01:49.791+0000 7fad0d54e700 1 -- 172.21.15.6:0/3154338388 >> [v2:172.21.15.6:3300/0,v1:172.21.15.6:6789/0] conn(0x7fad080fd430 msgr2=0x7fad0810dfc0 secure :-1 s=STATE_CONNECTION_ESTABLISHED l=1).mark_down
2024-03-12T16:01:49.794 INFO:teuthology.orchestra.run.smithi006.stderr:/usr/bin/ceph:
2024-03-12T16:01:49.791+0000 7fad0d54e700 1 --2- 172.21.15.6:0/3154338388 >> [v2:172.21.15.6:3300/0,v1:172.21.15.6:6789/0] conn(0x7fad080fd430 0x7fad0810dfc0 secure :-1 s=READY pgs=75 cs=0 l=1 rev1=1 rx=0x7facf8002f90 tx=0x7facf80090f0).stop
2024-03-12T16:01:49.794 INFO:teuthology.orchestra.run.smithi006.stderr:/usr/bin/ceph:
2024-03-12T16:01:49.791+0000 7fad0d54e700 1 -- 172.21.15.6:0/3154338388 shutdown_connections
2024-03-12T16:01:49.794 INFO:teuthology.orchestra.run.smithi006.stderr:/usr/bin/ceph:
2024-03-12T16:01:49.791+0000 7fad0d54e700 1 --2- 172.21.15.6:0/3154338388 >> [v2:172.21.15.6:6800/3591243488,v1:172.21.15.6:6801/3591243488] conn(0x7facf4032630 0x7facf4034af0 unknown :-1 s=CLOSED pgs=7 cs=0 l=1 rev1=1 rx=0 tx=0).stop
2024-03-12T16:01:49.794 INFO:teuthology.orchestra.run.smithi006.stderr:/usr/bin/ceph:
2024-03-12T16:01:49.791+0000 7fad0d54e700 1 --2- 172.21.15.6:0/3154338388 >> [v2:172.21.15.6:3300/0,v1:172.21.15.6:6789/0] conn(0x7fad080fd430 0x7fad0810dfc0 unknown :-1 s=CLOSED pgs=75 cs=0 l=1 rev1=1 rx=0 tx=0).stop
2024-03-12T16:01:49.794 INFO:teuthology.orchestra.run.smithi006.stderr:/usr/bin/ceph:
2024-03-12T16:01:49.791+0000 7fad0d54e700 1 -- 172.21.15.6:0/3154338388 >> 172.21.15.6:0/3154338388 conn(0x7fad080f6e20 msgr2=0x7fad080fb900 unknown :-1 s=STATE_NONE l=0).mark_down
2024-03-12T16:01:49.794 INFO:teuthology.orchestra.run.smithi006.stderr:/usr/bin/ceph:
2024-03-12T16:01:49.791+0000 7fad0d54e700 1 -- 172.21.15.6:0/3154338388 shutdown_connections
2024-03-12T16:01:49.794 INFO:teuthology.orchestra.run.smithi006.stderr:/usr/bin/ceph:
2024-03-12T16:01:49.791+0000 7fad0d54e700 1 -- 172.21.15.6:0/3154338388 wait complete.
2024-03-12T16:01:50.449 INFO:teuthology.orchestra.run.smithi006.stderr:Fetching dashboard port number...
2024-03-12T16:01:51.050 INFO:teuthology.orchestra.run.smithi006.stderr:/usr/bin/ceph:
2024-03-12T16:01:51.046+0000 7fa5bf252700 1 Processor -- start
2024-03-12T16:01:51.050 INFO:teuthology.orchestra.run.smithi006.stderr:/usr/bin/ceph:
2024-03-12T16:01:51.046+0000 7fa5bf252700 1 -- start start
2024-03-12T16:01:51.050 INFO:teuthology.orchestra.run.smithi006.stderr:/usr/bin/ceph:
2024-03-12T16:01:51.046+0000 7fa5bf252700 1 --2- >> [v2:172.21.15.6:3300/0,v1:172.21.15.6:6789/0] conn(0x7fa5b8071c20 0x7fa5b80ffc70 unknown :-1 s=NONE pgs=0 cs=0 l=0 rev1=0 rx=0 tx=0).connect
2024-03-12T16:01:51.050 INFO:teuthology.orchestra.run.smithi006.stderr:/usr/bin/ceph:
2024-03-12T16:01:51.046+0000 7fa5bf252700 1 -- --> [v2:172.21.15.6:3300/0,v1:172.21.15.6:6789/0] -- mon_getmap magic: 0 v1 -- 0x7fa5b8100160 con 0x7fa5b8071c20
2024-03-12T16:01:51.050 INFO:teuthology.orchestra.run.smithi006.stderr:/usr/bin/ceph:
2024-03-12T16:01:51.047+0000 7fa5bcfee700 1 --2- >> [v2:172.21.15.6:3300/0,v1:172.21.15.6:6789/0] conn(0x7fa5b8071c20 0x7fa5b80ffc70 unknown :-1 s=BANNER_CONNECTING pgs=0 cs=0 l=0 rev1=0 rx=0 tx=0)._handle_peer_banner_payload supported=1 required=0
2024-03-12T16:01:51.050 INFO:teuthology.orchestra.run.smithi006.stderr:/usr/bin/ceph:
2024-03-12T16:01:51.047+0000 7fa5bcfee700 1 --2- >> [v2:172.21.15.6:3300/0,v1:172.21.15.6:6789/0] conn(0x7fa5b8071c20 0x7fa5b80ffc70 unknown :-1 s=HELLO_CONNECTING pgs=0 cs=0 l=0 rev1=1 rx=0 tx=0).handle_hello peer v2:172.21.15.6:3300/0 says I am v2:172.21.15.6:38436/0 (socket says 172.21.15.6:38436)
2024-03-12T16:01:51.050 INFO:teuthology.orchestra.run.smithi006.stderr:/usr/bin/ceph:
2024-03-12T16:01:51.047+0000 7fa5bcfee700 1 -- 172.21.15.6:0/1484700839 learned_addr learned my addr 172.21.15.6:0/1484700839 (peer_addr_for_me v2:172.21.15.6:0/0)
2024-03-12T16:01:51.050 INFO:teuthology.orchestra.run.smithi006.stderr:/usr/bin/ceph:
2024-03-12T16:01:51.047+0000 7fa5bcfee700 1 -- 172.21.15.6:0/1484700839 --> [v2:172.21.15.6:3300/0,v1:172.21.15.6:6789/0] -- mon_subscribe({config=0+,monmap=0+}) v3 -- 0x7fa5b81002a0 con 0x7fa5b8071c20
2024-03-12T16:01:51.050 INFO:teuthology.orchestra.run.smithi006.stderr:/usr/bin/ceph:
2024-03-12T16:01:51.047+0000 7fa5bcfee700 1 --2- 172.21.15.6:0/1484700839 >> [v2:172.21.15.6:3300/0,v1:172.21.15.6:6789/0] conn(0x7fa5b8071c20 0x7fa5b80ffc70 secure :-1 s=READY pgs=76 cs=0 l=1 rev1=1 rx=0x7fa5ac009730 tx=0x7fa5ac0090f0).ready entity=mon.0 client_cookie=328592b474af7ccc server_cookie=0 in_seq=0 out_seq=0
2024-03-12T16:01:51.050 INFO:teuthology.orchestra.run.smithi006.stderr:/usr/bin/ceph:
2024-03-12T16:01:51.047+0000 7fa5b77fe700 1 -- 172.21.15.6:0/1484700839 <== mon.0 v2:172.21.15.6:3300/0 1 ==== mon_map magic: 0 v1 ==== 229+0+0 (secure 0 0 0) 0x7fa5ac00b770 con 0x7fa5b8071c20
2024-03-12T16:01:51.050 INFO:teuthology.orchestra.run.smithi006.stderr:/usr/bin/ceph:
2024-03-12T16:01:51.047+0000 7fa5b77fe700 1 -- 172.21.15.6:0/1484700839 <== mon.0 v2:172.21.15.6:3300/0 2 ==== config(25 keys) v1 ==== 1046+0+0 (secure 0 0 0) 0x7fa5ac00bd60 con 0x7fa5b8071c20
2024-03-12T16:01:51.050 INFO:teuthology.orchestra.run.smithi006.stderr:/usr/bin/ceph:
2024-03-12T16:01:51.047+0000 7fa5b77fe700 1 -- 172.21.15.6:0/1484700839 <== mon.0 v2:172.21.15.6:3300/0 3 ==== mon_map magic: 0 v1 ==== 229+0+0 (secure 0 0 0) 0x7fa5ac011d90 con 0x7fa5b8071c20
2024-03-12T16:01:51.052 INFO:teuthology.orchestra.run.smithi006.stderr:/usr/bin/ceph:
2024-03-12T16:01:51.048+0000 7fa5bf252700 1 -- 172.21.15.6:0/1484700839 >> [v2:172.21.15.6:3300/0,v1:172.21.15.6:6789/0] conn(0x7fa5b8071c20 msgr2=0x7fa5b80ffc70 secure :-1 s=STATE_CONNECTION_ESTABLISHED l=1).mark_down
2024-03-12T16:01:51.053 INFO:teuthology.orchestra.run.smithi006.stderr:/usr/bin/ceph:
2024-03-12T16:01:51.048+0000 7fa5bf252700 1 --2- 172.21.15.6:0/1484700839 >> [v2:172.21.15.6:3300/0,v1:172.21.15.6:6789/0] conn(0x7fa5b8071c20 0x7fa5b80ffc70 secure :-1 s=READY pgs=76 cs=0 l=1 rev1=1 rx=0x7fa5ac009730 tx=0x7fa5ac0090f0).stop
2024-03-12T16:01:51.053 INFO:teuthology.orchestra.run.smithi006.stderr:/usr/bin/ceph:
2024-03-12T16:01:51.048+0000 7fa5bf252700 1 -- 172.21.15.6:0/1484700839 shutdown_connections
2024-03-12T16:01:51.053 INFO:teuthology.orchestra.run.smithi006.stderr:/usr/bin/ceph:
2024-03-12T16:01:51.048+0000 7fa5bf252700 1 --2- 172.21.15.6:0/1484700839 >> [v2:172.21.15.6:3300/0,v1:172.21.15.6:6789/0] conn(0x7fa5b8071c20 0x7fa5b80ffc70 unknown :-1 s=CLOSED pgs=76 cs=0 l=1 rev1=1 rx=0 tx=0).stop
2024-03-12T16:01:51.053 INFO:teuthology.orchestra.run.smithi006.stderr:/usr/bin/ceph:
2024-03-12T16:01:51.048+0000 7fa5bf252700 1 -- 172.21.15.6:0/1484700839 >> 172.21.15.6:0/1484700839 conn(0x7fa5b80f76f0 msgr2=0x7fa5b80f9b10 unknown :-1 s=STATE_NONE l=0).mark_down
2024-03-12T16:01:51.053 INFO:teuthology.orchestra.run.smithi006.stderr:/usr/bin/ceph:
2024-03-12T16:01:51.048+0000 7fa5bf252700 1 -- 172.21.15.6:0/1484700839 shutdown_connections
2024-03-12T16:01:51.053 INFO:teuthology.orchestra.run.smithi006.stderr:/usr/bin/ceph:
2024-03-12T16:01:51.048+0000 7fa5bf252700 1 -- 172.21.15.6:0/1484700839 wait complete.
2024-03-12T16:01:51.053 INFO:teuthology.orchestra.run.smithi006.stderr:/usr/bin/ceph:
2024-03-12T16:01:51.049+0000 7fa5bf252700 1 Processor -- start
2024-03-12T16:01:51.053 INFO:teuthology.orchestra.run.smithi006.stderr:/usr/bin/ceph:
2024-03-12T16:01:51.049+0000 7fa5bf252700 1 -- start start
2024-03-12T16:01:51.053 INFO:teuthology.orchestra.run.smithi006.stderr:/usr/bin/ceph:
2024-03-12T16:01:51.049+0000 7fa5bf252700 1 --2- >> [v2:172.21.15.6:3300/0,v1:172.21.15.6:6789/0] conn(0x7fa5b8071c20 0x7fa5b80fd6f0 unknown :-1 s=NONE pgs=0 cs=0 l=1 rev1=0 rx=0 tx=0).connect
2024-03-12T16:01:51.053 INFO:teuthology.orchestra.run.smithi006.stderr:/usr/bin/ceph:
2024-03-12T16:01:51.049+0000 7fa5bf252700 1 -- --> [v2:172.21.15.6:3300/0,v1:172.21.15.6:6789/0] -- mon_getmap magic: 0 v1 -- 0x7fa5b80fbb70 con 0x7fa5b8071c20
2024-03-12T16:01:51.053 INFO:teuthology.orchestra.run.smithi006.stderr:/usr/bin/ceph:
2024-03-12T16:01:51.049+0000 7fa5bcfee700 1 --2- >> [v2:172.21.15.6:3300/0,v1:172.21.15.6:6789/0] conn(0x7fa5b8071c20 0x7fa5b80fd6f0 unknown :-1 s=BANNER_CONNECTING pgs=0 cs=0 l=1 rev1=0 rx=0 tx=0)._handle_peer_banner_payload supported=1 required=0
2024-03-12T16:01:51.053 INFO:teuthology.orchestra.run.smithi006.stderr:/usr/bin/ceph:
2024-03-12T16:01:51.049+0000 7fa5bcfee700 1 --2- >> [v2:172.21.15.6:3300/0,v1:172.21.15.6:6789/0] conn(0x7fa5b8071c20 0x7fa5b80fd6f0 unknown :-1 s=HELLO_CONNECTING pgs=0 cs=0 l=1 rev1=1 rx=0 tx=0).handle_hello peer v2:172.21.15.6:3300/0 says I am v2:172.21.15.6:38452/0 (socket says 172.21.15.6:38452)
2024-03-12T16:01:51.053 INFO:teuthology.orchestra.run.smithi006.stderr:/usr/bin/ceph:
2024-03-12T16:01:51.049+0000 7fa5bcfee700 1 -- 172.21.15.6:0/1130851793 learned_addr learned my addr 172.21.15.6:0/1130851793 (peer_addr_for_me v2:172.21.15.6:0/0)
2024-03-12T16:01:51.054 INFO:teuthology.orchestra.run.smithi006.stderr:/usr/bin/ceph:
2024-03-12T16:01:51.049+0000 7fa5bcfee700 1 -- 172.21.15.6:0/1130851793 --> [v2:172.21.15.6:3300/0,v1:172.21.15.6:6789/0] -- mon_subscribe({config=0+,monmap=0+}) v3 -- 0x7fa5ac009370 con 0x7fa5b8071c20
2024-03-12T16:01:51.054 INFO:teuthology.orchestra.run.smithi006.stderr:/usr/bin/ceph:
2024-03-12T16:01:51.049+0000 7fa5bcfee700 1 --2- 172.21.15.6:0/1130851793 >> [v2:172.21.15.6:3300/0,v1:172.21.15.6:6789/0] conn(0x7fa5b8071c20 0x7fa5b80fd6f0 secure :-1 s=READY pgs=77 cs=0 l=1 rev1=1 rx=0x7fa5ac009f00 tx=0x7fa5ac0090f0).ready entity=mon.0 client_cookie=0 server_cookie=0 in_seq=0 out_seq=0
2024-03-12T16:01:51.054 INFO:teuthology.orchestra.run.smithi006.stderr:/usr/bin/ceph:
2024-03-12T16:01:51.050+0000 7fa5b5ffb700 1 -- 172.21.15.6:0/1130851793 <== mon.0 v2:172.21.15.6:3300/0 1 ==== mon_map magic: 0 v1 ==== 229+0+0 (secure 0 0 0) 0x7fa5ac011bb0 con 0x7fa5b8071c20
2024-03-12T16:01:51.054 INFO:teuthology.orchestra.run.smithi006.stderr:/usr/bin/ceph:
2024-03-12T16:01:51.050+0000 7fa5b5ffb700 1 -- 172.21.15.6:0/1130851793 <== mon.0 v2:172.21.15.6:3300/0 2 ==== config(25 keys) v1 ==== 1046+0+0 (secure 0 0 0) 0x7fa5ac00bbc0 con 0x7fa5b8071c20
2024-03-12T16:01:51.054 INFO:teuthology.orchestra.run.smithi006.stderr:/usr/bin/ceph:
2024-03-12T16:01:51.050+0000 7fa5bf252700 1 -- 172.21.15.6:0/1130851793 --> [v2:172.21.15.6:3300/0,v1:172.21.15.6:6789/0] -- mon_subscribe({mgrmap=0+}) v3 -- 0x7fa5b80fbd10 con 0x7fa5b8071c20
2024-03-12T16:01:51.054 INFO:teuthology.orchestra.run.smithi006.stderr:/usr/bin/ceph:
2024-03-12T16:01:51.050+0000 7fa5b5ffb700 1 -- 172.21.15.6:0/1130851793 <== mon.0 v2:172.21.15.6:3300/0 3 ==== mon_map magic: 0 v1 ==== 229+0+0 (secure 0 0 0) 0x7fa5ac01ab20 con 0x7fa5b8071c20
2024-03-12T16:01:51.054 INFO:teuthology.orchestra.run.smithi006.stderr:/usr/bin/ceph:
2024-03-12T16:01:51.050+0000 7fa5bf252700 1 -- 172.21.15.6:0/1130851793 --> [v2:172.21.15.6:3300/0,v1:172.21.15.6:6789/0] -- mon_subscribe({osdmap=0}) v3 -- 0x7fa5b80fc120 con 0x7fa5b8071c20
2024-03-12T16:01:51.054 INFO:teuthology.orchestra.run.smithi006.stderr:/usr/bin/ceph:
2024-03-12T16:01:51.051+0000 7fa5b5ffb700 1 -- 172.21.15.6:0/1130851793 <== mon.0 v2:172.21.15.6:3300/0 4 ==== mgrmap(e 13) v1 ==== 38687+0+0 (secure 0 0 0) 0x7fa5ac0108b0 con 0x7fa5b8071c20
2024-03-12T16:01:51.055 INFO:teuthology.orchestra.run.smithi006.stderr:/usr/bin/ceph:
2024-03-12T16:01:51.051+0000 7fa5bf252700 1 -- 172.21.15.6:0/1130851793 --> [v2:172.21.15.6:3300/0,v1:172.21.15.6:6789/0] -- mon_command({"prefix": "get_command_descriptions"} v 0) v1 -- 0x7fa5b8046ce0 con 0x7fa5b8071c20
2024-03-12T16:01:51.055 INFO:teuthology.orchestra.run.smithi006.stderr:/usr/bin/ceph:
2024-03-12T16:01:51.051+0000 7fa5b5ffb700 1 --2- 172.21.15.6:0/1130851793 >> [v2:172.21.15.6:6800/3591243488,v1:172.21.15.6:6801/3591243488] conn(0x7fa5a80326d0 0x7fa5a8034b90 unknown :-1 s=NONE pgs=0 cs=0 l=1 rev1=0 rx=0 tx=0).connect
2024-03-12T16:01:51.055 INFO:teuthology.orchestra.run.smithi006.stderr:/usr/bin/ceph:
2024-03-12T16:01:51.051+0000 7fa5b5ffb700 1 -- 172.21.15.6:0/1130851793 <== mon.0 v2:172.21.15.6:3300/0 5 ==== osd_map(3..3 src has 1..3) v4 ==== 1065+0+0 (secure 0 0 0) 0x7fa5ac045100 con 0x7fa5b8071c20
2024-03-12T16:01:51.055 INFO:teuthology.orchestra.run.smithi006.stderr:/usr/bin/ceph:
2024-03-12T16:01:51.051+0000 7fa5b7fff700 1 --2- 172.21.15.6:0/1130851793 >> [v2:172.21.15.6:6800/3591243488,v1:172.21.15.6:6801/3591243488] conn(0x7fa5a80326d0 0x7fa5a8034b90 unknown :-1 s=BANNER_CONNECTING pgs=0 cs=0 l=1 rev1=0 rx=0 tx=0)._handle_peer_banner_payload supported=1 required=0
2024-03-12T16:01:51.055 INFO:teuthology.orchestra.run.smithi006.stderr:/usr/bin/ceph:
2024-03-12T16:01:51.051+0000 7fa5b7fff700 1 --2- 172.21.15.6:0/1130851793 >> [v2:172.21.15.6:6800/3591243488,v1:172.21.15.6:6801/3591243488] conn(0x7fa5a80326d0 0x7fa5a8034b90 secure :-1 s=READY pgs=8 cs=0 l=1 rev1=1 rx=0x7fa5a4009780 tx=0x7fa5a4006cc0).ready entity=mgr.14156 client_cookie=0 server_cookie=0 in_seq=0 out_seq=0
2024-03-12T16:01:51.057 INFO:teuthology.orchestra.run.smithi006.stderr:/usr/bin/ceph:
2024-03-12T16:01:51.056+0000 7fa5b5ffb700 1 -- 172.21.15.6:0/1130851793 <== mon.0 v2:172.21.15.6:3300/0 6 ==== mon_command_ack([{"prefix": "get_command_descriptions"}]=0 v0) v1 ==== 72+0+163658 (secure 0 0 0) 0x7fa5ac018500 con 0x7fa5b8071c20
2024-03-12T16:01:51.207 INFO:journalctl@ceph.mon.smithi006.smithi006.stdout:Mar 12 16:01:50 smithi006 ceph-88d7ee42-e089-11ee-95c8-87774f69a715-mon-smithi006[39682]: audit
2024-03-12T16:01:49.544701+0000 mgr.smithi006.kskdce (mgr.14156) 4 : audit [DBG] from='client.14168 -' entity='client.admin' cmd=[{"prefix": "dashboard ac-user-create", "username": "admin", "rolename": "administrator", "force_password": true, "pwd_update_required": true, "target": ["mon-mgr", ""]}]: dispatch
2024-03-12T16:01:51.207 INFO:journalctl@ceph.mon.smithi006.smithi006.stdout:Mar 12 16:01:50 smithi006 ceph-88d7ee42-e089-11ee-95c8-87774f69a715-mon-smithi006[39682]: audit
2024-03-12T16:01:49.790410+0000 mon.smithi006 (mon.0) 90 : audit [INF] from='mgr.14156 172.21.15.6:0/3692553344' entity='mgr.smithi006.kskdce'
2024-03-12T16:01:51.228 INFO:teuthology.orchestra.run.smithi006.stderr:/usr/bin/ceph:
2024-03-12T16:01:51.225+0000 7fa5bf252700 1 -- 172.21.15.6:0/1130851793 --> [v2:172.21.15.6:3300/0,v1:172.21.15.6:6789/0] -- mon_command({"prefix": "config get", "who": "mgr", "key": "mgr/dashboard/ssl_server_port"} v 0) v1 -- 0x7fa5b8100f60 con 0x7fa5b8071c20
2024-03-12T16:01:51.228 INFO:teuthology.orchestra.run.smithi006.stderr:/usr/bin/ceph:
2024-03-12T16:01:51.226+0000 7fa5b5ffb700 1 -- 172.21.15.6:0/1130851793 <== mon.0 v2:172.21.15.6:3300/0 7 ==== mon_command_ack([{"prefix": "config get", "who": "mgr", "key": "mgr/dashboard/ssl_server_port"}]=0 v8) v1 ==== 112+0+5 (secure 0 0 0) 0x7fa5ac01e070 con 0x7fa5b8071c20
2024-03-12T16:01:51.228 INFO:teuthology.orchestra.run.smithi006.stderr:/usr/bin/ceph: 8443
2024-03-12T16:01:51.231 INFO:teuthology.orchestra.run.smithi006.stderr:/usr/bin/ceph:
2024-03-12T16:01:51.229+0000 7fa5bf252700 1 -- 172.21.15.6:0/1130851793 >> [v2:172.21.15.6:6800/3591243488,v1:172.21.15.6:6801/3591243488] conn(0x7fa5a80326d0 msgr2=0x7fa5a8034b90 secure :-1 s=STATE_CONNECTION_ESTABLISHED l=1).mark_down
2024-03-12T16:01:51.231 INFO:teuthology.orchestra.run.smithi006.stderr:/usr/bin/ceph:
2024-03-12T16:01:51.229+0000 7fa5bf252700 1 --2- 172.21.15.6:0/1130851793 >> [v2:172.21.15.6:6800/3591243488,v1:172.21.15.6:6801/3591243488] conn(0x7fa5a80326d0 0x7fa5a8034b90 secure :-1 s=READY pgs=8 cs=0 l=1 rev1=1 rx=0x7fa5a4009780 tx=0x7fa5a4006cc0).stop
2024-03-12T16:01:51.231 INFO:teuthology.orchestra.run.smithi006.stderr:/usr/bin/ceph:
2024-03-12T16:01:51.229+0000 7fa5bf252700 1 -- 172.21.15.6:0/1130851793 >> [v2:172.21.15.6:3300/0,v1:172.21.15.6:6789/0] conn(0x7fa5b8071c20 msgr2=0x7fa5b80fd6f0 secure :-1 s=STATE_CONNECTION_ESTABLISHED l=1).mark_down
2024-03-12T16:01:51.231 INFO:teuthology.orchestra.run.smithi006.stderr:/usr/bin/ceph:
2024-03-12T16:01:51.229+0000 7fa5bf252700 1 --2- 172.21.15.6:0/1130851793 >> [v2:172.21.15.6:3300/0,v1:172.21.15.6:6789/0] conn(0x7fa5b8071c20 0x7fa5b80fd6f0 secure :-1 s=READY pgs=77 cs=0 l=1 rev1=1 rx=0x7fa5ac009f00 tx=0x7fa5ac0090f0).stop
2024-03-12T16:01:51.231 INFO:teuthology.orchestra.run.smithi006.stderr:/usr/bin/ceph:
2024-03-12T16:01:51.229+0000 7fa5bf252700 1 -- 172.21.15.6:0/1130851793 shutdown_connections
2024-03-12T16:01:51.231 INFO:teuthology.orchestra.run.smithi006.stderr:/usr/bin/ceph:
2024-03-12T16:01:51.229+0000 7fa5bf252700 1 --2- 172.21.15.6:0/1130851793 >> [v2:172.21.15.6:6800/3591243488,v1:172.21.15.6:6801/3591243488] conn(0x7fa5a80326d0 0x7fa5a8034b90 unknown :-1 s=CLOSED pgs=8 cs=0 l=1 rev1=1 rx=0 tx=0).stop
2024-03-12T16:01:51.231 INFO:teuthology.orchestra.run.smithi006.stderr:/usr/bin/ceph:
2024-03-12T16:01:51.229+0000 7fa5bf252700 1 --2- 172.21.15.6:0/1130851793 >> [v2:172.21.15.6:3300/0,v1:172.21.15.6:6789/0] conn(0x7fa5b8071c20 0x7fa5b80fd6f0 unknown :-1 s=CLOSED pgs=77 cs=0 l=1 rev1=1 rx=0 tx=0).stop
2024-03-12T16:01:51.231 INFO:teuthology.orchestra.run.smithi006.stderr:/usr/bin/ceph:
2024-03-12T16:01:51.229+0000 7fa5bf252700 1 -- 172.21.15.6:0/1130851793 >> 172.21.15.6:0/1130851793 conn(0x7fa5b80f76f0 msgr2=0x7fa5b80f9140 unknown :-1 s=STATE_NONE l=0).mark_down
2024-03-12T16:01:51.231 INFO:teuthology.orchestra.run.smithi006.stderr:/usr/bin/ceph:
2024-03-12T16:01:51.229+0000 7fa5bf252700 1 -- 172.21.15.6:0/1130851793 shutdown_connections
2024-03-12T16:01:51.231 INFO:teuthology.orchestra.run.smithi006.stderr:/usr/bin/ceph:
2024-03-12T16:01:51.229+0000 7fa5bf252700 1 -- 172.21.15.6:0/1130851793 wait complete.
2024-03-12T16:01:51.877 INFO:journalctl@ceph.mon.smithi006.smithi006.stdout:Mar 12 16:01:51 smithi006 ceph-88d7ee42-e089-11ee-95c8-87774f69a715-mon-smithi006[39682]: cluster
2024-03-12T16:01:50.792119+0000 mon.smithi006 (mon.0) 91 : cluster [DBG] mgrmap e13: smithi006.kskdce(active, since 6s)
2024-03-12T16:01:51.877 INFO:journalctl@ceph.mon.smithi006.smithi006.stdout:Mar 12 16:01:51 smithi006 ceph-88d7ee42-e089-11ee-95c8-87774f69a715-mon-smithi006[39682]: audit
2024-03-12T16:01:51.227573+0000 mon.smithi006 (mon.0) 92 : audit [DBG] from='client.? 172.21.15.6:0/1130851793' entity='client.admin' cmd=[{"prefix": "config get", "who": "mgr", "key": "mgr/dashboard/ssl_server_port"}]: dispatch
2024-03-12T16:01:51.883 INFO:teuthology.orchestra.run.smithi006.stderr:systemctl: disabled
2024-03-12T16:01:51.892 INFO:teuthology.orchestra.run.smithi006.stderr:systemctl: inactive
2024-03-12T16:01:51.892 INFO:teuthology.orchestra.run.smithi006.stderr:firewalld.service is not enabled
2024-03-12T16:01:51.892 INFO:teuthology.orchestra.run.smithi006.stderr:Not possible to open ports <[8443]>. firewalld.service is not available
2024-03-12T16:01:51.895 INFO:teuthology.orchestra.run.smithi006.stderr:Ceph Dashboard is now available at:
2024-03-12T16:01:51.895 INFO:teuthology.orchestra.run.smithi006.stderr:
2024-03-12T16:01:51.896 INFO:teuthology.orchestra.run.smithi006.stderr: URL: https://smithi006.front.sepia.ceph.com:8443/
2024-03-12T16:01:51.896 INFO:teuthology.orchestra.run.smithi006.stderr: User: admin
2024-03-12T16:01:51.896 INFO:teuthology.orchestra.run.smithi006.stderr: Password: nuelxu538n
2024-03-12T16:01:51.896 INFO:teuthology.orchestra.run.smithi006.stderr:
2024-03-12T16:01:51.896 INFO:teuthology.orchestra.run.smithi006.stderr:Enabling autotune for osd_memory_target
2024-03-12T16:01:52.513 INFO:teuthology.orchestra.run.smithi006.stderr:/usr/bin/ceph:
2024-03-12T16:01:52.508+0000 7efce0713700 1 Processor -- start
2024-03-12T16:01:52.513 INFO:teuthology.orchestra.run.smithi006.stderr:/usr/bin/ceph:
2024-03-12T16:01:52.508+0000 7efce0713700 1 -- start start
2024-03-12T16:01:52.513 INFO:teuthology.orchestra.run.smithi006.stderr:/usr/bin/ceph:
2024-03-12T16:01:52.509+0000 7efce0713700 1 --2- >> [v2:172.21.15.6:3300/0,v1:172.21.15.6:6789/0] conn(0x7efcd80fe600 0x7efcd80fea20 unknown :-1 s=NONE pgs=0 cs=0 l=0 rev1=0 rx=0 tx=0).connect
2024-03-12T16:01:52.513 INFO:teuthology.orchestra.run.smithi006.stderr:/usr/bin/ceph:
2024-03-12T16:01:52.509+0000 7efce0713700 1 -- --> [v2:172.21.15.6:3300/0,v1:172.21.15.6:6789/0] -- mon_getmap magic: 0 v1 -- 0x7efcd80fef10 con 0x7efcd80fe600
2024-03-12T16:01:52.513 INFO:teuthology.orchestra.run.smithi006.stderr:/usr/bin/ceph:
2024-03-12T16:01:52.509+0000 7efcde4af700 1 --2- >> [v2:172.21.15.6:3300/0,v1:172.21.15.6:6789/0] conn(0x7efcd80fe600 0x7efcd80fea20 unknown :-1 s=BANNER_CONNECTING pgs=0 cs=0 l=0 rev1=0 rx=0 tx=0)._handle_peer_banner_payload supported=1 required=0
2024-03-12T16:01:52.514 INFO:teuthology.orchestra.run.smithi006.stderr:/usr/bin/ceph:
2024-03-12T16:01:52.509+0000 7efcde4af700 1 --2- >> [v2:172.21.15.6:3300/0,v1:172.21.15.6:6789/0] conn(0x7efcd80fe600 0x7efcd80fea20 unknown :-1 s=HELLO_CONNECTING pgs=0 cs=0 l=0 rev1=1 rx=0 tx=0).handle_hello peer v2:172.21.15.6:3300/0 says I am v2:172.21.15.6:46558/0 (socket says 172.21.15.6:46558)
2024-03-12T16:01:52.514 INFO:teuthology.orchestra.run.smithi006.stderr:/usr/bin/ceph:
2024-03-12T16:01:52.509+0000 7efcde4af700 1 -- 172.21.15.6:0/2409230440 learned_addr learned my addr 172.21.15.6:0/2409230440 (peer_addr_for_me v2:172.21.15.6:0/0)
2024-03-12T16:01:52.514 INFO:teuthology.orchestra.run.smithi006.stderr:/usr/bin/ceph:
2024-03-12T16:01:52.509+0000 7efcde4af700 1 -- 172.21.15.6:0/2409230440 --> [v2:172.21.15.6:3300/0,v1:172.21.15.6:6789/0] -- mon_subscribe({config=0+,monmap=0+}) v3 -- 0x7efcd80ff050 con 0x7efcd80fe600
2024-03-12T16:01:52.514 INFO:teuthology.orchestra.run.smithi006.stderr:/usr/bin/ceph:
2024-03-12T16:01:52.509+0000 7efcde4af700 1 --2- 172.21.15.6:0/2409230440 >> [v2:172.21.15.6:3300/0,v1:172.21.15.6:6789/0] conn(0x7efcd80fe600 0x7efcd80fea20 secure :-1 s=READY pgs=78 cs=0 l=1 rev1=1 rx=0x7efcd4009730 tx=0x7efcd40090f0).ready entity=mon.0 client_cookie=9fc3567c23bb24e9 server_cookie=0 in_seq=0 out_seq=0
2024-03-12T16:01:52.514 INFO:teuthology.orchestra.run.smithi006.stderr:/usr/bin/ceph:
2024-03-12T16:01:52.509+0000 7efcdd4ad700 1 -- 172.21.15.6:0/2409230440 <== mon.0 v2:172.21.15.6:3300/0 1 ==== mon_map magic: 0 v1 ==== 229+0+0 (secure 0 0 0) 0x7efcd400b6e0 con 0x7efcd80fe600
2024-03-12T16:01:52.514 INFO:teuthology.orchestra.run.smithi006.stderr:/usr/bin/ceph:
2024-03-12T16:01:52.509+0000 7efcdd4ad700 1 -- 172.21.15.6:0/2409230440 <== mon.0 v2:172.21.15.6:3300/0 2 ==== config(25 keys) v1 ==== 1046+0+0 (secure 0 0 0) 0x7efcd400bcd0 con 0x7efcd80fe600
2024-03-12T16:01:52.514 INFO:teuthology.orchestra.run.smithi006.stderr:/usr/bin/ceph:
2024-03-12T16:01:52.510+0000 7efcdd4ad700 1 -- 172.21.15.6:0/2409230440 <== mon.0 v2:172.21.15.6:3300/0 3 ==== mon_map magic: 0 v1 ==== 229+0+0 (secure 0 0 0) 0x7efcd4011cb0 con 0x7efcd80fe600
2024-03-12T16:01:52.514 INFO:teuthology.orchestra.run.smithi006.stderr:/usr/bin/ceph:
2024-03-12T16:01:52.510+0000 7efce0713700 1 -- 172.21.15.6:0/2409230440 >> [v2:172.21.15.6:3300/0,v1:172.21.15.6:6789/0] conn(0x7efcd80fe600 msgr2=0x7efcd80fea20 secure :-1 s=STATE_CONNECTION_ESTABLISHED l=1).mark_down
2024-03-12T16:01:52.514 INFO:teuthology.orchestra.run.smithi006.stderr:/usr/bin/ceph:
2024-03-12T16:01:52.510+0000 7efce0713700 1 --2- 172.21.15.6:0/2409230440 >> [v2:172.21.15.6:3300/0,v1:172.21.15.6:6789/0] conn(0x7efcd80fe600 0x7efcd80fea20 secure :-1 s=READY pgs=78 cs=0 l=1 rev1=1 rx=0x7efcd4009730 tx=0x7efcd40090f0).stop
2024-03-12T16:01:52.514 INFO:teuthology.orchestra.run.smithi006.stderr:/usr/bin/ceph:
2024-03-12T16:01:52.510+0000 7efce0713700 1 -- 172.21.15.6:0/2409230440 shutdown_connections
2024-03-12T16:01:52.514 INFO:teuthology.orchestra.run.smithi006.stderr:/usr/bin/ceph:
2024-03-12T16:01:52.510+0000 7efce0713700 1 --2- 172.21.15.6:0/2409230440 >> [v2:172.21.15.6:3300/0,v1:172.21.15.6:6789/0] conn(0x7efcd80fe600 0x7efcd80fea20 unknown :-1 s=CLOSED pgs=78 cs=0 l=1 rev1=1 rx=0 tx=0).stop
2024-03-12T16:01:52.514 INFO:teuthology.orchestra.run.smithi006.stderr:/usr/bin/ceph:
2024-03-12T16:01:52.510+0000 7efce0713700 1 -- 172.21.15.6:0/2409230440 >> 172.21.15.6:0/2409230440 conn(0x7efcd80f6e20 msgr2=0x7efcd80f9240 unknown :-1 s=STATE_NONE l=0).mark_down
2024-03-12T16:01:52.514 INFO:teuthology.orchestra.run.smithi006.stderr:/usr/bin/ceph:
2024-03-12T16:01:52.510+0000 7efce0713700 1 -- 172.21.15.6:0/2409230440 shutdown_connections
2024-03-12T16:01:52.515 INFO:teuthology.orchestra.run.smithi006.stderr:/usr/bin/ceph:
2024-03-12T16:01:52.510+0000 7efce0713700 1 -- 172.21.15.6:0/2409230440 wait complete.
2024-03-12T16:01:52.515 INFO:teuthology.orchestra.run.smithi006.stderr:/usr/bin/ceph:
2024-03-12T16:01:52.511+0000 7efce0713700 1 Processor -- start
2024-03-12T16:01:52.515 INFO:teuthology.orchestra.run.smithi006.stderr:/usr/bin/ceph:
2024-03-12T16:01:52.511+0000 7efce0713700 1 -- start start
2024-03-12T16:01:52.515 INFO:teuthology.orchestra.run.smithi006.stderr:/usr/bin/ceph:
2024-03-12T16:01:52.511+0000 7efce0713700 1 --2- >> [v2:172.21.15.6:3300/0,v1:172.21.15.6:6789/0] conn(0x7efcd80fe600 0x7efcd80fded0 unknown :-1 s=NONE pgs=0 cs=0 l=1 rev1=0 rx=0 tx=0).connect
2024-03-12T16:01:52.515 INFO:teuthology.orchestra.run.smithi006.stderr:/usr/bin/ceph:
2024-03-12T16:01:52.511+0000 7efce0713700 1 -- --> [v2:172.21.15.6:3300/0,v1:172.21.15.6:6789/0] -- mon_getmap magic: 0 v1 -- 0x7efcd80fc350 con 0x7efcd80fe600
2024-03-12T16:01:52.515 INFO:teuthology.orchestra.run.smithi006.stderr:/usr/bin/ceph:
2024-03-12T16:01:52.511+0000 7efcde4af700 1 --2- >> [v2:172.21.15.6:3300/0,v1:172.21.15.6:6789/0] conn(0x7efcd80fe600 0x7efcd80fded0 unknown :-1 s=BANNER_CONNECTING pgs=0 cs=0 l=1 rev1=0 rx=0 tx=0)._handle_peer_banner_payload supported=1 required=0
2024-03-12T16:01:52.515 INFO:teuthology.orchestra.run.smithi006.stderr:/usr/bin/ceph:
2024-03-12T16:01:52.511+0000 7efcde4af700 1 --2- >> [v2:172.21.15.6:3300/0,v1:172.21.15.6:6789/0] conn(0x7efcd80fe600 0x7efcd80fded0 unknown :-1 s=HELLO_CONNECTING pgs=0 cs=0 l=1 rev1=1 rx=0 tx=0).handle_hello peer v2:172.21.15.6:3300/0 says I am v2:172.21.15.6:46560/0 (socket says 172.21.15.6:46560)
2024-03-12T16:01:52.516 INFO:teuthology.orchestra.run.smithi006.stderr:/usr/bin/ceph:
2024-03-12T16:01:52.511+0000 7efcde4af700 1 -- 172.21.15.6:0/3369497233 learned_addr learned my addr 172.21.15.6:0/3369497233 (peer_addr_for_me v2:172.21.15.6:0/0)
2024-03-12T16:01:52.516 INFO:teuthology.orchestra.run.smithi006.stderr:/usr/bin/ceph:
2024-03-12T16:01:52.511+0000 7efcde4af700 1 -- 172.21.15.6:0/3369497233 --> [v2:172.21.15.6:3300/0,v1:172.21.15.6:6789/0] -- mon_subscribe({config=0+,monmap=0+}) v3 -- 0x7efcd4009370 con 0x7efcd80fe600
2024-03-12T16:01:52.516 INFO:teuthology.orchestra.run.smithi006.stderr:/usr/bin/ceph:
2024-03-12T16:01:52.511+0000 7efcde4af700 1 --2- 172.21.15.6:0/3369497233 >> [v2:172.21.15.6:3300/0,v1:172.21.15.6:6789/0] conn(0x7efcd80fe600 0x7efcd80fded0 secure :-1 s=READY pgs=79 cs=0 l=1 rev1=1 rx=0x7efcd4006b00 tx=0x7efcd40090f0).ready entity=mon.0 client_cookie=0 server_cookie=0 in_seq=0 out_seq=0
2024-03-12T16:01:52.516 INFO:teuthology.orchestra.run.smithi006.stderr:/usr/bin/ceph:
2024-03-12T16:01:52.512+0000 7efccf7fe700 1 -- 172.21.15.6:0/3369497233 <== mon.0 v2:172.21.15.6:3300/0 1 ==== mon_map magic: 0 v1 ==== 229+0+0 (secure 0 0 0) 0x7efcd401a640 con 0x7efcd80fe600
2024-03-12T16:01:52.516 INFO:teuthology.orchestra.run.smithi006.stderr:/usr/bin/ceph:
2024-03-12T16:01:52.512+0000 7efccf7fe700 1 -- 172.21.15.6:0/3369497233 <== mon.0 v2:172.21.15.6:3300/0 2 ==== config(25 keys) v1 ==== 1046+0+0 (secure 0 0 0) 0x7efcd401ac30 con 0x7efcd80fe600
2024-03-12T16:01:52.516 INFO:teuthology.orchestra.run.smithi006.stderr:/usr/bin/ceph:
2024-03-12T16:01:52.512+0000 7efccf7fe700 1 -- 172.21.15.6:0/3369497233 <== mon.0 v2:172.21.15.6:3300/0 3 ==== mon_map magic: 0 v1 ==== 229+0+0 (secure 0 0 0) 0x7efcd4023cb0 con 0x7efcd80fe600
2024-03-12T16:01:52.516 INFO:teuthology.orchestra.run.smithi006.stderr:/usr/bin/ceph:
2024-03-12T16:01:52.512+0000 7efce0713700 1 -- 172.21.15.6:0/3369497233 --> [v2:172.21.15.6:3300/0,v1:172.21.15.6:6789/0] -- mon_subscribe({mgrmap=0+}) v3 -- 0x7efcd80fc4f0 con 0x7efcd80fe600
2024-03-12T16:01:52.516 INFO:teuthology.orchestra.run.smithi006.stderr:/usr/bin/ceph:
2024-03-12T16:01:52.512+0000 7efce0713700 1 -- 172.21.15.6:0/3369497233 --> [v2:172.21.15.6:3300/0,v1:172.21.15.6:6789/0] -- mon_subscribe({osdmap=0}) v3 -- 0x7efcd80fc900 con 0x7efcd80fe600
2024-03-12T16:01:52.517 INFO:teuthology.orchestra.run.smithi006.stderr:/usr/bin/ceph:
2024-03-12T16:01:52.513+0000 7efce0713700 1 -- 172.21.15.6:0/3369497233 --> [v2:172.21.15.6:3300/0,v1:172.21.15.6:6789/0] -- mon_command({"prefix": "get_command_descriptions"} v 0) v1 -- 0x7efcd8046ce0 con 0x7efcd80fe600
2024-03-12T16:01:52.517 INFO:teuthology.orchestra.run.smithi006.stderr:/usr/bin/ceph:
2024-03-12T16:01:52.513+0000 7efccf7fe700 1 -- 172.21.15.6:0/3369497233 <== mon.0 v2:172.21.15.6:3300/0 4 ==== mgrmap(e 13) v1 ==== 38687+0+0 (secure 0 0 0) 0x7efcd4023510 con 0x7efcd80fe600
2024-03-12T16:01:52.518 INFO:teuthology.orchestra.run.smithi006.stderr:/usr/bin/ceph:
2024-03-12T16:01:52.513+0000 7efccf7fe700 1 --2- 172.21.15.6:0/3369497233 >> [v2:172.21.15.6:6800/3591243488,v1:172.21.15.6:6801/3591243488] conn(0x7efcc4032750 0x7efcc4034c10 unknown :-1 s=NONE pgs=0 cs=0 l=1 rev1=0 rx=0 tx=0).connect
2024-03-12T16:01:52.518 INFO:teuthology.orchestra.run.smithi006.stderr:/usr/bin/ceph:
2024-03-12T16:01:52.513+0000 7efccf7fe700 1 -- 172.21.15.6:0/3369497233 <== mon.0 v2:172.21.15.6:3300/0 5 ==== osd_map(3..3 src has 1..3) v4 ==== 1065+0+0 (secure 0 0 0) 0x7efcd4045210 con 0x7efcd80fe600
2024-03-12T16:01:52.518 INFO:teuthology.orchestra.run.smithi006.stderr:/usr/bin/ceph:
2024-03-12T16:01:52.513+0000 7efcddcae700 1 --2- 172.21.15.6:0/3369497233 >> [v2:172.21.15.6:6800/3591243488,v1:172.21.15.6:6801/3591243488] conn(0x7efcc4032750 0x7efcc4034c10 unknown :-1 s=BANNER_CONNECTING pgs=0 cs=0 l=1 rev1=0 rx=0 tx=0)._handle_peer_banner_payload supported=1 required=0
2024-03-12T16:01:52.518 INFO:teuthology.orchestra.run.smithi006.stderr:/usr/bin/ceph:
2024-03-12T16:01:52.514+0000 7efcddcae700 1 --2- 172.21.15.6:0/3369497233 >> [v2:172.21.15.6:6800/3591243488,v1:172.21.15.6:6801/3591243488] conn(0x7efcc4032750 0x7efcc4034c10 secure :-1 s=READY pgs=9 cs=0 l=1 rev1=1 rx=0x7efcc8009780 tx=0x7efcc8006cc0).ready entity=mgr.14156 client_cookie=0 server_cookie=0 in_seq=0 out_seq=0
2024-03-12T16:01:52.519 INFO:teuthology.orchestra.run.smithi006.stderr:/usr/bin/ceph:
2024-03-12T16:01:52.518+0000 7efccf7fe700 1 -- 172.21.15.6:0/3369497233 <== mon.0 v2:172.21.15.6:3300/0 6 ==== mon_command_ack([{"prefix": "get_command_descriptions"}]=0 v0) v1 ==== 72+0+163658 (secure 0 0 0) 0x7efcd4018500 con 0x7efcd80fe600
2024-03-12T16:01:52.689 INFO:teuthology.orchestra.run.smithi006.stderr:/usr/bin/ceph:
2024-03-12T16:01:52.687+0000 7efce0713700 1 -- 172.21.15.6:0/3369497233 --> [v2:172.21.15.6:3300/0,v1:172.21.15.6:6789/0] -- mon_command([{prefix=config set, name=osd_memory_target_autotune}] v 0) v1 -- 0x7efcd80fba10 con 0x7efcd80fe600
2024-03-12T16:01:52.689 INFO:teuthology.orchestra.run.smithi006.stderr:/usr/bin/ceph:
2024-03-12T16:01:52.687+0000 7efccf7fe700 1 -- 172.21.15.6:0/3369497233 <== mon.0 v2:172.21.15.6:3300/0 7 ==== mon_command_ack([{prefix=config set, name=osd_memory_target_autotune}]=0 v8)=0 v8) v1 ==== 127+0+0 (secure 0 0 0) 0x7efcd401e020 con 0x7efcd80fe600
2024-03-12T16:01:52.692 INFO:teuthology.orchestra.run.smithi006.stderr:/usr/bin/ceph:
2024-03-12T16:01:52.689+0000 7efce0713700 1 -- 172.21.15.6:0/3369497233 >> [v2:172.21.15.6:6800/3591243488,v1:172.21.15.6:6801/3591243488] conn(0x7efcc4032750 msgr2=0x7efcc4034c10 secure :-1 s=STATE_CONNECTION_ESTABLISHED l=1).mark_down
2024-03-12T16:01:52.692 INFO:teuthology.orchestra.run.smithi006.stderr:/usr/bin/ceph:
2024-03-12T16:01:52.689+0000 7efce0713700 1 --2- 172.21.15.6:0/3369497233 >> [v2:172.21.15.6:6800/3591243488,v1:172.21.15.6:6801/3591243488] conn(0x7efcc4032750 0x7efcc4034c10 secure :-1 s=READY pgs=9 cs=0 l=1 rev1=1 rx=0x7efcc8009780 tx=0x7efcc8006cc0).stop
2024-03-12T16:01:52.692 INFO:teuthology.orchestra.run.smithi006.stderr:/usr/bin/ceph:
2024-03-12T16:01:52.689+0000 7efce0713700 1 -- 172.21.15.6:0/3369497233 >> [v2:172.21.15.6:3300/0,v1:172.21.15.6:6789/0] conn(0x7efcd80fe600 msgr2=0x7efcd80fded0 secure :-1 s=STATE_CONNECTION_ESTABLISHED l=1).mark_down
2024-03-12T16:01:52.692 INFO:teuthology.orchestra.run.smithi006.stderr:/usr/bin/ceph:
2024-03-12T16:01:52.689+0000 7efce0713700 1 --2- 172.21.15.6:0/3369497233 >> [v2:172.21.15.6:3300/0,v1:172.21.15.6:6789/0] conn(0x7efcd80fe600 0x7efcd80fded0 secure :-1 s=READY pgs=79 cs=0 l=1 rev1=1 rx=0x7efcd4006b00 tx=0x7efcd40090f0).stop
2024-03-12T16:01:52.692 INFO:teuthology.orchestra.run.smithi006.stderr:/usr/bin/ceph:
2024-03-12T16:01:52.689+0000 7efce0713700 1 -- 172.21.15.6:0/3369497233 shutdown_connections
2024-03-12T16:01:52.693 INFO:teuthology.orchestra.run.smithi006.stderr:/usr/bin/ceph:
2024-03-12T16:01:52.689+0000 7efce0713700 1 --2- 172.21.15.6:0/3369497233 >> [v2:172.21.15.6:6800/3591243488,v1:172.21.15.6:6801/3591243488] conn(0x7efcc4032750 0x7efcc4034c10 unknown :-1 s=CLOSED pgs=9 cs=0 l=1 rev1=1 rx=0 tx=0).stop
2024-03-12T16:01:52.693 INFO:teuthology.orchestra.run.smithi006.stderr:/usr/bin/ceph:
2024-03-12T16:01:52.689+0000 7efce0713700 1 --2- 172.21.15.6:0/3369497233 >> [v2:172.21.15.6:3300/0,v1:172.21.15.6:6789/0] conn(0x7efcd80fe600 0x7efcd80fded0 unknown :-1 s=CLOSED pgs=79 cs=0 l=1 rev1=1 rx=0 tx=0).stop
2024-03-12T16:01:52.693 INFO:teuthology.orchestra.run.smithi006.stderr:/usr/bin/ceph:
2024-03-12T16:01:52.689+0000 7efce0713700 1 -- 172.21.15.6:0/3369497233 >> 172.21.15.6:0/3369497233 conn(0x7efcd80f6e20 msgr2=0x7efcd80f8730 unknown :-1 s=STATE_NONE l=0).mark_down
