2024-03-12T16:01:06.825+0000 7f30b393f700 1 --2- 172.21.15.6:0/2787230829 >> [v2:172.21.15.6:3300/0,v1:172.21.15.6:6789/0] conn(0x7f30ac071c60 0x7f30ac0ffc30 unknown :-1 s=CLOSED pgs=18 cs=0 l=1 rev1=1 rx=0 tx=0).stop
2024-03-12T16:01:06.829 INFO:teuthology.orchestra.run.smithi006.stderr:/usr/bin/ceph:
2024-03-12T16:01:06.825+0000 7f30b393f700 1 -- 172.21.15.6:0/2787230829 >> 172.21.15.6:0/2787230829 conn(0x7f30ac0f76f0 msgr2=0x7f30ac0f9b10 unknown :-1 s=STATE_NONE l=0).mark_down
2024-03-12T16:01:06.829 INFO:teuthology.orchestra.run.smithi006.stderr:/usr/bin/ceph:
2024-03-12T16:01:06.826+0000 7f30b393f700 1 -- 172.21.15.6:0/2787230829 shutdown_connections
2024-03-12T16:01:06.830 INFO:teuthology.orchestra.run.smithi006.stderr:/usr/bin/ceph:
2024-03-12T16:01:06.826+0000 7f30b393f700 1 -- 172.21.15.6:0/2787230829 wait complete.
2024-03-12T16:01:06.830 INFO:teuthology.orchestra.run.smithi006.stderr:/usr/bin/ceph:
2024-03-12T16:01:06.826+0000 7f30b393f700 1 Processor -- start
2024-03-12T16:01:06.830 INFO:teuthology.orchestra.run.smithi006.stderr:/usr/bin/ceph:
2024-03-12T16:01:06.826+0000 7f30b393f700 1 -- start start
2024-03-12T16:01:06.831 INFO:teuthology.orchestra.run.smithi006.stderr:/usr/bin/ceph:
2024-03-12T16:01:06.827+0000 7f30b393f700 1 --2- >> [v2:172.21.15.6:3300/0,v1:172.21.15.6:6789/0] conn(0x7f30ac071c60 0x7f30ac0fd6b0 unknown :-1 s=NONE pgs=0 cs=0 l=1 rev1=0 rx=0 tx=0).connect
2024-03-12T16:01:06.831 INFO:teuthology.orchestra.run.smithi006.stderr:/usr/bin/ceph:
2024-03-12T16:01:06.827+0000 7f30b393f700 1 -- --> [v2:172.21.15.6:3300/0,v1:172.21.15.6:6789/0] -- mon_getmap magic: 0 v1 -- 0x7f30ac0fbb30 con 0x7f30ac071c60
2024-03-12T16:01:06.831 INFO:teuthology.orchestra.run.smithi006.stderr:/usr/bin/ceph:
2024-03-12T16:01:06.827+0000 7f30b16db700 1 --2- >> [v2:172.21.15.6:3300/0,v1:172.21.15.6:6789/0] conn(0x7f30ac071c60 0x7f30ac0fd6b0 unknown :-1 s=BANNER_CONNECTING pgs=0 cs=0 l=1 rev1=0 rx=0 tx=0)._handle_peer_banner_payload supported=1 required=0
2024-03-12T16:01:06.831 INFO:teuthology.orchestra.run.smithi006.stderr:/usr/bin/ceph:
2024-03-12T16:01:06.827+0000 7f30b16db700 1 --2- >> [v2:172.21.15.6:3300/0,v1:172.21.15.6:6789/0] conn(0x7f30ac071c60 0x7f30ac0fd6b0 unknown :-1 s=HELLO_CONNECTING pgs=0 cs=0 l=1 rev1=1 rx=0 tx=0).handle_hello peer v2:172.21.15.6:3300/0 says I am v2:172.21.15.6:53370/0 (socket says 172.21.15.6:53370)
2024-03-12T16:01:06.832 INFO:teuthology.orchestra.run.smithi006.stderr:/usr/bin/ceph:
2024-03-12T16:01:06.827+0000 7f30b16db700 1 -- 172.21.15.6:0/2816765395 learned_addr learned my addr 172.21.15.6:0/2816765395 (peer_addr_for_me v2:172.21.15.6:0/0)
2024-03-12T16:01:06.832 INFO:teuthology.orchestra.run.smithi006.stderr:/usr/bin/ceph:
2024-03-12T16:01:06.827+0000 7f30b16db700 1 -- 172.21.15.6:0/2816765395 --> [v2:172.21.15.6:3300/0,v1:172.21.15.6:6789/0] -- mon_subscribe({config=0+,monmap=0+}) v3 -- 0x7f30a8009370 con 0x7f30ac071c60
2024-03-12T16:01:06.832 INFO:teuthology.orchestra.run.smithi006.stderr:/usr/bin/ceph:
2024-03-12T16:01:06.827+0000 7f30b16db700 1 --2- 172.21.15.6:0/2816765395 >> [v2:172.21.15.6:3300/0,v1:172.21.15.6:6789/0] conn(0x7f30ac071c60 0x7f30ac0fd6b0 secure :-1 s=READY pgs=19 cs=0 l=1 rev1=1 rx=0x7f30a800c010 tx=0x7f30a80090f0).ready entity=mon.0 client_cookie=0 server_cookie=0 in_seq=0 out_seq=0
2024-03-12T16:01:06.832 INFO:teuthology.orchestra.run.smithi006.stderr:/usr/bin/ceph:
2024-03-12T16:01:06.827+0000 7f309e7fc700 1 -- 172.21.15.6:0/2816765395 <== mon.0 v2:172.21.15.6:3300/0 1 ==== mon_map magic: 0 v1 ==== 229+0+0 (secure 0 0 0) 0x7f30a801a610 con 0x7f30ac071c60
2024-03-12T16:01:06.832 INFO:teuthology.orchestra.run.smithi006.stderr:/usr/bin/ceph:
2024-03-12T16:01:06.827+0000 7f30b393f700 1 -- 172.21.15.6:0/2816765395 --> [v2:172.21.15.6:3300/0,v1:172.21.15.6:6789/0] -- mon_subscribe({mgrmap=0+}) v3 -- 0x7f30ac0fbcd0 con 0x7f30ac071c60
2024-03-12T16:01:06.832 INFO:teuthology.orchestra.run.smithi006.stderr:/usr/bin/ceph:
2024-03-12T16:01:06.827+0000 7f309e7fc700 1 -- 172.21.15.6:0/2816765395 <== mon.0 v2:172.21.15.6:3300/0 2 ==== config(25 keys) v1 ==== 982+0+0 (secure 0 0 0) 0x7f30a801abc0 con 0x7f30ac071c60
2024-03-12T16:01:06.832 INFO:teuthology.orchestra.run.smithi006.stderr:/usr/bin/ceph:
2024-03-12T16:01:06.827+0000 7f309e7fc700 1 -- 172.21.15.6:0/2816765395 <== mon.0 v2:172.21.15.6:3300/0 3 ==== mon_map magic: 0 v1 ==== 229+0+0 (secure 0 0 0) 0x7f30a8022a20 con 0x7f30ac071c60
2024-03-12T16:01:06.832 INFO:teuthology.orchestra.run.smithi006.stderr:/usr/bin/ceph:
2024-03-12T16:01:06.827+0000 7f30b393f700 1 -- 172.21.15.6:0/2816765395 --> [v2:172.21.15.6:3300/0,v1:172.21.15.6:6789/0] -- mon_subscribe({osdmap=0}) v3 -- 0x7f30ac0fc0e0 con 0x7f30ac071c60
2024-03-12T16:01:06.832 INFO:teuthology.orchestra.run.smithi006.stderr:/usr/bin/ceph:
2024-03-12T16:01:06.828+0000 7f309e7fc700 1 -- 172.21.15.6:0/2816765395 <== mon.0 v2:172.21.15.6:3300/0 4 ==== mgrmap(e 4) v1 ==== 38621+0+0 (secure 0 0 0) 0x7f30a8022ce0 con 0x7f30ac071c60
2024-03-12T16:01:06.832 INFO:teuthology.orchestra.run.smithi006.stderr:/usr/bin/ceph:
2024-03-12T16:01:06.828+0000 7f30b393f700 1 -- 172.21.15.6:0/2816765395 --> [v2:172.21.15.6:3300/0,v1:172.21.15.6:6789/0] -- mon_command({"prefix": "get_command_descriptions"} v 0) v1 -- 0x7f30ac046ce0 con 0x7f30ac071c60
2024-03-12T16:01:06.832 INFO:teuthology.orchestra.run.smithi006.stderr:/usr/bin/ceph:
2024-03-12T16:01:06.828+0000 7f309e7fc700 1 --2- 172.21.15.6:0/2816765395 >> [v2:172.21.15.6:6800/860696411,v1:172.21.15.6:6801/860696411] conn(0x7f30980325c0 0x7f3098034a80 unknown :-1 s=NONE pgs=0 cs=0 l=1 rev1=0 rx=0 tx=0).connect
2024-03-12T16:01:06.832 INFO:teuthology.orchestra.run.smithi006.stderr:/usr/bin/ceph:
2024-03-12T16:01:06.829+0000 7f309e7fc700 1 -- 172.21.15.6:0/2816765395 <== mon.0 v2:172.21.15.6:3300/0 5 ==== osd_map(1..1 src has 1..1) v4 ==== 721+0+0 (secure 0 0 0) 0x7f30a8044820 con 0x7f30ac071c60
2024-03-12T16:01:06.832 INFO:teuthology.orchestra.run.smithi006.stderr:/usr/bin/ceph:
2024-03-12T16:01:06.829+0000 7f30b0eda700 1 --2- 172.21.15.6:0/2816765395 >> [v2:172.21.15.6:6800/860696411,v1:172.21.15.6:6801/860696411] conn(0x7f30980325c0 0x7f3098034a80 unknown :-1 s=BANNER_CONNECTING pgs=0 cs=0 l=1 rev1=0 rx=0 tx=0)._handle_peer_banner_payload supported=1 required=0
2024-03-12T16:01:06.832 INFO:teuthology.orchestra.run.smithi006.stderr:/usr/bin/ceph:
2024-03-12T16:01:06.829+0000 7f30b0eda700 1 --2- 172.21.15.6:0/2816765395 >> [v2:172.21.15.6:6800/860696411,v1:172.21.15.6:6801/860696411] conn(0x7f30980325c0 0x7f3098034a80 secure :-1 s=READY pgs=7 cs=0 l=1 rev1=1 rx=0x7f30a0009780 tx=0x7f30a0006cc0).ready entity=mgr.14100 client_cookie=0 server_cookie=0 in_seq=0 out_seq=0
2024-03-12T16:01:06.835 INFO:teuthology.orchestra.run.smithi006.stderr:/usr/bin/ceph:
2024-03-12T16:01:06.833+0000 7f309e7fc700 1 -- 172.21.15.6:0/2816765395 <== mon.0 v2:172.21.15.6:3300/0 6 ==== mon_command_ack([{"prefix": "get_command_descriptions"}]=0 v0) v1 ==== 72+0+163658 (secure 0 0 0) 0x7f30a80223b0 con 0x7f30ac071c60
2024-03-12T16:01:07.051 INFO:teuthology.orchestra.run.smithi006.stderr:/usr/bin/ceph:
2024-03-12T16:01:07.048+0000 7f30b393f700 1 -- 172.21.15.6:0/2816765395 --> [v2:172.21.15.6:3300/0,v1:172.21.15.6:6789/0] -- mon_command({"prefix": "mgr module enable", "module": "cephadm"} v 0) v1 -- 0x7f30ac105d50 con 0x7f30ac071c60
2024-03-12T16:01:07.103 INFO:teuthology.orchestra.run.smithi006.stderr:/usr/bin/ceph:
2024-03-12T16:01:07.101+0000 7f309e7fc700 1 -- 172.21.15.6:0/2816765395 <== mon.0 v2:172.21.15.6:3300/0 7 ==== mgrmap(e 5) v1 ==== 38632+0+0 (secure 0 0 0) 0x7f30a8019390 con 0x7f30ac071c60
2024-03-12T16:01:07.104 INFO:teuthology.orchestra.run.smithi006.stderr:/usr/bin/ceph:
2024-03-12T16:01:07.102+0000 7f309e7fc700 1 -- 172.21.15.6:0/2816765395 <== mon.0 v2:172.21.15.6:3300/0 8 ==== mon_command_ack([{"prefix": "mgr module enable", "module": "cephadm"}]=0 v5) v1 ==== 86+0+0 (secure 0 0 0) 0x7f30a8006210 con 0x7f30ac071c60
2024-03-12T16:01:07.107 INFO:teuthology.orchestra.run.smithi006.stderr:/usr/bin/ceph:
2024-03-12T16:01:07.104+0000 7f30b393f700 1 -- 172.21.15.6:0/2816765395 >> [v2:172.21.15.6:6800/860696411,v1:172.21.15.6:6801/860696411] conn(0x7f30980325c0 msgr2=0x7f3098034a80 secure :-1 s=STATE_CONNECTION_ESTABLISHED l=1).mark_down
2024-03-12T16:01:07.107 INFO:teuthology.orchestra.run.smithi006.stderr:/usr/bin/ceph:
2024-03-12T16:01:07.104+0000 7f30b393f700 1 --2- 172.21.15.6:0/2816765395 >> [v2:172.21.15.6:6800/860696411,v1:172.21.15.6:6801/860696411] conn(0x7f30980325c0 0x7f3098034a80 secure :-1 s=READY pgs=7 cs=0 l=1 rev1=1 rx=0x7f30a0009780 tx=0x7f30a0006cc0).stop
2024-03-12T16:01:07.107 INFO:teuthology.orchestra.run.smithi006.stderr:/usr/bin/ceph:
2024-03-12T16:01:07.104+0000 7f30b393f700 1 -- 172.21.15.6:0/2816765395 >> [v2:172.21.15.6:3300/0,v1:172.21.15.6:6789/0] conn(0x7f30ac071c60 msgr2=0x7f30ac0fd6b0 secure :-1 s=STATE_CONNECTION_ESTABLISHED l=1).mark_down
2024-03-12T16:01:07.107 INFO:teuthology.orchestra.run.smithi006.stderr:/usr/bin/ceph:
2024-03-12T16:01:07.104+0000 7f30b393f700 1 --2- 172.21.15.6:0/2816765395 >> [v2:172.21.15.6:3300/0,v1:172.21.15.6:6789/0] conn(0x7f30ac071c60 0x7f30ac0fd6b0 secure :-1 s=READY pgs=19 cs=0 l=1 rev1=1 rx=0x7f30a800c010 tx=0x7f30a80090f0).stop
2024-03-12T16:01:07.107 INFO:teuthology.orchestra.run.smithi006.stderr:/usr/bin/ceph:
2024-03-12T16:01:07.104+0000 7f30b393f700 1 -- 172.21.15.6:0/2816765395 shutdown_connections
2024-03-12T16:01:07.107 INFO:teuthology.orchestra.run.smithi006.stderr:/usr/bin/ceph:
2024-03-12T16:01:07.104+0000 7f30b393f700 1 --2- 172.21.15.6:0/2816765395 >> [v2:172.21.15.6:6800/860696411,v1:172.21.15.6:6801/860696411] conn(0x7f30980325c0 0x7f3098034a80 unknown :-1 s=CLOSED pgs=7 cs=0 l=1 rev1=1 rx=0 tx=0).stop
2024-03-12T16:01:07.107 INFO:teuthology.orchestra.run.smithi006.stderr:/usr/bin/ceph:
2024-03-12T16:01:07.104+0000 7f30b393f700 1 --2- 172.21.15.6:0/2816765395 >> [v2:172.21.15.6:3300/0,v1:172.21.15.6:6789/0] conn(0x7f30ac071c60 0x7f30ac0fd6b0 unknown :-1 s=CLOSED pgs=19 cs=0 l=1 rev1=1 rx=0 tx=0).stop
2024-03-12T16:01:07.107 INFO:teuthology.orchestra.run.smithi006.stderr:/usr/bin/ceph:
2024-03-12T16:01:07.104+0000 7f30b393f700 1 -- 172.21.15.6:0/2816765395 >> 172.21.15.6:0/2816765395 conn(0x7f30ac0f76f0 msgr2=0x7f30ac0f9180 unknown :-1 s=STATE_NONE l=0).mark_down
2024-03-12T16:01:07.107 INFO:teuthology.orchestra.run.smithi006.stderr:/usr/bin/ceph:
2024-03-12T16:01:07.105+0000 7f30b393f700 1 -- 172.21.15.6:0/2816765395 shutdown_connections
2024-03-12T16:01:07.108 INFO:teuthology.orchestra.run.smithi006.stderr:/usr/bin/ceph:
2024-03-12T16:01:07.105+0000 7f30b393f700 1 -- 172.21.15.6:0/2816765395 wait complete.
2024-03-12T16:01:07.457 INFO:journalctl@ceph.mon.smithi006.smithi006.stdout:Mar 12 16:01:07 smithi006 ceph-88d7ee42-e089-11ee-95c8-87774f69a715-mon-smithi006[39682]: audit
2024-03-12T16:01:07.050613+0000 mon.smithi006 (mon.0) 26 : audit [INF] from='client.? 172.21.15.6:0/2816765395' entity='client.admin' cmd=[{"prefix": "mgr module enable", "module": "cephadm"}]: dispatch
2024-03-12T16:01:08.325 INFO:teuthology.orchestra.run.smithi006.stderr:/usr/bin/ceph:
2024-03-12T16:01:08.319+0000 7f918b4b9700 1 Processor -- start
2024-03-12T16:01:08.326 INFO:teuthology.orchestra.run.smithi006.stderr:/usr/bin/ceph:
2024-03-12T16:01:08.319+0000 7f918b4b9700 1 -- start start
2024-03-12T16:01:08.326 INFO:teuthology.orchestra.run.smithi006.stderr:/usr/bin/ceph:
2024-03-12T16:01:08.319+0000 7f918b4b9700 1 --2- >> [v2:172.21.15.6:3300/0,v1:172.21.15.6:6789/0] conn(0x7f9184071c20 0x7f91840ffc70 unknown :-1 s=NONE pgs=0 cs=0 l=0 rev1=0 rx=0 tx=0).connect
2024-03-12T16:01:08.326 INFO:teuthology.orchestra.run.smithi006.stderr:/usr/bin/ceph:
2024-03-12T16:01:08.319+0000 7f918b4b9700 1 -- --> [v2:172.21.15.6:3300/0,v1:172.21.15.6:6789/0] -- mon_getmap magic: 0 v1 -- 0x7f9184100160 con 0x7f9184071c20
2024-03-12T16:01:08.326 INFO:teuthology.orchestra.run.smithi006.stderr:/usr/bin/ceph:
2024-03-12T16:01:08.320+0000 7f9189255700 1 --2- >> [v2:172.21.15.6:3300/0,v1:172.21.15.6:6789/0] conn(0x7f9184071c20 0x7f91840ffc70 unknown :-1 s=BANNER_CONNECTING pgs=0 cs=0 l=0 rev1=0 rx=0 tx=0)._handle_peer_banner_payload supported=1 required=0
2024-03-12T16:01:08.326 INFO:teuthology.orchestra.run.smithi006.stderr:/usr/bin/ceph:
2024-03-12T16:01:08.320+0000 7f9189255700 1 --2- >> [v2:172.21.15.6:3300/0,v1:172.21.15.6:6789/0] conn(0x7f9184071c20 0x7f91840ffc70 unknown :-1 s=HELLO_CONNECTING pgs=0 cs=0 l=0 rev1=1 rx=0 tx=0).handle_hello peer v2:172.21.15.6:3300/0 says I am v2:172.21.15.6:53394/0 (socket says 172.21.15.6:53394)
2024-03-12T16:01:08.326 INFO:teuthology.orchestra.run.smithi006.stderr:/usr/bin/ceph:
2024-03-12T16:01:08.320+0000 7f9189255700 1 -- 172.21.15.6:0/4207027528 learned_addr learned my addr 172.21.15.6:0/4207027528 (peer_addr_for_me v2:172.21.15.6:0/0)
2024-03-12T16:01:08.326 INFO:teuthology.orchestra.run.smithi006.stderr:/usr/bin/ceph:
2024-03-12T16:01:08.320+0000 7f9189255700 1 -- 172.21.15.6:0/4207027528 --> [v2:172.21.15.6:3300/0,v1:172.21.15.6:6789/0] -- mon_subscribe({config=0+,monmap=0+}) v3 -- 0x7f91841002a0 con 0x7f9184071c20
2024-03-12T16:01:08.326 INFO:teuthology.orchestra.run.smithi006.stderr:/usr/bin/ceph:
2024-03-12T16:01:08.320+0000 7f9189255700 1 --2- 172.21.15.6:0/4207027528 >> [v2:172.21.15.6:3300/0,v1:172.21.15.6:6789/0] conn(0x7f9184071c20 0x7f91840ffc70 secure :-1 s=READY pgs=22 cs=0 l=1 rev1=1 rx=0x7f9180009730 tx=0x7f91800090f0).ready entity=mon.0 client_cookie=e83f42df81857378 server_cookie=0 in_seq=0 out_seq=0
2024-03-12T16:01:08.326 INFO:teuthology.orchestra.run.smithi006.stderr:/usr/bin/ceph:
2024-03-12T16:01:08.320+0000 7f917bfff700 1 -- 172.21.15.6:0/4207027528 <== mon.0 v2:172.21.15.6:3300/0 1 ==== mon_map magic: 0 v1 ==== 229+0+0 (secure 0 0 0) 0x7f918000b770 con 0x7f9184071c20
2024-03-12T16:01:08.326 INFO:teuthology.orchestra.run.smithi006.stderr:/usr/bin/ceph:
2024-03-12T16:01:08.320+0000 7f917bfff700 1 -- 172.21.15.6:0/4207027528 <== mon.0 v2:172.21.15.6:3300/0 2 ==== config(25 keys) v1 ==== 982+0+0 (secure 0 0 0) 0x7f918000bd20 con 0x7f9184071c20
2024-03-12T16:01:08.326 INFO:teuthology.orchestra.run.smithi006.stderr:/usr/bin/ceph:
2024-03-12T16:01:08.320+0000 7f917bfff700 1 -- 172.21.15.6:0/4207027528 <== mon.0 v2:172.21.15.6:3300/0 3 ==== mon_map magic: 0 v1 ==== 229+0+0 (secure 0 0 0) 0x7f9180011cc0 con 0x7f9184071c20
2024-03-12T16:01:08.327 INFO:teuthology.orchestra.run.smithi006.stderr:/usr/bin/ceph:
2024-03-12T16:01:08.321+0000 7f918b4b9700 1 -- 172.21.15.6:0/4207027528 >> [v2:172.21.15.6:3300/0,v1:172.21.15.6:6789/0] conn(0x7f9184071c20 msgr2=0x7f91840ffc70 secure :-1 s=STATE_CONNECTION_ESTABLISHED l=1).mark_down
2024-03-12T16:01:08.327 INFO:teuthology.orchestra.run.smithi006.stderr:/usr/bin/ceph:
2024-03-12T16:01:08.321+0000 7f918b4b9700 1 --2- 172.21.15.6:0/4207027528 >> [v2:172.21.15.6:3300/0,v1:172.21.15.6:6789/0] conn(0x7f9184071c20 0x7f91840ffc70 secure :-1 s=READY pgs=22 cs=0 l=1 rev1=1 rx=0x7f9180009730 tx=0x7f91800090f0).stop
2024-03-12T16:01:08.327 INFO:teuthology.orchestra.run.smithi006.stderr:/usr/bin/ceph:
2024-03-12T16:01:08.321+0000 7f918b4b9700 1 -- 172.21.15.6:0/4207027528 shutdown_connections
2024-03-12T16:01:08.327 INFO:teuthology.orchestra.run.smithi006.stderr:/usr/bin/ceph:
2024-03-12T16:01:08.321+0000 7f918b4b9700 1 --2- 172.21.15.6:0/4207027528 >> [v2:172.21.15.6:3300/0,v1:172.21.15.6:6789/0] conn(0x7f9184071c20 0x7f91840ffc70 unknown :-1 s=CLOSED pgs=22 cs=0 l=1 rev1=1 rx=0 tx=0).stop
2024-03-12T16:01:08.327 INFO:teuthology.orchestra.run.smithi006.stderr:/usr/bin/ceph:
2024-03-12T16:01:08.321+0000 7f918b4b9700 1 -- 172.21.15.6:0/4207027528 >> 172.21.15.6:0/4207027528 conn(0x7f91840f76f0 msgr2=0x7f91840f9b10 unknown :-1 s=STATE_NONE l=0).mark_down
2024-03-12T16:01:08.327 INFO:teuthology.orchestra.run.smithi006.stderr:/usr/bin/ceph:
2024-03-12T16:01:08.321+0000 7f918b4b9700 1 -- 172.21.15.6:0/4207027528 shutdown_connections
2024-03-12T16:01:08.327 INFO:teuthology.orchestra.run.smithi006.stderr:/usr/bin/ceph:
2024-03-12T16:01:08.321+0000 7f918b4b9700 1 -- 172.21.15.6:0/4207027528 wait complete.
2024-03-12T16:01:08.327 INFO:teuthology.orchestra.run.smithi006.stderr:/usr/bin/ceph:
2024-03-12T16:01:08.322+0000 7f918b4b9700 1 Processor -- start
2024-03-12T16:01:08.327 INFO:teuthology.orchestra.run.smithi006.stderr:/usr/bin/ceph:
2024-03-12T16:01:08.322+0000 7f918b4b9700 1 -- start start
2024-03-12T16:01:08.327 INFO:teuthology.orchestra.run.smithi006.stderr:/usr/bin/ceph:
2024-03-12T16:01:08.322+0000 7f918b4b9700 1 --2- >> [v2:172.21.15.6:3300/0,v1:172.21.15.6:6789/0] conn(0x7f9184071c20 0x7f91840fd6f0 unknown :-1 s=NONE pgs=0 cs=0 l=1 rev1=0 rx=0 tx=0).connect
2024-03-12T16:01:08.327 INFO:teuthology.orchestra.run.smithi006.stderr:/usr/bin/ceph:
2024-03-12T16:01:08.322+0000 7f918b4b9700 1 -- --> [v2:172.21.15.6:3300/0,v1:172.21.15.6:6789/0] -- mon_getmap magic: 0 v1 -- 0x7f91840fbb70 con 0x7f9184071c20
2024-03-12T16:01:08.327 INFO:teuthology.orchestra.run.smithi006.stderr:/usr/bin/ceph:
2024-03-12T16:01:08.322+0000 7f9189255700 1 --2- >> [v2:172.21.15.6:3300/0,v1:172.21.15.6:6789/0] conn(0x7f9184071c20 0x7f91840fd6f0 unknown :-1 s=BANNER_CONNECTING pgs=0 cs=0 l=1 rev1=0 rx=0 tx=0)._handle_peer_banner_payload supported=1 required=0
2024-03-12T16:01:08.327 INFO:teuthology.orchestra.run.smithi006.stderr:/usr/bin/ceph:
2024-03-12T16:01:08.322+0000 7f9189255700 1 --2- >> [v2:172.21.15.6:3300/0,v1:172.21.15.6:6789/0] conn(0x7f9184071c20 0x7f91840fd6f0 unknown :-1 s=HELLO_CONNECTING pgs=0 cs=0 l=1 rev1=1 rx=0 tx=0).handle_hello peer v2:172.21.15.6:3300/0 says I am v2:172.21.15.6:53402/0 (socket says 172.21.15.6:53402)
2024-03-12T16:01:08.327 INFO:teuthology.orchestra.run.smithi006.stderr:/usr/bin/ceph:
2024-03-12T16:01:08.322+0000 7f9189255700 1 -- 172.21.15.6:0/2038107547 learned_addr learned my addr 172.21.15.6:0/2038107547 (peer_addr_for_me v2:172.21.15.6:0/0)
2024-03-12T16:01:08.328 INFO:teuthology.orchestra.run.smithi006.stderr:/usr/bin/ceph:
2024-03-12T16:01:08.322+0000 7f9189255700 1 -- 172.21.15.6:0/2038107547 --> [v2:172.21.15.6:3300/0,v1:172.21.15.6:6789/0] -- mon_subscribe({config=0+,monmap=0+}) v3 -- 0x7f9180009370 con 0x7f9184071c20
2024-03-12T16:01:08.328 INFO:teuthology.orchestra.run.smithi006.stderr:/usr/bin/ceph:
2024-03-12T16:01:08.322+0000 7f9189255700 1 --2- 172.21.15.6:0/2038107547 >> [v2:172.21.15.6:3300/0,v1:172.21.15.6:6789/0] conn(0x7f9184071c20 0x7f91840fd6f0 secure :-1 s=READY pgs=23 cs=0 l=1 rev1=1 rx=0x7f9180011630 tx=0x7f91800090f0).ready entity=mon.0 client_cookie=0 server_cookie=0 in_seq=0 out_seq=0
2024-03-12T16:01:08.328 INFO:teuthology.orchestra.run.smithi006.stderr:/usr/bin/ceph:
2024-03-12T16:01:08.323+0000 7f917a7fc700 1 -- 172.21.15.6:0/2038107547 <== mon.0 v2:172.21.15.6:3300/0 1 ==== mon_map magic: 0 v1 ==== 229+0+0 (secure 0 0 0) 0x7f9180011400 con 0x7f9184071c20
2024-03-12T16:01:08.328 INFO:teuthology.orchestra.run.smithi006.stderr:/usr/bin/ceph:
2024-03-12T16:01:08.323+0000 7f918b4b9700 1 -- 172.21.15.6:0/2038107547 --> [v2:172.21.15.6:3300/0,v1:172.21.15.6:6789/0] -- mon_subscribe({mgrmap=0+}) v3 -- 0x7f91840fbd10 con 0x7f9184071c20
2024-03-12T16:01:08.328 INFO:teuthology.orchestra.run.smithi006.stderr:/usr/bin/ceph:
2024-03-12T16:01:08.323+0000 7f917a7fc700 1 -- 172.21.15.6:0/2038107547 <== mon.0 v2:172.21.15.6:3300/0 2 ==== config(25 keys) v1 ==== 982+0+0 (secure 0 0 0) 0x7f9180010e70 con 0x7f9184071c20
2024-03-12T16:01:08.328 INFO:teuthology.orchestra.run.smithi006.stderr:/usr/bin/ceph:
2024-03-12T16:01:08.323+0000 7f917a7fc700 1 -- 172.21.15.6:0/2038107547 <== mon.0 v2:172.21.15.6:3300/0 3 ==== mon_map magic: 0 v1 ==== 229+0+0 (secure 0 0 0) 0x7f918001ab90 con 0x7f9184071c20
2024-03-12T16:01:08.328 INFO:teuthology.orchestra.run.smithi006.stderr:/usr/bin/ceph:
2024-03-12T16:01:08.323+0000 7f918b4b9700 1 -- 172.21.15.6:0/2038107547 --> [v2:172.21.15.6:3300/0,v1:172.21.15.6:6789/0] -- mon_subscribe({osdmap=0}) v3 -- 0x7f91840fc120 con 0x7f9184071c20
2024-03-12T16:01:08.329 INFO:teuthology.orchestra.run.smithi006.stderr:/usr/bin/ceph:
2024-03-12T16:01:08.324+0000 7f918b4b9700 1 -- 172.21.15.6:0/2038107547 --> [v2:172.21.15.6:3300/0,v1:172.21.15.6:6789/0] -- mon_command({"prefix": "get_command_descriptions"} v 0) v1 -- 0x7f9184046ce0 con 0x7f9184071c20
2024-03-12T16:01:08.329 INFO:teuthology.orchestra.run.smithi006.stderr:/usr/bin/ceph:
2024-03-12T16:01:08.324+0000 7f917a7fc700 1 -- 172.21.15.6:0/2038107547 <== mon.0 v2:172.21.15.6:3300/0 4 ==== mgrmap(e 5) v1 ==== 38632+0+0 (secure 0 0 0) 0x7f918001a400 con 0x7f9184071c20
2024-03-12T16:01:08.329 INFO:teuthology.orchestra.run.smithi006.stderr:/usr/bin/ceph:
2024-03-12T16:01:08.324+0000 7f917a7fc700 1 --2- 172.21.15.6:0/2038107547 >> [v2:172.21.15.6:6800/860696411,v1:172.21.15.6:6801/860696411] conn(0x7f91700325e0 0x7f9170034aa0 unknown :-1 s=NONE pgs=0 cs=0 l=1 rev1=0 rx=0 tx=0).connect
2024-03-12T16:01:08.329 INFO:teuthology.orchestra.run.smithi006.stderr:/usr/bin/ceph:
2024-03-12T16:01:08.324+0000 7f917a7fc700 1 -- 172.21.15.6:0/2038107547 <== mon.0 v2:172.21.15.6:3300/0 5 ==== osd_map(1..1 src has 1..1) v4 ==== 721+0+0 (secure 0 0 0) 0x7f91800447a0 con 0x7f9184071c20
2024-03-12T16:01:08.329 INFO:teuthology.orchestra.run.smithi006.stderr:/usr/bin/ceph:
2024-03-12T16:01:08.324+0000 7f9188a54700 1 -- 172.21.15.6:0/2038107547 >> [v2:172.21.15.6:6800/860696411,v1:172.21.15.6:6801/860696411] conn(0x7f91700325e0 msgr2=0x7f9170034aa0 unknown :-1 s=STATE_CONNECTING_RE l=1).process reconnect failed to v2:172.21.15.6:6800/860696411
2024-03-12T16:01:08.329 INFO:teuthology.orchestra.run.smithi006.stderr:/usr/bin/ceph:
2024-03-12T16:01:08.325+0000 7f9188a54700 1 --2- 172.21.15.6:0/2038107547 >> [v2:172.21.15.6:6800/860696411,v1:172.21.15.6:6801/860696411] conn(0x7f91700325e0 0x7f9170034aa0 unknown :-1 s=START_CONNECT pgs=0 cs=0 l=1 rev1=0 rx=0 tx=0)._fault waiting 0.200000
2024-03-12T16:01:08.331 INFO:teuthology.orchestra.run.smithi006.stderr:/usr/bin/ceph:
2024-03-12T16:01:08.329+0000 7f917a7fc700 1 -- 172.21.15.6:0/2038107547 <== mon.0 v2:172.21.15.6:3300/0 6 ==== mon_command_ack([{"prefix": "get_command_descriptions"}]=0 v0) v1 ==== 72+0+163658 (secure 0 0 0) 0x7f918001a6b0 con 0x7f9184071c20
2024-03-12T16:01:08.457 INFO:journalctl@ceph.mon.smithi006.smithi006.stdout:Mar 12 16:01:08 smithi006 ceph-88d7ee42-e089-11ee-95c8-87774f69a715-mon-smithi006[39682]: audit
2024-03-12T16:01:07.103815+0000 mon.smithi006 (mon.0) 27 : audit [INF] from='client.? 172.21.15.6:0/2816765395' entity='client.admin' cmd='[{"prefix": "mgr module enable", "module": "cephadm"}]': finished
2024-03-12T16:01:08.457 INFO:journalctl@ceph.mon.smithi006.smithi006.stdout:Mar 12 16:01:08 smithi006 ceph-88d7ee42-e089-11ee-95c8-87774f69a715-mon-smithi006[39682]: cluster
2024-03-12T16:01:07.103870+0000 mon.smithi006 (mon.0) 28 : cluster [DBG] mgrmap e5: smithi006.kskdce(active, since 10s)
2024-03-12T16:01:08.528 INFO:teuthology.orchestra.run.smithi006.stderr:/usr/bin/ceph:
2024-03-12T16:01:08.526+0000 7f9188a54700 1 -- 172.21.15.6:0/2038107547 >> [v2:172.21.15.6:6800/860696411,v1:172.21.15.6:6801/860696411] conn(0x7f91700325e0 msgr2=0x7f9170034aa0 unknown :-1 s=STATE_CONNECTING_RE l=1).process reconnect failed to v2:172.21.15.6:6800/860696411
2024-03-12T16:01:08.529 INFO:teuthology.orchestra.run.smithi006.stderr:/usr/bin/ceph:
2024-03-12T16:01:08.526+0000 7f9188a54700 1 --2- 172.21.15.6:0/2038107547 >> [v2:172.21.15.6:6800/860696411,v1:172.21.15.6:6801/860696411] conn(0x7f91700325e0 0x7f9170034aa0 unknown :-1 s=START_CONNECT pgs=0 cs=0 l=1 rev1=0 rx=0 tx=0)._fault waiting 0.400000
2024-03-12T16:01:08.595 INFO:teuthology.orchestra.run.smithi006.stderr:/usr/bin/ceph:
2024-03-12T16:01:08.591+0000 7f918b4b9700 1 -- 172.21.15.6:0/2038107547 --> [v2:172.21.15.6:3300/0,v1:172.21.15.6:6789/0] -- mon_command({"prefix": "mgr stat"} v 0) v1 -- 0x7f9184111de0 con 0x7f9184071c20
2024-03-12T16:01:08.595 INFO:teuthology.orchestra.run.smithi006.stderr:/usr/bin/ceph:
2024-03-12T16:01:08.592+0000 7f917a7fc700 1 -- 172.21.15.6:0/2038107547 <== mon.0 v2:172.21.15.6:3300/0 7 ==== mon_command_ack([{"prefix": "mgr stat"}]=0 v5) v1 ==== 56+0+103 (secure 0 0 0) 0x7f918001e020 con 0x7f9184071c20
2024-03-12T16:01:08.595 INFO:teuthology.orchestra.run.smithi006.stderr:/usr/bin/ceph: {
2024-03-12T16:01:08.595 INFO:teuthology.orchestra.run.smithi006.stderr:/usr/bin/ceph: "epoch": 5,
2024-03-12T16:01:08.595 INFO:teuthology.orchestra.run.smithi006.stderr:/usr/bin/ceph: "available": true,
2024-03-12T16:01:08.595 INFO:teuthology.orchestra.run.smithi006.stderr:/usr/bin/ceph: "active_name": "smithi006.kskdce",
2024-03-12T16:01:08.595 INFO:teuthology.orchestra.run.smithi006.stderr:/usr/bin/ceph: "num_standby": 0
2024-03-12T16:01:08.595 INFO:teuthology.orchestra.run.smithi006.stderr:/usr/bin/ceph: }
2024-03-12T16:01:08.597 INFO:teuthology.orchestra.run.smithi006.stderr:/usr/bin/ceph:
2024-03-12T16:01:08.593+0000 7f918b4b9700 1 -- 172.21.15.6:0/2038107547 >> [v2:172.21.15.6:6800/860696411,v1:172.21.15.6:6801/860696411] conn(0x7f91700325e0 msgr2=0x7f9170034aa0 unknown :-1 s=STATE_CONNECTING l=1).mark_down
2024-03-12T16:01:08.597 INFO:teuthology.orchestra.run.smithi006.stderr:/usr/bin/ceph:
2024-03-12T16:01:08.593+0000 7f918b4b9700 1 --2- 172.21.15.6:0/2038107547 >> [v2:172.21.15.6:6800/860696411,v1:172.21.15.6:6801/860696411] conn(0x7f91700325e0 0x7f9170034aa0 unknown :-1 s=START_CONNECT pgs=0 cs=0 l=1 rev1=0 rx=0 tx=0).stop
2024-03-12T16:01:08.597 INFO:teuthology.orchestra.run.smithi006.stderr:/usr/bin/ceph:
2024-03-12T16:01:08.593+0000 7f918b4b9700 1 -- 172.21.15.6:0/2038107547 >> [v2:172.21.15.6:3300/0,v1:172.21.15.6:6789/0] conn(0x7f9184071c20 msgr2=0x7f91840fd6f0 secure :-1 s=STATE_CONNECTION_ESTABLISHED l=1).mark_down
2024-03-12T16:01:08.597 INFO:teuthology.orchestra.run.smithi006.stderr:/usr/bin/ceph:
2024-03-12T16:01:08.593+0000 7f918b4b9700 1 --2- 172.21.15.6:0/2038107547 >> [v2:172.21.15.6:3300/0,v1:172.21.15.6:6789/0] conn(0x7f9184071c20 0x7f91840fd6f0 secure :-1 s=READY pgs=23 cs=0 l=1 rev1=1 rx=0x7f9180011630 tx=0x7f91800090f0).stop
2024-03-12T16:01:08.597 INFO:teuthology.orchestra.run.smithi006.stderr:/usr/bin/ceph:
2024-03-12T16:01:08.594+0000 7f918b4b9700 1 -- 172.21.15.6:0/2038107547 shutdown_connections
2024-03-12T16:01:08.597 INFO:teuthology.orchestra.run.smithi006.stderr:/usr/bin/ceph:
2024-03-12T16:01:08.594+0000 7f918b4b9700 1 --2- 172.21.15.6:0/2038107547 >> [v2:172.21.15.6:6800/860696411,v1:172.21.15.6:6801/860696411] conn(0x7f91700325e0 0x7f9170034aa0 unknown :-1 s=CLOSED pgs=0 cs=0 l=1 rev1=0 rx=0 tx=0).stop
2024-03-12T16:01:08.597 INFO:teuthology.orchestra.run.smithi006.stderr:/usr/bin/ceph:
2024-03-12T16:01:08.594+0000 7f918b4b9700 1 --2- 172.21.15.6:0/2038107547 >> [v2:172.21.15.6:3300/0,v1:172.21.15.6:6789/0] conn(0x7f9184071c20 0x7f91840fd6f0 unknown :-1 s=CLOSED pgs=23 cs=0 l=1 rev1=1 rx=0 tx=0).stop
2024-03-12T16:01:08.597 INFO:teuthology.orchestra.run.smithi006.stderr:/usr/bin/ceph:
2024-03-12T16:01:08.594+0000 7f918b4b9700 1 -- 172.21.15.6:0/2038107547 >> 172.21.15.6:0/2038107547 conn(0x7f91840f76f0 msgr2=0x7f91840f9120 unknown :-1 s=STATE_NONE l=0).mark_down
2024-03-12T16:01:08.597 INFO:teuthology.orchestra.run.smithi006.stderr:/usr/bin/ceph:
2024-03-12T16:01:08.594+0000 7f918b4b9700 1 -- 172.21.15.6:0/2038107547 shutdown_connections
2024-03-12T16:01:08.597 INFO:teuthology.orchestra.run.smithi006.stderr:/usr/bin/ceph:
2024-03-12T16:01:08.594+0000 7f918b4b9700 1 -- 172.21.15.6:0/2038107547 wait complete.
2024-03-12T16:01:09.193 INFO:teuthology.orchestra.run.smithi006.stderr:Waiting for the mgr to restart...
2024-03-12T16:01:09.193 INFO:teuthology.orchestra.run.smithi006.stderr:Waiting for mgr epoch 5...
2024-03-12T16:01:09.359 INFO:journalctl@ceph.mon.smithi006.smithi006.stdout:Mar 12 16:01:09 smithi006 ceph-88d7ee42-e089-11ee-95c8-87774f69a715-mon-smithi006[39682]: audit
2024-03-12T16:01:08.593328+0000 mon.smithi006 (mon.0) 29 : audit [DBG] from='client.? 172.21.15.6:0/2038107547' entity='client.admin' cmd=[{"prefix": "mgr stat"}]: dispatch
2024-03-12T16:01:09.691 INFO:teuthology.orchestra.run.smithi006.stderr:/usr/bin/ceph:
2024-03-12T16:01:09.687+0000 7fbdf2dfd700 1 Processor -- start
2024-03-12T16:01:09.691 INFO:teuthology.orchestra.run.smithi006.stderr:/usr/bin/ceph:
2024-03-12T16:01:09.687+0000 7fbdf2dfd700 1 -- start start
2024-03-12T16:01:09.691 INFO:teuthology.orchestra.run.smithi006.stderr:/usr/bin/ceph:
2024-03-12T16:01:09.688+0000 7fbdf2dfd700 1 --2- >> [v2:172.21.15.6:3300/0,v1:172.21.15.6:6789/0] conn(0x7fbdec071c20 0x7fbdec0ffc70 unknown :-1 s=NONE pgs=0 cs=0 l=0 rev1=0 rx=0 tx=0).connect
2024-03-12T16:01:09.691 INFO:teuthology.orchestra.run.smithi006.stderr:/usr/bin/ceph:
2024-03-12T16:01:09.688+0000 7fbdf2dfd700 1 -- --> [v2:172.21.15.6:3300/0,v1:172.21.15.6:6789/0] -- mon_getmap magic: 0 v1 -- 0x7fbdec100160 con 0x7fbdec071c20
2024-03-12T16:01:09.691 INFO:teuthology.orchestra.run.smithi006.stderr:/usr/bin/ceph:
2024-03-12T16:01:09.688+0000 7fbdf0b99700 1 --2- >> [v2:172.21.15.6:3300/0,v1:172.21.15.6:6789/0] conn(0x7fbdec071c20 0x7fbdec0ffc70 unknown :-1 s=BANNER_CONNECTING pgs=0 cs=0 l=0 rev1=0 rx=0 tx=0)._handle_peer_banner_payload supported=1 required=0
2024-03-12T16:01:09.691 INFO:teuthology.orchestra.run.smithi006.stderr:/usr/bin/ceph:
2024-03-12T16:01:09.688+0000 7fbdf0b99700 1 --2- >> [v2:172.21.15.6:3300/0,v1:172.21.15.6:6789/0] conn(0x7fbdec071c20 0x7fbdec0ffc70 unknown :-1 s=HELLO_CONNECTING pgs=0 cs=0 l=0 rev1=1 rx=0 tx=0).handle_hello peer v2:172.21.15.6:3300/0 says I am v2:172.21.15.6:53410/0 (socket says 172.21.15.6:53410)
2024-03-12T16:01:09.691 INFO:teuthology.orchestra.run.smithi006.stderr:/usr/bin/ceph:
2024-03-12T16:01:09.688+0000 7fbdf0b99700 1 -- 172.21.15.6:0/1740868882 learned_addr learned my addr 172.21.15.6:0/1740868882 (peer_addr_for_me v2:172.21.15.6:0/0)
2024-03-12T16:01:09.696 INFO:teuthology.orchestra.run.smithi006.stderr:/usr/bin/ceph:
2024-03-12T16:01:09.688+0000 7fbdf0b99700 1 -- 172.21.15.6:0/1740868882 --> [v2:172.21.15.6:3300/0,v1:172.21.15.6:6789/0] -- mon_subscribe({config=0+,monmap=0+}) v3 -- 0x7fbdec1002a0 con 0x7fbdec071c20
2024-03-12T16:01:09.696 INFO:teuthology.orchestra.run.smithi006.stderr:/usr/bin/ceph:
2024-03-12T16:01:09.688+0000 7fbdf0b99700 1 --2- 172.21.15.6:0/1740868882 >> [v2:172.21.15.6:3300/0,v1:172.21.15.6:6789/0] conn(0x7fbdec071c20 0x7fbdec0ffc70 secure :-1 s=READY pgs=24 cs=0 l=1 rev1=1 rx=0x7fbde0009730 tx=0x7fbde00090f0).ready entity=mon.0 client_cookie=27785eff01689e7f server_cookie=0 in_seq=0 out_seq=0
2024-03-12T16:01:09.696 INFO:teuthology.orchestra.run.smithi006.stderr:/usr/bin/ceph:
2024-03-12T16:01:09.688+0000 7fbdeb7fe700 1 -- 172.21.15.6:0/1740868882 <== mon.0 v2:172.21.15.6:3300/0 1 ==== mon_map magic: 0 v1 ==== 229+0+0 (secure 0 0 0) 0x7fbde000b770 con 0x7fbdec071c20
2024-03-12T16:01:09.696 INFO:teuthology.orchestra.run.smithi006.stderr:/usr/bin/ceph:
2024-03-12T16:01:09.688+0000 7fbdeb7fe700 1 -- 172.21.15.6:0/1740868882 <== mon.0 v2:172.21.15.6:3300/0 2 ==== config(25 keys) v1 ==== 982+0+0 (secure 0 0 0) 0x7fbde000bd20 con 0x7fbdec071c20
2024-03-12T16:01:09.696 INFO:teuthology.orchestra.run.smithi006.stderr:/usr/bin/ceph:
2024-03-12T16:01:09.688+0000 7fbdeb7fe700 1 -- 172.21.15.6:0/1740868882 <== mon.0 v2:172.21.15.6:3300/0 3 ==== mon_map magic: 0 v1 ==== 229+0+0 (secure 0 0 0) 0x7fbde0011cc0 con 0x7fbdec071c20
2024-03-12T16:01:09.696 INFO:teuthology.orchestra.run.smithi006.stderr:/usr/bin/ceph:
2024-03-12T16:01:09.689+0000 7fbdf2dfd700 1 -- 172.21.15.6:0/1740868882 >> [v2:172.21.15.6:3300/0,v1:172.21.15.6:6789/0] conn(0x7fbdec071c20 msgr2=0x7fbdec0ffc70 secure :-1 s=STATE_CONNECTION_ESTABLISHED l=1).mark_down
2024-03-12T16:01:09.696 INFO:teuthology.orchestra.run.smithi006.stderr:/usr/bin/ceph:
2024-03-12T16:01:09.689+0000 7fbdf2dfd700 1 --2- 172.21.15.6:0/1740868882 >> [v2:172.21.15.6:3300/0,v1:172.21.15.6:6789/0] conn(0x7fbdec071c20 0x7fbdec0ffc70 secure :-1 s=READY pgs=24 cs=0 l=1 rev1=1 rx=0x7fbde0009730 tx=0x7fbde00090f0).stop
2024-03-12T16:01:09.696 INFO:teuthology.orchestra.run.smithi006.stderr:/usr/bin/ceph:
2024-03-12T16:01:09.689+0000 7fbdf2dfd700 1 -- 172.21.15.6:0/1740868882 shutdown_connections
2024-03-12T16:01:09.696 INFO:teuthology.orchestra.run.smithi006.stderr:/usr/bin/ceph:
2024-03-12T16:01:09.689+0000 7fbdf2dfd700 1 --2- 172.21.15.6:0/1740868882 >> [v2:172.21.15.6:3300/0,v1:172.21.15.6:6789/0] conn(0x7fbdec071c20 0x7fbdec0ffc70 unknown :-1 s=CLOSED pgs=24 cs=0 l=1 rev1=1 rx=0 tx=0).stop
2024-03-12T16:01:09.696 INFO:teuthology.orchestra.run.smithi006.stderr:/usr/bin/ceph:
2024-03-12T16:01:09.689+0000 7fbdf2dfd700 1 -- 172.21.15.6:0/1740868882 >> 172.21.15.6:0/1740868882 conn(0x7fbdec0f76f0 msgr2=0x7fbdec0f9b10 unknown :-1 s=STATE_NONE l=0).mark_down
2024-03-12T16:01:09.696 INFO:teuthology.orchestra.run.smithi006.stderr:/usr/bin/ceph:
2024-03-12T16:01:09.689+0000 7fbdf2dfd700 1 -- 172.21.15.6:0/1740868882 shutdown_connections
2024-03-12T16:01:09.696 INFO:teuthology.orchestra.run.smithi006.stderr:/usr/bin/ceph:
2024-03-12T16:01:09.689+0000 7fbdf2dfd700 1 -- 172.21.15.6:0/1740868882 wait complete.
2024-03-12T16:01:09.696 INFO:teuthology.orchestra.run.smithi006.stderr:/usr/bin/ceph:
2024-03-12T16:01:09.690+0000 7fbdf2dfd700 1 Processor -- start
2024-03-12T16:01:09.697 INFO:teuthology.orchestra.run.smithi006.stderr:/usr/bin/ceph:
2024-03-12T16:01:09.690+0000 7fbdf2dfd700 1 -- start start
2024-03-12T16:01:09.697 INFO:teuthology.orchestra.run.smithi006.stderr:/usr/bin/ceph:
2024-03-12T16:01:09.690+0000 7fbdf2dfd700 1 --2- >> [v2:172.21.15.6:3300/0,v1:172.21.15.6:6789/0] conn(0x7fbdec071c20 0x7fbdec0fd6f0 unknown :-1 s=NONE pgs=0 cs=0 l=1 rev1=0 rx=0 tx=0).connect
2024-03-12T16:01:09.697 INFO:teuthology.orchestra.run.smithi006.stderr:/usr/bin/ceph:
2024-03-12T16:01:09.690+0000 7fbdf2dfd700 1 -- --> [v2:172.21.15.6:3300/0,v1:172.21.15.6:6789/0] -- mon_getmap magic: 0 v1 -- 0x7fbdec0fbb70 con 0x7fbdec071c20
2024-03-12T16:01:09.697 INFO:teuthology.orchestra.run.smithi006.stderr:/usr/bin/ceph:
2024-03-12T16:01:09.690+0000 7fbdf0b99700 1 --2- >> [v2:172.21.15.6:3300/0,v1:172.21.15.6:6789/0] conn(0x7fbdec071c20 0x7fbdec0fd6f0 unknown :-1 s=BANNER_CONNECTING pgs=0 cs=0 l=1 rev1=0 rx=0 tx=0)._handle_peer_banner_payload supported=1 required=0
2024-03-12T16:01:09.697 INFO:teuthology.orchestra.run.smithi006.stderr:/usr/bin/ceph:
2024-03-12T16:01:09.690+0000 7fbdf0b99700 1 --2- >> [v2:172.21.15.6:3300/0,v1:172.21.15.6:6789/0] conn(0x7fbdec071c20 0x7fbdec0fd6f0 unknown :-1 s=HELLO_CONNECTING pgs=0 cs=0 l=1 rev1=1 rx=0 tx=0).handle_hello peer v2:172.21.15.6:3300/0 says I am v2:172.21.15.6:53424/0 (socket says 172.21.15.6:53424)
2024-03-12T16:01:09.697 INFO:teuthology.orchestra.run.smithi006.stderr:/usr/bin/ceph:
2024-03-12T16:01:09.690+0000 7fbdf0b99700 1 -- 172.21.15.6:0/4234207772 learned_addr learned my addr 172.21.15.6:0/4234207772 (peer_addr_for_me v2:172.21.15.6:0/0)
2024-03-12T16:01:09.697 INFO:teuthology.orchestra.run.smithi006.stderr:/usr/bin/ceph:
2024-03-12T16:01:09.690+0000 7fbdf0b99700 1 -- 172.21.15.6:0/4234207772 --> [v2:172.21.15.6:3300/0,v1:172.21.15.6:6789/0] -- mon_subscribe({config=0+,monmap=0+}) v3 -- 0x7fbde0009370 con 0x7fbdec071c20
2024-03-12T16:01:09.697 INFO:teuthology.orchestra.run.smithi006.stderr:/usr/bin/ceph:
2024-03-12T16:01:09.691+0000 7fbdf0b99700 1 --2- 172.21.15.6:0/4234207772 >> [v2:172.21.15.6:3300/0,v1:172.21.15.6:6789/0] conn(0x7fbdec071c20 0x7fbdec0fd6f0 secure :-1 s=READY pgs=25 cs=0 l=1 rev1=1 rx=0x7fbde0011630 tx=0x7fbde00090f0).ready entity=mon.0 client_cookie=0 server_cookie=0 in_seq=0 out_seq=0
2024-03-12T16:01:09.697 INFO:teuthology.orchestra.run.smithi006.stderr:/usr/bin/ceph:
2024-03-12T16:01:09.691+0000 7fbde9ffb700 1 -- 172.21.15.6:0/4234207772 <== mon.0 v2:172.21.15.6:3300/0 1 ==== mon_map magic: 0 v1 ==== 229+0+0 (secure 0 0 0) 0x7fbde0011ae0 con 0x7fbdec071c20
2024-03-12T16:01:09.698 INFO:teuthology.orchestra.run.smithi006.stderr:/usr/bin/ceph:
2024-03-12T16:01:09.691+0000 7fbde9ffb700 1 -- 172.21.15.6:0/4234207772 <== mon.0 v2:172.21.15.6:3300/0 2 ==== config(25 keys) v1 ==== 982+0+0 (secure 0 0 0) 0x7fbde000be90 con 0x7fbdec071c20
2024-03-12T16:01:09.698 INFO:teuthology.orchestra.run.smithi006.stderr:/usr/bin/ceph:
2024-03-12T16:01:09.691+0000 7fbdf2dfd700 1 -- 172.21.15.6:0/4234207772 --> [v2:172.21.15.6:3300/0,v1:172.21.15.6:6789/0] -- mon_subscribe({mgrmap=0+}) v3 -- 0x7fbdec0fbd10 con 0x7fbdec071c20
2024-03-12T16:01:09.698 INFO:teuthology.orchestra.run.smithi006.stderr:/usr/bin/ceph:
2024-03-12T16:01:09.691+0000 7fbde9ffb700 1 -- 172.21.15.6:0/4234207772 <== mon.0 v2:172.21.15.6:3300/0 3 ==== mon_map magic: 0 v1 ==== 229+0+0 (secure 0 0 0) 0x7fbde001aaf0 con 0x7fbdec071c20
2024-03-12T16:01:09.698 INFO:teuthology.orchestra.run.smithi006.stderr:/usr/bin/ceph:
2024-03-12T16:01:09.691+0000 7fbdf2dfd700 1 -- 172.21.15.6:0/4234207772 --> [v2:172.21.15.6:3300/0,v1:172.21.15.6:6789/0] -- mon_subscribe({osdmap=0}) v3 -- 0x7fbdec0fc120 con 0x7fbdec071c20
2024-03-12T16:01:09.698 INFO:teuthology.orchestra.run.smithi006.stderr:/usr/bin/ceph:
2024-03-12T16:01:09.692+0000 7fbde9ffb700 1 -- 172.21.15.6:0/4234207772 <== mon.0 v2:172.21.15.6:3300/0 4 ==== mgrmap(e 5) v1 ==== 38632+0+0 (secure 0 0 0) 0x7fbde0023400 con 0x7fbdec071c20
2024-03-12T16:01:09.698 INFO:teuthology.orchestra.run.smithi006.stderr:/usr/bin/ceph:
2024-03-12T16:01:09.692+0000 7fbde9ffb700 1 --2- 172.21.15.6:0/4234207772 >> [v2:172.21.15.6:6800/860696411,v1:172.21.15.6:6801/860696411] conn(0x7fbddc032610 0x7fbddc034ad0 unknown :-1 s=NONE pgs=0 cs=0 l=1 rev1=0 rx=0 tx=0).connect
2024-03-12T16:01:09.698 INFO:teuthology.orchestra.run.smithi006.stderr:/usr/bin/ceph:
2024-03-12T16:01:09.692+0000 7fbde9ffb700 1 -- 172.21.15.6:0/4234207772 --> [v2:172.21.15.6:6800/860696411,v1:172.21.15.6:6801/860696411] -- command(tid 0: {"prefix": "get_command_descriptions"}) v1 -- 0x7fbddc035190 con 0x7fbddc032610
2024-03-12T16:01:09.698 INFO:teuthology.orchestra.run.smithi006.stderr:/usr/bin/ceph:
2024-03-12T16:01:09.692+0000 7fbde9ffb700 1 -- 172.21.15.6:0/4234207772 <== mon.0 v2:172.21.15.6:3300/0 5 ==== osd_map(1..1 src has 1..1) v4 ==== 721+0+0 (secure 0 0 0) 0x7fbde0044ba0 con 0x7fbdec071c20
2024-03-12T16:01:09.698 INFO:teuthology.orchestra.run.smithi006.stderr:/usr/bin/ceph:
2024-03-12T16:01:09.692+0000 7fbdebfff700 1 -- 172.21.15.6:0/4234207772 >> [v2:172.21.15.6:6800/860696411,v1:172.21.15.6:6801/860696411] conn(0x7fbddc032610 msgr2=0x7fbddc034ad0 unknown :-1 s=STATE_CONNECTING_RE l=1).process reconnect failed to v2:172.21.15.6:6800/860696411
2024-03-12T16:01:09.698 INFO:teuthology.orchestra.run.smithi006.stderr:/usr/bin/ceph:
2024-03-12T16:01:09.692+0000 7fbdebfff700 1 --2- 172.21.15.6:0/4234207772 >> [v2:172.21.15.6:6800/860696411,v1:172.21.15.6:6801/860696411] conn(0x7fbddc032610 0x7fbddc034ad0 unknown :-1 s=START_CONNECT pgs=0 cs=0 l=1 rev1=0 rx=0 tx=0)._fault waiting 0.200000
2024-03-12T16:01:09.895 INFO:teuthology.orchestra.run.smithi006.stderr:/usr/bin/ceph:
2024-03-12T16:01:09.893+0000 7fbdebfff700 1 -- 172.21.15.6:0/4234207772 >> [v2:172.21.15.6:6800/860696411,v1:172.21.15.6:6801/860696411] conn(0x7fbddc032610 msgr2=0x7fbddc034ad0 unknown :-1 s=STATE_CONNECTING_RE l=1).process reconnect failed to v2:172.21.15.6:6800/860696411
2024-03-12T16:01:09.895 INFO:teuthology.orchestra.run.smithi006.stderr:/usr/bin/ceph:
2024-03-12T16:01:09.893+0000 7fbdebfff700 1 --2- 172.21.15.6:0/4234207772 >> [v2:172.21.15.6:6800/860696411,v1:172.21.15.6:6801/860696411] conn(0x7fbddc032610 0x7fbddc034ad0 unknown :-1 s=START_CONNECT pgs=0 cs=0 l=1 rev1=0 rx=0 tx=0)._fault waiting 0.400000
2024-03-12T16:01:10.296 INFO:teuthology.orchestra.run.smithi006.stderr:/usr/bin/ceph:
2024-03-12T16:01:10.294+0000 7fbdebfff700 1 -- 172.21.15.6:0/4234207772 >> [v2:172.21.15.6:6800/860696411,v1:172.21.15.6:6801/860696411] conn(0x7fbddc032610 msgr2=0x7fbddc034ad0 unknown :-1 s=STATE_CONNECTING_RE l=1).process reconnect failed to v2:172.21.15.6:6800/860696411
2024-03-12T16:01:10.296 INFO:teuthology.orchestra.run.smithi006.stderr:/usr/bin/ceph:
2024-03-12T16:01:10.294+0000 7fbdebfff700 1 --2- 172.21.15.6:0/4234207772 >> [v2:172.21.15.6:6800/860696411,v1:172.21.15.6:6801/860696411] conn(0x7fbddc032610 0x7fbddc034ad0 unknown :-1 s=START_CONNECT pgs=0 cs=0 l=1 rev1=0 rx=0 tx=0)._fault waiting 0.800000
2024-03-12T16:01:11.097 INFO:teuthology.orchestra.run.smithi006.stderr:/usr/bin/ceph:
2024-03-12T16:01:11.095+0000 7fbdebfff700 1 -- 172.21.15.6:0/4234207772 >> [v2:172.21.15.6:6800/860696411,v1:172.21.15.6:6801/860696411] conn(0x7fbddc032610 msgr2=0x7fbddc034ad0 unknown :-1 s=STATE_CONNECTING_RE l=1).process reconnect failed to v2:172.21.15.6:6800/860696411
2024-03-12T16:01:11.098 INFO:teuthology.orchestra.run.smithi006.stderr:/usr/bin/ceph:
2024-03-12T16:01:11.095+0000 7fbdebfff700 1 --2- 172.21.15.6:0/4234207772 >> [v2:172.21.15.6:6800/860696411,v1:172.21.15.6:6801/860696411] conn(0x7fbddc032610 0x7fbddc034ad0 unknown :-1 s=START_CONNECT pgs=0 cs=0 l=1 rev1=0 rx=0 tx=0)._fault waiting 1.600000
2024-03-12T16:01:12.698 INFO:teuthology.orchestra.run.smithi006.stderr:/usr/bin/ceph:
2024-03-12T16:01:12.696+0000 7fbdebfff700 1 -- 172.21.15.6:0/4234207772 >> [v2:172.21.15.6:6800/860696411,v1:172.21.15.6:6801/860696411] conn(0x7fbddc032610 msgr2=0x7fbddc034ad0 unknown :-1 s=STATE_CONNECTING_RE l=1).process reconnect failed to v2:172.21.15.6:6800/860696411
2024-03-12T16:01:12.698 INFO:teuthology.orchestra.run.smithi006.stderr:/usr/bin/ceph:
2024-03-12T16:01:12.696+0000 7fbdebfff700 1 --2- 172.21.15.6:0/4234207772 >> [v2:172.21.15.6:6800/860696411,v1:172.21.15.6:6801/860696411] conn(0x7fbddc032610 0x7fbddc034ad0 unknown :-1 s=START_CONNECT pgs=0 cs=0 l=1 rev1=0 rx=0 tx=0)._fault waiting 3.200000
2024-03-12T16:01:12.729 INFO:teuthology.orchestra.run.smithi006.stderr:/usr/bin/ceph:
2024-03-12T16:01:12.727+0000 7fbde9ffb700 1 -- 172.21.15.6:0/4234207772 <== mon.0 v2:172.21.15.6:3300/0 6 ==== mgrmap(e 6) v1 ==== 38456+0+0 (secure 0 0 0) 0x7fbde0018d10 con 0x7fbdec071c20
2024-03-12T16:01:12.729 INFO:teuthology.orchestra.run.smithi006.stderr:/usr/bin/ceph:
2024-03-12T16:01:12.727+0000 7fbde9ffb700 1 -- 172.21.15.6:0/4234207772 >> [v2:172.21.15.6:6800/860696411,v1:172.21.15.6:6801/860696411] conn(0x7fbddc032610 msgr2=0x7fbddc034ad0 unknown :-1 s=STATE_CONNECTING l=1).mark_down
2024-03-12T16:01:12.729 INFO:teuthology.orchestra.run.smithi006.stderr:/usr/bin/ceph:
2024-03-12T16:01:12.727+0000 7fbde9ffb700 1 --2- 172.21.15.6:0/4234207772 >> [v2:172.21.15.6:6800/860696411,v1:172.21.15.6:6801/860696411] conn(0x7fbddc032610 0x7fbddc034ad0 unknown :-1 s=START_CONNECT pgs=0 cs=0 l=1 rev1=0 rx=0 tx=0).stop
2024-03-12T16:01:13.207 INFO:journalctl@ceph.mon.smithi006.smithi006.stdout:Mar 12 16:01:12 smithi006 ceph-88d7ee42-e089-11ee-95c8-87774f69a715-mon-smithi006[39682]: cluster
2024-03-12T16:01:12.726428+0000 mon.smithi006 (mon.0) 30 : cluster [INF] Active manager daemon smithi006.kskdce restarted
2024-03-12T16:01:13.207 INFO:journalctl@ceph.mon.smithi006.smithi006.stdout:Mar 12 16:01:12 smithi006 ceph-88d7ee42-e089-11ee-95c8-87774f69a715-mon-smithi006[39682]: cluster
2024-03-12T16:01:12.726643+0000 mon.smithi006 (mon.0) 31 : cluster [INF] Activating manager daemon smithi006.kskdce
2024-03-12T16:01:13.207 INFO:journalctl@ceph.mon.smithi006.smithi006.stdout:Mar 12 16:01:12 smithi006 ceph-88d7ee42-e089-11ee-95c8-87774f69a715-mon-smithi006[39682]: cluster
2024-03-12T16:01:12.729732+0000 mon.smithi006 (mon.0) 32 : cluster [DBG] osdmap e2: 0 total, 0 up, 0 in
2024-03-12T16:01:13.207 INFO:journalctl@ceph.mon.smithi006.smithi006.stdout:Mar 12 16:01:12 smithi006 ceph-88d7ee42-e089-11ee-95c8-87774f69a715-mon-smithi006[39682]: cluster
2024-03-12T16:01:12.729833+0000 mon.smithi006 (mon.0) 33 : cluster [DBG] mgrmap e6: smithi006.kskdce(active, starting, since 0.00326697s)
2024-03-12T16:01:13.208 INFO:journalctl@ceph.mon.smithi006.smithi006.stdout:Mar 12 16:01:12 smithi006 ceph-88d7ee42-e089-11ee-95c8-87774f69a715-mon-smithi006[39682]: audit
2024-03-12T16:01:12.730809+0000 mon.smithi006 (mon.0) 34 : audit [DBG] from='mgr.14116 172.21.15.6:0/591770971' entity='mgr.smithi006.kskdce' cmd=[{"prefix": "mon metadata", "id": "smithi006"}]: dispatch
2024-03-12T16:01:13.208 INFO:journalctl@ceph.mon.smithi006.smithi006.stdout:Mar 12 16:01:12 smithi006 ceph-88d7ee42-e089-11ee-95c8-87774f69a715-mon-smithi006[39682]: audit
2024-03-12T16:01:12.731444+0000 mon.smithi006 (mon.0) 35 : audit [DBG] from='mgr.14116 172.21.15.6:0/591770971' entity='mgr.smithi006.kskdce' cmd=[{"prefix": "mgr metadata", "who": "smithi006.kskdce", "id": "smithi006.kskdce"}]: dispatch
2024-03-12T16:01:13.208 INFO:journalctl@ceph.mon.smithi006.smithi006.stdout:Mar 12 16:01:12 smithi006 ceph-88d7ee42-e089-11ee-95c8-87774f69a715-mon-smithi006[39682]: audit
2024-03-12T16:01:12.732310+0000 mon.smithi006 (mon.0) 36 : audit [DBG] from='mgr.14116 172.21.15.6:0/591770971' entity='mgr.smithi006.kskdce' cmd=[{"prefix": "mds metadata"}]: dispatch
2024-03-12T16:01:13.208 INFO:journalctl@ceph.mon.smithi006.smithi006.stdout:Mar 12 16:01:12 smithi006 ceph-88d7ee42-e089-11ee-95c8-87774f69a715-mon-smithi006[39682]: audit
2024-03-12T16:01:12.732468+0000 mon.smithi006 (mon.0) 37 : audit [DBG] from='mgr.14116 172.21.15.6:0/591770971' entity='mgr.smithi006.kskdce' cmd=[{"prefix": "osd metadata"}]: dispatch
2024-03-12T16:01:13.208 INFO:journalctl@ceph.mon.smithi006.smithi006.stdout:Mar 12 16:01:12 smithi006 ceph-88d7ee42-e089-11ee-95c8-87774f69a715-mon-smithi006[39682]: audit
2024-03-12T16:01:12.732609+0000 mon.smithi006 (mon.0) 38 : audit [DBG] from='mgr.14116 172.21.15.6:0/591770971' entity='mgr.smithi006.kskdce' cmd=[{"prefix": "mon metadata"}]: dispatch
2024-03-12T16:01:13.208 INFO:journalctl@ceph.mon.smithi006.smithi006.stdout:Mar 12 16:01:12 smithi006 ceph-88d7ee42-e089-11ee-95c8-87774f69a715-mon-smithi006[39682]: cluster
2024-03-12T16:01:12.746156+0000 mon.smithi006 (mon.0) 39 : cluster [INF] Manager daemon smithi006.kskdce is now available
2024-03-12T16:01:13.208 INFO:journalctl@ceph.mon.smithi006.smithi006.stdout:Mar 12 16:01:12 smithi006 ceph-88d7ee42-e089-11ee-95c8-87774f69a715-mon-smithi006[39682]: audit
2024-03-12T16:01:12.758804+0000 mon.smithi006 (mon.0) 40 : audit [INF] from='mgr.14116 172.21.15.6:0/591770971' entity='mgr.smithi006.kskdce'
2024-03-12T16:01:13.731 INFO:teuthology.orchestra.run.smithi006.stderr:/usr/bin/ceph:
2024-03-12T16:01:13.728+0000 7fbde9ffb700 1 -- 172.21.15.6:0/4234207772 <== mon.0 v2:172.21.15.6:3300/0 7 ==== mgrmap(e 7) v1 ==== 38526+0+0 (secure 0 0 0) 0x7fbde00464a0 con 0x7fbdec071c20
2024-03-12T16:01:13.731 INFO:teuthology.orchestra.run.smithi006.stderr:/usr/bin/ceph:
2024-03-12T16:01:13.728+0000 7fbde9ffb700 1 --2- 172.21.15.6:0/4234207772 >> [v2:172.21.15.6:6800/344339741,v1:172.21.15.6:6801/344339741] conn(0x7fbddc035fd0 0x7fbddc0383c0 unknown :-1 s=NONE pgs=0 cs=0 l=1 rev1=0 rx=0 tx=0).connect
2024-03-12T16:01:13.731 INFO:teuthology.orchestra.run.smithi006.stderr:/usr/bin/ceph:
2024-03-12T16:01:13.728+0000 7fbde9ffb700 1 -- 172.21.15.6:0/4234207772 --> [v2:172.21.15.6:6800/344339741,v1:172.21.15.6:6801/344339741] -- command(tid 0: {"prefix": "get_command_descriptions"}) v1 -- 0x7fbddc035190 con 0x7fbddc035fd0
2024-03-12T16:01:13.731 INFO:teuthology.orchestra.run.smithi006.stderr:/usr/bin/ceph:
2024-03-12T16:01:13.729+0000 7fbdebfff700 1 --2- 172.21.15.6:0/4234207772 >> [v2:172.21.15.6:6800/344339741,v1:172.21.15.6:6801/344339741] conn(0x7fbddc035fd0 0x7fbddc0383c0 unknown :-1 s=BANNER_CONNECTING pgs=0 cs=0 l=1 rev1=0 rx=0 tx=0)._handle_peer_banner_payload supported=1 required=0
2024-03-12T16:01:13.731 INFO:teuthology.orchestra.run.smithi006.stderr:/usr/bin/ceph:
2024-03-12T16:01:13.729+0000 7fbdebfff700 1 --2- 172.21.15.6:0/4234207772 >> [v2:172.21.15.6:6800/344339741,v1:172.21.15.6:6801/344339741] conn(0x7fbddc035fd0 0x7fbddc0383c0 secure :-1 s=READY pgs=1 cs=0 l=1 rev1=1 rx=0x7fbdd8006fd0 tx=0x7fbdd8006e70).ready entity=mgr.14116 client_cookie=0 server_cookie=0 in_seq=0 out_seq=0
2024-03-12T16:01:13.732 INFO:teuthology.orchestra.run.smithi006.stderr:/usr/bin/ceph:
2024-03-12T16:01:13.730+0000 7fbde9ffb700 1 -- 172.21.15.6:0/4234207772 <== mgr.14116 v2:172.21.15.6:6800/344339741 1 ==== command_reply(tid 0: 0 ) v1 ==== 8+0+6438 (secure 0 0 0) 0x7fbddc035190 con 0x7fbddc035fd0
2024-03-12T16:01:13.739 INFO:teuthology.orchestra.run.smithi006.stderr:/usr/bin/ceph:
2024-03-12T16:01:13.736+0000 7fbdf2dfd700 1 -- 172.21.15.6:0/4234207772 --> [v2:172.21.15.6:6800/344339741,v1:172.21.15.6:6801/344339741] -- command(tid 1: {"prefix": "mgr_status"}) v1 -- 0x7fbdec05a310 con 0x7fbddc035fd0
2024-03-12T16:01:13.739 INFO:teuthology.orchestra.run.smithi006.stderr:/usr/bin/ceph:
2024-03-12T16:01:13.737+0000 7fbde9ffb700 1 -- 172.21.15.6:0/4234207772 <== mgr.14116 v2:172.21.15.6:6800/344339741 2 ==== command_reply(tid 1: 0 ) v1 ==== 8+0+51 (secure 0 0 0) 0x7fbdec05a310 con 0x7fbddc035fd0
2024-03-12T16:01:13.739 INFO:teuthology.orchestra.run.smithi006.stderr:/usr/bin/ceph: {
2024-03-12T16:01:13.739 INFO:teuthology.orchestra.run.smithi006.stderr:/usr/bin/ceph: "mgrmap_epoch": 7,
2024-03-12T16:01:13.740 INFO:teuthology.orchestra.run.smithi006.stderr:/usr/bin/ceph: "initialized": true
2024-03-12T16:01:13.741 INFO:teuthology.orchestra.run.smithi006.stderr:/usr/bin/ceph: }
2024-03-12T16:01:13.741 INFO:teuthology.orchestra.run.smithi006.stderr:/usr/bin/ceph:
2024-03-12T16:01:13.737+0000 7fbdf2dfd700 1 -- 172.21.15.6:0/4234207772 >> [v2:172.21.15.6:6800/344339741,v1:172.21.15.6:6801/344339741] conn(0x7fbddc035fd0 msgr2=0x7fbddc0383c0 secure :-1 s=STATE_CONNECTION_ESTABLISHED l=1).mark_down
2024-03-12T16:01:13.741 INFO:teuthology.orchestra.run.smithi006.stderr:/usr/bin/ceph:
2024-03-12T16:01:13.737+0000 7fbdf2dfd700 1 --2- 172.21.15.6:0/4234207772 >> [v2:172.21.15.6:6800/344339741,v1:172.21.15.6:6801/344339741] conn(0x7fbddc035fd0 0x7fbddc0383c0 secure :-1 s=READY pgs=1 cs=0 l=1 rev1=1 rx=0x7fbdd8006fd0 tx=0x7fbdd8006e70).stop
2024-03-12T16:01:13.741 INFO:teuthology.orchestra.run.smithi006.stderr:/usr/bin/ceph:
