2024-03-12T16:00:55.561 INFO:teuthology.orchestra.run.smithi006.stderr:/usr/bin/ceph: "fsmap": {
2024-03-12T16:00:55.561 INFO:teuthology.orchestra.run.smithi006.stderr:/usr/bin/ceph: "epoch": 1,
2024-03-12T16:00:55.561 INFO:teuthology.orchestra.run.smithi006.stderr:/usr/bin/ceph: "by_rank": [],
2024-03-12T16:00:55.562 INFO:teuthology.orchestra.run.smithi006.stderr:/usr/bin/ceph: "up:standby": 0
2024-03-12T16:00:55.562 INFO:teuthology.orchestra.run.smithi006.stderr:/usr/bin/ceph: },
2024-03-12T16:00:55.562 INFO:teuthology.orchestra.run.smithi006.stderr:/usr/bin/ceph: "mgrmap": {
2024-03-12T16:00:55.562 INFO:teuthology.orchestra.run.smithi006.stderr:/usr/bin/ceph: "available": false,
2024-03-12T16:00:55.562 INFO:teuthology.orchestra.run.smithi006.stderr:/usr/bin/ceph: "num_standbys": 0,
2024-03-12T16:00:55.562 INFO:teuthology.orchestra.run.smithi006.stderr:/usr/bin/ceph: "modules": [
2024-03-12T16:00:55.562 INFO:teuthology.orchestra.run.smithi006.stderr:/usr/bin/ceph: "iostat",
2024-03-12T16:00:55.562 INFO:teuthology.orchestra.run.smithi006.stderr:/usr/bin/ceph: "nfs",
2024-03-12T16:00:55.562 INFO:teuthology.orchestra.run.smithi006.stderr:/usr/bin/ceph: "restful"
2024-03-12T16:00:55.562 INFO:teuthology.orchestra.run.smithi006.stderr:/usr/bin/ceph: ],
2024-03-12T16:00:55.562 INFO:teuthology.orchestra.run.smithi006.stderr:/usr/bin/ceph: "services": {}
2024-03-12T16:00:55.562 INFO:teuthology.orchestra.run.smithi006.stderr:/usr/bin/ceph: },
2024-03-12T16:00:55.562 INFO:teuthology.orchestra.run.smithi006.stderr:/usr/bin/ceph: "servicemap": {
2024-03-12T16:00:55.562 INFO:teuthology.orchestra.run.smithi006.stderr:/usr/bin/ceph: "epoch": 1,
2024-03-12T16:00:55.562 INFO:teuthology.orchestra.run.smithi006.stderr:/usr/bin/ceph: "modified": "2024-03-12T16:00:42.613335+0000",
2024-03-12T16:00:55.563 INFO:teuthology.orchestra.run.smithi006.stderr:/usr/bin/ceph: "services": {}
2024-03-12T16:00:55.563 INFO:teuthology.orchestra.run.smithi006.stderr:/usr/bin/ceph: },
2024-03-12T16:00:55.563 INFO:teuthology.orchestra.run.smithi006.stderr:/usr/bin/ceph: "progress_events": {}
2024-03-12T16:00:55.563 INFO:teuthology.orchestra.run.smithi006.stderr:/usr/bin/ceph: }
2024-03-12T16:00:56.457 INFO:journalctl@ceph.mon.smithi006.smithi006.stdout:Mar 12 16:00:56 smithi006 ceph-88d7ee42-e089-11ee-95c8-87774f69a715-mon-smithi006[39682]: cluster
2024-03-12T16:00:56.135416+0000 mon.smithi006 (mon.0) 9 : cluster [INF] Activating manager daemon smithi006.kskdce
2024-03-12T16:00:56.457 INFO:journalctl@ceph.mon.smithi006.smithi006.stdout:Mar 12 16:00:56 smithi006 ceph-88d7ee42-e089-11ee-95c8-87774f69a715-mon-smithi006[39682]: cluster
2024-03-12T16:00:56.138008+0000 mon.smithi006 (mon.0) 10 : cluster [DBG] mgrmap e2: smithi006.kskdce(active, starting, since 0.00268527s)
2024-03-12T16:00:56.457 INFO:journalctl@ceph.mon.smithi006.smithi006.stdout:Mar 12 16:00:56 smithi006 ceph-88d7ee42-e089-11ee-95c8-87774f69a715-mon-smithi006[39682]: audit
2024-03-12T16:00:56.139070+0000 mon.smithi006 (mon.0) 11 : audit [DBG] from='mgr.14100 172.21.15.6:0/4127061132' entity='mgr.smithi006.kskdce' cmd=[{"prefix": "mds metadata"}]: dispatch
2024-03-12T16:00:56.457 INFO:journalctl@ceph.mon.smithi006.smithi006.stdout:Mar 12 16:00:56 smithi006 ceph-88d7ee42-e089-11ee-95c8-87774f69a715-mon-smithi006[39682]: audit
2024-03-12T16:00:56.139311+0000 mon.smithi006 (mon.0) 12 : audit [DBG] from='mgr.14100 172.21.15.6:0/4127061132' entity='mgr.smithi006.kskdce' cmd=[{"prefix": "osd metadata"}]: dispatch
2024-03-12T16:00:56.457 INFO:journalctl@ceph.mon.smithi006.smithi006.stdout:Mar 12 16:00:56 smithi006 ceph-88d7ee42-e089-11ee-95c8-87774f69a715-mon-smithi006[39682]: audit
2024-03-12T16:00:56.139522+0000 mon.smithi006 (mon.0) 13 : audit [DBG] from='mgr.14100 172.21.15.6:0/4127061132' entity='mgr.smithi006.kskdce' cmd=[{"prefix": "mon metadata"}]: dispatch
2024-03-12T16:00:56.457 INFO:journalctl@ceph.mon.smithi006.smithi006.stdout:Mar 12 16:00:56 smithi006 ceph-88d7ee42-e089-11ee-95c8-87774f69a715-mon-smithi006[39682]: audit
2024-03-12T16:00:56.139804+0000 mon.smithi006 (mon.0) 14 : audit [DBG] from='mgr.14100 172.21.15.6:0/4127061132' entity='mgr.smithi006.kskdce' cmd=[{"prefix": "mon metadata", "id": "smithi006"}]: dispatch
2024-03-12T16:00:56.458 INFO:journalctl@ceph.mon.smithi006.smithi006.stdout:Mar 12 16:00:56 smithi006 ceph-88d7ee42-e089-11ee-95c8-87774f69a715-mon-smithi006[39682]: audit
2024-03-12T16:00:56.140026+0000 mon.smithi006 (mon.0) 15 : audit [DBG] from='mgr.14100 172.21.15.6:0/4127061132' entity='mgr.smithi006.kskdce' cmd=[{"prefix": "mgr metadata", "who": "smithi006.kskdce", "id": "smithi006.kskdce"}]: dispatch
2024-03-12T16:00:56.458 INFO:journalctl@ceph.mon.smithi006.smithi006.stdout:Mar 12 16:00:56 smithi006 ceph-88d7ee42-e089-11ee-95c8-87774f69a715-mon-smithi006[39682]: cluster
2024-03-12T16:00:56.153887+0000 mon.smithi006 (mon.0) 16 : cluster [INF] Manager daemon smithi006.kskdce is now available
2024-03-12T16:00:56.458 INFO:journalctl@ceph.mon.smithi006.smithi006.stdout:Mar 12 16:00:56 smithi006 ceph-88d7ee42-e089-11ee-95c8-87774f69a715-mon-smithi006[39682]: audit
2024-03-12T16:00:56.162263+0000 mon.smithi006 (mon.0) 17 : audit [INF] from='mgr.14100 172.21.15.6:0/4127061132' entity='mgr.smithi006.kskdce'
2024-03-12T16:00:56.458 INFO:journalctl@ceph.mon.smithi006.smithi006.stdout:Mar 12 16:00:56 smithi006 ceph-88d7ee42-e089-11ee-95c8-87774f69a715-mon-smithi006[39682]: audit
2024-03-12T16:00:56.168550+0000 mon.smithi006 (mon.0) 18 : audit [INF] from='mgr.14100 172.21.15.6:0/4127061132' entity='mgr.smithi006.kskdce' cmd=[{"prefix":"config rm","who":"mgr","name":"mgr/rbd_support/smithi006.kskdce/mirror_snapshot_schedule"}]: dispatch
2024-03-12T16:00:56.458 INFO:journalctl@ceph.mon.smithi006.smithi006.stdout:Mar 12 16:00:56 smithi006 ceph-88d7ee42-e089-11ee-95c8-87774f69a715-mon-smithi006[39682]: audit
2024-03-12T16:00:56.170957+0000 mon.smithi006 (mon.0) 19 : audit [INF] from='mgr.14100 172.21.15.6:0/4127061132' entity='mgr.smithi006.kskdce' cmd=[{"prefix":"config rm","who":"mgr","name":"mgr/rbd_support/smithi006.kskdce/trash_purge_schedule"}]: dispatch
2024-03-12T16:00:56.458 INFO:journalctl@ceph.mon.smithi006.smithi006.stdout:Mar 12 16:00:56 smithi006 ceph-88d7ee42-e089-11ee-95c8-87774f69a715-mon-smithi006[39682]: audit
2024-03-12T16:00:56.174372+0000 mon.smithi006 (mon.0) 20 : audit [INF] from='mgr.14100 172.21.15.6:0/4127061132' entity='mgr.smithi006.kskdce'
2024-03-12T16:00:56.458 INFO:journalctl@ceph.mon.smithi006.smithi006.stdout:Mar 12 16:00:56 smithi006 ceph-88d7ee42-e089-11ee-95c8-87774f69a715-mon-smithi006[39682]: audit
2024-03-12T16:00:56.176252+0000 mon.smithi006 (mon.0) 21 : audit [INF] from='mgr.14100 172.21.15.6:0/4127061132' entity='mgr.smithi006.kskdce'
2024-03-12T16:00:58.457 INFO:journalctl@ceph.mon.smithi006.smithi006.stdout:Mar 12 16:00:58 smithi006 ceph-88d7ee42-e089-11ee-95c8-87774f69a715-mon-smithi006[39682]: cluster
2024-03-12T16:00:57.141882+0000 mon.smithi006 (mon.0) 22 : cluster [DBG] mgrmap e3: smithi006.kskdce(active, since 1.00656s)
2024-03-12T16:00:59.259 INFO:teuthology.orchestra.run.smithi006.stderr:mgr not available, waiting (2/15)...
2024-03-12T16:01:00.457 INFO:journalctl@ceph.mon.smithi006.smithi006.stdout:Mar 12 16:01:00 smithi006 ceph-88d7ee42-e089-11ee-95c8-87774f69a715-mon-smithi006[39682]: cluster
2024-03-12T16:00:59.141634+0000 mon.smithi006 (mon.0) 23 : cluster [DBG] mgrmap e4: smithi006.kskdce(active, since 3s)
2024-03-12T16:01:04.092 INFO:teuthology.orchestra.run.smithi006.stderr:/usr/bin/ceph:
2024-03-12T16:01:04.088+0000 7f7f83844700 1 Processor -- start
2024-03-12T16:01:04.093 INFO:teuthology.orchestra.run.smithi006.stderr:/usr/bin/ceph:
2024-03-12T16:01:04.088+0000 7f7f83844700 1 -- start start
2024-03-12T16:01:04.093 INFO:teuthology.orchestra.run.smithi006.stderr:/usr/bin/ceph:
2024-03-12T16:01:04.088+0000 7f7f83844700 1 --2- >> [v2:172.21.15.6:3300/0,v1:172.21.15.6:6789/0] conn(0x7f7f7c0fe640 0x7f7f7c0fea60 unknown :-1 s=NONE pgs=0 cs=0 l=0 rev1=0 rx=0 tx=0).connect
2024-03-12T16:01:04.093 INFO:teuthology.orchestra.run.smithi006.stderr:/usr/bin/ceph:
2024-03-12T16:01:04.088+0000 7f7f83844700 1 -- --> [v2:172.21.15.6:3300/0,v1:172.21.15.6:6789/0] -- mon_getmap magic: 0 v1 -- 0x7f7f7c0fef50 con 0x7f7f7c0fe640
2024-03-12T16:01:04.093 INFO:teuthology.orchestra.run.smithi006.stderr:/usr/bin/ceph:
2024-03-12T16:01:04.088+0000 7f7f815e0700 1 --2- >> [v2:172.21.15.6:3300/0,v1:172.21.15.6:6789/0] conn(0x7f7f7c0fe640 0x7f7f7c0fea60 unknown :-1 s=BANNER_CONNECTING pgs=0 cs=0 l=0 rev1=0 rx=0 tx=0)._handle_peer_banner_payload supported=1 required=0
2024-03-12T16:01:04.093 INFO:teuthology.orchestra.run.smithi006.stderr:/usr/bin/ceph:
2024-03-12T16:01:04.088+0000 7f7f815e0700 1 --2- >> [v2:172.21.15.6:3300/0,v1:172.21.15.6:6789/0] conn(0x7f7f7c0fe640 0x7f7f7c0fea60 unknown :-1 s=HELLO_CONNECTING pgs=0 cs=0 l=0 rev1=1 rx=0 tx=0).handle_hello peer v2:172.21.15.6:3300/0 says I am v2:172.21.15.6:53328/0 (socket says 172.21.15.6:53328)
2024-03-12T16:01:04.093 INFO:teuthology.orchestra.run.smithi006.stderr:/usr/bin/ceph:
2024-03-12T16:01:04.088+0000 7f7f815e0700 1 -- 172.21.15.6:0/3905182654 learned_addr learned my addr 172.21.15.6:0/3905182654 (peer_addr_for_me v2:172.21.15.6:0/0)
2024-03-12T16:01:04.093 INFO:teuthology.orchestra.run.smithi006.stderr:/usr/bin/ceph:
2024-03-12T16:01:04.089+0000 7f7f815e0700 1 -- 172.21.15.6:0/3905182654 --> [v2:172.21.15.6:3300/0,v1:172.21.15.6:6789/0] -- mon_subscribe({config=0+,monmap=0+}) v3 -- 0x7f7f7c0ff090 con 0x7f7f7c0fe640
2024-03-12T16:01:04.093 INFO:teuthology.orchestra.run.smithi006.stderr:/usr/bin/ceph:
2024-03-12T16:01:04.089+0000 7f7f815e0700 1 --2- 172.21.15.6:0/3905182654 >> [v2:172.21.15.6:3300/0,v1:172.21.15.6:6789/0] conn(0x7f7f7c0fe640 0x7f7f7c0fea60 secure :-1 s=READY pgs=14 cs=0 l=1 rev1=1 rx=0x7f7f78009730 tx=0x7f7f780090f0).ready entity=mon.0 client_cookie=333d250a19a18abf server_cookie=0 in_seq=0 out_seq=0
2024-03-12T16:01:04.093 INFO:teuthology.orchestra.run.smithi006.stderr:/usr/bin/ceph:
2024-03-12T16:01:04.089+0000 7f7f73fff700 1 -- 172.21.15.6:0/3905182654 <== mon.0 v2:172.21.15.6:3300/0 1 ==== mon_map magic: 0 v1 ==== 229+0+0 (secure 0 0 0) 0x7f7f7800b6e0 con 0x7f7f7c0fe640
2024-03-12T16:01:04.093 INFO:teuthology.orchestra.run.smithi006.stderr:/usr/bin/ceph:
2024-03-12T16:01:04.089+0000 7f7f73fff700 1 -- 172.21.15.6:0/3905182654 <== mon.0 v2:172.21.15.6:3300/0 2 ==== config(25 keys) v1 ==== 982+0+0 (secure 0 0 0) 0x7f7f7800bc90 con 0x7f7f7c0fe640
2024-03-12T16:01:04.093 INFO:teuthology.orchestra.run.smithi006.stderr:/usr/bin/ceph:
2024-03-12T16:01:04.089+0000 7f7f73fff700 1 -- 172.21.15.6:0/3905182654 <== mon.0 v2:172.21.15.6:3300/0 3 ==== mon_map magic: 0 v1 ==== 229+0+0 (secure 0 0 0) 0x7f7f78011c70 con 0x7f7f7c0fe640
2024-03-12T16:01:04.093 INFO:teuthology.orchestra.run.smithi006.stderr:/usr/bin/ceph:
2024-03-12T16:01:04.090+0000 7f7f83844700 1 -- 172.21.15.6:0/3905182654 >> [v2:172.21.15.6:3300/0,v1:172.21.15.6:6789/0] conn(0x7f7f7c0fe640 msgr2=0x7f7f7c0fea60 secure :-1 s=STATE_CONNECTION_ESTABLISHED l=1).mark_down
2024-03-12T16:01:04.093 INFO:teuthology.orchestra.run.smithi006.stderr:/usr/bin/ceph:
2024-03-12T16:01:04.090+0000 7f7f83844700 1 --2- 172.21.15.6:0/3905182654 >> [v2:172.21.15.6:3300/0,v1:172.21.15.6:6789/0] conn(0x7f7f7c0fe640 0x7f7f7c0fea60 secure :-1 s=READY pgs=14 cs=0 l=1 rev1=1 rx=0x7f7f78009730 tx=0x7f7f780090f0).stop
2024-03-12T16:01:04.094 INFO:teuthology.orchestra.run.smithi006.stderr:/usr/bin/ceph:
2024-03-12T16:01:04.090+0000 7f7f83844700 1 -- 172.21.15.6:0/3905182654 shutdown_connections
2024-03-12T16:01:04.094 INFO:teuthology.orchestra.run.smithi006.stderr:/usr/bin/ceph:
2024-03-12T16:01:04.090+0000 7f7f83844700 1 --2- 172.21.15.6:0/3905182654 >> [v2:172.21.15.6:3300/0,v1:172.21.15.6:6789/0] conn(0x7f7f7c0fe640 0x7f7f7c0fea60 unknown :-1 s=CLOSED pgs=14 cs=0 l=1 rev1=1 rx=0 tx=0).stop
2024-03-12T16:01:04.094 INFO:teuthology.orchestra.run.smithi006.stderr:/usr/bin/ceph:
2024-03-12T16:01:04.090+0000 7f7f83844700 1 -- 172.21.15.6:0/3905182654 >> 172.21.15.6:0/3905182654 conn(0x7f7f7c0f6e20 msgr2=0x7f7f7c0f9240 unknown :-1 s=STATE_NONE l=0).mark_down
2024-03-12T16:01:04.094 INFO:teuthology.orchestra.run.smithi006.stderr:/usr/bin/ceph:
2024-03-12T16:01:04.090+0000 7f7f83844700 1 -- 172.21.15.6:0/3905182654 shutdown_connections
2024-03-12T16:01:04.094 INFO:teuthology.orchestra.run.smithi006.stderr:/usr/bin/ceph:
2024-03-12T16:01:04.090+0000 7f7f83844700 1 -- 172.21.15.6:0/3905182654 wait complete.
2024-03-12T16:01:04.096 INFO:teuthology.orchestra.run.smithi006.stderr:/usr/bin/ceph:
2024-03-12T16:01:04.091+0000 7f7f83844700 1 Processor -- start
2024-03-12T16:01:04.096 INFO:teuthology.orchestra.run.smithi006.stderr:/usr/bin/ceph:
2024-03-12T16:01:04.091+0000 7f7f83844700 1 -- start start
2024-03-12T16:01:04.096 INFO:teuthology.orchestra.run.smithi006.stderr:/usr/bin/ceph:
2024-03-12T16:01:04.091+0000 7f7f83844700 1 --2- >> [v2:172.21.15.6:3300/0,v1:172.21.15.6:6789/0] conn(0x7f7f7c0fe640 0x7f7f7c10bd80 unknown :-1 s=NONE pgs=0 cs=0 l=1 rev1=0 rx=0 tx=0).connect
2024-03-12T16:01:04.096 INFO:teuthology.orchestra.run.smithi006.stderr:/usr/bin/ceph:
2024-03-12T16:01:04.091+0000 7f7f83844700 1 -- --> [v2:172.21.15.6:3300/0,v1:172.21.15.6:6789/0] -- mon_getmap magic: 0 v1 -- 0x7f7f7c10c270 con 0x7f7f7c0fe640
2024-03-12T16:01:04.096 INFO:teuthology.orchestra.run.smithi006.stderr:/usr/bin/ceph:
2024-03-12T16:01:04.091+0000 7f7f815e0700 1 --2- >> [v2:172.21.15.6:3300/0,v1:172.21.15.6:6789/0] conn(0x7f7f7c0fe640 0x7f7f7c10bd80 unknown :-1 s=BANNER_CONNECTING pgs=0 cs=0 l=1 rev1=0 rx=0 tx=0)._handle_peer_banner_payload supported=1 required=0
2024-03-12T16:01:04.096 INFO:teuthology.orchestra.run.smithi006.stderr:/usr/bin/ceph:
2024-03-12T16:01:04.091+0000 7f7f815e0700 1 --2- >> [v2:172.21.15.6:3300/0,v1:172.21.15.6:6789/0] conn(0x7f7f7c0fe640 0x7f7f7c10bd80 unknown :-1 s=HELLO_CONNECTING pgs=0 cs=0 l=1 rev1=1 rx=0 tx=0).handle_hello peer v2:172.21.15.6:3300/0 says I am v2:172.21.15.6:53334/0 (socket says 172.21.15.6:53334)
2024-03-12T16:01:04.096 INFO:teuthology.orchestra.run.smithi006.stderr:/usr/bin/ceph:
2024-03-12T16:01:04.091+0000 7f7f815e0700 1 -- 172.21.15.6:0/2565097105 learned_addr learned my addr 172.21.15.6:0/2565097105 (peer_addr_for_me v2:172.21.15.6:0/0)
2024-03-12T16:01:04.096 INFO:teuthology.orchestra.run.smithi006.stderr:/usr/bin/ceph:
2024-03-12T16:01:04.092+0000 7f7f815e0700 1 -- 172.21.15.6:0/2565097105 --> [v2:172.21.15.6:3300/0,v1:172.21.15.6:6789/0] -- mon_subscribe({config=0+,monmap=0+}) v3 -- 0x7f7f78009370 con 0x7f7f7c0fe640
2024-03-12T16:01:04.096 INFO:teuthology.orchestra.run.smithi006.stderr:/usr/bin/ceph:
2024-03-12T16:01:04.092+0000 7f7f815e0700 1 --2- 172.21.15.6:0/2565097105 >> [v2:172.21.15.6:3300/0,v1:172.21.15.6:6789/0] conn(0x7f7f7c0fe640 0x7f7f7c10bd80 secure :-1 s=READY pgs=15 cs=0 l=1 rev1=1 rx=0x7f7f78009340 tx=0x7f7f780090f0).ready entity=mon.0 client_cookie=0 server_cookie=0 in_seq=0 out_seq=0
2024-03-12T16:01:04.096 INFO:teuthology.orchestra.run.smithi006.stderr:/usr/bin/ceph:
2024-03-12T16:01:04.092+0000 7f7f727fc700 1 -- 172.21.15.6:0/2565097105 <== mon.0 v2:172.21.15.6:3300/0 1 ==== mon_map magic: 0 v1 ==== 229+0+0 (secure 0 0 0) 0x7f7f7800bab0 con 0x7f7f7c0fe640
2024-03-12T16:01:04.096 INFO:teuthology.orchestra.run.smithi006.stderr:/usr/bin/ceph:
2024-03-12T16:01:04.092+0000 7f7f727fc700 1 -- 172.21.15.6:0/2565097105 <== mon.0 v2:172.21.15.6:3300/0 2 ==== config(25 keys) v1 ==== 982+0+0 (secure 0 0 0) 0x7f7f78011c30 con 0x7f7f7c0fe640
2024-03-12T16:01:04.096 INFO:teuthology.orchestra.run.smithi006.stderr:/usr/bin/ceph:
2024-03-12T16:01:04.092+0000 7f7f83844700 1 -- 172.21.15.6:0/2565097105 --> [v2:172.21.15.6:3300/0,v1:172.21.15.6:6789/0] -- mon_subscribe({mgrmap=0+}) v3 -- 0x7f7f7c10c470 con 0x7f7f7c0fe640
2024-03-12T16:01:04.096 INFO:teuthology.orchestra.run.smithi006.stderr:/usr/bin/ceph:
2024-03-12T16:01:04.092+0000 7f7f727fc700 1 -- 172.21.15.6:0/2565097105 <== mon.0 v2:172.21.15.6:3300/0 3 ==== mon_map magic: 0 v1 ==== 229+0+0 (secure 0 0 0) 0x7f7f7801ac70 con 0x7f7f7c0fe640
2024-03-12T16:01:04.096 INFO:teuthology.orchestra.run.smithi006.stderr:/usr/bin/ceph:
2024-03-12T16:01:04.092+0000 7f7f83844700 1 -- 172.21.15.6:0/2565097105 --> [v2:172.21.15.6:3300/0,v1:172.21.15.6:6789/0] -- mon_subscribe({osdmap=0}) v3 -- 0x7f7f7c10c880 con 0x7f7f7c0fe640
2024-03-12T16:01:04.097 INFO:teuthology.orchestra.run.smithi006.stderr:/usr/bin/ceph:
2024-03-12T16:01:04.093+0000 7f7f727fc700 1 -- 172.21.15.6:0/2565097105 <== mon.0 v2:172.21.15.6:3300/0 4 ==== mgrmap(e 4) v1 ==== 38621+0+0 (secure 0 0 0) 0x7f7f78023400 con 0x7f7f7c0fe640
2024-03-12T16:01:04.097 INFO:teuthology.orchestra.run.smithi006.stderr:/usr/bin/ceph:
2024-03-12T16:01:04.093+0000 7f7f727fc700 1 --2- 172.21.15.6:0/2565097105 >> [v2:172.21.15.6:6800/860696411,v1:172.21.15.6:6801/860696411] conn(0x7f7f680325e0 0x7f7f68034aa0 unknown :-1 s=NONE pgs=0 cs=0 l=1 rev1=0 rx=0 tx=0).connect
2024-03-12T16:01:04.097 INFO:teuthology.orchestra.run.smithi006.stderr:/usr/bin/ceph:
2024-03-12T16:01:04.093+0000 7f7f727fc700 1 -- 172.21.15.6:0/2565097105 <== mon.0 v2:172.21.15.6:3300/0 5 ==== osd_map(1..1 src has 1..1) v4 ==== 721+0+0 (secure 0 0 0) 0x7f7f78044b20 con 0x7f7f7c0fe640
2024-03-12T16:01:04.097 INFO:teuthology.orchestra.run.smithi006.stderr:/usr/bin/ceph:
2024-03-12T16:01:04.093+0000 7f7f83844700 1 -- 172.21.15.6:0/2565097105 --> [v2:172.21.15.6:3300/0,v1:172.21.15.6:6789/0] -- mon_command({"prefix": "get_command_descriptions"} v 0) v1 -- 0x7f7f7c046ce0 con 0x7f7f7c0fe640
2024-03-12T16:01:04.097 INFO:teuthology.orchestra.run.smithi006.stderr:/usr/bin/ceph:
2024-03-12T16:01:04.093+0000 7f7f80ddf700 1 --2- 172.21.15.6:0/2565097105 >> [v2:172.21.15.6:6800/860696411,v1:172.21.15.6:6801/860696411] conn(0x7f7f680325e0 0x7f7f68034aa0 unknown :-1 s=BANNER_CONNECTING pgs=0 cs=0 l=1 rev1=0 rx=0 tx=0)._handle_peer_banner_payload supported=1 required=0
2024-03-12T16:01:04.097 INFO:teuthology.orchestra.run.smithi006.stderr:/usr/bin/ceph:
2024-03-12T16:01:04.094+0000 7f7f80ddf700 1 --2- 172.21.15.6:0/2565097105 >> [v2:172.21.15.6:6800/860696411,v1:172.21.15.6:6801/860696411] conn(0x7f7f680325e0 0x7f7f68034aa0 secure :-1 s=READY pgs=5 cs=0 l=1 rev1=1 rx=0x7f7f6c009780 tx=0x7f7f6c006cc0).ready entity=mgr.14100 client_cookie=0 server_cookie=0 in_seq=0 out_seq=0
2024-03-12T16:01:04.100 INFO:teuthology.orchestra.run.smithi006.stderr:/usr/bin/ceph:
2024-03-12T16:01:04.098+0000 7f7f727fc700 1 -- 172.21.15.6:0/2565097105 <== mon.0 v2:172.21.15.6:3300/0 6 ==== mon_command_ack([{"prefix": "get_command_descriptions"}]=0 v0) v1 ==== 72+0+163658 (secure 0 0 0) 0x7f7f7801e080 con 0x7f7f7c0fe640
2024-03-12T16:01:04.344 INFO:teuthology.orchestra.run.smithi006.stderr:/usr/bin/ceph:
2024-03-12T16:01:04.335+0000 7f7f83844700 1 -- 172.21.15.6:0/2565097105 --> [v2:172.21.15.6:3300/0,v1:172.21.15.6:6789/0] -- mon_command({"prefix": "status", "format": "json-pretty"} v 0) v1 -- 0x7f7f7c105800 con 0x7f7f7c0fe640
2024-03-12T16:01:04.344 INFO:teuthology.orchestra.run.smithi006.stderr:/usr/bin/ceph:
2024-03-12T16:01:04.335+0000 7f7f727fc700 1 -- 172.21.15.6:0/2565097105 <== mon.0 v2:172.21.15.6:3300/0 7 ==== mon_command_ack([{"prefix": "status", "format": "json-pretty"}]=0 v0) v1 ==== 79+0+1249 (secure 0 0 0) 0x7f7f78011e60 con 0x7f7f7c0fe640
2024-03-12T16:01:04.344 INFO:teuthology.orchestra.run.smithi006.stderr:/usr/bin/ceph:
2024-03-12T16:01:04.344 INFO:teuthology.orchestra.run.smithi006.stderr:/usr/bin/ceph: {
2024-03-12T16:01:04.344 INFO:teuthology.orchestra.run.smithi006.stderr:/usr/bin/ceph: "fsid": "88d7ee42-e089-11ee-95c8-87774f69a715",
2024-03-12T16:01:04.344 INFO:teuthology.orchestra.run.smithi006.stderr:/usr/bin/ceph: "health": {
2024-03-12T16:01:04.345 INFO:teuthology.orchestra.run.smithi006.stderr:/usr/bin/ceph: "status": "HEALTH_OK",
2024-03-12T16:01:04.345 INFO:teuthology.orchestra.run.smithi006.stderr:/usr/bin/ceph: "checks": {},
2024-03-12T16:01:04.345 INFO:teuthology.orchestra.run.smithi006.stderr:/usr/bin/ceph: "mutes": []
2024-03-12T16:01:04.345 INFO:teuthology.orchestra.run.smithi006.stderr:/usr/bin/ceph: },
2024-03-12T16:01:04.345 INFO:teuthology.orchestra.run.smithi006.stderr:/usr/bin/ceph: "election_epoch": 5,
2024-03-12T16:01:04.345 INFO:teuthology.orchestra.run.smithi006.stderr:/usr/bin/ceph: "quorum": [
2024-03-12T16:01:04.345 INFO:teuthology.orchestra.run.smithi006.stderr:/usr/bin/ceph: 0
2024-03-12T16:01:04.345 INFO:teuthology.orchestra.run.smithi006.stderr:/usr/bin/ceph: ],
2024-03-12T16:01:04.345 INFO:teuthology.orchestra.run.smithi006.stderr:/usr/bin/ceph: "quorum_names": [
2024-03-12T16:01:04.345 INFO:teuthology.orchestra.run.smithi006.stderr:/usr/bin/ceph: "smithi006"
2024-03-12T16:01:04.345 INFO:teuthology.orchestra.run.smithi006.stderr:/usr/bin/ceph: ],
2024-03-12T16:01:04.345 INFO:teuthology.orchestra.run.smithi006.stderr:/usr/bin/ceph: "quorum_age": 15,
2024-03-12T16:01:04.345 INFO:teuthology.orchestra.run.smithi006.stderr:/usr/bin/ceph: "monmap": {
2024-03-12T16:01:04.345 INFO:teuthology.orchestra.run.smithi006.stderr:/usr/bin/ceph: "epoch": 1,
2024-03-12T16:01:04.346 INFO:teuthology.orchestra.run.smithi006.stderr:/usr/bin/ceph: "min_mon_release_name": "pacific",
2024-03-12T16:01:04.346 INFO:teuthology.orchestra.run.smithi006.stderr:/usr/bin/ceph: "num_mons": 1
2024-03-12T16:01:04.346 INFO:teuthology.orchestra.run.smithi006.stderr:/usr/bin/ceph: },
2024-03-12T16:01:04.346 INFO:teuthology.orchestra.run.smithi006.stderr:/usr/bin/ceph: "osdmap": {
2024-03-12T16:01:04.346 INFO:teuthology.orchestra.run.smithi006.stderr:/usr/bin/ceph: "epoch": 1,
2024-03-12T16:01:04.346 INFO:teuthology.orchestra.run.smithi006.stderr:/usr/bin/ceph: "num_osds": 0,
2024-03-12T16:01:04.346 INFO:teuthology.orchestra.run.smithi006.stderr:/usr/bin/ceph: "num_up_osds": 0,
2024-03-12T16:01:04.346 INFO:teuthology.orchestra.run.smithi006.stderr:/usr/bin/ceph: "osd_up_since": 0,
2024-03-12T16:01:04.346 INFO:teuthology.orchestra.run.smithi006.stderr:/usr/bin/ceph: "num_in_osds": 0,
2024-03-12T16:01:04.346 INFO:teuthology.orchestra.run.smithi006.stderr:/usr/bin/ceph: "osd_in_since": 0,
2024-03-12T16:01:04.346 INFO:teuthology.orchestra.run.smithi006.stderr:/usr/bin/ceph: "num_remapped_pgs": 0
2024-03-12T16:01:04.346 INFO:teuthology.orchestra.run.smithi006.stderr:/usr/bin/ceph: },
2024-03-12T16:01:04.346 INFO:teuthology.orchestra.run.smithi006.stderr:/usr/bin/ceph: "pgmap": {
2024-03-12T16:01:04.347 INFO:teuthology.orchestra.run.smithi006.stderr:/usr/bin/ceph: "pgs_by_state": [],
2024-03-12T16:01:04.347 INFO:teuthology.orchestra.run.smithi006.stderr:/usr/bin/ceph: "num_pgs": 0,
2024-03-12T16:01:04.347 INFO:teuthology.orchestra.run.smithi006.stderr:/usr/bin/ceph: "num_pools": 0,
2024-03-12T16:01:04.347 INFO:teuthology.orchestra.run.smithi006.stderr:/usr/bin/ceph: "num_objects": 0,
2024-03-12T16:01:04.347 INFO:teuthology.orchestra.run.smithi006.stderr:/usr/bin/ceph: "data_bytes": 0,
2024-03-12T16:01:04.347 INFO:teuthology.orchestra.run.smithi006.stderr:/usr/bin/ceph: "bytes_used": 0,
2024-03-12T16:01:04.347 INFO:teuthology.orchestra.run.smithi006.stderr:/usr/bin/ceph: "bytes_avail": 0,
2024-03-12T16:01:04.347 INFO:teuthology.orchestra.run.smithi006.stderr:/usr/bin/ceph: "bytes_total": 0
2024-03-12T16:01:04.347 INFO:teuthology.orchestra.run.smithi006.stderr:/usr/bin/ceph: },
2024-03-12T16:01:04.347 INFO:teuthology.orchestra.run.smithi006.stderr:/usr/bin/ceph: "fsmap": {
2024-03-12T16:01:04.347 INFO:teuthology.orchestra.run.smithi006.stderr:/usr/bin/ceph: "epoch": 1,
2024-03-12T16:01:04.347 INFO:teuthology.orchestra.run.smithi006.stderr:/usr/bin/ceph: "by_rank": [],
2024-03-12T16:01:04.347 INFO:teuthology.orchestra.run.smithi006.stderr:/usr/bin/ceph: "up:standby": 0
2024-03-12T16:01:04.347 INFO:teuthology.orchestra.run.smithi006.stderr:/usr/bin/ceph: },
2024-03-12T16:01:04.347 INFO:teuthology.orchestra.run.smithi006.stderr:/usr/bin/ceph: "mgrmap": {
2024-03-12T16:01:04.347 INFO:teuthology.orchestra.run.smithi006.stderr:/usr/bin/ceph: "available": true,
2024-03-12T16:01:04.348 INFO:teuthology.orchestra.run.smithi006.stderr:/usr/bin/ceph: "num_standbys": 0,
2024-03-12T16:01:04.348 INFO:teuthology.orchestra.run.smithi006.stderr:/usr/bin/ceph: "modules": [
2024-03-12T16:01:04.348 INFO:teuthology.orchestra.run.smithi006.stderr:/usr/bin/ceph: "iostat",
2024-03-12T16:01:04.348 INFO:teuthology.orchestra.run.smithi006.stderr:/usr/bin/ceph: "nfs",
2024-03-12T16:01:04.348 INFO:teuthology.orchestra.run.smithi006.stderr:/usr/bin/ceph: "restful"
2024-03-12T16:01:04.348 INFO:teuthology.orchestra.run.smithi006.stderr:/usr/bin/ceph: ],
2024-03-12T16:01:04.348 INFO:teuthology.orchestra.run.smithi006.stderr:/usr/bin/ceph: "services": {}
2024-03-12T16:01:04.348 INFO:teuthology.orchestra.run.smithi006.stderr:/usr/bin/ceph: },
2024-03-12T16:01:04.348 INFO:teuthology.orchestra.run.smithi006.stderr:/usr/bin/ceph: "servicemap": {
2024-03-12T16:01:04.348 INFO:teuthology.orchestra.run.smithi006.stderr:/usr/bin/ceph: "epoch": 1,
2024-03-12T16:01:04.348 INFO:teuthology.orchestra.run.smithi006.stderr:/usr/bin/ceph: "modified": "2024-03-12T16:00:42.613335+0000",
2024-03-12T16:01:04.348 INFO:teuthology.orchestra.run.smithi006.stderr:/usr/bin/ceph: "services": {}
2024-03-12T16:01:04.348 INFO:teuthology.orchestra.run.smithi006.stderr:/usr/bin/ceph: },
2024-03-12T16:01:04.348 INFO:teuthology.orchestra.run.smithi006.stderr:/usr/bin/ceph: "progress_events": {}
2024-03-12T16:01:04.348 INFO:teuthology.orchestra.run.smithi006.stderr:/usr/bin/ceph: }
2024-03-12T16:01:04.349 INFO:teuthology.orchestra.run.smithi006.stderr:/usr/bin/ceph:
2024-03-12T16:01:04.337+0000 7f7f83844700 1 -- 172.21.15.6:0/2565097105 >> [v2:172.21.15.6:6800/860696411,v1:172.21.15.6:6801/860696411] conn(0x7f7f680325e0 msgr2=0x7f7f68034aa0 secure :-1 s=STATE_CONNECTION_ESTABLISHED l=1).mark_down
2024-03-12T16:01:04.349 INFO:teuthology.orchestra.run.smithi006.stderr:/usr/bin/ceph:
2024-03-12T16:01:04.337+0000 7f7f83844700 1 --2- 172.21.15.6:0/2565097105 >> [v2:172.21.15.6:6800/860696411,v1:172.21.15.6:6801/860696411] conn(0x7f7f680325e0 0x7f7f68034aa0 secure :-1 s=READY pgs=5 cs=0 l=1 rev1=1 rx=0x7f7f6c009780 tx=0x7f7f6c006cc0).stop
2024-03-12T16:01:04.349 INFO:teuthology.orchestra.run.smithi006.stderr:/usr/bin/ceph:
2024-03-12T16:01:04.337+0000 7f7f83844700 1 -- 172.21.15.6:0/2565097105 >> [v2:172.21.15.6:3300/0,v1:172.21.15.6:6789/0] conn(0x7f7f7c0fe640 msgr2=0x7f7f7c10bd80 secure :-1 s=STATE_CONNECTION_ESTABLISHED l=1).mark_down
2024-03-12T16:01:04.349 INFO:teuthology.orchestra.run.smithi006.stderr:/usr/bin/ceph:
2024-03-12T16:01:04.337+0000 7f7f83844700 1 --2- 172.21.15.6:0/2565097105 >> [v2:172.21.15.6:3300/0,v1:172.21.15.6:6789/0] conn(0x7f7f7c0fe640 0x7f7f7c10bd80 secure :-1 s=READY pgs=15 cs=0 l=1 rev1=1 rx=0x7f7f78009340 tx=0x7f7f780090f0).stop
2024-03-12T16:01:04.349 INFO:teuthology.orchestra.run.smithi006.stderr:/usr/bin/ceph:
2024-03-12T16:01:04.337+0000 7f7f83844700 1 -- 172.21.15.6:0/2565097105 shutdown_connections
2024-03-12T16:01:04.349 INFO:teuthology.orchestra.run.smithi006.stderr:/usr/bin/ceph:
2024-03-12T16:01:04.337+0000 7f7f83844700 1 --2- 172.21.15.6:0/2565097105 >> [v2:172.21.15.6:6800/860696411,v1:172.21.15.6:6801/860696411] conn(0x7f7f680325e0 0x7f7f68034aa0 unknown :-1 s=CLOSED pgs=5 cs=0 l=1 rev1=1 rx=0 tx=0).stop
2024-03-12T16:01:04.349 INFO:teuthology.orchestra.run.smithi006.stderr:/usr/bin/ceph:
2024-03-12T16:01:04.337+0000 7f7f83844700 1 --2- 172.21.15.6:0/2565097105 >> [v2:172.21.15.6:3300/0,v1:172.21.15.6:6789/0] conn(0x7f7f7c0fe640 0x7f7f7c10bd80 unknown :-1 s=CLOSED pgs=15 cs=0 l=1 rev1=1 rx=0 tx=0).stop
2024-03-12T16:01:04.349 INFO:teuthology.orchestra.run.smithi006.stderr:/usr/bin/ceph:
2024-03-12T16:01:04.337+0000 7f7f83844700 1 -- 172.21.15.6:0/2565097105 >> 172.21.15.6:0/2565097105 conn(0x7f7f7c0f6e20 msgr2=0x7f7f7c100430 unknown :-1 s=STATE_NONE l=0).mark_down
2024-03-12T16:01:04.349 INFO:teuthology.orchestra.run.smithi006.stderr:/usr/bin/ceph:
2024-03-12T16:01:04.337+0000 7f7f83844700 1 -- 172.21.15.6:0/2565097105 shutdown_connections
2024-03-12T16:01:04.349 INFO:teuthology.orchestra.run.smithi006.stderr:/usr/bin/ceph:
2024-03-12T16:01:04.337+0000 7f7f83844700 1 -- 172.21.15.6:0/2565097105 wait complete.
2024-03-12T16:01:04.652 INFO:journalctl@ceph.mon.smithi006.smithi006.stdout:Mar 12 16:01:04 smithi006 ceph-88d7ee42-e089-11ee-95c8-87774f69a715-mon-smithi006[39682]: audit
2024-03-12T16:01:04.336674+0000 mon.smithi006 (mon.0) 24 : audit [DBG] from='client.? 172.21.15.6:0/2565097105' entity='client.admin' cmd=[{"prefix": "status", "format": "json-pretty"}]: dispatch
2024-03-12T16:01:04.948 INFO:teuthology.orchestra.run.smithi006.stderr:mgr is available
2024-03-12T16:01:05.523 INFO:teuthology.orchestra.run.smithi006.stderr:/usr/bin/ceph:
2024-03-12T16:01:05.515+0000 7fb7ee557700 1 Processor -- start
2024-03-12T16:01:05.524 INFO:teuthology.orchestra.run.smithi006.stderr:/usr/bin/ceph:
2024-03-12T16:01:05.515+0000 7fb7ee557700 1 -- start start
2024-03-12T16:01:05.524 INFO:teuthology.orchestra.run.smithi006.stderr:/usr/bin/ceph:
2024-03-12T16:01:05.515+0000 7fb7ee557700 1 --2- >> [v2:172.21.15.6:3300/0,v1:172.21.15.6:6789/0] conn(0x7fb7e80fbed0 0x7fb7e80fc2f0 unknown :-1 s=NONE pgs=0 cs=0 l=0 rev1=0 rx=0 tx=0).connect
2024-03-12T16:01:05.524 INFO:teuthology.orchestra.run.smithi006.stderr:/usr/bin/ceph:
2024-03-12T16:01:05.515+0000 7fb7ee557700 1 -- --> [v2:172.21.15.6:3300/0,v1:172.21.15.6:6789/0] -- mon_getmap magic: 0 v1 -- 0x7fb7e80fc7e0 con 0x7fb7e80fbed0
2024-03-12T16:01:05.524 INFO:teuthology.orchestra.run.smithi006.stderr:/usr/bin/ceph:
2024-03-12T16:01:05.515+0000 7fb7e7fff700 1 --2- >> [v2:172.21.15.6:3300/0,v1:172.21.15.6:6789/0] conn(0x7fb7e80fbed0 0x7fb7e80fc2f0 unknown :-1 s=BANNER_CONNECTING pgs=0 cs=0 l=0 rev1=0 rx=0 tx=0)._handle_peer_banner_payload supported=1 required=0
2024-03-12T16:01:05.524 INFO:teuthology.orchestra.run.smithi006.stderr:/usr/bin/ceph:
2024-03-12T16:01:05.515+0000 7fb7e7fff700 1 --2- >> [v2:172.21.15.6:3300/0,v1:172.21.15.6:6789/0] conn(0x7fb7e80fbed0 0x7fb7e80fc2f0 unknown :-1 s=HELLO_CONNECTING pgs=0 cs=0 l=0 rev1=1 rx=0 tx=0).handle_hello peer v2:172.21.15.6:3300/0 says I am v2:172.21.15.6:53342/0 (socket says 172.21.15.6:53342)
2024-03-12T16:01:05.524 INFO:teuthology.orchestra.run.smithi006.stderr:/usr/bin/ceph:
2024-03-12T16:01:05.516+0000 7fb7e7fff700 1 -- 172.21.15.6:0/4265086046 learned_addr learned my addr 172.21.15.6:0/4265086046 (peer_addr_for_me v2:172.21.15.6:0/0)
2024-03-12T16:01:05.524 INFO:teuthology.orchestra.run.smithi006.stderr:/usr/bin/ceph:
2024-03-12T16:01:05.516+0000 7fb7e7fff700 1 -- 172.21.15.6:0/4265086046 --> [v2:172.21.15.6:3300/0,v1:172.21.15.6:6789/0] -- mon_subscribe({config=0+,monmap=0+}) v3 -- 0x7fb7e80fc920 con 0x7fb7e80fbed0
2024-03-12T16:01:05.525 INFO:teuthology.orchestra.run.smithi006.stderr:/usr/bin/ceph:
2024-03-12T16:01:05.516+0000 7fb7e7fff700 1 --2- 172.21.15.6:0/4265086046 >> [v2:172.21.15.6:3300/0,v1:172.21.15.6:6789/0] conn(0x7fb7e80fbed0 0x7fb7e80fc2f0 secure :-1 s=READY pgs=16 cs=0 l=1 rev1=1 rx=0x7fb7d8009730 tx=0x7fb7d80090f0).ready entity=mon.0 client_cookie=8c93018b5c4b3090 server_cookie=0 in_seq=0 out_seq=0
2024-03-12T16:01:05.525 INFO:teuthology.orchestra.run.smithi006.stderr:/usr/bin/ceph:
2024-03-12T16:01:05.516+0000 7fb7e6ffd700 1 -- 172.21.15.6:0/4265086046 <== mon.0 v2:172.21.15.6:3300/0 1 ==== mon_map magic: 0 v1 ==== 229+0+0 (secure 0 0 0) 0x7fb7d800b6e0 con 0x7fb7e80fbed0
2024-03-12T16:01:05.525 INFO:teuthology.orchestra.run.smithi006.stderr:/usr/bin/ceph:
2024-03-12T16:01:05.516+0000 7fb7e6ffd700 1 -- 172.21.15.6:0/4265086046 <== mon.0 v2:172.21.15.6:3300/0 2 ==== config(25 keys) v1 ==== 982+0+0 (secure 0 0 0) 0x7fb7d800bc90 con 0x7fb7e80fbed0
2024-03-12T16:01:05.525 INFO:teuthology.orchestra.run.smithi006.stderr:/usr/bin/ceph:
2024-03-12T16:01:05.516+0000 7fb7e6ffd700 1 -- 172.21.15.6:0/4265086046 <== mon.0 v2:172.21.15.6:3300/0 3 ==== mon_map magic: 0 v1 ==== 229+0+0 (secure 0 0 0) 0x7fb7d8011c70 con 0x7fb7e80fbed0
2024-03-12T16:01:05.525 INFO:teuthology.orchestra.run.smithi006.stderr:/usr/bin/ceph:
2024-03-12T16:01:05.517+0000 7fb7ee557700 1 -- 172.21.15.6:0/4265086046 >> [v2:172.21.15.6:3300/0,v1:172.21.15.6:6789/0] conn(0x7fb7e80fbed0 msgr2=0x7fb7e80fc2f0 secure :-1 s=STATE_CONNECTION_ESTABLISHED l=1).mark_down
2024-03-12T16:01:05.525 INFO:teuthology.orchestra.run.smithi006.stderr:/usr/bin/ceph:
2024-03-12T16:01:05.517+0000 7fb7ee557700 1 --2- 172.21.15.6:0/4265086046 >> [v2:172.21.15.6:3300/0,v1:172.21.15.6:6789/0] conn(0x7fb7e80fbed0 0x7fb7e80fc2f0 secure :-1 s=READY pgs=16 cs=0 l=1 rev1=1 rx=0x7fb7d8009730 tx=0x7fb7d80090f0).stop
2024-03-12T16:01:05.525 INFO:teuthology.orchestra.run.smithi006.stderr:/usr/bin/ceph:
2024-03-12T16:01:05.517+0000 7fb7ee557700 1 -- 172.21.15.6:0/4265086046 shutdown_connections
2024-03-12T16:01:05.526 INFO:teuthology.orchestra.run.smithi006.stderr:/usr/bin/ceph:
2024-03-12T16:01:05.517+0000 7fb7ee557700 1 --2- 172.21.15.6:0/4265086046 >> [v2:172.21.15.6:3300/0,v1:172.21.15.6:6789/0] conn(0x7fb7e80fbed0 0x7fb7e80fc2f0 unknown :-1 s=CLOSED pgs=16 cs=0 l=1 rev1=1 rx=0 tx=0).stop
2024-03-12T16:01:05.526 INFO:teuthology.orchestra.run.smithi006.stderr:/usr/bin/ceph:
2024-03-12T16:01:05.517+0000 7fb7ee557700 1 -- 172.21.15.6:0/4265086046 >> 172.21.15.6:0/4265086046 conn(0x7fb7e80f76f0 msgr2=0x7fb7e80f9b10 unknown :-1 s=STATE_NONE l=0).mark_down
2024-03-12T16:01:05.526 INFO:teuthology.orchestra.run.smithi006.stderr:/usr/bin/ceph:
2024-03-12T16:01:05.517+0000 7fb7ee557700 1 -- 172.21.15.6:0/4265086046 shutdown_connections
2024-03-12T16:01:05.526 INFO:teuthology.orchestra.run.smithi006.stderr:/usr/bin/ceph:
2024-03-12T16:01:05.517+0000 7fb7ee557700 1 -- 172.21.15.6:0/4265086046 wait complete.
2024-03-12T16:01:05.526 INFO:teuthology.orchestra.run.smithi006.stderr:/usr/bin/ceph:
2024-03-12T16:01:05.517+0000 7fb7ee557700 1 Processor -- start
2024-03-12T16:01:05.526 INFO:teuthology.orchestra.run.smithi006.stderr:/usr/bin/ceph:
2024-03-12T16:01:05.517+0000 7fb7ee557700 1 -- start start
2024-03-12T16:01:05.526 INFO:teuthology.orchestra.run.smithi006.stderr:/usr/bin/ceph:
2024-03-12T16:01:05.518+0000 7fb7ee557700 1 --2- >> [v2:172.21.15.6:3300/0,v1:172.21.15.6:6789/0] conn(0x7fb7e80fbed0 0x7fb7e810be00 unknown :-1 s=NONE pgs=0 cs=0 l=1 rev1=0 rx=0 tx=0).connect
2024-03-12T16:01:05.526 INFO:teuthology.orchestra.run.smithi006.stderr:/usr/bin/ceph:
2024-03-12T16:01:05.518+0000 7fb7ee557700 1 -- --> [v2:172.21.15.6:3300/0,v1:172.21.15.6:6789/0] -- mon_getmap magic: 0 v1 -- 0x7fb7e810c2f0 con 0x7fb7e80fbed0
2024-03-12T16:01:05.527 INFO:teuthology.orchestra.run.smithi006.stderr:/usr/bin/ceph:
2024-03-12T16:01:05.518+0000 7fb7e7fff700 1 --2- >> [v2:172.21.15.6:3300/0,v1:172.21.15.6:6789/0] conn(0x7fb7e80fbed0 0x7fb7e810be00 unknown :-1 s=BANNER_CONNECTING pgs=0 cs=0 l=1 rev1=0 rx=0 tx=0)._handle_peer_banner_payload supported=1 required=0
2024-03-12T16:01:05.527 INFO:teuthology.orchestra.run.smithi006.stderr:/usr/bin/ceph:
2024-03-12T16:01:05.518+0000 7fb7e7fff700 1 --2- >> [v2:172.21.15.6:3300/0,v1:172.21.15.6:6789/0] conn(0x7fb7e80fbed0 0x7fb7e810be00 unknown :-1 s=HELLO_CONNECTING pgs=0 cs=0 l=1 rev1=1 rx=0 tx=0).handle_hello peer v2:172.21.15.6:3300/0 says I am v2:172.21.15.6:53344/0 (socket says 172.21.15.6:53344)
2024-03-12T16:01:05.527 INFO:teuthology.orchestra.run.smithi006.stderr:/usr/bin/ceph:
2024-03-12T16:01:05.518+0000 7fb7e7fff700 1 -- 172.21.15.6:0/412687264 learned_addr learned my addr 172.21.15.6:0/412687264 (peer_addr_for_me v2:172.21.15.6:0/0)
2024-03-12T16:01:05.527 INFO:teuthology.orchestra.run.smithi006.stderr:/usr/bin/ceph:
2024-03-12T16:01:05.518+0000 7fb7e7fff700 1 -- 172.21.15.6:0/412687264 --> [v2:172.21.15.6:3300/0,v1:172.21.15.6:6789/0] -- mon_subscribe({config=0+,monmap=0+}) v3 -- 0x7fb7d8009370 con 0x7fb7e80fbed0
2024-03-12T16:01:05.527 INFO:teuthology.orchestra.run.smithi006.stderr:/usr/bin/ceph:
2024-03-12T16:01:05.518+0000 7fb7e7fff700 1 --2- 172.21.15.6:0/412687264 >> [v2:172.21.15.6:3300/0,v1:172.21.15.6:6789/0] conn(0x7fb7e80fbed0 0x7fb7e810be00 secure :-1 s=READY pgs=17 cs=0 l=1 rev1=1 rx=0x7fb7d80115c0 tx=0x7fb7d80090f0).ready entity=mon.0 client_cookie=0 server_cookie=0 in_seq=0 out_seq=0
2024-03-12T16:01:05.527 INFO:teuthology.orchestra.run.smithi006.stderr:/usr/bin/ceph:
2024-03-12T16:01:05.518+0000 7fb7e57fa700 1 -- 172.21.15.6:0/412687264 <== mon.0 v2:172.21.15.6:3300/0 1 ==== mon_map magic: 0 v1 ==== 229+0+0 (secure 0 0 0) 0x7fb7d801a610 con 0x7fb7e80fbed0
2024-03-12T16:01:05.527 INFO:teuthology.orchestra.run.smithi006.stderr:/usr/bin/ceph:
2024-03-12T16:01:05.518+0000 7fb7e57fa700 1 -- 172.21.15.6:0/412687264 <== mon.0 v2:172.21.15.6:3300/0 2 ==== config(25 keys) v1 ==== 982+0+0 (secure 0 0 0) 0x7fb7d801abc0 con 0x7fb7e80fbed0
2024-03-12T16:01:05.527 INFO:teuthology.orchestra.run.smithi006.stderr:/usr/bin/ceph:
2024-03-12T16:01:05.518+0000 7fb7ee557700 1 -- 172.21.15.6:0/412687264 --> [v2:172.21.15.6:3300/0,v1:172.21.15.6:6789/0] -- mon_subscribe({mgrmap=0+}) v3 -- 0x7fb7e810c4f0 con 0x7fb7e80fbed0
2024-03-12T16:01:05.528 INFO:teuthology.orchestra.run.smithi006.stderr:/usr/bin/ceph:
2024-03-12T16:01:05.519+0000 7fb7e57fa700 1 -- 172.21.15.6:0/412687264 <== mon.0 v2:172.21.15.6:3300/0 3 ==== mon_map magic: 0 v1 ==== 229+0+0 (secure 0 0 0) 0x7fb7d8022a40 con 0x7fb7e80fbed0
2024-03-12T16:01:05.528 INFO:teuthology.orchestra.run.smithi006.stderr:/usr/bin/ceph:
2024-03-12T16:01:05.519+0000 7fb7ee557700 1 -- 172.21.15.6:0/412687264 --> [v2:172.21.15.6:3300/0,v1:172.21.15.6:6789/0] -- mon_subscribe({osdmap=0}) v3 -- 0x7fb7e810c900 con 0x7fb7e80fbed0
2024-03-12T16:01:05.528 INFO:teuthology.orchestra.run.smithi006.stderr:/usr/bin/ceph:
2024-03-12T16:01:05.520+0000 7fb7ee557700 1 -- 172.21.15.6:0/412687264 --> [v2:172.21.15.6:3300/0,v1:172.21.15.6:6789/0] -- mon_command({"prefix": "get_command_descriptions"} v 0) v1 -- 0x7fb7e8046ce0 con 0x7fb7e80fbed0
2024-03-12T16:01:05.528 INFO:teuthology.orchestra.run.smithi006.stderr:/usr/bin/ceph:
2024-03-12T16:01:05.520+0000 7fb7e57fa700 1 -- 172.21.15.6:0/412687264 <== mon.0 v2:172.21.15.6:3300/0 4 ==== mgrmap(e 4) v1 ==== 38621+0+0 (secure 0 0 0) 0x7fb7d8022cb0 con 0x7fb7e80fbed0
2024-03-12T16:01:05.528 INFO:teuthology.orchestra.run.smithi006.stderr:/usr/bin/ceph:
2024-03-12T16:01:05.520+0000 7fb7e57fa700 1 --2- 172.21.15.6:0/412687264 >> [v2:172.21.15.6:6800/860696411,v1:172.21.15.6:6801/860696411] conn(0x7fb7d00325e0 0x7fb7d0034aa0 unknown :-1 s=NONE pgs=0 cs=0 l=1 rev1=0 rx=0 tx=0).connect
2024-03-12T16:01:05.528 INFO:teuthology.orchestra.run.smithi006.stderr:/usr/bin/ceph:
2024-03-12T16:01:05.520+0000 7fb7e57fa700 1 -- 172.21.15.6:0/412687264 <== mon.0 v2:172.21.15.6:3300/0 5 ==== osd_map(1..1 src has 1..1) v4 ==== 721+0+0 (secure 0 0 0) 0x7fb7d8044670 con 0x7fb7e80fbed0
2024-03-12T16:01:05.528 INFO:teuthology.orchestra.run.smithi006.stderr:/usr/bin/ceph:
2024-03-12T16:01:05.520+0000 7fb7e77fe700 1 --2- 172.21.15.6:0/412687264 >> [v2:172.21.15.6:6800/860696411,v1:172.21.15.6:6801/860696411] conn(0x7fb7d00325e0 0x7fb7d0034aa0 unknown :-1 s=BANNER_CONNECTING pgs=0 cs=0 l=1 rev1=0 rx=0 tx=0)._handle_peer_banner_payload supported=1 required=0
2024-03-12T16:01:05.528 INFO:teuthology.orchestra.run.smithi006.stderr:/usr/bin/ceph:
2024-03-12T16:01:05.521+0000 7fb7e77fe700 1 --2- 172.21.15.6:0/412687264 >> [v2:172.21.15.6:6800/860696411,v1:172.21.15.6:6801/860696411] conn(0x7fb7d00325e0 0x7fb7d0034aa0 secure :-1 s=READY pgs=6 cs=0 l=1 rev1=1 rx=0x7fb7dc009780 tx=0x7fb7dc006cc0).ready entity=mgr.14100 client_cookie=0 server_cookie=0 in_seq=0 out_seq=0
2024-03-12T16:01:05.529 INFO:teuthology.orchestra.run.smithi006.stderr:/usr/bin/ceph:
2024-03-12T16:01:05.525+0000 7fb7e57fa700 1 -- 172.21.15.6:0/412687264 <== mon.0 v2:172.21.15.6:3300/0 6 ==== mon_command_ack([{"prefix": "get_command_descriptions"}]=0 v0) v1 ==== 72+0+163658 (secure 0 0 0) 0x7fb7d802bd20 con 0x7fb7e80fbed0
2024-03-12T16:01:05.702 INFO:teuthology.orchestra.run.smithi006.stderr:/usr/bin/ceph:
2024-03-12T16:01:05.697+0000 7fb7ee557700 1 -- 172.21.15.6:0/412687264 --> [v2:172.21.15.6:3300/0,v1:172.21.15.6:6789/0] -- mon_command({"prefix": "config assimilate-conf"} v 0) v1 -- 0x7fb7e8105e40 con 0x7fb7e80fbed0
2024-03-12T16:01:05.703 INFO:teuthology.orchestra.run.smithi006.stderr:/usr/bin/ceph:
2024-03-12T16:01:05.698+0000 7fb7e57fa700 1 -- 172.21.15.6:0/412687264 <== mon.0 v2:172.21.15.6:3300/0 7 ==== mon_command_ack([{"prefix": "config assimilate-conf"}]=0 v3) v1 ==== 70+0+398 (secure 0 0 0) 0x7fb7d801e030 con 0x7fb7e80fbed0
2024-03-12T16:01:05.703 INFO:teuthology.orchestra.run.smithi006.stderr:/usr/bin/ceph:
2024-03-12T16:01:05.703 INFO:teuthology.orchestra.run.smithi006.stderr:/usr/bin/ceph: [global]
2024-03-12T16:01:05.703 INFO:teuthology.orchestra.run.smithi006.stderr:/usr/bin/ceph: fsid = 88d7ee42-e089-11ee-95c8-87774f69a715
2024-03-12T16:01:05.703 INFO:teuthology.orchestra.run.smithi006.stderr:/usr/bin/ceph: log_to_journald = false
2024-03-12T16:01:05.703 INFO:teuthology.orchestra.run.smithi006.stderr:/usr/bin/ceph: mon_osd_allow_pg_remap = true
2024-03-12T16:01:05.703 INFO:teuthology.orchestra.run.smithi006.stderr:/usr/bin/ceph: mon_osd_allow_primary_affinity = true
2024-03-12T16:01:05.703 INFO:teuthology.orchestra.run.smithi006.stderr:/usr/bin/ceph: mon_warn_on_no_sortbitwise = false
2024-03-12T16:01:05.703 INFO:teuthology.orchestra.run.smithi006.stderr:/usr/bin/ceph: osd_crush_chooseleaf_type = 0
2024-03-12T16:01:05.703 INFO:teuthology.orchestra.run.smithi006.stderr:/usr/bin/ceph:
2024-03-12T16:01:05.703 INFO:teuthology.orchestra.run.smithi006.stderr:/usr/bin/ceph: [mgr]
2024-03-12T16:01:05.703 INFO:teuthology.orchestra.run.smithi006.stderr:/usr/bin/ceph: mgr/telemetry/nag = false
2024-03-12T16:01:05.703 INFO:teuthology.orchestra.run.smithi006.stderr:/usr/bin/ceph:
2024-03-12T16:01:05.703 INFO:teuthology.orchestra.run.smithi006.stderr:/usr/bin/ceph: [osd]
2024-03-12T16:01:05.703 INFO:teuthology.orchestra.run.smithi006.stderr:/usr/bin/ceph: mon_osd_backfillfull_ratio = 0.85
2024-03-12T16:01:05.704 INFO:teuthology.orchestra.run.smithi006.stderr:/usr/bin/ceph: mon_osd_full_ratio = 0.9
2024-03-12T16:01:05.704 INFO:teuthology.orchestra.run.smithi006.stderr:/usr/bin/ceph: mon_osd_nearfull_ratio = 0.8
2024-03-12T16:01:05.704 INFO:teuthology.orchestra.run.smithi006.stderr:/usr/bin/ceph: osd_map_max_advance = 10
2024-03-12T16:01:05.704 INFO:teuthology.orchestra.run.smithi006.stderr:/usr/bin/ceph: osd_sloppy_crc = true
2024-03-12T16:01:05.704 INFO:teuthology.orchestra.run.smithi006.stderr:/usr/bin/ceph:
2024-03-12T16:01:05.699+0000 7fb7ee557700 1 -- 172.21.15.6:0/412687264 >> [v2:172.21.15.6:6800/860696411,v1:172.21.15.6:6801/860696411] conn(0x7fb7d00325e0 msgr2=0x7fb7d0034aa0 secure :-1 s=STATE_CONNECTION_ESTABLISHED l=1).mark_down
2024-03-12T16:01:05.704 INFO:teuthology.orchestra.run.smithi006.stderr:/usr/bin/ceph:
2024-03-12T16:01:05.699+0000 7fb7ee557700 1 --2- 172.21.15.6:0/412687264 >> [v2:172.21.15.6:6800/860696411,v1:172.21.15.6:6801/860696411] conn(0x7fb7d00325e0 0x7fb7d0034aa0 secure :-1 s=READY pgs=6 cs=0 l=1 rev1=1 rx=0x7fb7dc009780 tx=0x7fb7dc006cc0).stop
2024-03-12T16:01:05.704 INFO:teuthology.orchestra.run.smithi006.stderr:/usr/bin/ceph:
2024-03-12T16:01:05.699+0000 7fb7ee557700 1 -- 172.21.15.6:0/412687264 >> [v2:172.21.15.6:3300/0,v1:172.21.15.6:6789/0] conn(0x7fb7e80fbed0 msgr2=0x7fb7e810be00 secure :-1 s=STATE_CONNECTION_ESTABLISHED l=1).mark_down
2024-03-12T16:01:05.704 INFO:teuthology.orchestra.run.smithi006.stderr:/usr/bin/ceph:
2024-03-12T16:01:05.699+0000 7fb7ee557700 1 --2- 172.21.15.6:0/412687264 >> [v2:172.21.15.6:3300/0,v1:172.21.15.6:6789/0] conn(0x7fb7e80fbed0 0x7fb7e810be00 secure :-1 s=READY pgs=17 cs=0 l=1 rev1=1 rx=0x7fb7d80115c0 tx=0x7fb7d80090f0).stop
2024-03-12T16:01:05.704 INFO:teuthology.orchestra.run.smithi006.stderr:/usr/bin/ceph:
2024-03-12T16:01:05.699+0000 7fb7ee557700 1 -- 172.21.15.6:0/412687264 shutdown_connections
2024-03-12T16:01:05.704 INFO:teuthology.orchestra.run.smithi006.stderr:/usr/bin/ceph:
2024-03-12T16:01:05.699+0000 7fb7ee557700 1 --2- 172.21.15.6:0/412687264 >> [v2:172.21.15.6:6800/860696411,v1:172.21.15.6:6801/860696411] conn(0x7fb7d00325e0 0x7fb7d0034aa0 unknown :-1 s=CLOSED pgs=6 cs=0 l=1 rev1=1 rx=0 tx=0).stop
2024-03-12T16:01:05.705 INFO:teuthology.orchestra.run.smithi006.stderr:/usr/bin/ceph:
2024-03-12T16:01:05.699+0000 7fb7ee557700 1 --2- 172.21.15.6:0/412687264 >> [v2:172.21.15.6:3300/0,v1:172.21.15.6:6789/0] conn(0x7fb7e80fbed0 0x7fb7e810be00 unknown :-1 s=CLOSED pgs=17 cs=0 l=1 rev1=1 rx=0 tx=0).stop
2024-03-12T16:01:05.705 INFO:teuthology.orchestra.run.smithi006.stderr:/usr/bin/ceph:
2024-03-12T16:01:05.699+0000 7fb7ee557700 1 -- 172.21.15.6:0/412687264 >> 172.21.15.6:0/412687264 conn(0x7fb7e80f76f0 msgr2=0x7fb7e8071910 unknown :-1 s=STATE_NONE l=0).mark_down
2024-03-12T16:01:05.705 INFO:teuthology.orchestra.run.smithi006.stderr:/usr/bin/ceph:
2024-03-12T16:01:05.700+0000 7fb7ee557700 1 -- 172.21.15.6:0/412687264 shutdown_connections
2024-03-12T16:01:05.705 INFO:teuthology.orchestra.run.smithi006.stderr:/usr/bin/ceph:
2024-03-12T16:01:05.700+0000 7fb7ee557700 1 -- 172.21.15.6:0/412687264 wait complete.
2024-03-12T16:01:06.067 INFO:journalctl@ceph.mon.smithi006.smithi006.stdout:Mar 12 16:01:05 smithi006 ceph-88d7ee42-e089-11ee-95c8-87774f69a715-mon-smithi006[39682]: audit
2024-03-12T16:01:05.698846+0000 mon.smithi006 (mon.0) 25 : audit [INF] from='client.? 172.21.15.6:0/412687264' entity='client.admin' cmd=[{"prefix": "config assimilate-conf"}]: dispatch
2024-03-12T16:01:06.305 INFO:teuthology.orchestra.run.smithi006.stderr:Enabling cephadm module...
2024-03-12T16:01:06.828 INFO:teuthology.orchestra.run.smithi006.stderr:/usr/bin/ceph:
2024-03-12T16:01:06.823+0000 7f30b393f700 1 Processor -- start
2024-03-12T16:01:06.828 INFO:teuthology.orchestra.run.smithi006.stderr:/usr/bin/ceph:
2024-03-12T16:01:06.824+0000 7f30b393f700 1 -- start start
2024-03-12T16:01:06.828 INFO:teuthology.orchestra.run.smithi006.stderr:/usr/bin/ceph:
2024-03-12T16:01:06.824+0000 7f30b393f700 1 --2- >> [v2:172.21.15.6:3300/0,v1:172.21.15.6:6789/0] conn(0x7f30ac071c60 0x7f30ac0ffc30 unknown :-1 s=NONE pgs=0 cs=0 l=0 rev1=0 rx=0 tx=0).connect
2024-03-12T16:01:06.828 INFO:teuthology.orchestra.run.smithi006.stderr:/usr/bin/ceph:
2024-03-12T16:01:06.824+0000 7f30b393f700 1 -- --> [v2:172.21.15.6:3300/0,v1:172.21.15.6:6789/0] -- mon_getmap magic: 0 v1 -- 0x7f30ac100120 con 0x7f30ac071c60
2024-03-12T16:01:06.829 INFO:teuthology.orchestra.run.smithi006.stderr:/usr/bin/ceph:
2024-03-12T16:01:06.824+0000 7f30b16db700 1 --2- >> [v2:172.21.15.6:3300/0,v1:172.21.15.6:6789/0] conn(0x7f30ac071c60 0x7f30ac0ffc30 unknown :-1 s=BANNER_CONNECTING pgs=0 cs=0 l=0 rev1=0 rx=0 tx=0)._handle_peer_banner_payload supported=1 required=0
2024-03-12T16:01:06.829 INFO:teuthology.orchestra.run.smithi006.stderr:/usr/bin/ceph:
2024-03-12T16:01:06.824+0000 7f30b16db700 1 --2- >> [v2:172.21.15.6:3300/0,v1:172.21.15.6:6789/0] conn(0x7f30ac071c60 0x7f30ac0ffc30 unknown :-1 s=HELLO_CONNECTING pgs=0 cs=0 l=0 rev1=1 rx=0 tx=0).handle_hello peer v2:172.21.15.6:3300/0 says I am v2:172.21.15.6:53356/0 (socket says 172.21.15.6:53356)
2024-03-12T16:01:06.829 INFO:teuthology.orchestra.run.smithi006.stderr:/usr/bin/ceph:
2024-03-12T16:01:06.824+0000 7f30b16db700 1 -- 172.21.15.6:0/2787230829 learned_addr learned my addr 172.21.15.6:0/2787230829 (peer_addr_for_me v2:172.21.15.6:0/0)
2024-03-12T16:01:06.829 INFO:teuthology.orchestra.run.smithi006.stderr:/usr/bin/ceph:
2024-03-12T16:01:06.824+0000 7f30b16db700 1 -- 172.21.15.6:0/2787230829 --> [v2:172.21.15.6:3300/0,v1:172.21.15.6:6789/0] -- mon_subscribe({config=0+,monmap=0+}) v3 -- 0x7f30ac100260 con 0x7f30ac071c60
2024-03-12T16:01:06.829 INFO:teuthology.orchestra.run.smithi006.stderr:/usr/bin/ceph:
2024-03-12T16:01:06.824+0000 7f30b16db700 1 --2- 172.21.15.6:0/2787230829 >> [v2:172.21.15.6:3300/0,v1:172.21.15.6:6789/0] conn(0x7f30ac071c60 0x7f30ac0ffc30 secure :-1 s=READY pgs=18 cs=0 l=1 rev1=1 rx=0x7f30a8009730 tx=0x7f30a80090f0).ready entity=mon.0 client_cookie=e643b62db5cfaffb server_cookie=0 in_seq=0 out_seq=0
2024-03-12T16:01:06.829 INFO:teuthology.orchestra.run.smithi006.stderr:/usr/bin/ceph:
2024-03-12T16:01:06.825+0000 7f309ffff700 1 -- 172.21.15.6:0/2787230829 <== mon.0 v2:172.21.15.6:3300/0 1 ==== mon_map magic: 0 v1 ==== 229+0+0 (secure 0 0 0) 0x7f30a800b6e0 con 0x7f30ac071c60
2024-03-12T16:01:06.829 INFO:teuthology.orchestra.run.smithi006.stderr:/usr/bin/ceph:
2024-03-12T16:01:06.825+0000 7f309ffff700 1 -- 172.21.15.6:0/2787230829 <== mon.0 v2:172.21.15.6:3300/0 2 ==== config(25 keys) v1 ==== 982+0+0 (secure 0 0 0) 0x7f30a800bc90 con 0x7f30ac071c60
2024-03-12T16:01:06.829 INFO:teuthology.orchestra.run.smithi006.stderr:/usr/bin/ceph:
2024-03-12T16:01:06.825+0000 7f309ffff700 1 -- 172.21.15.6:0/2787230829 <== mon.0 v2:172.21.15.6:3300/0 3 ==== mon_map magic: 0 v1 ==== 229+0+0 (secure 0 0 0) 0x7f30a8011c70 con 0x7f30ac071c60
2024-03-12T16:01:06.829 INFO:teuthology.orchestra.run.smithi006.stderr:/usr/bin/ceph:
2024-03-12T16:01:06.825+0000 7f30b393f700 1 -- 172.21.15.6:0/2787230829 >> [v2:172.21.15.6:3300/0,v1:172.21.15.6:6789/0] conn(0x7f30ac071c60 msgr2=0x7f30ac0ffc30 secure :-1 s=STATE_CONNECTION_ESTABLISHED l=1).mark_down
2024-03-12T16:01:06.829 INFO:teuthology.orchestra.run.smithi006.stderr:/usr/bin/ceph:
2024-03-12T16:01:06.825+0000 7f30b393f700 1 --2- 172.21.15.6:0/2787230829 >> [v2:172.21.15.6:3300/0,v1:172.21.15.6:6789/0] conn(0x7f30ac071c60 0x7f30ac0ffc30 secure :-1 s=READY pgs=18 cs=0 l=1 rev1=1 rx=0x7f30a8009730 tx=0x7f30a80090f0).stop
2024-03-12T16:01:06.829 INFO:teuthology.orchestra.run.smithi006.stderr:/usr/bin/ceph:
2024-03-12T16:01:06.825+0000 7f30b393f700 1 -- 172.21.15.6:0/2787230829 shutdown_connections
2024-03-12T16:01:06.829 INFO:teuthology.orchestra.run.smithi006.stderr:/usr/bin/ceph:
