2024-03-12T16:01:34.054 INFO:teuthology.orchestra.run.smithi006.stderr:/usr/bin/ceph:
2024-03-12T16:01:34.050+0000 7fab2a0d5700 1 --2- 172.21.15.6:0/1765030044 >> [v2:172.21.15.6:3300/0,v1:172.21.15.6:6789/0] conn(0x7fab240fbed0 0x7fab240fc2f0 secure :-1 s=READY pgs=55 cs=0 l=1 rev1=1 rx=0x7fab14009730 tx=0x7fab140090f0).stop
2024-03-12T16:01:34.054 INFO:teuthology.orchestra.run.smithi006.stderr:/usr/bin/ceph:
2024-03-12T16:01:34.050+0000 7fab2a0d5700 1 -- 172.21.15.6:0/1765030044 shutdown_connections
2024-03-12T16:01:34.054 INFO:teuthology.orchestra.run.smithi006.stderr:/usr/bin/ceph:
2024-03-12T16:01:34.050+0000 7fab2a0d5700 1 --2- 172.21.15.6:0/1765030044 >> [v2:172.21.15.6:3300/0,v1:172.21.15.6:6789/0] conn(0x7fab240fbed0 0x7fab240fc2f0 unknown :-1 s=CLOSED pgs=55 cs=0 l=1 rev1=1 rx=0 tx=0).stop
2024-03-12T16:01:34.054 INFO:teuthology.orchestra.run.smithi006.stderr:/usr/bin/ceph:
2024-03-12T16:01:34.050+0000 7fab2a0d5700 1 -- 172.21.15.6:0/1765030044 >> 172.21.15.6:0/1765030044 conn(0x7fab240f76f0 msgr2=0x7fab240f9b10 unknown :-1 s=STATE_NONE l=0).mark_down
2024-03-12T16:01:34.055 INFO:teuthology.orchestra.run.smithi006.stderr:/usr/bin/ceph:
2024-03-12T16:01:34.050+0000 7fab2a0d5700 1 -- 172.21.15.6:0/1765030044 shutdown_connections
2024-03-12T16:01:34.055 INFO:teuthology.orchestra.run.smithi006.stderr:/usr/bin/ceph:
2024-03-12T16:01:34.050+0000 7fab2a0d5700 1 -- 172.21.15.6:0/1765030044 wait complete.
2024-03-12T16:01:34.055 INFO:teuthology.orchestra.run.smithi006.stderr:/usr/bin/ceph:
2024-03-12T16:01:34.051+0000 7fab2a0d5700 1 Processor -- start
2024-03-12T16:01:34.055 INFO:teuthology.orchestra.run.smithi006.stderr:/usr/bin/ceph:
2024-03-12T16:01:34.051+0000 7fab2a0d5700 1 -- start start
2024-03-12T16:01:34.055 INFO:teuthology.orchestra.run.smithi006.stderr:/usr/bin/ceph:
2024-03-12T16:01:34.051+0000 7fab2a0d5700 1 --2- >> [v2:172.21.15.6:3300/0,v1:172.21.15.6:6789/0] conn(0x7fab240fbed0 0x7fab2410bea0 unknown :-1 s=NONE pgs=0 cs=0 l=1 rev1=0 rx=0 tx=0).connect
2024-03-12T16:01:34.055 INFO:teuthology.orchestra.run.smithi006.stderr:/usr/bin/ceph:
2024-03-12T16:01:34.051+0000 7fab2a0d5700 1 -- --> [v2:172.21.15.6:3300/0,v1:172.21.15.6:6789/0] -- mon_getmap magic: 0 v1 -- 0x7fab2410c390 con 0x7fab240fbed0
2024-03-12T16:01:34.055 INFO:teuthology.orchestra.run.smithi006.stderr:/usr/bin/ceph:
2024-03-12T16:01:34.051+0000 7fab237fe700 1 --2- >> [v2:172.21.15.6:3300/0,v1:172.21.15.6:6789/0] conn(0x7fab240fbed0 0x7fab2410bea0 unknown :-1 s=BANNER_CONNECTING pgs=0 cs=0 l=1 rev1=0 rx=0 tx=0)._handle_peer_banner_payload supported=1 required=0
2024-03-12T16:01:34.055 INFO:teuthology.orchestra.run.smithi006.stderr:/usr/bin/ceph:
2024-03-12T16:01:34.051+0000 7fab237fe700 1 --2- >> [v2:172.21.15.6:3300/0,v1:172.21.15.6:6789/0] conn(0x7fab240fbed0 0x7fab2410bea0 unknown :-1 s=HELLO_CONNECTING pgs=0 cs=0 l=1 rev1=1 rx=0 tx=0).handle_hello peer v2:172.21.15.6:3300/0 says I am v2:172.21.15.6:54564/0 (socket says 172.21.15.6:54564)
2024-03-12T16:01:34.055 INFO:teuthology.orchestra.run.smithi006.stderr:/usr/bin/ceph:
2024-03-12T16:01:34.051+0000 7fab237fe700 1 -- 172.21.15.6:0/914452260 learned_addr learned my addr 172.21.15.6:0/914452260 (peer_addr_for_me v2:172.21.15.6:0/0)
2024-03-12T16:01:34.056 INFO:teuthology.orchestra.run.smithi006.stderr:/usr/bin/ceph:
2024-03-12T16:01:34.051+0000 7fab237fe700 1 -- 172.21.15.6:0/914452260 --> [v2:172.21.15.6:3300/0,v1:172.21.15.6:6789/0] -- mon_subscribe({config=0+,monmap=0+}) v3 -- 0x7fab14009370 con 0x7fab240fbed0
2024-03-12T16:01:34.056 INFO:teuthology.orchestra.run.smithi006.stderr:/usr/bin/ceph:
2024-03-12T16:01:34.051+0000 7fab237fe700 1 --2- 172.21.15.6:0/914452260 >> [v2:172.21.15.6:3300/0,v1:172.21.15.6:6789/0] conn(0x7fab240fbed0 0x7fab2410bea0 secure :-1 s=READY pgs=56 cs=0 l=1 rev1=1 rx=0x7fab140118b0 tx=0x7fab140090f0).ready entity=mon.0 client_cookie=0 server_cookie=0 in_seq=0 out_seq=0
2024-03-12T16:01:34.056 INFO:teuthology.orchestra.run.smithi006.stderr:/usr/bin/ceph:
2024-03-12T16:01:34.052+0000 7fab20ff9700 1 -- 172.21.15.6:0/914452260 <== mon.0 v2:172.21.15.6:3300/0 1 ==== mon_map magic: 0 v1 ==== 229+0+0 (secure 0 0 0) 0x7fab1400be40 con 0x7fab240fbed0
2024-03-12T16:01:34.056 INFO:teuthology.orchestra.run.smithi006.stderr:/usr/bin/ceph:
2024-03-12T16:01:34.052+0000 7fab20ff9700 1 -- 172.21.15.6:0/914452260 <== mon.0 v2:172.21.15.6:3300/0 2 ==== config(25 keys) v1 ==== 1046+0+0 (secure 0 0 0) 0x7fab1400bad0 con 0x7fab240fbed0
2024-03-12T16:01:34.056 INFO:teuthology.orchestra.run.smithi006.stderr:/usr/bin/ceph:
2024-03-12T16:01:34.052+0000 7fab2a0d5700 1 -- 172.21.15.6:0/914452260 --> [v2:172.21.15.6:3300/0,v1:172.21.15.6:6789/0] -- mon_subscribe({mgrmap=0+}) v3 -- 0x7fab2410c590 con 0x7fab240fbed0
2024-03-12T16:01:34.057 INFO:teuthology.orchestra.run.smithi006.stderr:/usr/bin/ceph:
2024-03-12T16:01:34.052+0000 7fab20ff9700 1 -- 172.21.15.6:0/914452260 <== mon.0 v2:172.21.15.6:3300/0 3 ==== mon_map magic: 0 v1 ==== 229+0+0 (secure 0 0 0) 0x7fab1401aaa0 con 0x7fab240fbed0
2024-03-12T16:01:34.057 INFO:teuthology.orchestra.run.smithi006.stderr:/usr/bin/ceph:
2024-03-12T16:01:34.052+0000 7fab2a0d5700 1 -- 172.21.15.6:0/914452260 --> [v2:172.21.15.6:3300/0,v1:172.21.15.6:6789/0] -- mon_subscribe({osdmap=0}) v3 -- 0x7fab2410c9a0 con 0x7fab240fbed0
2024-03-12T16:01:34.057 INFO:teuthology.orchestra.run.smithi006.stderr:/usr/bin/ceph:
2024-03-12T16:01:34.052+0000 7fab20ff9700 1 -- 172.21.15.6:0/914452260 <== mon.0 v2:172.21.15.6:3300/0 4 ==== mgrmap(e 8) v1 ==== 38632+0+0 (secure 0 0 0) 0x7fab14023410 con 0x7fab240fbed0
2024-03-12T16:01:34.057 INFO:teuthology.orchestra.run.smithi006.stderr:/usr/bin/ceph:
2024-03-12T16:01:34.053+0000 7fab20ff9700 1 --2- 172.21.15.6:0/914452260 >> [v2:172.21.15.6:6800/344339741,v1:172.21.15.6:6801/344339741] conn(0x7fab0c032610 0x7fab0c034ad0 unknown :-1 s=NONE pgs=0 cs=0 l=1 rev1=0 rx=0 tx=0).connect
2024-03-12T16:01:34.057 INFO:teuthology.orchestra.run.smithi006.stderr:/usr/bin/ceph:
2024-03-12T16:01:34.053+0000 7fab20ff9700 1 -- 172.21.15.6:0/914452260 <== mon.0 v2:172.21.15.6:3300/0 5 ==== osd_map(2..2 src has 1..2) v4 ==== 893+0+0 (secure 0 0 0) 0x7fab14044a50 con 0x7fab240fbed0
2024-03-12T16:01:34.057 INFO:teuthology.orchestra.run.smithi006.stderr:/usr/bin/ceph:
2024-03-12T16:01:34.053+0000 7fab22ffd700 1 --2- 172.21.15.6:0/914452260 >> [v2:172.21.15.6:6800/344339741,v1:172.21.15.6:6801/344339741] conn(0x7fab0c032610 0x7fab0c034ad0 unknown :-1 s=BANNER_CONNECTING pgs=0 cs=0 l=1 rev1=0 rx=0 tx=0)._handle_peer_banner_payload supported=1 required=0
2024-03-12T16:01:34.057 INFO:teuthology.orchestra.run.smithi006.stderr:/usr/bin/ceph:
2024-03-12T16:01:34.053+0000 7fab2a0d5700 1 -- 172.21.15.6:0/914452260 --> [v2:172.21.15.6:3300/0,v1:172.21.15.6:6789/0] -- mon_command({"prefix": "get_command_descriptions"} v 0) v1 -- 0x7fab24046ce0 con 0x7fab240fbed0
2024-03-12T16:01:34.057 INFO:teuthology.orchestra.run.smithi006.stderr:/usr/bin/ceph:
2024-03-12T16:01:34.053+0000 7fab22ffd700 1 --2- 172.21.15.6:0/914452260 >> [v2:172.21.15.6:6800/344339741,v1:172.21.15.6:6801/344339741] conn(0x7fab0c032610 0x7fab0c034ad0 secure :-1 s=READY pgs=18 cs=0 l=1 rev1=1 rx=0x7fab18009780 tx=0x7fab18006cc0).ready entity=mgr.14116 client_cookie=0 server_cookie=0 in_seq=0 out_seq=0
2024-03-12T16:01:34.059 INFO:teuthology.orchestra.run.smithi006.stderr:/usr/bin/ceph:
2024-03-12T16:01:34.058+0000 7fab20ff9700 1 -- 172.21.15.6:0/914452260 <== mon.0 v2:172.21.15.6:3300/0 6 ==== mon_command_ack([{"prefix": "get_command_descriptions"}]=0 v0) v1 ==== 72+0+163658 (secure 0 0 0) 0x7fab1401e020 con 0x7fab240fbed0
2024-03-12T16:01:34.207 INFO:journalctl@ceph.mon.smithi006.smithi006.stdout:Mar 12 16:01:33 smithi006 ceph-88d7ee42-e089-11ee-95c8-87774f69a715-mon-smithi006[39682]: cluster
2024-03-12T16:01:32.733602+0000 mgr.smithi006.kskdce (mgr.14116) 23 : cluster [DBG] pgmap v3: 0 pgs: ; 0 B data, 0 B used, 0 B / 0 B avail
2024-03-12T16:01:34.207 INFO:journalctl@ceph.mon.smithi006.smithi006.stdout:Mar 12 16:01:33 smithi006 ceph-88d7ee42-e089-11ee-95c8-87774f69a715-mon-smithi006[39682]: audit
2024-03-12T16:01:32.804043+0000 mgr.smithi006.kskdce (mgr.14116) 24 : audit [DBG] from='client.14148 -' entity='client.admin' cmd=[{"prefix": "orch apply", "service_type": "alertmanager", "target": ["mon-mgr", ""]}]: dispatch
2024-03-12T16:01:34.207 INFO:journalctl@ceph.mon.smithi006.smithi006.stdout:Mar 12 16:01:33 smithi006 ceph-88d7ee42-e089-11ee-95c8-87774f69a715-mon-smithi006[39682]: cephadm
2024-03-12T16:01:32.804890+0000 mgr.smithi006.kskdce (mgr.14116) 25 : cephadm [INF] Saving service alertmanager spec with placement count:1
2024-03-12T16:01:34.207 INFO:journalctl@ceph.mon.smithi006.smithi006.stdout:Mar 12 16:01:33 smithi006 ceph-88d7ee42-e089-11ee-95c8-87774f69a715-mon-smithi006[39682]: audit
2024-03-12T16:01:32.807037+0000 mon.smithi006 (mon.0) 64 : audit [INF] from='mgr.14116 172.21.15.6:0/591770971' entity='mgr.smithi006.kskdce'
2024-03-12T16:01:34.229 INFO:teuthology.orchestra.run.smithi006.stderr:/usr/bin/ceph:
2024-03-12T16:01:34.227+0000 7fab2a0d5700 1 -- 172.21.15.6:0/914452260 --> [v2:172.21.15.6:3300/0,v1:172.21.15.6:6789/0] -- mon_command([{prefix=config set, name=mgr/cephadm/container_init}] v 0) v1 -- 0x7fab240fdc20 con 0x7fab240fbed0
2024-03-12T16:01:34.232 INFO:teuthology.orchestra.run.smithi006.stderr:/usr/bin/ceph:
2024-03-12T16:01:34.230+0000 7fab20ff9700 1 -- 172.21.15.6:0/914452260 <== mon.0 v2:172.21.15.6:3300/0 7 ==== mon_command_ack([{prefix=config set, name=mgr/cephadm/container_init}]=0 v7)=0 v7) v1 ==== 142+0+0 (secure 0 0 0) 0x7fab14021710 con 0x7fab240fbed0
2024-03-12T16:01:34.235 INFO:teuthology.orchestra.run.smithi006.stderr:/usr/bin/ceph:
2024-03-12T16:01:34.232+0000 7fab2a0d5700 1 -- 172.21.15.6:0/914452260 >> [v2:172.21.15.6:6800/344339741,v1:172.21.15.6:6801/344339741] conn(0x7fab0c032610 msgr2=0x7fab0c034ad0 secure :-1 s=STATE_CONNECTION_ESTABLISHED l=1).mark_down
2024-03-12T16:01:34.235 INFO:teuthology.orchestra.run.smithi006.stderr:/usr/bin/ceph:
2024-03-12T16:01:34.232+0000 7fab2a0d5700 1 --2- 172.21.15.6:0/914452260 >> [v2:172.21.15.6:6800/344339741,v1:172.21.15.6:6801/344339741] conn(0x7fab0c032610 0x7fab0c034ad0 secure :-1 s=READY pgs=18 cs=0 l=1 rev1=1 rx=0x7fab18009780 tx=0x7fab18006cc0).stop
2024-03-12T16:01:34.235 INFO:teuthology.orchestra.run.smithi006.stderr:/usr/bin/ceph:
2024-03-12T16:01:34.232+0000 7fab2a0d5700 1 -- 172.21.15.6:0/914452260 >> [v2:172.21.15.6:3300/0,v1:172.21.15.6:6789/0] conn(0x7fab240fbed0 msgr2=0x7fab2410bea0 secure :-1 s=STATE_CONNECTION_ESTABLISHED l=1).mark_down
2024-03-12T16:01:34.235 INFO:teuthology.orchestra.run.smithi006.stderr:/usr/bin/ceph:
2024-03-12T16:01:34.232+0000 7fab2a0d5700 1 --2- 172.21.15.6:0/914452260 >> [v2:172.21.15.6:3300/0,v1:172.21.15.6:6789/0] conn(0x7fab240fbed0 0x7fab2410bea0 secure :-1 s=READY pgs=56 cs=0 l=1 rev1=1 rx=0x7fab140118b0 tx=0x7fab140090f0).stop
2024-03-12T16:01:34.235 INFO:teuthology.orchestra.run.smithi006.stderr:/usr/bin/ceph:
2024-03-12T16:01:34.232+0000 7fab2a0d5700 1 -- 172.21.15.6:0/914452260 shutdown_connections
2024-03-12T16:01:34.235 INFO:teuthology.orchestra.run.smithi006.stderr:/usr/bin/ceph:
2024-03-12T16:01:34.232+0000 7fab2a0d5700 1 --2- 172.21.15.6:0/914452260 >> [v2:172.21.15.6:6800/344339741,v1:172.21.15.6:6801/344339741] conn(0x7fab0c032610 0x7fab0c034ad0 unknown :-1 s=CLOSED pgs=18 cs=0 l=1 rev1=1 rx=0 tx=0).stop
2024-03-12T16:01:34.235 INFO:teuthology.orchestra.run.smithi006.stderr:/usr/bin/ceph:
2024-03-12T16:01:34.232+0000 7fab2a0d5700 1 --2- 172.21.15.6:0/914452260 >> [v2:172.21.15.6:3300/0,v1:172.21.15.6:6789/0] conn(0x7fab240fbed0 0x7fab2410bea0 unknown :-1 s=CLOSED pgs=56 cs=0 l=1 rev1=1 rx=0 tx=0).stop
2024-03-12T16:01:34.235 INFO:teuthology.orchestra.run.smithi006.stderr:/usr/bin/ceph:
2024-03-12T16:01:34.232+0000 7fab2a0d5700 1 -- 172.21.15.6:0/914452260 >> 172.21.15.6:0/914452260 conn(0x7fab240f76f0 msgr2=0x7fab240718d0 unknown :-1 s=STATE_NONE l=0).mark_down
2024-03-12T16:01:34.235 INFO:teuthology.orchestra.run.smithi006.stderr:/usr/bin/ceph:
2024-03-12T16:01:34.232+0000 7fab2a0d5700 1 -- 172.21.15.6:0/914452260 shutdown_connections
2024-03-12T16:01:34.235 INFO:teuthology.orchestra.run.smithi006.stderr:/usr/bin/ceph:
2024-03-12T16:01:34.232+0000 7fab2a0d5700 1 -- 172.21.15.6:0/914452260 wait complete.
2024-03-12T16:01:35.672 INFO:journalctl@ceph.mon.smithi006.smithi006.stdout:Mar 12 16:01:35 smithi006 ceph-88d7ee42-e089-11ee-95c8-87774f69a715-mon-smithi006[39682]: audit
2024-03-12T16:01:34.231520+0000 mon.smithi006 (mon.0) 65 : audit [INF] from='client.? 172.21.15.6:0/914452260' entity='client.admin'
2024-03-12T16:01:35.672 INFO:journalctl@ceph.mon.smithi006.smithi006.stdout:Mar 12 16:01:35 smithi006 ceph-88d7ee42-e089-11ee-95c8-87774f69a715-mon-smithi006[39682]: cluster
2024-03-12T16:01:34.734003+0000 mgr.smithi006.kskdce (mgr.14116) 26 : cluster [DBG] pgmap v4: 0 pgs: ; 0 B data, 0 B used, 0 B / 0 B avail
2024-03-12T16:01:36.617 INFO:teuthology.orchestra.run.smithi006.stderr:/usr/bin/ceph:
2024-03-12T16:01:36.582+0000 7f2b6781f700 1 Processor -- start
2024-03-12T16:01:36.617 INFO:teuthology.orchestra.run.smithi006.stderr:/usr/bin/ceph:
2024-03-12T16:01:36.582+0000 7f2b6781f700 1 -- start start
2024-03-12T16:01:36.617 INFO:teuthology.orchestra.run.smithi006.stderr:/usr/bin/ceph:
2024-03-12T16:01:36.583+0000 7f2b6781f700 1 --2- >> [v2:172.21.15.6:3300/0,v1:172.21.15.6:6789/0] conn(0x7f2b60071c00 0x7f2b600ffc90 unknown :-1 s=NONE pgs=0 cs=0 l=0 rev1=0 rx=0 tx=0).connect
2024-03-12T16:01:36.617 INFO:teuthology.orchestra.run.smithi006.stderr:/usr/bin/ceph:
2024-03-12T16:01:36.583+0000 7f2b6781f700 1 -- --> [v2:172.21.15.6:3300/0,v1:172.21.15.6:6789/0] -- mon_getmap magic: 0 v1 -- 0x7f2b60100180 con 0x7f2b60071c00
2024-03-12T16:01:36.618 INFO:teuthology.orchestra.run.smithi006.stderr:/usr/bin/ceph:
2024-03-12T16:01:36.583+0000 7f2b655bb700 1 --2- >> [v2:172.21.15.6:3300/0,v1:172.21.15.6:6789/0] conn(0x7f2b60071c00 0x7f2b600ffc90 unknown :-1 s=BANNER_CONNECTING pgs=0 cs=0 l=0 rev1=0 rx=0 tx=0)._handle_peer_banner_payload supported=1 required=0
2024-03-12T16:01:36.618 INFO:teuthology.orchestra.run.smithi006.stderr:/usr/bin/ceph:
2024-03-12T16:01:36.583+0000 7f2b655bb700 1 --2- >> [v2:172.21.15.6:3300/0,v1:172.21.15.6:6789/0] conn(0x7f2b60071c00 0x7f2b600ffc90 unknown :-1 s=HELLO_CONNECTING pgs=0 cs=0 l=0 rev1=1 rx=0 tx=0).handle_hello peer v2:172.21.15.6:3300/0 says I am v2:172.21.15.6:54578/0 (socket says 172.21.15.6:54578)
2024-03-12T16:01:36.618 INFO:teuthology.orchestra.run.smithi006.stderr:/usr/bin/ceph:
2024-03-12T16:01:36.583+0000 7f2b655bb700 1 -- 172.21.15.6:0/650489295 learned_addr learned my addr 172.21.15.6:0/650489295 (peer_addr_for_me v2:172.21.15.6:0/0)
2024-03-12T16:01:36.618 INFO:teuthology.orchestra.run.smithi006.stderr:/usr/bin/ceph:
2024-03-12T16:01:36.583+0000 7f2b655bb700 1 -- 172.21.15.6:0/650489295 --> [v2:172.21.15.6:3300/0,v1:172.21.15.6:6789/0] -- mon_subscribe({config=0+,monmap=0+}) v3 -- 0x7f2b601002c0 con 0x7f2b60071c00
2024-03-12T16:01:36.618 INFO:teuthology.orchestra.run.smithi006.stderr:/usr/bin/ceph:
2024-03-12T16:01:36.583+0000 7f2b655bb700 1 --2- 172.21.15.6:0/650489295 >> [v2:172.21.15.6:3300/0,v1:172.21.15.6:6789/0] conn(0x7f2b60071c00 0x7f2b600ffc90 secure :-1 s=READY pgs=57 cs=0 l=1 rev1=1 rx=0x7f2b50009730 tx=0x7f2b500090f0).ready entity=mon.0 client_cookie=6f0398586e010d33 server_cookie=0 in_seq=0 out_seq=0
2024-03-12T16:01:36.618 INFO:teuthology.orchestra.run.smithi006.stderr:/usr/bin/ceph:
2024-03-12T16:01:36.583+0000 7f2b57fff700 1 -- 172.21.15.6:0/650489295 <== mon.0 v2:172.21.15.6:3300/0 1 ==== mon_map magic: 0 v1 ==== 229+0+0 (secure 0 0 0) 0x7f2b5000b6e0 con 0x7f2b60071c00
2024-03-12T16:01:36.618 INFO:teuthology.orchestra.run.smithi006.stderr:/usr/bin/ceph:
2024-03-12T16:01:36.583+0000 7f2b57fff700 1 -- 172.21.15.6:0/650489295 <== mon.0 v2:172.21.15.6:3300/0 2 ==== config(25 keys) v1 ==== 1046+0+0 (secure 0 0 0) 0x7f2b5000bcd0 con 0x7f2b60071c00
2024-03-12T16:01:36.618 INFO:teuthology.orchestra.run.smithi006.stderr:/usr/bin/ceph:
2024-03-12T16:01:36.583+0000 7f2b57fff700 1 -- 172.21.15.6:0/650489295 <== mon.0 v2:172.21.15.6:3300/0 3 ==== mon_map magic: 0 v1 ==== 229+0+0 (secure 0 0 0) 0x7f2b50011cb0 con 0x7f2b60071c00
2024-03-12T16:01:36.618 INFO:teuthology.orchestra.run.smithi006.stderr:/usr/bin/ceph:
2024-03-12T16:01:36.584+0000 7f2b6781f700 1 -- 172.21.15.6:0/650489295 >> [v2:172.21.15.6:3300/0,v1:172.21.15.6:6789/0] conn(0x7f2b60071c00 msgr2=0x7f2b600ffc90 secure :-1 s=STATE_CONNECTION_ESTABLISHED l=1).mark_down
2024-03-12T16:01:36.618 INFO:teuthology.orchestra.run.smithi006.stderr:/usr/bin/ceph:
2024-03-12T16:01:36.584+0000 7f2b6781f700 1 --2- 172.21.15.6:0/650489295 >> [v2:172.21.15.6:3300/0,v1:172.21.15.6:6789/0] conn(0x7f2b60071c00 0x7f2b600ffc90 secure :-1 s=READY pgs=57 cs=0 l=1 rev1=1 rx=0x7f2b50009730 tx=0x7f2b500090f0).stop
2024-03-12T16:01:36.618 INFO:teuthology.orchestra.run.smithi006.stderr:/usr/bin/ceph:
2024-03-12T16:01:36.584+0000 7f2b6781f700 1 -- 172.21.15.6:0/650489295 shutdown_connections
2024-03-12T16:01:36.618 INFO:teuthology.orchestra.run.smithi006.stderr:/usr/bin/ceph:
2024-03-12T16:01:36.584+0000 7f2b6781f700 1 --2- 172.21.15.6:0/650489295 >> [v2:172.21.15.6:3300/0,v1:172.21.15.6:6789/0] conn(0x7f2b60071c00 0x7f2b600ffc90 unknown :-1 s=CLOSED pgs=57 cs=0 l=1 rev1=1 rx=0 tx=0).stop
2024-03-12T16:01:36.619 INFO:teuthology.orchestra.run.smithi006.stderr:/usr/bin/ceph:
2024-03-12T16:01:36.584+0000 7f2b6781f700 1 -- 172.21.15.6:0/650489295 >> 172.21.15.6:0/650489295 conn(0x7f2b600f76f0 msgr2=0x7f2b600f9b10 unknown :-1 s=STATE_NONE l=0).mark_down
2024-03-12T16:01:36.619 INFO:teuthology.orchestra.run.smithi006.stderr:/usr/bin/ceph:
2024-03-12T16:01:36.584+0000 7f2b6781f700 1 -- 172.21.15.6:0/650489295 shutdown_connections
2024-03-12T16:01:36.619 INFO:teuthology.orchestra.run.smithi006.stderr:/usr/bin/ceph:
2024-03-12T16:01:36.584+0000 7f2b6781f700 1 -- 172.21.15.6:0/650489295 wait complete.
2024-03-12T16:01:36.619 INFO:teuthology.orchestra.run.smithi006.stderr:/usr/bin/ceph:
2024-03-12T16:01:36.585+0000 7f2b6781f700 1 Processor -- start
2024-03-12T16:01:36.619 INFO:teuthology.orchestra.run.smithi006.stderr:/usr/bin/ceph:
2024-03-12T16:01:36.585+0000 7f2b6781f700 1 -- start start
2024-03-12T16:01:36.619 INFO:teuthology.orchestra.run.smithi006.stderr:/usr/bin/ceph:
2024-03-12T16:01:36.585+0000 7f2b6781f700 1 --2- >> [v2:172.21.15.6:3300/0,v1:172.21.15.6:6789/0] conn(0x7f2b60071c00 0x7f2b6010bed0 unknown :-1 s=NONE pgs=0 cs=0 l=1 rev1=0 rx=0 tx=0).connect
2024-03-12T16:01:36.619 INFO:teuthology.orchestra.run.smithi006.stderr:/usr/bin/ceph:
2024-03-12T16:01:36.585+0000 7f2b6781f700 1 -- --> [v2:172.21.15.6:3300/0,v1:172.21.15.6:6789/0] -- mon_getmap magic: 0 v1 -- 0x7f2b6010c3c0 con 0x7f2b60071c00
2024-03-12T16:01:36.619 INFO:teuthology.orchestra.run.smithi006.stderr:/usr/bin/ceph:
2024-03-12T16:01:36.585+0000 7f2b655bb700 1 --2- >> [v2:172.21.15.6:3300/0,v1:172.21.15.6:6789/0] conn(0x7f2b60071c00 0x7f2b6010bed0 unknown :-1 s=BANNER_CONNECTING pgs=0 cs=0 l=1 rev1=0 rx=0 tx=0)._handle_peer_banner_payload supported=1 required=0
2024-03-12T16:01:36.619 INFO:teuthology.orchestra.run.smithi006.stderr:/usr/bin/ceph:
2024-03-12T16:01:36.585+0000 7f2b655bb700 1 --2- >> [v2:172.21.15.6:3300/0,v1:172.21.15.6:6789/0] conn(0x7f2b60071c00 0x7f2b6010bed0 unknown :-1 s=HELLO_CONNECTING pgs=0 cs=0 l=1 rev1=1 rx=0 tx=0).handle_hello peer v2:172.21.15.6:3300/0 says I am v2:172.21.15.6:54584/0 (socket says 172.21.15.6:54584)
2024-03-12T16:01:36.619 INFO:teuthology.orchestra.run.smithi006.stderr:/usr/bin/ceph:
2024-03-12T16:01:36.585+0000 7f2b655bb700 1 -- 172.21.15.6:0/1668255061 learned_addr learned my addr 172.21.15.6:0/1668255061 (peer_addr_for_me v2:172.21.15.6:0/0)
2024-03-12T16:01:36.619 INFO:teuthology.orchestra.run.smithi006.stderr:/usr/bin/ceph:
2024-03-12T16:01:36.586+0000 7f2b655bb700 1 -- 172.21.15.6:0/1668255061 --> [v2:172.21.15.6:3300/0,v1:172.21.15.6:6789/0] -- mon_subscribe({config=0+,monmap=0+}) v3 -- 0x7f2b50009370 con 0x7f2b60071c00
2024-03-12T16:01:36.620 INFO:teuthology.orchestra.run.smithi006.stderr:/usr/bin/ceph:
2024-03-12T16:01:36.586+0000 7f2b655bb700 1 --2- 172.21.15.6:0/1668255061 >> [v2:172.21.15.6:3300/0,v1:172.21.15.6:6789/0] conn(0x7f2b60071c00 0x7f2b6010bed0 secure :-1 s=READY pgs=58 cs=0 l=1 rev1=1 rx=0x7f2b500118b0 tx=0x7f2b500090f0).ready entity=mon.0 client_cookie=0 server_cookie=0 in_seq=0 out_seq=0
2024-03-12T16:01:36.620 INFO:teuthology.orchestra.run.smithi006.stderr:/usr/bin/ceph:
2024-03-12T16:01:36.586+0000 7f2b567fc700 1 -- 172.21.15.6:0/1668255061 <== mon.0 v2:172.21.15.6:3300/0 1 ==== mon_map magic: 0 v1 ==== 229+0+0 (secure 0 0 0) 0x7f2b5000be40 con 0x7f2b60071c00
2024-03-12T16:01:36.620 INFO:teuthology.orchestra.run.smithi006.stderr:/usr/bin/ceph:
2024-03-12T16:01:36.586+0000 7f2b567fc700 1 -- 172.21.15.6:0/1668255061 <== mon.0 v2:172.21.15.6:3300/0 2 ==== config(25 keys) v1 ==== 1046+0+0 (secure 0 0 0) 0x7f2b5001aad0 con 0x7f2b60071c00
2024-03-12T16:01:36.620 INFO:teuthology.orchestra.run.smithi006.stderr:/usr/bin/ceph:
2024-03-12T16:01:36.586+0000 7f2b567fc700 1 -- 172.21.15.6:0/1668255061 <== mon.0 v2:172.21.15.6:3300/0 3 ==== mon_map magic: 0 v1 ==== 229+0+0 (secure 0 0 0) 0x7f2b500239e0 con 0x7f2b60071c00
2024-03-12T16:01:36.620 INFO:teuthology.orchestra.run.smithi006.stderr:/usr/bin/ceph:
2024-03-12T16:01:36.586+0000 7f2b6781f700 1 -- 172.21.15.6:0/1668255061 --> [v2:172.21.15.6:3300/0,v1:172.21.15.6:6789/0] -- mon_subscribe({mgrmap=0+}) v3 -- 0x7f2b6010c5c0 con 0x7f2b60071c00
2024-03-12T16:01:36.620 INFO:teuthology.orchestra.run.smithi006.stderr:/usr/bin/ceph:
2024-03-12T16:01:36.586+0000 7f2b6781f700 1 -- 172.21.15.6:0/1668255061 --> [v2:172.21.15.6:3300/0,v1:172.21.15.6:6789/0] -- mon_subscribe({osdmap=0}) v3 -- 0x7f2b6010c9d0 con 0x7f2b60071c00
2024-03-12T16:01:36.621 INFO:teuthology.orchestra.run.smithi006.stderr:/usr/bin/ceph:
2024-03-12T16:01:36.587+0000 7f2b567fc700 1 -- 172.21.15.6:0/1668255061 <== mon.0 v2:172.21.15.6:3300/0 4 ==== mgrmap(e 8) v1 ==== 38632+0+0 (secure 0 0 0) 0x7f2b50023ca0 con 0x7f2b60071c00
2024-03-12T16:01:36.621 INFO:teuthology.orchestra.run.smithi006.stderr:/usr/bin/ceph:
2024-03-12T16:01:36.587+0000 7f2b6781f700 1 -- 172.21.15.6:0/1668255061 --> [v2:172.21.15.6:3300/0,v1:172.21.15.6:6789/0] -- mon_command({"prefix": "get_command_descriptions"} v 0) v1 -- 0x7f2b60046ce0 con 0x7f2b60071c00
2024-03-12T16:01:36.621 INFO:teuthology.orchestra.run.smithi006.stderr:/usr/bin/ceph:
2024-03-12T16:01:36.587+0000 7f2b567fc700 1 --2- 172.21.15.6:0/1668255061 >> [v2:172.21.15.6:6800/344339741,v1:172.21.15.6:6801/344339741] conn(0x7f2b4c0325e0 0x7f2b4c034aa0 unknown :-1 s=NONE pgs=0 cs=0 l=1 rev1=0 rx=0 tx=0).connect
2024-03-12T16:01:36.621 INFO:teuthology.orchestra.run.smithi006.stderr:/usr/bin/ceph:
2024-03-12T16:01:36.587+0000 7f2b567fc700 1 -- 172.21.15.6:0/1668255061 <== mon.0 v2:172.21.15.6:3300/0 5 ==== osd_map(2..2 src has 1..2) v4 ==== 893+0+0 (secure 0 0 0) 0x7f2b50044880 con 0x7f2b60071c00
2024-03-12T16:01:36.621 INFO:teuthology.orchestra.run.smithi006.stderr:/usr/bin/ceph:
2024-03-12T16:01:36.587+0000 7f2b64dba700 1 --2- 172.21.15.6:0/1668255061 >> [v2:172.21.15.6:6800/344339741,v1:172.21.15.6:6801/344339741] conn(0x7f2b4c0325e0 0x7f2b4c034aa0 unknown :-1 s=BANNER_CONNECTING pgs=0 cs=0 l=1 rev1=0 rx=0 tx=0)._handle_peer_banner_payload supported=1 required=0
2024-03-12T16:01:36.621 INFO:teuthology.orchestra.run.smithi006.stderr:/usr/bin/ceph:
2024-03-12T16:01:36.588+0000 7f2b64dba700 1 --2- 172.21.15.6:0/1668255061 >> [v2:172.21.15.6:6800/344339741,v1:172.21.15.6:6801/344339741] conn(0x7f2b4c0325e0 0x7f2b4c034aa0 secure :-1 s=READY pgs=19 cs=0 l=1 rev1=1 rx=0x7f2b5c009780 tx=0x7f2b5c006cc0).ready entity=mgr.14116 client_cookie=0 server_cookie=0 in_seq=0 out_seq=0
2024-03-12T16:01:36.621 INFO:teuthology.orchestra.run.smithi006.stderr:/usr/bin/ceph:
2024-03-12T16:01:36.592+0000 7f2b567fc700 1 -- 172.21.15.6:0/1668255061 <== mon.0 v2:172.21.15.6:3300/0 6 ==== mon_command_ack([{"prefix": "get_command_descriptions"}]=0 v0) v1 ==== 72+0+163658 (secure 0 0 0) 0x7f2b50019570 con 0x7f2b60071c00
2024-03-12T16:01:36.768 INFO:teuthology.orchestra.run.smithi006.stderr:/usr/bin/ceph:
2024-03-12T16:01:36.766+0000 7f2b6781f700 1 -- 172.21.15.6:0/1668255061 --> [v2:172.21.15.6:3300/0,v1:172.21.15.6:6789/0] -- mon_command([{prefix=config set, name=mgr/dashboard/ssl_server_port}] v 0) v1 -- 0x7f2b60100f80 con 0x7f2b60071c00
2024-03-12T16:01:36.770 INFO:teuthology.orchestra.run.smithi006.stderr:/usr/bin/ceph:
2024-03-12T16:01:36.768+0000 7f2b567fc700 1 -- 172.21.15.6:0/1668255061 <== mon.0 v2:172.21.15.6:3300/0 7 ==== mon_command_ack([{prefix=config set, name=mgr/dashboard/ssl_server_port}]=0 v8)=0 v8) v1 ==== 130+0+0 (secure 0 0 0) 0x7f2b5001e020 con 0x7f2b60071c00
2024-03-12T16:01:36.774 INFO:teuthology.orchestra.run.smithi006.stderr:/usr/bin/ceph:
2024-03-12T16:01:36.771+0000 7f2b6781f700 1 -- 172.21.15.6:0/1668255061 >> [v2:172.21.15.6:6800/344339741,v1:172.21.15.6:6801/344339741] conn(0x7f2b4c0325e0 msgr2=0x7f2b4c034aa0 secure :-1 s=STATE_CONNECTION_ESTABLISHED l=1).mark_down
2024-03-12T16:01:36.774 INFO:teuthology.orchestra.run.smithi006.stderr:/usr/bin/ceph:
2024-03-12T16:01:36.771+0000 7f2b6781f700 1 --2- 172.21.15.6:0/1668255061 >> [v2:172.21.15.6:6800/344339741,v1:172.21.15.6:6801/344339741] conn(0x7f2b4c0325e0 0x7f2b4c034aa0 secure :-1 s=READY pgs=19 cs=0 l=1 rev1=1 rx=0x7f2b5c009780 tx=0x7f2b5c006cc0).stop
2024-03-12T16:01:36.774 INFO:teuthology.orchestra.run.smithi006.stderr:/usr/bin/ceph:
2024-03-12T16:01:36.771+0000 7f2b6781f700 1 -- 172.21.15.6:0/1668255061 >> [v2:172.21.15.6:3300/0,v1:172.21.15.6:6789/0] conn(0x7f2b60071c00 msgr2=0x7f2b6010bed0 secure :-1 s=STATE_CONNECTION_ESTABLISHED l=1).mark_down
2024-03-12T16:01:36.774 INFO:teuthology.orchestra.run.smithi006.stderr:/usr/bin/ceph:
2024-03-12T16:01:36.771+0000 7f2b6781f700 1 --2- 172.21.15.6:0/1668255061 >> [v2:172.21.15.6:3300/0,v1:172.21.15.6:6789/0] conn(0x7f2b60071c00 0x7f2b6010bed0 secure :-1 s=READY pgs=58 cs=0 l=1 rev1=1 rx=0x7f2b500118b0 tx=0x7f2b500090f0).stop
2024-03-12T16:01:36.774 INFO:teuthology.orchestra.run.smithi006.stderr:/usr/bin/ceph:
2024-03-12T16:01:36.771+0000 7f2b6781f700 1 -- 172.21.15.6:0/1668255061 shutdown_connections
2024-03-12T16:01:36.774 INFO:teuthology.orchestra.run.smithi006.stderr:/usr/bin/ceph:
2024-03-12T16:01:36.771+0000 7f2b6781f700 1 --2- 172.21.15.6:0/1668255061 >> [v2:172.21.15.6:6800/344339741,v1:172.21.15.6:6801/344339741] conn(0x7f2b4c0325e0 0x7f2b4c034aa0 unknown :-1 s=CLOSED pgs=19 cs=0 l=1 rev1=1 rx=0 tx=0).stop
2024-03-12T16:01:36.774 INFO:teuthology.orchestra.run.smithi006.stderr:/usr/bin/ceph:
2024-03-12T16:01:36.771+0000 7f2b6781f700 1 --2- 172.21.15.6:0/1668255061 >> [v2:172.21.15.6:3300/0,v1:172.21.15.6:6789/0] conn(0x7f2b60071c00 0x7f2b6010bed0 unknown :-1 s=CLOSED pgs=58 cs=0 l=1 rev1=1 rx=0 tx=0).stop
2024-03-12T16:01:36.774 INFO:teuthology.orchestra.run.smithi006.stderr:/usr/bin/ceph:
2024-03-12T16:01:36.771+0000 7f2b6781f700 1 -- 172.21.15.6:0/1668255061 >> 172.21.15.6:0/1668255061 conn(0x7f2b600f76f0 msgr2=0x7f2b600f9140 unknown :-1 s=STATE_NONE l=0).mark_down
2024-03-12T16:01:36.774 INFO:teuthology.orchestra.run.smithi006.stderr:/usr/bin/ceph:
2024-03-12T16:01:36.772+0000 7f2b6781f700 1 -- 172.21.15.6:0/1668255061 shutdown_connections
2024-03-12T16:01:36.774 INFO:teuthology.orchestra.run.smithi006.stderr:/usr/bin/ceph:
2024-03-12T16:01:36.772+0000 7f2b6781f700 1 -- 172.21.15.6:0/1668255061 wait complete.
2024-03-12T16:01:37.483 INFO:teuthology.orchestra.run.smithi006.stderr:Enabling the dashboard module...
2024-03-12T16:01:38.121 INFO:teuthology.orchestra.run.smithi006.stderr:/usr/bin/ceph:
2024-03-12T16:01:38.118+0000 7fa17376c700 1 Processor -- start
2024-03-12T16:01:38.121 INFO:teuthology.orchestra.run.smithi006.stderr:/usr/bin/ceph:
2024-03-12T16:01:38.118+0000 7fa17376c700 1 -- start start
2024-03-12T16:01:38.121 INFO:teuthology.orchestra.run.smithi006.stderr:/usr/bin/ceph:
2024-03-12T16:01:38.118+0000 7fa17376c700 1 --2- >> [v2:172.21.15.6:3300/0,v1:172.21.15.6:6789/0] conn(0x7fa16c073d00 0x7fa16c0722a0 unknown :-1 s=NONE pgs=0 cs=0 l=0 rev1=0 rx=0 tx=0).connect
2024-03-12T16:01:38.121 INFO:teuthology.orchestra.run.smithi006.stderr:/usr/bin/ceph:
2024-03-12T16:01:38.118+0000 7fa17376c700 1 -- --> [v2:172.21.15.6:3300/0,v1:172.21.15.6:6789/0] -- mon_getmap magic: 0 v1 -- 0x7fa16c074120 con 0x7fa16c073d00
2024-03-12T16:01:38.121 INFO:teuthology.orchestra.run.smithi006.stderr:/usr/bin/ceph:
2024-03-12T16:01:38.118+0000 7fa171508700 1 --2- >> [v2:172.21.15.6:3300/0,v1:172.21.15.6:6789/0] conn(0x7fa16c073d00 0x7fa16c0722a0 unknown :-1 s=BANNER_CONNECTING pgs=0 cs=0 l=0 rev1=0 rx=0 tx=0)._handle_peer_banner_payload supported=1 required=0
2024-03-12T16:01:38.121 INFO:teuthology.orchestra.run.smithi006.stderr:/usr/bin/ceph:
2024-03-12T16:01:38.118+0000 7fa171508700 1 --2- >> [v2:172.21.15.6:3300/0,v1:172.21.15.6:6789/0] conn(0x7fa16c073d00 0x7fa16c0722a0 unknown :-1 s=HELLO_CONNECTING pgs=0 cs=0 l=0 rev1=1 rx=0 tx=0).handle_hello peer v2:172.21.15.6:3300/0 says I am v2:172.21.15.6:54586/0 (socket says 172.21.15.6:54586)
2024-03-12T16:01:38.121 INFO:teuthology.orchestra.run.smithi006.stderr:/usr/bin/ceph:
2024-03-12T16:01:38.118+0000 7fa171508700 1 -- 172.21.15.6:0/2622219181 learned_addr learned my addr 172.21.15.6:0/2622219181 (peer_addr_for_me v2:172.21.15.6:0/0)
2024-03-12T16:01:38.121 INFO:teuthology.orchestra.run.smithi006.stderr:/usr/bin/ceph:
2024-03-12T16:01:38.119+0000 7fa171508700 1 -- 172.21.15.6:0/2622219181 --> [v2:172.21.15.6:3300/0,v1:172.21.15.6:6789/0] -- mon_subscribe({config=0+,monmap=0+}) v3 -- 0x7fa16c072790 con 0x7fa16c073d00
2024-03-12T16:01:38.121 INFO:teuthology.orchestra.run.smithi006.stderr:/usr/bin/ceph:
2024-03-12T16:01:38.119+0000 7fa171508700 1 --2- 172.21.15.6:0/2622219181 >> [v2:172.21.15.6:3300/0,v1:172.21.15.6:6789/0] conn(0x7fa16c073d00 0x7fa16c0722a0 secure :-1 s=READY pgs=59 cs=0 l=1 rev1=1 rx=0x7fa168009730 tx=0x7fa1680090f0).ready entity=mon.0 client_cookie=b9fd716cf4505c7a server_cookie=0 in_seq=0 out_seq=0
2024-03-12T16:01:38.122 INFO:teuthology.orchestra.run.smithi006.stderr:/usr/bin/ceph:
2024-03-12T16:01:38.119+0000 7fa163fff700 1 -- 172.21.15.6:0/2622219181 <== mon.0 v2:172.21.15.6:3300/0 1 ==== mon_map magic: 0 v1 ==== 229+0+0 (secure 0 0 0) 0x7fa16800b6e0 con 0x7fa16c073d00
2024-03-12T16:01:38.123 INFO:teuthology.orchestra.run.smithi006.stderr:/usr/bin/ceph:
2024-03-12T16:01:38.119+0000 7fa163fff700 1 -- 172.21.15.6:0/2622219181 <== mon.0 v2:172.21.15.6:3300/0 2 ==== config(25 keys) v1 ==== 1046+0+0 (secure 0 0 0) 0x7fa16800bcd0 con 0x7fa16c073d00
2024-03-12T16:01:38.123 INFO:teuthology.orchestra.run.smithi006.stderr:/usr/bin/ceph:
2024-03-12T16:01:38.119+0000 7fa163fff700 1 -- 172.21.15.6:0/2622219181 <== mon.0 v2:172.21.15.6:3300/0 3 ==== mon_map magic: 0 v1 ==== 229+0+0 (secure 0 0 0) 0x7fa168011cb0 con 0x7fa16c073d00
2024-03-12T16:01:38.123 INFO:teuthology.orchestra.run.smithi006.stderr:/usr/bin/ceph:
2024-03-12T16:01:38.120+0000 7fa17376c700 1 -- 172.21.15.6:0/2622219181 >> [v2:172.21.15.6:3300/0,v1:172.21.15.6:6789/0] conn(0x7fa16c073d00 msgr2=0x7fa16c0722a0 secure :-1 s=STATE_CONNECTION_ESTABLISHED l=1).mark_down
2024-03-12T16:01:38.123 INFO:teuthology.orchestra.run.smithi006.stderr:/usr/bin/ceph:
2024-03-12T16:01:38.120+0000 7fa17376c700 1 --2- 172.21.15.6:0/2622219181 >> [v2:172.21.15.6:3300/0,v1:172.21.15.6:6789/0] conn(0x7fa16c073d00 0x7fa16c0722a0 secure :-1 s=READY pgs=59 cs=0 l=1 rev1=1 rx=0x7fa168009730 tx=0x7fa1680090f0).stop
2024-03-12T16:01:38.124 INFO:teuthology.orchestra.run.smithi006.stderr:/usr/bin/ceph:
2024-03-12T16:01:38.120+0000 7fa17376c700 1 -- 172.21.15.6:0/2622219181 shutdown_connections
2024-03-12T16:01:38.124 INFO:teuthology.orchestra.run.smithi006.stderr:/usr/bin/ceph:
2024-03-12T16:01:38.120+0000 7fa17376c700 1 --2- 172.21.15.6:0/2622219181 >> [v2:172.21.15.6:3300/0,v1:172.21.15.6:6789/0] conn(0x7fa16c073d00 0x7fa16c0722a0 unknown :-1 s=CLOSED pgs=59 cs=0 l=1 rev1=1 rx=0 tx=0).stop
2024-03-12T16:01:38.124 INFO:teuthology.orchestra.run.smithi006.stderr:/usr/bin/ceph:
2024-03-12T16:01:38.120+0000 7fa17376c700 1 -- 172.21.15.6:0/2622219181 >> 172.21.15.6:0/2622219181 conn(0x7fa16c0f87e0 msgr2=0x7fa16c0fac00 unknown :-1 s=STATE_NONE l=0).mark_down
2024-03-12T16:01:38.124 INFO:teuthology.orchestra.run.smithi006.stderr:/usr/bin/ceph:
2024-03-12T16:01:38.120+0000 7fa17376c700 1 -- 172.21.15.6:0/2622219181 shutdown_connections
2024-03-12T16:01:38.124 INFO:teuthology.orchestra.run.smithi006.stderr:/usr/bin/ceph:
2024-03-12T16:01:38.120+0000 7fa17376c700 1 -- 172.21.15.6:0/2622219181 wait complete.
2024-03-12T16:01:38.124 INFO:teuthology.orchestra.run.smithi006.stderr:/usr/bin/ceph:
2024-03-12T16:01:38.120+0000 7fa17376c700 1 Processor -- start
2024-03-12T16:01:38.124 INFO:teuthology.orchestra.run.smithi006.stderr:/usr/bin/ceph:
2024-03-12T16:01:38.121+0000 7fa17376c700 1 -- start start
2024-03-12T16:01:38.124 INFO:teuthology.orchestra.run.smithi006.stderr:/usr/bin/ceph:
2024-03-12T16:01:38.121+0000 7fa17376c700 1 --2- >> [v2:172.21.15.6:3300/0,v1:172.21.15.6:6789/0] conn(0x7fa16c073d00 0x7fa16c10e060 unknown :-1 s=NONE pgs=0 cs=0 l=1 rev1=0 rx=0 tx=0).connect
2024-03-12T16:01:38.124 INFO:teuthology.orchestra.run.smithi006.stderr:/usr/bin/ceph:
2024-03-12T16:01:38.121+0000 7fa17376c700 1 -- --> [v2:172.21.15.6:3300/0,v1:172.21.15.6:6789/0] -- mon_getmap magic: 0 v1 -- 0x7fa16c10e550 con 0x7fa16c073d00
2024-03-12T16:01:38.124 INFO:teuthology.orchestra.run.smithi006.stderr:/usr/bin/ceph:
2024-03-12T16:01:38.121+0000 7fa171508700 1 --2- >> [v2:172.21.15.6:3300/0,v1:172.21.15.6:6789/0] conn(0x7fa16c073d00 0x7fa16c10e060 unknown :-1 s=BANNER_CONNECTING pgs=0 cs=0 l=1 rev1=0 rx=0 tx=0)._handle_peer_banner_payload supported=1 required=0
2024-03-12T16:01:38.124 INFO:teuthology.orchestra.run.smithi006.stderr:/usr/bin/ceph:
2024-03-12T16:01:38.121+0000 7fa171508700 1 --2- >> [v2:172.21.15.6:3300/0,v1:172.21.15.6:6789/0] conn(0x7fa16c073d00 0x7fa16c10e060 unknown :-1 s=HELLO_CONNECTING pgs=0 cs=0 l=1 rev1=1 rx=0 tx=0).handle_hello peer v2:172.21.15.6:3300/0 says I am v2:172.21.15.6:54588/0 (socket says 172.21.15.6:54588)
2024-03-12T16:01:38.124 INFO:teuthology.orchestra.run.smithi006.stderr:/usr/bin/ceph:
2024-03-12T16:01:38.121+0000 7fa171508700 1 -- 172.21.15.6:0/1271029477 learned_addr learned my addr 172.21.15.6:0/1271029477 (peer_addr_for_me v2:172.21.15.6:0/0)
2024-03-12T16:01:38.125 INFO:teuthology.orchestra.run.smithi006.stderr:/usr/bin/ceph:
2024-03-12T16:01:38.121+0000 7fa171508700 1 -- 172.21.15.6:0/1271029477 --> [v2:172.21.15.6:3300/0,v1:172.21.15.6:6789/0] -- mon_subscribe({config=0+,monmap=0+}) v3 -- 0x7fa168009370 con 0x7fa16c073d00
2024-03-12T16:01:38.125 INFO:teuthology.orchestra.run.smithi006.stderr:/usr/bin/ceph:
2024-03-12T16:01:38.121+0000 7fa171508700 1 --2- 172.21.15.6:0/1271029477 >> [v2:172.21.15.6:3300/0,v1:172.21.15.6:6789/0] conn(0x7fa16c073d00 0x7fa16c10e060 secure :-1 s=READY pgs=60 cs=0 l=1 rev1=1 rx=0x7fa1680118b0 tx=0x7fa1680090f0).ready entity=mon.0 client_cookie=0 server_cookie=0 in_seq=0 out_seq=0
2024-03-12T16:01:38.125 INFO:teuthology.orchestra.run.smithi006.stderr:/usr/bin/ceph:
2024-03-12T16:01:38.121+0000 7fa1627fc700 1 -- 172.21.15.6:0/1271029477 <== mon.0 v2:172.21.15.6:3300/0 1 ==== mon_map magic: 0 v1 ==== 229+0+0 (secure 0 0 0) 0x7fa16800be40 con 0x7fa16c073d00
2024-03-12T16:01:38.125 INFO:teuthology.orchestra.run.smithi006.stderr:/usr/bin/ceph:
2024-03-12T16:01:38.121+0000 7fa1627fc700 1 -- 172.21.15.6:0/1271029477 <== mon.0 v2:172.21.15.6:3300/0 2 ==== config(25 keys) v1 ==== 1046+0+0 (secure 0 0 0) 0x7fa16801aad0 con 0x7fa16c073d00
2024-03-12T16:01:38.126 INFO:teuthology.orchestra.run.smithi006.stderr:/usr/bin/ceph:
2024-03-12T16:01:38.121+0000 7fa1627fc700 1 -- 172.21.15.6:0/1271029477 <== mon.0 v2:172.21.15.6:3300/0 3 ==== mon_map magic: 0 v1 ==== 229+0+0 (secure 0 0 0) 0x7fa168023a10 con 0x7fa16c073d00
2024-03-12T16:01:38.126 INFO:teuthology.orchestra.run.smithi006.stderr:/usr/bin/ceph:
2024-03-12T16:01:38.121+0000 7fa17376c700 1 -- 172.21.15.6:0/1271029477 --> [v2:172.21.15.6:3300/0,v1:172.21.15.6:6789/0] -- mon_subscribe({mgrmap=0+}) v3 -- 0x7fa16c10e750 con 0x7fa16c073d00
2024-03-12T16:01:38.126 INFO:teuthology.orchestra.run.smithi006.stderr:/usr/bin/ceph:
2024-03-12T16:01:38.122+0000 7fa17376c700 1 -- 172.21.15.6:0/1271029477 --> [v2:172.21.15.6:3300/0,v1:172.21.15.6:6789/0] -- mon_subscribe({osdmap=0}) v3 -- 0x7fa16c10eb60 con 0x7fa16c073d00
2024-03-12T16:01:38.126 INFO:teuthology.orchestra.run.smithi006.stderr:/usr/bin/ceph:
2024-03-12T16:01:38.122+0000 7fa1627fc700 1 -- 172.21.15.6:0/1271029477 <== mon.0 v2:172.21.15.6:3300/0 4 ==== mgrmap(e 8) v1 ==== 38632+0+0 (secure 0 0 0) 0x7fa168023c40 con 0x7fa16c073d00
2024-03-12T16:01:38.126 INFO:teuthology.orchestra.run.smithi006.stderr:/usr/bin/ceph:
2024-03-12T16:01:38.122+0000 7fa17376c700 1 -- 172.21.15.6:0/1271029477 --> [v2:172.21.15.6:3300/0,v1:172.21.15.6:6789/0] -- mon_command({"prefix": "get_command_descriptions"} v 0) v1 -- 0x7fa16c046ce0 con 0x7fa16c073d00
2024-03-12T16:01:38.126 INFO:teuthology.orchestra.run.smithi006.stderr:/usr/bin/ceph:
2024-03-12T16:01:38.123+0000 7fa1627fc700 1 --2- 172.21.15.6:0/1271029477 >> [v2:172.21.15.6:6800/344339741,v1:172.21.15.6:6801/344339741] conn(0x7fa158032660 0x7fa158034b20 unknown :-1 s=NONE pgs=0 cs=0 l=1 rev1=0 rx=0 tx=0).connect
2024-03-12T16:01:38.126 INFO:teuthology.orchestra.run.smithi006.stderr:/usr/bin/ceph:
2024-03-12T16:01:38.123+0000 7fa1627fc700 1 -- 172.21.15.6:0/1271029477 <== mon.0 v2:172.21.15.6:3300/0 5 ==== osd_map(2..2 src has 1..2) v4 ==== 893+0+0 (secure 0 0 0) 0x7fa168044790 con 0x7fa16c073d00
2024-03-12T16:01:38.126 INFO:teuthology.orchestra.run.smithi006.stderr:/usr/bin/ceph:
2024-03-12T16:01:38.123+0000 7fa170d07700 1 --2- 172.21.15.6:0/1271029477 >> [v2:172.21.15.6:6800/344339741,v1:172.21.15.6:6801/344339741] conn(0x7fa158032660 0x7fa158034b20 unknown :-1 s=BANNER_CONNECTING pgs=0 cs=0 l=1 rev1=0 rx=0 tx=0)._handle_peer_banner_payload supported=1 required=0
2024-03-12T16:01:38.126 INFO:teuthology.orchestra.run.smithi006.stderr:/usr/bin/ceph:
2024-03-12T16:01:38.123+0000 7fa170d07700 1 --2- 172.21.15.6:0/1271029477 >> [v2:172.21.15.6:6800/344339741,v1:172.21.15.6:6801/344339741] conn(0x7fa158032660 0x7fa158034b20 secure :-1 s=READY pgs=20 cs=0 l=1 rev1=1 rx=0x7fa15c009780 tx=0x7fa15c006cc0).ready entity=mgr.14116 client_cookie=0 server_cookie=0 in_seq=0 out_seq=0
2024-03-12T16:01:38.129 INFO:teuthology.orchestra.run.smithi006.stderr:/usr/bin/ceph:
2024-03-12T16:01:38.127+0000 7fa1627fc700 1 -- 172.21.15.6:0/1271029477 <== mon.0 v2:172.21.15.6:3300/0 6 ==== mon_command_ack([{"prefix": "get_command_descriptions"}]=0 v0) v1 ==== 72+0+163658 (secure 0 0 0) 0x7fa16802bb40 con 0x7fa16c073d00
2024-03-12T16:01:38.207 INFO:journalctl@ceph.mon.smithi006.smithi006.stdout:Mar 12 16:01:37 smithi006 ceph-88d7ee42-e089-11ee-95c8-87774f69a715-mon-smithi006[39682]: cluster
2024-03-12T16:01:36.734317+0000 mgr.smithi006.kskdce (mgr.14116) 27 : cluster [DBG] pgmap v5: 0 pgs: ; 0 B data, 0 B used, 0 B / 0 B avail
2024-03-12T16:01:38.207 INFO:journalctl@ceph.mon.smithi006.smithi006.stdout:Mar 12 16:01:37 smithi006 ceph-88d7ee42-e089-11ee-95c8-87774f69a715-mon-smithi006[39682]: audit
2024-03-12T16:01:36.770196+0000 mon.smithi006 (mon.0) 66 : audit [INF] from='client.? 172.21.15.6:0/1668255061' entity='client.admin'
2024-03-12T16:01:38.347 INFO:teuthology.orchestra.run.smithi006.stderr:/usr/bin/ceph:
2024-03-12T16:01:38.345+0000 7fa17376c700 1 -- 172.21.15.6:0/1271029477 --> [v2:172.21.15.6:3300/0,v1:172.21.15.6:6789/0] -- mon_command({"prefix": "mgr module enable", "module": "dashboard"} v 0) v1 -- 0x7fa16c1031a0 con 0x7fa16c073d00
2024-03-12T16:01:38.774 INFO:teuthology.orchestra.run.smithi006.stderr:/usr/bin/ceph:
2024-03-12T16:01:38.772+0000 7fa1627fc700 1 -- 172.21.15.6:0/1271029477 <== mon.0 v2:172.21.15.6:3300/0 7 ==== mgrmap(e 9) v1 ==== 38645+0+0 (secure 0 0 0) 0x7fa16801a730 con 0x7fa16c073d00
2024-03-12T16:01:38.775 INFO:teuthology.orchestra.run.smithi006.stderr:/usr/bin/ceph:
2024-03-12T16:01:38.773+0000 7fa1627fc700 1 -- 172.21.15.6:0/1271029477 <== mon.0 v2:172.21.15.6:3300/0 8 ==== mon_command_ack([{"prefix": "mgr module enable", "module": "dashboard"}]=0 v9) v1 ==== 88+0+0 (secure 0 0 0) 0x7fa1680107a0 con 0x7fa16c073d00
2024-03-12T16:01:38.778 INFO:teuthology.orchestra.run.smithi006.stderr:/usr/bin/ceph:
2024-03-12T16:01:38.775+0000 7fa17376c700 1 -- 172.21.15.6:0/1271029477 >> [v2:172.21.15.6:6800/344339741,v1:172.21.15.6:6801/344339741] conn(0x7fa158032660 msgr2=0x7fa158034b20 secure :-1 s=STATE_CONNECTION_ESTABLISHED l=1).mark_down
2024-03-12T16:01:38.778 INFO:teuthology.orchestra.run.smithi006.stderr:/usr/bin/ceph:
2024-03-12T16:01:38.775+0000 7fa17376c700 1 --2- 172.21.15.6:0/1271029477 >> [v2:172.21.15.6:6800/344339741,v1:172.21.15.6:6801/344339741] conn(0x7fa158032660 0x7fa158034b20 secure :-1 s=READY pgs=20 cs=0 l=1 rev1=1 rx=0x7fa15c009780 tx=0x7fa15c006cc0).stop
2024-03-12T16:01:38.778 INFO:teuthology.orchestra.run.smithi006.stderr:/usr/bin/ceph:
2024-03-12T16:01:38.775+0000 7fa17376c700 1 -- 172.21.15.6:0/1271029477 >> [v2:172.21.15.6:3300/0,v1:172.21.15.6:6789/0] conn(0x7fa16c073d00 msgr2=0x7fa16c10e060 secure :-1 s=STATE_CONNECTION_ESTABLISHED l=1).mark_down
2024-03-12T16:01:38.778 INFO:teuthology.orchestra.run.smithi006.stderr:/usr/bin/ceph:
2024-03-12T16:01:38.775+0000 7fa17376c700 1 --2- 172.21.15.6:0/1271029477 >> [v2:172.21.15.6:3300/0,v1:172.21.15.6:6789/0] conn(0x7fa16c073d00 0x7fa16c10e060 secure :-1 s=READY pgs=60 cs=0 l=1 rev1=1 rx=0x7fa1680118b0 tx=0x7fa1680090f0).stop
2024-03-12T16:01:38.778 INFO:teuthology.orchestra.run.smithi006.stderr:/usr/bin/ceph:
2024-03-12T16:01:38.775+0000 7fa17376c700 1 -- 172.21.15.6:0/1271029477 shutdown_connections
2024-03-12T16:01:38.778 INFO:teuthology.orchestra.run.smithi006.stderr:/usr/bin/ceph:
2024-03-12T16:01:38.775+0000 7fa17376c700 1 --2- 172.21.15.6:0/1271029477 >> [v2:172.21.15.6:6800/344339741,v1:172.21.15.6:6801/344339741] conn(0x7fa158032660 0x7fa158034b20 unknown :-1 s=CLOSED pgs=20 cs=0 l=1 rev1=1 rx=0 tx=0).stop
2024-03-12T16:01:38.778 INFO:teuthology.orchestra.run.smithi006.stderr:/usr/bin/ceph:
2024-03-12T16:01:38.775+0000 7fa17376c700 1 --2- 172.21.15.6:0/1271029477 >> [v2:172.21.15.6:3300/0,v1:172.21.15.6:6789/0] conn(0x7fa16c073d00 0x7fa16c10e060 unknown :-1 s=CLOSED pgs=60 cs=0 l=1 rev1=1 rx=0 tx=0).stop
2024-03-12T16:01:38.778 INFO:teuthology.orchestra.run.smithi006.stderr:/usr/bin/ceph:
2024-03-12T16:01:38.775+0000 7fa17376c700 1 -- 172.21.15.6:0/1271029477 >> 172.21.15.6:0/1271029477 conn(0x7fa16c0f87e0 msgr2=0x7fa16c0fa2a0 unknown :-1 s=STATE_NONE l=0).mark_down
2024-03-12T16:01:38.779 INFO:teuthology.orchestra.run.smithi006.stderr:/usr/bin/ceph:
2024-03-12T16:01:38.775+0000 7fa17376c700 1 -- 172.21.15.6:0/1271029477 shutdown_connections
2024-03-12T16:01:38.779 INFO:teuthology.orchestra.run.smithi006.stderr:/usr/bin/ceph:
2024-03-12T16:01:38.775+0000 7fa17376c700 1 -- 172.21.15.6:0/1271029477 wait complete.
2024-03-12T16:01:39.024 INFO:journalctl@ceph.mon.smithi006.smithi006.stdout:Mar 12 16:01:38 smithi006 ceph-88d7ee42-e089-11ee-95c8-87774f69a715-mon-smithi006[39682]: audit
2024-03-12T16:01:38.347112+0000 mon.smithi006 (mon.0) 67 : audit [INF] from='client.? 172.21.15.6:0/1271029477' entity='client.admin' cmd=[{"prefix": "mgr module enable", "module": "dashboard"}]: dispatch
2024-03-12T16:01:39.957 INFO:journalctl@ceph.mon.smithi006.smithi006.stdout:Mar 12 16:01:39 smithi006 ceph-88d7ee42-e089-11ee-95c8-87774f69a715-mon-smithi006[39682]: audit
2024-03-12T16:01:38.774528+0000 mon.smithi006 (mon.0) 68 : audit [INF] from='client.? 172.21.15.6:0/1271029477' entity='client.admin' cmd='[{"prefix": "mgr module enable", "module": "dashboard"}]': finished
2024-03-12T16:01:39.957 INFO:journalctl@ceph.mon.smithi006.smithi006.stdout:Mar 12 16:01:39 smithi006 ceph-88d7ee42-e089-11ee-95c8-87774f69a715-mon-smithi006[39682]: cluster
2024-03-12T16:01:38.774616+0000 mon.smithi006 (mon.0) 69 : cluster [DBG] mgrmap e9: smithi006.kskdce(active, since 26s)
2024-03-12T16:01:40.054 INFO:teuthology.orchestra.run.smithi006.stderr:/usr/bin/ceph:
2024-03-12T16:01:40.043+0000 7f0d855f1700 1 Processor -- start
2024-03-12T16:01:40.054 INFO:teuthology.orchestra.run.smithi006.stderr:/usr/bin/ceph:
2024-03-12T16:01:40.043+0000 7f0d855f1700 1 -- start start
2024-03-12T16:01:40.054 INFO:teuthology.orchestra.run.smithi006.stderr:/usr/bin/ceph:
2024-03-12T16:01:40.043+0000 7f0d855f1700 1 --2- >> [v2:172.21.15.6:3300/0,v1:172.21.15.6:6789/0] conn(0x7f0d80071c60 0x7f0d800ffc30 unknown :-1 s=NONE pgs=0 cs=0 l=0 rev1=0 rx=0 tx=0).connect
2024-03-12T16:01:40.054 INFO:teuthology.orchestra.run.smithi006.stderr:/usr/bin/ceph:
2024-03-12T16:01:40.043+0000 7f0d855f1700 1 -- --> [v2:172.21.15.6:3300/0,v1:172.21.15.6:6789/0] -- mon_getmap magic: 0 v1 -- 0x7f0d80100120 con 0x7f0d80071c60
2024-03-12T16:01:40.054 INFO:teuthology.orchestra.run.smithi006.stderr:/usr/bin/ceph:
2024-03-12T16:01:40.043+0000 7f0d7effd700 1 --2- >> [v2:172.21.15.6:3300/0,v1:172.21.15.6:6789/0] conn(0x7f0d80071c60 0x7f0d800ffc30 unknown :-1 s=BANNER_CONNECTING pgs=0 cs=0 l=0 rev1=0 rx=0 tx=0)._handle_peer_banner_payload supported=1 required=0
2024-03-12T16:01:40.054 INFO:teuthology.orchestra.run.smithi006.stderr:/usr/bin/ceph:
2024-03-12T16:01:40.043+0000 7f0d7effd700 1 --2- >> [v2:172.21.15.6:3300/0,v1:172.21.15.6:6789/0] conn(0x7f0d80071c60 0x7f0d800ffc30 unknown :-1 s=HELLO_CONNECTING pgs=0 cs=0 l=0 rev1=1 rx=0 tx=0).handle_hello peer v2:172.21.15.6:3300/0 says I am v2:172.21.15.6:54602/0 (socket says 172.21.15.6:54602)
2024-03-12T16:01:40.054 INFO:teuthology.orchestra.run.smithi006.stderr:/usr/bin/ceph:
2024-03-12T16:01:40.043+0000 7f0d7effd700 1 -- 172.21.15.6:0/2700973308 learned_addr learned my addr 172.21.15.6:0/2700973308 (peer_addr_for_me v2:172.21.15.6:0/0)
2024-03-12T16:01:40.054 INFO:teuthology.orchestra.run.smithi006.stderr:/usr/bin/ceph:
2024-03-12T16:01:40.043+0000 7f0d7effd700 1 -- 172.21.15.6:0/2700973308 --> [v2:172.21.15.6:3300/0,v1:172.21.15.6:6789/0] -- mon_subscribe({config=0+,monmap=0+}) v3 -- 0x7f0d80100260 con 0x7f0d80071c60
2024-03-12T16:01:40.054 INFO:teuthology.orchestra.run.smithi006.stderr:/usr/bin/ceph:
2024-03-12T16:01:40.043+0000 7f0d7effd700 1 --2- 172.21.15.6:0/2700973308 >> [v2:172.21.15.6:3300/0,v1:172.21.15.6:6789/0] conn(0x7f0d80071c60 0x7f0d800ffc30 secure :-1 s=READY pgs=63 cs=0 l=1 rev1=1 rx=0x7f0d70009730 tx=0x7f0d700090f0).ready entity=mon.0 client_cookie=3160b530c2ad291d server_cookie=0 in_seq=0 out_seq=0
2024-03-12T16:01:40.055 INFO:teuthology.orchestra.run.smithi006.stderr:/usr/bin/ceph:
2024-03-12T16:01:40.044+0000 7f0d7dffb700 1 -- 172.21.15.6:0/2700973308 <== mon.0 v2:172.21.15.6:3300/0 1 ==== mon_map magic: 0 v1 ==== 229+0+0 (secure 0 0 0) 0x7f0d7000b6e0 con 0x7f0d80071c60
2024-03-12T16:01:40.055 INFO:teuthology.orchestra.run.smithi006.stderr:/usr/bin/ceph:
2024-03-12T16:01:40.044+0000 7f0d7dffb700 1 -- 172.21.15.6:0/2700973308 <== mon.0 v2:172.21.15.6:3300/0 2 ==== config(25 keys) v1 ==== 1046+0+0 (secure 0 0 0) 0x7f0d7000bcd0 con 0x7f0d80071c60
2024-03-12T16:01:40.055 INFO:teuthology.orchestra.run.smithi006.stderr:/usr/bin/ceph:
2024-03-12T16:01:40.044+0000 7f0d7dffb700 1 -- 172.21.15.6:0/2700973308 <== mon.0 v2:172.21.15.6:3300/0 3 ==== mon_map magic: 0 v1 ==== 229+0+0 (secure 0 0 0) 0x7f0d70011cb0 con 0x7f0d80071c60
2024-03-12T16:01:40.055 INFO:teuthology.orchestra.run.smithi006.stderr:/usr/bin/ceph:
2024-03-12T16:01:40.044+0000 7f0d855f1700 1 -- 172.21.15.6:0/2700973308 >> [v2:172.21.15.6:3300/0,v1:172.21.15.6:6789/0] conn(0x7f0d80071c60 msgr2=0x7f0d800ffc30 secure :-1 s=STATE_CONNECTION_ESTABLISHED l=1).mark_down
2024-03-12T16:01:40.055 INFO:teuthology.orchestra.run.smithi006.stderr:/usr/bin/ceph:
2024-03-12T16:01:40.044+0000 7f0d855f1700 1 --2- 172.21.15.6:0/2700973308 >> [v2:172.21.15.6:3300/0,v1:172.21.15.6:6789/0] conn(0x7f0d80071c60 0x7f0d800ffc30 secure :-1 s=READY pgs=63 cs=0 l=1 rev1=1 rx=0x7f0d70009730 tx=0x7f0d700090f0).stop
2024-03-12T16:01:40.055 INFO:teuthology.orchestra.run.smithi006.stderr:/usr/bin/ceph:
2024-03-12T16:01:40.044+0000 7f0d855f1700 1 -- 172.21.15.6:0/2700973308 shutdown_connections
2024-03-12T16:01:40.055 INFO:teuthology.orchestra.run.smithi006.stderr:/usr/bin/ceph:
2024-03-12T16:01:40.044+0000 7f0d855f1700 1 --2- 172.21.15.6:0/2700973308 >> [v2:172.21.15.6:3300/0,v1:172.21.15.6:6789/0] conn(0x7f0d80071c60 0x7f0d800ffc30 unknown :-1 s=CLOSED pgs=63 cs=0 l=1 rev1=1 rx=0 tx=0).stop
2024-03-12T16:01:40.055 INFO:teuthology.orchestra.run.smithi006.stderr:/usr/bin/ceph:
2024-03-12T16:01:40.044+0000 7f0d855f1700 1 -- 172.21.15.6:0/2700973308 >> 172.21.15.6:0/2700973308 conn(0x7f0d800f76f0 msgr2=0x7f0d800f9b10 unknown :-1 s=STATE_NONE l=0).mark_down
2024-03-12T16:01:40.055 INFO:teuthology.orchestra.run.smithi006.stderr:/usr/bin/ceph:
2024-03-12T16:01:40.044+0000 7f0d855f1700 1 -- 172.21.15.6:0/2700973308 shutdown_connections
2024-03-12T16:01:40.055 INFO:teuthology.orchestra.run.smithi006.stderr:/usr/bin/ceph:
2024-03-12T16:01:40.044+0000 7f0d855f1700 1 -- 172.21.15.6:0/2700973308 wait complete.
2024-03-12T16:01:40.055 INFO:teuthology.orchestra.run.smithi006.stderr:/usr/bin/ceph:
2024-03-12T16:01:40.045+0000 7f0d855f1700 1 Processor -- start
2024-03-12T16:01:40.055 INFO:teuthology.orchestra.run.smithi006.stderr:/usr/bin/ceph:
2024-03-12T16:01:40.045+0000 7f0d855f1700 1 -- start start
2024-03-12T16:01:40.055 INFO:teuthology.orchestra.run.smithi006.stderr:/usr/bin/ceph:
2024-03-12T16:01:40.046+0000 7f0d855f1700 1 --2- >> [v2:172.21.15.6:3300/0,v1:172.21.15.6:6789/0] conn(0x7f0d80071c60 0x7f0d8010bea0 unknown :-1 s=NONE pgs=0 cs=0 l=1 rev1=0 rx=0 tx=0).connect
2024-03-12T16:01:40.055 INFO:teuthology.orchestra.run.smithi006.stderr:/usr/bin/ceph:
