2024-03-12T16:41:02.164+0000 7f37fbfff700 1 -- 172.21.15.149:0/3413796927 learned_addr learned my addr 172.21.15.149:0/3413796927 (peer_addr_for_me v2:172.21.15.149:0/0)
2024-03-12T16:41:02.969 INFO:teuthology.orchestra.run.smithi149.stdout:/usr/bin/ceph: stderr
2024-03-12T16:41:02.164+0000 7f37fbfff700 1 -- 172.21.15.149:0/3413796927 --> [v2:172.21.15.149:3300/0,v1:172.21.15.149:6789/0] -- mon_subscribe({config=0+,monmap=0+}) v3 -- 0x7f37fc0744c0 con 0x7f37fc1041f0
2024-03-12T16:41:02.969 INFO:teuthology.orchestra.run.smithi149.stdout:/usr/bin/ceph: stderr
2024-03-12T16:41:02.164+0000 7f37fbfff700 1 --2- 172.21.15.149:0/3413796927 >> [v2:172.21.15.149:3300/0,v1:172.21.15.149:6789/0] conn(0x7f37fc1041f0 0x7f37fc104600 secure :-1 s=READY pgs=86 cs=0 l=1 rev1=1 crypto rx=0x7f37ec0098a0 tx=0x7f37ec009bb0 comp rx=0 tx=0).ready entity=mon.0 client_cookie=3af9632f29d8ba06 server_cookie=0 in_seq=0 out_seq=0
2024-03-12T16:41:02.969 INFO:teuthology.orchestra.run.smithi149.stdout:/usr/bin/ceph: stderr
2024-03-12T16:41:02.164+0000 7f37faffd700 1 -- 172.21.15.149:0/3413796927 <== mon.0 v2:172.21.15.149:3300/0 1 ==== mon_map magic: 0 v1 ==== 229+0+0 (secure 0 0 0) 0x7f37ec004180 con 0x7f37fc1041f0
2024-03-12T16:41:02.969 INFO:teuthology.orchestra.run.smithi149.stdout:/usr/bin/ceph: stderr
2024-03-12T16:41:02.164+0000 7f37faffd700 1 -- 172.21.15.149:0/3413796927 <== mon.0 v2:172.21.15.149:3300/0 2 ==== config(26 keys) v1 ==== 1066+0+0 (secure 0 0 0) 0x7f37ec0042e0 con 0x7f37fc1041f0
2024-03-12T16:41:02.969 INFO:teuthology.orchestra.run.smithi149.stdout:/usr/bin/ceph: stderr
2024-03-12T16:41:02.164+0000 7f37faffd700 1 -- 172.21.15.149:0/3413796927 <== mon.0 v2:172.21.15.149:3300/0 3 ==== mon_map magic: 0 v1 ==== 229+0+0 (secure 0 0 0) 0x7f37ec011a30 con 0x7f37fc1041f0
2024-03-12T16:41:02.969 INFO:teuthology.orchestra.run.smithi149.stdout:/usr/bin/ceph: stderr
2024-03-12T16:41:02.165+0000 7f3802513700 1 -- 172.21.15.149:0/3413796927 >> [v2:172.21.15.149:3300/0,v1:172.21.15.149:6789/0] conn(0x7f37fc1041f0 msgr2=0x7f37fc104600 secure :-1 s=STATE_CONNECTION_ESTABLISHED l=1).mark_down
2024-03-12T16:41:02.969 INFO:teuthology.orchestra.run.smithi149.stdout:/usr/bin/ceph: stderr
2024-03-12T16:41:02.165+0000 7f3802513700 1 --2- 172.21.15.149:0/3413796927 >> [v2:172.21.15.149:3300/0,v1:172.21.15.149:6789/0] conn(0x7f37fc1041f0 0x7f37fc104600 secure :-1 s=READY pgs=86 cs=0 l=1 rev1=1 crypto rx=0x7f37ec0098a0 tx=0x7f37ec009bb0 comp rx=0 tx=0).stop
2024-03-12T16:41:02.969 INFO:teuthology.orchestra.run.smithi149.stdout:/usr/bin/ceph: stderr
2024-03-12T16:41:02.165+0000 7f3802513700 1 -- 172.21.15.149:0/3413796927 shutdown_connections
2024-03-12T16:41:02.969 INFO:teuthology.orchestra.run.smithi149.stdout:/usr/bin/ceph: stderr
2024-03-12T16:41:02.165+0000 7f3802513700 1 --2- 172.21.15.149:0/3413796927 >> [v2:172.21.15.149:3300/0,v1:172.21.15.149:6789/0] conn(0x7f37fc1041f0 0x7f37fc104600 unknown :-1 s=CLOSED pgs=86 cs=0 l=1 rev1=1 crypto rx=0 tx=0 comp rx=0 tx=0).stop
2024-03-12T16:41:02.969 INFO:teuthology.orchestra.run.smithi149.stdout:/usr/bin/ceph: stderr
2024-03-12T16:41:02.165+0000 7f3802513700 1 -- 172.21.15.149:0/3413796927 >> 172.21.15.149:0/3413796927 conn(0x7f37fc0ffe20 msgr2=0x7f37fc102230 unknown :-1 s=STATE_NONE l=0).mark_down
2024-03-12T16:41:02.969 INFO:teuthology.orchestra.run.smithi149.stdout:/usr/bin/ceph: stderr
2024-03-12T16:41:02.165+0000 7f3802513700 1 -- 172.21.15.149:0/3413796927 shutdown_connections
2024-03-12T16:41:02.969 INFO:teuthology.orchestra.run.smithi149.stdout:/usr/bin/ceph: stderr
2024-03-12T16:41:02.165+0000 7f3802513700 1 -- 172.21.15.149:0/3413796927 wait complete.
2024-03-12T16:41:02.969 INFO:teuthology.orchestra.run.smithi149.stdout:/usr/bin/ceph: stderr
2024-03-12T16:41:02.165+0000 7f3802513700 1 Processor -- start
2024-03-12T16:41:02.969 INFO:teuthology.orchestra.run.smithi149.stdout:/usr/bin/ceph: stderr
2024-03-12T16:41:02.165+0000 7f3802513700 1 -- start start
2024-03-12T16:41:02.969 INFO:teuthology.orchestra.run.smithi149.stdout:/usr/bin/ceph: stderr
2024-03-12T16:41:02.166+0000 7f3802513700 1 --2- >> [v2:172.21.15.149:3300/0,v1:172.21.15.149:6789/0] conn(0x7f37fc1041f0 0x7f37fc19b7b0 unknown :-1 s=NONE pgs=0 cs=0 l=1 rev1=0 crypto rx=0 tx=0 comp rx=0 tx=0).connect
2024-03-12T16:41:02.970 INFO:teuthology.orchestra.run.smithi149.stdout:/usr/bin/ceph: stderr
2024-03-12T16:41:02.166+0000 7f3802513700 1 -- --> [v2:172.21.15.149:3300/0,v1:172.21.15.149:6789/0] -- mon_getmap magic: 0 v1 -- 0x7f37fc19bcf0 con 0x7f37fc1041f0
2024-03-12T16:41:02.970 INFO:teuthology.orchestra.run.smithi149.stdout:/usr/bin/ceph: stderr
2024-03-12T16:41:02.166+0000 7f37fbfff700 1 --2- >> [v2:172.21.15.149:3300/0,v1:172.21.15.149:6789/0] conn(0x7f37fc1041f0 0x7f37fc19b7b0 unknown :-1 s=BANNER_CONNECTING pgs=0 cs=0 l=1 rev1=0 crypto rx=0 tx=0 comp rx=0 tx=0)._handle_peer_banner_payload supported=3 required=0
2024-03-12T16:41:02.970 INFO:teuthology.orchestra.run.smithi149.stdout:/usr/bin/ceph: stderr
2024-03-12T16:41:02.166+0000 7f37fbfff700 1 --2- >> [v2:172.21.15.149:3300/0,v1:172.21.15.149:6789/0] conn(0x7f37fc1041f0 0x7f37fc19b7b0 unknown :-1 s=HELLO_CONNECTING pgs=0 cs=0 l=1 rev1=1 crypto rx=0 tx=0 comp rx=0 tx=0).handle_hello peer v2:172.21.15.149:3300/0 says I am v2:172.21.15.149:59668/0 (socket says 172.21.15.149:59668)
2024-03-12T16:41:02.970 INFO:teuthology.orchestra.run.smithi149.stdout:/usr/bin/ceph: stderr
2024-03-12T16:41:02.166+0000 7f37fbfff700 1 -- 172.21.15.149:0/4057470098 learned_addr learned my addr 172.21.15.149:0/4057470098 (peer_addr_for_me v2:172.21.15.149:0/0)
2024-03-12T16:41:02.970 INFO:teuthology.orchestra.run.smithi149.stdout:/usr/bin/ceph: stderr
2024-03-12T16:41:02.166+0000 7f37fbfff700 1 -- 172.21.15.149:0/4057470098 --> [v2:172.21.15.149:3300/0,v1:172.21.15.149:6789/0] -- mon_subscribe({config=0+,monmap=0+}) v3 -- 0x7f37ec009550 con 0x7f37fc1041f0
2024-03-12T16:41:02.970 INFO:teuthology.orchestra.run.smithi149.stdout:/usr/bin/ceph: stderr
2024-03-12T16:41:02.166+0000 7f37fbfff700 1 --2- 172.21.15.149:0/4057470098 >> [v2:172.21.15.149:3300/0,v1:172.21.15.149:6789/0] conn(0x7f37fc1041f0 0x7f37fc19b7b0 secure :-1 s=READY pgs=87 cs=0 l=1 rev1=1 crypto rx=0x7f37ec006af0 tx=0x7f37ec011ab0 comp rx=0 tx=0).ready entity=mon.0 client_cookie=0 server_cookie=0 in_seq=0 out_seq=0
2024-03-12T16:41:02.970 INFO:teuthology.orchestra.run.smithi149.stdout:/usr/bin/ceph: stderr
2024-03-12T16:41:02.166+0000 7f37f97fa700 1 -- 172.21.15.149:0/4057470098 <== mon.0 v2:172.21.15.149:3300/0 1 ==== mon_map magic: 0 v1 ==== 229+0+0 (secure 0 0 0) 0x7f37ec003bc0 con 0x7f37fc1041f0
2024-03-12T16:41:02.970 INFO:teuthology.orchestra.run.smithi149.stdout:/usr/bin/ceph: stderr
2024-03-12T16:41:02.166+0000 7f3802513700 1 -- 172.21.15.149:0/4057470098 --> [v2:172.21.15.149:3300/0,v1:172.21.15.149:6789/0] -- mon_subscribe({mgrmap=0+}) v3 -- 0x7f37fc19bf50 con 0x7f37fc1041f0
2024-03-12T16:41:02.970 INFO:teuthology.orchestra.run.smithi149.stdout:/usr/bin/ceph: stderr
2024-03-12T16:41:02.166+0000 7f37f97fa700 1 -- 172.21.15.149:0/4057470098 <== mon.0 v2:172.21.15.149:3300/0 2 ==== config(26 keys) v1 ==== 1066+0+0 (secure 0 0 0) 0x7f37ec01a8c0 con 0x7f37fc1041f0
2024-03-12T16:41:02.970 INFO:teuthology.orchestra.run.smithi149.stdout:/usr/bin/ceph: stderr
2024-03-12T16:41:02.166+0000 7f37f97fa700 1 -- 172.21.15.149:0/4057470098 <== mon.0 v2:172.21.15.149:3300/0 3 ==== mon_map magic: 0 v1 ==== 229+0+0 (secure 0 0 0) 0x7f37ec019820 con 0x7f37fc1041f0
2024-03-12T16:41:02.970 INFO:teuthology.orchestra.run.smithi149.stdout:/usr/bin/ceph: stderr
2024-03-12T16:41:02.166+0000 7f3802513700 1 -- 172.21.15.149:0/4057470098 --> [v2:172.21.15.149:3300/0,v1:172.21.15.149:6789/0] -- mon_subscribe({osdmap=0}) v3 -- 0x7f37fc19c3d0 con 0x7f37fc1041f0
2024-03-12T16:41:02.970 INFO:teuthology.orchestra.run.smithi149.stdout:/usr/bin/ceph: stderr
2024-03-12T16:41:02.167+0000 7f37f97fa700 1 -- 172.21.15.149:0/4057470098 <== mon.0 v2:172.21.15.149:3300/0 4 ==== mgrmap(e 13) v1 ==== 45141+0+0 (secure 0 0 0) 0x7f37ec019aa0 con 0x7f37fc1041f0
2024-03-12T16:41:02.970 INFO:teuthology.orchestra.run.smithi149.stdout:/usr/bin/ceph: stderr
2024-03-12T16:41:02.167+0000 7f37f97fa700 1 --2- 172.21.15.149:0/4057470098 >> [v2:172.21.15.149:6800/3450934908,v1:172.21.15.149:6801/3450934908] conn(0x7f37e40384a0 0x7f37e403a950 unknown :-1 s=NONE pgs=0 cs=0 l=1 rev1=0 crypto rx=0 tx=0 comp rx=0 tx=0).connect
2024-03-12T16:41:02.970 INFO:teuthology.orchestra.run.smithi149.stdout:/usr/bin/ceph: stderr
2024-03-12T16:41:02.167+0000 7f37e2ffd700 1 -- 172.21.15.149:0/4057470098 --> [v2:172.21.15.149:3300/0,v1:172.21.15.149:6789/0] -- mon_command({"prefix": "get_command_descriptions"} v 0) v1 -- 0x7f37dc0052f0 con 0x7f37fc1041f0
2024-03-12T16:41:02.971 INFO:teuthology.orchestra.run.smithi149.stdout:/usr/bin/ceph: stderr
2024-03-12T16:41:02.167+0000 7f37f97fa700 1 -- 172.21.15.149:0/4057470098 <== mon.0 v2:172.21.15.149:3300/0 5 ==== osd_map(3..3 src has 1..3) v4 ==== 1155+0+0 (secure 0 0 0) 0x7f37ec04cd70 con 0x7f37fc1041f0
2024-03-12T16:41:02.971 INFO:teuthology.orchestra.run.smithi149.stdout:/usr/bin/ceph: stderr
2024-03-12T16:41:02.167+0000 7f37fb7fe700 1 --2- 172.21.15.149:0/4057470098 >> [v2:172.21.15.149:6800/3450934908,v1:172.21.15.149:6801/3450934908] conn(0x7f37e40384a0 0x7f37e403a950 unknown :-1 s=BANNER_CONNECTING pgs=0 cs=0 l=1 rev1=0 crypto rx=0 tx=0 comp rx=0 tx=0)._handle_peer_banner_payload supported=3 required=0
2024-03-12T16:41:02.971 INFO:teuthology.orchestra.run.smithi149.stdout:/usr/bin/ceph: stderr
2024-03-12T16:41:02.168+0000 7f37fb7fe700 1 --2- 172.21.15.149:0/4057470098 >> [v2:172.21.15.149:6800/3450934908,v1:172.21.15.149:6801/3450934908] conn(0x7f37e40384a0 0x7f37e403a950 secure :-1 s=READY pgs=10 cs=0 l=1 rev1=1 crypto rx=0x7f37f0006fd0 tx=0x7f37f0006e40 comp rx=0 tx=0).ready entity=mgr.14162 client_cookie=0 server_cookie=0 in_seq=0 out_seq=0
2024-03-12T16:41:02.971 INFO:teuthology.orchestra.run.smithi149.stdout:/usr/bin/ceph: stderr
2024-03-12T16:41:02.172+0000 7f37f97fa700 1 -- 172.21.15.149:0/4057470098 <== mon.0 v2:172.21.15.149:3300/0 6 ==== mon_command_ack([{"prefix": "get_command_descriptions"}]=0 v0) v1 ==== 72+0+177933 (secure 0 0 0) 0x7f37ec07a720 con 0x7f37fc1041f0
2024-03-12T16:41:02.971 INFO:teuthology.orchestra.run.smithi149.stdout:/usr/bin/ceph: stderr
2024-03-12T16:41:02.358+0000 7f37e2ffd700 1 -- 172.21.15.149:0/4057470098 --> [v2:172.21.15.149:3300/0,v1:172.21.15.149:6789/0] -- mon_command([{prefix=config set, name=osd_memory_target_autotune}] v 0) v1 -- 0x7f37dc005f40 con 0x7f37fc1041f0
2024-03-12T16:41:02.971 INFO:teuthology.orchestra.run.smithi149.stdout:/usr/bin/ceph: stderr
2024-03-12T16:41:02.358+0000 7f37f97fa700 1 -- 172.21.15.149:0/4057470098 <== mon.0 v2:172.21.15.149:3300/0 7 ==== mon_command_ack([{prefix=config set, name=osd_memory_target_autotune}]=0 v8)=0 v8) v1 ==== 127+0+0 (secure 0 0 0) 0x7f37ec03b020 con 0x7f37fc1041f0
2024-03-12T16:41:02.971 INFO:teuthology.orchestra.run.smithi149.stdout:/usr/bin/ceph: stderr
2024-03-12T16:41:02.361+0000 7f37e2ffd700 1 -- 172.21.15.149:0/4057470098 >> [v2:172.21.15.149:6800/3450934908,v1:172.21.15.149:6801/3450934908] conn(0x7f37e40384a0 msgr2=0x7f37e403a950 secure :-1 s=STATE_CONNECTION_ESTABLISHED l=1).mark_down
2024-03-12T16:41:02.971 INFO:teuthology.orchestra.run.smithi149.stdout:/usr/bin/ceph: stderr
2024-03-12T16:41:02.361+0000 7f37e2ffd700 1 --2- 172.21.15.149:0/4057470098 >> [v2:172.21.15.149:6800/3450934908,v1:172.21.15.149:6801/3450934908] conn(0x7f37e40384a0 0x7f37e403a950 secure :-1 s=READY pgs=10 cs=0 l=1 rev1=1 crypto rx=0x7f37f0006fd0 tx=0x7f37f0006e40 comp rx=0 tx=0).stop
2024-03-12T16:41:02.971 INFO:teuthology.orchestra.run.smithi149.stdout:/usr/bin/ceph: stderr
2024-03-12T16:41:02.361+0000 7f37e2ffd700 1 -- 172.21.15.149:0/4057470098 >> [v2:172.21.15.149:3300/0,v1:172.21.15.149:6789/0] conn(0x7f37fc1041f0 msgr2=0x7f37fc19b7b0 secure :-1 s=STATE_CONNECTION_ESTABLISHED l=1).mark_down
2024-03-12T16:41:02.971 INFO:teuthology.orchestra.run.smithi149.stdout:/usr/bin/ceph: stderr
2024-03-12T16:41:02.361+0000 7f37e2ffd700 1 --2- 172.21.15.149:0/4057470098 >> [v2:172.21.15.149:3300/0,v1:172.21.15.149:6789/0] conn(0x7f37fc1041f0 0x7f37fc19b7b0 secure :-1 s=READY pgs=87 cs=0 l=1 rev1=1 crypto rx=0x7f37ec006af0 tx=0x7f37ec011ab0 comp rx=0 tx=0).stop
2024-03-12T16:41:02.971 INFO:teuthology.orchestra.run.smithi149.stdout:/usr/bin/ceph: stderr
2024-03-12T16:41:02.361+0000 7f37e2ffd700 1 -- 172.21.15.149:0/4057470098 shutdown_connections
2024-03-12T16:41:02.971 INFO:teuthology.orchestra.run.smithi149.stdout:/usr/bin/ceph: stderr
2024-03-12T16:41:02.361+0000 7f37e2ffd700 1 --2- 172.21.15.149:0/4057470098 >> [v2:172.21.15.149:6800/3450934908,v1:172.21.15.149:6801/3450934908] conn(0x7f37e40384a0 0x7f37e403a950 unknown :-1 s=CLOSED pgs=10 cs=0 l=1 rev1=1 crypto rx=0 tx=0 comp rx=0 tx=0).stop
2024-03-12T16:41:02.971 INFO:teuthology.orchestra.run.smithi149.stdout:/usr/bin/ceph: stderr
2024-03-12T16:41:02.361+0000 7f37e2ffd700 1 --2- 172.21.15.149:0/4057470098 >> [v2:172.21.15.149:3300/0,v1:172.21.15.149:6789/0] conn(0x7f37fc1041f0 0x7f37fc19b7b0 unknown :-1 s=CLOSED pgs=87 cs=0 l=1 rev1=1 crypto rx=0 tx=0 comp rx=0 tx=0).stop
2024-03-12T16:41:02.971 INFO:teuthology.orchestra.run.smithi149.stdout:/usr/bin/ceph: stderr
2024-03-12T16:41:02.361+0000 7f37e2ffd700 1 -- 172.21.15.149:0/4057470098 >> 172.21.15.149:0/4057470098 conn(0x7f37fc0ffe20 msgr2=0x7f37fc18fdb0 unknown :-1 s=STATE_NONE l=0).mark_down
2024-03-12T16:41:02.972 INFO:teuthology.orchestra.run.smithi149.stdout:/usr/bin/ceph: stderr
2024-03-12T16:41:02.361+0000 7f37e2ffd700 1 -- 172.21.15.149:0/4057470098 shutdown_connections
2024-03-12T16:41:02.972 INFO:teuthology.orchestra.run.smithi149.stdout:/usr/bin/ceph: stderr
2024-03-12T16:41:02.361+0000 7f37e2ffd700 1 -- 172.21.15.149:0/4057470098 wait complete.
2024-03-12T16:41:04.492 INFO:teuthology.orchestra.run.smithi149.stdout:/usr/bin/ceph: stderr
2024-03-12T16:41:03.488+0000 7f4f90676700 1 Processor -- start
2024-03-12T16:41:04.492 INFO:teuthology.orchestra.run.smithi149.stdout:/usr/bin/ceph: stderr
2024-03-12T16:41:03.488+0000 7f4f90676700 1 -- start start
2024-03-12T16:41:04.492 INFO:teuthology.orchestra.run.smithi149.stdout:/usr/bin/ceph: stderr
2024-03-12T16:41:03.489+0000 7f4f90676700 1 --2- >> [v2:172.21.15.149:3300/0,v1:172.21.15.149:6789/0] conn(0x7f4f881058a0 0x7f4f88105cb0 unknown :-1 s=NONE pgs=0 cs=0 l=0 rev1=0 crypto rx=0 tx=0 comp rx=0 tx=0).connect
2024-03-12T16:41:04.492 INFO:teuthology.orchestra.run.smithi149.stdout:/usr/bin/ceph: stderr
2024-03-12T16:41:03.489+0000 7f4f90676700 1 -- --> [v2:172.21.15.149:3300/0,v1:172.21.15.149:6789/0] -- mon_getmap magic: 0 v1 -- 0x7f4f881061f0 con 0x7f4f881058a0
2024-03-12T16:41:04.492 INFO:teuthology.orchestra.run.smithi149.stdout:/usr/bin/ceph: stderr
2024-03-12T16:41:03.489+0000 7f4f8e412700 1 --2- >> [v2:172.21.15.149:3300/0,v1:172.21.15.149:6789/0] conn(0x7f4f881058a0 0x7f4f88105cb0 unknown :-1 s=BANNER_CONNECTING pgs=0 cs=0 l=0 rev1=0 crypto rx=0 tx=0 comp rx=0 tx=0)._handle_peer_banner_payload supported=3 required=0
2024-03-12T16:41:04.492 INFO:teuthology.orchestra.run.smithi149.stdout:/usr/bin/ceph: stderr
2024-03-12T16:41:03.489+0000 7f4f8e412700 1 --2- >> [v2:172.21.15.149:3300/0,v1:172.21.15.149:6789/0] conn(0x7f4f881058a0 0x7f4f88105cb0 unknown :-1 s=HELLO_CONNECTING pgs=0 cs=0 l=0 rev1=1 crypto rx=0 tx=0 comp rx=0 tx=0).handle_hello peer v2:172.21.15.149:3300/0 says I am v2:172.21.15.149:59674/0 (socket says 172.21.15.149:59674)
2024-03-12T16:41:04.492 INFO:teuthology.orchestra.run.smithi149.stdout:/usr/bin/ceph: stderr
2024-03-12T16:41:03.489+0000 7f4f8e412700 1 -- 172.21.15.149:0/3232234264 learned_addr learned my addr 172.21.15.149:0/3232234264 (peer_addr_for_me v2:172.21.15.149:0/0)
2024-03-12T16:41:04.492 INFO:teuthology.orchestra.run.smithi149.stdout:/usr/bin/ceph: stderr
2024-03-12T16:41:03.489+0000 7f4f8e412700 1 -- 172.21.15.149:0/3232234264 --> [v2:172.21.15.149:3300/0,v1:172.21.15.149:6789/0] -- mon_subscribe({config=0+,monmap=0+}) v3 -- 0x7f4f88106330 con 0x7f4f881058a0
2024-03-12T16:41:04.492 INFO:teuthology.orchestra.run.smithi149.stdout:/usr/bin/ceph: stderr
2024-03-12T16:41:03.489+0000 7f4f8e412700 1 --2- 172.21.15.149:0/3232234264 >> [v2:172.21.15.149:3300/0,v1:172.21.15.149:6789/0] conn(0x7f4f881058a0 0x7f4f88105cb0 secure :-1 s=READY pgs=88 cs=0 l=1 rev1=1 crypto rx=0x7f4f780098a0 tx=0x7f4f78009bb0 comp rx=0 tx=0).ready entity=mon.0 client_cookie=b266f4a8c0f7f80a server_cookie=0 in_seq=0 out_seq=0
2024-03-12T16:41:04.493 INFO:teuthology.orchestra.run.smithi149.stdout:/usr/bin/ceph: stderr
2024-03-12T16:41:03.489+0000 7f4f8d410700 1 -- 172.21.15.149:0/3232234264 <== mon.0 v2:172.21.15.149:3300/0 1 ==== mon_map magic: 0 v1 ==== 229+0+0 (secure 0 0 0) 0x7f4f78004180 con 0x7f4f881058a0
2024-03-12T16:41:04.493 INFO:teuthology.orchestra.run.smithi149.stdout:/usr/bin/ceph: stderr
2024-03-12T16:41:03.489+0000 7f4f8d410700 1 -- 172.21.15.149:0/3232234264 <== mon.0 v2:172.21.15.149:3300/0 2 ==== config(26 keys) v1 ==== 1066+0+0 (secure 0 0 0) 0x7f4f780042e0 con 0x7f4f881058a0
2024-03-12T16:41:04.493 INFO:teuthology.orchestra.run.smithi149.stdout:/usr/bin/ceph: stderr
2024-03-12T16:41:03.489+0000 7f4f8d410700 1 -- 172.21.15.149:0/3232234264 <== mon.0 v2:172.21.15.149:3300/0 3 ==== mon_map magic: 0 v1 ==== 229+0+0 (secure 0 0 0) 0x7f4f78011a30 con 0x7f4f881058a0
2024-03-12T16:41:04.493 INFO:teuthology.orchestra.run.smithi149.stdout:/usr/bin/ceph: stderr
2024-03-12T16:41:03.490+0000 7f4f90676700 1 -- 172.21.15.149:0/3232234264 >> [v2:172.21.15.149:3300/0,v1:172.21.15.149:6789/0] conn(0x7f4f881058a0 msgr2=0x7f4f88105cb0 secure :-1 s=STATE_CONNECTION_ESTABLISHED l=1).mark_down
2024-03-12T16:41:04.493 INFO:teuthology.orchestra.run.smithi149.stdout:/usr/bin/ceph: stderr
2024-03-12T16:41:03.490+0000 7f4f90676700 1 --2- 172.21.15.149:0/3232234264 >> [v2:172.21.15.149:3300/0,v1:172.21.15.149:6789/0] conn(0x7f4f881058a0 0x7f4f88105cb0 secure :-1 s=READY pgs=88 cs=0 l=1 rev1=1 crypto rx=0x7f4f780098a0 tx=0x7f4f78009bb0 comp rx=0 tx=0).stop
2024-03-12T16:41:04.493 INFO:teuthology.orchestra.run.smithi149.stdout:/usr/bin/ceph: stderr
2024-03-12T16:41:03.490+0000 7f4f90676700 1 -- 172.21.15.149:0/3232234264 shutdown_connections
2024-03-12T16:41:04.493 INFO:teuthology.orchestra.run.smithi149.stdout:/usr/bin/ceph: stderr
2024-03-12T16:41:03.490+0000 7f4f90676700 1 --2- 172.21.15.149:0/3232234264 >> [v2:172.21.15.149:3300/0,v1:172.21.15.149:6789/0] conn(0x7f4f881058a0 0x7f4f88105cb0 unknown :-1 s=CLOSED pgs=88 cs=0 l=1 rev1=1 crypto rx=0 tx=0 comp rx=0 tx=0).stop
2024-03-12T16:41:04.493 INFO:teuthology.orchestra.run.smithi149.stdout:/usr/bin/ceph: stderr
2024-03-12T16:41:03.490+0000 7f4f90676700 1 -- 172.21.15.149:0/3232234264 >> 172.21.15.149:0/3232234264 conn(0x7f4f88100f10 msgr2=0x7f4f88103320 unknown :-1 s=STATE_NONE l=0).mark_down
2024-03-12T16:41:04.493 INFO:teuthology.orchestra.run.smithi149.stdout:/usr/bin/ceph: stderr
2024-03-12T16:41:03.490+0000 7f4f90676700 1 -- 172.21.15.149:0/3232234264 shutdown_connections
2024-03-12T16:41:04.493 INFO:teuthology.orchestra.run.smithi149.stdout:/usr/bin/ceph: stderr
2024-03-12T16:41:03.490+0000 7f4f90676700 1 -- 172.21.15.149:0/3232234264 wait complete.
2024-03-12T16:41:04.493 INFO:teuthology.orchestra.run.smithi149.stdout:/usr/bin/ceph: stderr
2024-03-12T16:41:03.490+0000 7f4f90676700 1 Processor -- start
2024-03-12T16:41:04.493 INFO:teuthology.orchestra.run.smithi149.stdout:/usr/bin/ceph: stderr
2024-03-12T16:41:03.490+0000 7f4f90676700 1 -- start start
2024-03-12T16:41:04.493 INFO:teuthology.orchestra.run.smithi149.stdout:/usr/bin/ceph: stderr
2024-03-12T16:41:03.491+0000 7f4f90676700 1 --2- >> [v2:172.21.15.149:3300/0,v1:172.21.15.149:6789/0] conn(0x7f4f881058a0 0x7f4f8807ab30 unknown :-1 s=NONE pgs=0 cs=0 l=1 rev1=0 crypto rx=0 tx=0 comp rx=0 tx=0).connect
2024-03-12T16:41:04.493 INFO:teuthology.orchestra.run.smithi149.stdout:/usr/bin/ceph: stderr
2024-03-12T16:41:03.491+0000 7f4f90676700 1 -- --> [v2:172.21.15.149:3300/0,v1:172.21.15.149:6789/0] -- mon_getmap magic: 0 v1 -- 0x7f4f8807b070 con 0x7f4f881058a0
2024-03-12T16:41:04.494 INFO:teuthology.orchestra.run.smithi149.stdout:/usr/bin/ceph: stderr
2024-03-12T16:41:03.491+0000 7f4f8e412700 1 --2- >> [v2:172.21.15.149:3300/0,v1:172.21.15.149:6789/0] conn(0x7f4f881058a0 0x7f4f8807ab30 unknown :-1 s=BANNER_CONNECTING pgs=0 cs=0 l=1 rev1=0 crypto rx=0 tx=0 comp rx=0 tx=0)._handle_peer_banner_payload supported=3 required=0
2024-03-12T16:41:04.494 INFO:teuthology.orchestra.run.smithi149.stdout:/usr/bin/ceph: stderr
2024-03-12T16:41:03.491+0000 7f4f8e412700 1 --2- >> [v2:172.21.15.149:3300/0,v1:172.21.15.149:6789/0] conn(0x7f4f881058a0 0x7f4f8807ab30 unknown :-1 s=HELLO_CONNECTING pgs=0 cs=0 l=1 rev1=1 crypto rx=0 tx=0 comp rx=0 tx=0).handle_hello peer v2:172.21.15.149:3300/0 says I am v2:172.21.15.149:59688/0 (socket says 172.21.15.149:59688)
2024-03-12T16:41:04.494 INFO:teuthology.orchestra.run.smithi149.stdout:/usr/bin/ceph: stderr
2024-03-12T16:41:03.491+0000 7f4f8e412700 1 -- 172.21.15.149:0/1940236165 learned_addr learned my addr 172.21.15.149:0/1940236165 (peer_addr_for_me v2:172.21.15.149:0/0)
2024-03-12T16:41:04.494 INFO:teuthology.orchestra.run.smithi149.stdout:/usr/bin/ceph: stderr
2024-03-12T16:41:03.491+0000 7f4f8e412700 1 -- 172.21.15.149:0/1940236165 --> [v2:172.21.15.149:3300/0,v1:172.21.15.149:6789/0] -- mon_subscribe({config=0+,monmap=0+}) v3 -- 0x7f4f78009550 con 0x7f4f881058a0
2024-03-12T16:41:04.494 INFO:teuthology.orchestra.run.smithi149.stdout:/usr/bin/ceph: stderr
2024-03-12T16:41:03.491+0000 7f4f8e412700 1 --2- 172.21.15.149:0/1940236165 >> [v2:172.21.15.149:3300/0,v1:172.21.15.149:6789/0] conn(0x7f4f881058a0 0x7f4f8807ab30 secure :-1 s=READY pgs=89 cs=0 l=1 rev1=1 crypto rx=0x7f4f78006af0 tx=0x7f4f78011ab0 comp rx=0 tx=0).ready entity=mon.0 client_cookie=0 server_cookie=0 in_seq=0 out_seq=0
2024-03-12T16:41:04.494 INFO:teuthology.orchestra.run.smithi149.stdout:/usr/bin/ceph: stderr
2024-03-12T16:41:03.491+0000 7f4f7f7fe700 1 -- 172.21.15.149:0/1940236165 <== mon.0 v2:172.21.15.149:3300/0 1 ==== mon_map magic: 0 v1 ==== 229+0+0 (secure 0 0 0) 0x7f4f78003bc0 con 0x7f4f881058a0
2024-03-12T16:41:04.494 INFO:teuthology.orchestra.run.smithi149.stdout:/usr/bin/ceph: stderr
2024-03-12T16:41:03.491+0000 7f4f7f7fe700 1 -- 172.21.15.149:0/1940236165 <== mon.0 v2:172.21.15.149:3300/0 2 ==== config(26 keys) v1 ==== 1066+0+0 (secure 0 0 0) 0x7f4f7801a8c0 con 0x7f4f881058a0
2024-03-12T16:41:04.494 INFO:teuthology.orchestra.run.smithi149.stdout:/usr/bin/ceph: stderr
2024-03-12T16:41:03.491+0000 7f4f90676700 1 -- 172.21.15.149:0/1940236165 --> [v2:172.21.15.149:3300/0,v1:172.21.15.149:6789/0] -- mon_subscribe({mgrmap=0+}) v3 -- 0x7f4f88079180 con 0x7f4f881058a0
2024-03-12T16:41:04.494 INFO:teuthology.orchestra.run.smithi149.stdout:/usr/bin/ceph: stderr
2024-03-12T16:41:03.491+0000 7f4f7f7fe700 1 -- 172.21.15.149:0/1940236165 <== mon.0 v2:172.21.15.149:3300/0 3 ==== mon_map magic: 0 v1 ==== 229+0+0 (secure 0 0 0) 0x7f4f78019860 con 0x7f4f881058a0
2024-03-12T16:41:04.494 INFO:teuthology.orchestra.run.smithi149.stdout:/usr/bin/ceph: stderr
2024-03-12T16:41:03.491+0000 7f4f90676700 1 -- 172.21.15.149:0/1940236165 --> [v2:172.21.15.149:3300/0,v1:172.21.15.149:6789/0] -- mon_subscribe({osdmap=0}) v3 -- 0x7f4f880795a0 con 0x7f4f881058a0
2024-03-12T16:41:04.494 INFO:teuthology.orchestra.run.smithi149.stdout:/usr/bin/ceph: stderr
2024-03-12T16:41:03.492+0000 7f4f7f7fe700 1 -- 172.21.15.149:0/1940236165 <== mon.0 v2:172.21.15.149:3300/0 4 ==== mgrmap(e 13) v1 ==== 45141+0+0 (secure 0 0 0) 0x7f4f78019ad0 con 0x7f4f881058a0
2024-03-12T16:41:04.494 INFO:teuthology.orchestra.run.smithi149.stdout:/usr/bin/ceph: stderr
2024-03-12T16:41:03.492+0000 7f4f90676700 1 -- 172.21.15.149:0/1940236165 --> [v2:172.21.15.149:3300/0,v1:172.21.15.149:6789/0] -- mon_command({"prefix": "get_command_descriptions"} v 0) v1 -- 0x7f4f88062380 con 0x7f4f881058a0
2024-03-12T16:41:04.494 INFO:teuthology.orchestra.run.smithi149.stdout:/usr/bin/ceph: stderr
2024-03-12T16:41:03.492+0000 7f4f7f7fe700 1 --2- 172.21.15.149:0/1940236165 >> [v2:172.21.15.149:6800/3450934908,v1:172.21.15.149:6801/3450934908] conn(0x7f4f740384f0 0x7f4f7403a9a0 unknown :-1 s=NONE pgs=0 cs=0 l=1 rev1=0 crypto rx=0 tx=0 comp rx=0 tx=0).connect
2024-03-12T16:41:04.494 INFO:teuthology.orchestra.run.smithi149.stdout:/usr/bin/ceph: stderr
2024-03-12T16:41:03.492+0000 7f4f7f7fe700 1 -- 172.21.15.149:0/1940236165 <== mon.0 v2:172.21.15.149:3300/0 5 ==== osd_map(3..3 src has 1..3) v4 ==== 1155+0+0 (secure 0 0 0) 0x7f4f7804cb80 con 0x7f4f881058a0
2024-03-12T16:41:04.495 INFO:teuthology.orchestra.run.smithi149.stdout:/usr/bin/ceph: stderr
2024-03-12T16:41:03.492+0000 7f4f8dc11700 1 --2- 172.21.15.149:0/1940236165 >> [v2:172.21.15.149:6800/3450934908,v1:172.21.15.149:6801/3450934908] conn(0x7f4f740384f0 0x7f4f7403a9a0 unknown :-1 s=BANNER_CONNECTING pgs=0 cs=0 l=1 rev1=0 crypto rx=0 tx=0 comp rx=0 tx=0)._handle_peer_banner_payload supported=3 required=0
2024-03-12T16:41:04.495 INFO:teuthology.orchestra.run.smithi149.stdout:/usr/bin/ceph: stderr
2024-03-12T16:41:03.493+0000 7f4f8dc11700 1 --2- 172.21.15.149:0/1940236165 >> [v2:172.21.15.149:6800/3450934908,v1:172.21.15.149:6801/3450934908] conn(0x7f4f740384f0 0x7f4f7403a9a0 secure :-1 s=READY pgs=11 cs=0 l=1 rev1=1 crypto rx=0x7f4f84006fd0 tx=0x7f4f84006e40 comp rx=0 tx=0).ready entity=mgr.14162 client_cookie=0 server_cookie=0 in_seq=0 out_seq=0
2024-03-12T16:41:04.495 INFO:teuthology.orchestra.run.smithi149.stdout:/usr/bin/ceph: stderr
2024-03-12T16:41:03.497+0000 7f4f7f7fe700 1 -- 172.21.15.149:0/1940236165 <== mon.0 v2:172.21.15.149:3300/0 6 ==== mon_command_ack([{"prefix": "get_command_descriptions"}]=0 v0) v1 ==== 72+0+177933 (secure 0 0 0) 0x7f4f7802d430 con 0x7f4f881058a0
2024-03-12T16:41:04.495 INFO:teuthology.orchestra.run.smithi149.stdout:/usr/bin/ceph: stderr
2024-03-12T16:41:03.794+0000 7f4f90676700 1 -- 172.21.15.149:0/1940236165 --> [v2:172.21.15.149:3300/0,v1:172.21.15.149:6789/0] -- mon_command([{prefix=config-key set, key=mgr/dashboard/cluster/status}] v 0) v1 -- 0x7f4f88107740 con 0x7f4f881058a0
2024-03-12T16:41:04.495 INFO:teuthology.orchestra.run.smithi149.stdout:/usr/bin/ceph: stderr
2024-03-12T16:41:03.797+0000 7f4f7f7fe700 1 -- 172.21.15.149:0/1940236165 <== mon.0 v2:172.21.15.149:3300/0 7 ==== mon_command_ack([{prefix=config-key set, key=mgr/dashboard/cluster/status}]=0 set mgr/dashboard/cluster/status v34)=0 set mgr/dashboard/cluster/status v34) v1 ==== 153+0+0 (secure 0 0 0) 0x7f4f78018350 con 0x7f4f881058a0
2024-03-12T16:41:04.495 INFO:teuthology.orchestra.run.smithi149.stdout:/usr/bin/ceph: stderr
2024-03-12T16:41:03.799+0000 7f4f90676700 1 -- 172.21.15.149:0/1940236165 >> [v2:172.21.15.149:6800/3450934908,v1:172.21.15.149:6801/3450934908] conn(0x7f4f740384f0 msgr2=0x7f4f7403a9a0 secure :-1 s=STATE_CONNECTION_ESTABLISHED l=1).mark_down
2024-03-12T16:41:04.495 INFO:teuthology.orchestra.run.smithi149.stdout:/usr/bin/ceph: stderr
2024-03-12T16:41:03.799+0000 7f4f90676700 1 --2- 172.21.15.149:0/1940236165 >> [v2:172.21.15.149:6800/3450934908,v1:172.21.15.149:6801/3450934908] conn(0x7f4f740384f0 0x7f4f7403a9a0 secure :-1 s=READY pgs=11 cs=0 l=1 rev1=1 crypto rx=0x7f4f84006fd0 tx=0x7f4f84006e40 comp rx=0 tx=0).stop
2024-03-12T16:41:04.495 INFO:teuthology.orchestra.run.smithi149.stdout:/usr/bin/ceph: stderr
2024-03-12T16:41:03.799+0000 7f4f90676700 1 -- 172.21.15.149:0/1940236165 >> [v2:172.21.15.149:3300/0,v1:172.21.15.149:6789/0] conn(0x7f4f881058a0 msgr2=0x7f4f8807ab30 secure :-1 s=STATE_CONNECTION_ESTABLISHED l=1).mark_down
2024-03-12T16:41:04.495 INFO:teuthology.orchestra.run.smithi149.stdout:/usr/bin/ceph: stderr
2024-03-12T16:41:03.799+0000 7f4f90676700 1 --2- 172.21.15.149:0/1940236165 >> [v2:172.21.15.149:3300/0,v1:172.21.15.149:6789/0] conn(0x7f4f881058a0 0x7f4f8807ab30 secure :-1 s=READY pgs=89 cs=0 l=1 rev1=1 crypto rx=0x7f4f78006af0 tx=0x7f4f78011ab0 comp rx=0 tx=0).stop
2024-03-12T16:41:04.495 INFO:teuthology.orchestra.run.smithi149.stdout:/usr/bin/ceph: stderr
2024-03-12T16:41:03.800+0000 7f4f90676700 1 -- 172.21.15.149:0/1940236165 shutdown_connections
2024-03-12T16:41:04.495 INFO:teuthology.orchestra.run.smithi149.stdout:/usr/bin/ceph: stderr
2024-03-12T16:41:03.800+0000 7f4f90676700 1 --2- 172.21.15.149:0/1940236165 >> [v2:172.21.15.149:6800/3450934908,v1:172.21.15.149:6801/3450934908] conn(0x7f4f740384f0 0x7f4f7403a9a0 unknown :-1 s=CLOSED pgs=11 cs=0 l=1 rev1=1 crypto rx=0 tx=0 comp rx=0 tx=0).stop
2024-03-12T16:41:04.495 INFO:teuthology.orchestra.run.smithi149.stdout:/usr/bin/ceph: stderr
2024-03-12T16:41:03.800+0000 7f4f90676700 1 --2- 172.21.15.149:0/1940236165 >> [v2:172.21.15.149:3300/0,v1:172.21.15.149:6789/0] conn(0x7f4f881058a0 0x7f4f8807ab30 unknown :-1 s=CLOSED pgs=89 cs=0 l=1 rev1=1 crypto rx=0 tx=0 comp rx=0 tx=0).stop
2024-03-12T16:41:04.495 INFO:teuthology.orchestra.run.smithi149.stdout:/usr/bin/ceph: stderr
2024-03-12T16:41:03.800+0000 7f4f90676700 1 -- 172.21.15.149:0/1940236165 >> 172.21.15.149:0/1940236165 conn(0x7f4f88100f10 msgr2=0x7f4f88101c60 unknown :-1 s=STATE_NONE l=0).mark_down
2024-03-12T16:41:04.495 INFO:teuthology.orchestra.run.smithi149.stdout:/usr/bin/ceph: stderr
2024-03-12T16:41:03.800+0000 7f4f90676700 1 -- 172.21.15.149:0/1940236165 shutdown_connections
2024-03-12T16:41:04.496 INFO:teuthology.orchestra.run.smithi149.stdout:/usr/bin/ceph: stderr
2024-03-12T16:41:03.800+0000 7f4f90676700 1 -- 172.21.15.149:0/1940236165 wait complete.
2024-03-12T16:41:04.496 INFO:teuthology.orchestra.run.smithi149.stdout:/usr/bin/ceph: stderr set mgr/dashboard/cluster/status
2024-03-12T16:41:04.496 INFO:teuthology.orchestra.run.smithi149.stdout:You can access the Ceph CLI as following in case of multi-cluster or non-default config:
2024-03-12T16:41:04.496 INFO:teuthology.orchestra.run.smithi149.stdout:
2024-03-12T16:41:04.496 INFO:teuthology.orchestra.run.smithi149.stdout: sudo /home/ubuntu/cephtest/cephadm shell --fsid 0d7281da-e08f-11ee-95c8-87774f69a715 -c /etc/ceph/ceph.conf -k /etc/ceph/ceph.client.admin.keyring
2024-03-12T16:41:04.496 INFO:teuthology.orchestra.run.smithi149.stdout:
2024-03-12T16:41:04.496 INFO:teuthology.orchestra.run.smithi149.stdout:Or, if you are only running a single cluster on this host:
2024-03-12T16:41:04.496 INFO:teuthology.orchestra.run.smithi149.stdout:
2024-03-12T16:41:04.496 INFO:teuthology.orchestra.run.smithi149.stdout: sudo /home/ubuntu/cephtest/cephadm shell
2024-03-12T16:41:04.496 INFO:teuthology.orchestra.run.smithi149.stdout:
2024-03-12T16:41:04.496 INFO:teuthology.orchestra.run.smithi149.stdout:Please consider enabling telemetry to help improve Ceph:
2024-03-12T16:41:04.496 INFO:teuthology.orchestra.run.smithi149.stdout:
2024-03-12T16:41:04.496 INFO:teuthology.orchestra.run.smithi149.stdout: ceph telemetry on
2024-03-12T16:41:04.496 INFO:teuthology.orchestra.run.smithi149.stdout:
2024-03-12T16:41:04.496 INFO:teuthology.orchestra.run.smithi149.stdout:For more information see:
2024-03-12T16:41:04.497 INFO:teuthology.orchestra.run.smithi149.stdout:
2024-03-12T16:41:04.497 INFO:teuthology.orchestra.run.smithi149.stdout: https://docs.ceph.com/en/latest/mgr/telemetry/
2024-03-12T16:41:04.497 INFO:teuthology.orchestra.run.smithi149.stdout:
2024-03-12T16:41:04.497 INFO:teuthology.orchestra.run.smithi149.stdout:Bootstrap complete.
2024-03-12T16:41:04.524 INFO:tasks.cephadm:Fetching config...
2024-03-12T16:41:04.525 DEBUG:teuthology.orchestra.run.smithi149:> set -ex
2024-03-12T16:41:04.525 DEBUG:teuthology.orchestra.run.smithi149:> dd if=/etc/ceph/ceph.conf of=/dev/stdout
2024-03-12T16:41:04.582 INFO:tasks.cephadm:Fetching client.admin keyring...
2024-03-12T16:41:04.582 DEBUG:teuthology.orchestra.run.smithi149:> set -ex
2024-03-12T16:41:04.582 DEBUG:teuthology.orchestra.run.smithi149:> dd if=/etc/ceph/ceph.client.admin.keyring of=/dev/stdout
2024-03-12T16:41:04.641 INFO:tasks.cephadm:Fetching mon keyring...
2024-03-12T16:41:04.641 DEBUG:teuthology.orchestra.run.smithi149:> set -ex
2024-03-12T16:41:04.641 DEBUG:teuthology.orchestra.run.smithi149:> sudo dd if=/var/lib/ceph/0d7281da-e08f-11ee-95c8-87774f69a715/mon.smithi149/keyring of=/dev/stdout
2024-03-12T16:41:04.709 INFO:tasks.cephadm:Fetching pub ssh key...
2024-03-12T16:41:04.709 DEBUG:teuthology.orchestra.run.smithi149:> set -ex
2024-03-12T16:41:04.709 DEBUG:teuthology.orchestra.run.smithi149:> dd if=/home/ubuntu/cephtest/ceph.pub of=/dev/stdout
2024-03-12T16:41:04.767 INFO:tasks.cephadm:Installing pub ssh key for root users...
2024-03-12T16:41:04.767 DEBUG:teuthology.orchestra.run.smithi149:> sudo install -d -m 0700 /root/.ssh && echo 'ssh-rsa AAAAB3NzaC1yc2EAAAADAQABAAABgQC97PgzUVac4uyJZMGL51v81Sh4pvJXPmXK6/uS3Gyjj7t6dTFKGW+xR1We/cmRbFysZiwqMyJnyzJEO/InVOFaDCP50sQY2+7/cnuTNsrUjIHi8S2tNNhdnQhrBx2V0ko0HOP/5/DGswTbHVWBV3dtmpdmcwo6uIXEtGaYKvnGzz3iiEKbnj8+DIs57pYL0zWvNq1d+111imGYBHDgItxNgB5BTmQGDr2TtIhLwYqY+SqjWEFgQpMlvENfy8u+Np/Ep/gCpWK7GTNnxDzHyw9Zus1+DXLIV1m3M9xVeWTJ4Lbl7caCtIbxW4RzEosdYsx0wzny+q6ODOXd1COY6rd4mAR6xY7HeCxP147xySpGiCxYg5cnnWzx/qW9Grwup74K/e+t50Cl2A9DNBhcG+JvqeWEbAjb79a0zt7xof4FB71VurU6FsiBi4Kud/xv6iXoWE+QOyX4JL5gRsHrsH4EcZI0d0kqAkrtbny+yJmIJIwFyLvRWHATOADobq+Wtxs= ceph-0d7281da-e08f-11ee-95c8-87774f69a715' | sudo tee -a /root/.ssh/authorized_keys && sudo chmod 0600 /root/.ssh/authorized_keys
2024-03-12T16:41:04.843 INFO:teuthology.orchestra.run.smithi149.stdout:ssh-rsa AAAAB3NzaC1yc2EAAAADAQABAAABgQC97PgzUVac4uyJZMGL51v81Sh4pvJXPmXK6/uS3Gyjj7t6dTFKGW+xR1We/cmRbFysZiwqMyJnyzJEO/InVOFaDCP50sQY2+7/cnuTNsrUjIHi8S2tNNhdnQhrBx2V0ko0HOP/5/DGswTbHVWBV3dtmpdmcwo6uIXEtGaYKvnGzz3iiEKbnj8+DIs57pYL0zWvNq1d+111imGYBHDgItxNgB5BTmQGDr2TtIhLwYqY+SqjWEFgQpMlvENfy8u+Np/Ep/gCpWK7GTNnxDzHyw9Zus1+DXLIV1m3M9xVeWTJ4Lbl7caCtIbxW4RzEosdYsx0wzny+q6ODOXd1COY6rd4mAR6xY7HeCxP147xySpGiCxYg5cnnWzx/qW9Grwup74K/e+t50Cl2A9DNBhcG+JvqeWEbAjb79a0zt7xof4FB71VurU6FsiBi4Kud/xv6iXoWE+QOyX4JL5gRsHrsH4EcZI0d0kqAkrtbny+yJmIJIwFyLvRWHATOADobq+Wtxs= ceph-0d7281da-e08f-11ee-95c8-87774f69a715
2024-03-12T16:41:04.856 DEBUG:teuthology.orchestra.run.smithi193:> sudo install -d -m 0700 /root/.ssh && echo 'ssh-rsa AAAAB3NzaC1yc2EAAAADAQABAAABgQC97PgzUVac4uyJZMGL51v81Sh4pvJXPmXK6/uS3Gyjj7t6dTFKGW+xR1We/cmRbFysZiwqMyJnyzJEO/InVOFaDCP50sQY2+7/cnuTNsrUjIHi8S2tNNhdnQhrBx2V0ko0HOP/5/DGswTbHVWBV3dtmpdmcwo6uIXEtGaYKvnGzz3iiEKbnj8+DIs57pYL0zWvNq1d+111imGYBHDgItxNgB5BTmQGDr2TtIhLwYqY+SqjWEFgQpMlvENfy8u+Np/Ep/gCpWK7GTNnxDzHyw9Zus1+DXLIV1m3M9xVeWTJ4Lbl7caCtIbxW4RzEosdYsx0wzny+q6ODOXd1COY6rd4mAR6xY7HeCxP147xySpGiCxYg5cnnWzx/qW9Grwup74K/e+t50Cl2A9DNBhcG+JvqeWEbAjb79a0zt7xof4FB71VurU6FsiBi4Kud/xv6iXoWE+QOyX4JL5gRsHrsH4EcZI0d0kqAkrtbny+yJmIJIwFyLvRWHATOADobq+Wtxs= ceph-0d7281da-e08f-11ee-95c8-87774f69a715' | sudo tee -a /root/.ssh/authorized_keys && sudo chmod 0600 /root/.ssh/authorized_keys
2024-03-12T16:41:04.900 INFO:teuthology.orchestra.run.smithi193.stdout:ssh-rsa AAAAB3NzaC1yc2EAAAADAQABAAABgQC97PgzUVac4uyJZMGL51v81Sh4pvJXPmXK6/uS3Gyjj7t6dTFKGW+xR1We/cmRbFysZiwqMyJnyzJEO/InVOFaDCP50sQY2+7/cnuTNsrUjIHi8S2tNNhdnQhrBx2V0ko0HOP/5/DGswTbHVWBV3dtmpdmcwo6uIXEtGaYKvnGzz3iiEKbnj8+DIs57pYL0zWvNq1d+111imGYBHDgItxNgB5BTmQGDr2TtIhLwYqY+SqjWEFgQpMlvENfy8u+Np/Ep/gCpWK7GTNnxDzHyw9Zus1+DXLIV1m3M9xVeWTJ4Lbl7caCtIbxW4RzEosdYsx0wzny+q6ODOXd1COY6rd4mAR6xY7HeCxP147xySpGiCxYg5cnnWzx/qW9Grwup74K/e+t50Cl2A9DNBhcG+JvqeWEbAjb79a0zt7xof4FB71VurU6FsiBi4Kud/xv6iXoWE+QOyX4JL5gRsHrsH4EcZI0d0kqAkrtbny+yJmIJIwFyLvRWHATOADobq+Wtxs= ceph-0d7281da-e08f-11ee-95c8-87774f69a715
2024-03-12T16:41:04.912 DEBUG:teuthology.orchestra.run.smithi149:> sudo /home/ubuntu/cephtest/cephadm --image quay.io/ceph/ceph:v18.2.0 shell -c /etc/ceph/ceph.conf -k /etc/ceph/ceph.client.admin.keyring --fsid 0d7281da-e08f-11ee-95c8-87774f69a715 -- ceph config set mgr mgr/cephadm/allow_ptrace true
2024-03-12T16:41:05.161 INFO:journalctl@ceph.mon.smithi149.smithi149.stdout:Mar 12 16:41:04 smithi149 ceph-mon[39648]: from='client.? 172.21.15.149:0/1940236165' entity='client.admin'
2024-03-12T16:41:05.209 INFO:teuthology.orchestra.run.smithi149.stderr:Inferring config /var/lib/ceph/0d7281da-e08f-11ee-95c8-87774f69a715/mon.smithi149/config
2024-03-12T16:41:07.696 INFO:teuthology.orchestra.run.smithi149.stderr:2024-03-12T16:41:07.669+0000 7f5656415700 1 -- 172.21.15.149:0/4142263740 >> [v2:172.21.15.149:3300/0,v1:172.21.15.149:6789/0] conn(0x7f56500fe4a0 msgr2=0x7f56500fe8b0 secure :-1 s=STATE_CONNECTION_ESTABLISHED l=1).mark_down
2024-03-12T16:41:07.697 INFO:teuthology.orchestra.run.smithi149.stderr:2024-03-12T16:41:07.669+0000 7f5656415700 1 --2- 172.21.15.149:0/4142263740 >> [v2:172.21.15.149:3300/0,v1:172.21.15.149:6789/0] conn(0x7f56500fe4a0 0x7f56500fe8b0 secure :-1 s=READY pgs=90 cs=0 l=1 rev1=1 crypto rx=0x7f5640009910 tx=0x7f5640009c20 comp rx=0 tx=0).stop
2024-03-12T16:41:07.697 INFO:teuthology.orchestra.run.smithi149.stderr:2024-03-12T16:41:07.669+0000 7f5656415700 1 -- 172.21.15.149:0/4142263740 shutdown_connections
2024-03-12T16:41:07.697 INFO:teuthology.orchestra.run.smithi149.stderr:2024-03-12T16:41:07.669+0000 7f5656415700 1 --2- 172.21.15.149:0/4142263740 >> [v2:172.21.15.149:3300/0,v1:172.21.15.149:6789/0] conn(0x7f56500fe4a0 0x7f56500fe8b0 unknown :-1 s=CLOSED pgs=90 cs=0 l=1 rev1=1 crypto rx=0 tx=0 comp rx=0 tx=0).stop
2024-03-12T16:41:07.697 INFO:teuthology.orchestra.run.smithi149.stderr:2024-03-12T16:41:07.669+0000 7f5656415700 1 -- 172.21.15.149:0/4142263740 >> 172.21.15.149:0/4142263740 conn(0x7f56500f9af0 msgr2=0x7f56500fbf20 unknown :-1 s=STATE_NONE l=0).mark_down
2024-03-12T16:41:07.697 INFO:teuthology.orchestra.run.smithi149.stderr:2024-03-12T16:41:07.669+0000 7f5656415700 1 -- 172.21.15.149:0/4142263740 shutdown_connections
2024-03-12T16:41:07.697 INFO:teuthology.orchestra.run.smithi149.stderr:2024-03-12T16:41:07.669+0000 7f5656415700 1 -- 172.21.15.149:0/4142263740 wait complete.
2024-03-12T16:41:07.697 INFO:teuthology.orchestra.run.smithi149.stderr:2024-03-12T16:41:07.670+0000 7f5656415700 1 Processor -- start
2024-03-12T16:41:07.697 INFO:teuthology.orchestra.run.smithi149.stderr:2024-03-12T16:41:07.670+0000 7f5656415700 1 -- start start
2024-03-12T16:41:07.697 INFO:teuthology.orchestra.run.smithi149.stderr:2024-03-12T16:41:07.670+0000 7f5656415700 1 --2- >> [v2:172.21.15.149:3300/0,v1:172.21.15.149:6789/0] conn(0x7f56500fe4a0 0x7f5650193db0 unknown :-1 s=NONE pgs=0 cs=0 l=1 rev1=0 crypto rx=0 tx=0 comp rx=0 tx=0).connect
2024-03-12T16:41:07.698 INFO:teuthology.orchestra.run.smithi149.stderr:2024-03-12T16:41:07.670+0000 7f5656415700 1 -- --> [v2:172.21.15.149:3300/0,v1:172.21.15.149:6789/0] -- mon_getmap magic: 0 v1 -- 0x7f56501942f0 con 0x7f56500fe4a0
2024-03-12T16:41:07.698 INFO:teuthology.orchestra.run.smithi149.stderr:2024-03-12T16:41:07.670+0000 7f564ffff700 1 --2- >> [v2:172.21.15.149:3300/0,v1:172.21.15.149:6789/0] conn(0x7f56500fe4a0 0x7f5650193db0 unknown :-1 s=BANNER_CONNECTING pgs=0 cs=0 l=1 rev1=0 crypto rx=0 tx=0 comp rx=0 tx=0)._handle_peer_banner_payload supported=3 required=0
2024-03-12T16:41:07.698 INFO:teuthology.orchestra.run.smithi149.stderr:2024-03-12T16:41:07.670+0000 7f564ffff700 1 --2- >> [v2:172.21.15.149:3300/0,v1:172.21.15.149:6789/0] conn(0x7f56500fe4a0 0x7f5650193db0 unknown :-1 s=HELLO_CONNECTING pgs=0 cs=0 l=1 rev1=1 crypto rx=0 tx=0 comp rx=0 tx=0).handle_hello peer v2:172.21.15.149:3300/0 says I am v2:172.21.15.149:59710/0 (socket says 172.21.15.149:59710)
2024-03-12T16:41:07.698 INFO:teuthology.orchestra.run.smithi149.stderr:2024-03-12T16:41:07.670+0000 7f564ffff700 1 -- 172.21.15.149:0/3049162412 learned_addr learned my addr 172.21.15.149:0/3049162412 (peer_addr_for_me v2:172.21.15.149:0/0)
2024-03-12T16:41:07.698 INFO:teuthology.orchestra.run.smithi149.stderr:2024-03-12T16:41:07.671+0000 7f564ffff700 1 -- 172.21.15.149:0/3049162412 --> [v2:172.21.15.149:3300/0,v1:172.21.15.149:6789/0] -- mon_subscribe({config=0+,monmap=0+}) v3 -- 0x7f56400095f0 con 0x7f56500fe4a0
2024-03-12T16:41:07.698 INFO:teuthology.orchestra.run.smithi149.stderr:2024-03-12T16:41:07.671+0000 7f564ffff700 1 --2- 172.21.15.149:0/3049162412 >> [v2:172.21.15.149:3300/0,v1:172.21.15.149:6789/0] conn(0x7f56500fe4a0 0x7f5650193db0 secure :-1 s=READY pgs=91 cs=0 l=1 rev1=1 crypto rx=0x7f5640004f40 tx=0x7f56400057b0 comp rx=0 tx=0).ready entity=mon.0 client_cookie=0 server_cookie=0 in_seq=0 out_seq=0
2024-03-12T16:41:07.698 INFO:teuthology.orchestra.run.smithi149.stderr:2024-03-12T16:41:07.671+0000 7f564d7fa700 1 -- 172.21.15.149:0/3049162412 <== mon.0 v2:172.21.15.149:3300/0 1 ==== mon_map magic: 0 v1 ==== 229+0+0 (secure 0 0 0) 0x7f564001d070 con 0x7f56500fe4a0
2024-03-12T16:41:07.698 INFO:teuthology.orchestra.run.smithi149.stderr:2024-03-12T16:41:07.671+0000 7f564d7fa700 1 -- 172.21.15.149:0/3049162412 <== mon.0 v2:172.21.15.149:3300/0 2 ==== config(26 keys) v1 ==== 1066+0+0 (secure 0 0 0) 0x7f564000bdf0 con 0x7f56500fe4a0
2024-03-12T16:41:07.698 INFO:teuthology.orchestra.run.smithi149.stderr:2024-03-12T16:41:07.671+0000 7f5656415700 1 -- 172.21.15.149:0/3049162412 --> [v2:172.21.15.149:3300/0,v1:172.21.15.149:6789/0] -- mon_subscribe({mgrmap=0+}) v3 -- 0x7f56501944f0 con 0x7f56500fe4a0
2024-03-12T16:41:07.698 INFO:teuthology.orchestra.run.smithi149.stderr:2024-03-12T16:41:07.671+0000 7f564d7fa700 1 -- 172.21.15.149:0/3049162412 <== mon.0 v2:172.21.15.149:3300/0 3 ==== mon_map magic: 0 v1 ==== 229+0+0 (secure 0 0 0) 0x7f5640022e30 con 0x7f56500fe4a0
2024-03-12T16:41:07.698 INFO:teuthology.orchestra.run.smithi149.stderr:2024-03-12T16:41:07.671+0000 7f5656415700 1 -- 172.21.15.149:0/3049162412 --> [v2:172.21.15.149:3300/0,v1:172.21.15.149:6789/0] -- mon_subscribe({osdmap=0}) v3 -- 0x7f5650194990 con 0x7f56500fe4a0
2024-03-12T16:41:07.699 INFO:teuthology.orchestra.run.smithi149.stderr:2024-03-12T16:41:07.672+0000 7f564d7fa700 1 -- 172.21.15.149:0/3049162412 <== mon.0 v2:172.21.15.149:3300/0 4 ==== mgrmap(e 13) v1 ==== 45141+0+0 (secure 0 0 0) 0x7f564000f4b0 con 0x7f56500fe4a0
2024-03-12T16:41:07.699 INFO:teuthology.orchestra.run.smithi149.stderr:2024-03-12T16:41:07.672+0000 7f5656415700 1 -- 172.21.15.149:0/3049162412 --> [v2:172.21.15.149:3300/0,v1:172.21.15.149:6789/0] -- mon_command({"prefix": "get_command_descriptions"} v 0) v1 -- 0x7f5650104110 con 0x7f56500fe4a0
2024-03-12T16:41:07.699 INFO:teuthology.orchestra.run.smithi149.stderr:2024-03-12T16:41:07.672+0000 7f564d7fa700 1 --2- 172.21.15.149:0/3049162412 >> [v2:172.21.15.149:6800/3450934908,v1:172.21.15.149:6801/3450934908] conn(0x7f56380384e0 0x7f563803a990 unknown :-1 s=NONE pgs=0 cs=0 l=1 rev1=0 crypto rx=0 tx=0 comp rx=0 tx=0).connect
2024-03-12T16:41:07.699 INFO:teuthology.orchestra.run.smithi149.stderr:2024-03-12T16:41:07.672+0000 7f564d7fa700 1 -- 172.21.15.149:0/3049162412 <== mon.0 v2:172.21.15.149:3300/0 5 ==== osd_map(3..3 src has 1..3) v4 ==== 1155+0+0 (secure 0 0 0) 0x7f564004c340 con 0x7f56500fe4a0
2024-03-12T16:41:07.699 INFO:teuthology.orchestra.run.smithi149.stderr:2024-03-12T16:41:07.672+0000 7f564f7fe700 1 --2- 172.21.15.149:0/3049162412 >> [v2:172.21.15.149:6800/3450934908,v1:172.21.15.149:6801/3450934908] conn(0x7f56380384e0 0x7f563803a990 unknown :-1 s=BANNER_CONNECTING pgs=0 cs=0 l=1 rev1=0 crypto rx=0 tx=0 comp rx=0 tx=0)._handle_peer_banner_payload supported=3 required=0
2024-03-12T16:41:07.699 INFO:teuthology.orchestra.run.smithi149.stderr:2024-03-12T16:41:07.672+0000 7f564f7fe700 1 --2- 172.21.15.149:0/3049162412 >> [v2:172.21.15.149:6800/3450934908,v1:172.21.15.149:6801/3450934908] conn(0x7f56380384e0 0x7f563803a990 secure :-1 s=READY pgs=12 cs=0 l=1 rev1=1 crypto rx=0x7f5644006fd0 tx=0x7f5644006e40 comp rx=0 tx=0).ready entity=mgr.14162 client_cookie=0 server_cookie=0 in_seq=0 out_seq=0
2024-03-12T16:41:07.699 INFO:teuthology.orchestra.run.smithi149.stderr:2024-03-12T16:41:07.677+0000 7f564d7fa700 1 -- 172.21.15.149:0/3049162412 <== mon.0 v2:172.21.15.149:3300/0 6 ==== mon_command_ack([{"prefix": "get_command_descriptions"}]=0 v0) v1 ==== 72+0+177933 (secure 0 0 0) 0x7f5640020960 con 0x7f56500fe4a0
2024-03-12T16:41:07.813 INFO:journalctl@ceph.mon.smithi149.smithi149.stdout:Mar 12 16:41:07 smithi149 ceph-mon[39648]: from='mgr.14162 172.21.15.149:0/2540978149' entity='mgr.smithi149.hmxvvg'
2024-03-12T16:41:07.814 INFO:journalctl@ceph.mon.smithi149.smithi149.stdout:Mar 12 16:41:07 smithi149 ceph-mon[39648]: from='mgr.14162 172.21.15.149:0/2540978149' entity='mgr.smithi149.hmxvvg'
2024-03-12T16:41:07.814 INFO:journalctl@ceph.mon.smithi149.smithi149.stdout:Mar 12 16:41:07 smithi149 ceph-mon[39648]: from='mgr.14162 172.21.15.149:0/2540978149' entity='mgr.smithi149.hmxvvg' cmd=[{"prefix": "config rm", "who": "osd/host:smithi149", "name": "osd_memory_target"}]: dispatch
2024-03-12T16:41:07.814 INFO:journalctl@ceph.mon.smithi149.smithi149.stdout:Mar 12 16:41:07 smithi149 ceph-mon[39648]: from='mgr.14162 172.21.15.149:0/2540978149' entity='mgr.smithi149.hmxvvg'
2024-03-12T16:41:07.814 INFO:journalctl@ceph.mon.smithi149.smithi149.stdout:Mar 12 16:41:07 smithi149 ceph-mon[39648]: from='mgr.14162 172.21.15.149:0/2540978149' entity='mgr.smithi149.hmxvvg' cmd=[{"prefix": "auth get-or-create", "entity": "client.ceph-exporter.smithi149", "caps": ["mon", "profile ceph-exporter", "mon", "allow r", "mgr", "allow r", "osd", "allow r"]}]: dispatch
2024-03-12T16:41:07.814 INFO:journalctl@ceph.mon.smithi149.smithi149.stdout:Mar 12 16:41:07 smithi149 ceph-mon[39648]: from='mgr.14162 172.21.15.149:0/2540978149' entity='mgr.smithi149.hmxvvg' cmd='[{"prefix": "auth get-or-create", "entity": "client.ceph-exporter.smithi149", "caps": ["mon", "profile ceph-exporter", "mon", "allow r", "mgr", "allow r", "osd", "allow r"]}]': finished
2024-03-12T16:41:07.814 INFO:journalctl@ceph.mon.smithi149.smithi149.stdout:Mar 12 16:41:07 smithi149 ceph-mon[39648]: from='mgr.14162 172.21.15.149:0/2540978149' entity='mgr.smithi149.hmxvvg' cmd=[{"prefix": "config generate-minimal-conf"}]: dispatch
2024-03-12T16:41:07.814 INFO:journalctl@ceph.mon.smithi149.smithi149.stdout:Mar 12 16:41:07 smithi149 ceph-mon[39648]: Deploying daemon ceph-exporter.smithi149 on smithi149
2024-03-12T16:41:07.879 INFO:teuthology.orchestra.run.smithi149.stderr:2024-03-12T16:41:07.884+0000 7f5656415700 1 -- 172.21.15.149:0/3049162412 --> [v2:172.21.15.149:3300/0,v1:172.21.15.149:6789/0] -- mon_command([{prefix=config set, name=mgr/cephadm/allow_ptrace}] v 0) v1 -- 0x7f5650197770 con 0x7f56500fe4a0
2024-03-12T16:41:07.882 INFO:teuthology.orchestra.run.smithi149.stderr:2024-03-12T16:41:07.887+0000 7f564d7fa700 1 -- 172.21.15.149:0/3049162412 <== mon.0 v2:172.21.15.149:3300/0 7 ==== mon_command_ack([{prefix=config set, name=mgr/cephadm/allow_ptrace}]=0 v9)=0 v9) v1 ==== 125+0+0 (secure 0 0 0) 0x7f5640027020 con 0x7f56500fe4a0
2024-03-12T16:41:07.884 INFO:teuthology.orchestra.run.smithi149.stderr:2024-03-12T16:41:07.890+0000 7f5656415700 1 -- 172.21.15.149:0/3049162412 >> [v2:172.21.15.149:6800/3450934908,v1:172.21.15.149:6801/3450934908] conn(0x7f56380384e0 msgr2=0x7f563803a990 secure :-1 s=STATE_CONNECTION_ESTABLISHED l=1).mark_down
2024-03-12T16:41:07.884 INFO:teuthology.orchestra.run.smithi149.stderr:2024-03-12T16:41:07.890+0000 7f5656415700 1 --2- 172.21.15.149:0/3049162412 >> [v2:172.21.15.149:6800/3450934908,v1:172.21.15.149:6801/3450934908] conn(0x7f56380384e0 0x7f563803a990 secure :-1 s=READY pgs=12 cs=0 l=1 rev1=1 crypto rx=0x7f5644006fd0 tx=0x7f5644006e40 comp rx=0 tx=0).stop
2024-03-12T16:41:07.885 INFO:teuthology.orchestra.run.smithi149.stderr:2024-03-12T16:41:07.890+0000 7f5656415700 1 -- 172.21.15.149:0/3049162412 >> [v2:172.21.15.149:3300/0,v1:172.21.15.149:6789/0] conn(0x7f56500fe4a0 msgr2=0x7f5650193db0 secure :-1 s=STATE_CONNECTION_ESTABLISHED l=1).mark_down
2024-03-12T16:41:07.885 INFO:teuthology.orchestra.run.smithi149.stderr:2024-03-12T16:41:07.890+0000 7f5656415700 1 --2- 172.21.15.149:0/3049162412 >> [v2:172.21.15.149:3300/0,v1:172.21.15.149:6789/0] conn(0x7f56500fe4a0 0x7f5650193db0 secure :-1 s=READY pgs=91 cs=0 l=1 rev1=1 crypto rx=0x7f5640004f40 tx=0x7f56400057b0 comp rx=0 tx=0).stop
2024-03-12T16:41:07.885 INFO:teuthology.orchestra.run.smithi149.stderr:2024-03-12T16:41:07.890+0000 7f5656415700 1 -- 172.21.15.149:0/3049162412 shutdown_connections
2024-03-12T16:41:07.885 INFO:teuthology.orchestra.run.smithi149.stderr:2024-03-12T16:41:07.890+0000 7f5656415700 1 --2- 172.21.15.149:0/3049162412 >> [v2:172.21.15.149:6800/3450934908,v1:172.21.15.149:6801/3450934908] conn(0x7f56380384e0 0x7f563803a990 unknown :-1 s=CLOSED pgs=12 cs=0 l=1 rev1=1 crypto rx=0 tx=0 comp rx=0 tx=0).stop
2024-03-12T16:41:07.885 INFO:teuthology.orchestra.run.smithi149.stderr:2024-03-12T16:41:07.890+0000 7f5656415700 1 --2- 172.21.15.149:0/3049162412 >> [v2:172.21.15.149:3300/0,v1:172.21.15.149:6789/0] conn(0x7f56500fe4a0 0x7f5650193db0 unknown :-1 s=CLOSED pgs=91 cs=0 l=1 rev1=1 crypto rx=0 tx=0 comp rx=0 tx=0).stop
2024-03-12T16:41:07.885 INFO:teuthology.orchestra.run.smithi149.stderr:2024-03-12T16:41:07.890+0000 7f5656415700 1 -- 172.21.15.149:0/3049162412 >> 172.21.15.149:0/3049162412 conn(0x7f56500f9af0 msgr2=0x7f56500fb020 unknown :-1 s=STATE_NONE l=0).mark_down
2024-03-12T16:41:07.885 INFO:teuthology.orchestra.run.smithi149.stderr:2024-03-12T16:41:07.890+0000 7f5656415700 1 -- 172.21.15.149:0/3049162412 shutdown_connections
2024-03-12T16:41:07.885 INFO:teuthology.orchestra.run.smithi149.stderr:2024-03-12T16:41:07.890+0000 7f5656415700 1 -- 172.21.15.149:0/3049162412 wait complete.
2024-03-12T16:41:08.610 INFO:tasks.cephadm:Distributing conf and client.admin keyring to all hosts + 0755
2024-03-12T16:41:08.611 DEBUG:teuthology.orchestra.run.smithi149:> sudo /home/ubuntu/cephtest/cephadm --image quay.io/ceph/ceph:v18.2.0 shell -c /etc/ceph/ceph.conf -k /etc/ceph/ceph.client.admin.keyring --fsid 0d7281da-e08f-11ee-95c8-87774f69a715 -- ceph orch client-keyring set client.admin '*' --mode 0755
2024-03-12T16:41:09.099 INFO:teuthology.orchestra.run.smithi149.stderr:Inferring config /var/lib/ceph/0d7281da-e08f-11ee-95c8-87774f69a715/mon.smithi149/config
