2024-03-12T16:40:57.815 INFO:teuthology.orchestra.run.smithi149.stdout:/usr/bin/ceph: stderr
2024-03-12T16:40:56.505+0000 7fa1beffd700 1 -- 172.21.15.149:0/3274605902 <== mon.0 v2:172.21.15.149:3300/0 2 ==== config(26 keys) v1 ==== 1066+0+0 (secure 0 0 0) 0x7fa1b00042e0 con 0x7fa1c01063c0
2024-03-12T16:40:57.815 INFO:teuthology.orchestra.run.smithi149.stdout:/usr/bin/ceph: stderr
2024-03-12T16:40:56.505+0000 7fa1beffd700 1 -- 172.21.15.149:0/3274605902 <== mon.0 v2:172.21.15.149:3300/0 3 ==== mon_map magic: 0 v1 ==== 229+0+0 (secure 0 0 0) 0x7fa1b0011a30 con 0x7fa1c01063c0
2024-03-12T16:40:57.815 INFO:teuthology.orchestra.run.smithi149.stdout:/usr/bin/ceph: stderr
2024-03-12T16:40:56.506+0000 7fa1c69db700 1 -- 172.21.15.149:0/3274605902 >> [v2:172.21.15.149:3300/0,v1:172.21.15.149:6789/0] conn(0x7fa1c01063c0 msgr2=0x7fa1c01087a0 secure :-1 s=STATE_CONNECTION_ESTABLISHED l=1).mark_down
2024-03-12T16:40:57.815 INFO:teuthology.orchestra.run.smithi149.stdout:/usr/bin/ceph: stderr
2024-03-12T16:40:56.506+0000 7fa1c69db700 1 --2- 172.21.15.149:0/3274605902 >> [v2:172.21.15.149:3300/0,v1:172.21.15.149:6789/0] conn(0x7fa1c01063c0 0x7fa1c01087a0 secure :-1 s=READY pgs=80 cs=0 l=1 rev1=1 crypto rx=0x7fa1b00098a0 tx=0x7fa1b0009bb0 comp rx=0 tx=0).stop
2024-03-12T16:40:57.815 INFO:teuthology.orchestra.run.smithi149.stdout:/usr/bin/ceph: stderr
2024-03-12T16:40:56.506+0000 7fa1c69db700 1 -- 172.21.15.149:0/3274605902 shutdown_connections
2024-03-12T16:40:57.815 INFO:teuthology.orchestra.run.smithi149.stdout:/usr/bin/ceph: stderr
2024-03-12T16:40:56.506+0000 7fa1c69db700 1 --2- 172.21.15.149:0/3274605902 >> [v2:172.21.15.149:3300/0,v1:172.21.15.149:6789/0] conn(0x7fa1c01063c0 0x7fa1c01087a0 unknown :-1 s=CLOSED pgs=80 cs=0 l=1 rev1=1 crypto rx=0 tx=0 comp rx=0 tx=0).stop
2024-03-12T16:40:57.815 INFO:teuthology.orchestra.run.smithi149.stdout:/usr/bin/ceph: stderr
2024-03-12T16:40:56.506+0000 7fa1c69db700 1 -- 172.21.15.149:0/3274605902 >> 172.21.15.149:0/3274605902 conn(0x7fa1c00ffe20 msgr2=0x7fa1c0102230 unknown :-1 s=STATE_NONE l=0).mark_down
2024-03-12T16:40:57.815 INFO:teuthology.orchestra.run.smithi149.stdout:/usr/bin/ceph: stderr
2024-03-12T16:40:56.506+0000 7fa1c69db700 1 -- 172.21.15.149:0/3274605902 shutdown_connections
2024-03-12T16:40:57.815 INFO:teuthology.orchestra.run.smithi149.stdout:/usr/bin/ceph: stderr
2024-03-12T16:40:56.506+0000 7fa1c69db700 1 -- 172.21.15.149:0/3274605902 wait complete.
2024-03-12T16:40:57.815 INFO:teuthology.orchestra.run.smithi149.stdout:/usr/bin/ceph: stderr
2024-03-12T16:40:56.507+0000 7fa1c69db700 1 Processor -- start
2024-03-12T16:40:57.815 INFO:teuthology.orchestra.run.smithi149.stdout:/usr/bin/ceph: stderr
2024-03-12T16:40:56.507+0000 7fa1c69db700 1 -- start start
2024-03-12T16:40:57.815 INFO:teuthology.orchestra.run.smithi149.stdout:/usr/bin/ceph: stderr
2024-03-12T16:40:56.507+0000 7fa1c69db700 1 --2- >> [v2:172.21.15.149:3300/0,v1:172.21.15.149:6789/0] conn(0x7fa1c01063c0 0x7fa1c019b7f0 unknown :-1 s=NONE pgs=0 cs=0 l=1 rev1=0 crypto rx=0 tx=0 comp rx=0 tx=0).connect
2024-03-12T16:40:57.815 INFO:teuthology.orchestra.run.smithi149.stdout:/usr/bin/ceph: stderr
2024-03-12T16:40:56.507+0000 7fa1c69db700 1 -- --> [v2:172.21.15.149:3300/0,v1:172.21.15.149:6789/0] -- mon_getmap magic: 0 v1 -- 0x7fa1c019bd30 con 0x7fa1c01063c0
2024-03-12T16:40:57.815 INFO:teuthology.orchestra.run.smithi149.stdout:/usr/bin/ceph: stderr
2024-03-12T16:40:56.507+0000 7fa1bffff700 1 --2- >> [v2:172.21.15.149:3300/0,v1:172.21.15.149:6789/0] conn(0x7fa1c01063c0 0x7fa1c019b7f0 unknown :-1 s=BANNER_CONNECTING pgs=0 cs=0 l=1 rev1=0 crypto rx=0 tx=0 comp rx=0 tx=0)._handle_peer_banner_payload supported=3 required=0
2024-03-12T16:40:57.816 INFO:teuthology.orchestra.run.smithi149.stdout:/usr/bin/ceph: stderr
2024-03-12T16:40:56.507+0000 7fa1bffff700 1 --2- >> [v2:172.21.15.149:3300/0,v1:172.21.15.149:6789/0] conn(0x7fa1c01063c0 0x7fa1c019b7f0 unknown :-1 s=HELLO_CONNECTING pgs=0 cs=0 l=1 rev1=1 crypto rx=0 tx=0 comp rx=0 tx=0).handle_hello peer v2:172.21.15.149:3300/0 says I am v2:172.21.15.149:60552/0 (socket says 172.21.15.149:60552)
2024-03-12T16:40:57.816 INFO:teuthology.orchestra.run.smithi149.stdout:/usr/bin/ceph: stderr
2024-03-12T16:40:56.507+0000 7fa1bffff700 1 -- 172.21.15.149:0/281871739 learned_addr learned my addr 172.21.15.149:0/281871739 (peer_addr_for_me v2:172.21.15.149:0/0)
2024-03-12T16:40:57.816 INFO:teuthology.orchestra.run.smithi149.stdout:/usr/bin/ceph: stderr
2024-03-12T16:40:56.507+0000 7fa1bffff700 1 -- 172.21.15.149:0/281871739 --> [v2:172.21.15.149:3300/0,v1:172.21.15.149:6789/0] -- mon_subscribe({config=0+,monmap=0+}) v3 -- 0x7fa1b0009550 con 0x7fa1c01063c0
2024-03-12T16:40:57.816 INFO:teuthology.orchestra.run.smithi149.stdout:/usr/bin/ceph: stderr
2024-03-12T16:40:56.508+0000 7fa1bffff700 1 --2- 172.21.15.149:0/281871739 >> [v2:172.21.15.149:3300/0,v1:172.21.15.149:6789/0] conn(0x7fa1c01063c0 0x7fa1c019b7f0 secure :-1 s=READY pgs=81 cs=0 l=1 rev1=1 crypto rx=0x7fa1b0000c00 tx=0x7fa1b0011ab0 comp rx=0 tx=0).ready entity=mon.0 client_cookie=0 server_cookie=0 in_seq=0 out_seq=0
2024-03-12T16:40:57.816 INFO:teuthology.orchestra.run.smithi149.stdout:/usr/bin/ceph: stderr
2024-03-12T16:40:56.508+0000 7fa1bd7fa700 1 -- 172.21.15.149:0/281871739 <== mon.0 v2:172.21.15.149:3300/0 1 ==== mon_map magic: 0 v1 ==== 229+0+0 (secure 0 0 0) 0x7fa1b0003bc0 con 0x7fa1c01063c0
2024-03-12T16:40:57.816 INFO:teuthology.orchestra.run.smithi149.stdout:/usr/bin/ceph: stderr
2024-03-12T16:40:56.508+0000 7fa1bd7fa700 1 -- 172.21.15.149:0/281871739 <== mon.0 v2:172.21.15.149:3300/0 2 ==== config(26 keys) v1 ==== 1066+0+0 (secure 0 0 0) 0x7fa1b00248d0 con 0x7fa1c01063c0
2024-03-12T16:40:57.816 INFO:teuthology.orchestra.run.smithi149.stdout:/usr/bin/ceph: stderr
2024-03-12T16:40:56.508+0000 7fa1bd7fa700 1 -- 172.21.15.149:0/281871739 <== mon.0 v2:172.21.15.149:3300/0 3 ==== mon_map magic: 0 v1 ==== 229+0+0 (secure 0 0 0) 0x7fa1b001a890 con 0x7fa1c01063c0
2024-03-12T16:40:57.816 INFO:teuthology.orchestra.run.smithi149.stdout:/usr/bin/ceph: stderr
2024-03-12T16:40:56.508+0000 7fa1c69db700 1 -- 172.21.15.149:0/281871739 --> [v2:172.21.15.149:3300/0,v1:172.21.15.149:6789/0] -- mon_subscribe({mgrmap=0+}) v3 -- 0x7fa1c019bf30 con 0x7fa1c01063c0
2024-03-12T16:40:57.816 INFO:teuthology.orchestra.run.smithi149.stdout:/usr/bin/ceph: stderr
2024-03-12T16:40:56.508+0000 7fa1c69db700 1 -- 172.21.15.149:0/281871739 --> [v2:172.21.15.149:3300/0,v1:172.21.15.149:6789/0] -- mon_subscribe({osdmap=0}) v3 -- 0x7fa1c019c350 con 0x7fa1c01063c0
2024-03-12T16:40:57.816 INFO:teuthology.orchestra.run.smithi149.stdout:/usr/bin/ceph: stderr
2024-03-12T16:40:56.509+0000 7fa1c69db700 1 -- 172.21.15.149:0/281871739 --> [v2:172.21.15.149:3300/0,v1:172.21.15.149:6789/0] -- mon_command({"prefix": "get_command_descriptions"} v 0) v1 -- 0x7fa1c0062380 con 0x7fa1c01063c0
2024-03-12T16:40:57.816 INFO:teuthology.orchestra.run.smithi149.stdout:/usr/bin/ceph: stderr
2024-03-12T16:40:56.509+0000 7fa1bd7fa700 1 -- 172.21.15.149:0/281871739 <== mon.0 v2:172.21.15.149:3300/0 4 ==== mgrmap(e 11) v1 ==== 44991+0+0 (secure 0 0 0) 0x7fa1b0024a40 con 0x7fa1c01063c0
2024-03-12T16:40:57.816 INFO:teuthology.orchestra.run.smithi149.stdout:/usr/bin/ceph: stderr
2024-03-12T16:40:56.510+0000 7fa1bd7fa700 1 --2- 172.21.15.149:0/281871739 >> [v2:172.21.15.149:6800/3450934908,v1:172.21.15.149:6801/3450934908] conn(0x7fa1a8038370 0x7fa1a803a820 unknown :-1 s=NONE pgs=0 cs=0 l=1 rev1=0 crypto rx=0 tx=0 comp rx=0 tx=0).connect
2024-03-12T16:40:57.816 INFO:teuthology.orchestra.run.smithi149.stdout:/usr/bin/ceph: stderr
2024-03-12T16:40:56.510+0000 7fa1bd7fa700 1 -- 172.21.15.149:0/281871739 <== mon.0 v2:172.21.15.149:3300/0 5 ==== osd_map(3..3 src has 1..3) v4 ==== 1155+0+0 (secure 0 0 0) 0x7fa1b004c880 con 0x7fa1c01063c0
2024-03-12T16:40:57.816 INFO:teuthology.orchestra.run.smithi149.stdout:/usr/bin/ceph: stderr
2024-03-12T16:40:56.510+0000 7fa1bf7fe700 1 --2- 172.21.15.149:0/281871739 >> [v2:172.21.15.149:6800/3450934908,v1:172.21.15.149:6801/3450934908] conn(0x7fa1a8038370 0x7fa1a803a820 unknown :-1 s=BANNER_CONNECTING pgs=0 cs=0 l=1 rev1=0 crypto rx=0 tx=0 comp rx=0 tx=0)._handle_peer_banner_payload supported=3 required=0
2024-03-12T16:40:57.817 INFO:teuthology.orchestra.run.smithi149.stdout:/usr/bin/ceph: stderr
2024-03-12T16:40:56.510+0000 7fa1bf7fe700 1 --2- 172.21.15.149:0/281871739 >> [v2:172.21.15.149:6800/3450934908,v1:172.21.15.149:6801/3450934908] conn(0x7fa1a8038370 0x7fa1a803a820 secure :-1 s=READY pgs=7 cs=0 l=1 rev1=1 crypto rx=0x7fa1b4006fd0 tx=0x7fa1b4006e40 comp rx=0 tx=0).ready entity=mgr.14162 client_cookie=0 server_cookie=0 in_seq=0 out_seq=0
2024-03-12T16:40:57.817 INFO:teuthology.orchestra.run.smithi149.stdout:/usr/bin/ceph: stderr
2024-03-12T16:40:56.514+0000 7fa1bd7fa700 1 -- 172.21.15.149:0/281871739 <== mon.0 v2:172.21.15.149:3300/0 6 ==== mon_command_ack([{"prefix": "get_command_descriptions"}]=0 v0) v1 ==== 72+0+177933 (secure 0 0 0) 0x7fa1b0018710 con 0x7fa1c01063c0
2024-03-12T16:40:57.817 INFO:teuthology.orchestra.run.smithi149.stdout:/usr/bin/ceph: stderr
2024-03-12T16:40:56.727+0000 7fa1c69db700 1 -- 172.21.15.149:0/281871739 --> [v2:172.21.15.149:6800/3450934908,v1:172.21.15.149:6801/3450934908] -- mgr_command(tid 0: {"prefix": "dashboard create-self-signed-cert", "target": ["mon-mgr", ""]}) v1 -- 0x7fa1c01020d0 con 0x7fa1a8038370
2024-03-12T16:40:57.817 INFO:teuthology.orchestra.run.smithi149.stdout:/usr/bin/ceph: stderr
2024-03-12T16:40:56.821+0000 7fa1bd7fa700 1 -- 172.21.15.149:0/281871739 <== mgr.14162 v2:172.21.15.149:6800/3450934908 1 ==== mgr_command_reply(tid 0: 0 ) v1 ==== 8+0+32 (secure 0 0 0) 0x7fa1c01020d0 con 0x7fa1a8038370
2024-03-12T16:40:57.817 INFO:teuthology.orchestra.run.smithi149.stdout:/usr/bin/ceph: stderr
2024-03-12T16:40:56.823+0000 7fa1c69db700 1 -- 172.21.15.149:0/281871739 >> [v2:172.21.15.149:6800/3450934908,v1:172.21.15.149:6801/3450934908] conn(0x7fa1a8038370 msgr2=0x7fa1a803a820 secure :-1 s=STATE_CONNECTION_ESTABLISHED l=1).mark_down
2024-03-12T16:40:57.817 INFO:teuthology.orchestra.run.smithi149.stdout:/usr/bin/ceph: stderr
2024-03-12T16:40:56.823+0000 7fa1c69db700 1 --2- 172.21.15.149:0/281871739 >> [v2:172.21.15.149:6800/3450934908,v1:172.21.15.149:6801/3450934908] conn(0x7fa1a8038370 0x7fa1a803a820 secure :-1 s=READY pgs=7 cs=0 l=1 rev1=1 crypto rx=0x7fa1b4006fd0 tx=0x7fa1b4006e40 comp rx=0 tx=0).stop
2024-03-12T16:40:57.817 INFO:teuthology.orchestra.run.smithi149.stdout:/usr/bin/ceph: stderr
2024-03-12T16:40:56.823+0000 7fa1c69db700 1 -- 172.21.15.149:0/281871739 >> [v2:172.21.15.149:3300/0,v1:172.21.15.149:6789/0] conn(0x7fa1c01063c0 msgr2=0x7fa1c019b7f0 secure :-1 s=STATE_CONNECTION_ESTABLISHED l=1).mark_down
2024-03-12T16:40:57.817 INFO:teuthology.orchestra.run.smithi149.stdout:/usr/bin/ceph: stderr
2024-03-12T16:40:56.823+0000 7fa1c69db700 1 --2- 172.21.15.149:0/281871739 >> [v2:172.21.15.149:3300/0,v1:172.21.15.149:6789/0] conn(0x7fa1c01063c0 0x7fa1c019b7f0 secure :-1 s=READY pgs=81 cs=0 l=1 rev1=1 crypto rx=0x7fa1b0000c00 tx=0x7fa1b0011ab0 comp rx=0 tx=0).stop
2024-03-12T16:40:57.817 INFO:teuthology.orchestra.run.smithi149.stdout:/usr/bin/ceph: stderr
2024-03-12T16:40:56.823+0000 7fa1c69db700 1 -- 172.21.15.149:0/281871739 shutdown_connections
2024-03-12T16:40:57.817 INFO:teuthology.orchestra.run.smithi149.stdout:/usr/bin/ceph: stderr
2024-03-12T16:40:56.823+0000 7fa1c69db700 1 --2- 172.21.15.149:0/281871739 >> [v2:172.21.15.149:6800/3450934908,v1:172.21.15.149:6801/3450934908] conn(0x7fa1a8038370 0x7fa1a803a820 unknown :-1 s=CLOSED pgs=7 cs=0 l=1 rev1=1 crypto rx=0 tx=0 comp rx=0 tx=0).stop
2024-03-12T16:40:57.817 INFO:teuthology.orchestra.run.smithi149.stdout:/usr/bin/ceph: stderr
2024-03-12T16:40:56.823+0000 7fa1c69db700 1 --2- 172.21.15.149:0/281871739 >> [v2:172.21.15.149:3300/0,v1:172.21.15.149:6789/0] conn(0x7fa1c01063c0 0x7fa1c019b7f0 unknown :-1 s=CLOSED pgs=81 cs=0 l=1 rev1=1 crypto rx=0 tx=0 comp rx=0 tx=0).stop
2024-03-12T16:40:57.817 INFO:teuthology.orchestra.run.smithi149.stdout:/usr/bin/ceph: stderr
2024-03-12T16:40:56.823+0000 7fa1c69db700 1 -- 172.21.15.149:0/281871739 >> 172.21.15.149:0/281871739 conn(0x7fa1c00ffe20 msgr2=0x7fa1c01014b0 unknown :-1 s=STATE_NONE l=0).mark_down
2024-03-12T16:40:57.817 INFO:teuthology.orchestra.run.smithi149.stdout:/usr/bin/ceph: stderr
2024-03-12T16:40:56.823+0000 7fa1c69db700 1 -- 172.21.15.149:0/281871739 shutdown_connections
2024-03-12T16:40:57.818 INFO:teuthology.orchestra.run.smithi149.stdout:/usr/bin/ceph: stderr
2024-03-12T16:40:56.823+0000 7fa1c69db700 1 -- 172.21.15.149:0/281871739 wait complete.
2024-03-12T16:40:57.818 INFO:teuthology.orchestra.run.smithi149.stdout:Creating initial admin user...
2024-03-12T16:40:57.818 INFO:journalctl@ceph.mon.smithi149.smithi149.stdout:Mar 12 16:40:57 smithi149 ceph-mon[39648]: from='mgr.14162 172.21.15.149:0/2540978149' entity='mgr.smithi149.hmxvvg'
2024-03-12T16:40:57.818 INFO:journalctl@ceph.mon.smithi149.smithi149.stdout:Mar 12 16:40:57 smithi149 ceph-mon[39648]: from='client.14174 -' entity='client.admin' cmd=[{"prefix": "dashboard create-self-signed-cert", "target": ["mon-mgr", ""]}]: dispatch
2024-03-12T16:40:57.818 INFO:journalctl@ceph.mon.smithi149.smithi149.stdout:Mar 12 16:40:57 smithi149 ceph-mon[39648]: from='mgr.14162 172.21.15.149:0/2540978149' entity='mgr.smithi149.hmxvvg'
2024-03-12T16:40:57.818 INFO:journalctl@ceph.mon.smithi149.smithi149.stdout:Mar 12 16:40:57 smithi149 ceph-mon[39648]: from='mgr.14162 172.21.15.149:0/2540978149' entity='mgr.smithi149.hmxvvg'
2024-03-12T16:40:57.818 INFO:journalctl@ceph.mon.smithi149.smithi149.stdout:Mar 12 16:40:57 smithi149 ceph-mon[39648]: mgrmap e12: smithi149.hmxvvg(active, since 3s)
2024-03-12T16:41:00.125 INFO:teuthology.orchestra.run.smithi149.stdout:/usr/bin/ceph: stdout {"username": "admin", "password": "$2b$12$0FVQxIalKa3.7P0PbgErGOGZdGy..O7grsgB75zLXUbxZEauhZLcm", "roles": ["administrator"], "name": null, "email": null, "lastUpdate": 1710261659, "enabled": true, "pwdExpirationDate": null, "pwdUpdateRequired": true}
2024-03-12T16:41:00.125 INFO:teuthology.orchestra.run.smithi149.stdout:/usr/bin/ceph: stderr
2024-03-12T16:40:59.121+0000 7f4afa16b700 1 Processor -- start
2024-03-12T16:41:00.125 INFO:teuthology.orchestra.run.smithi149.stdout:/usr/bin/ceph: stderr
2024-03-12T16:40:59.121+0000 7f4afa16b700 1 -- start start
2024-03-12T16:41:00.125 INFO:teuthology.orchestra.run.smithi149.stdout:/usr/bin/ceph: stderr
2024-03-12T16:40:59.122+0000 7f4afa16b700 1 --2- >> [v2:172.21.15.149:3300/0,v1:172.21.15.149:6789/0] conn(0x7f4af4079cf0 0x7f4af410a860 unknown :-1 s=NONE pgs=0 cs=0 l=0 rev1=0 crypto rx=0 tx=0 comp rx=0 tx=0).connect
2024-03-12T16:41:00.125 INFO:teuthology.orchestra.run.smithi149.stdout:/usr/bin/ceph: stderr
2024-03-12T16:40:59.122+0000 7f4afa16b700 1 -- --> [v2:172.21.15.149:3300/0,v1:172.21.15.149:6789/0] -- mon_getmap magic: 0 v1 -- 0x7f4af4106250 con 0x7f4af4079cf0
2024-03-12T16:41:00.126 INFO:teuthology.orchestra.run.smithi149.stdout:/usr/bin/ceph: stderr
2024-03-12T16:40:59.122+0000 7f4af37fe700 1 --2- >> [v2:172.21.15.149:3300/0,v1:172.21.15.149:6789/0] conn(0x7f4af4079cf0 0x7f4af410a860 unknown :-1 s=BANNER_CONNECTING pgs=0 cs=0 l=0 rev1=0 crypto rx=0 tx=0 comp rx=0 tx=0)._handle_peer_banner_payload supported=3 required=0
2024-03-12T16:41:00.126 INFO:teuthology.orchestra.run.smithi149.stdout:/usr/bin/ceph: stderr
2024-03-12T16:40:59.122+0000 7f4af37fe700 1 --2- >> [v2:172.21.15.149:3300/0,v1:172.21.15.149:6789/0] conn(0x7f4af4079cf0 0x7f4af410a860 unknown :-1 s=HELLO_CONNECTING pgs=0 cs=0 l=0 rev1=1 crypto rx=0 tx=0 comp rx=0 tx=0).handle_hello peer v2:172.21.15.149:3300/0 says I am v2:172.21.15.149:60566/0 (socket says 172.21.15.149:60566)
2024-03-12T16:41:00.126 INFO:teuthology.orchestra.run.smithi149.stdout:/usr/bin/ceph: stderr
2024-03-12T16:40:59.122+0000 7f4af37fe700 1 -- 172.21.15.149:0/556551267 learned_addr learned my addr 172.21.15.149:0/556551267 (peer_addr_for_me v2:172.21.15.149:0/0)
2024-03-12T16:41:00.126 INFO:teuthology.orchestra.run.smithi149.stdout:/usr/bin/ceph: stderr
2024-03-12T16:40:59.122+0000 7f4af37fe700 1 -- 172.21.15.149:0/556551267 --> [v2:172.21.15.149:3300/0,v1:172.21.15.149:6789/0] -- mon_subscribe({config=0+,monmap=0+}) v3 -- 0x7f4af410ada0 con 0x7f4af4079cf0
2024-03-12T16:41:00.126 INFO:teuthology.orchestra.run.smithi149.stdout:/usr/bin/ceph: stderr
2024-03-12T16:40:59.122+0000 7f4af37fe700 1 --2- 172.21.15.149:0/556551267 >> [v2:172.21.15.149:3300/0,v1:172.21.15.149:6789/0] conn(0x7f4af4079cf0 0x7f4af410a860 secure :-1 s=READY pgs=82 cs=0 l=1 rev1=1 crypto rx=0x7f4ae40098a0 tx=0x7f4ae4009bb0 comp rx=0 tx=0).ready entity=mon.0 client_cookie=54b428e6ad03239c server_cookie=0 in_seq=0 out_seq=0
2024-03-12T16:41:00.126 INFO:teuthology.orchestra.run.smithi149.stdout:/usr/bin/ceph: stderr
2024-03-12T16:40:59.123+0000 7f4af27fc700 1 -- 172.21.15.149:0/556551267 <== mon.0 v2:172.21.15.149:3300/0 1 ==== mon_map magic: 0 v1 ==== 229+0+0 (secure 0 0 0) 0x7f4ae4004180 con 0x7f4af4079cf0
2024-03-12T16:41:00.126 INFO:teuthology.orchestra.run.smithi149.stdout:/usr/bin/ceph: stderr
2024-03-12T16:40:59.123+0000 7f4af27fc700 1 -- 172.21.15.149:0/556551267 <== mon.0 v2:172.21.15.149:3300/0 2 ==== config(26 keys) v1 ==== 1066+0+0 (secure 0 0 0) 0x7f4ae40042e0 con 0x7f4af4079cf0
2024-03-12T16:41:00.126 INFO:teuthology.orchestra.run.smithi149.stdout:/usr/bin/ceph: stderr
2024-03-12T16:40:59.123+0000 7f4af27fc700 1 -- 172.21.15.149:0/556551267 <== mon.0 v2:172.21.15.149:3300/0 3 ==== mon_map magic: 0 v1 ==== 229+0+0 (secure 0 0 0) 0x7f4ae4011a30 con 0x7f4af4079cf0
2024-03-12T16:41:00.126 INFO:teuthology.orchestra.run.smithi149.stdout:/usr/bin/ceph: stderr
2024-03-12T16:40:59.123+0000 7f4afa16b700 1 -- 172.21.15.149:0/556551267 >> [v2:172.21.15.149:3300/0,v1:172.21.15.149:6789/0] conn(0x7f4af4079cf0 msgr2=0x7f4af410a860 secure :-1 s=STATE_CONNECTION_ESTABLISHED l=1).mark_down
2024-03-12T16:41:00.126 INFO:teuthology.orchestra.run.smithi149.stdout:/usr/bin/ceph: stderr
2024-03-12T16:40:59.123+0000 7f4afa16b700 1 --2- 172.21.15.149:0/556551267 >> [v2:172.21.15.149:3300/0,v1:172.21.15.149:6789/0] conn(0x7f4af4079cf0 0x7f4af410a860 secure :-1 s=READY pgs=82 cs=0 l=1 rev1=1 crypto rx=0x7f4ae40098a0 tx=0x7f4ae4009bb0 comp rx=0 tx=0).stop
2024-03-12T16:41:00.126 INFO:teuthology.orchestra.run.smithi149.stdout:/usr/bin/ceph: stderr
2024-03-12T16:40:59.123+0000 7f4afa16b700 1 -- 172.21.15.149:0/556551267 shutdown_connections
2024-03-12T16:41:00.126 INFO:teuthology.orchestra.run.smithi149.stdout:/usr/bin/ceph: stderr
2024-03-12T16:40:59.123+0000 7f4afa16b700 1 --2- 172.21.15.149:0/556551267 >> [v2:172.21.15.149:3300/0,v1:172.21.15.149:6789/0] conn(0x7f4af4079cf0 0x7f4af410a860 unknown :-1 s=CLOSED pgs=82 cs=0 l=1 rev1=1 crypto rx=0 tx=0 comp rx=0 tx=0).stop
2024-03-12T16:41:00.126 INFO:teuthology.orchestra.run.smithi149.stdout:/usr/bin/ceph: stderr
2024-03-12T16:40:59.123+0000 7f4afa16b700 1 -- 172.21.15.149:0/556551267 >> 172.21.15.149:0/556551267 conn(0x7f4af40ffe30 msgr2=0x7f4af4102240 unknown :-1 s=STATE_NONE l=0).mark_down
2024-03-12T16:41:00.126 INFO:teuthology.orchestra.run.smithi149.stdout:/usr/bin/ceph: stderr
2024-03-12T16:40:59.123+0000 7f4afa16b700 1 -- 172.21.15.149:0/556551267 shutdown_connections
2024-03-12T16:41:00.127 INFO:teuthology.orchestra.run.smithi149.stdout:/usr/bin/ceph: stderr
2024-03-12T16:40:59.123+0000 7f4afa16b700 1 -- 172.21.15.149:0/556551267 wait complete.
2024-03-12T16:41:00.127 INFO:teuthology.orchestra.run.smithi149.stdout:/usr/bin/ceph: stderr
2024-03-12T16:40:59.124+0000 7f4afa16b700 1 Processor -- start
2024-03-12T16:41:00.127 INFO:teuthology.orchestra.run.smithi149.stdout:/usr/bin/ceph: stderr
2024-03-12T16:40:59.124+0000 7f4afa16b700 1 -- start start
2024-03-12T16:41:00.127 INFO:teuthology.orchestra.run.smithi149.stdout:/usr/bin/ceph: stderr
2024-03-12T16:40:59.124+0000 7f4afa16b700 1 --2- >> [v2:172.21.15.149:3300/0,v1:172.21.15.149:6789/0] conn(0x7f4af419b7d0 0x7f4af419bbe0 unknown :-1 s=NONE pgs=0 cs=0 l=1 rev1=0 crypto rx=0 tx=0 comp rx=0 tx=0).connect
2024-03-12T16:41:00.127 INFO:teuthology.orchestra.run.smithi149.stdout:/usr/bin/ceph: stderr
2024-03-12T16:40:59.124+0000 7f4afa16b700 1 -- --> [v2:172.21.15.149:3300/0,v1:172.21.15.149:6789/0] -- mon_getmap magic: 0 v1 -- 0x7f4af419c120 con 0x7f4af419b7d0
2024-03-12T16:41:00.127 INFO:teuthology.orchestra.run.smithi149.stdout:/usr/bin/ceph: stderr
2024-03-12T16:40:59.124+0000 7f4af37fe700 1 --2- >> [v2:172.21.15.149:3300/0,v1:172.21.15.149:6789/0] conn(0x7f4af419b7d0 0x7f4af419bbe0 unknown :-1 s=BANNER_CONNECTING pgs=0 cs=0 l=1 rev1=0 crypto rx=0 tx=0 comp rx=0 tx=0)._handle_peer_banner_payload supported=3 required=0
2024-03-12T16:41:00.127 INFO:teuthology.orchestra.run.smithi149.stdout:/usr/bin/ceph: stderr
2024-03-12T16:40:59.125+0000 7f4af37fe700 1 --2- >> [v2:172.21.15.149:3300/0,v1:172.21.15.149:6789/0] conn(0x7f4af419b7d0 0x7f4af419bbe0 unknown :-1 s=HELLO_CONNECTING pgs=0 cs=0 l=1 rev1=1 crypto rx=0 tx=0 comp rx=0 tx=0).handle_hello peer v2:172.21.15.149:3300/0 says I am v2:172.21.15.149:60576/0 (socket says 172.21.15.149:60576)
2024-03-12T16:41:00.127 INFO:teuthology.orchestra.run.smithi149.stdout:/usr/bin/ceph: stderr
2024-03-12T16:40:59.125+0000 7f4af37fe700 1 -- 172.21.15.149:0/1157689669 learned_addr learned my addr 172.21.15.149:0/1157689669 (peer_addr_for_me v2:172.21.15.149:0/0)
2024-03-12T16:41:00.127 INFO:teuthology.orchestra.run.smithi149.stdout:/usr/bin/ceph: stderr
2024-03-12T16:40:59.125+0000 7f4af37fe700 1 -- 172.21.15.149:0/1157689669 --> [v2:172.21.15.149:3300/0,v1:172.21.15.149:6789/0] -- mon_subscribe({config=0+,monmap=0+}) v3 -- 0x7f4ae4009550 con 0x7f4af419b7d0
2024-03-12T16:41:00.127 INFO:teuthology.orchestra.run.smithi149.stdout:/usr/bin/ceph: stderr
2024-03-12T16:40:59.125+0000 7f4af37fe700 1 --2- 172.21.15.149:0/1157689669 >> [v2:172.21.15.149:3300/0,v1:172.21.15.149:6789/0] conn(0x7f4af419b7d0 0x7f4af419bbe0 secure :-1 s=READY pgs=83 cs=0 l=1 rev1=1 crypto rx=0x7f4ae4006af0 tx=0x7f4ae4011ab0 comp rx=0 tx=0).ready entity=mon.0 client_cookie=0 server_cookie=0 in_seq=0 out_seq=0
2024-03-12T16:41:00.127 INFO:teuthology.orchestra.run.smithi149.stdout:/usr/bin/ceph: stderr
2024-03-12T16:40:59.125+0000 7f4af0ff9700 1 -- 172.21.15.149:0/1157689669 <== mon.0 v2:172.21.15.149:3300/0 1 ==== mon_map magic: 0 v1 ==== 229+0+0 (secure 0 0 0) 0x7f4ae4003bc0 con 0x7f4af419b7d0
2024-03-12T16:41:00.127 INFO:teuthology.orchestra.run.smithi149.stdout:/usr/bin/ceph: stderr
2024-03-12T16:40:59.125+0000 7f4af0ff9700 1 -- 172.21.15.149:0/1157689669 <== mon.0 v2:172.21.15.149:3300/0 2 ==== config(26 keys) v1 ==== 1066+0+0 (secure 0 0 0) 0x7f4ae401a8c0 con 0x7f4af419b7d0
2024-03-12T16:41:00.127 INFO:teuthology.orchestra.run.smithi149.stdout:/usr/bin/ceph: stderr
2024-03-12T16:40:59.125+0000 7f4afa16b700 1 -- 172.21.15.149:0/1157689669 --> [v2:172.21.15.149:3300/0,v1:172.21.15.149:6789/0] -- mon_subscribe({mgrmap=0+}) v3 -- 0x7f4af419c320 con 0x7f4af419b7d0
2024-03-12T16:41:00.127 INFO:teuthology.orchestra.run.smithi149.stdout:/usr/bin/ceph: stderr
2024-03-12T16:40:59.125+0000 7f4af0ff9700 1 -- 172.21.15.149:0/1157689669 <== mon.0 v2:172.21.15.149:3300/0 3 ==== mon_map magic: 0 v1 ==== 229+0+0 (secure 0 0 0) 0x7f4ae4019820 con 0x7f4af419b7d0
2024-03-12T16:41:00.127 INFO:teuthology.orchestra.run.smithi149.stdout:/usr/bin/ceph: stderr
2024-03-12T16:40:59.125+0000 7f4afa16b700 1 -- 172.21.15.149:0/1157689669 --> [v2:172.21.15.149:3300/0,v1:172.21.15.149:6789/0] -- mon_subscribe({osdmap=0}) v3 -- 0x7f4af419ef80 con 0x7f4af419b7d0
2024-03-12T16:41:00.128 INFO:teuthology.orchestra.run.smithi149.stdout:/usr/bin/ceph: stderr
2024-03-12T16:40:59.126+0000 7f4af0ff9700 1 -- 172.21.15.149:0/1157689669 <== mon.0 v2:172.21.15.149:3300/0 4 ==== mgrmap(e 12) v1 ==== 45097+0+0 (secure 0 0 0) 0x7f4ae401a430 con 0x7f4af419b7d0
2024-03-12T16:41:00.128 INFO:teuthology.orchestra.run.smithi149.stdout:/usr/bin/ceph: stderr
2024-03-12T16:40:59.126+0000 7f4afa16b700 1 -- 172.21.15.149:0/1157689669 --> [v2:172.21.15.149:3300/0,v1:172.21.15.149:6789/0] -- mon_command({"prefix": "get_command_descriptions"} v 0) v1 -- 0x7f4af4079cf0 con 0x7f4af419b7d0
2024-03-12T16:41:00.128 INFO:teuthology.orchestra.run.smithi149.stdout:/usr/bin/ceph: stderr
2024-03-12T16:40:59.126+0000 7f4af0ff9700 1 --2- 172.21.15.149:0/1157689669 >> [v2:172.21.15.149:6800/3450934908,v1:172.21.15.149:6801/3450934908] conn(0x7f4adc038450 0x7f4adc03a900 unknown :-1 s=NONE pgs=0 cs=0 l=1 rev1=0 crypto rx=0 tx=0 comp rx=0 tx=0).connect
2024-03-12T16:41:00.128 INFO:teuthology.orchestra.run.smithi149.stdout:/usr/bin/ceph: stderr
2024-03-12T16:40:59.126+0000 7f4af0ff9700 1 -- 172.21.15.149:0/1157689669 <== mon.0 v2:172.21.15.149:3300/0 5 ==== osd_map(3..3 src has 1..3) v4 ==== 1155+0+0 (secure 0 0 0) 0x7f4ae404ca30 con 0x7f4af419b7d0
2024-03-12T16:41:00.128 INFO:teuthology.orchestra.run.smithi149.stdout:/usr/bin/ceph: stderr
2024-03-12T16:40:59.126+0000 7f4af2ffd700 1 --2- 172.21.15.149:0/1157689669 >> [v2:172.21.15.149:6800/3450934908,v1:172.21.15.149:6801/3450934908] conn(0x7f4adc038450 0x7f4adc03a900 unknown :-1 s=BANNER_CONNECTING pgs=0 cs=0 l=1 rev1=0 crypto rx=0 tx=0 comp rx=0 tx=0)._handle_peer_banner_payload supported=3 required=0
2024-03-12T16:41:00.128 INFO:teuthology.orchestra.run.smithi149.stdout:/usr/bin/ceph: stderr
2024-03-12T16:40:59.127+0000 7f4af2ffd700 1 --2- 172.21.15.149:0/1157689669 >> [v2:172.21.15.149:6800/3450934908,v1:172.21.15.149:6801/3450934908] conn(0x7f4adc038450 0x7f4adc03a900 secure :-1 s=READY pgs=8 cs=0 l=1 rev1=1 crypto rx=0x7f4ae8006fd0 tx=0x7f4ae8006e40 comp rx=0 tx=0).ready entity=mgr.14162 client_cookie=0 server_cookie=0 in_seq=0 out_seq=0
2024-03-12T16:41:00.128 INFO:teuthology.orchestra.run.smithi149.stdout:/usr/bin/ceph: stderr
2024-03-12T16:40:59.131+0000 7f4af0ff9700 1 -- 172.21.15.149:0/1157689669 <== mon.0 v2:172.21.15.149:3300/0 6 ==== mon_command_ack([{"prefix": "get_command_descriptions"}]=0 v0) v1 ==== 72+0+177933 (secure 0 0 0) 0x7f4ae4023b80 con 0x7f4af419b7d0
2024-03-12T16:41:00.128 INFO:teuthology.orchestra.run.smithi149.stdout:/usr/bin/ceph: stderr
2024-03-12T16:40:59.335+0000 7f4afa16b700 1 -- 172.21.15.149:0/1157689669 --> [v2:172.21.15.149:6800/3450934908,v1:172.21.15.149:6801/3450934908] -- mgr_command(tid 0: {"prefix": "dashboard ac-user-create", "username": "admin", "rolename": "administrator", "force_password": true, "pwd_update_required": true, "target": ["mon-mgr", ""]}) v1 -- 0x7f4af419f2a0 con 0x7f4adc038450
2024-03-12T16:41:00.128 INFO:teuthology.orchestra.run.smithi149.stdout:/usr/bin/ceph: stderr
2024-03-12T16:40:59.553+0000 7f4af0ff9700 1 -- 172.21.15.149:0/1157689669 <== mgr.14162 v2:172.21.15.149:6800/3450934908 1 ==== mgr_command_reply(tid 0: 0 ) v1 ==== 8+0+252 (secure 0 0 0) 0x7f4af419f2a0 con 0x7f4adc038450
2024-03-12T16:41:00.128 INFO:teuthology.orchestra.run.smithi149.stdout:/usr/bin/ceph: stderr
2024-03-12T16:40:59.555+0000 7f4afa16b700 1 -- 172.21.15.149:0/1157689669 >> [v2:172.21.15.149:6800/3450934908,v1:172.21.15.149:6801/3450934908] conn(0x7f4adc038450 msgr2=0x7f4adc03a900 secure :-1 s=STATE_CONNECTION_ESTABLISHED l=1).mark_down
2024-03-12T16:41:00.128 INFO:teuthology.orchestra.run.smithi149.stdout:/usr/bin/ceph: stderr
2024-03-12T16:40:59.555+0000 7f4afa16b700 1 --2- 172.21.15.149:0/1157689669 >> [v2:172.21.15.149:6800/3450934908,v1:172.21.15.149:6801/3450934908] conn(0x7f4adc038450 0x7f4adc03a900 secure :-1 s=READY pgs=8 cs=0 l=1 rev1=1 crypto rx=0x7f4ae8006fd0 tx=0x7f4ae8006e40 comp rx=0 tx=0).stop
2024-03-12T16:41:00.128 INFO:teuthology.orchestra.run.smithi149.stdout:/usr/bin/ceph: stderr
2024-03-12T16:40:59.555+0000 7f4afa16b700 1 -- 172.21.15.149:0/1157689669 >> [v2:172.21.15.149:3300/0,v1:172.21.15.149:6789/0] conn(0x7f4af419b7d0 msgr2=0x7f4af419bbe0 secure :-1 s=STATE_CONNECTION_ESTABLISHED l=1).mark_down
2024-03-12T16:41:00.128 INFO:teuthology.orchestra.run.smithi149.stdout:/usr/bin/ceph: stderr
2024-03-12T16:40:59.555+0000 7f4afa16b700 1 --2- 172.21.15.149:0/1157689669 >> [v2:172.21.15.149:3300/0,v1:172.21.15.149:6789/0] conn(0x7f4af419b7d0 0x7f4af419bbe0 secure :-1 s=READY pgs=83 cs=0 l=1 rev1=1 crypto rx=0x7f4ae4006af0 tx=0x7f4ae4011ab0 comp rx=0 tx=0).stop
2024-03-12T16:41:00.128 INFO:teuthology.orchestra.run.smithi149.stdout:/usr/bin/ceph: stderr
2024-03-12T16:40:59.556+0000 7f4afa16b700 1 -- 172.21.15.149:0/1157689669 shutdown_connections
2024-03-12T16:41:00.129 INFO:teuthology.orchestra.run.smithi149.stdout:/usr/bin/ceph: stderr
2024-03-12T16:40:59.556+0000 7f4afa16b700 1 --2- 172.21.15.149:0/1157689669 >> [v2:172.21.15.149:6800/3450934908,v1:172.21.15.149:6801/3450934908] conn(0x7f4adc038450 0x7f4adc03a900 unknown :-1 s=CLOSED pgs=8 cs=0 l=1 rev1=1 crypto rx=0 tx=0 comp rx=0 tx=0).stop
2024-03-12T16:41:00.129 INFO:teuthology.orchestra.run.smithi149.stdout:/usr/bin/ceph: stderr
2024-03-12T16:40:59.556+0000 7f4afa16b700 1 --2- 172.21.15.149:0/1157689669 >> [v2:172.21.15.149:3300/0,v1:172.21.15.149:6789/0] conn(0x7f4af419b7d0 0x7f4af419bbe0 unknown :-1 s=CLOSED pgs=83 cs=0 l=1 rev1=1 crypto rx=0 tx=0 comp rx=0 tx=0).stop
2024-03-12T16:41:00.129 INFO:teuthology.orchestra.run.smithi149.stdout:/usr/bin/ceph: stderr
2024-03-12T16:40:59.556+0000 7f4afa16b700 1 -- 172.21.15.149:0/1157689669 >> 172.21.15.149:0/1157689669 conn(0x7f4af40ffe30 msgr2=0x7f4af4101480 unknown :-1 s=STATE_NONE l=0).mark_down
2024-03-12T16:41:00.129 INFO:teuthology.orchestra.run.smithi149.stdout:/usr/bin/ceph: stderr
2024-03-12T16:40:59.556+0000 7f4afa16b700 1 -- 172.21.15.149:0/1157689669 shutdown_connections
2024-03-12T16:41:00.129 INFO:teuthology.orchestra.run.smithi149.stdout:/usr/bin/ceph: stderr
2024-03-12T16:40:59.556+0000 7f4afa16b700 1 -- 172.21.15.149:0/1157689669 wait complete.
2024-03-12T16:41:00.129 INFO:teuthology.orchestra.run.smithi149.stdout:Fetching dashboard port number...
2024-03-12T16:41:00.888 INFO:journalctl@ceph.mon.smithi149.smithi149.stdout:Mar 12 16:41:00 smithi149 ceph-mon[39648]: from='client.14176 -' entity='client.admin' cmd=[{"prefix": "dashboard ac-user-create", "username": "admin", "rolename": "administrator", "force_password": true, "pwd_update_required": true, "target": ["mon-mgr", ""]}]: dispatch
2024-03-12T16:41:00.888 INFO:journalctl@ceph.mon.smithi149.smithi149.stdout:Mar 12 16:41:00 smithi149 ceph-mon[39648]: from='mgr.14162 172.21.15.149:0/2540978149' entity='mgr.smithi149.hmxvvg'
2024-03-12T16:41:01.561 INFO:teuthology.orchestra.run.smithi149.stdout:/usr/bin/ceph: stdout 8443
2024-03-12T16:41:01.562 INFO:teuthology.orchestra.run.smithi149.stdout:/usr/bin/ceph: stderr
2024-03-12T16:41:00.668+0000 7fa4b75a6700 1 Processor -- start
2024-03-12T16:41:01.562 INFO:teuthology.orchestra.run.smithi149.stdout:/usr/bin/ceph: stderr
2024-03-12T16:41:00.668+0000 7fa4b75a6700 1 -- start start
2024-03-12T16:41:01.562 INFO:teuthology.orchestra.run.smithi149.stdout:/usr/bin/ceph: stderr
2024-03-12T16:41:00.668+0000 7fa4b75a6700 1 --2- >> [v2:172.21.15.149:3300/0,v1:172.21.15.149:6789/0] conn(0x7fa4b01058a0 0x7fa4b0105cb0 unknown :-1 s=NONE pgs=0 cs=0 l=0 rev1=0 crypto rx=0 tx=0 comp rx=0 tx=0).connect
2024-03-12T16:41:01.563 INFO:teuthology.orchestra.run.smithi149.stdout:/usr/bin/ceph: stderr
2024-03-12T16:41:00.668+0000 7fa4b75a6700 1 -- --> [v2:172.21.15.149:3300/0,v1:172.21.15.149:6789/0] -- mon_getmap magic: 0 v1 -- 0x7fa4b01061f0 con 0x7fa4b01058a0
2024-03-12T16:41:01.563 INFO:teuthology.orchestra.run.smithi149.stdout:/usr/bin/ceph: stderr
2024-03-12T16:41:00.668+0000 7fa4b5342700 1 --2- >> [v2:172.21.15.149:3300/0,v1:172.21.15.149:6789/0] conn(0x7fa4b01058a0 0x7fa4b0105cb0 unknown :-1 s=BANNER_CONNECTING pgs=0 cs=0 l=0 rev1=0 crypto rx=0 tx=0 comp rx=0 tx=0)._handle_peer_banner_payload supported=3 required=0
2024-03-12T16:41:01.563 INFO:teuthology.orchestra.run.smithi149.stdout:/usr/bin/ceph: stderr
2024-03-12T16:41:00.668+0000 7fa4b5342700 1 --2- >> [v2:172.21.15.149:3300/0,v1:172.21.15.149:6789/0] conn(0x7fa4b01058a0 0x7fa4b0105cb0 unknown :-1 s=HELLO_CONNECTING pgs=0 cs=0 l=0 rev1=1 crypto rx=0 tx=0 comp rx=0 tx=0).handle_hello peer v2:172.21.15.149:3300/0 says I am v2:172.21.15.149:60578/0 (socket says 172.21.15.149:60578)
2024-03-12T16:41:01.563 INFO:teuthology.orchestra.run.smithi149.stdout:/usr/bin/ceph: stderr
2024-03-12T16:41:00.668+0000 7fa4b5342700 1 -- 172.21.15.149:0/3911586515 learned_addr learned my addr 172.21.15.149:0/3911586515 (peer_addr_for_me v2:172.21.15.149:0/0)
2024-03-12T16:41:01.563 INFO:teuthology.orchestra.run.smithi149.stdout:/usr/bin/ceph: stderr
2024-03-12T16:41:00.669+0000 7fa4b5342700 1 -- 172.21.15.149:0/3911586515 --> [v2:172.21.15.149:3300/0,v1:172.21.15.149:6789/0] -- mon_subscribe({config=0+,monmap=0+}) v3 -- 0x7fa4b0106330 con 0x7fa4b01058a0
2024-03-12T16:41:01.563 INFO:teuthology.orchestra.run.smithi149.stdout:/usr/bin/ceph: stderr
2024-03-12T16:41:00.669+0000 7fa4b5342700 1 --2- 172.21.15.149:0/3911586515 >> [v2:172.21.15.149:3300/0,v1:172.21.15.149:6789/0] conn(0x7fa4b01058a0 0x7fa4b0105cb0 secure :-1 s=READY pgs=84 cs=0 l=1 rev1=1 crypto rx=0x7fa4a8009e80 tx=0x7fa4a800b330 comp rx=0 tx=0).ready entity=mon.0 client_cookie=2cb912e9222d6386 server_cookie=0 in_seq=0 out_seq=0
2024-03-12T16:41:01.563 INFO:teuthology.orchestra.run.smithi149.stdout:/usr/bin/ceph: stderr
2024-03-12T16:41:00.669+0000 7fa4a7fff700 1 -- 172.21.15.149:0/3911586515 <== mon.0 v2:172.21.15.149:3300/0 1 ==== mon_map magic: 0 v1 ==== 229+0+0 (secure 0 0 0) 0x7fa4a800e070 con 0x7fa4b01058a0
2024-03-12T16:41:01.563 INFO:teuthology.orchestra.run.smithi149.stdout:/usr/bin/ceph: stderr
2024-03-12T16:41:00.669+0000 7fa4a7fff700 1 -- 172.21.15.149:0/3911586515 <== mon.0 v2:172.21.15.149:3300/0 2 ==== config(26 keys) v1 ==== 1066+0+0 (secure 0 0 0) 0x7fa4a800b8c0 con 0x7fa4b01058a0
2024-03-12T16:41:01.563 INFO:teuthology.orchestra.run.smithi149.stdout:/usr/bin/ceph: stderr
2024-03-12T16:41:00.669+0000 7fa4a7fff700 1 -- 172.21.15.149:0/3911586515 <== mon.0 v2:172.21.15.149:3300/0 3 ==== mon_map magic: 0 v1 ==== 229+0+0 (secure 0 0 0) 0x7fa4a8004440 con 0x7fa4b01058a0
2024-03-12T16:41:01.563 INFO:teuthology.orchestra.run.smithi149.stdout:/usr/bin/ceph: stderr
2024-03-12T16:41:00.669+0000 7fa4b75a6700 1 -- 172.21.15.149:0/3911586515 >> [v2:172.21.15.149:3300/0,v1:172.21.15.149:6789/0] conn(0x7fa4b01058a0 msgr2=0x7fa4b0105cb0 secure :-1 s=STATE_CONNECTION_ESTABLISHED l=1).mark_down
2024-03-12T16:41:01.563 INFO:teuthology.orchestra.run.smithi149.stdout:/usr/bin/ceph: stderr
2024-03-12T16:41:00.670+0000 7fa4b75a6700 1 --2- 172.21.15.149:0/3911586515 >> [v2:172.21.15.149:3300/0,v1:172.21.15.149:6789/0] conn(0x7fa4b01058a0 0x7fa4b0105cb0 secure :-1 s=READY pgs=84 cs=0 l=1 rev1=1 crypto rx=0x7fa4a8009e80 tx=0x7fa4a800b330 comp rx=0 tx=0).stop
2024-03-12T16:41:01.563 INFO:teuthology.orchestra.run.smithi149.stdout:/usr/bin/ceph: stderr
2024-03-12T16:41:00.670+0000 7fa4b75a6700 1 -- 172.21.15.149:0/3911586515 shutdown_connections
2024-03-12T16:41:01.564 INFO:teuthology.orchestra.run.smithi149.stdout:/usr/bin/ceph: stderr
2024-03-12T16:41:00.670+0000 7fa4b75a6700 1 --2- 172.21.15.149:0/3911586515 >> [v2:172.21.15.149:3300/0,v1:172.21.15.149:6789/0] conn(0x7fa4b01058a0 0x7fa4b0105cb0 unknown :-1 s=CLOSED pgs=84 cs=0 l=1 rev1=1 crypto rx=0 tx=0 comp rx=0 tx=0).stop
2024-03-12T16:41:01.564 INFO:teuthology.orchestra.run.smithi149.stdout:/usr/bin/ceph: stderr
2024-03-12T16:41:00.670+0000 7fa4b75a6700 1 -- 172.21.15.149:0/3911586515 >> 172.21.15.149:0/3911586515 conn(0x7fa4b0100f10 msgr2=0x7fa4b0103320 unknown :-1 s=STATE_NONE l=0).mark_down
2024-03-12T16:41:01.564 INFO:teuthology.orchestra.run.smithi149.stdout:/usr/bin/ceph: stderr
2024-03-12T16:41:00.670+0000 7fa4b75a6700 1 -- 172.21.15.149:0/3911586515 shutdown_connections
2024-03-12T16:41:01.564 INFO:teuthology.orchestra.run.smithi149.stdout:/usr/bin/ceph: stderr
2024-03-12T16:41:00.670+0000 7fa4b75a6700 1 -- 172.21.15.149:0/3911586515 wait complete.
2024-03-12T16:41:01.564 INFO:teuthology.orchestra.run.smithi149.stdout:/usr/bin/ceph: stderr
2024-03-12T16:41:00.670+0000 7fa4b75a6700 1 Processor -- start
2024-03-12T16:41:01.564 INFO:teuthology.orchestra.run.smithi149.stdout:/usr/bin/ceph: stderr
2024-03-12T16:41:00.670+0000 7fa4b75a6700 1 -- start start
2024-03-12T16:41:01.564 INFO:teuthology.orchestra.run.smithi149.stdout:/usr/bin/ceph: stderr
2024-03-12T16:41:00.670+0000 7fa4b75a6700 1 --2- >> [v2:172.21.15.149:3300/0,v1:172.21.15.149:6789/0] conn(0x7fa4b01058a0 0x7fa4b019b760 unknown :-1 s=NONE pgs=0 cs=0 l=1 rev1=0 crypto rx=0 tx=0 comp rx=0 tx=0).connect
2024-03-12T16:41:01.564 INFO:teuthology.orchestra.run.smithi149.stdout:/usr/bin/ceph: stderr
2024-03-12T16:41:00.670+0000 7fa4b75a6700 1 -- --> [v2:172.21.15.149:3300/0,v1:172.21.15.149:6789/0] -- mon_getmap magic: 0 v1 -- 0x7fa4b019bca0 con 0x7fa4b01058a0
2024-03-12T16:41:01.564 INFO:teuthology.orchestra.run.smithi149.stdout:/usr/bin/ceph: stderr
2024-03-12T16:41:00.671+0000 7fa4b5342700 1 --2- >> [v2:172.21.15.149:3300/0,v1:172.21.15.149:6789/0] conn(0x7fa4b01058a0 0x7fa4b019b760 unknown :-1 s=BANNER_CONNECTING pgs=0 cs=0 l=1 rev1=0 crypto rx=0 tx=0 comp rx=0 tx=0)._handle_peer_banner_payload supported=3 required=0
2024-03-12T16:41:01.564 INFO:teuthology.orchestra.run.smithi149.stdout:/usr/bin/ceph: stderr
2024-03-12T16:41:00.671+0000 7fa4b5342700 1 --2- >> [v2:172.21.15.149:3300/0,v1:172.21.15.149:6789/0] conn(0x7fa4b01058a0 0x7fa4b019b760 unknown :-1 s=HELLO_CONNECTING pgs=0 cs=0 l=1 rev1=1 crypto rx=0 tx=0 comp rx=0 tx=0).handle_hello peer v2:172.21.15.149:3300/0 says I am v2:172.21.15.149:60592/0 (socket says 172.21.15.149:60592)
2024-03-12T16:41:01.564 INFO:teuthology.orchestra.run.smithi149.stdout:/usr/bin/ceph: stderr
2024-03-12T16:41:00.671+0000 7fa4b5342700 1 -- 172.21.15.149:0/1489293237 learned_addr learned my addr 172.21.15.149:0/1489293237 (peer_addr_for_me v2:172.21.15.149:0/0)
2024-03-12T16:41:01.564 INFO:teuthology.orchestra.run.smithi149.stdout:/usr/bin/ceph: stderr
2024-03-12T16:41:00.671+0000 7fa4b5342700 1 -- 172.21.15.149:0/1489293237 --> [v2:172.21.15.149:3300/0,v1:172.21.15.149:6789/0] -- mon_subscribe({config=0+,monmap=0+}) v3 -- 0x7fa4a8009b30 con 0x7fa4b01058a0
2024-03-12T16:41:01.564 INFO:teuthology.orchestra.run.smithi149.stdout:/usr/bin/ceph: stderr
2024-03-12T16:41:00.671+0000 7fa4b5342700 1 --2- 172.21.15.149:0/1489293237 >> [v2:172.21.15.149:3300/0,v1:172.21.15.149:6789/0] conn(0x7fa4b01058a0 0x7fa4b019b760 secure :-1 s=READY pgs=85 cs=0 l=1 rev1=1 crypto rx=0x7fa4a8009e50 tx=0x7fa4a8003d90 comp rx=0 tx=0).ready entity=mon.0 client_cookie=0 server_cookie=0 in_seq=0 out_seq=0
2024-03-12T16:41:01.565 INFO:teuthology.orchestra.run.smithi149.stdout:/usr/bin/ceph: stderr
2024-03-12T16:41:00.671+0000 7fa4a67fc700 1 -- 172.21.15.149:0/1489293237 <== mon.0 v2:172.21.15.149:3300/0 1 ==== mon_map magic: 0 v1 ==== 229+0+0 (secure 0 0 0) 0x7fa4a800e040 con 0x7fa4b01058a0
2024-03-12T16:41:01.565 INFO:teuthology.orchestra.run.smithi149.stdout:/usr/bin/ceph: stderr
2024-03-12T16:41:00.671+0000 7fa4a67fc700 1 -- 172.21.15.149:0/1489293237 <== mon.0 v2:172.21.15.149:3300/0 2 ==== config(26 keys) v1 ==== 1066+0+0 (secure 0 0 0) 0x7fa4a800bcc0 con 0x7fa4b01058a0
2024-03-12T16:41:01.565 INFO:teuthology.orchestra.run.smithi149.stdout:/usr/bin/ceph: stderr
2024-03-12T16:41:00.671+0000 7fa4a67fc700 1 -- 172.21.15.149:0/1489293237 <== mon.0 v2:172.21.15.149:3300/0 3 ==== mon_map magic: 0 v1 ==== 229+0+0 (secure 0 0 0) 0x7fa4a8012650 con 0x7fa4b01058a0
2024-03-12T16:41:01.565 INFO:teuthology.orchestra.run.smithi149.stdout:/usr/bin/ceph: stderr
2024-03-12T16:41:00.671+0000 7fa4b75a6700 1 -- 172.21.15.149:0/1489293237 --> [v2:172.21.15.149:3300/0,v1:172.21.15.149:6789/0] -- mon_subscribe({mgrmap=0+}) v3 -- 0x7fa4b019bea0 con 0x7fa4b01058a0
2024-03-12T16:41:01.565 INFO:teuthology.orchestra.run.smithi149.stdout:/usr/bin/ceph: stderr
2024-03-12T16:41:00.671+0000 7fa4b75a6700 1 -- 172.21.15.149:0/1489293237 --> [v2:172.21.15.149:3300/0,v1:172.21.15.149:6789/0] -- mon_subscribe({osdmap=0}) v3 -- 0x7fa4b019c320 con 0x7fa4b01058a0
2024-03-12T16:41:01.565 INFO:teuthology.orchestra.run.smithi149.stdout:/usr/bin/ceph: stderr
2024-03-12T16:41:00.672+0000 7fa4a67fc700 1 -- 172.21.15.149:0/1489293237 <== mon.0 v2:172.21.15.149:3300/0 4 ==== mgrmap(e 13) v1 ==== 45141+0+0 (secure 0 0 0) 0x7fa4a8019040 con 0x7fa4b01058a0
2024-03-12T16:41:01.565 INFO:teuthology.orchestra.run.smithi149.stdout:/usr/bin/ceph: stderr
2024-03-12T16:41:00.672+0000 7fa4b75a6700 1 -- 172.21.15.149:0/1489293237 --> [v2:172.21.15.149:3300/0,v1:172.21.15.149:6789/0] -- mon_command({"prefix": "get_command_descriptions"} v 0) v1 -- 0x7fa4b0062380 con 0x7fa4b01058a0
2024-03-12T16:41:01.565 INFO:teuthology.orchestra.run.smithi149.stdout:/usr/bin/ceph: stderr
2024-03-12T16:41:00.672+0000 7fa4a67fc700 1 --2- 172.21.15.149:0/1489293237 >> [v2:172.21.15.149:6800/3450934908,v1:172.21.15.149:6801/3450934908] conn(0x7fa49c038490 0x7fa49c03a940 unknown :-1 s=NONE pgs=0 cs=0 l=1 rev1=0 crypto rx=0 tx=0 comp rx=0 tx=0).connect
2024-03-12T16:41:01.565 INFO:teuthology.orchestra.run.smithi149.stdout:/usr/bin/ceph: stderr
2024-03-12T16:41:00.672+0000 7fa4a67fc700 1 -- 172.21.15.149:0/1489293237 <== mon.0 v2:172.21.15.149:3300/0 5 ==== osd_map(3..3 src has 1..3) v4 ==== 1155+0+0 (secure 0 0 0) 0x7fa4a804c020 con 0x7fa4b01058a0
2024-03-12T16:41:01.565 INFO:teuthology.orchestra.run.smithi149.stdout:/usr/bin/ceph: stderr
2024-03-12T16:41:00.672+0000 7fa4b4b41700 1 --2- 172.21.15.149:0/1489293237 >> [v2:172.21.15.149:6800/3450934908,v1:172.21.15.149:6801/3450934908] conn(0x7fa49c038490 0x7fa49c03a940 unknown :-1 s=BANNER_CONNECTING pgs=0 cs=0 l=1 rev1=0 crypto rx=0 tx=0 comp rx=0 tx=0)._handle_peer_banner_payload supported=3 required=0
2024-03-12T16:41:01.565 INFO:teuthology.orchestra.run.smithi149.stdout:/usr/bin/ceph: stderr
2024-03-12T16:41:00.673+0000 7fa4b4b41700 1 --2- 172.21.15.149:0/1489293237 >> [v2:172.21.15.149:6800/3450934908,v1:172.21.15.149:6801/3450934908] conn(0x7fa49c038490 0x7fa49c03a940 secure :-1 s=READY pgs=9 cs=0 l=1 rev1=1 crypto rx=0x7fa4a0006fd0 tx=0x7fa4a0006e40 comp rx=0 tx=0).ready entity=mgr.14162 client_cookie=0 server_cookie=0 in_seq=0 out_seq=0
2024-03-12T16:41:01.565 INFO:teuthology.orchestra.run.smithi149.stdout:/usr/bin/ceph: stderr
2024-03-12T16:41:00.677+0000 7fa4a67fc700 1 -- 172.21.15.149:0/1489293237 <== mon.0 v2:172.21.15.149:3300/0 6 ==== mon_command_ack([{"prefix": "get_command_descriptions"}]=0 v0) v1 ==== 72+0+177933 (secure 0 0 0) 0x7fa4a807e720 con 0x7fa4b01058a0
2024-03-12T16:41:01.565 INFO:teuthology.orchestra.run.smithi149.stdout:/usr/bin/ceph: stderr
2024-03-12T16:41:00.865+0000 7fa4b75a6700 1 -- 172.21.15.149:0/1489293237 --> [v2:172.21.15.149:3300/0,v1:172.21.15.149:6789/0] -- mon_command({"prefix": "config get", "who": "mgr", "key": "mgr/dashboard/ssl_server_port"} v 0) v1 -- 0x7fa4b019f120 con 0x7fa4b01058a0
2024-03-12T16:41:01.565 INFO:teuthology.orchestra.run.smithi149.stdout:/usr/bin/ceph: stderr
2024-03-12T16:41:00.866+0000 7fa4a67fc700 1 -- 172.21.15.149:0/1489293237 <== mon.0 v2:172.21.15.149:3300/0 7 ==== mon_command_ack([{"prefix": "config get", "who": "mgr", "key": "mgr/dashboard/ssl_server_port"}]=0 v8) v1 ==== 112+0+5 (secure 0 0 0) 0x7fa4a801f070 con 0x7fa4b01058a0
2024-03-12T16:41:01.566 INFO:teuthology.orchestra.run.smithi149.stdout:/usr/bin/ceph: stderr
2024-03-12T16:41:00.868+0000 7fa4b75a6700 1 -- 172.21.15.149:0/1489293237 >> [v2:172.21.15.149:6800/3450934908,v1:172.21.15.149:6801/3450934908] conn(0x7fa49c038490 msgr2=0x7fa49c03a940 secure :-1 s=STATE_CONNECTION_ESTABLISHED l=1).mark_down
2024-03-12T16:41:01.566 INFO:teuthology.orchestra.run.smithi149.stdout:/usr/bin/ceph: stderr
2024-03-12T16:41:00.868+0000 7fa4b75a6700 1 --2- 172.21.15.149:0/1489293237 >> [v2:172.21.15.149:6800/3450934908,v1:172.21.15.149:6801/3450934908] conn(0x7fa49c038490 0x7fa49c03a940 secure :-1 s=READY pgs=9 cs=0 l=1 rev1=1 crypto rx=0x7fa4a0006fd0 tx=0x7fa4a0006e40 comp rx=0 tx=0).stop
2024-03-12T16:41:01.566 INFO:teuthology.orchestra.run.smithi149.stdout:/usr/bin/ceph: stderr
2024-03-12T16:41:00.868+0000 7fa4b75a6700 1 -- 172.21.15.149:0/1489293237 >> [v2:172.21.15.149:3300/0,v1:172.21.15.149:6789/0] conn(0x7fa4b01058a0 msgr2=0x7fa4b019b760 secure :-1 s=STATE_CONNECTION_ESTABLISHED l=1).mark_down
2024-03-12T16:41:01.566 INFO:teuthology.orchestra.run.smithi149.stdout:/usr/bin/ceph: stderr
2024-03-12T16:41:00.868+0000 7fa4b75a6700 1 --2- 172.21.15.149:0/1489293237 >> [v2:172.21.15.149:3300/0,v1:172.21.15.149:6789/0] conn(0x7fa4b01058a0 0x7fa4b019b760 secure :-1 s=READY pgs=85 cs=0 l=1 rev1=1 crypto rx=0x7fa4a8009e50 tx=0x7fa4a8003d90 comp rx=0 tx=0).stop
2024-03-12T16:41:01.566 INFO:teuthology.orchestra.run.smithi149.stdout:/usr/bin/ceph: stderr
2024-03-12T16:41:00.868+0000 7fa4b75a6700 1 -- 172.21.15.149:0/1489293237 shutdown_connections
2024-03-12T16:41:01.566 INFO:teuthology.orchestra.run.smithi149.stdout:/usr/bin/ceph: stderr
2024-03-12T16:41:00.868+0000 7fa4b75a6700 1 --2- 172.21.15.149:0/1489293237 >> [v2:172.21.15.149:6800/3450934908,v1:172.21.15.149:6801/3450934908] conn(0x7fa49c038490 0x7fa49c03a940 unknown :-1 s=CLOSED pgs=9 cs=0 l=1 rev1=1 crypto rx=0 tx=0 comp rx=0 tx=0).stop
2024-03-12T16:41:01.566 INFO:teuthology.orchestra.run.smithi149.stdout:/usr/bin/ceph: stderr
2024-03-12T16:41:00.868+0000 7fa4b75a6700 1 --2- 172.21.15.149:0/1489293237 >> [v2:172.21.15.149:3300/0,v1:172.21.15.149:6789/0] conn(0x7fa4b01058a0 0x7fa4b019b760 unknown :-1 s=CLOSED pgs=85 cs=0 l=1 rev1=1 crypto rx=0 tx=0 comp rx=0 tx=0).stop
2024-03-12T16:41:01.566 INFO:teuthology.orchestra.run.smithi149.stdout:/usr/bin/ceph: stderr
2024-03-12T16:41:00.868+0000 7fa4b75a6700 1 -- 172.21.15.149:0/1489293237 >> 172.21.15.149:0/1489293237 conn(0x7fa4b0100f10 msgr2=0x7fa4b0101c20 unknown :-1 s=STATE_NONE l=0).mark_down
2024-03-12T16:41:01.566 INFO:teuthology.orchestra.run.smithi149.stdout:/usr/bin/ceph: stderr
2024-03-12T16:41:00.868+0000 7fa4b75a6700 1 -- 172.21.15.149:0/1489293237 shutdown_connections
2024-03-12T16:41:01.566 INFO:teuthology.orchestra.run.smithi149.stdout:/usr/bin/ceph: stderr
2024-03-12T16:41:00.868+0000 7fa4b75a6700 1 -- 172.21.15.149:0/1489293237 wait complete.
2024-03-12T16:41:01.569 INFO:teuthology.orchestra.run.smithi149.stdout:Non-zero exit code 1 from systemctl is-enabled firewalld.service
2024-03-12T16:41:01.569 INFO:teuthology.orchestra.run.smithi149.stdout:systemctl: stdout disabled
2024-03-12T16:41:01.577 INFO:teuthology.orchestra.run.smithi149.stdout:Non-zero exit code 3 from systemctl is-active firewalld.service
2024-03-12T16:41:01.577 INFO:teuthology.orchestra.run.smithi149.stdout:systemctl: stdout inactive
2024-03-12T16:41:01.577 INFO:teuthology.orchestra.run.smithi149.stdout:firewalld.service is not enabled
2024-03-12T16:41:01.577 INFO:teuthology.orchestra.run.smithi149.stdout:Not possible to open ports <[8443]>. firewalld.service is not available
2024-03-12T16:41:01.579 INFO:teuthology.orchestra.run.smithi149.stdout:Ceph Dashboard is now available at:
2024-03-12T16:41:01.580 INFO:teuthology.orchestra.run.smithi149.stdout:
2024-03-12T16:41:01.580 INFO:teuthology.orchestra.run.smithi149.stdout: URL: https://smithi149.front.sepia.ceph.com:8443/
2024-03-12T16:41:01.580 INFO:teuthology.orchestra.run.smithi149.stdout: User: admin
2024-03-12T16:41:01.580 INFO:teuthology.orchestra.run.smithi149.stdout: Password: koyccgli8q
2024-03-12T16:41:01.580 INFO:teuthology.orchestra.run.smithi149.stdout:
2024-03-12T16:41:01.580 INFO:teuthology.orchestra.run.smithi149.stdout:Saving cluster configuration to /var/lib/ceph/0d7281da-e08f-11ee-95c8-87774f69a715/config directory
2024-03-12T16:41:01.580 INFO:teuthology.orchestra.run.smithi149.stdout:Enabling autotune for osd_memory_target
2024-03-12T16:41:01.821 INFO:journalctl@ceph.mon.smithi149.smithi149.stdout:Mar 12 16:41:01 smithi149 ceph-mon[39648]: mgrmap e13: smithi149.hmxvvg(active, since 6s)
2024-03-12T16:41:01.821 INFO:journalctl@ceph.mon.smithi149.smithi149.stdout:Mar 12 16:41:01 smithi149 ceph-mon[39648]: from='client.? 172.21.15.149:0/1489293237' entity='client.admin' cmd=[{"prefix": "config get", "who": "mgr", "key": "mgr/dashboard/ssl_server_port"}]: dispatch
2024-03-12T16:41:02.968 INFO:teuthology.orchestra.run.smithi149.stdout:/usr/bin/ceph: stderr
2024-03-12T16:41:02.163+0000 7f3802513700 1 Processor -- start
2024-03-12T16:41:02.968 INFO:teuthology.orchestra.run.smithi149.stdout:/usr/bin/ceph: stderr
2024-03-12T16:41:02.163+0000 7f3802513700 1 -- start start
2024-03-12T16:41:02.968 INFO:teuthology.orchestra.run.smithi149.stdout:/usr/bin/ceph: stderr
2024-03-12T16:41:02.163+0000 7f3802513700 1 --2- >> [v2:172.21.15.149:3300/0,v1:172.21.15.149:6789/0] conn(0x7f37fc1041f0 0x7f37fc104600 unknown :-1 s=NONE pgs=0 cs=0 l=0 rev1=0 crypto rx=0 tx=0 comp rx=0 tx=0).connect
2024-03-12T16:41:02.968 INFO:teuthology.orchestra.run.smithi149.stdout:/usr/bin/ceph: stderr
2024-03-12T16:41:02.163+0000 7f3802513700 1 -- --> [v2:172.21.15.149:3300/0,v1:172.21.15.149:6789/0] -- mon_getmap magic: 0 v1 -- 0x7f37fc074380 con 0x7f37fc1041f0
2024-03-12T16:41:02.968 INFO:teuthology.orchestra.run.smithi149.stdout:/usr/bin/ceph: stderr
2024-03-12T16:41:02.164+0000 7f37fbfff700 1 --2- >> [v2:172.21.15.149:3300/0,v1:172.21.15.149:6789/0] conn(0x7f37fc1041f0 0x7f37fc104600 unknown :-1 s=BANNER_CONNECTING pgs=0 cs=0 l=0 rev1=0 crypto rx=0 tx=0 comp rx=0 tx=0)._handle_peer_banner_payload supported=3 required=0
2024-03-12T16:41:02.968 INFO:teuthology.orchestra.run.smithi149.stdout:/usr/bin/ceph: stderr
2024-03-12T16:41:02.164+0000 7f37fbfff700 1 --2- >> [v2:172.21.15.149:3300/0,v1:172.21.15.149:6789/0] conn(0x7f37fc1041f0 0x7f37fc104600 unknown :-1 s=HELLO_CONNECTING pgs=0 cs=0 l=0 rev1=1 crypto rx=0 tx=0 comp rx=0 tx=0).handle_hello peer v2:172.21.15.149:3300/0 says I am v2:172.21.15.149:59652/0 (socket says 172.21.15.149:59652)
2024-03-12T16:41:02.968 INFO:teuthology.orchestra.run.smithi149.stdout:/usr/bin/ceph: stderr
