2024-03-12T16:40:38.616+0000 7fd5ae007700 1 -- 172.21.15.149:0/3706951099 --> [v2:172.21.15.149:6800/2368135383,v1:172.21.15.149:6801/2368135383] -- mgr_command(tid 0: {"prefix": "orch apply", "service_type": "prometheus", "target": ["mon-mgr", ""]}) v1 -- 0x7fd5a8102110 con 0x7fd590038400
2024-03-12T16:40:39.280 INFO:teuthology.orchestra.run.smithi149.stdout:/usr/bin/ceph: stderr
2024-03-12T16:40:38.620+0000 7fd5a4ff9700 1 -- 172.21.15.149:0/3706951099 <== mgr.14118 v2:172.21.15.149:6800/2368135383 1 ==== mgr_command_reply(tid 0: 0 ) v1 ==== 8+0+31 (secure 0 0 0) 0x7fd5a8102110 con 0x7fd590038400
2024-03-12T16:40:39.280 INFO:teuthology.orchestra.run.smithi149.stdout:/usr/bin/ceph: stderr
2024-03-12T16:40:38.622+0000 7fd5ae007700 1 -- 172.21.15.149:0/3706951099 >> [v2:172.21.15.149:6800/2368135383,v1:172.21.15.149:6801/2368135383] conn(0x7fd590038400 msgr2=0x7fd59003a8b0 secure :-1 s=STATE_CONNECTION_ESTABLISHED l=1).mark_down
2024-03-12T16:40:39.280 INFO:teuthology.orchestra.run.smithi149.stdout:/usr/bin/ceph: stderr
2024-03-12T16:40:38.622+0000 7fd5ae007700 1 --2- 172.21.15.149:0/3706951099 >> [v2:172.21.15.149:6800/2368135383,v1:172.21.15.149:6801/2368135383] conn(0x7fd590038400 0x7fd59003a8b0 secure :-1 s=READY pgs=16 cs=0 l=1 rev1=1 crypto rx=0x7fd59c006fd0 tx=0x7fd59c006e40 comp rx=0 tx=0).stop
2024-03-12T16:40:39.280 INFO:teuthology.orchestra.run.smithi149.stdout:/usr/bin/ceph: stderr
2024-03-12T16:40:38.622+0000 7fd5ae007700 1 -- 172.21.15.149:0/3706951099 >> [v2:172.21.15.149:3300/0,v1:172.21.15.149:6789/0] conn(0x7fd5a81063c0 msgr2=0x7fd5a81995f0 secure :-1 s=STATE_CONNECTION_ESTABLISHED l=1).mark_down
2024-03-12T16:40:39.280 INFO:teuthology.orchestra.run.smithi149.stdout:/usr/bin/ceph: stderr
2024-03-12T16:40:38.622+0000 7fd5ae007700 1 --2- 172.21.15.149:0/3706951099 >> [v2:172.21.15.149:3300/0,v1:172.21.15.149:6789/0] conn(0x7fd5a81063c0 0x7fd5a81995f0 secure :-1 s=READY pgs=54 cs=0 l=1 rev1=1 crypto rx=0x7fd598006af0 tx=0x7fd598011ab0 comp rx=0 tx=0).stop
2024-03-12T16:40:39.280 INFO:teuthology.orchestra.run.smithi149.stdout:/usr/bin/ceph: stderr
2024-03-12T16:40:38.622+0000 7fd5ae007700 1 -- 172.21.15.149:0/3706951099 shutdown_connections
2024-03-12T16:40:39.280 INFO:teuthology.orchestra.run.smithi149.stdout:/usr/bin/ceph: stderr
2024-03-12T16:40:38.622+0000 7fd5ae007700 1 --2- 172.21.15.149:0/3706951099 >> [v2:172.21.15.149:6800/2368135383,v1:172.21.15.149:6801/2368135383] conn(0x7fd590038400 0x7fd59003a8b0 unknown :-1 s=CLOSED pgs=16 cs=0 l=1 rev1=1 crypto rx=0 tx=0 comp rx=0 tx=0).stop
2024-03-12T16:40:39.280 INFO:teuthology.orchestra.run.smithi149.stdout:/usr/bin/ceph: stderr
2024-03-12T16:40:38.622+0000 7fd5ae007700 1 --2- 172.21.15.149:0/3706951099 >> [v2:172.21.15.149:3300/0,v1:172.21.15.149:6789/0] conn(0x7fd5a81063c0 0x7fd5a81995f0 unknown :-1 s=CLOSED pgs=54 cs=0 l=1 rev1=1 crypto rx=0 tx=0 comp rx=0 tx=0).stop
2024-03-12T16:40:39.280 INFO:teuthology.orchestra.run.smithi149.stdout:/usr/bin/ceph: stderr
2024-03-12T16:40:38.622+0000 7fd5ae007700 1 -- 172.21.15.149:0/3706951099 >> 172.21.15.149:0/3706951099 conn(0x7fd5a80ffe20 msgr2=0x7fd5a81014f0 unknown :-1 s=STATE_NONE l=0).mark_down
2024-03-12T16:40:39.280 INFO:teuthology.orchestra.run.smithi149.stdout:/usr/bin/ceph: stderr
2024-03-12T16:40:38.622+0000 7fd5ae007700 1 -- 172.21.15.149:0/3706951099 shutdown_connections
2024-03-12T16:40:39.280 INFO:teuthology.orchestra.run.smithi149.stdout:/usr/bin/ceph: stderr
2024-03-12T16:40:38.622+0000 7fd5ae007700 1 -- 172.21.15.149:0/3706951099 wait complete.
2024-03-12T16:40:39.280 INFO:teuthology.orchestra.run.smithi149.stdout:Deploying grafana service with default placement...
2024-03-12T16:40:39.911 INFO:journalctl@ceph.mon.smithi149.smithi149.stdout:Mar 12 16:40:39 smithi149 ceph-mon[39648]: from='client.14148 -' entity='client.admin' cmd=[{"prefix": "orch apply", "service_type": "prometheus", "target": ["mon-mgr", ""]}]: dispatch
2024-03-12T16:40:39.911 INFO:journalctl@ceph.mon.smithi149.smithi149.stdout:Mar 12 16:40:39 smithi149 ceph-mon[39648]: Saving service prometheus spec with placement count:1
2024-03-12T16:40:39.911 INFO:journalctl@ceph.mon.smithi149.smithi149.stdout:Mar 12 16:40:39 smithi149 ceph-mon[39648]: from='mgr.14118 172.21.15.149:0/1863385387' entity='mgr.smithi149.hmxvvg'
2024-03-12T16:40:39.912 INFO:journalctl@ceph.mon.smithi149.smithi149.stdout:Mar 12 16:40:39 smithi149 ceph-mon[39648]: pgmap v3: 0 pgs: ; 0 B data, 0 B used, 0 B / 0 B avail
2024-03-12T16:40:40.642 INFO:teuthology.orchestra.run.smithi149.stdout:/usr/bin/ceph: stdout Scheduled grafana update...
2024-03-12T16:40:40.642 INFO:teuthology.orchestra.run.smithi149.stdout:/usr/bin/ceph: stderr
2024-03-12T16:40:39.799+0000 7f09a1f83700 1 Processor -- start
2024-03-12T16:40:40.642 INFO:teuthology.orchestra.run.smithi149.stdout:/usr/bin/ceph: stderr
2024-03-12T16:40:39.799+0000 7f09a1f83700 1 -- start start
2024-03-12T16:40:40.642 INFO:teuthology.orchestra.run.smithi149.stdout:/usr/bin/ceph: stderr
2024-03-12T16:40:39.799+0000 7f09a1f83700 1 --2- >> [v2:172.21.15.149:3300/0,v1:172.21.15.149:6789/0] conn(0x7f099c079cb0 0x7f099c108490 unknown :-1 s=NONE pgs=0 cs=0 l=0 rev1=0 crypto rx=0 tx=0 comp rx=0 tx=0).connect
2024-03-12T16:40:40.642 INFO:teuthology.orchestra.run.smithi149.stdout:/usr/bin/ceph: stderr
2024-03-12T16:40:39.799+0000 7f09a1f83700 1 -- --> [v2:172.21.15.149:3300/0,v1:172.21.15.149:6789/0] -- mon_getmap magic: 0 v1 -- 0x7f099c1089d0 con 0x7f099c079cb0
2024-03-12T16:40:40.642 INFO:teuthology.orchestra.run.smithi149.stdout:/usr/bin/ceph: stderr
2024-03-12T16:40:39.800+0000 7f099b7fe700 1 --2- >> [v2:172.21.15.149:3300/0,v1:172.21.15.149:6789/0] conn(0x7f099c079cb0 0x7f099c108490 unknown :-1 s=BANNER_CONNECTING pgs=0 cs=0 l=0 rev1=0 crypto rx=0 tx=0 comp rx=0 tx=0)._handle_peer_banner_payload supported=3 required=0
2024-03-12T16:40:40.642 INFO:teuthology.orchestra.run.smithi149.stdout:/usr/bin/ceph: stderr
2024-03-12T16:40:39.800+0000 7f099b7fe700 1 --2- >> [v2:172.21.15.149:3300/0,v1:172.21.15.149:6789/0] conn(0x7f099c079cb0 0x7f099c108490 unknown :-1 s=HELLO_CONNECTING pgs=0 cs=0 l=0 rev1=1 crypto rx=0 tx=0 comp rx=0 tx=0).handle_hello peer v2:172.21.15.149:3300/0 says I am v2:172.21.15.149:57016/0 (socket says 172.21.15.149:57016)
2024-03-12T16:40:40.642 INFO:teuthology.orchestra.run.smithi149.stdout:/usr/bin/ceph: stderr
2024-03-12T16:40:39.800+0000 7f099b7fe700 1 -- 172.21.15.149:0/3817460243 learned_addr learned my addr 172.21.15.149:0/3817460243 (peer_addr_for_me v2:172.21.15.149:0/0)
2024-03-12T16:40:40.642 INFO:teuthology.orchestra.run.smithi149.stdout:/usr/bin/ceph: stderr
2024-03-12T16:40:39.800+0000 7f099b7fe700 1 -- 172.21.15.149:0/3817460243 --> [v2:172.21.15.149:3300/0,v1:172.21.15.149:6789/0] -- mon_subscribe({config=0+,monmap=0+}) v3 -- 0x7f099c108b10 con 0x7f099c079cb0
2024-03-12T16:40:40.643 INFO:teuthology.orchestra.run.smithi149.stdout:/usr/bin/ceph: stderr
2024-03-12T16:40:39.800+0000 7f099b7fe700 1 --2- 172.21.15.149:0/3817460243 >> [v2:172.21.15.149:3300/0,v1:172.21.15.149:6789/0] conn(0x7f099c079cb0 0x7f099c108490 secure :-1 s=READY pgs=55 cs=0 l=1 rev1=1 crypto rx=0x7f09900098a0 tx=0x7f0990009bb0 comp rx=0 tx=0).ready entity=mon.0 client_cookie=1c3243285ee581c8 server_cookie=0 in_seq=0 out_seq=0
2024-03-12T16:40:40.643 INFO:teuthology.orchestra.run.smithi149.stdout:/usr/bin/ceph: stderr
2024-03-12T16:40:39.800+0000 7f099a7fc700 1 -- 172.21.15.149:0/3817460243 <== mon.0 v2:172.21.15.149:3300/0 1 ==== mon_map magic: 0 v1 ==== 229+0+0 (secure 0 0 0) 0x7f0990004180 con 0x7f099c079cb0
2024-03-12T16:40:40.643 INFO:teuthology.orchestra.run.smithi149.stdout:/usr/bin/ceph: stderr
2024-03-12T16:40:39.800+0000 7f099a7fc700 1 -- 172.21.15.149:0/3817460243 <== mon.0 v2:172.21.15.149:3300/0 2 ==== config(26 keys) v1 ==== 1066+0+0 (secure 0 0 0) 0x7f09900042e0 con 0x7f099c079cb0
2024-03-12T16:40:40.643 INFO:teuthology.orchestra.run.smithi149.stdout:/usr/bin/ceph: stderr
2024-03-12T16:40:39.800+0000 7f099a7fc700 1 -- 172.21.15.149:0/3817460243 <== mon.0 v2:172.21.15.149:3300/0 3 ==== mon_map magic: 0 v1 ==== 229+0+0 (secure 0 0 0) 0x7f0990011a30 con 0x7f099c079cb0
2024-03-12T16:40:40.643 INFO:teuthology.orchestra.run.smithi149.stdout:/usr/bin/ceph: stderr
2024-03-12T16:40:39.801+0000 7f09a1f83700 1 -- 172.21.15.149:0/3817460243 >> [v2:172.21.15.149:3300/0,v1:172.21.15.149:6789/0] conn(0x7f099c079cb0 msgr2=0x7f099c108490 secure :-1 s=STATE_CONNECTION_ESTABLISHED l=1).mark_down
2024-03-12T16:40:40.643 INFO:teuthology.orchestra.run.smithi149.stdout:/usr/bin/ceph: stderr
2024-03-12T16:40:39.801+0000 7f09a1f83700 1 --2- 172.21.15.149:0/3817460243 >> [v2:172.21.15.149:3300/0,v1:172.21.15.149:6789/0] conn(0x7f099c079cb0 0x7f099c108490 secure :-1 s=READY pgs=55 cs=0 l=1 rev1=1 crypto rx=0x7f09900098a0 tx=0x7f0990009bb0 comp rx=0 tx=0).stop
2024-03-12T16:40:40.643 INFO:teuthology.orchestra.run.smithi149.stdout:/usr/bin/ceph: stderr
2024-03-12T16:40:39.801+0000 7f09a1f83700 1 -- 172.21.15.149:0/3817460243 shutdown_connections
2024-03-12T16:40:40.643 INFO:teuthology.orchestra.run.smithi149.stdout:/usr/bin/ceph: stderr
2024-03-12T16:40:39.801+0000 7f09a1f83700 1 --2- 172.21.15.149:0/3817460243 >> [v2:172.21.15.149:3300/0,v1:172.21.15.149:6789/0] conn(0x7f099c079cb0 0x7f099c108490 unknown :-1 s=CLOSED pgs=55 cs=0 l=1 rev1=1 crypto rx=0 tx=0 comp rx=0 tx=0).stop
2024-03-12T16:40:40.643 INFO:teuthology.orchestra.run.smithi149.stdout:/usr/bin/ceph: stderr
2024-03-12T16:40:39.801+0000 7f09a1f83700 1 -- 172.21.15.149:0/3817460243 >> 172.21.15.149:0/3817460243 conn(0x7f099c0ffe00 msgr2=0x7f099c102230 unknown :-1 s=STATE_NONE l=0).mark_down
2024-03-12T16:40:40.643 INFO:teuthology.orchestra.run.smithi149.stdout:/usr/bin/ceph: stderr
2024-03-12T16:40:39.801+0000 7f09a1f83700 1 -- 172.21.15.149:0/3817460243 shutdown_connections
2024-03-12T16:40:40.643 INFO:teuthology.orchestra.run.smithi149.stdout:/usr/bin/ceph: stderr
2024-03-12T16:40:39.801+0000 7f09a1f83700 1 -- 172.21.15.149:0/3817460243 wait complete.
2024-03-12T16:40:40.643 INFO:teuthology.orchestra.run.smithi149.stdout:/usr/bin/ceph: stderr
2024-03-12T16:40:39.801+0000 7f09a1f83700 1 Processor -- start
2024-03-12T16:40:40.643 INFO:teuthology.orchestra.run.smithi149.stdout:/usr/bin/ceph: stderr
2024-03-12T16:40:39.802+0000 7f09a1f83700 1 -- start start
2024-03-12T16:40:40.643 INFO:teuthology.orchestra.run.smithi149.stdout:/usr/bin/ceph: stderr
2024-03-12T16:40:39.802+0000 7f09a1f83700 1 --2- >> [v2:172.21.15.149:3300/0,v1:172.21.15.149:6789/0] conn(0x7f099c079cb0 0x7f099c105de0 unknown :-1 s=NONE pgs=0 cs=0 l=1 rev1=0 crypto rx=0 tx=0 comp rx=0 tx=0).connect
2024-03-12T16:40:40.644 INFO:teuthology.orchestra.run.smithi149.stdout:/usr/bin/ceph: stderr
2024-03-12T16:40:39.802+0000 7f09a1f83700 1 -- --> [v2:172.21.15.149:3300/0,v1:172.21.15.149:6789/0] -- mon_getmap magic: 0 v1 -- 0x7f099c106320 con 0x7f099c079cb0
2024-03-12T16:40:40.644 INFO:teuthology.orchestra.run.smithi149.stdout:/usr/bin/ceph: stderr
2024-03-12T16:40:39.802+0000 7f099b7fe700 1 --2- >> [v2:172.21.15.149:3300/0,v1:172.21.15.149:6789/0] conn(0x7f099c079cb0 0x7f099c105de0 unknown :-1 s=BANNER_CONNECTING pgs=0 cs=0 l=1 rev1=0 crypto rx=0 tx=0 comp rx=0 tx=0)._handle_peer_banner_payload supported=3 required=0
2024-03-12T16:40:40.644 INFO:teuthology.orchestra.run.smithi149.stdout:/usr/bin/ceph: stderr
2024-03-12T16:40:39.802+0000 7f099b7fe700 1 --2- >> [v2:172.21.15.149:3300/0,v1:172.21.15.149:6789/0] conn(0x7f099c079cb0 0x7f099c105de0 unknown :-1 s=HELLO_CONNECTING pgs=0 cs=0 l=1 rev1=1 crypto rx=0 tx=0 comp rx=0 tx=0).handle_hello peer v2:172.21.15.149:3300/0 says I am v2:172.21.15.149:57028/0 (socket says 172.21.15.149:57028)
2024-03-12T16:40:40.644 INFO:teuthology.orchestra.run.smithi149.stdout:/usr/bin/ceph: stderr
2024-03-12T16:40:39.802+0000 7f099b7fe700 1 -- 172.21.15.149:0/1838940823 learned_addr learned my addr 172.21.15.149:0/1838940823 (peer_addr_for_me v2:172.21.15.149:0/0)
2024-03-12T16:40:40.644 INFO:teuthology.orchestra.run.smithi149.stdout:/usr/bin/ceph: stderr
2024-03-12T16:40:39.802+0000 7f099b7fe700 1 -- 172.21.15.149:0/1838940823 --> [v2:172.21.15.149:3300/0,v1:172.21.15.149:6789/0] -- mon_subscribe({config=0+,monmap=0+}) v3 -- 0x7f0990009550 con 0x7f099c079cb0
2024-03-12T16:40:40.644 INFO:teuthology.orchestra.run.smithi149.stdout:/usr/bin/ceph: stderr
2024-03-12T16:40:39.802+0000 7f099b7fe700 1 --2- 172.21.15.149:0/1838940823 >> [v2:172.21.15.149:3300/0,v1:172.21.15.149:6789/0] conn(0x7f099c079cb0 0x7f099c105de0 secure :-1 s=READY pgs=56 cs=0 l=1 rev1=1 crypto rx=0x7f0990003f60 tx=0x7f0990011ab0 comp rx=0 tx=0).ready entity=mon.0 client_cookie=0 server_cookie=0 in_seq=0 out_seq=0
2024-03-12T16:40:40.644 INFO:teuthology.orchestra.run.smithi149.stdout:/usr/bin/ceph: stderr
2024-03-12T16:40:39.802+0000 7f0998ff9700 1 -- 172.21.15.149:0/1838940823 <== mon.0 v2:172.21.15.149:3300/0 1 ==== mon_map magic: 0 v1 ==== 229+0+0 (secure 0 0 0) 0x7f0990003b90 con 0x7f099c079cb0
2024-03-12T16:40:40.644 INFO:teuthology.orchestra.run.smithi149.stdout:/usr/bin/ceph: stderr
2024-03-12T16:40:39.802+0000 7f0998ff9700 1 -- 172.21.15.149:0/1838940823 <== mon.0 v2:172.21.15.149:3300/0 2 ==== config(26 keys) v1 ==== 1066+0+0 (secure 0 0 0) 0x7f09900248c0 con 0x7f099c079cb0
2024-03-12T16:40:40.644 INFO:teuthology.orchestra.run.smithi149.stdout:/usr/bin/ceph: stderr
2024-03-12T16:40:39.802+0000 7f09a1f83700 1 -- 172.21.15.149:0/1838940823 --> [v2:172.21.15.149:3300/0,v1:172.21.15.149:6789/0] -- mon_subscribe({mgrmap=0+}) v3 -- 0x7f099c104430 con 0x7f099c079cb0
2024-03-12T16:40:40.644 INFO:teuthology.orchestra.run.smithi149.stdout:/usr/bin/ceph: stderr
2024-03-12T16:40:39.802+0000 7f0998ff9700 1 -- 172.21.15.149:0/1838940823 <== mon.0 v2:172.21.15.149:3300/0 3 ==== mon_map magic: 0 v1 ==== 229+0+0 (secure 0 0 0) 0x7f099001a960 con 0x7f099c079cb0
2024-03-12T16:40:40.644 INFO:teuthology.orchestra.run.smithi149.stdout:/usr/bin/ceph: stderr
2024-03-12T16:40:39.802+0000 7f09a1f83700 1 -- 172.21.15.149:0/1838940823 --> [v2:172.21.15.149:3300/0,v1:172.21.15.149:6789/0] -- mon_subscribe({osdmap=0}) v3 -- 0x7f099c104850 con 0x7f099c079cb0
2024-03-12T16:40:40.644 INFO:teuthology.orchestra.run.smithi149.stdout:/usr/bin/ceph: stderr
2024-03-12T16:40:39.803+0000 7f0998ff9700 1 -- 172.21.15.149:0/1838940823 <== mon.0 v2:172.21.15.149:3300/0 4 ==== mgrmap(e 8) v1 ==== 45084+0+0 (secure 0 0 0) 0x7f099001abd0 con 0x7f099c079cb0
2024-03-12T16:40:40.644 INFO:teuthology.orchestra.run.smithi149.stdout:/usr/bin/ceph: stderr
2024-03-12T16:40:39.803+0000 7f09a1f83700 1 -- 172.21.15.149:0/1838940823 --> [v2:172.21.15.149:3300/0,v1:172.21.15.149:6789/0] -- mon_command({"prefix": "get_command_descriptions"} v 0) v1 -- 0x7f099c109960 con 0x7f099c079cb0
2024-03-12T16:40:40.644 INFO:teuthology.orchestra.run.smithi149.stdout:/usr/bin/ceph: stderr
2024-03-12T16:40:39.803+0000 7f0998ff9700 1 --2- 172.21.15.149:0/1838940823 >> [v2:172.21.15.149:6800/2368135383,v1:172.21.15.149:6801/2368135383] conn(0x7f0984038400 0x7f098403a8b0 unknown :-1 s=NONE pgs=0 cs=0 l=1 rev1=0 crypto rx=0 tx=0 comp rx=0 tx=0).connect
2024-03-12T16:40:40.644 INFO:teuthology.orchestra.run.smithi149.stdout:/usr/bin/ceph: stderr
2024-03-12T16:40:39.804+0000 7f0998ff9700 1 -- 172.21.15.149:0/1838940823 <== mon.0 v2:172.21.15.149:3300/0 5 ==== osd_map(2..2 src has 1..2) v4 ==== 940+0+0 (secure 0 0 0) 0x7f099004c690 con 0x7f099c079cb0
2024-03-12T16:40:40.645 INFO:teuthology.orchestra.run.smithi149.stdout:/usr/bin/ceph: stderr
2024-03-12T16:40:39.804+0000 7f099affd700 1 --2- 172.21.15.149:0/1838940823 >> [v2:172.21.15.149:6800/2368135383,v1:172.21.15.149:6801/2368135383] conn(0x7f0984038400 0x7f098403a8b0 unknown :-1 s=BANNER_CONNECTING pgs=0 cs=0 l=1 rev1=0 crypto rx=0 tx=0 comp rx=0 tx=0)._handle_peer_banner_payload supported=3 required=0
2024-03-12T16:40:40.645 INFO:teuthology.orchestra.run.smithi149.stdout:/usr/bin/ceph: stderr
2024-03-12T16:40:39.804+0000 7f099affd700 1 --2- 172.21.15.149:0/1838940823 >> [v2:172.21.15.149:6800/2368135383,v1:172.21.15.149:6801/2368135383] conn(0x7f0984038400 0x7f098403a8b0 secure :-1 s=READY pgs=17 cs=0 l=1 rev1=1 crypto rx=0x7f098c006fd0 tx=0x7f098c006e40 comp rx=0 tx=0).ready entity=mgr.14118 client_cookie=0 server_cookie=0 in_seq=0 out_seq=0
2024-03-12T16:40:40.645 INFO:teuthology.orchestra.run.smithi149.stdout:/usr/bin/ceph: stderr
2024-03-12T16:40:39.808+0000 7f0998ff9700 1 -- 172.21.15.149:0/1838940823 <== mon.0 v2:172.21.15.149:3300/0 6 ==== mon_command_ack([{"prefix": "get_command_descriptions"}]=0 v0) v1 ==== 72+0+177933 (secure 0 0 0) 0x7f099002d3f0 con 0x7f099c079cb0
2024-03-12T16:40:40.645 INFO:teuthology.orchestra.run.smithi149.stdout:/usr/bin/ceph: stderr
2024-03-12T16:40:40.006+0000 7f09a1f83700 1 -- 172.21.15.149:0/1838940823 --> [v2:172.21.15.149:6800/2368135383,v1:172.21.15.149:6801/2368135383] -- mgr_command(tid 0: {"prefix": "orch apply", "service_type": "grafana", "target": ["mon-mgr", ""]}) v1 -- 0x7f099c1020e0 con 0x7f0984038400
2024-03-12T16:40:40.645 INFO:teuthology.orchestra.run.smithi149.stdout:/usr/bin/ceph: stderr
2024-03-12T16:40:40.010+0000 7f0998ff9700 1 -- 172.21.15.149:0/1838940823 <== mgr.14118 v2:172.21.15.149:6800/2368135383 1 ==== mgr_command_reply(tid 0: 0 ) v1 ==== 8+0+28 (secure 0 0 0) 0x7f099c1020e0 con 0x7f0984038400
2024-03-12T16:40:40.645 INFO:teuthology.orchestra.run.smithi149.stdout:/usr/bin/ceph: stderr
2024-03-12T16:40:40.013+0000 7f09a1f83700 1 -- 172.21.15.149:0/1838940823 >> [v2:172.21.15.149:6800/2368135383,v1:172.21.15.149:6801/2368135383] conn(0x7f0984038400 msgr2=0x7f098403a8b0 secure :-1 s=STATE_CONNECTION_ESTABLISHED l=1).mark_down
2024-03-12T16:40:40.645 INFO:teuthology.orchestra.run.smithi149.stdout:/usr/bin/ceph: stderr
2024-03-12T16:40:40.013+0000 7f09a1f83700 1 --2- 172.21.15.149:0/1838940823 >> [v2:172.21.15.149:6800/2368135383,v1:172.21.15.149:6801/2368135383] conn(0x7f0984038400 0x7f098403a8b0 secure :-1 s=READY pgs=17 cs=0 l=1 rev1=1 crypto rx=0x7f098c006fd0 tx=0x7f098c006e40 comp rx=0 tx=0).stop
2024-03-12T16:40:40.645 INFO:teuthology.orchestra.run.smithi149.stdout:/usr/bin/ceph: stderr
2024-03-12T16:40:40.013+0000 7f09a1f83700 1 -- 172.21.15.149:0/1838940823 >> [v2:172.21.15.149:3300/0,v1:172.21.15.149:6789/0] conn(0x7f099c079cb0 msgr2=0x7f099c105de0 secure :-1 s=STATE_CONNECTION_ESTABLISHED l=1).mark_down
2024-03-12T16:40:40.645 INFO:teuthology.orchestra.run.smithi149.stdout:/usr/bin/ceph: stderr
2024-03-12T16:40:40.013+0000 7f09a1f83700 1 --2- 172.21.15.149:0/1838940823 >> [v2:172.21.15.149:3300/0,v1:172.21.15.149:6789/0] conn(0x7f099c079cb0 0x7f099c105de0 secure :-1 s=READY pgs=56 cs=0 l=1 rev1=1 crypto rx=0x7f0990003f60 tx=0x7f0990011ab0 comp rx=0 tx=0).stop
2024-03-12T16:40:40.645 INFO:teuthology.orchestra.run.smithi149.stdout:/usr/bin/ceph: stderr
2024-03-12T16:40:40.013+0000 7f09a1f83700 1 -- 172.21.15.149:0/1838940823 shutdown_connections
2024-03-12T16:40:40.645 INFO:teuthology.orchestra.run.smithi149.stdout:/usr/bin/ceph: stderr
2024-03-12T16:40:40.013+0000 7f09a1f83700 1 --2- 172.21.15.149:0/1838940823 >> [v2:172.21.15.149:6800/2368135383,v1:172.21.15.149:6801/2368135383] conn(0x7f0984038400 0x7f098403a8b0 unknown :-1 s=CLOSED pgs=17 cs=0 l=1 rev1=1 crypto rx=0 tx=0 comp rx=0 tx=0).stop
2024-03-12T16:40:40.645 INFO:teuthology.orchestra.run.smithi149.stdout:/usr/bin/ceph: stderr
2024-03-12T16:40:40.013+0000 7f09a1f83700 1 --2- 172.21.15.149:0/1838940823 >> [v2:172.21.15.149:3300/0,v1:172.21.15.149:6789/0] conn(0x7f099c079cb0 0x7f099c105de0 unknown :-1 s=CLOSED pgs=56 cs=0 l=1 rev1=1 crypto rx=0 tx=0 comp rx=0 tx=0).stop
2024-03-12T16:40:40.645 INFO:teuthology.orchestra.run.smithi149.stdout:/usr/bin/ceph: stderr
2024-03-12T16:40:40.013+0000 7f09a1f83700 1 -- 172.21.15.149:0/1838940823 >> 172.21.15.149:0/1838940823 conn(0x7f099c0ffe00 msgr2=0x7f099c101480 unknown :-1 s=STATE_NONE l=0).mark_down
2024-03-12T16:40:40.645 INFO:teuthology.orchestra.run.smithi149.stdout:/usr/bin/ceph: stderr
2024-03-12T16:40:40.013+0000 7f09a1f83700 1 -- 172.21.15.149:0/1838940823 shutdown_connections
2024-03-12T16:40:40.645 INFO:teuthology.orchestra.run.smithi149.stdout:/usr/bin/ceph: stderr
2024-03-12T16:40:40.013+0000 7f09a1f83700 1 -- 172.21.15.149:0/1838940823 wait complete.
2024-03-12T16:40:40.646 INFO:teuthology.orchestra.run.smithi149.stdout:Deploying node-exporter service with default placement...
2024-03-12T16:40:41.411 INFO:journalctl@ceph.mon.smithi149.smithi149.stdout:Mar 12 16:40:41 smithi149 ceph-mon[39648]: from='client.14150 -' entity='client.admin' cmd=[{"prefix": "orch apply", "service_type": "grafana", "target": ["mon-mgr", ""]}]: dispatch
2024-03-12T16:40:41.411 INFO:journalctl@ceph.mon.smithi149.smithi149.stdout:Mar 12 16:40:41 smithi149 ceph-mon[39648]: Saving service grafana spec with placement count:1
2024-03-12T16:40:41.411 INFO:journalctl@ceph.mon.smithi149.smithi149.stdout:Mar 12 16:40:41 smithi149 ceph-mon[39648]: from='mgr.14118 172.21.15.149:0/1863385387' entity='mgr.smithi149.hmxvvg'
2024-03-12T16:40:41.974 INFO:teuthology.orchestra.run.smithi149.stdout:/usr/bin/ceph: stdout Scheduled node-exporter update...
2024-03-12T16:40:41.974 INFO:teuthology.orchestra.run.smithi149.stdout:/usr/bin/ceph: stderr
2024-03-12T16:40:41.206+0000 7f466d9d8700 1 Processor -- start
2024-03-12T16:40:41.974 INFO:teuthology.orchestra.run.smithi149.stdout:/usr/bin/ceph: stderr
2024-03-12T16:40:41.206+0000 7f466d9d8700 1 -- start start
2024-03-12T16:40:41.974 INFO:teuthology.orchestra.run.smithi149.stdout:/usr/bin/ceph: stderr
2024-03-12T16:40:41.206+0000 7f466d9d8700 1 --2- >> [v2:172.21.15.149:3300/0,v1:172.21.15.149:6789/0] conn(0x7f466807be30 0x7f466807a330 unknown :-1 s=NONE pgs=0 cs=0 l=0 rev1=0 crypto rx=0 tx=0 comp rx=0 tx=0).connect
2024-03-12T16:40:41.974 INFO:teuthology.orchestra.run.smithi149.stdout:/usr/bin/ceph: stderr
2024-03-12T16:40:41.206+0000 7f466d9d8700 1 -- --> [v2:172.21.15.149:3300/0,v1:172.21.15.149:6789/0] -- mon_getmap magic: 0 v1 -- 0x7f466807a870 con 0x7f466807be30
2024-03-12T16:40:41.974 INFO:teuthology.orchestra.run.smithi149.stdout:/usr/bin/ceph: stderr
2024-03-12T16:40:41.206+0000 7f4666ffd700 1 --2- >> [v2:172.21.15.149:3300/0,v1:172.21.15.149:6789/0] conn(0x7f466807be30 0x7f466807a330 unknown :-1 s=BANNER_CONNECTING pgs=0 cs=0 l=0 rev1=0 crypto rx=0 tx=0 comp rx=0 tx=0)._handle_peer_banner_payload supported=3 required=0
2024-03-12T16:40:41.974 INFO:teuthology.orchestra.run.smithi149.stdout:/usr/bin/ceph: stderr
2024-03-12T16:40:41.206+0000 7f4666ffd700 1 --2- >> [v2:172.21.15.149:3300/0,v1:172.21.15.149:6789/0] conn(0x7f466807be30 0x7f466807a330 unknown :-1 s=HELLO_CONNECTING pgs=0 cs=0 l=0 rev1=1 crypto rx=0 tx=0 comp rx=0 tx=0).handle_hello peer v2:172.21.15.149:3300/0 says I am v2:172.21.15.149:57034/0 (socket says 172.21.15.149:57034)
2024-03-12T16:40:41.974 INFO:teuthology.orchestra.run.smithi149.stdout:/usr/bin/ceph: stderr
2024-03-12T16:40:41.206+0000 7f4666ffd700 1 -- 172.21.15.149:0/1310242064 learned_addr learned my addr 172.21.15.149:0/1310242064 (peer_addr_for_me v2:172.21.15.149:0/0)
2024-03-12T16:40:41.974 INFO:teuthology.orchestra.run.smithi149.stdout:/usr/bin/ceph: stderr
2024-03-12T16:40:41.207+0000 7f4666ffd700 1 -- 172.21.15.149:0/1310242064 --> [v2:172.21.15.149:3300/0,v1:172.21.15.149:6789/0] -- mon_subscribe({config=0+,monmap=0+}) v3 -- 0x7f466807a9b0 con 0x7f466807be30
2024-03-12T16:40:41.975 INFO:teuthology.orchestra.run.smithi149.stdout:/usr/bin/ceph: stderr
2024-03-12T16:40:41.207+0000 7f4666ffd700 1 --2- 172.21.15.149:0/1310242064 >> [v2:172.21.15.149:3300/0,v1:172.21.15.149:6789/0] conn(0x7f466807be30 0x7f466807a330 secure :-1 s=READY pgs=57 cs=0 l=1 rev1=1 crypto rx=0x7f465c0098a0 tx=0x7f465c009bb0 comp rx=0 tx=0).ready entity=mon.0 client_cookie=5b4de065be5873bd server_cookie=0 in_seq=0 out_seq=0
2024-03-12T16:40:41.975 INFO:teuthology.orchestra.run.smithi149.stdout:/usr/bin/ceph: stderr
2024-03-12T16:40:41.207+0000 7f4665ffb700 1 -- 172.21.15.149:0/1310242064 <== mon.0 v2:172.21.15.149:3300/0 1 ==== mon_map magic: 0 v1 ==== 229+0+0 (secure 0 0 0) 0x7f465c004180 con 0x7f466807be30
2024-03-12T16:40:41.975 INFO:teuthology.orchestra.run.smithi149.stdout:/usr/bin/ceph: stderr
2024-03-12T16:40:41.207+0000 7f4665ffb700 1 -- 172.21.15.149:0/1310242064 <== mon.0 v2:172.21.15.149:3300/0 2 ==== config(26 keys) v1 ==== 1066+0+0 (secure 0 0 0) 0x7f465c0042e0 con 0x7f466807be30
2024-03-12T16:40:41.975 INFO:teuthology.orchestra.run.smithi149.stdout:/usr/bin/ceph: stderr
2024-03-12T16:40:41.207+0000 7f4665ffb700 1 -- 172.21.15.149:0/1310242064 <== mon.0 v2:172.21.15.149:3300/0 3 ==== mon_map magic: 0 v1 ==== 229+0+0 (secure 0 0 0) 0x7f465c011a30 con 0x7f466807be30
2024-03-12T16:40:41.975 INFO:teuthology.orchestra.run.smithi149.stdout:/usr/bin/ceph: stderr
2024-03-12T16:40:41.207+0000 7f466d9d8700 1 -- 172.21.15.149:0/1310242064 >> [v2:172.21.15.149:3300/0,v1:172.21.15.149:6789/0] conn(0x7f466807be30 msgr2=0x7f466807a330 secure :-1 s=STATE_CONNECTION_ESTABLISHED l=1).mark_down
2024-03-12T16:40:41.975 INFO:teuthology.orchestra.run.smithi149.stdout:/usr/bin/ceph: stderr
2024-03-12T16:40:41.207+0000 7f466d9d8700 1 --2- 172.21.15.149:0/1310242064 >> [v2:172.21.15.149:3300/0,v1:172.21.15.149:6789/0] conn(0x7f466807be30 0x7f466807a330 secure :-1 s=READY pgs=57 cs=0 l=1 rev1=1 crypto rx=0x7f465c0098a0 tx=0x7f465c009bb0 comp rx=0 tx=0).stop
2024-03-12T16:40:41.975 INFO:teuthology.orchestra.run.smithi149.stdout:/usr/bin/ceph: stderr
2024-03-12T16:40:41.207+0000 7f466d9d8700 1 -- 172.21.15.149:0/1310242064 shutdown_connections
2024-03-12T16:40:41.975 INFO:teuthology.orchestra.run.smithi149.stdout:/usr/bin/ceph: stderr
2024-03-12T16:40:41.207+0000 7f466d9d8700 1 --2- 172.21.15.149:0/1310242064 >> [v2:172.21.15.149:3300/0,v1:172.21.15.149:6789/0] conn(0x7f466807be30 0x7f466807a330 unknown :-1 s=CLOSED pgs=57 cs=0 l=1 rev1=1 crypto rx=0 tx=0 comp rx=0 tx=0).stop
2024-03-12T16:40:41.975 INFO:teuthology.orchestra.run.smithi149.stdout:/usr/bin/ceph: stderr
2024-03-12T16:40:41.207+0000 7f466d9d8700 1 -- 172.21.15.149:0/1310242064 >> 172.21.15.149:0/1310242064 conn(0x7f4668100f50 msgr2=0x7f4668103360 unknown :-1 s=STATE_NONE l=0).mark_down
2024-03-12T16:40:41.975 INFO:teuthology.orchestra.run.smithi149.stdout:/usr/bin/ceph: stderr
2024-03-12T16:40:41.207+0000 7f466d9d8700 1 -- 172.21.15.149:0/1310242064 shutdown_connections
2024-03-12T16:40:41.975 INFO:teuthology.orchestra.run.smithi149.stdout:/usr/bin/ceph: stderr
2024-03-12T16:40:41.207+0000 7f466d9d8700 1 -- 172.21.15.149:0/1310242064 wait complete.
2024-03-12T16:40:41.975 INFO:teuthology.orchestra.run.smithi149.stdout:/usr/bin/ceph: stderr
2024-03-12T16:40:41.208+0000 7f466d9d8700 1 Processor -- start
2024-03-12T16:40:41.975 INFO:teuthology.orchestra.run.smithi149.stdout:/usr/bin/ceph: stderr
2024-03-12T16:40:41.208+0000 7f466d9d8700 1 -- start start
2024-03-12T16:40:41.975 INFO:teuthology.orchestra.run.smithi149.stdout:/usr/bin/ceph: stderr
2024-03-12T16:40:41.208+0000 7f466d9d8700 1 --2- >> [v2:172.21.15.149:3300/0,v1:172.21.15.149:6789/0] conn(0x7f466807be30 0x7f466819b880 unknown :-1 s=NONE pgs=0 cs=0 l=1 rev1=0 crypto rx=0 tx=0 comp rx=0 tx=0).connect
2024-03-12T16:40:41.976 INFO:teuthology.orchestra.run.smithi149.stdout:/usr/bin/ceph: stderr
2024-03-12T16:40:41.208+0000 7f466d9d8700 1 -- --> [v2:172.21.15.149:3300/0,v1:172.21.15.149:6789/0] -- mon_getmap magic: 0 v1 -- 0x7f466819bdc0 con 0x7f466807be30
2024-03-12T16:40:41.976 INFO:teuthology.orchestra.run.smithi149.stdout:/usr/bin/ceph: stderr
2024-03-12T16:40:41.208+0000 7f4666ffd700 1 --2- >> [v2:172.21.15.149:3300/0,v1:172.21.15.149:6789/0] conn(0x7f466807be30 0x7f466819b880 unknown :-1 s=BANNER_CONNECTING pgs=0 cs=0 l=1 rev1=0 crypto rx=0 tx=0 comp rx=0 tx=0)._handle_peer_banner_payload supported=3 required=0
2024-03-12T16:40:41.976 INFO:teuthology.orchestra.run.smithi149.stdout:/usr/bin/ceph: stderr
2024-03-12T16:40:41.208+0000 7f4666ffd700 1 --2- >> [v2:172.21.15.149:3300/0,v1:172.21.15.149:6789/0] conn(0x7f466807be30 0x7f466819b880 unknown :-1 s=HELLO_CONNECTING pgs=0 cs=0 l=1 rev1=1 crypto rx=0 tx=0 comp rx=0 tx=0).handle_hello peer v2:172.21.15.149:3300/0 says I am v2:172.21.15.149:57048/0 (socket says 172.21.15.149:57048)
2024-03-12T16:40:41.976 INFO:teuthology.orchestra.run.smithi149.stdout:/usr/bin/ceph: stderr
2024-03-12T16:40:41.208+0000 7f4666ffd700 1 -- 172.21.15.149:0/3030088062 learned_addr learned my addr 172.21.15.149:0/3030088062 (peer_addr_for_me v2:172.21.15.149:0/0)
2024-03-12T16:40:41.976 INFO:teuthology.orchestra.run.smithi149.stdout:/usr/bin/ceph: stderr
2024-03-12T16:40:41.209+0000 7f4666ffd700 1 -- 172.21.15.149:0/3030088062 --> [v2:172.21.15.149:3300/0,v1:172.21.15.149:6789/0] -- mon_subscribe({config=0+,monmap=0+}) v3 -- 0x7f465c009550 con 0x7f466807be30
2024-03-12T16:40:41.976 INFO:teuthology.orchestra.run.smithi149.stdout:/usr/bin/ceph: stderr
2024-03-12T16:40:41.209+0000 7f4666ffd700 1 --2- 172.21.15.149:0/3030088062 >> [v2:172.21.15.149:3300/0,v1:172.21.15.149:6789/0] conn(0x7f466807be30 0x7f466819b880 secure :-1 s=READY pgs=58 cs=0 l=1 rev1=1 crypto rx=0x7f465c006af0 tx=0x7f465c011b20 comp rx=0 tx=0).ready entity=mon.0 client_cookie=0 server_cookie=0 in_seq=0 out_seq=0
2024-03-12T16:40:41.976 INFO:teuthology.orchestra.run.smithi149.stdout:/usr/bin/ceph: stderr
2024-03-12T16:40:41.209+0000 7f466c9d6700 1 -- 172.21.15.149:0/3030088062 <== mon.0 v2:172.21.15.149:3300/0 1 ==== mon_map magic: 0 v1 ==== 229+0+0 (secure 0 0 0) 0x7f465c003a80 con 0x7f466807be30
2024-03-12T16:40:41.976 INFO:teuthology.orchestra.run.smithi149.stdout:/usr/bin/ceph: stderr
2024-03-12T16:40:41.209+0000 7f466c9d6700 1 -- 172.21.15.149:0/3030088062 <== mon.0 v2:172.21.15.149:3300/0 2 ==== config(26 keys) v1 ==== 1066+0+0 (secure 0 0 0) 0x7f465c003be0 con 0x7f466807be30
2024-03-12T16:40:41.976 INFO:teuthology.orchestra.run.smithi149.stdout:/usr/bin/ceph: stderr
2024-03-12T16:40:41.209+0000 7f466d9d8700 1 -- 172.21.15.149:0/3030088062 --> [v2:172.21.15.149:3300/0,v1:172.21.15.149:6789/0] -- mon_subscribe({mgrmap=0+}) v3 -- 0x7f466819bfc0 con 0x7f466807be30
2024-03-12T16:40:41.976 INFO:teuthology.orchestra.run.smithi149.stdout:/usr/bin/ceph: stderr
2024-03-12T16:40:41.209+0000 7f466c9d6700 1 -- 172.21.15.149:0/3030088062 <== mon.0 v2:172.21.15.149:3300/0 3 ==== mon_map magic: 0 v1 ==== 229+0+0 (secure 0 0 0) 0x7f465c019770 con 0x7f466807be30
2024-03-12T16:40:41.976 INFO:teuthology.orchestra.run.smithi149.stdout:/usr/bin/ceph: stderr
2024-03-12T16:40:41.209+0000 7f466d9d8700 1 -- 172.21.15.149:0/3030088062 --> [v2:172.21.15.149:3300/0,v1:172.21.15.149:6789/0] -- mon_subscribe({osdmap=0}) v3 -- 0x7f466819c3e0 con 0x7f466807be30
2024-03-12T16:40:41.976 INFO:teuthology.orchestra.run.smithi149.stdout:/usr/bin/ceph: stderr
2024-03-12T16:40:41.210+0000 7f466c9d6700 1 -- 172.21.15.149:0/3030088062 <== mon.0 v2:172.21.15.149:3300/0 4 ==== mgrmap(e 8) v1 ==== 45084+0+0 (secure 0 0 0) 0x7f465c0199e0 con 0x7f466807be30
2024-03-12T16:40:41.976 INFO:teuthology.orchestra.run.smithi149.stdout:/usr/bin/ceph: stderr
2024-03-12T16:40:41.210+0000 7f466d9d8700 1 -- 172.21.15.149:0/3030088062 --> [v2:172.21.15.149:3300/0,v1:172.21.15.149:6789/0] -- mon_command({"prefix": "get_command_descriptions"} v 0) v1 -- 0x7f4668062380 con 0x7f466807be30
2024-03-12T16:40:41.976 INFO:teuthology.orchestra.run.smithi149.stdout:/usr/bin/ceph: stderr
2024-03-12T16:40:41.210+0000 7f466c9d6700 1 --2- 172.21.15.149:0/3030088062 >> [v2:172.21.15.149:6800/2368135383,v1:172.21.15.149:6801/2368135383] conn(0x7f4650038400 0x7f465003a8b0 unknown :-1 s=NONE pgs=0 cs=0 l=1 rev1=0 crypto rx=0 tx=0 comp rx=0 tx=0).connect
2024-03-12T16:40:41.977 INFO:teuthology.orchestra.run.smithi149.stdout:/usr/bin/ceph: stderr
2024-03-12T16:40:41.210+0000 7f466c9d6700 1 -- 172.21.15.149:0/3030088062 <== mon.0 v2:172.21.15.149:3300/0 5 ==== osd_map(2..2 src has 1..2) v4 ==== 940+0+0 (secure 0 0 0) 0x7f465c04c800 con 0x7f466807be30
2024-03-12T16:40:41.977 INFO:teuthology.orchestra.run.smithi149.stdout:/usr/bin/ceph: stderr
2024-03-12T16:40:41.210+0000 7f46667fc700 1 --2- 172.21.15.149:0/3030088062 >> [v2:172.21.15.149:6800/2368135383,v1:172.21.15.149:6801/2368135383] conn(0x7f4650038400 0x7f465003a8b0 unknown :-1 s=BANNER_CONNECTING pgs=0 cs=0 l=1 rev1=0 crypto rx=0 tx=0 comp rx=0 tx=0)._handle_peer_banner_payload supported=3 required=0
2024-03-12T16:40:41.977 INFO:teuthology.orchestra.run.smithi149.stdout:/usr/bin/ceph: stderr
2024-03-12T16:40:41.210+0000 7f46667fc700 1 --2- 172.21.15.149:0/3030088062 >> [v2:172.21.15.149:6800/2368135383,v1:172.21.15.149:6801/2368135383] conn(0x7f4650038400 0x7f465003a8b0 secure :-1 s=READY pgs=18 cs=0 l=1 rev1=1 crypto rx=0x7f4658006fd0 tx=0x7f4658006e40 comp rx=0 tx=0).ready entity=mgr.14118 client_cookie=0 server_cookie=0 in_seq=0 out_seq=0
2024-03-12T16:40:41.977 INFO:teuthology.orchestra.run.smithi149.stdout:/usr/bin/ceph: stderr
2024-03-12T16:40:41.215+0000 7f466c9d6700 1 -- 172.21.15.149:0/3030088062 <== mon.0 v2:172.21.15.149:3300/0 6 ==== mon_command_ack([{"prefix": "get_command_descriptions"}]=0 v0) v1 ==== 72+0+177933 (secure 0 0 0) 0x7f465c02b750 con 0x7f466807be30
2024-03-12T16:40:41.977 INFO:teuthology.orchestra.run.smithi149.stdout:/usr/bin/ceph: stderr
2024-03-12T16:40:41.416+0000 7f466d9d8700 1 -- 172.21.15.149:0/3030088062 --> [v2:172.21.15.149:6800/2368135383,v1:172.21.15.149:6801/2368135383] -- mgr_command(tid 0: {"prefix": "orch apply", "service_type": "node-exporter", "target": ["mon-mgr", ""]}) v1 -- 0x7f4668103260 con 0x7f4650038400
2024-03-12T16:40:41.977 INFO:teuthology.orchestra.run.smithi149.stdout:/usr/bin/ceph: stderr
2024-03-12T16:40:41.424+0000 7f466c9d6700 1 -- 172.21.15.149:0/3030088062 <== mgr.14118 v2:172.21.15.149:6800/2368135383 1 ==== mgr_command_reply(tid 0: 0 ) v1 ==== 8+0+34 (secure 0 0 0) 0x7f4668103260 con 0x7f4650038400
2024-03-12T16:40:41.977 INFO:teuthology.orchestra.run.smithi149.stdout:/usr/bin/ceph: stderr
2024-03-12T16:40:41.426+0000 7f466d9d8700 1 -- 172.21.15.149:0/3030088062 >> [v2:172.21.15.149:6800/2368135383,v1:172.21.15.149:6801/2368135383] conn(0x7f4650038400 msgr2=0x7f465003a8b0 secure :-1 s=STATE_CONNECTION_ESTABLISHED l=1).mark_down
2024-03-12T16:40:41.977 INFO:teuthology.orchestra.run.smithi149.stdout:/usr/bin/ceph: stderr
2024-03-12T16:40:41.426+0000 7f466d9d8700 1 --2- 172.21.15.149:0/3030088062 >> [v2:172.21.15.149:6800/2368135383,v1:172.21.15.149:6801/2368135383] conn(0x7f4650038400 0x7f465003a8b0 secure :-1 s=READY pgs=18 cs=0 l=1 rev1=1 crypto rx=0x7f4658006fd0 tx=0x7f4658006e40 comp rx=0 tx=0).stop
2024-03-12T16:40:41.977 INFO:teuthology.orchestra.run.smithi149.stdout:/usr/bin/ceph: stderr
2024-03-12T16:40:41.426+0000 7f466d9d8700 1 -- 172.21.15.149:0/3030088062 >> [v2:172.21.15.149:3300/0,v1:172.21.15.149:6789/0] conn(0x7f466807be30 msgr2=0x7f466819b880 secure :-1 s=STATE_CONNECTION_ESTABLISHED l=1).mark_down
2024-03-12T16:40:41.977 INFO:teuthology.orchestra.run.smithi149.stdout:/usr/bin/ceph: stderr
2024-03-12T16:40:41.426+0000 7f466d9d8700 1 --2- 172.21.15.149:0/3030088062 >> [v2:172.21.15.149:3300/0,v1:172.21.15.149:6789/0] conn(0x7f466807be30 0x7f466819b880 secure :-1 s=READY pgs=58 cs=0 l=1 rev1=1 crypto rx=0x7f465c006af0 tx=0x7f465c011b20 comp rx=0 tx=0).stop
2024-03-12T16:40:41.977 INFO:teuthology.orchestra.run.smithi149.stdout:/usr/bin/ceph: stderr
2024-03-12T16:40:41.426+0000 7f466d9d8700 1 -- 172.21.15.149:0/3030088062 shutdown_connections
2024-03-12T16:40:41.977 INFO:teuthology.orchestra.run.smithi149.stdout:/usr/bin/ceph: stderr
2024-03-12T16:40:41.426+0000 7f466d9d8700 1 --2- 172.21.15.149:0/3030088062 >> [v2:172.21.15.149:6800/2368135383,v1:172.21.15.149:6801/2368135383] conn(0x7f4650038400 0x7f465003a8b0 unknown :-1 s=CLOSED pgs=18 cs=0 l=1 rev1=1 crypto rx=0 tx=0 comp rx=0 tx=0).stop
2024-03-12T16:40:41.977 INFO:teuthology.orchestra.run.smithi149.stdout:/usr/bin/ceph: stderr
2024-03-12T16:40:41.426+0000 7f466d9d8700 1 --2- 172.21.15.149:0/3030088062 >> [v2:172.21.15.149:3300/0,v1:172.21.15.149:6789/0] conn(0x7f466807be30 0x7f466819b880 unknown :-1 s=CLOSED pgs=58 cs=0 l=1 rev1=1 crypto rx=0 tx=0 comp rx=0 tx=0).stop
2024-03-12T16:40:41.977 INFO:teuthology.orchestra.run.smithi149.stdout:/usr/bin/ceph: stderr
2024-03-12T16:40:41.426+0000 7f466d9d8700 1 -- 172.21.15.149:0/3030088062 >> 172.21.15.149:0/3030088062 conn(0x7f4668100f50 msgr2=0x7f4668102640 unknown :-1 s=STATE_NONE l=0).mark_down
2024-03-12T16:40:41.978 INFO:teuthology.orchestra.run.smithi149.stdout:/usr/bin/ceph: stderr
2024-03-12T16:40:41.426+0000 7f466d9d8700 1 -- 172.21.15.149:0/3030088062 shutdown_connections
2024-03-12T16:40:41.978 INFO:teuthology.orchestra.run.smithi149.stdout:/usr/bin/ceph: stderr
2024-03-12T16:40:41.426+0000 7f466d9d8700 1 -- 172.21.15.149:0/3030088062 wait complete.
2024-03-12T16:40:41.978 INFO:teuthology.orchestra.run.smithi149.stdout:Deploying alertmanager service with default placement...
2024-03-12T16:40:42.250 INFO:journalctl@ceph.mon.smithi149.smithi149.stdout:Mar 12 16:40:42 smithi149 ceph-mon[39648]: pgmap v4: 0 pgs: ; 0 B data, 0 B used, 0 B / 0 B avail
2024-03-12T16:40:42.250 INFO:journalctl@ceph.mon.smithi149.smithi149.stdout:Mar 12 16:40:42 smithi149 ceph-mon[39648]: from='mgr.14118 172.21.15.149:0/1863385387' entity='mgr.smithi149.hmxvvg'
2024-03-12T16:40:43.404 INFO:teuthology.orchestra.run.smithi149.stdout:/usr/bin/ceph: stdout Scheduled alertmanager update...
2024-03-12T16:40:43.404 INFO:teuthology.orchestra.run.smithi149.stdout:/usr/bin/ceph: stderr
2024-03-12T16:40:42.524+0000 7faea4f76700 1 Processor -- start
2024-03-12T16:40:43.404 INFO:teuthology.orchestra.run.smithi149.stdout:/usr/bin/ceph: stderr
2024-03-12T16:40:42.525+0000 7faea4f76700 1 -- start start
2024-03-12T16:40:43.405 INFO:teuthology.orchestra.run.smithi149.stdout:/usr/bin/ceph: stderr
2024-03-12T16:40:42.525+0000 7faea4f76700 1 --2- >> [v2:172.21.15.149:3300/0,v1:172.21.15.149:6789/0] conn(0x7faea0106420 0x7faea0108800 unknown :-1 s=NONE pgs=0 cs=0 l=0 rev1=0 crypto rx=0 tx=0 comp rx=0 tx=0).connect
2024-03-12T16:40:43.405 INFO:teuthology.orchestra.run.smithi149.stdout:/usr/bin/ceph: stderr
2024-03-12T16:40:42.525+0000 7faea4f76700 1 -- --> [v2:172.21.15.149:3300/0,v1:172.21.15.149:6789/0] -- mon_getmap magic: 0 v1 -- 0x7faea0074360 con 0x7faea0106420
2024-03-12T16:40:43.405 INFO:teuthology.orchestra.run.smithi149.stdout:/usr/bin/ceph: stderr
2024-03-12T16:40:42.525+0000 7fae9e59c700 1 --2- >> [v2:172.21.15.149:3300/0,v1:172.21.15.149:6789/0] conn(0x7faea0106420 0x7faea0108800 unknown :-1 s=BANNER_CONNECTING pgs=0 cs=0 l=0 rev1=0 crypto rx=0 tx=0 comp rx=0 tx=0)._handle_peer_banner_payload supported=3 required=0
2024-03-12T16:40:43.405 INFO:teuthology.orchestra.run.smithi149.stdout:/usr/bin/ceph: stderr
2024-03-12T16:40:42.525+0000 7fae9e59c700 1 --2- >> [v2:172.21.15.149:3300/0,v1:172.21.15.149:6789/0] conn(0x7faea0106420 0x7faea0108800 unknown :-1 s=HELLO_CONNECTING pgs=0 cs=0 l=0 rev1=1 crypto rx=0 tx=0 comp rx=0 tx=0).handle_hello peer v2:172.21.15.149:3300/0 says I am v2:172.21.15.149:51702/0 (socket says 172.21.15.149:51702)
2024-03-12T16:40:43.405 INFO:teuthology.orchestra.run.smithi149.stdout:/usr/bin/ceph: stderr
2024-03-12T16:40:42.525+0000 7fae9e59c700 1 -- 172.21.15.149:0/3047201438 learned_addr learned my addr 172.21.15.149:0/3047201438 (peer_addr_for_me v2:172.21.15.149:0/0)
2024-03-12T16:40:43.405 INFO:teuthology.orchestra.run.smithi149.stdout:/usr/bin/ceph: stderr
2024-03-12T16:40:42.525+0000 7fae9e59c700 1 -- 172.21.15.149:0/3047201438 --> [v2:172.21.15.149:3300/0,v1:172.21.15.149:6789/0] -- mon_subscribe({config=0+,monmap=0+}) v3 -- 0x7faea00744a0 con 0x7faea0106420
2024-03-12T16:40:43.405 INFO:teuthology.orchestra.run.smithi149.stdout:/usr/bin/ceph: stderr
2024-03-12T16:40:42.525+0000 7fae9e59c700 1 --2- 172.21.15.149:0/3047201438 >> [v2:172.21.15.149:3300/0,v1:172.21.15.149:6789/0] conn(0x7faea0106420 0x7faea0108800 secure :-1 s=READY pgs=59 cs=0 l=1 rev1=1 crypto rx=0x7fae880098a0 tx=0x7fae88009bb0 comp rx=0 tx=0).ready entity=mon.0 client_cookie=70a1baf9d16fb60b server_cookie=0 in_seq=0 out_seq=0
2024-03-12T16:40:43.405 INFO:teuthology.orchestra.run.smithi149.stdout:/usr/bin/ceph: stderr
2024-03-12T16:40:42.526+0000 7fae9d59a700 1 -- 172.21.15.149:0/3047201438 <== mon.0 v2:172.21.15.149:3300/0 1 ==== mon_map magic: 0 v1 ==== 229+0+0 (secure 0 0 0) 0x7fae88004180 con 0x7faea0106420
2024-03-12T16:40:43.405 INFO:teuthology.orchestra.run.smithi149.stdout:/usr/bin/ceph: stderr
2024-03-12T16:40:42.526+0000 7fae9d59a700 1 -- 172.21.15.149:0/3047201438 <== mon.0 v2:172.21.15.149:3300/0 2 ==== config(26 keys) v1 ==== 1066+0+0 (secure 0 0 0) 0x7fae880042e0 con 0x7faea0106420
2024-03-12T16:40:43.405 INFO:teuthology.orchestra.run.smithi149.stdout:/usr/bin/ceph: stderr
2024-03-12T16:40:42.526+0000 7fae9d59a700 1 -- 172.21.15.149:0/3047201438 <== mon.0 v2:172.21.15.149:3300/0 3 ==== mon_map magic: 0 v1 ==== 229+0+0 (secure 0 0 0) 0x7fae88011a30 con 0x7faea0106420
2024-03-12T16:40:43.405 INFO:teuthology.orchestra.run.smithi149.stdout:/usr/bin/ceph: stderr
2024-03-12T16:40:42.526+0000 7faea4f76700 1 -- 172.21.15.149:0/3047201438 >> [v2:172.21.15.149:3300/0,v1:172.21.15.149:6789/0] conn(0x7faea0106420 msgr2=0x7faea0108800 secure :-1 s=STATE_CONNECTION_ESTABLISHED l=1).mark_down
2024-03-12T16:40:43.405 INFO:teuthology.orchestra.run.smithi149.stdout:/usr/bin/ceph: stderr
2024-03-12T16:40:42.526+0000 7faea4f76700 1 --2- 172.21.15.149:0/3047201438 >> [v2:172.21.15.149:3300/0,v1:172.21.15.149:6789/0] conn(0x7faea0106420 0x7faea0108800 secure :-1 s=READY pgs=59 cs=0 l=1 rev1=1 crypto rx=0x7fae880098a0 tx=0x7fae88009bb0 comp rx=0 tx=0).stop
2024-03-12T16:40:43.405 INFO:teuthology.orchestra.run.smithi149.stdout:/usr/bin/ceph: stderr
2024-03-12T16:40:42.526+0000 7faea4f76700 1 -- 172.21.15.149:0/3047201438 shutdown_connections
2024-03-12T16:40:43.405 INFO:teuthology.orchestra.run.smithi149.stdout:/usr/bin/ceph: stderr
2024-03-12T16:40:42.526+0000 7faea4f76700 1 --2- 172.21.15.149:0/3047201438 >> [v2:172.21.15.149:3300/0,v1:172.21.15.149:6789/0] conn(0x7faea0106420 0x7faea0108800 unknown :-1 s=CLOSED pgs=59 cs=0 l=1 rev1=1 crypto rx=0 tx=0 comp rx=0 tx=0).stop
2024-03-12T16:40:43.406 INFO:teuthology.orchestra.run.smithi149.stdout:/usr/bin/ceph: stderr
2024-03-12T16:40:42.526+0000 7faea4f76700 1 -- 172.21.15.149:0/3047201438 >> 172.21.15.149:0/3047201438 conn(0x7faea00ffe20 msgr2=0x7faea0102230 unknown :-1 s=STATE_NONE l=0).mark_down
2024-03-12T16:40:43.406 INFO:teuthology.orchestra.run.smithi149.stdout:/usr/bin/ceph: stderr
2024-03-12T16:40:42.526+0000 7faea4f76700 1 -- 172.21.15.149:0/3047201438 shutdown_connections
2024-03-12T16:40:43.406 INFO:teuthology.orchestra.run.smithi149.stdout:/usr/bin/ceph: stderr
2024-03-12T16:40:42.526+0000 7faea4f76700 1 -- 172.21.15.149:0/3047201438 wait complete.
2024-03-12T16:40:43.406 INFO:teuthology.orchestra.run.smithi149.stdout:/usr/bin/ceph: stderr
2024-03-12T16:40:42.527+0000 7faea4f76700 1 Processor -- start
2024-03-12T16:40:43.406 INFO:teuthology.orchestra.run.smithi149.stdout:/usr/bin/ceph: stderr
2024-03-12T16:40:42.527+0000 7faea4f76700 1 -- start start
2024-03-12T16:40:43.406 INFO:teuthology.orchestra.run.smithi149.stdout:/usr/bin/ceph: stderr
2024-03-12T16:40:42.527+0000 7faea4f76700 1 --2- >> [v2:172.21.15.149:3300/0,v1:172.21.15.149:6789/0] conn(0x7faea0106420 0x7faea01995c0 unknown :-1 s=NONE pgs=0 cs=0 l=1 rev1=0 crypto rx=0 tx=0 comp rx=0 tx=0).connect
2024-03-12T16:40:43.406 INFO:teuthology.orchestra.run.smithi149.stdout:/usr/bin/ceph: stderr
2024-03-12T16:40:42.527+0000 7faea4f76700 1 -- --> [v2:172.21.15.149:3300/0,v1:172.21.15.149:6789/0] -- mon_getmap magic: 0 v1 -- 0x7faea0199b00 con 0x7faea0106420
2024-03-12T16:40:43.406 INFO:teuthology.orchestra.run.smithi149.stdout:/usr/bin/ceph: stderr
2024-03-12T16:40:42.527+0000 7fae9e59c700 1 --2- >> [v2:172.21.15.149:3300/0,v1:172.21.15.149:6789/0] conn(0x7faea0106420 0x7faea01995c0 unknown :-1 s=BANNER_CONNECTING pgs=0 cs=0 l=1 rev1=0 crypto rx=0 tx=0 comp rx=0 tx=0)._handle_peer_banner_payload supported=3 required=0
2024-03-12T16:40:43.406 INFO:teuthology.orchestra.run.smithi149.stdout:/usr/bin/ceph: stderr
2024-03-12T16:40:42.527+0000 7fae9e59c700 1 --2- >> [v2:172.21.15.149:3300/0,v1:172.21.15.149:6789/0] conn(0x7faea0106420 0x7faea01995c0 unknown :-1 s=HELLO_CONNECTING pgs=0 cs=0 l=1 rev1=1 crypto rx=0 tx=0 comp rx=0 tx=0).handle_hello peer v2:172.21.15.149:3300/0 says I am v2:172.21.15.149:51708/0 (socket says 172.21.15.149:51708)
2024-03-12T16:40:43.406 INFO:teuthology.orchestra.run.smithi149.stdout:/usr/bin/ceph: stderr
2024-03-12T16:40:42.527+0000 7fae9e59c700 1 -- 172.21.15.149:0/1711770698 learned_addr learned my addr 172.21.15.149:0/1711770698 (peer_addr_for_me v2:172.21.15.149:0/0)
2024-03-12T16:40:43.406 INFO:teuthology.orchestra.run.smithi149.stdout:/usr/bin/ceph: stderr
2024-03-12T16:40:42.528+0000 7fae9e59c700 1 -- 172.21.15.149:0/1711770698 --> [v2:172.21.15.149:3300/0,v1:172.21.15.149:6789/0] -- mon_subscribe({config=0+,monmap=0+}) v3 -- 0x7fae88009550 con 0x7faea0106420
2024-03-12T16:40:43.406 INFO:teuthology.orchestra.run.smithi149.stdout:/usr/bin/ceph: stderr
2024-03-12T16:40:42.528+0000 7fae9e59c700 1 --2- 172.21.15.149:0/1711770698 >> [v2:172.21.15.149:3300/0,v1:172.21.15.149:6789/0] conn(0x7faea0106420 0x7faea01995c0 secure :-1 s=READY pgs=60 cs=0 l=1 rev1=1 crypto rx=0x7fae88000c00 tx=0x7fae88011ab0 comp rx=0 tx=0).ready entity=mon.0 client_cookie=0 server_cookie=0 in_seq=0 out_seq=0
2024-03-12T16:40:43.406 INFO:teuthology.orchestra.run.smithi149.stdout:/usr/bin/ceph: stderr
2024-03-12T16:40:42.528+0000 7fae977fe700 1 -- 172.21.15.149:0/1711770698 <== mon.0 v2:172.21.15.149:3300/0 1 ==== mon_map magic: 0 v1 ==== 229+0+0 (secure 0 0 0) 0x7fae88003bc0 con 0x7faea0106420
2024-03-12T16:40:43.407 INFO:teuthology.orchestra.run.smithi149.stdout:/usr/bin/ceph: stderr
2024-03-12T16:40:42.528+0000 7fae977fe700 1 -- 172.21.15.149:0/1711770698 <== mon.0 v2:172.21.15.149:3300/0 2 ==== config(26 keys) v1 ==== 1066+0+0 (secure 0 0 0) 0x7fae880248d0 con 0x7faea0106420
2024-03-12T16:40:43.407 INFO:teuthology.orchestra.run.smithi149.stdout:/usr/bin/ceph: stderr
2024-03-12T16:40:42.528+0000 7faea4f76700 1 -- 172.21.15.149:0/1711770698 --> [v2:172.21.15.149:3300/0,v1:172.21.15.149:6789/0] -- mon_subscribe({mgrmap=0+}) v3 -- 0x7faea0199d00 con 0x7faea0106420
2024-03-12T16:40:43.407 INFO:teuthology.orchestra.run.smithi149.stdout:/usr/bin/ceph: stderr
2024-03-12T16:40:42.528+0000 7fae977fe700 1 -- 172.21.15.149:0/1711770698 <== mon.0 v2:172.21.15.149:3300/0 3 ==== mon_map magic: 0 v1 ==== 229+0+0 (secure 0 0 0) 0x7fae8801a890 con 0x7faea0106420
2024-03-12T16:40:43.407 INFO:teuthology.orchestra.run.smithi149.stdout:/usr/bin/ceph: stderr
2024-03-12T16:40:42.528+0000 7faea4f76700 1 -- 172.21.15.149:0/1711770698 --> [v2:172.21.15.149:3300/0,v1:172.21.15.149:6789/0] -- mon_subscribe({osdmap=0}) v3 -- 0x7faea019a120 con 0x7faea0106420
2024-03-12T16:40:43.407 INFO:teuthology.orchestra.run.smithi149.stdout:/usr/bin/ceph: stderr
2024-03-12T16:40:42.529+0000 7fae977fe700 1 -- 172.21.15.149:0/1711770698 <== mon.0 v2:172.21.15.149:3300/0 4 ==== mgrmap(e 8) v1 ==== 45084+0+0 (secure 0 0 0) 0x7fae8801ab50 con 0x7faea0106420
2024-03-12T16:40:43.407 INFO:teuthology.orchestra.run.smithi149.stdout:/usr/bin/ceph: stderr
2024-03-12T16:40:42.529+0000 7faea4f76700 1 -- 172.21.15.149:0/1711770698 --> [v2:172.21.15.149:3300/0,v1:172.21.15.149:6789/0] -- mon_command({"prefix": "get_command_descriptions"} v 0) v1 -- 0x7faea0062380 con 0x7faea0106420
2024-03-12T16:40:43.407 INFO:teuthology.orchestra.run.smithi149.stdout:/usr/bin/ceph: stderr
2024-03-12T16:40:42.529+0000 7fae977fe700 1 --2- 172.21.15.149:0/1711770698 >> [v2:172.21.15.149:6800/2368135383,v1:172.21.15.149:6801/2368135383] conn(0x7fae8c0383f0 0x7fae8c03a8a0 unknown :-1 s=NONE pgs=0 cs=0 l=1 rev1=0 crypto rx=0 tx=0 comp rx=0 tx=0).connect
2024-03-12T16:40:43.407 INFO:teuthology.orchestra.run.smithi149.stdout:/usr/bin/ceph: stderr
2024-03-12T16:40:42.529+0000 7fae977fe700 1 -- 172.21.15.149:0/1711770698 <== mon.0 v2:172.21.15.149:3300/0 5 ==== osd_map(2..2 src has 1..2) v4 ==== 940+0+0 (secure 0 0 0) 0x7fae8804c7b0 con 0x7faea0106420
2024-03-12T16:40:43.407 INFO:teuthology.orchestra.run.smithi149.stdout:/usr/bin/ceph: stderr
2024-03-12T16:40:42.529+0000 7fae9dd9b700 1 --2- 172.21.15.149:0/1711770698 >> [v2:172.21.15.149:6800/2368135383,v1:172.21.15.149:6801/2368135383] conn(0x7fae8c0383f0 0x7fae8c03a8a0 unknown :-1 s=BANNER_CONNECTING pgs=0 cs=0 l=1 rev1=0 crypto rx=0 tx=0 comp rx=0 tx=0)._handle_peer_banner_payload supported=3 required=0
2024-03-12T16:40:43.407 INFO:teuthology.orchestra.run.smithi149.stdout:/usr/bin/ceph: stderr
2024-03-12T16:40:42.529+0000 7fae9dd9b700 1 --2- 172.21.15.149:0/1711770698 >> [v2:172.21.15.149:6800/2368135383,v1:172.21.15.149:6801/2368135383] conn(0x7fae8c0383f0 0x7fae8c03a8a0 secure :-1 s=READY pgs=19 cs=0 l=1 rev1=1 crypto rx=0x7fae90006fd0 tx=0x7fae90006e40 comp rx=0 tx=0).ready entity=mgr.14118 client_cookie=0 server_cookie=0 in_seq=0 out_seq=0
2024-03-12T16:40:43.407 INFO:teuthology.orchestra.run.smithi149.stdout:/usr/bin/ceph: stderr
2024-03-12T16:40:42.534+0000 7fae977fe700 1 -- 172.21.15.149:0/1711770698 <== mon.0 v2:172.21.15.149:3300/0 6 ==== mon_command_ack([{"prefix": "get_command_descriptions"}]=0 v0) v1 ==== 72+0+177933 (secure 0 0 0) 0x7fae880189a0 con 0x7faea0106420
2024-03-12T16:40:43.407 INFO:teuthology.orchestra.run.smithi149.stdout:/usr/bin/ceph: stderr
2024-03-12T16:40:42.734+0000 7faea4f76700 1 -- 172.21.15.149:0/1711770698 --> [v2:172.21.15.149:6800/2368135383,v1:172.21.15.149:6801/2368135383] -- mgr_command(tid 0: {"prefix": "orch apply", "service_type": "alertmanager", "target": ["mon-mgr", ""]}) v1 -- 0x7faea0101310 con 0x7fae8c0383f0
2024-03-12T16:40:43.407 INFO:teuthology.orchestra.run.smithi149.stdout:/usr/bin/ceph: stderr
2024-03-12T16:40:42.738+0000 7fae977fe700 1 -- 172.21.15.149:0/1711770698 <== mgr.14118 v2:172.21.15.149:6800/2368135383 1 ==== mgr_command_reply(tid 0: 0 ) v1 ==== 8+0+33 (secure 0 0 0) 0x7faea0101310 con 0x7fae8c0383f0
