2024-03-14T09:46:29.779 INFO:teuthology.orchestra.run.smithi078.stdout:/usr/bin/ceph: stderr
2024-03-14T09:46:29.165+0000 7fecfcc00700 1 -- 172.21.15.78:0/859661870 >> 172.21.15.78:0/859661870 conn(0x7fecf807bab0 msgr2=0x7fecf81064e0 unknown :-1 s=STATE_NONE l=0).mark_down
2024-03-14T09:46:29.779 INFO:teuthology.orchestra.run.smithi078.stdout:/usr/bin/ceph: stderr
2024-03-14T09:46:29.165+0000 7fecfcc00700 1 -- 172.21.15.78:0/859661870 shutdown_connections
2024-03-14T09:46:29.780 INFO:teuthology.orchestra.run.smithi078.stdout:/usr/bin/ceph: stderr
2024-03-14T09:46:29.165+0000 7fecfcc00700 1 -- 172.21.15.78:0/859661870 wait complete.
2024-03-14T09:46:29.780 INFO:teuthology.orchestra.run.smithi078.stdout:/usr/bin/ceph: stderr
2024-03-14T09:46:29.166+0000 7fecfcc00700 1 Processor -- start
2024-03-14T09:46:29.780 INFO:teuthology.orchestra.run.smithi078.stdout:/usr/bin/ceph: stderr
2024-03-14T09:46:29.166+0000 7fecfcc00700 1 -- start start
2024-03-14T09:46:29.780 INFO:teuthology.orchestra.run.smithi078.stdout:/usr/bin/ceph: stderr
2024-03-14T09:46:29.166+0000 7fecfcc00700 1 --2- >> [v2:172.21.15.78:3300/0,v1:172.21.15.78:6789/0] conn(0x7fecf8108b20 0x7fecf819c890 unknown :-1 s=NONE pgs=0 cs=0 l=1 rev1=0 crypto rx=0 tx=0 comp rx=0 tx=0).connect
2024-03-14T09:46:29.780 INFO:teuthology.orchestra.run.smithi078.stdout:/usr/bin/ceph: stderr
2024-03-14T09:46:29.166+0000 7fecfcc00700 1 -- --> [v2:172.21.15.78:3300/0,v1:172.21.15.78:6789/0] -- mon_getmap magic: 0 v1 -- 0x7fecf819cdd0 con 0x7fecf8108b20
2024-03-14T09:46:29.780 INFO:teuthology.orchestra.run.smithi078.stdout:/usr/bin/ceph: stderr
2024-03-14T09:46:29.167+0000 7fecf5e00700 1 --2- >> [v2:172.21.15.78:3300/0,v1:172.21.15.78:6789/0] conn(0x7fecf8108b20 0x7fecf819c890 unknown :-1 s=BANNER_CONNECTING pgs=0 cs=0 l=1 rev1=0 crypto rx=0 tx=0 comp rx=0 tx=0)._handle_peer_banner_payload supported=3 required=0
2024-03-14T09:46:29.780 INFO:teuthology.orchestra.run.smithi078.stdout:/usr/bin/ceph: stderr
2024-03-14T09:46:29.167+0000 7fecf5e00700 1 --2- >> [v2:172.21.15.78:3300/0,v1:172.21.15.78:6789/0] conn(0x7fecf8108b20 0x7fecf819c890 unknown :-1 s=HELLO_CONNECTING pgs=0 cs=0 l=1 rev1=1 crypto rx=0 tx=0 comp rx=0 tx=0).handle_hello peer v2:172.21.15.78:3300/0 says I am v2:172.21.15.78:39404/0 (socket says 172.21.15.78:39404)
2024-03-14T09:46:29.780 INFO:teuthology.orchestra.run.smithi078.stdout:/usr/bin/ceph: stderr
2024-03-14T09:46:29.167+0000 7fecf5e00700 1 -- 172.21.15.78:0/987170045 learned_addr learned my addr 172.21.15.78:0/987170045 (peer_addr_for_me v2:172.21.15.78:0/0)
2024-03-14T09:46:29.780 INFO:teuthology.orchestra.run.smithi078.stdout:/usr/bin/ceph: stderr
2024-03-14T09:46:29.167+0000 7fecf5e00700 1 -- 172.21.15.78:0/987170045 --> [v2:172.21.15.78:3300/0,v1:172.21.15.78:6789/0] -- mon_subscribe({config=0+,monmap=0+}) v3 -- 0x7fece8009550 con 0x7fecf8108b20
2024-03-14T09:46:29.780 INFO:teuthology.orchestra.run.smithi078.stdout:/usr/bin/ceph: stderr
2024-03-14T09:46:29.167+0000 7fecf5e00700 1 --2- 172.21.15.78:0/987170045 >> [v2:172.21.15.78:3300/0,v1:172.21.15.78:6789/0] conn(0x7fecf8108b20 0x7fecf819c890 secure :-1 s=READY pgs=52 cs=0 l=1 rev1=1 crypto rx=0x7fece8003e60 tx=0x7fece8011a30 comp rx=0 tx=0).ready entity=mon.0 client_cookie=0 server_cookie=0 in_seq=0 out_seq=0
2024-03-14T09:46:29.780 INFO:teuthology.orchestra.run.smithi078.stdout:/usr/bin/ceph: stderr
2024-03-14T09:46:29.167+0000 7feceea00700 1 -- 172.21.15.78:0/987170045 <== mon.0 v2:172.21.15.78:3300/0 1 ==== mon_map magic: 0 v1 ==== 205+0+0 (secure 0 0 0) 0x7fece8003a60 con 0x7fecf8108b20
2024-03-14T09:46:29.780 INFO:teuthology.orchestra.run.smithi078.stdout:/usr/bin/ceph: stderr
2024-03-14T09:46:29.167+0000 7feceea00700 1 -- 172.21.15.78:0/987170045 <== mon.0 v2:172.21.15.78:3300/0 2 ==== config(26 keys) v1 ==== 1105+0+0 (secure 0 0 0) 0x7fece8003bc0 con 0x7fecf8108b20
2024-03-14T09:46:29.780 INFO:teuthology.orchestra.run.smithi078.stdout:/usr/bin/ceph: stderr
2024-03-14T09:46:29.167+0000 7fecfcc00700 1 -- 172.21.15.78:0/987170045 --> [v2:172.21.15.78:3300/0,v1:172.21.15.78:6789/0] -- mon_subscribe({mgrmap=0+}) v3 -- 0x7fecf819cfd0 con 0x7fecf8108b20
2024-03-14T09:46:29.780 INFO:teuthology.orchestra.run.smithi078.stdout:/usr/bin/ceph: stderr
2024-03-14T09:46:29.167+0000 7feceea00700 1 -- 172.21.15.78:0/987170045 <== mon.0 v2:172.21.15.78:3300/0 3 ==== mon_map magic: 0 v1 ==== 205+0+0 (secure 0 0 0) 0x7fece80196c0 con 0x7fecf8108b20
2024-03-14T09:46:29.781 INFO:teuthology.orchestra.run.smithi078.stdout:/usr/bin/ceph: stderr
2024-03-14T09:46:29.168+0000 7fecfcc00700 1 -- 172.21.15.78:0/987170045 --> [v2:172.21.15.78:3300/0,v1:172.21.15.78:6789/0] -- mon_subscribe({osdmap=0}) v3 -- 0x7fecf819d470 con 0x7fecf8108b20
2024-03-14T09:46:29.781 INFO:teuthology.orchestra.run.smithi078.stdout:/usr/bin/ceph: stderr
2024-03-14T09:46:29.168+0000 7feceea00700 1 -- 172.21.15.78:0/987170045 <== mon.0 v2:172.21.15.78:3300/0 4 ==== mgrmap(e 8) v1 ==== 45374+0+0 (secure 0 0 0) 0x7fece801a430 con 0x7fecf8108b20
2024-03-14T09:46:29.781 INFO:teuthology.orchestra.run.smithi078.stdout:/usr/bin/ceph: stderr
2024-03-14T09:46:29.169+0000 7feceea00700 1 --2- 172.21.15.78:0/987170045 >> [v2:172.21.15.78:6800/3890232539,v1:172.21.15.78:6801/3890232539] conn(0x7fecdc0384b0 0x7fecdc03a970 unknown :-1 s=NONE pgs=0 cs=0 l=1 rev1=0 crypto rx=0 tx=0 comp rx=0 tx=0).connect
2024-03-14T09:46:29.781 INFO:teuthology.orchestra.run.smithi078.stdout:/usr/bin/ceph: stderr
2024-03-14T09:46:29.169+0000 7feceea00700 1 -- 172.21.15.78:0/987170045 <== mon.0 v2:172.21.15.78:3300/0 5 ==== osd_map(2..2 src has 1..2) v4 ==== 940+0+0 (secure 0 0 0) 0x7fece804c6f0 con 0x7fecf8108b20
2024-03-14T09:46:29.781 INFO:teuthology.orchestra.run.smithi078.stdout:/usr/bin/ceph: stderr
2024-03-14T09:46:29.169+0000 7fecfcc00700 1 -- 172.21.15.78:0/987170045 --> [v2:172.21.15.78:3300/0,v1:172.21.15.78:6789/0] -- mon_command({"prefix": "get_command_descriptions"} v 0) v1 -- 0x7fecf80623e0 con 0x7fecf8108b20
2024-03-14T09:46:29.781 INFO:teuthology.orchestra.run.smithi078.stdout:/usr/bin/ceph: stderr
2024-03-14T09:46:29.170+0000 7fecf5400700 1 --2- 172.21.15.78:0/987170045 >> [v2:172.21.15.78:6800/3890232539,v1:172.21.15.78:6801/3890232539] conn(0x7fecdc0384b0 0x7fecdc03a970 unknown :-1 s=BANNER_CONNECTING pgs=0 cs=0 l=1 rev1=0 crypto rx=0 tx=0 comp rx=0 tx=0)._handle_peer_banner_payload supported=3 required=0
2024-03-14T09:46:29.781 INFO:teuthology.orchestra.run.smithi078.stdout:/usr/bin/ceph: stderr
2024-03-14T09:46:29.170+0000 7fecf5400700 1 --2- 172.21.15.78:0/987170045 >> [v2:172.21.15.78:6800/3890232539,v1:172.21.15.78:6801/3890232539] conn(0x7fecdc0384b0 0x7fecdc03a970 secure :-1 s=READY pgs=14 cs=0 l=1 rev1=1 crypto rx=0x7fece4006fd0 tx=0x7fece4006e40 comp rx=0 tx=0).ready entity=mgr.14120 client_cookie=0 server_cookie=0 in_seq=0 out_seq=0
2024-03-14T09:46:29.781 INFO:teuthology.orchestra.run.smithi078.stdout:/usr/bin/ceph: stderr
2024-03-14T09:46:29.175+0000 7feceea00700 1 -- 172.21.15.78:0/987170045 <== mon.0 v2:172.21.15.78:3300/0 6 ==== mon_command_ack([{"prefix": "get_command_descriptions"}]=0 v0) v1 ==== 72+0+182595 (secure 0 0 0) 0x7fece801a730 con 0x7fecf8108b20
2024-03-14T09:46:29.781 INFO:teuthology.orchestra.run.smithi078.stdout:/usr/bin/ceph: stderr
2024-03-14T09:46:29.411+0000 7fecfcc00700 1 -- 172.21.15.78:0/987170045 --> [v2:172.21.15.78:3300/0,v1:172.21.15.78:6789/0] -- mon_command([{prefix=config set, name=mgr/cephadm/container_init}] v 0) v1 -- 0x7fecf819fe90 con 0x7fecf8108b20
2024-03-14T09:46:29.781 INFO:teuthology.orchestra.run.smithi078.stdout:/usr/bin/ceph: stderr
2024-03-14T09:46:29.415+0000 7feceea00700 1 -- 172.21.15.78:0/987170045 <== mon.0 v2:172.21.15.78:3300/0 7 ==== mon_command_ack([{prefix=config set, name=mgr/cephadm/container_init}]=0 v7)=0 v7) v1 ==== 142+0+0 (secure 0 0 0) 0x7fece8010380 con 0x7fecf8108b20
2024-03-14T09:46:29.781 INFO:teuthology.orchestra.run.smithi078.stdout:/usr/bin/ceph: stderr
2024-03-14T09:46:29.418+0000 7fecfcc00700 1 -- 172.21.15.78:0/987170045 >> [v2:172.21.15.78:6800/3890232539,v1:172.21.15.78:6801/3890232539] conn(0x7fecdc0384b0 msgr2=0x7fecdc03a970 secure :-1 s=STATE_CONNECTION_ESTABLISHED l=1).mark_down
2024-03-14T09:46:29.781 INFO:teuthology.orchestra.run.smithi078.stdout:/usr/bin/ceph: stderr
2024-03-14T09:46:29.418+0000 7fecfcc00700 1 --2- 172.21.15.78:0/987170045 >> [v2:172.21.15.78:6800/3890232539,v1:172.21.15.78:6801/3890232539] conn(0x7fecdc0384b0 0x7fecdc03a970 secure :-1 s=READY pgs=14 cs=0 l=1 rev1=1 crypto rx=0x7fece4006fd0 tx=0x7fece4006e40 comp rx=0 tx=0).stop
2024-03-14T09:46:29.781 INFO:teuthology.orchestra.run.smithi078.stdout:/usr/bin/ceph: stderr
2024-03-14T09:46:29.418+0000 7fecfcc00700 1 -- 172.21.15.78:0/987170045 >> [v2:172.21.15.78:3300/0,v1:172.21.15.78:6789/0] conn(0x7fecf8108b20 msgr2=0x7fecf819c890 secure :-1 s=STATE_CONNECTION_ESTABLISHED l=1).mark_down
2024-03-14T09:46:29.781 INFO:teuthology.orchestra.run.smithi078.stdout:/usr/bin/ceph: stderr
2024-03-14T09:46:29.418+0000 7fecfcc00700 1 --2- 172.21.15.78:0/987170045 >> [v2:172.21.15.78:3300/0,v1:172.21.15.78:6789/0] conn(0x7fecf8108b20 0x7fecf819c890 secure :-1 s=READY pgs=52 cs=0 l=1 rev1=1 crypto rx=0x7fece8003e60 tx=0x7fece8011a30 comp rx=0 tx=0).stop
2024-03-14T09:46:29.782 INFO:teuthology.orchestra.run.smithi078.stdout:/usr/bin/ceph: stderr
2024-03-14T09:46:29.418+0000 7fecfcc00700 1 -- 172.21.15.78:0/987170045 shutdown_connections
2024-03-14T09:46:29.782 INFO:teuthology.orchestra.run.smithi078.stdout:/usr/bin/ceph: stderr
2024-03-14T09:46:29.418+0000 7fecfcc00700 1 --2- 172.21.15.78:0/987170045 >> [v2:172.21.15.78:6800/3890232539,v1:172.21.15.78:6801/3890232539] conn(0x7fecdc0384b0 0x7fecdc03a970 unknown :-1 s=CLOSED pgs=14 cs=0 l=1 rev1=1 crypto rx=0 tx=0 comp rx=0 tx=0).stop
2024-03-14T09:46:29.782 INFO:teuthology.orchestra.run.smithi078.stdout:/usr/bin/ceph: stderr
2024-03-14T09:46:29.418+0000 7fecfcc00700 1 --2- 172.21.15.78:0/987170045 >> [v2:172.21.15.78:3300/0,v1:172.21.15.78:6789/0] conn(0x7fecf8108b20 0x7fecf819c890 unknown :-1 s=CLOSED pgs=52 cs=0 l=1 rev1=1 crypto rx=0 tx=0 comp rx=0 tx=0).stop
2024-03-14T09:46:29.782 INFO:teuthology.orchestra.run.smithi078.stdout:/usr/bin/ceph: stderr
2024-03-14T09:46:29.418+0000 7fecfcc00700 1 -- 172.21.15.78:0/987170045 >> 172.21.15.78:0/987170045 conn(0x7fecf807bab0 msgr2=0x7fecf8105c90 unknown :-1 s=STATE_NONE l=0).mark_down
2024-03-14T09:46:29.782 INFO:teuthology.orchestra.run.smithi078.stdout:/usr/bin/ceph: stderr
2024-03-14T09:46:29.418+0000 7fecfcc00700 1 -- 172.21.15.78:0/987170045 shutdown_connections
2024-03-14T09:46:29.782 INFO:teuthology.orchestra.run.smithi078.stdout:/usr/bin/ceph: stderr
2024-03-14T09:46:29.418+0000 7fecfcc00700 1 -- 172.21.15.78:0/987170045 wait complete.
2024-03-14T09:46:30.772 INFO:journalctl@ceph.mon.a.smithi078.stdout:Mar 14 09:46:30 smithi078 ceph-mon[38143]: from='client.? 172.21.15.78:0/987170045' entity='client.admin'
2024-03-14T09:46:30.778 INFO:teuthology.orchestra.run.smithi078.stdout:/usr/bin/ceph: stderr
2024-03-14T09:46:30.205+0000 7eff07200700 1 Processor -- start
2024-03-14T09:46:30.778 INFO:teuthology.orchestra.run.smithi078.stdout:/usr/bin/ceph: stderr
2024-03-14T09:46:30.205+0000 7eff07200700 1 -- start start
2024-03-14T09:46:30.779 INFO:teuthology.orchestra.run.smithi078.stdout:/usr/bin/ceph: stderr
2024-03-14T09:46:30.206+0000 7eff07200700 1 --2- >> [v2:172.21.15.78:3300/0,v1:172.21.15.78:6789/0] conn(0x7eff0007a310 0x7eff0007a730 unknown :-1 s=NONE pgs=0 cs=0 l=0 rev1=0 crypto rx=0 tx=0 comp rx=0 tx=0).connect
2024-03-14T09:46:30.779 INFO:teuthology.orchestra.run.smithi078.stdout:/usr/bin/ceph: stderr
2024-03-14T09:46:30.206+0000 7eff07200700 1 -- --> [v2:172.21.15.78:3300/0,v1:172.21.15.78:6789/0] -- mon_getmap magic: 0 v1 -- 0x7eff0007ad00 con 0x7eff0007a310
2024-03-14T09:46:30.779 INFO:teuthology.orchestra.run.smithi078.stdout:/usr/bin/ceph: stderr
2024-03-14T09:46:30.206+0000 7efeffe00700 1 --2- >> [v2:172.21.15.78:3300/0,v1:172.21.15.78:6789/0] conn(0x7eff0007a310 0x7eff0007a730 unknown :-1 s=BANNER_CONNECTING pgs=0 cs=0 l=0 rev1=0 crypto rx=0 tx=0 comp rx=0 tx=0)._handle_peer_banner_payload supported=3 required=0
2024-03-14T09:46:30.779 INFO:teuthology.orchestra.run.smithi078.stdout:/usr/bin/ceph: stderr
2024-03-14T09:46:30.206+0000 7efeffe00700 1 --2- >> [v2:172.21.15.78:3300/0,v1:172.21.15.78:6789/0] conn(0x7eff0007a310 0x7eff0007a730 unknown :-1 s=HELLO_CONNECTING pgs=0 cs=0 l=0 rev1=1 crypto rx=0 tx=0 comp rx=0 tx=0).handle_hello peer v2:172.21.15.78:3300/0 says I am v2:172.21.15.78:39410/0 (socket says 172.21.15.78:39410)
2024-03-14T09:46:30.779 INFO:teuthology.orchestra.run.smithi078.stdout:/usr/bin/ceph: stderr
2024-03-14T09:46:30.206+0000 7efeffe00700 1 -- 172.21.15.78:0/124740525 learned_addr learned my addr 172.21.15.78:0/124740525 (peer_addr_for_me v2:172.21.15.78:0/0)
2024-03-14T09:46:30.779 INFO:teuthology.orchestra.run.smithi078.stdout:/usr/bin/ceph: stderr
2024-03-14T09:46:30.207+0000 7efeffe00700 1 -- 172.21.15.78:0/124740525 --> [v2:172.21.15.78:3300/0,v1:172.21.15.78:6789/0] -- mon_subscribe({config=0+,monmap=0+}) v3 -- 0x7eff0007ae40 con 0x7eff0007a310
2024-03-14T09:46:30.779 INFO:teuthology.orchestra.run.smithi078.stdout:/usr/bin/ceph: stderr
2024-03-14T09:46:30.207+0000 7efeffe00700 1 --2- 172.21.15.78:0/124740525 >> [v2:172.21.15.78:3300/0,v1:172.21.15.78:6789/0] conn(0x7eff0007a310 0x7eff0007a730 secure :-1 s=READY pgs=53 cs=0 l=1 rev1=1 crypto rx=0x7efef00098a0 tx=0x7efef0009bb0 comp rx=0 tx=0).ready entity=mon.0 client_cookie=ac33e2e5d41e0650 server_cookie=0 in_seq=0 out_seq=0
2024-03-14T09:46:30.779 INFO:teuthology.orchestra.run.smithi078.stdout:/usr/bin/ceph: stderr
2024-03-14T09:46:30.207+0000 7efefea00700 1 -- 172.21.15.78:0/124740525 <== mon.0 v2:172.21.15.78:3300/0 1 ==== mon_map magic: 0 v1 ==== 205+0+0 (secure 0 0 0) 0x7efef0004160 con 0x7eff0007a310
2024-03-14T09:46:30.779 INFO:teuthology.orchestra.run.smithi078.stdout:/usr/bin/ceph: stderr
2024-03-14T09:46:30.207+0000 7efefea00700 1 -- 172.21.15.78:0/124740525 <== mon.0 v2:172.21.15.78:3300/0 2 ==== config(26 keys) v1 ==== 1105+0+0 (secure 0 0 0) 0x7efef00042c0 con 0x7eff0007a310
2024-03-14T09:46:30.779 INFO:teuthology.orchestra.run.smithi078.stdout:/usr/bin/ceph: stderr
2024-03-14T09:46:30.207+0000 7efefea00700 1 -- 172.21.15.78:0/124740525 <== mon.0 v2:172.21.15.78:3300/0 3 ==== mon_map magic: 0 v1 ==== 205+0+0 (secure 0 0 0) 0x7efef00119b0 con 0x7eff0007a310
2024-03-14T09:46:30.779 INFO:teuthology.orchestra.run.smithi078.stdout:/usr/bin/ceph: stderr
2024-03-14T09:46:30.208+0000 7eff07200700 1 -- 172.21.15.78:0/124740525 >> [v2:172.21.15.78:3300/0,v1:172.21.15.78:6789/0] conn(0x7eff0007a310 msgr2=0x7eff0007a730 secure :-1 s=STATE_CONNECTION_ESTABLISHED l=1).mark_down
2024-03-14T09:46:30.779 INFO:teuthology.orchestra.run.smithi078.stdout:/usr/bin/ceph: stderr
2024-03-14T09:46:30.208+0000 7eff07200700 1 --2- 172.21.15.78:0/124740525 >> [v2:172.21.15.78:3300/0,v1:172.21.15.78:6789/0] conn(0x7eff0007a310 0x7eff0007a730 secure :-1 s=READY pgs=53 cs=0 l=1 rev1=1 crypto rx=0x7efef00098a0 tx=0x7efef0009bb0 comp rx=0 tx=0).stop
2024-03-14T09:46:30.779 INFO:teuthology.orchestra.run.smithi078.stdout:/usr/bin/ceph: stderr
2024-03-14T09:46:30.208+0000 7eff07200700 1 -- 172.21.15.78:0/124740525 shutdown_connections
2024-03-14T09:46:30.780 INFO:teuthology.orchestra.run.smithi078.stdout:/usr/bin/ceph: stderr
2024-03-14T09:46:30.208+0000 7eff07200700 1 --2- 172.21.15.78:0/124740525 >> [v2:172.21.15.78:3300/0,v1:172.21.15.78:6789/0] conn(0x7eff0007a310 0x7eff0007a730 unknown :-1 s=CLOSED pgs=53 cs=0 l=1 rev1=1 crypto rx=0 tx=0 comp rx=0 tx=0).stop
2024-03-14T09:46:30.780 INFO:teuthology.orchestra.run.smithi078.stdout:/usr/bin/ceph: stderr
2024-03-14T09:46:30.208+0000 7eff07200700 1 -- 172.21.15.78:0/124740525 >> 172.21.15.78:0/124740525 conn(0x7eff00101a70 msgr2=0x7eff00103e90 unknown :-1 s=STATE_NONE l=0).mark_down
2024-03-14T09:46:30.780 INFO:teuthology.orchestra.run.smithi078.stdout:/usr/bin/ceph: stderr
2024-03-14T09:46:30.208+0000 7eff07200700 1 -- 172.21.15.78:0/124740525 shutdown_connections
2024-03-14T09:46:30.780 INFO:teuthology.orchestra.run.smithi078.stdout:/usr/bin/ceph: stderr
2024-03-14T09:46:30.208+0000 7eff07200700 1 -- 172.21.15.78:0/124740525 wait complete.
2024-03-14T09:46:30.780 INFO:teuthology.orchestra.run.smithi078.stdout:/usr/bin/ceph: stderr
2024-03-14T09:46:30.209+0000 7eff07200700 1 Processor -- start
2024-03-14T09:46:30.780 INFO:teuthology.orchestra.run.smithi078.stdout:/usr/bin/ceph: stderr
2024-03-14T09:46:30.209+0000 7eff07200700 1 -- start start
2024-03-14T09:46:30.780 INFO:teuthology.orchestra.run.smithi078.stdout:/usr/bin/ceph: stderr
2024-03-14T09:46:30.210+0000 7eff07200700 1 --2- >> [v2:172.21.15.78:3300/0,v1:172.21.15.78:6789/0] conn(0x7eff0007a310 0x7eff0019c890 unknown :-1 s=NONE pgs=0 cs=0 l=1 rev1=0 crypto rx=0 tx=0 comp rx=0 tx=0).connect
2024-03-14T09:46:30.780 INFO:teuthology.orchestra.run.smithi078.stdout:/usr/bin/ceph: stderr
2024-03-14T09:46:30.210+0000 7eff07200700 1 -- --> [v2:172.21.15.78:3300/0,v1:172.21.15.78:6789/0] -- mon_getmap magic: 0 v1 -- 0x7eff0019cdd0 con 0x7eff0007a310
2024-03-14T09:46:30.780 INFO:teuthology.orchestra.run.smithi078.stdout:/usr/bin/ceph: stderr
2024-03-14T09:46:30.210+0000 7efeffe00700 1 --2- >> [v2:172.21.15.78:3300/0,v1:172.21.15.78:6789/0] conn(0x7eff0007a310 0x7eff0019c890 unknown :-1 s=BANNER_CONNECTING pgs=0 cs=0 l=1 rev1=0 crypto rx=0 tx=0 comp rx=0 tx=0)._handle_peer_banner_payload supported=3 required=0
2024-03-14T09:46:30.780 INFO:teuthology.orchestra.run.smithi078.stdout:/usr/bin/ceph: stderr
2024-03-14T09:46:30.210+0000 7efeffe00700 1 --2- >> [v2:172.21.15.78:3300/0,v1:172.21.15.78:6789/0] conn(0x7eff0007a310 0x7eff0019c890 unknown :-1 s=HELLO_CONNECTING pgs=0 cs=0 l=1 rev1=1 crypto rx=0 tx=0 comp rx=0 tx=0).handle_hello peer v2:172.21.15.78:3300/0 says I am v2:172.21.15.78:39412/0 (socket says 172.21.15.78:39412)
2024-03-14T09:46:30.780 INFO:teuthology.orchestra.run.smithi078.stdout:/usr/bin/ceph: stderr
2024-03-14T09:46:30.210+0000 7efeffe00700 1 -- 172.21.15.78:0/3925164762 learned_addr learned my addr 172.21.15.78:0/3925164762 (peer_addr_for_me v2:172.21.15.78:0/0)
2024-03-14T09:46:30.780 INFO:teuthology.orchestra.run.smithi078.stdout:/usr/bin/ceph: stderr
2024-03-14T09:46:30.210+0000 7efeffe00700 1 -- 172.21.15.78:0/3925164762 --> [v2:172.21.15.78:3300/0,v1:172.21.15.78:6789/0] -- mon_subscribe({config=0+,monmap=0+}) v3 -- 0x7efef0009550 con 0x7eff0007a310
2024-03-14T09:46:30.780 INFO:teuthology.orchestra.run.smithi078.stdout:/usr/bin/ceph: stderr
2024-03-14T09:46:30.211+0000 7efeffe00700 1 --2- 172.21.15.78:0/3925164762 >> [v2:172.21.15.78:3300/0,v1:172.21.15.78:6789/0] conn(0x7eff0007a310 0x7eff0019c890 secure :-1 s=READY pgs=54 cs=0 l=1 rev1=1 crypto rx=0x7efef0003e60 tx=0x7efef0011a30 comp rx=0 tx=0).ready entity=mon.0 client_cookie=0 server_cookie=0 in_seq=0 out_seq=0
2024-03-14T09:46:30.781 INFO:teuthology.orchestra.run.smithi078.stdout:/usr/bin/ceph: stderr
2024-03-14T09:46:30.211+0000 7efefcc00700 1 -- 172.21.15.78:0/3925164762 <== mon.0 v2:172.21.15.78:3300/0 1 ==== mon_map magic: 0 v1 ==== 205+0+0 (secure 0 0 0) 0x7efef0003a60 con 0x7eff0007a310
2024-03-14T09:46:30.781 INFO:teuthology.orchestra.run.smithi078.stdout:/usr/bin/ceph: stderr
2024-03-14T09:46:30.211+0000 7efefcc00700 1 -- 172.21.15.78:0/3925164762 <== mon.0 v2:172.21.15.78:3300/0 2 ==== config(26 keys) v1 ==== 1105+0+0 (secure 0 0 0) 0x7efef0003bc0 con 0x7eff0007a310
2024-03-14T09:46:30.781 INFO:teuthology.orchestra.run.smithi078.stdout:/usr/bin/ceph: stderr
2024-03-14T09:46:30.211+0000 7efefcc00700 1 -- 172.21.15.78:0/3925164762 <== mon.0 v2:172.21.15.78:3300/0 3 ==== mon_map magic: 0 v1 ==== 205+0+0 (secure 0 0 0) 0x7efef00196c0 con 0x7eff0007a310
2024-03-14T09:46:30.781 INFO:teuthology.orchestra.run.smithi078.stdout:/usr/bin/ceph: stderr
2024-03-14T09:46:30.211+0000 7eff07200700 1 -- 172.21.15.78:0/3925164762 --> [v2:172.21.15.78:3300/0,v1:172.21.15.78:6789/0] -- mon_subscribe({mgrmap=0+}) v3 -- 0x7eff0019cfd0 con 0x7eff0007a310
2024-03-14T09:46:30.781 INFO:teuthology.orchestra.run.smithi078.stdout:/usr/bin/ceph: stderr
2024-03-14T09:46:30.211+0000 7eff07200700 1 -- 172.21.15.78:0/3925164762 --> [v2:172.21.15.78:3300/0,v1:172.21.15.78:6789/0] -- mon_subscribe({osdmap=0}) v3 -- 0x7eff0019d470 con 0x7eff0007a310
2024-03-14T09:46:30.781 INFO:teuthology.orchestra.run.smithi078.stdout:/usr/bin/ceph: stderr
2024-03-14T09:46:30.212+0000 7eff07200700 1 -- 172.21.15.78:0/3925164762 --> [v2:172.21.15.78:3300/0,v1:172.21.15.78:6789/0] -- mon_command({"prefix": "get_command_descriptions"} v 0) v1 -- 0x7eff0010ccf0 con 0x7eff0007a310
2024-03-14T09:46:30.781 INFO:teuthology.orchestra.run.smithi078.stdout:/usr/bin/ceph: stderr
2024-03-14T09:46:30.212+0000 7efefcc00700 1 -- 172.21.15.78:0/3925164762 <== mon.0 v2:172.21.15.78:3300/0 4 ==== mgrmap(e 8) v1 ==== 45374+0+0 (secure 0 0 0) 0x7efef001a430 con 0x7eff0007a310
2024-03-14T09:46:30.781 INFO:teuthology.orchestra.run.smithi078.stdout:/usr/bin/ceph: stderr
2024-03-14T09:46:30.213+0000 7efefcc00700 1 --2- 172.21.15.78:0/3925164762 >> [v2:172.21.15.78:6800/3890232539,v1:172.21.15.78:6801/3890232539] conn(0x7efee4038500 0x7efee403a9c0 unknown :-1 s=NONE pgs=0 cs=0 l=1 rev1=0 crypto rx=0 tx=0 comp rx=0 tx=0).connect
2024-03-14T09:46:30.781 INFO:teuthology.orchestra.run.smithi078.stdout:/usr/bin/ceph: stderr
2024-03-14T09:46:30.213+0000 7efefcc00700 1 -- 172.21.15.78:0/3925164762 <== mon.0 v2:172.21.15.78:3300/0 5 ==== osd_map(2..2 src has 1..2) v4 ==== 940+0+0 (secure 0 0 0) 0x7efef004c600 con 0x7eff0007a310
2024-03-14T09:46:30.781 INFO:teuthology.orchestra.run.smithi078.stdout:/usr/bin/ceph: stderr
2024-03-14T09:46:30.213+0000 7efeff400700 1 --2- 172.21.15.78:0/3925164762 >> [v2:172.21.15.78:6800/3890232539,v1:172.21.15.78:6801/3890232539] conn(0x7efee4038500 0x7efee403a9c0 unknown :-1 s=BANNER_CONNECTING pgs=0 cs=0 l=1 rev1=0 crypto rx=0 tx=0 comp rx=0 tx=0)._handle_peer_banner_payload supported=3 required=0
2024-03-14T09:46:30.781 INFO:teuthology.orchestra.run.smithi078.stdout:/usr/bin/ceph: stderr
2024-03-14T09:46:30.214+0000 7efeff400700 1 --2- 172.21.15.78:0/3925164762 >> [v2:172.21.15.78:6800/3890232539,v1:172.21.15.78:6801/3890232539] conn(0x7efee4038500 0x7efee403a9c0 secure :-1 s=READY pgs=15 cs=0 l=1 rev1=1 crypto rx=0x7efeec006fd0 tx=0x7efeec006e40 comp rx=0 tx=0).ready entity=mgr.14120 client_cookie=0 server_cookie=0 in_seq=0 out_seq=0
2024-03-14T09:46:30.781 INFO:teuthology.orchestra.run.smithi078.stdout:/usr/bin/ceph: stderr
2024-03-14T09:46:30.218+0000 7efefcc00700 1 -- 172.21.15.78:0/3925164762 <== mon.0 v2:172.21.15.78:3300/0 6 ==== mon_command_ack([{"prefix": "get_command_descriptions"}]=0 v0) v1 ==== 72+0+182595 (secure 0 0 0) 0x7efef0010380 con 0x7eff0007a310
2024-03-14T09:46:30.781 INFO:teuthology.orchestra.run.smithi078.stdout:/usr/bin/ceph: stderr
2024-03-14T09:46:30.427+0000 7eff07200700 1 -- 172.21.15.78:0/3925164762 --> [v2:172.21.15.78:3300/0,v1:172.21.15.78:6789/0] -- mon_command([{prefix=config set, name=mgr/dashboard/ssl_server_port}] v 0) v1 -- 0x7eff0010cf60 con 0x7eff0007a310
2024-03-14T09:46:30.782 INFO:teuthology.orchestra.run.smithi078.stdout:/usr/bin/ceph: stderr
2024-03-14T09:46:30.431+0000 7efefcc00700 1 -- 172.21.15.78:0/3925164762 <== mon.0 v2:172.21.15.78:3300/0 7 ==== mon_command_ack([{prefix=config set, name=mgr/dashboard/ssl_server_port}]=0 v8)=0 v8) v1 ==== 130+0+0 (secure 0 0 0) 0x7efef0010380 con 0x7eff0007a310
2024-03-14T09:46:30.782 INFO:teuthology.orchestra.run.smithi078.stdout:/usr/bin/ceph: stderr
2024-03-14T09:46:30.433+0000 7eff07200700 1 -- 172.21.15.78:0/3925164762 >> [v2:172.21.15.78:6800/3890232539,v1:172.21.15.78:6801/3890232539] conn(0x7efee4038500 msgr2=0x7efee403a9c0 secure :-1 s=STATE_CONNECTION_ESTABLISHED l=1).mark_down
2024-03-14T09:46:30.782 INFO:teuthology.orchestra.run.smithi078.stdout:/usr/bin/ceph: stderr
2024-03-14T09:46:30.433+0000 7eff07200700 1 --2- 172.21.15.78:0/3925164762 >> [v2:172.21.15.78:6800/3890232539,v1:172.21.15.78:6801/3890232539] conn(0x7efee4038500 0x7efee403a9c0 secure :-1 s=READY pgs=15 cs=0 l=1 rev1=1 crypto rx=0x7efeec006fd0 tx=0x7efeec006e40 comp rx=0 tx=0).stop
2024-03-14T09:46:30.782 INFO:teuthology.orchestra.run.smithi078.stdout:/usr/bin/ceph: stderr
2024-03-14T09:46:30.433+0000 7eff07200700 1 -- 172.21.15.78:0/3925164762 >> [v2:172.21.15.78:3300/0,v1:172.21.15.78:6789/0] conn(0x7eff0007a310 msgr2=0x7eff0019c890 secure :-1 s=STATE_CONNECTION_ESTABLISHED l=1).mark_down
2024-03-14T09:46:30.782 INFO:teuthology.orchestra.run.smithi078.stdout:/usr/bin/ceph: stderr
2024-03-14T09:46:30.433+0000 7eff07200700 1 --2- 172.21.15.78:0/3925164762 >> [v2:172.21.15.78:3300/0,v1:172.21.15.78:6789/0] conn(0x7eff0007a310 0x7eff0019c890 secure :-1 s=READY pgs=54 cs=0 l=1 rev1=1 crypto rx=0x7efef0003e60 tx=0x7efef0011a30 comp rx=0 tx=0).stop
2024-03-14T09:46:30.782 INFO:teuthology.orchestra.run.smithi078.stdout:/usr/bin/ceph: stderr
2024-03-14T09:46:30.434+0000 7eff07200700 1 -- 172.21.15.78:0/3925164762 shutdown_connections
2024-03-14T09:46:30.782 INFO:teuthology.orchestra.run.smithi078.stdout:/usr/bin/ceph: stderr
2024-03-14T09:46:30.434+0000 7eff07200700 1 --2- 172.21.15.78:0/3925164762 >> [v2:172.21.15.78:6800/3890232539,v1:172.21.15.78:6801/3890232539] conn(0x7efee4038500 0x7efee403a9c0 unknown :-1 s=CLOSED pgs=15 cs=0 l=1 rev1=1 crypto rx=0 tx=0 comp rx=0 tx=0).stop
2024-03-14T09:46:30.782 INFO:teuthology.orchestra.run.smithi078.stdout:/usr/bin/ceph: stderr
2024-03-14T09:46:30.434+0000 7eff07200700 1 --2- 172.21.15.78:0/3925164762 >> [v2:172.21.15.78:3300/0,v1:172.21.15.78:6789/0] conn(0x7eff0007a310 0x7eff0019c890 unknown :-1 s=CLOSED pgs=54 cs=0 l=1 rev1=1 crypto rx=0 tx=0 comp rx=0 tx=0).stop
2024-03-14T09:46:30.782 INFO:teuthology.orchestra.run.smithi078.stdout:/usr/bin/ceph: stderr
2024-03-14T09:46:30.434+0000 7eff07200700 1 -- 172.21.15.78:0/3925164762 >> 172.21.15.78:0/3925164762 conn(0x7eff00101a70 msgr2=0x7eff00102670 unknown :-1 s=STATE_NONE l=0).mark_down
2024-03-14T09:46:30.782 INFO:teuthology.orchestra.run.smithi078.stdout:/usr/bin/ceph: stderr
2024-03-14T09:46:30.434+0000 7eff07200700 1 -- 172.21.15.78:0/3925164762 shutdown_connections
2024-03-14T09:46:30.782 INFO:teuthology.orchestra.run.smithi078.stdout:/usr/bin/ceph: stderr
2024-03-14T09:46:30.434+0000 7eff07200700 1 -- 172.21.15.78:0/3925164762 wait complete.
2024-03-14T09:46:30.782 INFO:teuthology.orchestra.run.smithi078.stdout:Enabling the dashboard module...
2024-03-14T09:46:31.679 INFO:journalctl@ceph.mon.a.smithi078.stdout:Mar 14 09:46:31 smithi078 ceph-mon[38143]: from='client.? 172.21.15.78:0/3925164762' entity='client.admin'
2024-03-14T09:46:31.679 INFO:journalctl@ceph.mon.a.smithi078.stdout:Mar 14 09:46:31 smithi078 ceph-mon[38143]: from='mgr.14120 172.21.15.78:0/3820345366' entity='mgr.x'
2024-03-14T09:46:32.797 INFO:journalctl@ceph.mon.a.smithi078.stdout:Mar 14 09:46:32 smithi078 ceph-mon[38143]: from='client.? 172.21.15.78:0/3253837603' entity='client.admin' cmd=[{"prefix": "mgr module enable", "module": "dashboard"}]: dispatch
2024-03-14T09:46:32.797 INFO:journalctl@ceph.mgr.x.smithi078.stdout:Mar 14 09:46:32 smithi078 ceph-83662c4e-e1e7-11ee-95c9-87774f69a715-mgr-x[38394]: ignoring --setuser ceph since I am not root
2024-03-14T09:46:32.797 INFO:journalctl@ceph.mgr.x.smithi078.stdout:Mar 14 09:46:32 smithi078 ceph-83662c4e-e1e7-11ee-95c9-87774f69a715-mgr-x[38394]: ignoring --setgroup ceph since I am not root
2024-03-14T09:46:32.802 INFO:teuthology.orchestra.run.smithi078.stdout:/usr/bin/ceph: stderr
2024-03-14T09:46:31.194+0000 7f631a000700 1 Processor -- start
2024-03-14T09:46:32.802 INFO:teuthology.orchestra.run.smithi078.stdout:/usr/bin/ceph: stderr
2024-03-14T09:46:31.194+0000 7f631a000700 1 -- start start
2024-03-14T09:46:32.802 INFO:teuthology.orchestra.run.smithi078.stdout:/usr/bin/ceph: stderr
2024-03-14T09:46:31.194+0000 7f631a000700 1 --2- >> [v2:172.21.15.78:3300/0,v1:172.21.15.78:6789/0] conn(0x7f631407a2f0 0x7f631407a710 unknown :-1 s=NONE pgs=0 cs=0 l=0 rev1=0 crypto rx=0 tx=0 comp rx=0 tx=0).connect
2024-03-14T09:46:32.802 INFO:teuthology.orchestra.run.smithi078.stdout:/usr/bin/ceph: stderr
2024-03-14T09:46:31.194+0000 7f631a000700 1 -- --> [v2:172.21.15.78:3300/0,v1:172.21.15.78:6789/0] -- mon_getmap magic: 0 v1 -- 0x7f631407ace0 con 0x7f631407a2f0
2024-03-14T09:46:32.802 INFO:teuthology.orchestra.run.smithi078.stdout:/usr/bin/ceph: stderr
2024-03-14T09:46:31.195+0000 7f6313400700 1 --2- >> [v2:172.21.15.78:3300/0,v1:172.21.15.78:6789/0] conn(0x7f631407a2f0 0x7f631407a710 unknown :-1 s=BANNER_CONNECTING pgs=0 cs=0 l=0 rev1=0 crypto rx=0 tx=0 comp rx=0 tx=0)._handle_peer_banner_payload supported=3 required=0
2024-03-14T09:46:32.802 INFO:teuthology.orchestra.run.smithi078.stdout:/usr/bin/ceph: stderr
2024-03-14T09:46:31.195+0000 7f6313400700 1 --2- >> [v2:172.21.15.78:3300/0,v1:172.21.15.78:6789/0] conn(0x7f631407a2f0 0x7f631407a710 unknown :-1 s=HELLO_CONNECTING pgs=0 cs=0 l=0 rev1=1 crypto rx=0 tx=0 comp rx=0 tx=0).handle_hello peer v2:172.21.15.78:3300/0 says I am v2:172.21.15.78:39428/0 (socket says 172.21.15.78:39428)
2024-03-14T09:46:32.802 INFO:teuthology.orchestra.run.smithi078.stdout:/usr/bin/ceph: stderr
2024-03-14T09:46:31.195+0000 7f6313400700 1 -- 172.21.15.78:0/3235511130 learned_addr learned my addr 172.21.15.78:0/3235511130 (peer_addr_for_me v2:172.21.15.78:0/0)
2024-03-14T09:46:32.802 INFO:teuthology.orchestra.run.smithi078.stdout:/usr/bin/ceph: stderr
2024-03-14T09:46:31.195+0000 7f6313400700 1 -- 172.21.15.78:0/3235511130 --> [v2:172.21.15.78:3300/0,v1:172.21.15.78:6789/0] -- mon_subscribe({config=0+,monmap=0+}) v3 -- 0x7f631407ae20 con 0x7f631407a2f0
2024-03-14T09:46:32.803 INFO:teuthology.orchestra.run.smithi078.stdout:/usr/bin/ceph: stderr
2024-03-14T09:46:31.195+0000 7f6313400700 1 --2- 172.21.15.78:0/3235511130 >> [v2:172.21.15.78:3300/0,v1:172.21.15.78:6789/0] conn(0x7f631407a2f0 0x7f631407a710 secure :-1 s=READY pgs=55 cs=0 l=1 rev1=1 crypto rx=0x7f63040098a0 tx=0x7f6304009bb0 comp rx=0 tx=0).ready entity=mon.0 client_cookie=668e1e345e8b0878 server_cookie=0 in_seq=0 out_seq=0
2024-03-14T09:46:32.803 INFO:teuthology.orchestra.run.smithi078.stdout:/usr/bin/ceph: stderr
2024-03-14T09:46:31.196+0000 7f6312000700 1 -- 172.21.15.78:0/3235511130 <== mon.0 v2:172.21.15.78:3300/0 1 ==== mon_map magic: 0 v1 ==== 205+0+0 (secure 0 0 0) 0x7f6304004160 con 0x7f631407a2f0
2024-03-14T09:46:32.803 INFO:teuthology.orchestra.run.smithi078.stdout:/usr/bin/ceph: stderr
2024-03-14T09:46:31.196+0000 7f6312000700 1 -- 172.21.15.78:0/3235511130 <== mon.0 v2:172.21.15.78:3300/0 2 ==== config(26 keys) v1 ==== 1105+0+0 (secure 0 0 0) 0x7f63040042c0 con 0x7f631407a2f0
2024-03-14T09:46:32.803 INFO:teuthology.orchestra.run.smithi078.stdout:/usr/bin/ceph: stderr
2024-03-14T09:46:31.196+0000 7f6312000700 1 -- 172.21.15.78:0/3235511130 <== mon.0 v2:172.21.15.78:3300/0 3 ==== mon_map magic: 0 v1 ==== 205+0+0 (secure 0 0 0) 0x7f63040119b0 con 0x7f631407a2f0
2024-03-14T09:46:32.803 INFO:teuthology.orchestra.run.smithi078.stdout:/usr/bin/ceph: stderr
2024-03-14T09:46:31.196+0000 7f631a000700 1 -- 172.21.15.78:0/3235511130 >> [v2:172.21.15.78:3300/0,v1:172.21.15.78:6789/0] conn(0x7f631407a2f0 msgr2=0x7f631407a710 secure :-1 s=STATE_CONNECTION_ESTABLISHED l=1).mark_down
2024-03-14T09:46:32.803 INFO:teuthology.orchestra.run.smithi078.stdout:/usr/bin/ceph: stderr
2024-03-14T09:46:31.196+0000 7f631a000700 1 --2- 172.21.15.78:0/3235511130 >> [v2:172.21.15.78:3300/0,v1:172.21.15.78:6789/0] conn(0x7f631407a2f0 0x7f631407a710 secure :-1 s=READY pgs=55 cs=0 l=1 rev1=1 crypto rx=0x7f63040098a0 tx=0x7f6304009bb0 comp rx=0 tx=0).stop
2024-03-14T09:46:32.803 INFO:teuthology.orchestra.run.smithi078.stdout:/usr/bin/ceph: stderr
2024-03-14T09:46:31.197+0000 7f631a000700 1 -- 172.21.15.78:0/3235511130 shutdown_connections
2024-03-14T09:46:32.803 INFO:teuthology.orchestra.run.smithi078.stdout:/usr/bin/ceph: stderr
2024-03-14T09:46:31.197+0000 7f631a000700 1 --2- 172.21.15.78:0/3235511130 >> [v2:172.21.15.78:3300/0,v1:172.21.15.78:6789/0] conn(0x7f631407a2f0 0x7f631407a710 unknown :-1 s=CLOSED pgs=55 cs=0 l=1 rev1=1 crypto rx=0 tx=0 comp rx=0 tx=0).stop
2024-03-14T09:46:32.803 INFO:teuthology.orchestra.run.smithi078.stdout:/usr/bin/ceph: stderr
2024-03-14T09:46:31.197+0000 7f631a000700 1 -- 172.21.15.78:0/3235511130 >> 172.21.15.78:0/3235511130 conn(0x7f6314101a70 msgr2=0x7f6314103e90 unknown :-1 s=STATE_NONE l=0).mark_down
2024-03-14T09:46:32.803 INFO:teuthology.orchestra.run.smithi078.stdout:/usr/bin/ceph: stderr
2024-03-14T09:46:31.197+0000 7f631a000700 1 -- 172.21.15.78:0/3235511130 shutdown_connections
2024-03-14T09:46:32.803 INFO:teuthology.orchestra.run.smithi078.stdout:/usr/bin/ceph: stderr
2024-03-14T09:46:31.197+0000 7f631a000700 1 -- 172.21.15.78:0/3235511130 wait complete.
2024-03-14T09:46:32.803 INFO:teuthology.orchestra.run.smithi078.stdout:/usr/bin/ceph: stderr
2024-03-14T09:46:31.198+0000 7f631a000700 1 Processor -- start
2024-03-14T09:46:32.804 INFO:teuthology.orchestra.run.smithi078.stdout:/usr/bin/ceph: stderr
2024-03-14T09:46:31.199+0000 7f631a000700 1 -- start start
2024-03-14T09:46:32.804 INFO:teuthology.orchestra.run.smithi078.stdout:/usr/bin/ceph: stderr
2024-03-14T09:46:31.199+0000 7f631a000700 1 --2- >> [v2:172.21.15.78:3300/0,v1:172.21.15.78:6789/0] conn(0x7f631407a2f0 0x7f631419c880 unknown :-1 s=NONE pgs=0 cs=0 l=1 rev1=0 crypto rx=0 tx=0 comp rx=0 tx=0).connect
2024-03-14T09:46:32.804 INFO:teuthology.orchestra.run.smithi078.stdout:/usr/bin/ceph: stderr
2024-03-14T09:46:31.199+0000 7f631a000700 1 -- --> [v2:172.21.15.78:3300/0,v1:172.21.15.78:6789/0] -- mon_getmap magic: 0 v1 -- 0x7f631419cdc0 con 0x7f631407a2f0
2024-03-14T09:46:32.804 INFO:teuthology.orchestra.run.smithi078.stdout:/usr/bin/ceph: stderr
2024-03-14T09:46:31.199+0000 7f6313400700 1 --2- >> [v2:172.21.15.78:3300/0,v1:172.21.15.78:6789/0] conn(0x7f631407a2f0 0x7f631419c880 unknown :-1 s=BANNER_CONNECTING pgs=0 cs=0 l=1 rev1=0 crypto rx=0 tx=0 comp rx=0 tx=0)._handle_peer_banner_payload supported=3 required=0
2024-03-14T09:46:32.804 INFO:teuthology.orchestra.run.smithi078.stdout:/usr/bin/ceph: stderr
2024-03-14T09:46:31.199+0000 7f6313400700 1 --2- >> [v2:172.21.15.78:3300/0,v1:172.21.15.78:6789/0] conn(0x7f631407a2f0 0x7f631419c880 unknown :-1 s=HELLO_CONNECTING pgs=0 cs=0 l=1 rev1=1 crypto rx=0 tx=0 comp rx=0 tx=0).handle_hello peer v2:172.21.15.78:3300/0 says I am v2:172.21.15.78:39442/0 (socket says 172.21.15.78:39442)
2024-03-14T09:46:32.804 INFO:teuthology.orchestra.run.smithi078.stdout:/usr/bin/ceph: stderr
2024-03-14T09:46:31.199+0000 7f6313400700 1 -- 172.21.15.78:0/3253837603 learned_addr learned my addr 172.21.15.78:0/3253837603 (peer_addr_for_me v2:172.21.15.78:0/0)
2024-03-14T09:46:32.804 INFO:teuthology.orchestra.run.smithi078.stdout:/usr/bin/ceph: stderr
2024-03-14T09:46:31.199+0000 7f6313400700 1 -- 172.21.15.78:0/3253837603 --> [v2:172.21.15.78:3300/0,v1:172.21.15.78:6789/0] -- mon_subscribe({config=0+,monmap=0+}) v3 -- 0x7f6304009550 con 0x7f631407a2f0
2024-03-14T09:46:32.804 INFO:teuthology.orchestra.run.smithi078.stdout:/usr/bin/ceph: stderr
2024-03-14T09:46:31.200+0000 7f6313400700 1 --2- 172.21.15.78:0/3253837603 >> [v2:172.21.15.78:3300/0,v1:172.21.15.78:6789/0] conn(0x7f631407a2f0 0x7f631419c880 secure :-1 s=READY pgs=56 cs=0 l=1 rev1=1 crypto rx=0x7f6304011670 tx=0x7f6304011a30 comp rx=0 tx=0).ready entity=mon.0 client_cookie=0 server_cookie=0 in_seq=0 out_seq=0
2024-03-14T09:46:32.804 INFO:teuthology.orchestra.run.smithi078.stdout:/usr/bin/ceph: stderr
2024-03-14T09:46:31.200+0000 7f630be00700 1 -- 172.21.15.78:0/3253837603 <== mon.0 v2:172.21.15.78:3300/0 1 ==== mon_map magic: 0 v1 ==== 205+0+0 (secure 0 0 0) 0x7f6304003b20 con 0x7f631407a2f0
2024-03-14T09:46:32.804 INFO:teuthology.orchestra.run.smithi078.stdout:/usr/bin/ceph: stderr
2024-03-14T09:46:31.200+0000 7f630be00700 1 -- 172.21.15.78:0/3253837603 <== mon.0 v2:172.21.15.78:3300/0 2 ==== config(26 keys) v1 ==== 1105+0+0 (secure 0 0 0) 0x7f6304003c80 con 0x7f631407a2f0
2024-03-14T09:46:32.804 INFO:teuthology.orchestra.run.smithi078.stdout:/usr/bin/ceph: stderr
2024-03-14T09:46:31.200+0000 7f630be00700 1 -- 172.21.15.78:0/3253837603 <== mon.0 v2:172.21.15.78:3300/0 3 ==== mon_map magic: 0 v1 ==== 205+0+0 (secure 0 0 0) 0x7f6304019770 con 0x7f631407a2f0
2024-03-14T09:46:32.804 INFO:teuthology.orchestra.run.smithi078.stdout:/usr/bin/ceph: stderr
2024-03-14T09:46:31.200+0000 7f631a000700 1 -- 172.21.15.78:0/3253837603 --> [v2:172.21.15.78:3300/0,v1:172.21.15.78:6789/0] -- mon_subscribe({mgrmap=0+}) v3 -- 0x7f631419cfc0 con 0x7f631407a2f0
2024-03-14T09:46:32.804 INFO:teuthology.orchestra.run.smithi078.stdout:/usr/bin/ceph: stderr
2024-03-14T09:46:31.200+0000 7f631a000700 1 -- 172.21.15.78:0/3253837603 --> [v2:172.21.15.78:3300/0,v1:172.21.15.78:6789/0] -- mon_subscribe({osdmap=0}) v3 -- 0x7f631419d460 con 0x7f631407a2f0
2024-03-14T09:46:32.804 INFO:teuthology.orchestra.run.smithi078.stdout:/usr/bin/ceph: stderr
2024-03-14T09:46:31.202+0000 7f630be00700 1 -- 172.21.15.78:0/3253837603 <== mon.0 v2:172.21.15.78:3300/0 4 ==== mgrmap(e 8) v1 ==== 45374+0+0 (secure 0 0 0) 0x7f630401a430 con 0x7f631407a2f0
2024-03-14T09:46:32.805 INFO:teuthology.orchestra.run.smithi078.stdout:/usr/bin/ceph: stderr
2024-03-14T09:46:31.202+0000 7f631a000700 1 -- 172.21.15.78:0/3253837603 --> [v2:172.21.15.78:3300/0,v1:172.21.15.78:6789/0] -- mon_command({"prefix": "get_command_descriptions"} v 0) v1 -- 0x7f631410cd10 con 0x7f631407a2f0
2024-03-14T09:46:32.805 INFO:teuthology.orchestra.run.smithi078.stdout:/usr/bin/ceph: stderr
2024-03-14T09:46:31.202+0000 7f630be00700 1 --2- 172.21.15.78:0/3253837603 >> [v2:172.21.15.78:6800/3890232539,v1:172.21.15.78:6801/3890232539] conn(0x7f62f8038520 0x7f62f803a9e0 unknown :-1 s=NONE pgs=0 cs=0 l=1 rev1=0 crypto rx=0 tx=0 comp rx=0 tx=0).connect
2024-03-14T09:46:32.805 INFO:teuthology.orchestra.run.smithi078.stdout:/usr/bin/ceph: stderr
2024-03-14T09:46:31.202+0000 7f630be00700 1 -- 172.21.15.78:0/3253837603 <== mon.0 v2:172.21.15.78:3300/0 5 ==== osd_map(2..2 src has 1..2) v4 ==== 940+0+0 (secure 0 0 0) 0x7f630404c630 con 0x7f631407a2f0
2024-03-14T09:46:32.805 INFO:teuthology.orchestra.run.smithi078.stdout:/usr/bin/ceph: stderr
2024-03-14T09:46:31.202+0000 7f6312a00700 1 --2- 172.21.15.78:0/3253837603 >> [v2:172.21.15.78:6800/3890232539,v1:172.21.15.78:6801/3890232539] conn(0x7f62f8038520 0x7f62f803a9e0 unknown :-1 s=BANNER_CONNECTING pgs=0 cs=0 l=1 rev1=0 crypto rx=0 tx=0 comp rx=0 tx=0)._handle_peer_banner_payload supported=3 required=0
2024-03-14T09:46:32.805 INFO:teuthology.orchestra.run.smithi078.stdout:/usr/bin/ceph: stderr
2024-03-14T09:46:31.203+0000 7f6312a00700 1 --2- 172.21.15.78:0/3253837603 >> [v2:172.21.15.78:6800/3890232539,v1:172.21.15.78:6801/3890232539] conn(0x7f62f8038520 0x7f62f803a9e0 secure :-1 s=READY pgs=16 cs=0 l=1 rev1=1 crypto rx=0x7f6300006fd0 tx=0x7f6300006e40 comp rx=0 tx=0).ready entity=mgr.14120 client_cookie=0 server_cookie=0 in_seq=0 out_seq=0
2024-03-14T09:46:32.805 INFO:teuthology.orchestra.run.smithi078.stdout:/usr/bin/ceph: stderr
2024-03-14T09:46:31.208+0000 7f630be00700 1 -- 172.21.15.78:0/3253837603 <== mon.0 v2:172.21.15.78:3300/0 6 ==== mon_command_ack([{"prefix": "get_command_descriptions"}]=0 v0) v1 ==== 72+0+182595 (secure 0 0 0) 0x7f630402d9a0 con 0x7f631407a2f0
2024-03-14T09:46:32.805 INFO:teuthology.orchestra.run.smithi078.stdout:/usr/bin/ceph: stderr
2024-03-14T09:46:31.490+0000 7f631a000700 1 -- 172.21.15.78:0/3253837603 --> [v2:172.21.15.78:3300/0,v1:172.21.15.78:6789/0] -- mon_command({"prefix": "mgr module enable", "module": "dashboard"} v 0) v1 -- 0x7f631410cf50 con 0x7f631407a2f0
2024-03-14T09:46:32.805 INFO:teuthology.orchestra.run.smithi078.stdout:/usr/bin/ceph: stderr
2024-03-14T09:46:32.437+0000 7f630be00700 1 -- 172.21.15.78:0/3253837603 <== mon.0 v2:172.21.15.78:3300/0 7 ==== mgrmap(e 9) v1 ==== 45387+0+0 (secure 0 0 0) 0x7f6304022d90 con 0x7f631407a2f0
2024-03-14T09:46:32.805 INFO:teuthology.orchestra.run.smithi078.stdout:/usr/bin/ceph: stderr
2024-03-14T09:46:32.439+0000 7f630be00700 1 -- 172.21.15.78:0/3253837603 <== mon.0 v2:172.21.15.78:3300/0 8 ==== mon_command_ack([{"prefix": "mgr module enable", "module": "dashboard"}]=0 v9) v1 ==== 88+0+0 (secure 0 0 0) 0x7f630400bdf0 con 0x7f631407a2f0
2024-03-14T09:46:32.805 INFO:teuthology.orchestra.run.smithi078.stdout:/usr/bin/ceph: stderr
2024-03-14T09:46:32.442+0000 7f631a000700 1 -- 172.21.15.78:0/3253837603 >> [v2:172.21.15.78:6800/3890232539,v1:172.21.15.78:6801/3890232539] conn(0x7f62f8038520 msgr2=0x7f62f803a9e0 secure :-1 s=STATE_CONNECTION_ESTABLISHED l=1).mark_down
2024-03-14T09:46:32.805 INFO:teuthology.orchestra.run.smithi078.stdout:/usr/bin/ceph: stderr
2024-03-14T09:46:32.442+0000 7f631a000700 1 --2- 172.21.15.78:0/3253837603 >> [v2:172.21.15.78:6800/3890232539,v1:172.21.15.78:6801/3890232539] conn(0x7f62f8038520 0x7f62f803a9e0 secure :-1 s=READY pgs=16 cs=0 l=1 rev1=1 crypto rx=0x7f6300006fd0 tx=0x7f6300006e40 comp rx=0 tx=0).stop
2024-03-14T09:46:32.805 INFO:teuthology.orchestra.run.smithi078.stdout:/usr/bin/ceph: stderr
2024-03-14T09:46:32.442+0000 7f631a000700 1 -- 172.21.15.78:0/3253837603 >> [v2:172.21.15.78:3300/0,v1:172.21.15.78:6789/0] conn(0x7f631407a2f0 msgr2=0x7f631419c880 secure :-1 s=STATE_CONNECTION_ESTABLISHED l=1).mark_down
2024-03-14T09:46:32.805 INFO:teuthology.orchestra.run.smithi078.stdout:/usr/bin/ceph: stderr
2024-03-14T09:46:32.442+0000 7f631a000700 1 --2- 172.21.15.78:0/3253837603 >> [v2:172.21.15.78:3300/0,v1:172.21.15.78:6789/0] conn(0x7f631407a2f0 0x7f631419c880 secure :-1 s=READY pgs=56 cs=0 l=1 rev1=1 crypto rx=0x7f6304011670 tx=0x7f6304011a30 comp rx=0 tx=0).stop
2024-03-14T09:46:32.805 INFO:teuthology.orchestra.run.smithi078.stdout:/usr/bin/ceph: stderr
2024-03-14T09:46:32.443+0000 7f631a000700 1 -- 172.21.15.78:0/3253837603 shutdown_connections
2024-03-14T09:46:32.806 INFO:teuthology.orchestra.run.smithi078.stdout:/usr/bin/ceph: stderr
2024-03-14T09:46:32.443+0000 7f631a000700 1 --2- 172.21.15.78:0/3253837603 >> [v2:172.21.15.78:6800/3890232539,v1:172.21.15.78:6801/3890232539] conn(0x7f62f8038520 0x7f62f803a9e0 unknown :-1 s=CLOSED pgs=16 cs=0 l=1 rev1=1 crypto rx=0 tx=0 comp rx=0 tx=0).stop
2024-03-14T09:46:32.806 INFO:teuthology.orchestra.run.smithi078.stdout:/usr/bin/ceph: stderr
2024-03-14T09:46:32.443+0000 7f631a000700 1 --2- 172.21.15.78:0/3253837603 >> [v2:172.21.15.78:3300/0,v1:172.21.15.78:6789/0] conn(0x7f631407a2f0 0x7f631419c880 unknown :-1 s=CLOSED pgs=56 cs=0 l=1 rev1=1 crypto rx=0 tx=0 comp rx=0 tx=0).stop
2024-03-14T09:46:32.806 INFO:teuthology.orchestra.run.smithi078.stdout:/usr/bin/ceph: stderr
2024-03-14T09:46:32.443+0000 7f631a000700 1 -- 172.21.15.78:0/3253837603 >> 172.21.15.78:0/3253837603 conn(0x7f6314101a70 msgr2=0x7f6314102560 unknown :-1 s=STATE_NONE l=0).mark_down
2024-03-14T09:46:32.806 INFO:teuthology.orchestra.run.smithi078.stdout:/usr/bin/ceph: stderr
2024-03-14T09:46:32.443+0000 7f631a000700 1 -- 172.21.15.78:0/3253837603 shutdown_connections
2024-03-14T09:46:32.806 INFO:teuthology.orchestra.run.smithi078.stdout:/usr/bin/ceph: stderr
2024-03-14T09:46:32.443+0000 7f631a000700 1 -- 172.21.15.78:0/3253837603 wait complete.
2024-03-14T09:46:33.430 INFO:journalctl@ceph.mgr.x.smithi078.stdout:Mar 14 09:46:33 smithi078 ceph-83662c4e-e1e7-11ee-95c9-87774f69a715-mgr-x[38394]:
2024-03-14T09:46:33.073+0000 7fcb142bc200 -1 mgr[py] Module prometheus has missing NOTIFY_TYPES member
2024-03-14T09:46:33.430 INFO:journalctl@ceph.mgr.x.smithi078.stdout:Mar 14 09:46:33 smithi078 ceph-83662c4e-e1e7-11ee-95c9-87774f69a715-mgr-x[38394]:
2024-03-14T09:46:33.197+0000 7fcb142bc200 -1 mgr[py] Module alerts has missing NOTIFY_TYPES member
2024-03-14T09:46:33.430 INFO:journalctl@ceph.mgr.x.smithi078.stdout:Mar 14 09:46:33 smithi078 ceph-83662c4e-e1e7-11ee-95c9-87774f69a715-mgr-x[38394]:
2024-03-14T09:46:33.316+0000 7fcb142bc200 -1 mgr[py] Module osd_perf_query has missing NOTIFY_TYPES member
2024-03-14T09:46:33.721 INFO:journalctl@ceph.mgr.x.smithi078.stdout:Mar 14 09:46:33 smithi078 ceph-83662c4e-e1e7-11ee-95c9-87774f69a715-mgr-x[38394]:
2024-03-14T09:46:33.429+0000 7fcb142bc200 -1 mgr[py] Module progress has missing NOTIFY_TYPES member
2024-03-14T09:46:33.721 INFO:journalctl@ceph.mon.a.smithi078.stdout:Mar 14 09:46:33 smithi078 ceph-mon[38143]: from='client.? 172.21.15.78:0/3253837603' entity='client.admin' cmd='[{"prefix": "mgr module enable", "module": "dashboard"}]': finished
2024-03-14T09:46:33.722 INFO:journalctl@ceph.mon.a.smithi078.stdout:Mar 14 09:46:33 smithi078 ceph-mon[38143]: mgrmap e9: x(active, since 15s)
2024-03-14T09:46:33.874 INFO:teuthology.orchestra.run.smithi078.stdout:/usr/bin/ceph: stdout {
2024-03-14T09:46:33.874 INFO:teuthology.orchestra.run.smithi078.stdout:/usr/bin/ceph: stdout "epoch": 9,
2024-03-14T09:46:33.874 INFO:teuthology.orchestra.run.smithi078.stdout:/usr/bin/ceph: stdout "available": true,
2024-03-14T09:46:33.874 INFO:teuthology.orchestra.run.smithi078.stdout:/usr/bin/ceph: stdout "active_name": "x",
2024-03-14T09:46:33.875 INFO:teuthology.orchestra.run.smithi078.stdout:/usr/bin/ceph: stdout "num_standby": 0
2024-03-14T09:46:33.875 INFO:teuthology.orchestra.run.smithi078.stdout:/usr/bin/ceph: stdout }
2024-03-14T09:46:33.875 INFO:teuthology.orchestra.run.smithi078.stdout:/usr/bin/ceph: stderr
2024-03-14T09:46:33.228+0000 7f2e2b600700 1 Processor -- start
2024-03-14T09:46:33.875 INFO:teuthology.orchestra.run.smithi078.stdout:/usr/bin/ceph: stderr
2024-03-14T09:46:33.228+0000 7f2e2b600700 1 -- start start
2024-03-14T09:46:33.875 INFO:teuthology.orchestra.run.smithi078.stdout:/usr/bin/ceph: stderr
2024-03-14T09:46:33.229+0000 7f2e2b600700 1 --2- >> [v2:172.21.15.78:3300/0,v1:172.21.15.78:6789/0] conn(0x7f2e2407a2d0 0x7f2e2407a6f0 unknown :-1 s=NONE pgs=0 cs=0 l=0 rev1=0 crypto rx=0 tx=0 comp rx=0 tx=0).connect
2024-03-14T09:46:33.875 INFO:teuthology.orchestra.run.smithi078.stdout:/usr/bin/ceph: stderr
2024-03-14T09:46:33.229+0000 7f2e2b600700 1 -- --> [v2:172.21.15.78:3300/0,v1:172.21.15.78:6789/0] -- mon_getmap magic: 0 v1 -- 0x7f2e2407acc0 con 0x7f2e2407a2d0
2024-03-14T09:46:33.875 INFO:teuthology.orchestra.run.smithi078.stdout:/usr/bin/ceph: stderr
2024-03-14T09:46:33.229+0000 7f2e28c00700 1 --2- >> [v2:172.21.15.78:3300/0,v1:172.21.15.78:6789/0] conn(0x7f2e2407a2d0 0x7f2e2407a6f0 unknown :-1 s=BANNER_CONNECTING pgs=0 cs=0 l=0 rev1=0 crypto rx=0 tx=0 comp rx=0 tx=0)._handle_peer_banner_payload supported=3 required=0
2024-03-14T09:46:33.875 INFO:teuthology.orchestra.run.smithi078.stdout:/usr/bin/ceph: stderr
2024-03-14T09:46:33.229+0000 7f2e28c00700 1 --2- >> [v2:172.21.15.78:3300/0,v1:172.21.15.78:6789/0] conn(0x7f2e2407a2d0 0x7f2e2407a6f0 unknown :-1 s=HELLO_CONNECTING pgs=0 cs=0 l=0 rev1=1 crypto rx=0 tx=0 comp rx=0 tx=0).handle_hello peer v2:172.21.15.78:3300/0 says I am v2:172.21.15.78:39468/0 (socket says 172.21.15.78:39468)
2024-03-14T09:46:33.875 INFO:teuthology.orchestra.run.smithi078.stdout:/usr/bin/ceph: stderr
2024-03-14T09:46:33.229+0000 7f2e28c00700 1 -- 172.21.15.78:0/2890782291 learned_addr learned my addr 172.21.15.78:0/2890782291 (peer_addr_for_me v2:172.21.15.78:0/0)
2024-03-14T09:46:33.875 INFO:teuthology.orchestra.run.smithi078.stdout:/usr/bin/ceph: stderr
2024-03-14T09:46:33.230+0000 7f2e28c00700 1 -- 172.21.15.78:0/2890782291 --> [v2:172.21.15.78:3300/0,v1:172.21.15.78:6789/0] -- mon_subscribe({config=0+,monmap=0+}) v3 -- 0x7f2e2407ae00 con 0x7f2e2407a2d0
2024-03-14T09:46:33.875 INFO:teuthology.orchestra.run.smithi078.stdout:/usr/bin/ceph: stderr
2024-03-14T09:46:33.230+0000 7f2e28c00700 1 --2- 172.21.15.78:0/2890782291 >> [v2:172.21.15.78:3300/0,v1:172.21.15.78:6789/0] conn(0x7f2e2407a2d0 0x7f2e2407a6f0 secure :-1 s=READY pgs=59 cs=0 l=1 rev1=1 crypto rx=0x7f2e180098a0 tx=0x7f2e18009bb0 comp rx=0 tx=0).ready entity=mon.0 client_cookie=10d8048c68c5890b server_cookie=0 in_seq=0 out_seq=0
2024-03-14T09:46:33.875 INFO:teuthology.orchestra.run.smithi078.stdout:/usr/bin/ceph: stderr
2024-03-14T09:46:33.230+0000 7f2e23400700 1 -- 172.21.15.78:0/2890782291 <== mon.0 v2:172.21.15.78:3300/0 1 ==== mon_map magic: 0 v1 ==== 205+0+0 (secure 0 0 0) 0x7f2e18004160 con 0x7f2e2407a2d0
2024-03-14T09:46:33.875 INFO:teuthology.orchestra.run.smithi078.stdout:/usr/bin/ceph: stderr
2024-03-14T09:46:33.230+0000 7f2e23400700 1 -- 172.21.15.78:0/2890782291 <== mon.0 v2:172.21.15.78:3300/0 2 ==== config(26 keys) v1 ==== 1105+0+0 (secure 0 0 0) 0x7f2e180042c0 con 0x7f2e2407a2d0
2024-03-14T09:46:33.875 INFO:teuthology.orchestra.run.smithi078.stdout:/usr/bin/ceph: stderr
2024-03-14T09:46:33.230+0000 7f2e23400700 1 -- 172.21.15.78:0/2890782291 <== mon.0 v2:172.21.15.78:3300/0 3 ==== mon_map magic: 0 v1 ==== 205+0+0 (secure 0 0 0) 0x7f2e180119b0 con 0x7f2e2407a2d0
2024-03-14T09:46:33.876 INFO:teuthology.orchestra.run.smithi078.stdout:/usr/bin/ceph: stderr
2024-03-14T09:46:33.231+0000 7f2e2b600700 1 -- 172.21.15.78:0/2890782291 >> [v2:172.21.15.78:3300/0,v1:172.21.15.78:6789/0] conn(0x7f2e2407a2d0 msgr2=0x7f2e2407a6f0 secure :-1 s=STATE_CONNECTION_ESTABLISHED l=1).mark_down
2024-03-14T09:46:33.876 INFO:teuthology.orchestra.run.smithi078.stdout:/usr/bin/ceph: stderr
2024-03-14T09:46:33.231+0000 7f2e2b600700 1 --2- 172.21.15.78:0/2890782291 >> [v2:172.21.15.78:3300/0,v1:172.21.15.78:6789/0] conn(0x7f2e2407a2d0 0x7f2e2407a6f0 secure :-1 s=READY pgs=59 cs=0 l=1 rev1=1 crypto rx=0x7f2e180098a0 tx=0x7f2e18009bb0 comp rx=0 tx=0).stop
2024-03-14T09:46:33.876 INFO:teuthology.orchestra.run.smithi078.stdout:/usr/bin/ceph: stderr
2024-03-14T09:46:33.231+0000 7f2e2b600700 1 -- 172.21.15.78:0/2890782291 shutdown_connections
2024-03-14T09:46:33.876 INFO:teuthology.orchestra.run.smithi078.stdout:/usr/bin/ceph: stderr
2024-03-14T09:46:33.231+0000 7f2e2b600700 1 --2- 172.21.15.78:0/2890782291 >> [v2:172.21.15.78:3300/0,v1:172.21.15.78:6789/0] conn(0x7f2e2407a2d0 0x7f2e2407a6f0 unknown :-1 s=CLOSED pgs=59 cs=0 l=1 rev1=1 crypto rx=0 tx=0 comp rx=0 tx=0).stop
