2024-03-14T09:46:22.979+0000 7f2c56000700 1 --2- 172.21.15.78:0/2861879267 >> [v2:172.21.15.78:3300/0,v1:172.21.15.78:6789/0] conn(0x7f2c501068d0 0x7f2c501076b0 secure :-1 s=READY pgs=45 cs=0 l=1 rev1=1 crypto rx=0x7f2c400098a0 tx=0x7f2c40009bb0 comp rx=0 tx=0).stop
2024-03-14T09:46:26.482 INFO:teuthology.orchestra.run.smithi078.stdout:/usr/bin/ceph: stderr
2024-03-14T09:46:22.979+0000 7f2c56000700 1 -- 172.21.15.78:0/2861879267 shutdown_connections
2024-03-14T09:46:26.482 INFO:teuthology.orchestra.run.smithi078.stdout:/usr/bin/ceph: stderr
2024-03-14T09:46:22.979+0000 7f2c56000700 1 --2- 172.21.15.78:0/2861879267 >> [v2:172.21.15.78:3300/0,v1:172.21.15.78:6789/0] conn(0x7f2c501068d0 0x7f2c501076b0 unknown :-1 s=CLOSED pgs=45 cs=0 l=1 rev1=1 crypto rx=0 tx=0 comp rx=0 tx=0).stop
2024-03-14T09:46:26.483 INFO:teuthology.orchestra.run.smithi078.stdout:/usr/bin/ceph: stderr
2024-03-14T09:46:22.979+0000 7f2c56000700 1 -- 172.21.15.78:0/2861879267 >> 172.21.15.78:0/2861879267 conn(0x7f2c50101a70 msgr2=0x7f2c50103e90 unknown :-1 s=STATE_NONE l=0).mark_down
2024-03-14T09:46:26.483 INFO:teuthology.orchestra.run.smithi078.stdout:/usr/bin/ceph: stderr
2024-03-14T09:46:22.979+0000 7f2c56000700 1 -- 172.21.15.78:0/2861879267 shutdown_connections
2024-03-14T09:46:26.483 INFO:teuthology.orchestra.run.smithi078.stdout:/usr/bin/ceph: stderr
2024-03-14T09:46:22.979+0000 7f2c56000700 1 -- 172.21.15.78:0/2861879267 wait complete.
2024-03-14T09:46:26.483 INFO:teuthology.orchestra.run.smithi078.stdout:/usr/bin/ceph: stderr
2024-03-14T09:46:22.980+0000 7f2c56000700 1 Processor -- start
2024-03-14T09:46:26.483 INFO:teuthology.orchestra.run.smithi078.stdout:/usr/bin/ceph: stderr
2024-03-14T09:46:22.980+0000 7f2c56000700 1 -- start start
2024-03-14T09:46:26.483 INFO:teuthology.orchestra.run.smithi078.stdout:/usr/bin/ceph: stderr
2024-03-14T09:46:22.980+0000 7f2c56000700 1 --2- >> [v2:172.21.15.78:3300/0,v1:172.21.15.78:6789/0] conn(0x7f2c501068d0 0x7f2c5007bb30 unknown :-1 s=NONE pgs=0 cs=0 l=1 rev1=0 crypto rx=0 tx=0 comp rx=0 tx=0).connect
2024-03-14T09:46:26.483 INFO:teuthology.orchestra.run.smithi078.stdout:/usr/bin/ceph: stderr
2024-03-14T09:46:22.980+0000 7f2c56000700 1 -- --> [v2:172.21.15.78:3300/0,v1:172.21.15.78:6789/0] -- mon_getmap magic: 0 v1 -- 0x7f2c5007c070 con 0x7f2c501068d0
2024-03-14T09:46:26.483 INFO:teuthology.orchestra.run.smithi078.stdout:/usr/bin/ceph: stderr
2024-03-14T09:46:22.981+0000 7f2c4f400700 1 --2- >> [v2:172.21.15.78:3300/0,v1:172.21.15.78:6789/0] conn(0x7f2c501068d0 0x7f2c5007bb30 unknown :-1 s=BANNER_CONNECTING pgs=0 cs=0 l=1 rev1=0 crypto rx=0 tx=0 comp rx=0 tx=0)._handle_peer_banner_payload supported=3 required=0
2024-03-14T09:46:26.483 INFO:teuthology.orchestra.run.smithi078.stdout:/usr/bin/ceph: stderr
2024-03-14T09:46:22.981+0000 7f2c4f400700 1 --2- >> [v2:172.21.15.78:3300/0,v1:172.21.15.78:6789/0] conn(0x7f2c501068d0 0x7f2c5007bb30 unknown :-1 s=HELLO_CONNECTING pgs=0 cs=0 l=1 rev1=1 crypto rx=0 tx=0 comp rx=0 tx=0).handle_hello peer v2:172.21.15.78:3300/0 says I am v2:172.21.15.78:42836/0 (socket says 172.21.15.78:42836)
2024-03-14T09:46:26.483 INFO:teuthology.orchestra.run.smithi078.stdout:/usr/bin/ceph: stderr
2024-03-14T09:46:22.981+0000 7f2c4f400700 1 -- 172.21.15.78:0/3344827465 learned_addr learned my addr 172.21.15.78:0/3344827465 (peer_addr_for_me v2:172.21.15.78:0/0)
2024-03-14T09:46:26.483 INFO:teuthology.orchestra.run.smithi078.stdout:/usr/bin/ceph: stderr
2024-03-14T09:46:22.981+0000 7f2c4f400700 1 -- 172.21.15.78:0/3344827465 --> [v2:172.21.15.78:3300/0,v1:172.21.15.78:6789/0] -- mon_subscribe({config=0+,monmap=0+}) v3 -- 0x7f2c40009550 con 0x7f2c501068d0
2024-03-14T09:46:26.483 INFO:teuthology.orchestra.run.smithi078.stdout:/usr/bin/ceph: stderr
2024-03-14T09:46:22.981+0000 7f2c4f400700 1 --2- 172.21.15.78:0/3344827465 >> [v2:172.21.15.78:3300/0,v1:172.21.15.78:6789/0] conn(0x7f2c501068d0 0x7f2c5007bb30 secure :-1 s=READY pgs=46 cs=0 l=1 rev1=1 crypto rx=0x7f2c40009130 tx=0x7f2c40011ad0 comp rx=0 tx=0).ready entity=mon.0 client_cookie=0 server_cookie=0 in_seq=0 out_seq=0
2024-03-14T09:46:26.483 INFO:teuthology.orchestra.run.smithi078.stdout:/usr/bin/ceph: stderr
2024-03-14T09:46:22.981+0000 7f2c47e00700 1 -- 172.21.15.78:0/3344827465 <== mon.0 v2:172.21.15.78:3300/0 1 ==== mon_map magic: 0 v1 ==== 205+0+0 (secure 0 0 0) 0x7f2c40003ab0 con 0x7f2c501068d0
2024-03-14T09:46:26.483 INFO:teuthology.orchestra.run.smithi078.stdout:/usr/bin/ceph: stderr
2024-03-14T09:46:22.981+0000 7f2c47e00700 1 -- 172.21.15.78:0/3344827465 <== mon.0 v2:172.21.15.78:3300/0 2 ==== config(26 keys) v1 ==== 1074+0+0 (secure 0 0 0) 0x7f2c40003c10 con 0x7f2c501068d0
2024-03-14T09:46:26.484 INFO:teuthology.orchestra.run.smithi078.stdout:/usr/bin/ceph: stderr
2024-03-14T09:46:22.981+0000 7f2c47e00700 1 -- 172.21.15.78:0/3344827465 <== mon.0 v2:172.21.15.78:3300/0 3 ==== mon_map magic: 0 v1 ==== 205+0+0 (secure 0 0 0) 0x7f2c400247d0 con 0x7f2c501068d0
2024-03-14T09:46:26.484 INFO:teuthology.orchestra.run.smithi078.stdout:/usr/bin/ceph: stderr
2024-03-14T09:46:22.982+0000 7f2c56000700 1 -- 172.21.15.78:0/3344827465 --> [v2:172.21.15.78:3300/0,v1:172.21.15.78:6789/0] -- mon_subscribe({mgrmap=0+}) v3 -- 0x7f2c5007a2b0 con 0x7f2c501068d0
2024-03-14T09:46:26.484 INFO:teuthology.orchestra.run.smithi078.stdout:/usr/bin/ceph: stderr
2024-03-14T09:46:22.982+0000 7f2c56000700 1 -- 172.21.15.78:0/3344827465 --> [v2:172.21.15.78:3300/0,v1:172.21.15.78:6789/0] -- mon_subscribe({osdmap=0}) v3 -- 0x7f2c5007a750 con 0x7f2c501068d0
2024-03-14T09:46:26.484 INFO:teuthology.orchestra.run.smithi078.stdout:/usr/bin/ceph: stderr
2024-03-14T09:46:22.983+0000 7f2c47e00700 1 -- 172.21.15.78:0/3344827465 <== mon.0 v2:172.21.15.78:3300/0 4 ==== mgrmap(e 8) v1 ==== 45374+0+0 (secure 0 0 0) 0x7f2c4001a430 con 0x7f2c501068d0
2024-03-14T09:46:26.484 INFO:teuthology.orchestra.run.smithi078.stdout:/usr/bin/ceph: stderr
2024-03-14T09:46:22.983+0000 7f2c45600700 1 -- 172.21.15.78:0/3344827465 --> [v2:172.21.15.78:3300/0,v1:172.21.15.78:6789/0] -- mon_command({"prefix": "get_command_descriptions"} v 0) v1 -- 0x7f2c500623e0 con 0x7f2c501068d0
2024-03-14T09:46:26.484 INFO:teuthology.orchestra.run.smithi078.stdout:/usr/bin/ceph: stderr
2024-03-14T09:46:22.983+0000 7f2c47e00700 1 --2- 172.21.15.78:0/3344827465 >> [v2:172.21.15.78:6800/3890232539,v1:172.21.15.78:6801/3890232539] conn(0x7f2c340384d0 0x7f2c3403a990 unknown :-1 s=NONE pgs=0 cs=0 l=1 rev1=0 crypto rx=0 tx=0 comp rx=0 tx=0).connect
2024-03-14T09:46:26.484 INFO:teuthology.orchestra.run.smithi078.stdout:/usr/bin/ceph: stderr
2024-03-14T09:46:22.983+0000 7f2c47e00700 1 -- 172.21.15.78:0/3344827465 <== mon.0 v2:172.21.15.78:3300/0 5 ==== osd_map(2..2 src has 1..2) v4 ==== 940+0+0 (secure 0 0 0) 0x7f2c4004c5e0 con 0x7f2c501068d0
2024-03-14T09:46:26.484 INFO:teuthology.orchestra.run.smithi078.stdout:/usr/bin/ceph: stderr
2024-03-14T09:46:22.983+0000 7f2c4ea00700 1 --2- 172.21.15.78:0/3344827465 >> [v2:172.21.15.78:6800/3890232539,v1:172.21.15.78:6801/3890232539] conn(0x7f2c340384d0 0x7f2c3403a990 unknown :-1 s=BANNER_CONNECTING pgs=0 cs=0 l=1 rev1=0 crypto rx=0 tx=0 comp rx=0 tx=0)._handle_peer_banner_payload supported=3 required=0
2024-03-14T09:46:26.484 INFO:teuthology.orchestra.run.smithi078.stdout:/usr/bin/ceph: stderr
2024-03-14T09:46:22.984+0000 7f2c4ea00700 1 --2- 172.21.15.78:0/3344827465 >> [v2:172.21.15.78:6800/3890232539,v1:172.21.15.78:6801/3890232539] conn(0x7f2c340384d0 0x7f2c3403a990 secure :-1 s=READY pgs=11 cs=0 l=1 rev1=1 crypto rx=0x7f2c3c006fd0 tx=0x7f2c3c006e40 comp rx=0 tx=0).ready entity=mgr.14120 client_cookie=0 server_cookie=0 in_seq=0 out_seq=0
2024-03-14T09:46:26.484 INFO:teuthology.orchestra.run.smithi078.stdout:/usr/bin/ceph: stderr
2024-03-14T09:46:22.989+0000 7f2c47e00700 1 -- 172.21.15.78:0/3344827465 <== mon.0 v2:172.21.15.78:3300/0 6 ==== mon_command_ack([{"prefix": "get_command_descriptions"}]=0 v0) v1 ==== 72+0+182595 (secure 0 0 0) 0x7f2c40018530 con 0x7f2c501068d0
2024-03-14T09:46:26.484 INFO:teuthology.orchestra.run.smithi078.stdout:/usr/bin/ceph: stderr
2024-03-14T09:46:23.198+0000 7f2c45600700 1 -- 172.21.15.78:0/3344827465 --> [v2:172.21.15.78:6800/3890232539,v1:172.21.15.78:6801/3890232539] -- mgr_command(tid 0: {"prefix": "orch host add", "hostname": "smithi078", "addr": "172.21.15.78", "target": ["mon-mgr", ""]}) v1 -- 0x7f2c5007a990 con 0x7f2c340384d0
2024-03-14T09:46:26.484 INFO:teuthology.orchestra.run.smithi078.stdout:/usr/bin/ceph: stderr
2024-03-14T09:46:26.110+0000 7f2c47e00700 1 -- 172.21.15.78:0/3344827465 <== mgr.14120 v2:172.21.15.78:6800/3890232539 1 ==== mgr_command_reply(tid 0: 0 ) v1 ==== 8+0+48 (secure 0 0 0) 0x7f2c5007a990 con 0x7f2c340384d0
2024-03-14T09:46:26.484 INFO:teuthology.orchestra.run.smithi078.stdout:/usr/bin/ceph: stderr
2024-03-14T09:46:26.113+0000 7f2c45600700 1 -- 172.21.15.78:0/3344827465 >> [v2:172.21.15.78:6800/3890232539,v1:172.21.15.78:6801/3890232539] conn(0x7f2c340384d0 msgr2=0x7f2c3403a990 secure :-1 s=STATE_CONNECTION_ESTABLISHED l=1).mark_down
2024-03-14T09:46:26.484 INFO:teuthology.orchestra.run.smithi078.stdout:/usr/bin/ceph: stderr
2024-03-14T09:46:26.113+0000 7f2c45600700 1 --2- 172.21.15.78:0/3344827465 >> [v2:172.21.15.78:6800/3890232539,v1:172.21.15.78:6801/3890232539] conn(0x7f2c340384d0 0x7f2c3403a990 secure :-1 s=READY pgs=11 cs=0 l=1 rev1=1 crypto rx=0x7f2c3c006fd0 tx=0x7f2c3c006e40 comp rx=0 tx=0).stop
2024-03-14T09:46:26.484 INFO:teuthology.orchestra.run.smithi078.stdout:/usr/bin/ceph: stderr
2024-03-14T09:46:26.113+0000 7f2c45600700 1 -- 172.21.15.78:0/3344827465 >> [v2:172.21.15.78:3300/0,v1:172.21.15.78:6789/0] conn(0x7f2c501068d0 msgr2=0x7f2c5007bb30 secure :-1 s=STATE_CONNECTION_ESTABLISHED l=1).mark_down
2024-03-14T09:46:26.485 INFO:teuthology.orchestra.run.smithi078.stdout:/usr/bin/ceph: stderr
2024-03-14T09:46:26.113+0000 7f2c45600700 1 --2- 172.21.15.78:0/3344827465 >> [v2:172.21.15.78:3300/0,v1:172.21.15.78:6789/0] conn(0x7f2c501068d0 0x7f2c5007bb30 secure :-1 s=READY pgs=46 cs=0 l=1 rev1=1 crypto rx=0x7f2c40009130 tx=0x7f2c40011ad0 comp rx=0 tx=0).stop
2024-03-14T09:46:26.485 INFO:teuthology.orchestra.run.smithi078.stdout:/usr/bin/ceph: stderr
2024-03-14T09:46:26.113+0000 7f2c45600700 1 -- 172.21.15.78:0/3344827465 shutdown_connections
2024-03-14T09:46:26.485 INFO:teuthology.orchestra.run.smithi078.stdout:/usr/bin/ceph: stderr
2024-03-14T09:46:26.113+0000 7f2c45600700 1 --2- 172.21.15.78:0/3344827465 >> [v2:172.21.15.78:6800/3890232539,v1:172.21.15.78:6801/3890232539] conn(0x7f2c340384d0 0x7f2c3403a990 unknown :-1 s=CLOSED pgs=11 cs=0 l=1 rev1=1 crypto rx=0 tx=0 comp rx=0 tx=0).stop
2024-03-14T09:46:26.485 INFO:teuthology.orchestra.run.smithi078.stdout:/usr/bin/ceph: stderr
2024-03-14T09:46:26.113+0000 7f2c45600700 1 --2- 172.21.15.78:0/3344827465 >> [v2:172.21.15.78:3300/0,v1:172.21.15.78:6789/0] conn(0x7f2c501068d0 0x7f2c5007bb30 unknown :-1 s=CLOSED pgs=46 cs=0 l=1 rev1=1 crypto rx=0 tx=0 comp rx=0 tx=0).stop
2024-03-14T09:46:26.485 INFO:teuthology.orchestra.run.smithi078.stdout:/usr/bin/ceph: stderr
2024-03-14T09:46:26.113+0000 7f2c45600700 1 -- 172.21.15.78:0/3344827465 >> 172.21.15.78:0/3344827465 conn(0x7f2c50101a70 msgr2=0x7f2c50102620 unknown :-1 s=STATE_NONE l=0).mark_down
2024-03-14T09:46:26.485 INFO:teuthology.orchestra.run.smithi078.stdout:/usr/bin/ceph: stderr
2024-03-14T09:46:26.114+0000 7f2c45600700 1 -- 172.21.15.78:0/3344827465 shutdown_connections
2024-03-14T09:46:26.485 INFO:teuthology.orchestra.run.smithi078.stdout:/usr/bin/ceph: stderr
2024-03-14T09:46:26.114+0000 7f2c45600700 1 -- 172.21.15.78:0/3344827465 wait complete.
2024-03-14T09:46:26.485 INFO:teuthology.orchestra.run.smithi078.stdout:Deploying unmanaged mon service...
2024-03-14T09:46:27.303 INFO:journalctl@ceph.mon.a.smithi078.stdout:Mar 14 09:46:27 smithi078 ceph-mon[38143]: from='mgr.14120 172.21.15.78:0/3820345366' entity='mgr.x'
2024-03-14T09:46:27.303 INFO:journalctl@ceph.mon.a.smithi078.stdout:Mar 14 09:46:27 smithi078 ceph-mon[38143]: Added host smithi078
2024-03-14T09:46:27.303 INFO:journalctl@ceph.mon.a.smithi078.stdout:Mar 14 09:46:27 smithi078 ceph-mon[38143]: from='mgr.14120 172.21.15.78:0/3820345366' entity='mgr.x' cmd=[{"prefix": "config dump", "format": "json"}]: dispatch
2024-03-14T09:46:27.682 INFO:teuthology.orchestra.run.smithi078.stdout:/usr/bin/ceph: stdout Scheduled mon update...
2024-03-14T09:46:27.683 INFO:teuthology.orchestra.run.smithi078.stdout:/usr/bin/ceph: stderr
2024-03-14T09:46:26.937+0000 7f1d0c600700 1 Processor -- start
2024-03-14T09:46:27.683 INFO:teuthology.orchestra.run.smithi078.stdout:/usr/bin/ceph: stderr
2024-03-14T09:46:26.937+0000 7f1d0c600700 1 -- start start
2024-03-14T09:46:27.683 INFO:teuthology.orchestra.run.smithi078.stdout:/usr/bin/ceph: stderr
2024-03-14T09:46:26.937+0000 7f1d0c600700 1 --2- >> [v2:172.21.15.78:3300/0,v1:172.21.15.78:6789/0] conn(0x7f1d04107350 0x7f1d04109740 unknown :-1 s=NONE pgs=0 cs=0 l=0 rev1=0 crypto rx=0 tx=0 comp rx=0 tx=0).connect
2024-03-14T09:46:27.683 INFO:teuthology.orchestra.run.smithi078.stdout:/usr/bin/ceph: stderr
2024-03-14T09:46:26.937+0000 7f1d0c600700 1 -- --> [v2:172.21.15.78:3300/0,v1:172.21.15.78:6789/0] -- mon_getmap magic: 0 v1 -- 0x7f1d04079ec0 con 0x7f1d04107350
2024-03-14T09:46:27.683 INFO:teuthology.orchestra.run.smithi078.stdout:/usr/bin/ceph: stderr
2024-03-14T09:46:26.938+0000 7f1d09c00700 1 --2- >> [v2:172.21.15.78:3300/0,v1:172.21.15.78:6789/0] conn(0x7f1d04107350 0x7f1d04109740 unknown :-1 s=BANNER_CONNECTING pgs=0 cs=0 l=0 rev1=0 crypto rx=0 tx=0 comp rx=0 tx=0)._handle_peer_banner_payload supported=3 required=0
2024-03-14T09:46:27.683 INFO:teuthology.orchestra.run.smithi078.stdout:/usr/bin/ceph: stderr
2024-03-14T09:46:26.938+0000 7f1d09c00700 1 --2- >> [v2:172.21.15.78:3300/0,v1:172.21.15.78:6789/0] conn(0x7f1d04107350 0x7f1d04109740 unknown :-1 s=HELLO_CONNECTING pgs=0 cs=0 l=0 rev1=1 crypto rx=0 tx=0 comp rx=0 tx=0).handle_hello peer v2:172.21.15.78:3300/0 says I am v2:172.21.15.78:39360/0 (socket says 172.21.15.78:39360)
2024-03-14T09:46:27.683 INFO:teuthology.orchestra.run.smithi078.stdout:/usr/bin/ceph: stderr
2024-03-14T09:46:26.938+0000 7f1d09c00700 1 -- 172.21.15.78:0/2433181119 learned_addr learned my addr 172.21.15.78:0/2433181119 (peer_addr_for_me v2:172.21.15.78:0/0)
2024-03-14T09:46:27.683 INFO:teuthology.orchestra.run.smithi078.stdout:/usr/bin/ceph: stderr
2024-03-14T09:46:26.938+0000 7f1d09c00700 1 -- 172.21.15.78:0/2433181119 --> [v2:172.21.15.78:3300/0,v1:172.21.15.78:6789/0] -- mon_subscribe({config=0+,monmap=0+}) v3 -- 0x7f1d04109c80 con 0x7f1d04107350
2024-03-14T09:46:27.683 INFO:teuthology.orchestra.run.smithi078.stdout:/usr/bin/ceph: stderr
2024-03-14T09:46:26.938+0000 7f1d09c00700 1 --2- 172.21.15.78:0/2433181119 >> [v2:172.21.15.78:3300/0,v1:172.21.15.78:6789/0] conn(0x7f1d04107350 0x7f1d04109740 secure :-1 s=READY pgs=47 cs=0 l=1 rev1=1 crypto rx=0x7f1cf80098a0 tx=0x7f1cf8009bb0 comp rx=0 tx=0).ready entity=mon.0 client_cookie=625dc0f0e8d68429 server_cookie=0 in_seq=0 out_seq=0
2024-03-14T09:46:27.683 INFO:teuthology.orchestra.run.smithi078.stdout:/usr/bin/ceph: stderr
2024-03-14T09:46:26.939+0000 7f1d03e00700 1 -- 172.21.15.78:0/2433181119 <== mon.0 v2:172.21.15.78:3300/0 1 ==== mon_map magic: 0 v1 ==== 205+0+0 (secure 0 0 0) 0x7f1cf8004160 con 0x7f1d04107350
2024-03-14T09:46:27.683 INFO:teuthology.orchestra.run.smithi078.stdout:/usr/bin/ceph: stderr
2024-03-14T09:46:26.939+0000 7f1d03e00700 1 -- 172.21.15.78:0/2433181119 <== mon.0 v2:172.21.15.78:3300/0 2 ==== config(26 keys) v1 ==== 1074+0+0 (secure 0 0 0) 0x7f1cf80042c0 con 0x7f1d04107350
2024-03-14T09:46:27.683 INFO:teuthology.orchestra.run.smithi078.stdout:/usr/bin/ceph: stderr
2024-03-14T09:46:26.939+0000 7f1d03e00700 1 -- 172.21.15.78:0/2433181119 <== mon.0 v2:172.21.15.78:3300/0 3 ==== mon_map magic: 0 v1 ==== 205+0+0 (secure 0 0 0) 0x7f1cf8011a00 con 0x7f1d04107350
2024-03-14T09:46:27.683 INFO:teuthology.orchestra.run.smithi078.stdout:/usr/bin/ceph: stderr
2024-03-14T09:46:26.939+0000 7f1d0c600700 1 -- 172.21.15.78:0/2433181119 >> [v2:172.21.15.78:3300/0,v1:172.21.15.78:6789/0] conn(0x7f1d04107350 msgr2=0x7f1d04109740 secure :-1 s=STATE_CONNECTION_ESTABLISHED l=1).mark_down
2024-03-14T09:46:27.684 INFO:teuthology.orchestra.run.smithi078.stdout:/usr/bin/ceph: stderr
2024-03-14T09:46:26.939+0000 7f1d0c600700 1 --2- 172.21.15.78:0/2433181119 >> [v2:172.21.15.78:3300/0,v1:172.21.15.78:6789/0] conn(0x7f1d04107350 0x7f1d04109740 secure :-1 s=READY pgs=47 cs=0 l=1 rev1=1 crypto rx=0x7f1cf80098a0 tx=0x7f1cf8009bb0 comp rx=0 tx=0).stop
2024-03-14T09:46:27.684 INFO:teuthology.orchestra.run.smithi078.stdout:/usr/bin/ceph: stderr
2024-03-14T09:46:26.939+0000 7f1d0c600700 1 -- 172.21.15.78:0/2433181119 shutdown_connections
2024-03-14T09:46:27.684 INFO:teuthology.orchestra.run.smithi078.stdout:/usr/bin/ceph: stderr
2024-03-14T09:46:26.939+0000 7f1d0c600700 1 --2- 172.21.15.78:0/2433181119 >> [v2:172.21.15.78:3300/0,v1:172.21.15.78:6789/0] conn(0x7f1d04107350 0x7f1d04109740 unknown :-1 s=CLOSED pgs=47 cs=0 l=1 rev1=1 crypto rx=0 tx=0 comp rx=0 tx=0).stop
2024-03-14T09:46:27.684 INFO:teuthology.orchestra.run.smithi078.stdout:/usr/bin/ceph: stderr
2024-03-14T09:46:26.939+0000 7f1d0c600700 1 -- 172.21.15.78:0/2433181119 >> 172.21.15.78:0/2433181119 conn(0x7f1d041009c0 msgr2=0x7f1d04102de0 unknown :-1 s=STATE_NONE l=0).mark_down
2024-03-14T09:46:27.684 INFO:teuthology.orchestra.run.smithi078.stdout:/usr/bin/ceph: stderr
2024-03-14T09:46:26.940+0000 7f1d0c600700 1 -- 172.21.15.78:0/2433181119 shutdown_connections
2024-03-14T09:46:27.684 INFO:teuthology.orchestra.run.smithi078.stdout:/usr/bin/ceph: stderr
2024-03-14T09:46:26.940+0000 7f1d0c600700 1 -- 172.21.15.78:0/2433181119 wait complete.
2024-03-14T09:46:27.684 INFO:teuthology.orchestra.run.smithi078.stdout:/usr/bin/ceph: stderr
2024-03-14T09:46:26.941+0000 7f1d0c600700 1 Processor -- start
2024-03-14T09:46:27.684 INFO:teuthology.orchestra.run.smithi078.stdout:/usr/bin/ceph: stderr
2024-03-14T09:46:26.941+0000 7f1d0c600700 1 -- start start
2024-03-14T09:46:27.684 INFO:teuthology.orchestra.run.smithi078.stdout:/usr/bin/ceph: stderr
2024-03-14T09:46:26.942+0000 7f1d0c600700 1 --2- >> [v2:172.21.15.78:3300/0,v1:172.21.15.78:6789/0] conn(0x7f1d04107350 0x7f1d0419a6a0 unknown :-1 s=NONE pgs=0 cs=0 l=1 rev1=0 crypto rx=0 tx=0 comp rx=0 tx=0).connect
2024-03-14T09:46:27.684 INFO:teuthology.orchestra.run.smithi078.stdout:/usr/bin/ceph: stderr
2024-03-14T09:46:26.942+0000 7f1d0c600700 1 -- --> [v2:172.21.15.78:3300/0,v1:172.21.15.78:6789/0] -- mon_getmap magic: 0 v1 -- 0x7f1d0419abe0 con 0x7f1d04107350
2024-03-14T09:46:27.684 INFO:teuthology.orchestra.run.smithi078.stdout:/usr/bin/ceph: stderr
2024-03-14T09:46:26.942+0000 7f1d09c00700 1 --2- >> [v2:172.21.15.78:3300/0,v1:172.21.15.78:6789/0] conn(0x7f1d04107350 0x7f1d0419a6a0 unknown :-1 s=BANNER_CONNECTING pgs=0 cs=0 l=1 rev1=0 crypto rx=0 tx=0 comp rx=0 tx=0)._handle_peer_banner_payload supported=3 required=0
2024-03-14T09:46:27.684 INFO:teuthology.orchestra.run.smithi078.stdout:/usr/bin/ceph: stderr
2024-03-14T09:46:26.942+0000 7f1d09c00700 1 --2- >> [v2:172.21.15.78:3300/0,v1:172.21.15.78:6789/0] conn(0x7f1d04107350 0x7f1d0419a6a0 unknown :-1 s=HELLO_CONNECTING pgs=0 cs=0 l=1 rev1=1 crypto rx=0 tx=0 comp rx=0 tx=0).handle_hello peer v2:172.21.15.78:3300/0 says I am v2:172.21.15.78:39372/0 (socket says 172.21.15.78:39372)
2024-03-14T09:46:27.684 INFO:teuthology.orchestra.run.smithi078.stdout:/usr/bin/ceph: stderr
2024-03-14T09:46:26.942+0000 7f1d09c00700 1 -- 172.21.15.78:0/1936111144 learned_addr learned my addr 172.21.15.78:0/1936111144 (peer_addr_for_me v2:172.21.15.78:0/0)
2024-03-14T09:46:27.684 INFO:teuthology.orchestra.run.smithi078.stdout:/usr/bin/ceph: stderr
2024-03-14T09:46:26.942+0000 7f1d09c00700 1 -- 172.21.15.78:0/1936111144 --> [v2:172.21.15.78:3300/0,v1:172.21.15.78:6789/0] -- mon_subscribe({config=0+,monmap=0+}) v3 -- 0x7f1cf8009550 con 0x7f1d04107350
2024-03-14T09:46:27.685 INFO:teuthology.orchestra.run.smithi078.stdout:/usr/bin/ceph: stderr
2024-03-14T09:46:26.943+0000 7f1d09c00700 1 --2- 172.21.15.78:0/1936111144 >> [v2:172.21.15.78:3300/0,v1:172.21.15.78:6789/0] conn(0x7f1d04107350 0x7f1d0419a6a0 secure :-1 s=READY pgs=48 cs=0 l=1 rev1=1 crypto rx=0x7f1cf8009130 tx=0x7f1cf8011ad0 comp rx=0 tx=0).ready entity=mon.0 client_cookie=0 server_cookie=0 in_seq=0 out_seq=0
2024-03-14T09:46:27.685 INFO:teuthology.orchestra.run.smithi078.stdout:/usr/bin/ceph: stderr
2024-03-14T09:46:26.943+0000 7f1d02000700 1 -- 172.21.15.78:0/1936111144 <== mon.0 v2:172.21.15.78:3300/0 1 ==== mon_map magic: 0 v1 ==== 205+0+0 (secure 0 0 0) 0x7f1cf80038b0 con 0x7f1d04107350
2024-03-14T09:46:27.685 INFO:teuthology.orchestra.run.smithi078.stdout:/usr/bin/ceph: stderr
2024-03-14T09:46:26.943+0000 7f1d02000700 1 -- 172.21.15.78:0/1936111144 <== mon.0 v2:172.21.15.78:3300/0 2 ==== config(26 keys) v1 ==== 1074+0+0 (secure 0 0 0) 0x7f1cf8003a10 con 0x7f1d04107350
2024-03-14T09:46:27.685 INFO:teuthology.orchestra.run.smithi078.stdout:/usr/bin/ceph: stderr
2024-03-14T09:46:26.943+0000 7f1d0c600700 1 -- 172.21.15.78:0/1936111144 --> [v2:172.21.15.78:3300/0,v1:172.21.15.78:6789/0] -- mon_subscribe({mgrmap=0+}) v3 -- 0x7f1d0419ade0 con 0x7f1d04107350
2024-03-14T09:46:27.685 INFO:teuthology.orchestra.run.smithi078.stdout:/usr/bin/ceph: stderr
2024-03-14T09:46:26.943+0000 7f1d02000700 1 -- 172.21.15.78:0/1936111144 <== mon.0 v2:172.21.15.78:3300/0 3 ==== mon_map magic: 0 v1 ==== 205+0+0 (secure 0 0 0) 0x7f1cf8019550 con 0x7f1d04107350
2024-03-14T09:46:27.685 INFO:teuthology.orchestra.run.smithi078.stdout:/usr/bin/ceph: stderr
2024-03-14T09:46:26.943+0000 7f1d0c600700 1 -- 172.21.15.78:0/1936111144 --> [v2:172.21.15.78:3300/0,v1:172.21.15.78:6789/0] -- mon_subscribe({osdmap=0}) v3 -- 0x7f1d0419b280 con 0x7f1d04107350
2024-03-14T09:46:27.685 INFO:teuthology.orchestra.run.smithi078.stdout:/usr/bin/ceph: stderr
2024-03-14T09:46:26.944+0000 7f1d02000700 1 -- 172.21.15.78:0/1936111144 <== mon.0 v2:172.21.15.78:3300/0 4 ==== mgrmap(e 8) v1 ==== 45374+0+0 (secure 0 0 0) 0x7f1cf80197c0 con 0x7f1d04107350
2024-03-14T09:46:27.685 INFO:teuthology.orchestra.run.smithi078.stdout:/usr/bin/ceph: stderr
2024-03-14T09:46:26.945+0000 7f1d02000700 1 --2- 172.21.15.78:0/1936111144 >> [v2:172.21.15.78:6800/3890232539,v1:172.21.15.78:6801/3890232539] conn(0x7f1cec0384b0 0x7f1cec03a970 unknown :-1 s=NONE pgs=0 cs=0 l=1 rev1=0 crypto rx=0 tx=0 comp rx=0 tx=0).connect
2024-03-14T09:46:27.685 INFO:teuthology.orchestra.run.smithi078.stdout:/usr/bin/ceph: stderr
2024-03-14T09:46:26.945+0000 7f1d02000700 1 -- 172.21.15.78:0/1936111144 <== mon.0 v2:172.21.15.78:3300/0 5 ==== osd_map(2..2 src has 1..2) v4 ==== 940+0+0 (secure 0 0 0) 0x7f1cf804c660 con 0x7f1d04107350
2024-03-14T09:46:27.685 INFO:teuthology.orchestra.run.smithi078.stdout:/usr/bin/ceph: stderr
2024-03-14T09:46:26.945+0000 7f1cf7400700 1 -- 172.21.15.78:0/1936111144 --> [v2:172.21.15.78:3300/0,v1:172.21.15.78:6789/0] -- mon_command({"prefix": "get_command_descriptions"} v 0) v1 -- 0x7f1ce00052f0 con 0x7f1d04107350
2024-03-14T09:46:27.685 INFO:teuthology.orchestra.run.smithi078.stdout:/usr/bin/ceph: stderr
2024-03-14T09:46:26.945+0000 7f1d09200700 1 --2- 172.21.15.78:0/1936111144 >> [v2:172.21.15.78:6800/3890232539,v1:172.21.15.78:6801/3890232539] conn(0x7f1cec0384b0 0x7f1cec03a970 unknown :-1 s=BANNER_CONNECTING pgs=0 cs=0 l=1 rev1=0 crypto rx=0 tx=0 comp rx=0 tx=0)._handle_peer_banner_payload supported=3 required=0
2024-03-14T09:46:27.685 INFO:teuthology.orchestra.run.smithi078.stdout:/usr/bin/ceph: stderr
2024-03-14T09:46:26.945+0000 7f1d09200700 1 --2- 172.21.15.78:0/1936111144 >> [v2:172.21.15.78:6800/3890232539,v1:172.21.15.78:6801/3890232539] conn(0x7f1cec0384b0 0x7f1cec03a970 secure :-1 s=READY pgs=12 cs=0 l=1 rev1=1 crypto rx=0x7f1cf0006fd0 tx=0x7f1cf0006e40 comp rx=0 tx=0).ready entity=mgr.14120 client_cookie=0 server_cookie=0 in_seq=0 out_seq=0
2024-03-14T09:46:27.685 INFO:teuthology.orchestra.run.smithi078.stdout:/usr/bin/ceph: stderr
2024-03-14T09:46:26.950+0000 7f1d02000700 1 -- 172.21.15.78:0/1936111144 <== mon.0 v2:172.21.15.78:3300/0 6 ==== mon_command_ack([{"prefix": "get_command_descriptions"}]=0 v0) v1 ==== 72+0+182595 (secure 0 0 0) 0x7f1cf8003b80 con 0x7f1d04107350
2024-03-14T09:46:27.685 INFO:teuthology.orchestra.run.smithi078.stdout:/usr/bin/ceph: stderr
2024-03-14T09:46:27.176+0000 7f1cf7400700 1 -- 172.21.15.78:0/1936111144 --> [v2:172.21.15.78:6800/3890232539,v1:172.21.15.78:6801/3890232539] -- mgr_command(tid 0: {"prefix": "orch apply", "service_type": "mon", "unmanaged": true, "target": ["mon-mgr", ""]}) v1 -- 0x7f1ce0000bc0 con 0x7f1cec0384b0
2024-03-14T09:46:27.686 INFO:teuthology.orchestra.run.smithi078.stdout:/usr/bin/ceph: stderr
2024-03-14T09:46:27.182+0000 7f1d02000700 1 -- 172.21.15.78:0/1936111144 <== mgr.14120 v2:172.21.15.78:6800/3890232539 1 ==== mgr_command_reply(tid 0: 0 ) v1 ==== 8+0+24 (secure 0 0 0) 0x7f1ce0000bc0 con 0x7f1cec0384b0
2024-03-14T09:46:27.686 INFO:teuthology.orchestra.run.smithi078.stdout:/usr/bin/ceph: stderr
2024-03-14T09:46:27.185+0000 7f1cf7400700 1 -- 172.21.15.78:0/1936111144 >> [v2:172.21.15.78:6800/3890232539,v1:172.21.15.78:6801/3890232539] conn(0x7f1cec0384b0 msgr2=0x7f1cec03a970 secure :-1 s=STATE_CONNECTION_ESTABLISHED l=1).mark_down
2024-03-14T09:46:27.686 INFO:teuthology.orchestra.run.smithi078.stdout:/usr/bin/ceph: stderr
2024-03-14T09:46:27.185+0000 7f1cf7400700 1 --2- 172.21.15.78:0/1936111144 >> [v2:172.21.15.78:6800/3890232539,v1:172.21.15.78:6801/3890232539] conn(0x7f1cec0384b0 0x7f1cec03a970 secure :-1 s=READY pgs=12 cs=0 l=1 rev1=1 crypto rx=0x7f1cf0006fd0 tx=0x7f1cf0006e40 comp rx=0 tx=0).stop
2024-03-14T09:46:27.686 INFO:teuthology.orchestra.run.smithi078.stdout:/usr/bin/ceph: stderr
2024-03-14T09:46:27.185+0000 7f1cf7400700 1 -- 172.21.15.78:0/1936111144 >> [v2:172.21.15.78:3300/0,v1:172.21.15.78:6789/0] conn(0x7f1d04107350 msgr2=0x7f1d0419a6a0 secure :-1 s=STATE_CONNECTION_ESTABLISHED l=1).mark_down
2024-03-14T09:46:27.686 INFO:teuthology.orchestra.run.smithi078.stdout:/usr/bin/ceph: stderr
2024-03-14T09:46:27.185+0000 7f1cf7400700 1 --2- 172.21.15.78:0/1936111144 >> [v2:172.21.15.78:3300/0,v1:172.21.15.78:6789/0] conn(0x7f1d04107350 0x7f1d0419a6a0 secure :-1 s=READY pgs=48 cs=0 l=1 rev1=1 crypto rx=0x7f1cf8009130 tx=0x7f1cf8011ad0 comp rx=0 tx=0).stop
2024-03-14T09:46:27.686 INFO:teuthology.orchestra.run.smithi078.stdout:/usr/bin/ceph: stderr
2024-03-14T09:46:27.185+0000 7f1cf7400700 1 -- 172.21.15.78:0/1936111144 shutdown_connections
2024-03-14T09:46:27.686 INFO:teuthology.orchestra.run.smithi078.stdout:/usr/bin/ceph: stderr
2024-03-14T09:46:27.185+0000 7f1cf7400700 1 --2- 172.21.15.78:0/1936111144 >> [v2:172.21.15.78:6800/3890232539,v1:172.21.15.78:6801/3890232539] conn(0x7f1cec0384b0 0x7f1cec03a970 unknown :-1 s=CLOSED pgs=12 cs=0 l=1 rev1=1 crypto rx=0 tx=0 comp rx=0 tx=0).stop
2024-03-14T09:46:27.686 INFO:teuthology.orchestra.run.smithi078.stdout:/usr/bin/ceph: stderr
2024-03-14T09:46:27.185+0000 7f1cf7400700 1 --2- 172.21.15.78:0/1936111144 >> [v2:172.21.15.78:3300/0,v1:172.21.15.78:6789/0] conn(0x7f1d04107350 0x7f1d0419a6a0 unknown :-1 s=CLOSED pgs=48 cs=0 l=1 rev1=1 crypto rx=0 tx=0 comp rx=0 tx=0).stop
2024-03-14T09:46:27.686 INFO:teuthology.orchestra.run.smithi078.stdout:/usr/bin/ceph: stderr
2024-03-14T09:46:27.185+0000 7f1cf7400700 1 -- 172.21.15.78:0/1936111144 >> 172.21.15.78:0/1936111144 conn(0x7f1d041009c0 msgr2=0x7f1d04101630 unknown :-1 s=STATE_NONE l=0).mark_down
2024-03-14T09:46:27.686 INFO:teuthology.orchestra.run.smithi078.stdout:/usr/bin/ceph: stderr
2024-03-14T09:46:27.185+0000 7f1cf7400700 1 -- 172.21.15.78:0/1936111144 shutdown_connections
2024-03-14T09:46:27.686 INFO:teuthology.orchestra.run.smithi078.stdout:/usr/bin/ceph: stderr
2024-03-14T09:46:27.185+0000 7f1cf7400700 1 -- 172.21.15.78:0/1936111144 wait complete.
2024-03-14T09:46:27.686 INFO:teuthology.orchestra.run.smithi078.stdout:Deploying unmanaged mgr service...
2024-03-14T09:46:28.553 INFO:journalctl@ceph.mon.a.smithi078.stdout:Mar 14 09:46:28 smithi078 ceph-mon[38143]: from='client.14142 -' entity='client.admin' cmd=[{"prefix": "orch apply", "service_type": "mon", "unmanaged": true, "target": ["mon-mgr", ""]}]: dispatch
2024-03-14T09:46:28.553 INFO:journalctl@ceph.mon.a.smithi078.stdout:Mar 14 09:46:28 smithi078 ceph-mon[38143]: Saving service mon spec with placement count:5
2024-03-14T09:46:28.553 INFO:journalctl@ceph.mon.a.smithi078.stdout:Mar 14 09:46:28 smithi078 ceph-mon[38143]: from='mgr.14120 172.21.15.78:0/3820345366' entity='mgr.x'
2024-03-14T09:46:28.553 INFO:journalctl@ceph.mon.a.smithi078.stdout:Mar 14 09:46:28 smithi078 ceph-mon[38143]: from='mgr.14120 172.21.15.78:0/3820345366' entity='mgr.x'
2024-03-14T09:46:28.553 INFO:journalctl@ceph.mon.a.smithi078.stdout:Mar 14 09:46:28 smithi078 ceph-mon[38143]: from='mgr.14120 172.21.15.78:0/3820345366' entity='mgr.x'
2024-03-14T09:46:28.732 INFO:teuthology.orchestra.run.smithi078.stdout:/usr/bin/ceph: stdout Scheduled mgr update...
2024-03-14T09:46:28.732 INFO:teuthology.orchestra.run.smithi078.stdout:/usr/bin/ceph: stderr
2024-03-14T09:46:28.102+0000 7f915f800700 1 Processor -- start
2024-03-14T09:46:28.732 INFO:teuthology.orchestra.run.smithi078.stdout:/usr/bin/ceph: stderr
2024-03-14T09:46:28.102+0000 7f915f800700 1 -- start start
2024-03-14T09:46:28.732 INFO:teuthology.orchestra.run.smithi078.stdout:/usr/bin/ceph: stderr
2024-03-14T09:46:28.102+0000 7f915f800700 1 --2- >> [v2:172.21.15.78:3300/0,v1:172.21.15.78:6789/0] conn(0x7f915807a330 0x7f915807a750 unknown :-1 s=NONE pgs=0 cs=0 l=0 rev1=0 crypto rx=0 tx=0 comp rx=0 tx=0).connect
2024-03-14T09:46:28.732 INFO:teuthology.orchestra.run.smithi078.stdout:/usr/bin/ceph: stderr
2024-03-14T09:46:28.102+0000 7f915f800700 1 -- --> [v2:172.21.15.78:3300/0,v1:172.21.15.78:6789/0] -- mon_getmap magic: 0 v1 -- 0x7f915807ad20 con 0x7f915807a330
2024-03-14T09:46:28.732 INFO:teuthology.orchestra.run.smithi078.stdout:/usr/bin/ceph: stderr
2024-03-14T09:46:28.103+0000 7f915ce00700 1 --2- >> [v2:172.21.15.78:3300/0,v1:172.21.15.78:6789/0] conn(0x7f915807a330 0x7f915807a750 unknown :-1 s=BANNER_CONNECTING pgs=0 cs=0 l=0 rev1=0 crypto rx=0 tx=0 comp rx=0 tx=0)._handle_peer_banner_payload supported=3 required=0
2024-03-14T09:46:28.732 INFO:teuthology.orchestra.run.smithi078.stdout:/usr/bin/ceph: stderr
2024-03-14T09:46:28.103+0000 7f915ce00700 1 --2- >> [v2:172.21.15.78:3300/0,v1:172.21.15.78:6789/0] conn(0x7f915807a330 0x7f915807a750 unknown :-1 s=HELLO_CONNECTING pgs=0 cs=0 l=0 rev1=1 crypto rx=0 tx=0 comp rx=0 tx=0).handle_hello peer v2:172.21.15.78:3300/0 says I am v2:172.21.15.78:39374/0 (socket says 172.21.15.78:39374)
2024-03-14T09:46:28.733 INFO:teuthology.orchestra.run.smithi078.stdout:/usr/bin/ceph: stderr
2024-03-14T09:46:28.103+0000 7f915ce00700 1 -- 172.21.15.78:0/1646059404 learned_addr learned my addr 172.21.15.78:0/1646059404 (peer_addr_for_me v2:172.21.15.78:0/0)
2024-03-14T09:46:28.733 INFO:teuthology.orchestra.run.smithi078.stdout:/usr/bin/ceph: stderr
2024-03-14T09:46:28.103+0000 7f915ce00700 1 -- 172.21.15.78:0/1646059404 --> [v2:172.21.15.78:3300/0,v1:172.21.15.78:6789/0] -- mon_subscribe({config=0+,monmap=0+}) v3 -- 0x7f915807ae60 con 0x7f915807a330
2024-03-14T09:46:28.733 INFO:teuthology.orchestra.run.smithi078.stdout:/usr/bin/ceph: stderr
2024-03-14T09:46:28.103+0000 7f915ce00700 1 --2- 172.21.15.78:0/1646059404 >> [v2:172.21.15.78:3300/0,v1:172.21.15.78:6789/0] conn(0x7f915807a330 0x7f915807a750 secure :-1 s=READY pgs=49 cs=0 l=1 rev1=1 crypto rx=0x7f914c0098a0 tx=0x7f914c009bb0 comp rx=0 tx=0).ready entity=mon.0 client_cookie=332d1a605f89b930 server_cookie=0 in_seq=0 out_seq=0
2024-03-14T09:46:28.733 INFO:teuthology.orchestra.run.smithi078.stdout:/usr/bin/ceph: stderr
2024-03-14T09:46:28.103+0000 7f9157400700 1 -- 172.21.15.78:0/1646059404 <== mon.0 v2:172.21.15.78:3300/0 1 ==== mon_map magic: 0 v1 ==== 205+0+0 (secure 0 0 0) 0x7f914c004160 con 0x7f915807a330
2024-03-14T09:46:28.733 INFO:teuthology.orchestra.run.smithi078.stdout:/usr/bin/ceph: stderr
2024-03-14T09:46:28.104+0000 7f9157400700 1 -- 172.21.15.78:0/1646059404 <== mon.0 v2:172.21.15.78:3300/0 2 ==== config(26 keys) v1 ==== 1105+0+0 (secure 0 0 0) 0x7f914c0042c0 con 0x7f915807a330
2024-03-14T09:46:28.733 INFO:teuthology.orchestra.run.smithi078.stdout:/usr/bin/ceph: stderr
2024-03-14T09:46:28.104+0000 7f9157400700 1 -- 172.21.15.78:0/1646059404 <== mon.0 v2:172.21.15.78:3300/0 3 ==== mon_map magic: 0 v1 ==== 205+0+0 (secure 0 0 0) 0x7f914c0119b0 con 0x7f915807a330
2024-03-14T09:46:28.733 INFO:teuthology.orchestra.run.smithi078.stdout:/usr/bin/ceph: stderr
2024-03-14T09:46:28.104+0000 7f915f800700 1 -- 172.21.15.78:0/1646059404 >> [v2:172.21.15.78:3300/0,v1:172.21.15.78:6789/0] conn(0x7f915807a330 msgr2=0x7f915807a750 secure :-1 s=STATE_CONNECTION_ESTABLISHED l=1).mark_down
2024-03-14T09:46:28.733 INFO:teuthology.orchestra.run.smithi078.stdout:/usr/bin/ceph: stderr
2024-03-14T09:46:28.104+0000 7f915f800700 1 --2- 172.21.15.78:0/1646059404 >> [v2:172.21.15.78:3300/0,v1:172.21.15.78:6789/0] conn(0x7f915807a330 0x7f915807a750 secure :-1 s=READY pgs=49 cs=0 l=1 rev1=1 crypto rx=0x7f914c0098a0 tx=0x7f914c009bb0 comp rx=0 tx=0).stop
2024-03-14T09:46:28.733 INFO:teuthology.orchestra.run.smithi078.stdout:/usr/bin/ceph: stderr
2024-03-14T09:46:28.104+0000 7f915f800700 1 -- 172.21.15.78:0/1646059404 shutdown_connections
2024-03-14T09:46:28.733 INFO:teuthology.orchestra.run.smithi078.stdout:/usr/bin/ceph: stderr
2024-03-14T09:46:28.104+0000 7f915f800700 1 --2- 172.21.15.78:0/1646059404 >> [v2:172.21.15.78:3300/0,v1:172.21.15.78:6789/0] conn(0x7f915807a330 0x7f915807a750 unknown :-1 s=CLOSED pgs=49 cs=0 l=1 rev1=1 crypto rx=0 tx=0 comp rx=0 tx=0).stop
2024-03-14T09:46:28.733 INFO:teuthology.orchestra.run.smithi078.stdout:/usr/bin/ceph: stderr
2024-03-14T09:46:28.104+0000 7f915f800700 1 -- 172.21.15.78:0/1646059404 >> 172.21.15.78:0/1646059404 conn(0x7f9158101a70 msgr2=0x7f9158103e90 unknown :-1 s=STATE_NONE l=0).mark_down
2024-03-14T09:46:28.733 INFO:teuthology.orchestra.run.smithi078.stdout:/usr/bin/ceph: stderr
2024-03-14T09:46:28.104+0000 7f915f800700 1 -- 172.21.15.78:0/1646059404 shutdown_connections
2024-03-14T09:46:28.733 INFO:teuthology.orchestra.run.smithi078.stdout:/usr/bin/ceph: stderr
2024-03-14T09:46:28.104+0000 7f915f800700 1 -- 172.21.15.78:0/1646059404 wait complete.
2024-03-14T09:46:28.734 INFO:teuthology.orchestra.run.smithi078.stdout:/usr/bin/ceph: stderr
2024-03-14T09:46:28.106+0000 7f915f800700 1 Processor -- start
2024-03-14T09:46:28.734 INFO:teuthology.orchestra.run.smithi078.stdout:/usr/bin/ceph: stderr
2024-03-14T09:46:28.106+0000 7f915f800700 1 -- start start
2024-03-14T09:46:28.734 INFO:teuthology.orchestra.run.smithi078.stdout:/usr/bin/ceph: stderr
2024-03-14T09:46:28.106+0000 7f915f800700 1 --2- >> [v2:172.21.15.78:3300/0,v1:172.21.15.78:6789/0] conn(0x7f915807a330 0x7f915819c840 unknown :-1 s=NONE pgs=0 cs=0 l=1 rev1=0 crypto rx=0 tx=0 comp rx=0 tx=0).connect
2024-03-14T09:46:28.734 INFO:teuthology.orchestra.run.smithi078.stdout:/usr/bin/ceph: stderr
2024-03-14T09:46:28.106+0000 7f915f800700 1 -- --> [v2:172.21.15.78:3300/0,v1:172.21.15.78:6789/0] -- mon_getmap magic: 0 v1 -- 0x7f915819cd80 con 0x7f915807a330
2024-03-14T09:46:28.734 INFO:teuthology.orchestra.run.smithi078.stdout:/usr/bin/ceph: stderr
2024-03-14T09:46:28.106+0000 7f915ce00700 1 --2- >> [v2:172.21.15.78:3300/0,v1:172.21.15.78:6789/0] conn(0x7f915807a330 0x7f915819c840 unknown :-1 s=BANNER_CONNECTING pgs=0 cs=0 l=1 rev1=0 crypto rx=0 tx=0 comp rx=0 tx=0)._handle_peer_banner_payload supported=3 required=0
2024-03-14T09:46:28.734 INFO:teuthology.orchestra.run.smithi078.stdout:/usr/bin/ceph: stderr
2024-03-14T09:46:28.106+0000 7f915ce00700 1 --2- >> [v2:172.21.15.78:3300/0,v1:172.21.15.78:6789/0] conn(0x7f915807a330 0x7f915819c840 unknown :-1 s=HELLO_CONNECTING pgs=0 cs=0 l=1 rev1=1 crypto rx=0 tx=0 comp rx=0 tx=0).handle_hello peer v2:172.21.15.78:3300/0 says I am v2:172.21.15.78:39382/0 (socket says 172.21.15.78:39382)
2024-03-14T09:46:28.734 INFO:teuthology.orchestra.run.smithi078.stdout:/usr/bin/ceph: stderr
2024-03-14T09:46:28.106+0000 7f915ce00700 1 -- 172.21.15.78:0/96139418 learned_addr learned my addr 172.21.15.78:0/96139418 (peer_addr_for_me v2:172.21.15.78:0/0)
2024-03-14T09:46:28.734 INFO:teuthology.orchestra.run.smithi078.stdout:/usr/bin/ceph: stderr
2024-03-14T09:46:28.107+0000 7f915ce00700 1 -- 172.21.15.78:0/96139418 --> [v2:172.21.15.78:3300/0,v1:172.21.15.78:6789/0] -- mon_subscribe({config=0+,monmap=0+}) v3 -- 0x7f914c009550 con 0x7f915807a330
2024-03-14T09:46:28.734 INFO:teuthology.orchestra.run.smithi078.stdout:/usr/bin/ceph: stderr
2024-03-14T09:46:28.107+0000 7f915ce00700 1 --2- 172.21.15.78:0/96139418 >> [v2:172.21.15.78:3300/0,v1:172.21.15.78:6789/0] conn(0x7f915807a330 0x7f915819c840 secure :-1 s=READY pgs=50 cs=0 l=1 rev1=1 crypto rx=0x7f914c006af0 tx=0x7f914c011a10 comp rx=0 tx=0).ready entity=mon.0 client_cookie=0 server_cookie=0 in_seq=0 out_seq=0
2024-03-14T09:46:28.734 INFO:teuthology.orchestra.run.smithi078.stdout:/usr/bin/ceph: stderr
2024-03-14T09:46:28.107+0000 7f9155600700 1 -- 172.21.15.78:0/96139418 <== mon.0 v2:172.21.15.78:3300/0 1 ==== mon_map magic: 0 v1 ==== 205+0+0 (secure 0 0 0) 0x7f914c003a40 con 0x7f915807a330
2024-03-14T09:46:28.734 INFO:teuthology.orchestra.run.smithi078.stdout:/usr/bin/ceph: stderr
2024-03-14T09:46:28.107+0000 7f9155600700 1 -- 172.21.15.78:0/96139418 <== mon.0 v2:172.21.15.78:3300/0 2 ==== config(26 keys) v1 ==== 1105+0+0 (secure 0 0 0) 0x7f914c003ba0 con 0x7f915807a330
2024-03-14T09:46:28.734 INFO:teuthology.orchestra.run.smithi078.stdout:/usr/bin/ceph: stderr
2024-03-14T09:46:28.107+0000 7f9155600700 1 -- 172.21.15.78:0/96139418 <== mon.0 v2:172.21.15.78:3300/0 3 ==== mon_map magic: 0 v1 ==== 205+0+0 (secure 0 0 0) 0x7f914c0196c0 con 0x7f915807a330
2024-03-14T09:46:28.734 INFO:teuthology.orchestra.run.smithi078.stdout:/usr/bin/ceph: stderr
2024-03-14T09:46:28.107+0000 7f915f800700 1 -- 172.21.15.78:0/96139418 --> [v2:172.21.15.78:3300/0,v1:172.21.15.78:6789/0] -- mon_subscribe({mgrmap=0+}) v3 -- 0x7f915819cf80 con 0x7f915807a330
2024-03-14T09:46:28.734 INFO:teuthology.orchestra.run.smithi078.stdout:/usr/bin/ceph: stderr
2024-03-14T09:46:28.107+0000 7f915f800700 1 -- 172.21.15.78:0/96139418 --> [v2:172.21.15.78:3300/0,v1:172.21.15.78:6789/0] -- mon_subscribe({osdmap=0}) v3 -- 0x7f915819d420 con 0x7f915807a330
2024-03-14T09:46:28.735 INFO:teuthology.orchestra.run.smithi078.stdout:/usr/bin/ceph: stderr
2024-03-14T09:46:28.108+0000 7f9155600700 1 -- 172.21.15.78:0/96139418 <== mon.0 v2:172.21.15.78:3300/0 4 ==== mgrmap(e 8) v1 ==== 45374+0+0 (secure 0 0 0) 0x7f914c01aa80 con 0x7f915807a330
2024-03-14T09:46:28.735 INFO:teuthology.orchestra.run.smithi078.stdout:/usr/bin/ceph: stderr
2024-03-14T09:46:28.108+0000 7f915f800700 1 -- 172.21.15.78:0/96139418 --> [v2:172.21.15.78:3300/0,v1:172.21.15.78:6789/0] -- mon_command({"prefix": "get_command_descriptions"} v 0) v1 -- 0x7f915810ccd0 con 0x7f915807a330
2024-03-14T09:46:28.735 INFO:teuthology.orchestra.run.smithi078.stdout:/usr/bin/ceph: stderr
2024-03-14T09:46:28.109+0000 7f9155600700 1 --2- 172.21.15.78:0/96139418 >> [v2:172.21.15.78:6800/3890232539,v1:172.21.15.78:6801/3890232539] conn(0x7f91400384d0 0x7f914003a990 unknown :-1 s=NONE pgs=0 cs=0 l=1 rev1=0 crypto rx=0 tx=0 comp rx=0 tx=0).connect
2024-03-14T09:46:28.735 INFO:teuthology.orchestra.run.smithi078.stdout:/usr/bin/ceph: stderr
2024-03-14T09:46:28.109+0000 7f9155600700 1 -- 172.21.15.78:0/96139418 <== mon.0 v2:172.21.15.78:3300/0 5 ==== osd_map(2..2 src has 1..2) v4 ==== 940+0+0 (secure 0 0 0) 0x7f914c04c330 con 0x7f915807a330
2024-03-14T09:46:28.735 INFO:teuthology.orchestra.run.smithi078.stdout:/usr/bin/ceph: stderr
2024-03-14T09:46:28.109+0000 7f9157e00700 1 --2- 172.21.15.78:0/96139418 >> [v2:172.21.15.78:6800/3890232539,v1:172.21.15.78:6801/3890232539] conn(0x7f91400384d0 0x7f914003a990 unknown :-1 s=BANNER_CONNECTING pgs=0 cs=0 l=1 rev1=0 crypto rx=0 tx=0 comp rx=0 tx=0)._handle_peer_banner_payload supported=3 required=0
2024-03-14T09:46:28.735 INFO:teuthology.orchestra.run.smithi078.stdout:/usr/bin/ceph: stderr
2024-03-14T09:46:28.110+0000 7f9157e00700 1 --2- 172.21.15.78:0/96139418 >> [v2:172.21.15.78:6800/3890232539,v1:172.21.15.78:6801/3890232539] conn(0x7f91400384d0 0x7f914003a990 secure :-1 s=READY pgs=13 cs=0 l=1 rev1=1 crypto rx=0x7f9144006fd0 tx=0x7f9144006e40 comp rx=0 tx=0).ready entity=mgr.14120 client_cookie=0 server_cookie=0 in_seq=0 out_seq=0
2024-03-14T09:46:28.735 INFO:teuthology.orchestra.run.smithi078.stdout:/usr/bin/ceph: stderr
2024-03-14T09:46:28.114+0000 7f9155600700 1 -- 172.21.15.78:0/96139418 <== mon.0 v2:172.21.15.78:3300/0 6 ==== mon_command_ack([{"prefix": "get_command_descriptions"}]=0 v0) v1 ==== 72+0+182595 (secure 0 0 0) 0x7f914c01a430 con 0x7f915807a330
2024-03-14T09:46:28.735 INFO:teuthology.orchestra.run.smithi078.stdout:/usr/bin/ceph: stderr
2024-03-14T09:46:28.340+0000 7f915f800700 1 -- 172.21.15.78:0/96139418 --> [v2:172.21.15.78:6800/3890232539,v1:172.21.15.78:6801/3890232539] -- mgr_command(tid 0: {"prefix": "orch apply", "service_type": "mgr", "unmanaged": true, "target": ["mon-mgr", ""]}) v1 -- 0x7f915819fcb0 con 0x7f91400384d0
2024-03-14T09:46:28.735 INFO:teuthology.orchestra.run.smithi078.stdout:/usr/bin/ceph: stderr
2024-03-14T09:46:28.345+0000 7f9155600700 1 -- 172.21.15.78:0/96139418 <== mgr.14120 v2:172.21.15.78:6800/3890232539 1 ==== mgr_command_reply(tid 0: 0 ) v1 ==== 8+0+24 (secure 0 0 0) 0x7f915819fcb0 con 0x7f91400384d0
2024-03-14T09:46:28.735 INFO:teuthology.orchestra.run.smithi078.stdout:/usr/bin/ceph: stderr
2024-03-14T09:46:28.348+0000 7f915f800700 1 -- 172.21.15.78:0/96139418 >> [v2:172.21.15.78:6800/3890232539,v1:172.21.15.78:6801/3890232539] conn(0x7f91400384d0 msgr2=0x7f914003a990 secure :-1 s=STATE_CONNECTION_ESTABLISHED l=1).mark_down
2024-03-14T09:46:28.735 INFO:teuthology.orchestra.run.smithi078.stdout:/usr/bin/ceph: stderr
2024-03-14T09:46:28.348+0000 7f915f800700 1 --2- 172.21.15.78:0/96139418 >> [v2:172.21.15.78:6800/3890232539,v1:172.21.15.78:6801/3890232539] conn(0x7f91400384d0 0x7f914003a990 secure :-1 s=READY pgs=13 cs=0 l=1 rev1=1 crypto rx=0x7f9144006fd0 tx=0x7f9144006e40 comp rx=0 tx=0).stop
2024-03-14T09:46:28.735 INFO:teuthology.orchestra.run.smithi078.stdout:/usr/bin/ceph: stderr
2024-03-14T09:46:28.348+0000 7f915f800700 1 -- 172.21.15.78:0/96139418 >> [v2:172.21.15.78:3300/0,v1:172.21.15.78:6789/0] conn(0x7f915807a330 msgr2=0x7f915819c840 secure :-1 s=STATE_CONNECTION_ESTABLISHED l=1).mark_down
2024-03-14T09:46:28.735 INFO:teuthology.orchestra.run.smithi078.stdout:/usr/bin/ceph: stderr
2024-03-14T09:46:28.348+0000 7f915f800700 1 --2- 172.21.15.78:0/96139418 >> [v2:172.21.15.78:3300/0,v1:172.21.15.78:6789/0] conn(0x7f915807a330 0x7f915819c840 secure :-1 s=READY pgs=50 cs=0 l=1 rev1=1 crypto rx=0x7f914c006af0 tx=0x7f914c011a10 comp rx=0 tx=0).stop
2024-03-14T09:46:28.736 INFO:teuthology.orchestra.run.smithi078.stdout:/usr/bin/ceph: stderr
2024-03-14T09:46:28.348+0000 7f915f800700 1 -- 172.21.15.78:0/96139418 shutdown_connections
2024-03-14T09:46:28.736 INFO:teuthology.orchestra.run.smithi078.stdout:/usr/bin/ceph: stderr
2024-03-14T09:46:28.348+0000 7f915f800700 1 --2- 172.21.15.78:0/96139418 >> [v2:172.21.15.78:6800/3890232539,v1:172.21.15.78:6801/3890232539] conn(0x7f91400384d0 0x7f914003a990 unknown :-1 s=CLOSED pgs=13 cs=0 l=1 rev1=1 crypto rx=0 tx=0 comp rx=0 tx=0).stop
2024-03-14T09:46:28.736 INFO:teuthology.orchestra.run.smithi078.stdout:/usr/bin/ceph: stderr
2024-03-14T09:46:28.348+0000 7f915f800700 1 --2- 172.21.15.78:0/96139418 >> [v2:172.21.15.78:3300/0,v1:172.21.15.78:6789/0] conn(0x7f915807a330 0x7f915819c840 unknown :-1 s=CLOSED pgs=50 cs=0 l=1 rev1=1 crypto rx=0 tx=0 comp rx=0 tx=0).stop
2024-03-14T09:46:28.736 INFO:teuthology.orchestra.run.smithi078.stdout:/usr/bin/ceph: stderr
2024-03-14T09:46:28.348+0000 7f915f800700 1 -- 172.21.15.78:0/96139418 >> 172.21.15.78:0/96139418 conn(0x7f9158101a70 msgr2=0x7f9158102620 unknown :-1 s=STATE_NONE l=0).mark_down
2024-03-14T09:46:28.736 INFO:teuthology.orchestra.run.smithi078.stdout:/usr/bin/ceph: stderr
2024-03-14T09:46:28.348+0000 7f915f800700 1 -- 172.21.15.78:0/96139418 shutdown_connections
2024-03-14T09:46:28.736 INFO:teuthology.orchestra.run.smithi078.stdout:/usr/bin/ceph: stderr
2024-03-14T09:46:28.348+0000 7f915f800700 1 -- 172.21.15.78:0/96139418 wait complete.
2024-03-14T09:46:29.621 INFO:journalctl@ceph.mon.a.smithi078.stdout:Mar 14 09:46:29 smithi078 ceph-mon[38143]: from='client.14144 -' entity='client.admin' cmd=[{"prefix": "orch apply", "service_type": "mgr", "unmanaged": true, "target": ["mon-mgr", ""]}]: dispatch
2024-03-14T09:46:29.621 INFO:journalctl@ceph.mon.a.smithi078.stdout:Mar 14 09:46:29 smithi078 ceph-mon[38143]: Saving service mgr spec with placement count:2
2024-03-14T09:46:29.622 INFO:journalctl@ceph.mon.a.smithi078.stdout:Mar 14 09:46:29 smithi078 ceph-mon[38143]: from='mgr.14120 172.21.15.78:0/3820345366' entity='mgr.x'
2024-03-14T09:46:29.622 INFO:journalctl@ceph.mon.a.smithi078.stdout:Mar 14 09:46:29 smithi078 ceph-mon[38143]: from='mgr.14120 172.21.15.78:0/3820345366' entity='mgr.x'
2024-03-14T09:46:29.778 INFO:teuthology.orchestra.run.smithi078.stdout:/usr/bin/ceph: stderr
2024-03-14T09:46:29.162+0000 7fecfcc00700 1 Processor -- start
2024-03-14T09:46:29.778 INFO:teuthology.orchestra.run.smithi078.stdout:/usr/bin/ceph: stderr
2024-03-14T09:46:29.162+0000 7fecfcc00700 1 -- start start
2024-03-14T09:46:29.778 INFO:teuthology.orchestra.run.smithi078.stdout:/usr/bin/ceph: stderr
2024-03-14T09:46:29.162+0000 7fecfcc00700 1 --2- >> [v2:172.21.15.78:3300/0,v1:172.21.15.78:6789/0] conn(0x7fecf8108b20 0x7fecf8109900 unknown :-1 s=NONE pgs=0 cs=0 l=0 rev1=0 crypto rx=0 tx=0 comp rx=0 tx=0).connect
2024-03-14T09:46:29.778 INFO:teuthology.orchestra.run.smithi078.stdout:/usr/bin/ceph: stderr
2024-03-14T09:46:29.162+0000 7fecfcc00700 1 -- --> [v2:172.21.15.78:3300/0,v1:172.21.15.78:6789/0] -- mon_getmap magic: 0 v1 -- 0x7fecf8108fd0 con 0x7fecf8108b20
2024-03-14T09:46:29.779 INFO:teuthology.orchestra.run.smithi078.stdout:/usr/bin/ceph: stderr
2024-03-14T09:46:29.163+0000 7fecf5e00700 1 --2- >> [v2:172.21.15.78:3300/0,v1:172.21.15.78:6789/0] conn(0x7fecf8108b20 0x7fecf8109900 unknown :-1 s=BANNER_CONNECTING pgs=0 cs=0 l=0 rev1=0 crypto rx=0 tx=0 comp rx=0 tx=0)._handle_peer_banner_payload supported=3 required=0
2024-03-14T09:46:29.779 INFO:teuthology.orchestra.run.smithi078.stdout:/usr/bin/ceph: stderr
2024-03-14T09:46:29.163+0000 7fecf5e00700 1 --2- >> [v2:172.21.15.78:3300/0,v1:172.21.15.78:6789/0] conn(0x7fecf8108b20 0x7fecf8109900 unknown :-1 s=HELLO_CONNECTING pgs=0 cs=0 l=0 rev1=1 crypto rx=0 tx=0 comp rx=0 tx=0).handle_hello peer v2:172.21.15.78:3300/0 says I am v2:172.21.15.78:39398/0 (socket says 172.21.15.78:39398)
2024-03-14T09:46:29.779 INFO:teuthology.orchestra.run.smithi078.stdout:/usr/bin/ceph: stderr
2024-03-14T09:46:29.163+0000 7fecf5e00700 1 -- 172.21.15.78:0/859661870 learned_addr learned my addr 172.21.15.78:0/859661870 (peer_addr_for_me v2:172.21.15.78:0/0)
2024-03-14T09:46:29.779 INFO:teuthology.orchestra.run.smithi078.stdout:/usr/bin/ceph: stderr
2024-03-14T09:46:29.163+0000 7fecf5e00700 1 -- 172.21.15.78:0/859661870 --> [v2:172.21.15.78:3300/0,v1:172.21.15.78:6789/0] -- mon_subscribe({config=0+,monmap=0+}) v3 -- 0x7fecf8109110 con 0x7fecf8108b20
2024-03-14T09:46:29.779 INFO:teuthology.orchestra.run.smithi078.stdout:/usr/bin/ceph: stderr
2024-03-14T09:46:29.163+0000 7fecf5e00700 1 --2- 172.21.15.78:0/859661870 >> [v2:172.21.15.78:3300/0,v1:172.21.15.78:6789/0] conn(0x7fecf8108b20 0x7fecf8109900 secure :-1 s=READY pgs=51 cs=0 l=1 rev1=1 crypto rx=0x7fece80098a0 tx=0x7fece8009bb0 comp rx=0 tx=0).ready entity=mon.0 client_cookie=43ac4946b94d8de4 server_cookie=0 in_seq=0 out_seq=0
2024-03-14T09:46:29.779 INFO:teuthology.orchestra.run.smithi078.stdout:/usr/bin/ceph: stderr
2024-03-14T09:46:29.164+0000 7fecf4a00700 1 -- 172.21.15.78:0/859661870 <== mon.0 v2:172.21.15.78:3300/0 1 ==== mon_map magic: 0 v1 ==== 205+0+0 (secure 0 0 0) 0x7fece8004160 con 0x7fecf8108b20
2024-03-14T09:46:29.779 INFO:teuthology.orchestra.run.smithi078.stdout:/usr/bin/ceph: stderr
2024-03-14T09:46:29.164+0000 7fecf4a00700 1 -- 172.21.15.78:0/859661870 <== mon.0 v2:172.21.15.78:3300/0 2 ==== config(26 keys) v1 ==== 1105+0+0 (secure 0 0 0) 0x7fece80042c0 con 0x7fecf8108b20
2024-03-14T09:46:29.779 INFO:teuthology.orchestra.run.smithi078.stdout:/usr/bin/ceph: stderr
2024-03-14T09:46:29.164+0000 7fecf4a00700 1 -- 172.21.15.78:0/859661870 <== mon.0 v2:172.21.15.78:3300/0 3 ==== mon_map magic: 0 v1 ==== 205+0+0 (secure 0 0 0) 0x7fece80119b0 con 0x7fecf8108b20
2024-03-14T09:46:29.779 INFO:teuthology.orchestra.run.smithi078.stdout:/usr/bin/ceph: stderr
2024-03-14T09:46:29.164+0000 7fecfcc00700 1 -- 172.21.15.78:0/859661870 >> [v2:172.21.15.78:3300/0,v1:172.21.15.78:6789/0] conn(0x7fecf8108b20 msgr2=0x7fecf8109900 secure :-1 s=STATE_CONNECTION_ESTABLISHED l=1).mark_down
2024-03-14T09:46:29.779 INFO:teuthology.orchestra.run.smithi078.stdout:/usr/bin/ceph: stderr
2024-03-14T09:46:29.164+0000 7fecfcc00700 1 --2- 172.21.15.78:0/859661870 >> [v2:172.21.15.78:3300/0,v1:172.21.15.78:6789/0] conn(0x7fecf8108b20 0x7fecf8109900 secure :-1 s=READY pgs=51 cs=0 l=1 rev1=1 crypto rx=0x7fece80098a0 tx=0x7fece8009bb0 comp rx=0 tx=0).stop
2024-03-14T09:46:29.779 INFO:teuthology.orchestra.run.smithi078.stdout:/usr/bin/ceph: stderr
2024-03-14T09:46:29.165+0000 7fecfcc00700 1 -- 172.21.15.78:0/859661870 shutdown_connections
2024-03-14T09:46:29.779 INFO:teuthology.orchestra.run.smithi078.stdout:/usr/bin/ceph: stderr
2024-03-14T09:46:29.165+0000 7fecfcc00700 1 --2- 172.21.15.78:0/859661870 >> [v2:172.21.15.78:3300/0,v1:172.21.15.78:6789/0] conn(0x7fecf8108b20 0x7fecf8109900 unknown :-1 s=CLOSED pgs=51 cs=0 l=1 rev1=1 crypto rx=0 tx=0 comp rx=0 tx=0).stop
