2024-03-14T11:19:17.413+0000 7f0d6d7fa700 1 -- 172.21.15.122:0/3301804845 <== mon.0 v2:172.21.15.122:3300/0 5 ==== osd_map(2..2 src has 1..2) v4 ==== 936+0+0 (secure 0 0 0) 0x7f0d6404a560 con 0x7f0d70102570
2024-03-14T11:19:18.401 INFO:teuthology.orchestra.run.smithi122.stdout:/usr/bin/ceph: stderr
2024-03-14T11:19:17.413+0000 7f0d6ffff700 1 --2- 172.21.15.122:0/3301804845 >> [v2:172.21.15.122:6800/1688753560,v1:172.21.15.122:6801/1688753560] conn(0x7f0d60036660 0x7f0d60038b10 unknown :-1 s=BANNER_CONNECTING pgs=0 cs=0 l=1 rev1=0 crypto rx=0 tx=0 comp rx=0 tx=0)._handle_peer_banner_payload supported=3 required=0
2024-03-14T11:19:18.401 INFO:teuthology.orchestra.run.smithi122.stdout:/usr/bin/ceph: stderr
2024-03-14T11:19:17.413+0000 7f0d6ffff700 1 --2- 172.21.15.122:0/3301804845 >> [v2:172.21.15.122:6800/1688753560,v1:172.21.15.122:6801/1688753560] conn(0x7f0d60036660 0x7f0d60038b10 secure :-1 s=READY pgs=7 cs=0 l=1 rev1=1 crypto rx=0x7f0d5c009990 tx=0x7f0d5c006e40 comp rx=0 tx=0).ready entity=mgr.14118 client_cookie=0 server_cookie=0 in_seq=0 out_seq=0
2024-03-14T11:19:18.401 INFO:teuthology.orchestra.run.smithi122.stdout:/usr/bin/ceph: stderr
2024-03-14T11:19:17.418+0000 7f0d6d7fa700 1 -- 172.21.15.122:0/3301804845 <== mon.0 v2:172.21.15.122:3300/0 6 ==== mon_command_ack([{"prefix": "get_command_descriptions"}]=0 v0) v1 ==== 72+0+175445 (secure 0 0 0) 0x7f0d64018350 con 0x7f0d70102570
2024-03-14T11:19:18.401 INFO:teuthology.orchestra.run.smithi122.stdout:/usr/bin/ceph: stderr
2024-03-14T11:19:17.613+0000 7f0d76e7d700 1 -- 172.21.15.122:0/3301804845 --> [v2:172.21.15.122:6800/1688753560,v1:172.21.15.122:6801/1688753560] -- mgr_command(tid 0: {"prefix": "orch set backend", "module_name": "cephadm", "target": ["mon-mgr", ""]}) v1 -- 0x7f0d700fefa0 con 0x7f0d60036660
2024-03-14T11:19:18.401 INFO:teuthology.orchestra.run.smithi122.stdout:/usr/bin/ceph: stderr
2024-03-14T11:19:17.622+0000 7f0d6d7fa700 1 -- 172.21.15.122:0/3301804845 <== mgr.14118 v2:172.21.15.122:6800/1688753560 1 ==== mgr_command_reply(tid 0: 0 ) v1 ==== 8+0+0 (secure 0 0 0) 0x7f0d700fefa0 con 0x7f0d60036660
2024-03-14T11:19:18.401 INFO:teuthology.orchestra.run.smithi122.stdout:/usr/bin/ceph: stderr
2024-03-14T11:19:17.625+0000 7f0d76e7d700 1 -- 172.21.15.122:0/3301804845 >> [v2:172.21.15.122:6800/1688753560,v1:172.21.15.122:6801/1688753560] conn(0x7f0d60036660 msgr2=0x7f0d60038b10 secure :-1 s=STATE_CONNECTION_ESTABLISHED l=1).mark_down
2024-03-14T11:19:18.401 INFO:teuthology.orchestra.run.smithi122.stdout:/usr/bin/ceph: stderr
2024-03-14T11:19:17.625+0000 7f0d76e7d700 1 --2- 172.21.15.122:0/3301804845 >> [v2:172.21.15.122:6800/1688753560,v1:172.21.15.122:6801/1688753560] conn(0x7f0d60036660 0x7f0d60038b10 secure :-1 s=READY pgs=7 cs=0 l=1 rev1=1 crypto rx=0x7f0d5c009990 tx=0x7f0d5c006e40 comp rx=0 tx=0).stop
2024-03-14T11:19:18.401 INFO:teuthology.orchestra.run.smithi122.stdout:/usr/bin/ceph: stderr
2024-03-14T11:19:17.625+0000 7f0d76e7d700 1 -- 172.21.15.122:0/3301804845 >> [v2:172.21.15.122:3300/0,v1:172.21.15.122:6789/0] conn(0x7f0d70102570 msgr2=0x7f0d701113c0 secure :-1 s=STATE_CONNECTION_ESTABLISHED l=1).mark_down
2024-03-14T11:19:18.401 INFO:teuthology.orchestra.run.smithi122.stdout:/usr/bin/ceph: stderr
2024-03-14T11:19:17.625+0000 7f0d76e7d700 1 --2- 172.21.15.122:0/3301804845 >> [v2:172.21.15.122:3300/0,v1:172.21.15.122:6789/0] conn(0x7f0d70102570 0x7f0d701113c0 secure :-1 s=READY pgs=36 cs=0 l=1 rev1=1 crypto rx=0x7f0d64003080 tx=0x7f0d64009250 comp rx=0 tx=0).stop
2024-03-14T11:19:18.401 INFO:teuthology.orchestra.run.smithi122.stdout:/usr/bin/ceph: stderr
2024-03-14T11:19:17.625+0000 7f0d76e7d700 1 -- 172.21.15.122:0/3301804845 shutdown_connections
2024-03-14T11:19:18.401 INFO:teuthology.orchestra.run.smithi122.stdout:/usr/bin/ceph: stderr
2024-03-14T11:19:17.625+0000 7f0d76e7d700 1 --2- 172.21.15.122:0/3301804845 >> [v2:172.21.15.122:6800/1688753560,v1:172.21.15.122:6801/1688753560] conn(0x7f0d60036660 0x7f0d60038b10 unknown :-1 s=CLOSED pgs=7 cs=0 l=1 rev1=1 crypto rx=0 tx=0 comp rx=0 tx=0).stop
2024-03-14T11:19:18.401 INFO:teuthology.orchestra.run.smithi122.stdout:/usr/bin/ceph: stderr
2024-03-14T11:19:17.625+0000 7f0d76e7d700 1 --2- 172.21.15.122:0/3301804845 >> [v2:172.21.15.122:3300/0,v1:172.21.15.122:6789/0] conn(0x7f0d70102570 0x7f0d701113c0 unknown :-1 s=CLOSED pgs=36 cs=0 l=1 rev1=1 crypto rx=0 tx=0 comp rx=0 tx=0).stop
2024-03-14T11:19:18.401 INFO:teuthology.orchestra.run.smithi122.stdout:/usr/bin/ceph: stderr
2024-03-14T11:19:17.625+0000 7f0d76e7d700 1 -- 172.21.15.122:0/3301804845 >> 172.21.15.122:0/3301804845 conn(0x7f0d700fdcd0 msgr2=0x7f0d700fe850 unknown :-1 s=STATE_NONE l=0).mark_down
2024-03-14T11:19:18.401 INFO:teuthology.orchestra.run.smithi122.stdout:/usr/bin/ceph: stderr
2024-03-14T11:19:17.625+0000 7f0d76e7d700 1 -- 172.21.15.122:0/3301804845 shutdown_connections
2024-03-14T11:19:18.401 INFO:teuthology.orchestra.run.smithi122.stdout:/usr/bin/ceph: stderr
2024-03-14T11:19:17.626+0000 7f0d76e7d700 1 -- 172.21.15.122:0/3301804845 wait complete.
2024-03-14T11:19:19.002 INFO:journalctl@ceph.mon.smithi122.smithi122.stdout:Mar 14 11:19:18 smithi122 ceph-mon[39675]: from='client.14130 -' entity='client.admin' cmd=[{"prefix": "orch set backend", "module_name": "cephadm", "target": ["mon-mgr", ""]}]: dispatch
2024-03-14T11:19:19.002 INFO:journalctl@ceph.mon.smithi122.smithi122.stdout:Mar 14 11:19:18 smithi122 ceph-mon[39675]: mgrmap e8: smithi122.qtgjiy(active, since 2s)
2024-03-14T11:19:19.920 INFO:teuthology.orchestra.run.smithi122.stdout:/usr/bin/ceph: stdout value unchanged
2024-03-14T11:19:19.920 INFO:teuthology.orchestra.run.smithi122.stdout:/usr/bin/ceph: stderr
2024-03-14T11:19:19.008+0000 7f386f777700 1 Processor -- start
2024-03-14T11:19:19.921 INFO:teuthology.orchestra.run.smithi122.stdout:/usr/bin/ceph: stderr
2024-03-14T11:19:19.008+0000 7f386f777700 1 -- start start
2024-03-14T11:19:19.921 INFO:teuthology.orchestra.run.smithi122.stdout:/usr/bin/ceph: stderr
2024-03-14T11:19:19.008+0000 7f386f777700 1 --2- >> [v2:172.21.15.122:3300/0,v1:172.21.15.122:6789/0] conn(0x7f3868102bd0 0x7f3868102fe0 unknown :-1 s=NONE pgs=0 cs=0 l=0 rev1=0 crypto rx=0 tx=0 comp rx=0 tx=0).connect
2024-03-14T11:19:19.921 INFO:teuthology.orchestra.run.smithi122.stdout:/usr/bin/ceph: stderr
2024-03-14T11:19:19.008+0000 7f386f777700 1 -- --> [v2:172.21.15.122:3300/0,v1:172.21.15.122:6789/0] -- mon_getmap magic: 0 v1 -- 0x7f3868103520 con 0x7f3868102bd0
2024-03-14T11:19:19.921 INFO:teuthology.orchestra.run.smithi122.stdout:/usr/bin/ceph: stderr
2024-03-14T11:19:19.009+0000 7f386d513700 1 --2- >> [v2:172.21.15.122:3300/0,v1:172.21.15.122:6789/0] conn(0x7f3868102bd0 0x7f3868102fe0 unknown :-1 s=BANNER_CONNECTING pgs=0 cs=0 l=0 rev1=0 crypto rx=0 tx=0 comp rx=0 tx=0)._handle_peer_banner_payload supported=3 required=0
2024-03-14T11:19:19.921 INFO:teuthology.orchestra.run.smithi122.stdout:/usr/bin/ceph: stderr
2024-03-14T11:19:19.009+0000 7f386d513700 1 --2- >> [v2:172.21.15.122:3300/0,v1:172.21.15.122:6789/0] conn(0x7f3868102bd0 0x7f3868102fe0 unknown :-1 s=HELLO_CONNECTING pgs=0 cs=0 l=0 rev1=1 crypto rx=0 tx=0 comp rx=0 tx=0).handle_hello peer v2:172.21.15.122:3300/0 says I am v2:172.21.15.122:59150/0 (socket says 172.21.15.122:59150)
2024-03-14T11:19:19.921 INFO:teuthology.orchestra.run.smithi122.stdout:/usr/bin/ceph: stderr
2024-03-14T11:19:19.009+0000 7f386d513700 1 -- 172.21.15.122:0/3605474347 learned_addr learned my addr 172.21.15.122:0/3605474347 (peer_addr_for_me v2:172.21.15.122:0/0)
2024-03-14T11:19:19.921 INFO:teuthology.orchestra.run.smithi122.stdout:/usr/bin/ceph: stderr
2024-03-14T11:19:19.009+0000 7f386d513700 1 -- 172.21.15.122:0/3605474347 --> [v2:172.21.15.122:3300/0,v1:172.21.15.122:6789/0] -- mon_subscribe({config=0+,monmap=0+}) v3 -- 0x7f3868103660 con 0x7f3868102bd0
2024-03-14T11:19:19.921 INFO:teuthology.orchestra.run.smithi122.stdout:/usr/bin/ceph: stderr
2024-03-14T11:19:19.009+0000 7f386d513700 1 --2- 172.21.15.122:0/3605474347 >> [v2:172.21.15.122:3300/0,v1:172.21.15.122:6789/0] conn(0x7f3868102bd0 0x7f3868102fe0 secure :-1 s=READY pgs=37 cs=0 l=1 rev1=1 crypto rx=0x7f38580098e0 tx=0x7f3858009250 comp rx=0 tx=0).ready entity=mon.0 client_cookie=66aeb52d15381794 server_cookie=0 in_seq=0 out_seq=0
2024-03-14T11:19:19.921 INFO:teuthology.orchestra.run.smithi122.stdout:/usr/bin/ceph: stderr
2024-03-14T11:19:19.009+0000 7f385ffff700 1 -- 172.21.15.122:0/3605474347 <== mon.0 v2:172.21.15.122:3300/0 1 ==== mon_map magic: 0 v1 ==== 229+0+0 (secure 0 0 0) 0x7f385800b860 con 0x7f3868102bd0
2024-03-14T11:19:19.921 INFO:teuthology.orchestra.run.smithi122.stdout:/usr/bin/ceph: stderr
2024-03-14T11:19:19.009+0000 7f385ffff700 1 -- 172.21.15.122:0/3605474347 <== mon.0 v2:172.21.15.122:3300/0 2 ==== config(26 keys) v1 ==== 1009+0+0 (secure 0 0 0) 0x7f385800be30 con 0x7f3868102bd0
2024-03-14T11:19:19.921 INFO:teuthology.orchestra.run.smithi122.stdout:/usr/bin/ceph: stderr
2024-03-14T11:19:19.009+0000 7f385ffff700 1 -- 172.21.15.122:0/3605474347 <== mon.0 v2:172.21.15.122:3300/0 3 ==== mon_map magic: 0 v1 ==== 229+0+0 (secure 0 0 0) 0x7f3858010380 con 0x7f3868102bd0
2024-03-14T11:19:19.921 INFO:teuthology.orchestra.run.smithi122.stdout:/usr/bin/ceph: stderr
2024-03-14T11:19:19.010+0000 7f386f777700 1 -- 172.21.15.122:0/3605474347 >> [v2:172.21.15.122:3300/0,v1:172.21.15.122:6789/0] conn(0x7f3868102bd0 msgr2=0x7f3868102fe0 secure :-1 s=STATE_CONNECTION_ESTABLISHED l=1).mark_down
2024-03-14T11:19:19.921 INFO:teuthology.orchestra.run.smithi122.stdout:/usr/bin/ceph: stderr
2024-03-14T11:19:19.010+0000 7f386f777700 1 --2- 172.21.15.122:0/3605474347 >> [v2:172.21.15.122:3300/0,v1:172.21.15.122:6789/0] conn(0x7f3868102bd0 0x7f3868102fe0 secure :-1 s=READY pgs=37 cs=0 l=1 rev1=1 crypto rx=0x7f38580098e0 tx=0x7f3858009250 comp rx=0 tx=0).stop
2024-03-14T11:19:19.921 INFO:teuthology.orchestra.run.smithi122.stdout:/usr/bin/ceph: stderr
2024-03-14T11:19:19.010+0000 7f386f777700 1 -- 172.21.15.122:0/3605474347 shutdown_connections
2024-03-14T11:19:19.922 INFO:teuthology.orchestra.run.smithi122.stdout:/usr/bin/ceph: stderr
2024-03-14T11:19:19.010+0000 7f386f777700 1 --2- 172.21.15.122:0/3605474347 >> [v2:172.21.15.122:3300/0,v1:172.21.15.122:6789/0] conn(0x7f3868102bd0 0x7f3868102fe0 unknown :-1 s=CLOSED pgs=37 cs=0 l=1 rev1=1 crypto rx=0 tx=0 comp rx=0 tx=0).stop
2024-03-14T11:19:19.922 INFO:teuthology.orchestra.run.smithi122.stdout:/usr/bin/ceph: stderr
2024-03-14T11:19:19.010+0000 7f386f777700 1 -- 172.21.15.122:0/3605474347 >> 172.21.15.122:0/3605474347 conn(0x7f38680fc400 msgr2=0x7f38680fe810 unknown :-1 s=STATE_NONE l=0).mark_down
2024-03-14T11:19:19.922 INFO:teuthology.orchestra.run.smithi122.stdout:/usr/bin/ceph: stderr
2024-03-14T11:19:19.010+0000 7f386f777700 1 -- 172.21.15.122:0/3605474347 shutdown_connections
2024-03-14T11:19:19.922 INFO:teuthology.orchestra.run.smithi122.stdout:/usr/bin/ceph: stderr
2024-03-14T11:19:19.010+0000 7f386f777700 1 -- 172.21.15.122:0/3605474347 wait complete.
2024-03-14T11:19:19.922 INFO:teuthology.orchestra.run.smithi122.stdout:/usr/bin/ceph: stderr
2024-03-14T11:19:19.010+0000 7f386f777700 1 Processor -- start
2024-03-14T11:19:19.922 INFO:teuthology.orchestra.run.smithi122.stdout:/usr/bin/ceph: stderr
2024-03-14T11:19:19.010+0000 7f386f777700 1 -- start start
2024-03-14T11:19:19.922 INFO:teuthology.orchestra.run.smithi122.stdout:/usr/bin/ceph: stderr
2024-03-14T11:19:19.010+0000 7f386f777700 1 --2- >> [v2:172.21.15.122:3300/0,v1:172.21.15.122:6789/0] conn(0x7f3868102bd0 0x7f3868113520 unknown :-1 s=NONE pgs=0 cs=0 l=1 rev1=0 crypto rx=0 tx=0 comp rx=0 tx=0).connect
2024-03-14T11:19:19.922 INFO:teuthology.orchestra.run.smithi122.stdout:/usr/bin/ceph: stderr
2024-03-14T11:19:19.010+0000 7f386f777700 1 -- --> [v2:172.21.15.122:3300/0,v1:172.21.15.122:6789/0] -- mon_getmap magic: 0 v1 -- 0x7f3868113a60 con 0x7f3868102bd0
2024-03-14T11:19:19.922 INFO:teuthology.orchestra.run.smithi122.stdout:/usr/bin/ceph: stderr
2024-03-14T11:19:19.011+0000 7f386d513700 1 --2- >> [v2:172.21.15.122:3300/0,v1:172.21.15.122:6789/0] conn(0x7f3868102bd0 0x7f3868113520 unknown :-1 s=BANNER_CONNECTING pgs=0 cs=0 l=1 rev1=0 crypto rx=0 tx=0 comp rx=0 tx=0)._handle_peer_banner_payload supported=3 required=0
2024-03-14T11:19:19.922 INFO:teuthology.orchestra.run.smithi122.stdout:/usr/bin/ceph: stderr
2024-03-14T11:19:19.011+0000 7f386d513700 1 --2- >> [v2:172.21.15.122:3300/0,v1:172.21.15.122:6789/0] conn(0x7f3868102bd0 0x7f3868113520 unknown :-1 s=HELLO_CONNECTING pgs=0 cs=0 l=1 rev1=1 crypto rx=0 tx=0 comp rx=0 tx=0).handle_hello peer v2:172.21.15.122:3300/0 says I am v2:172.21.15.122:59160/0 (socket says 172.21.15.122:59160)
2024-03-14T11:19:19.922 INFO:teuthology.orchestra.run.smithi122.stdout:/usr/bin/ceph: stderr
2024-03-14T11:19:19.011+0000 7f386d513700 1 -- 172.21.15.122:0/733633633 learned_addr learned my addr 172.21.15.122:0/733633633 (peer_addr_for_me v2:172.21.15.122:0/0)
2024-03-14T11:19:19.922 INFO:teuthology.orchestra.run.smithi122.stdout:/usr/bin/ceph: stderr
2024-03-14T11:19:19.011+0000 7f386d513700 1 -- 172.21.15.122:0/733633633 --> [v2:172.21.15.122:3300/0,v1:172.21.15.122:6789/0] -- mon_subscribe({config=0+,monmap=0+}) v3 -- 0x7f38580094f0 con 0x7f3868102bd0
2024-03-14T11:19:19.922 INFO:teuthology.orchestra.run.smithi122.stdout:/usr/bin/ceph: stderr
2024-03-14T11:19:19.011+0000 7f386d513700 1 --2- 172.21.15.122:0/733633633 >> [v2:172.21.15.122:3300/0,v1:172.21.15.122:6789/0] conn(0x7f3868102bd0 0x7f3868113520 secure :-1 s=READY pgs=38 cs=0 l=1 rev1=1 crypto rx=0x7f3858000c00 tx=0x7f3858009250 comp rx=0 tx=0).ready entity=mon.0 client_cookie=0 server_cookie=0 in_seq=0 out_seq=0
2024-03-14T11:19:19.923 INFO:teuthology.orchestra.run.smithi122.stdout:/usr/bin/ceph: stderr
2024-03-14T11:19:19.011+0000 7f385dffb700 1 -- 172.21.15.122:0/733633633 <== mon.0 v2:172.21.15.122:3300/0 1 ==== mon_map magic: 0 v1 ==== 229+0+0 (secure 0 0 0) 0x7f3858010a80 con 0x7f3868102bd0
2024-03-14T11:19:19.923 INFO:teuthology.orchestra.run.smithi122.stdout:/usr/bin/ceph: stderr
2024-03-14T11:19:19.011+0000 7f385dffb700 1 -- 172.21.15.122:0/733633633 <== mon.0 v2:172.21.15.122:3300/0 2 ==== config(26 keys) v1 ==== 1009+0+0 (secure 0 0 0) 0x7f385801a430 con 0x7f3868102bd0
2024-03-14T11:19:19.923 INFO:teuthology.orchestra.run.smithi122.stdout:/usr/bin/ceph: stderr
2024-03-14T11:19:19.011+0000 7f386f777700 1 -- 172.21.15.122:0/733633633 --> [v2:172.21.15.122:3300/0,v1:172.21.15.122:6789/0] -- mon_subscribe({mgrmap=0+}) v3 -- 0x7f3868113c60 con 0x7f3868102bd0
2024-03-14T11:19:19.923 INFO:teuthology.orchestra.run.smithi122.stdout:/usr/bin/ceph: stderr
2024-03-14T11:19:19.011+0000 7f385dffb700 1 -- 172.21.15.122:0/733633633 <== mon.0 v2:172.21.15.122:3300/0 3 ==== mon_map magic: 0 v1 ==== 229+0+0 (secure 0 0 0) 0x7f38580245b0 con 0x7f3868102bd0
2024-03-14T11:19:19.923 INFO:teuthology.orchestra.run.smithi122.stdout:/usr/bin/ceph: stderr
2024-03-14T11:19:19.011+0000 7f386f777700 1 -- 172.21.15.122:0/733633633 --> [v2:172.21.15.122:3300/0,v1:172.21.15.122:6789/0] -- mon_subscribe({osdmap=0}) v3 -- 0x7f38681147d0 con 0x7f3868102bd0
2024-03-14T11:19:19.923 INFO:teuthology.orchestra.run.smithi122.stdout:/usr/bin/ceph: stderr
2024-03-14T11:19:19.012+0000 7f385dffb700 1 -- 172.21.15.122:0/733633633 <== mon.0 v2:172.21.15.122:3300/0 4 ==== mgrmap(e 8) v1 ==== 43368+0+0 (secure 0 0 0) 0x7f38580247f0 con 0x7f3868102bd0
2024-03-14T11:19:19.923 INFO:teuthology.orchestra.run.smithi122.stdout:/usr/bin/ceph: stderr
2024-03-14T11:19:19.012+0000 7f385dffb700 1 --2- 172.21.15.122:0/733633633 >> [v2:172.21.15.122:6800/1688753560,v1:172.21.15.122:6801/1688753560] conn(0x7f3854036790 0x7f3854038c40 unknown :-1 s=NONE pgs=0 cs=0 l=1 rev1=0 crypto rx=0 tx=0 comp rx=0 tx=0).connect
2024-03-14T11:19:19.923 INFO:teuthology.orchestra.run.smithi122.stdout:/usr/bin/ceph: stderr
2024-03-14T11:19:19.012+0000 7f385dffb700 1 -- 172.21.15.122:0/733633633 <== mon.0 v2:172.21.15.122:3300/0 5 ==== osd_map(2..2 src has 1..2) v4 ==== 936+0+0 (secure 0 0 0) 0x7f385804ad80 con 0x7f3868102bd0
2024-03-14T11:19:19.923 INFO:teuthology.orchestra.run.smithi122.stdout:/usr/bin/ceph: stderr
2024-03-14T11:19:19.012+0000 7f386cd12700 1 --2- 172.21.15.122:0/733633633 >> [v2:172.21.15.122:6800/1688753560,v1:172.21.15.122:6801/1688753560] conn(0x7f3854036790 0x7f3854038c40 unknown :-1 s=BANNER_CONNECTING pgs=0 cs=0 l=1 rev1=0 crypto rx=0 tx=0 comp rx=0 tx=0)._handle_peer_banner_payload supported=3 required=0
2024-03-14T11:19:19.923 INFO:teuthology.orchestra.run.smithi122.stdout:/usr/bin/ceph: stderr
2024-03-14T11:19:19.013+0000 7f386f777700 1 -- 172.21.15.122:0/733633633 --> [v2:172.21.15.122:3300/0,v1:172.21.15.122:6789/0] -- mon_command({"prefix": "get_command_descriptions"} v 0) v1 -- 0x7f386805f5f0 con 0x7f3868102bd0
2024-03-14T11:19:19.923 INFO:teuthology.orchestra.run.smithi122.stdout:/usr/bin/ceph: stderr
2024-03-14T11:19:19.013+0000 7f386cd12700 1 --2- 172.21.15.122:0/733633633 >> [v2:172.21.15.122:6800/1688753560,v1:172.21.15.122:6801/1688753560] conn(0x7f3854036790 0x7f3854038c40 secure :-1 s=READY pgs=8 cs=0 l=1 rev1=1 crypto rx=0x7f3864009990 tx=0x7f3864006e40 comp rx=0 tx=0).ready entity=mgr.14118 client_cookie=0 server_cookie=0 in_seq=0 out_seq=0
2024-03-14T11:19:19.923 INFO:teuthology.orchestra.run.smithi122.stdout:/usr/bin/ceph: stderr
2024-03-14T11:19:19.017+0000 7f385dffb700 1 -- 172.21.15.122:0/733633633 <== mon.0 v2:172.21.15.122:3300/0 6 ==== mon_command_ack([{"prefix": "get_command_descriptions"}]=0 v0) v1 ==== 72+0+175445 (secure 0 0 0) 0x7f3858018350 con 0x7f3868102bd0
2024-03-14T11:19:19.923 INFO:teuthology.orchestra.run.smithi122.stdout:/usr/bin/ceph: stderr
2024-03-14T11:19:19.202+0000 7f386f777700 1 -- 172.21.15.122:0/733633633 --> [v2:172.21.15.122:6800/1688753560,v1:172.21.15.122:6801/1688753560] -- mgr_command(tid 0: {"prefix": "cephadm set-user", "user": "root", "target": ["mon-mgr", ""]}) v1 -- 0x7f38680fd5a0 con 0x7f3854036790
2024-03-14T11:19:19.923 INFO:teuthology.orchestra.run.smithi122.stdout:/usr/bin/ceph: stderr
2024-03-14T11:19:19.202+0000 7f385dffb700 1 -- 172.21.15.122:0/733633633 <== mgr.14118 v2:172.21.15.122:6800/1688753560 1 ==== mgr_command_reply(tid 0: 0 ) v1 ==== 8+0+16 (secure 0 0 0) 0x7f38680fd5a0 con 0x7f3854036790
2024-03-14T11:19:19.924 INFO:teuthology.orchestra.run.smithi122.stdout:/usr/bin/ceph: stderr
2024-03-14T11:19:19.204+0000 7f386f777700 1 -- 172.21.15.122:0/733633633 >> [v2:172.21.15.122:6800/1688753560,v1:172.21.15.122:6801/1688753560] conn(0x7f3854036790 msgr2=0x7f3854038c40 secure :-1 s=STATE_CONNECTION_ESTABLISHED l=1).mark_down
2024-03-14T11:19:19.924 INFO:teuthology.orchestra.run.smithi122.stdout:/usr/bin/ceph: stderr
2024-03-14T11:19:19.204+0000 7f386f777700 1 --2- 172.21.15.122:0/733633633 >> [v2:172.21.15.122:6800/1688753560,v1:172.21.15.122:6801/1688753560] conn(0x7f3854036790 0x7f3854038c40 secure :-1 s=READY pgs=8 cs=0 l=1 rev1=1 crypto rx=0x7f3864009990 tx=0x7f3864006e40 comp rx=0 tx=0).stop
2024-03-14T11:19:19.924 INFO:teuthology.orchestra.run.smithi122.stdout:/usr/bin/ceph: stderr
2024-03-14T11:19:19.204+0000 7f386f777700 1 -- 172.21.15.122:0/733633633 >> [v2:172.21.15.122:3300/0,v1:172.21.15.122:6789/0] conn(0x7f3868102bd0 msgr2=0x7f3868113520 secure :-1 s=STATE_CONNECTION_ESTABLISHED l=1).mark_down
2024-03-14T11:19:19.924 INFO:journalctl@ceph.mon.smithi122.smithi122.stdout:Mar 14 11:19:19 smithi122 ceph-mon[39675]: from='client.14132 -' entity='client.admin' cmd=[{"prefix": "cephadm set-user", "user": "root", "target": ["mon-mgr", ""]}]: dispatch
2024-03-14T11:19:19.925 INFO:teuthology.orchestra.run.smithi122.stdout:/usr/bin/ceph: stderr
2024-03-14T11:19:19.204+0000 7f386f777700 1 --2- 172.21.15.122:0/733633633 >> [v2:172.21.15.122:3300/0,v1:172.21.15.122:6789/0] conn(0x7f3868102bd0 0x7f3868113520 secure :-1 s=READY pgs=38 cs=0 l=1 rev1=1 crypto rx=0x7f3858000c00 tx=0x7f3858009250 comp rx=0 tx=0).stop
2024-03-14T11:19:19.925 INFO:teuthology.orchestra.run.smithi122.stdout:/usr/bin/ceph: stderr
2024-03-14T11:19:19.204+0000 7f386f777700 1 -- 172.21.15.122:0/733633633 shutdown_connections
2024-03-14T11:19:19.925 INFO:teuthology.orchestra.run.smithi122.stdout:/usr/bin/ceph: stderr
2024-03-14T11:19:19.204+0000 7f386f777700 1 --2- 172.21.15.122:0/733633633 >> [v2:172.21.15.122:6800/1688753560,v1:172.21.15.122:6801/1688753560] conn(0x7f3854036790 0x7f3854038c40 unknown :-1 s=CLOSED pgs=8 cs=0 l=1 rev1=1 crypto rx=0 tx=0 comp rx=0 tx=0).stop
2024-03-14T11:19:19.925 INFO:teuthology.orchestra.run.smithi122.stdout:/usr/bin/ceph: stderr
2024-03-14T11:19:19.204+0000 7f386f777700 1 --2- 172.21.15.122:0/733633633 >> [v2:172.21.15.122:3300/0,v1:172.21.15.122:6789/0] conn(0x7f3868102bd0 0x7f3868113520 unknown :-1 s=CLOSED pgs=38 cs=0 l=1 rev1=1 crypto rx=0 tx=0 comp rx=0 tx=0).stop
2024-03-14T11:19:19.925 INFO:teuthology.orchestra.run.smithi122.stdout:/usr/bin/ceph: stderr
2024-03-14T11:19:19.204+0000 7f386f777700 1 -- 172.21.15.122:0/733633633 >> 172.21.15.122:0/733633633 conn(0x7f38680fc400 msgr2=0x7f38680fce90 unknown :-1 s=STATE_NONE l=0).mark_down
2024-03-14T11:19:19.925 INFO:teuthology.orchestra.run.smithi122.stdout:/usr/bin/ceph: stderr
2024-03-14T11:19:19.204+0000 7f386f777700 1 -- 172.21.15.122:0/733633633 shutdown_connections
2024-03-14T11:19:19.925 INFO:teuthology.orchestra.run.smithi122.stdout:/usr/bin/ceph: stderr
2024-03-14T11:19:19.204+0000 7f386f777700 1 -- 172.21.15.122:0/733633633 wait complete.
2024-03-14T11:19:19.925 INFO:teuthology.orchestra.run.smithi122.stdout:Generating ssh key...
2024-03-14T11:19:21.504 INFO:teuthology.orchestra.run.smithi122.stdout:/usr/bin/ceph: stderr
2024-03-14T11:19:20.474+0000 7f5d92e3e700 1 Processor -- start
2024-03-14T11:19:21.504 INFO:teuthology.orchestra.run.smithi122.stdout:/usr/bin/ceph: stderr
2024-03-14T11:19:20.474+0000 7f5d92e3e700 1 -- start start
2024-03-14T11:19:21.504 INFO:teuthology.orchestra.run.smithi122.stdout:/usr/bin/ceph: stderr
2024-03-14T11:19:20.474+0000 7f5d92e3e700 1 --2- >> [v2:172.21.15.122:3300/0,v1:172.21.15.122:6789/0] conn(0x7f5d8c078d30 0x7f5d8c077240 unknown :-1 s=NONE pgs=0 cs=0 l=0 rev1=0 crypto rx=0 tx=0 comp rx=0 tx=0).connect
2024-03-14T11:19:21.504 INFO:teuthology.orchestra.run.smithi122.stdout:/usr/bin/ceph: stderr
2024-03-14T11:19:20.474+0000 7f5d92e3e700 1 -- --> [v2:172.21.15.122:3300/0,v1:172.21.15.122:6789/0] -- mon_getmap magic: 0 v1 -- 0x7f5d8c079140 con 0x7f5d8c078d30
2024-03-14T11:19:21.504 INFO:teuthology.orchestra.run.smithi122.stdout:/usr/bin/ceph: stderr
2024-03-14T11:19:20.474+0000 7f5d90bda700 1 --2- >> [v2:172.21.15.122:3300/0,v1:172.21.15.122:6789/0] conn(0x7f5d8c078d30 0x7f5d8c077240 unknown :-1 s=BANNER_CONNECTING pgs=0 cs=0 l=0 rev1=0 crypto rx=0 tx=0 comp rx=0 tx=0)._handle_peer_banner_payload supported=3 required=0
2024-03-14T11:19:21.504 INFO:teuthology.orchestra.run.smithi122.stdout:/usr/bin/ceph: stderr
2024-03-14T11:19:20.474+0000 7f5d90bda700 1 --2- >> [v2:172.21.15.122:3300/0,v1:172.21.15.122:6789/0] conn(0x7f5d8c078d30 0x7f5d8c077240 unknown :-1 s=HELLO_CONNECTING pgs=0 cs=0 l=0 rev1=1 crypto rx=0 tx=0 comp rx=0 tx=0).handle_hello peer v2:172.21.15.122:3300/0 says I am v2:172.21.15.122:59174/0 (socket says 172.21.15.122:59174)
2024-03-14T11:19:21.505 INFO:teuthology.orchestra.run.smithi122.stdout:/usr/bin/ceph: stderr
2024-03-14T11:19:20.474+0000 7f5d90bda700 1 -- 172.21.15.122:0/1653186521 learned_addr learned my addr 172.21.15.122:0/1653186521 (peer_addr_for_me v2:172.21.15.122:0/0)
2024-03-14T11:19:21.505 INFO:teuthology.orchestra.run.smithi122.stdout:/usr/bin/ceph: stderr
2024-03-14T11:19:20.474+0000 7f5d90bda700 1 -- 172.21.15.122:0/1653186521 --> [v2:172.21.15.122:3300/0,v1:172.21.15.122:6789/0] -- mon_subscribe({config=0+,monmap=0+}) v3 -- 0x7f5d8c077780 con 0x7f5d8c078d30
2024-03-14T11:19:21.505 INFO:teuthology.orchestra.run.smithi122.stdout:/usr/bin/ceph: stderr
2024-03-14T11:19:20.474+0000 7f5d90bda700 1 --2- 172.21.15.122:0/1653186521 >> [v2:172.21.15.122:3300/0,v1:172.21.15.122:6789/0] conn(0x7f5d8c078d30 0x7f5d8c077240 secure :-1 s=READY pgs=39 cs=0 l=1 rev1=1 crypto rx=0x7f5d800098e0 tx=0x7f5d80009250 comp rx=0 tx=0).ready entity=mon.0 client_cookie=ab5977304fdcc0d3 server_cookie=0 in_seq=0 out_seq=0
2024-03-14T11:19:21.505 INFO:teuthology.orchestra.run.smithi122.stdout:/usr/bin/ceph: stderr
2024-03-14T11:19:20.474+0000 7f5d8b7fe700 1 -- 172.21.15.122:0/1653186521 <== mon.0 v2:172.21.15.122:3300/0 1 ==== mon_map magic: 0 v1 ==== 229+0+0 (secure 0 0 0) 0x7f5d8000b860 con 0x7f5d8c078d30
2024-03-14T11:19:21.505 INFO:teuthology.orchestra.run.smithi122.stdout:/usr/bin/ceph: stderr
2024-03-14T11:19:20.474+0000 7f5d8b7fe700 1 -- 172.21.15.122:0/1653186521 <== mon.0 v2:172.21.15.122:3300/0 2 ==== config(26 keys) v1 ==== 1009+0+0 (secure 0 0 0) 0x7f5d8000be30 con 0x7f5d8c078d30
2024-03-14T11:19:21.505 INFO:teuthology.orchestra.run.smithi122.stdout:/usr/bin/ceph: stderr
2024-03-14T11:19:20.474+0000 7f5d8b7fe700 1 -- 172.21.15.122:0/1653186521 <== mon.0 v2:172.21.15.122:3300/0 3 ==== mon_map magic: 0 v1 ==== 229+0+0 (secure 0 0 0) 0x7f5d80010380 con 0x7f5d8c078d30
2024-03-14T11:19:21.505 INFO:teuthology.orchestra.run.smithi122.stdout:/usr/bin/ceph: stderr
2024-03-14T11:19:20.475+0000 7f5d92e3e700 1 -- 172.21.15.122:0/1653186521 >> [v2:172.21.15.122:3300/0,v1:172.21.15.122:6789/0] conn(0x7f5d8c078d30 msgr2=0x7f5d8c077240 secure :-1 s=STATE_CONNECTION_ESTABLISHED l=1).mark_down
2024-03-14T11:19:21.505 INFO:teuthology.orchestra.run.smithi122.stdout:/usr/bin/ceph: stderr
2024-03-14T11:19:20.475+0000 7f5d92e3e700 1 --2- 172.21.15.122:0/1653186521 >> [v2:172.21.15.122:3300/0,v1:172.21.15.122:6789/0] conn(0x7f5d8c078d30 0x7f5d8c077240 secure :-1 s=READY pgs=39 cs=0 l=1 rev1=1 crypto rx=0x7f5d800098e0 tx=0x7f5d80009250 comp rx=0 tx=0).stop
2024-03-14T11:19:21.505 INFO:teuthology.orchestra.run.smithi122.stdout:/usr/bin/ceph: stderr
2024-03-14T11:19:20.475+0000 7f5d92e3e700 1 -- 172.21.15.122:0/1653186521 shutdown_connections
2024-03-14T11:19:21.505 INFO:teuthology.orchestra.run.smithi122.stdout:/usr/bin/ceph: stderr
2024-03-14T11:19:20.475+0000 7f5d92e3e700 1 --2- 172.21.15.122:0/1653186521 >> [v2:172.21.15.122:3300/0,v1:172.21.15.122:6789/0] conn(0x7f5d8c078d30 0x7f5d8c077240 unknown :-1 s=CLOSED pgs=39 cs=0 l=1 rev1=1 crypto rx=0 tx=0 comp rx=0 tx=0).stop
2024-03-14T11:19:21.505 INFO:teuthology.orchestra.run.smithi122.stdout:/usr/bin/ceph: stderr
2024-03-14T11:19:20.475+0000 7f5d92e3e700 1 -- 172.21.15.122:0/1653186521 >> 172.21.15.122:0/1653186521 conn(0x7f5d8c0fdd00 msgr2=0x7f5d8c100110 unknown :-1 s=STATE_NONE l=0).mark_down
2024-03-14T11:19:21.505 INFO:teuthology.orchestra.run.smithi122.stdout:/usr/bin/ceph: stderr
2024-03-14T11:19:20.475+0000 7f5d92e3e700 1 -- 172.21.15.122:0/1653186521 shutdown_connections
2024-03-14T11:19:21.505 INFO:teuthology.orchestra.run.smithi122.stdout:/usr/bin/ceph: stderr
2024-03-14T11:19:20.475+0000 7f5d92e3e700 1 -- 172.21.15.122:0/1653186521 wait complete.
2024-03-14T11:19:21.505 INFO:teuthology.orchestra.run.smithi122.stdout:/usr/bin/ceph: stderr
2024-03-14T11:19:20.476+0000 7f5d92e3e700 1 Processor -- start
2024-03-14T11:19:21.506 INFO:teuthology.orchestra.run.smithi122.stdout:/usr/bin/ceph: stderr
2024-03-14T11:19:20.476+0000 7f5d92e3e700 1 -- start start
2024-03-14T11:19:21.506 INFO:teuthology.orchestra.run.smithi122.stdout:/usr/bin/ceph: stderr
2024-03-14T11:19:20.476+0000 7f5d92e3e700 1 --2- >> [v2:172.21.15.122:3300/0,v1:172.21.15.122:6789/0] conn(0x7f5d8c117b20 0x7f5d8c117f30 unknown :-1 s=NONE pgs=0 cs=0 l=1 rev1=0 crypto rx=0 tx=0 comp rx=0 tx=0).connect
2024-03-14T11:19:21.506 INFO:teuthology.orchestra.run.smithi122.stdout:/usr/bin/ceph: stderr
2024-03-14T11:19:20.476+0000 7f5d92e3e700 1 -- --> [v2:172.21.15.122:3300/0,v1:172.21.15.122:6789/0] -- mon_getmap magic: 0 v1 -- 0x7f5d8c118470 con 0x7f5d8c117b20
2024-03-14T11:19:21.506 INFO:teuthology.orchestra.run.smithi122.stdout:/usr/bin/ceph: stderr
2024-03-14T11:19:20.476+0000 7f5d90bda700 1 --2- >> [v2:172.21.15.122:3300/0,v1:172.21.15.122:6789/0] conn(0x7f5d8c117b20 0x7f5d8c117f30 unknown :-1 s=BANNER_CONNECTING pgs=0 cs=0 l=1 rev1=0 crypto rx=0 tx=0 comp rx=0 tx=0)._handle_peer_banner_payload supported=3 required=0
2024-03-14T11:19:21.506 INFO:teuthology.orchestra.run.smithi122.stdout:/usr/bin/ceph: stderr
2024-03-14T11:19:20.476+0000 7f5d90bda700 1 --2- >> [v2:172.21.15.122:3300/0,v1:172.21.15.122:6789/0] conn(0x7f5d8c117b20 0x7f5d8c117f30 unknown :-1 s=HELLO_CONNECTING pgs=0 cs=0 l=1 rev1=1 crypto rx=0 tx=0 comp rx=0 tx=0).handle_hello peer v2:172.21.15.122:3300/0 says I am v2:172.21.15.122:59186/0 (socket says 172.21.15.122:59186)
2024-03-14T11:19:21.506 INFO:teuthology.orchestra.run.smithi122.stdout:/usr/bin/ceph: stderr
2024-03-14T11:19:20.476+0000 7f5d90bda700 1 -- 172.21.15.122:0/3397050919 learned_addr learned my addr 172.21.15.122:0/3397050919 (peer_addr_for_me v2:172.21.15.122:0/0)
2024-03-14T11:19:21.506 INFO:teuthology.orchestra.run.smithi122.stdout:/usr/bin/ceph: stderr
2024-03-14T11:19:20.476+0000 7f5d90bda700 1 -- 172.21.15.122:0/3397050919 --> [v2:172.21.15.122:3300/0,v1:172.21.15.122:6789/0] -- mon_subscribe({config=0+,monmap=0+}) v3 -- 0x7f5d800094f0 con 0x7f5d8c117b20
2024-03-14T11:19:21.506 INFO:teuthology.orchestra.run.smithi122.stdout:/usr/bin/ceph: stderr
2024-03-14T11:19:20.476+0000 7f5d90bda700 1 --2- 172.21.15.122:0/3397050919 >> [v2:172.21.15.122:3300/0,v1:172.21.15.122:6789/0] conn(0x7f5d8c117b20 0x7f5d8c117f30 secure :-1 s=READY pgs=40 cs=0 l=1 rev1=1 crypto rx=0x7f5d800094c0 tx=0x7f5d80009250 comp rx=0 tx=0).ready entity=mon.0 client_cookie=0 server_cookie=0 in_seq=0 out_seq=0
2024-03-14T11:19:21.506 INFO:teuthology.orchestra.run.smithi122.stdout:/usr/bin/ceph: stderr
2024-03-14T11:19:20.476+0000 7f5d897fa700 1 -- 172.21.15.122:0/3397050919 <== mon.0 v2:172.21.15.122:3300/0 1 ==== mon_map magic: 0 v1 ==== 229+0+0 (secure 0 0 0) 0x7f5d80018840 con 0x7f5d8c117b20
2024-03-14T11:19:21.506 INFO:teuthology.orchestra.run.smithi122.stdout:/usr/bin/ceph: stderr
2024-03-14T11:19:20.477+0000 7f5d897fa700 1 -- 172.21.15.122:0/3397050919 <== mon.0 v2:172.21.15.122:3300/0 2 ==== config(26 keys) v1 ==== 1009+0+0 (secure 0 0 0) 0x7f5d80018e10 con 0x7f5d8c117b20
2024-03-14T11:19:21.506 INFO:teuthology.orchestra.run.smithi122.stdout:/usr/bin/ceph: stderr
2024-03-14T11:19:20.477+0000 7f5d897fa700 1 -- 172.21.15.122:0/3397050919 <== mon.0 v2:172.21.15.122:3300/0 3 ==== mon_map magic: 0 v1 ==== 229+0+0 (secure 0 0 0) 0x7f5d8001ae50 con 0x7f5d8c117b20
2024-03-14T11:19:21.506 INFO:teuthology.orchestra.run.smithi122.stdout:/usr/bin/ceph: stderr
2024-03-14T11:19:20.477+0000 7f5d92e3e700 1 -- 172.21.15.122:0/3397050919 --> [v2:172.21.15.122:3300/0,v1:172.21.15.122:6789/0] -- mon_subscribe({mgrmap=0+}) v3 -- 0x7f5d8c118670 con 0x7f5d8c117b20
2024-03-14T11:19:21.506 INFO:teuthology.orchestra.run.smithi122.stdout:/usr/bin/ceph: stderr
2024-03-14T11:19:20.477+0000 7f5d92e3e700 1 -- 172.21.15.122:0/3397050919 --> [v2:172.21.15.122:3300/0,v1:172.21.15.122:6789/0] -- mon_subscribe({osdmap=0}) v3 -- 0x7f5d8c119050 con 0x7f5d8c117b20
2024-03-14T11:19:21.507 INFO:teuthology.orchestra.run.smithi122.stdout:/usr/bin/ceph: stderr
2024-03-14T11:19:20.477+0000 7f5d92e3e700 1 -- 172.21.15.122:0/3397050919 --> [v2:172.21.15.122:3300/0,v1:172.21.15.122:6789/0] -- mon_command({"prefix": "get_command_descriptions"} v 0) v1 -- 0x7f5d8c04bed0 con 0x7f5d8c117b20
2024-03-14T11:19:21.507 INFO:teuthology.orchestra.run.smithi122.stdout:/usr/bin/ceph: stderr
2024-03-14T11:19:20.478+0000 7f5d897fa700 1 -- 172.21.15.122:0/3397050919 <== mon.0 v2:172.21.15.122:3300/0 4 ==== mgrmap(e 8) v1 ==== 43368+0+0 (secure 0 0 0) 0x7f5d800189a0 con 0x7f5d8c117b20
2024-03-14T11:19:21.507 INFO:teuthology.orchestra.run.smithi122.stdout:/usr/bin/ceph: stderr
2024-03-14T11:19:20.478+0000 7f5d897fa700 1 --2- 172.21.15.122:0/3397050919 >> [v2:172.21.15.122:6800/1688753560,v1:172.21.15.122:6801/1688753560] conn(0x7f5d7c036740 0x7f5d7c038bf0 unknown :-1 s=NONE pgs=0 cs=0 l=1 rev1=0 crypto rx=0 tx=0 comp rx=0 tx=0).connect
2024-03-14T11:19:21.507 INFO:teuthology.orchestra.run.smithi122.stdout:/usr/bin/ceph: stderr
2024-03-14T11:19:20.478+0000 7f5d897fa700 1 -- 172.21.15.122:0/3397050919 <== mon.0 v2:172.21.15.122:3300/0 5 ==== osd_map(2..2 src has 1..2) v4 ==== 936+0+0 (secure 0 0 0) 0x7f5d8004ac20 con 0x7f5d8c117b20
2024-03-14T11:19:21.507 INFO:teuthology.orchestra.run.smithi122.stdout:/usr/bin/ceph: stderr
2024-03-14T11:19:20.478+0000 7f5d8bfff700 1 --2- 172.21.15.122:0/3397050919 >> [v2:172.21.15.122:6800/1688753560,v1:172.21.15.122:6801/1688753560] conn(0x7f5d7c036740 0x7f5d7c038bf0 unknown :-1 s=BANNER_CONNECTING pgs=0 cs=0 l=1 rev1=0 crypto rx=0 tx=0 comp rx=0 tx=0)._handle_peer_banner_payload supported=3 required=0
2024-03-14T11:19:21.507 INFO:teuthology.orchestra.run.smithi122.stdout:/usr/bin/ceph: stderr
2024-03-14T11:19:20.479+0000 7f5d8bfff700 1 --2- 172.21.15.122:0/3397050919 >> [v2:172.21.15.122:6800/1688753560,v1:172.21.15.122:6801/1688753560] conn(0x7f5d7c036740 0x7f5d7c038bf0 secure :-1 s=READY pgs=9 cs=0 l=1 rev1=1 crypto rx=0x7f5d78009990 tx=0x7f5d78006e40 comp rx=0 tx=0).ready entity=mgr.14118 client_cookie=0 server_cookie=0 in_seq=0 out_seq=0
2024-03-14T11:19:21.507 INFO:teuthology.orchestra.run.smithi122.stdout:/usr/bin/ceph: stderr
2024-03-14T11:19:20.482+0000 7f5d897fa700 1 -- 172.21.15.122:0/3397050919 <== mon.0 v2:172.21.15.122:3300/0 6 ==== mon_command_ack([{"prefix": "get_command_descriptions"}]=0 v0) v1 ==== 72+0+175445 (secure 0 0 0) 0x7f5d8001a430 con 0x7f5d8c117b20
2024-03-14T11:19:21.507 INFO:teuthology.orchestra.run.smithi122.stdout:/usr/bin/ceph: stderr
2024-03-14T11:19:20.663+0000 7f5d92e3e700 1 -- 172.21.15.122:0/3397050919 --> [v2:172.21.15.122:6800/1688753560,v1:172.21.15.122:6801/1688753560] -- mgr_command(tid 0: {"prefix": "cephadm generate-key", "target": ["mon-mgr", ""]}) v1 -- 0x7f5d8c119760 con 0x7f5d7c036740
2024-03-14T11:19:21.507 INFO:teuthology.orchestra.run.smithi122.stdout:/usr/bin/ceph: stderr
2024-03-14T11:19:20.774+0000 7f5d897fa700 1 -- 172.21.15.122:0/3397050919 <== mgr.14118 v2:172.21.15.122:6800/1688753560 1 ==== mgr_command_reply(tid 0: 0 ) v1 ==== 8+0+0 (secure 0 0 0) 0x7f5d8c119760 con 0x7f5d7c036740
2024-03-14T11:19:21.507 INFO:teuthology.orchestra.run.smithi122.stdout:/usr/bin/ceph: stderr
2024-03-14T11:19:20.776+0000 7f5d92e3e700 1 -- 172.21.15.122:0/3397050919 >> [v2:172.21.15.122:6800/1688753560,v1:172.21.15.122:6801/1688753560] conn(0x7f5d7c036740 msgr2=0x7f5d7c038bf0 secure :-1 s=STATE_CONNECTION_ESTABLISHED l=1).mark_down
2024-03-14T11:19:21.507 INFO:teuthology.orchestra.run.smithi122.stdout:/usr/bin/ceph: stderr
2024-03-14T11:19:20.776+0000 7f5d92e3e700 1 --2- 172.21.15.122:0/3397050919 >> [v2:172.21.15.122:6800/1688753560,v1:172.21.15.122:6801/1688753560] conn(0x7f5d7c036740 0x7f5d7c038bf0 secure :-1 s=READY pgs=9 cs=0 l=1 rev1=1 crypto rx=0x7f5d78009990 tx=0x7f5d78006e40 comp rx=0 tx=0).stop
2024-03-14T11:19:21.507 INFO:teuthology.orchestra.run.smithi122.stdout:/usr/bin/ceph: stderr
2024-03-14T11:19:20.776+0000 7f5d92e3e700 1 -- 172.21.15.122:0/3397050919 >> [v2:172.21.15.122:3300/0,v1:172.21.15.122:6789/0] conn(0x7f5d8c117b20 msgr2=0x7f5d8c117f30 secure :-1 s=STATE_CONNECTION_ESTABLISHED l=1).mark_down
2024-03-14T11:19:21.507 INFO:teuthology.orchestra.run.smithi122.stdout:/usr/bin/ceph: stderr
2024-03-14T11:19:20.776+0000 7f5d92e3e700 1 --2- 172.21.15.122:0/3397050919 >> [v2:172.21.15.122:3300/0,v1:172.21.15.122:6789/0] conn(0x7f5d8c117b20 0x7f5d8c117f30 secure :-1 s=READY pgs=40 cs=0 l=1 rev1=1 crypto rx=0x7f5d800094c0 tx=0x7f5d80009250 comp rx=0 tx=0).stop
2024-03-14T11:19:21.507 INFO:teuthology.orchestra.run.smithi122.stdout:/usr/bin/ceph: stderr
2024-03-14T11:19:20.776+0000 7f5d92e3e700 1 -- 172.21.15.122:0/3397050919 shutdown_connections
2024-03-14T11:19:21.508 INFO:teuthology.orchestra.run.smithi122.stdout:/usr/bin/ceph: stderr
2024-03-14T11:19:20.776+0000 7f5d92e3e700 1 --2- 172.21.15.122:0/3397050919 >> [v2:172.21.15.122:6800/1688753560,v1:172.21.15.122:6801/1688753560] conn(0x7f5d7c036740 0x7f5d7c038bf0 unknown :-1 s=CLOSED pgs=9 cs=0 l=1 rev1=1 crypto rx=0 tx=0 comp rx=0 tx=0).stop
2024-03-14T11:19:21.508 INFO:teuthology.orchestra.run.smithi122.stdout:/usr/bin/ceph: stderr
2024-03-14T11:19:20.776+0000 7f5d92e3e700 1 --2- 172.21.15.122:0/3397050919 >> [v2:172.21.15.122:3300/0,v1:172.21.15.122:6789/0] conn(0x7f5d8c117b20 0x7f5d8c117f30 unknown :-1 s=CLOSED pgs=40 cs=0 l=1 rev1=1 crypto rx=0 tx=0 comp rx=0 tx=0).stop
2024-03-14T11:19:21.508 INFO:teuthology.orchestra.run.smithi122.stdout:/usr/bin/ceph: stderr
2024-03-14T11:19:20.776+0000 7f5d92e3e700 1 -- 172.21.15.122:0/3397050919 >> 172.21.15.122:0/3397050919 conn(0x7f5d8c0fdd00 msgr2=0x7f5d8c0fe990 unknown :-1 s=STATE_NONE l=0).mark_down
2024-03-14T11:19:21.508 INFO:teuthology.orchestra.run.smithi122.stdout:/usr/bin/ceph: stderr
2024-03-14T11:19:20.776+0000 7f5d92e3e700 1 -- 172.21.15.122:0/3397050919 shutdown_connections
2024-03-14T11:19:21.508 INFO:teuthology.orchestra.run.smithi122.stdout:/usr/bin/ceph: stderr
2024-03-14T11:19:20.776+0000 7f5d92e3e700 1 -- 172.21.15.122:0/3397050919 wait complete.
2024-03-14T11:19:22.252 INFO:journalctl@ceph.mon.smithi122.smithi122.stdout:Mar 14 11:19:21 smithi122 ceph-mon[39675]: from='client.14134 -' entity='client.admin' cmd=[{"prefix": "cephadm generate-key", "target": ["mon-mgr", ""]}]: dispatch
2024-03-14T11:19:22.252 INFO:journalctl@ceph.mon.smithi122.smithi122.stdout:Mar 14 11:19:21 smithi122 ceph-mon[39675]: Generating ssh key...
2024-03-14T11:19:22.252 INFO:journalctl@ceph.mon.smithi122.smithi122.stdout:Mar 14 11:19:21 smithi122 ceph-mon[39675]: from='mgr.14118 172.21.15.122:0/1216387282' entity='mgr.smithi122.qtgjiy'
2024-03-14T11:19:22.252 INFO:journalctl@ceph.mon.smithi122.smithi122.stdout:Mar 14 11:19:21 smithi122 ceph-mon[39675]: from='mgr.14118 172.21.15.122:0/1216387282' entity='mgr.smithi122.qtgjiy'
2024-03-14T11:19:22.942 INFO:teuthology.orchestra.run.smithi122.stdout:/usr/bin/ceph: stdout ssh-rsa AAAAB3NzaC1yc2EAAAADAQABAAABgQDVtR97iuFNoY/1EBim8WXHHWmRcA6mjYBFj+V9bGuZL8mhr9Wevf8eExilZ4bOm75SnAHslSZAVg2JMS4cfcdGFsNgrdnnO22ZuT3qMyNwgF/mVgiX6CAplrIs6368NvBwdtoEHLeqH/DkJt3oebba93/GnZkbtB5d2qdUq/WENiwWAv9ac35KN5H49PIxwhugySNXG7bJ0rOKKlJtGZcPcKplpGkB5SFpQNp5Bdhf9pwQ6cbmfsp0QRZu4kMBCCSIDhksRE4yDEPT35gLvPnadoXfqL8wfIEFRNkdX2uBPKiG1bQFSS+R2Yj8Gc86q47VYk7hThdZZDaAtLOG16FCT95TbpTk9A2Z0uWe2rY/g4ou9tYcaEI3dDEfqzDfh+ceYAdb0XtIYjvOqP99HnRNuKzReZ4GbFx7BH7VEHqqaa3a2TyJcjS2PG6DeCWP3hpnukLQScwIRoVP1Yuk91SpfjNPD/3wUKWC9YG3no1cPLI/HrY6f6UzjzQ8QPdx1Ds= ceph-81c34ae0-e1f4-11ee-95c9-87774f69a715
2024-03-14T11:19:22.942 INFO:teuthology.orchestra.run.smithi122.stdout:/usr/bin/ceph: stderr
2024-03-14T11:19:22.088+0000 7efe3c428700 1 Processor -- start
2024-03-14T11:19:22.942 INFO:teuthology.orchestra.run.smithi122.stdout:/usr/bin/ceph: stderr
2024-03-14T11:19:22.088+0000 7efe3c428700 1 -- start start
2024-03-14T11:19:22.942 INFO:teuthology.orchestra.run.smithi122.stdout:/usr/bin/ceph: stderr
2024-03-14T11:19:22.089+0000 7efe3c428700 1 --2- >> [v2:172.21.15.122:3300/0,v1:172.21.15.122:6789/0] conn(0x7efe34101a40 0x7efe34101e50 unknown :-1 s=NONE pgs=0 cs=0 l=0 rev1=0 crypto rx=0 tx=0 comp rx=0 tx=0).connect
2024-03-14T11:19:22.943 INFO:teuthology.orchestra.run.smithi122.stdout:/usr/bin/ceph: stderr
2024-03-14T11:19:22.089+0000 7efe3c428700 1 -- --> [v2:172.21.15.122:3300/0,v1:172.21.15.122:6789/0] -- mon_getmap magic: 0 v1 -- 0x7efe34102390 con 0x7efe34101a40
2024-03-14T11:19:22.943 INFO:teuthology.orchestra.run.smithi122.stdout:/usr/bin/ceph: stderr
2024-03-14T11:19:22.089+0000 7efe3a1c4700 1 --2- >> [v2:172.21.15.122:3300/0,v1:172.21.15.122:6789/0] conn(0x7efe34101a40 0x7efe34101e50 unknown :-1 s=BANNER_CONNECTING pgs=0 cs=0 l=0 rev1=0 crypto rx=0 tx=0 comp rx=0 tx=0)._handle_peer_banner_payload supported=3 required=0
2024-03-14T11:19:22.943 INFO:teuthology.orchestra.run.smithi122.stdout:/usr/bin/ceph: stderr
2024-03-14T11:19:22.089+0000 7efe3a1c4700 1 --2- >> [v2:172.21.15.122:3300/0,v1:172.21.15.122:6789/0] conn(0x7efe34101a40 0x7efe34101e50 unknown :-1 s=HELLO_CONNECTING pgs=0 cs=0 l=0 rev1=1 crypto rx=0 tx=0 comp rx=0 tx=0).handle_hello peer v2:172.21.15.122:3300/0 says I am v2:172.21.15.122:59188/0 (socket says 172.21.15.122:59188)
2024-03-14T11:19:22.943 INFO:teuthology.orchestra.run.smithi122.stdout:/usr/bin/ceph: stderr
2024-03-14T11:19:22.089+0000 7efe3a1c4700 1 -- 172.21.15.122:0/3337063457 learned_addr learned my addr 172.21.15.122:0/3337063457 (peer_addr_for_me v2:172.21.15.122:0/0)
2024-03-14T11:19:22.943 INFO:teuthology.orchestra.run.smithi122.stdout:/usr/bin/ceph: stderr
2024-03-14T11:19:22.089+0000 7efe3a1c4700 1 -- 172.21.15.122:0/3337063457 --> [v2:172.21.15.122:3300/0,v1:172.21.15.122:6789/0] -- mon_subscribe({config=0+,monmap=0+}) v3 -- 0x7efe341024d0 con 0x7efe34101a40
2024-03-14T11:19:22.943 INFO:teuthology.orchestra.run.smithi122.stdout:/usr/bin/ceph: stderr
2024-03-14T11:19:22.089+0000 7efe3a1c4700 1 --2- 172.21.15.122:0/3337063457 >> [v2:172.21.15.122:3300/0,v1:172.21.15.122:6789/0] conn(0x7efe34101a40 0x7efe34101e50 secure :-1 s=READY pgs=41 cs=0 l=1 rev1=1 crypto rx=0x7efe240098e0 tx=0x7efe24009250 comp rx=0 tx=0).ready entity=mon.0 client_cookie=13ba778e1f1553f server_cookie=0 in_seq=0 out_seq=0
2024-03-14T11:19:22.943 INFO:teuthology.orchestra.run.smithi122.stdout:/usr/bin/ceph: stderr
2024-03-14T11:19:22.089+0000 7efe391c2700 1 -- 172.21.15.122:0/3337063457 <== mon.0 v2:172.21.15.122:3300/0 1 ==== mon_map magic: 0 v1 ==== 229+0+0 (secure 0 0 0) 0x7efe2400b860 con 0x7efe34101a40
2024-03-14T11:19:22.943 INFO:teuthology.orchestra.run.smithi122.stdout:/usr/bin/ceph: stderr
2024-03-14T11:19:22.089+0000 7efe391c2700 1 -- 172.21.15.122:0/3337063457 <== mon.0 v2:172.21.15.122:3300/0 2 ==== config(26 keys) v1 ==== 1009+0+0 (secure 0 0 0) 0x7efe2400be30 con 0x7efe34101a40
2024-03-14T11:19:22.943 INFO:teuthology.orchestra.run.smithi122.stdout:/usr/bin/ceph: stderr
2024-03-14T11:19:22.089+0000 7efe391c2700 1 -- 172.21.15.122:0/3337063457 <== mon.0 v2:172.21.15.122:3300/0 3 ==== mon_map magic: 0 v1 ==== 229+0+0 (secure 0 0 0) 0x7efe24010380 con 0x7efe34101a40
2024-03-14T11:19:22.943 INFO:teuthology.orchestra.run.smithi122.stdout:/usr/bin/ceph: stderr
2024-03-14T11:19:22.090+0000 7efe3c428700 1 -- 172.21.15.122:0/3337063457 >> [v2:172.21.15.122:3300/0,v1:172.21.15.122:6789/0] conn(0x7efe34101a40 msgr2=0x7efe34101e50 secure :-1 s=STATE_CONNECTION_ESTABLISHED l=1).mark_down
2024-03-14T11:19:22.943 INFO:teuthology.orchestra.run.smithi122.stdout:/usr/bin/ceph: stderr
2024-03-14T11:19:22.090+0000 7efe3c428700 1 --2- 172.21.15.122:0/3337063457 >> [v2:172.21.15.122:3300/0,v1:172.21.15.122:6789/0] conn(0x7efe34101a40 0x7efe34101e50 secure :-1 s=READY pgs=41 cs=0 l=1 rev1=1 crypto rx=0x7efe240098e0 tx=0x7efe24009250 comp rx=0 tx=0).stop
2024-03-14T11:19:22.943 INFO:teuthology.orchestra.run.smithi122.stdout:/usr/bin/ceph: stderr
2024-03-14T11:19:22.090+0000 7efe3c428700 1 -- 172.21.15.122:0/3337063457 shutdown_connections
2024-03-14T11:19:22.943 INFO:teuthology.orchestra.run.smithi122.stdout:/usr/bin/ceph: stderr
2024-03-14T11:19:22.090+0000 7efe3c428700 1 --2- 172.21.15.122:0/3337063457 >> [v2:172.21.15.122:3300/0,v1:172.21.15.122:6789/0] conn(0x7efe34101a40 0x7efe34101e50 unknown :-1 s=CLOSED pgs=41 cs=0 l=1 rev1=1 crypto rx=0 tx=0 comp rx=0 tx=0).stop
2024-03-14T11:19:22.943 INFO:teuthology.orchestra.run.smithi122.stdout:/usr/bin/ceph: stderr
2024-03-14T11:19:22.090+0000 7efe3c428700 1 -- 172.21.15.122:0/3337063457 >> 172.21.15.122:0/3337063457 conn(0x7efe340fc400 msgr2=0x7efe340fe810 unknown :-1 s=STATE_NONE l=0).mark_down
2024-03-14T11:19:22.944 INFO:teuthology.orchestra.run.smithi122.stdout:/usr/bin/ceph: stderr
2024-03-14T11:19:22.090+0000 7efe3c428700 1 -- 172.21.15.122:0/3337063457 shutdown_connections
2024-03-14T11:19:22.944 INFO:teuthology.orchestra.run.smithi122.stdout:/usr/bin/ceph: stderr
2024-03-14T11:19:22.090+0000 7efe3c428700 1 -- 172.21.15.122:0/3337063457 wait complete.
2024-03-14T11:19:22.944 INFO:teuthology.orchestra.run.smithi122.stdout:/usr/bin/ceph: stderr
2024-03-14T11:19:22.090+0000 7efe3c428700 1 Processor -- start
2024-03-14T11:19:22.944 INFO:teuthology.orchestra.run.smithi122.stdout:/usr/bin/ceph: stderr
2024-03-14T11:19:22.090+0000 7efe3c428700 1 -- start start
2024-03-14T11:19:22.944 INFO:teuthology.orchestra.run.smithi122.stdout:/usr/bin/ceph: stderr
2024-03-14T11:19:22.091+0000 7efe3c428700 1 --2- >> [v2:172.21.15.122:3300/0,v1:172.21.15.122:6789/0] conn(0x7efe34101a40 0x7efe34101330 unknown :-1 s=NONE pgs=0 cs=0 l=1 rev1=0 crypto rx=0 tx=0 comp rx=0 tx=0).connect
2024-03-14T11:19:22.944 INFO:teuthology.orchestra.run.smithi122.stdout:/usr/bin/ceph: stderr
2024-03-14T11:19:22.091+0000 7efe3c428700 1 -- --> [v2:172.21.15.122:3300/0,v1:172.21.15.122:6789/0] -- mon_getmap magic: 0 v1 -- 0x7efe34113fd0 con 0x7efe34101a40
2024-03-14T11:19:22.944 INFO:teuthology.orchestra.run.smithi122.stdout:/usr/bin/ceph: stderr
2024-03-14T11:19:22.091+0000 7efe3a1c4700 1 --2- >> [v2:172.21.15.122:3300/0,v1:172.21.15.122:6789/0] conn(0x7efe34101a40 0x7efe34101330 unknown :-1 s=BANNER_CONNECTING pgs=0 cs=0 l=1 rev1=0 crypto rx=0 tx=0 comp rx=0 tx=0)._handle_peer_banner_payload supported=3 required=0
2024-03-14T11:19:22.944 INFO:teuthology.orchestra.run.smithi122.stdout:/usr/bin/ceph: stderr
2024-03-14T11:19:22.091+0000 7efe3a1c4700 1 --2- >> [v2:172.21.15.122:3300/0,v1:172.21.15.122:6789/0] conn(0x7efe34101a40 0x7efe34101330 unknown :-1 s=HELLO_CONNECTING pgs=0 cs=0 l=1 rev1=1 crypto rx=0 tx=0 comp rx=0 tx=0).handle_hello peer v2:172.21.15.122:3300/0 says I am v2:172.21.15.122:59192/0 (socket says 172.21.15.122:59192)
2024-03-14T11:19:22.944 INFO:teuthology.orchestra.run.smithi122.stdout:/usr/bin/ceph: stderr
2024-03-14T11:19:22.091+0000 7efe3a1c4700 1 -- 172.21.15.122:0/1265587549 learned_addr learned my addr 172.21.15.122:0/1265587549 (peer_addr_for_me v2:172.21.15.122:0/0)
2024-03-14T11:19:22.944 INFO:teuthology.orchestra.run.smithi122.stdout:/usr/bin/ceph: stderr
2024-03-14T11:19:22.091+0000 7efe3a1c4700 1 -- 172.21.15.122:0/1265587549 --> [v2:172.21.15.122:3300/0,v1:172.21.15.122:6789/0] -- mon_subscribe({config=0+,monmap=0+}) v3 -- 0x7efe240094f0 con 0x7efe34101a40
2024-03-14T11:19:22.945 INFO:teuthology.orchestra.run.smithi122.stdout:/usr/bin/ceph: stderr
2024-03-14T11:19:22.091+0000 7efe3a1c4700 1 --2- 172.21.15.122:0/1265587549 >> [v2:172.21.15.122:3300/0,v1:172.21.15.122:6789/0] conn(0x7efe34101a40 0x7efe34101330 secure :-1 s=READY pgs=42 cs=0 l=1 rev1=1 crypto rx=0x7efe24006b00 tx=0x7efe24009250 comp rx=0 tx=0).ready entity=mon.0 client_cookie=0 server_cookie=0 in_seq=0 out_seq=0
2024-03-14T11:19:22.945 INFO:teuthology.orchestra.run.smithi122.stdout:/usr/bin/ceph: stderr
2024-03-14T11:19:22.091+0000 7efe2affd700 1 -- 172.21.15.122:0/1265587549 <== mon.0 v2:172.21.15.122:3300/0 1 ==== mon_map magic: 0 v1 ==== 229+0+0 (secure 0 0 0) 0x7efe240109b0 con 0x7efe34101a40
2024-03-14T11:19:22.945 INFO:teuthology.orchestra.run.smithi122.stdout:/usr/bin/ceph: stderr
2024-03-14T11:19:22.091+0000 7efe2affd700 1 -- 172.21.15.122:0/1265587549 <== mon.0 v2:172.21.15.122:3300/0 2 ==== config(26 keys) v1 ==== 1009+0+0 (secure 0 0 0) 0x7efe24024440 con 0x7efe34101a40
2024-03-14T11:19:22.945 INFO:teuthology.orchestra.run.smithi122.stdout:/usr/bin/ceph: stderr
2024-03-14T11:19:22.091+0000 7efe2affd700 1 -- 172.21.15.122:0/1265587549 <== mon.0 v2:172.21.15.122:3300/0 3 ==== mon_map magic: 0 v1 ==== 229+0+0 (secure 0 0 0) 0x7efe2401a5f0 con 0x7efe34101a40
2024-03-14T11:19:22.945 INFO:teuthology.orchestra.run.smithi122.stdout:/usr/bin/ceph: stderr
2024-03-14T11:19:22.091+0000 7efe3c428700 1 -- 172.21.15.122:0/1265587549 --> [v2:172.21.15.122:3300/0,v1:172.21.15.122:6789/0] -- mon_subscribe({mgrmap=0+}) v3 -- 0x7efe34114110 con 0x7efe34101a40
2024-03-14T11:19:22.945 INFO:teuthology.orchestra.run.smithi122.stdout:/usr/bin/ceph: stderr
2024-03-14T11:19:22.091+0000 7efe3c428700 1 -- 172.21.15.122:0/1265587549 --> [v2:172.21.15.122:3300/0,v1:172.21.15.122:6789/0] -- mon_subscribe({osdmap=0}) v3 -- 0x7efe34114600 con 0x7efe34101a40
2024-03-14T11:19:22.945 INFO:teuthology.orchestra.run.smithi122.stdout:/usr/bin/ceph: stderr
2024-03-14T11:19:22.092+0000 7efe2affd700 1 -- 172.21.15.122:0/1265587549 <== mon.0 v2:172.21.15.122:3300/0 4 ==== mgrmap(e 8) v1 ==== 43368+0+0 (secure 0 0 0) 0x7efe24024990 con 0x7efe34101a40
2024-03-14T11:19:22.945 INFO:teuthology.orchestra.run.smithi122.stdout:/usr/bin/ceph: stderr
2024-03-14T11:19:22.092+0000 7efe3c428700 1 -- 172.21.15.122:0/1265587549 --> [v2:172.21.15.122:3300/0,v1:172.21.15.122:6789/0] -- mon_command({"prefix": "get_command_descriptions"} v 0) v1 -- 0x7efe3404bed0 con 0x7efe34101a40
2024-03-14T11:19:22.945 INFO:teuthology.orchestra.run.smithi122.stdout:/usr/bin/ceph: stderr
2024-03-14T11:19:22.093+0000 7efe2affd700 1 --2- 172.21.15.122:0/1265587549 >> [v2:172.21.15.122:6800/1688753560,v1:172.21.15.122:6801/1688753560] conn(0x7efe200367e0 0x7efe20038c90 unknown :-1 s=NONE pgs=0 cs=0 l=1 rev1=0 crypto rx=0 tx=0 comp rx=0 tx=0).connect
2024-03-14T11:19:22.945 INFO:teuthology.orchestra.run.smithi122.stdout:/usr/bin/ceph: stderr
2024-03-14T11:19:22.093+0000 7efe2affd700 1 -- 172.21.15.122:0/1265587549 <== mon.0 v2:172.21.15.122:3300/0 5 ==== osd_map(2..2 src has 1..2) v4 ==== 936+0+0 (secure 0 0 0) 0x7efe2404a760 con 0x7efe34101a40
2024-03-14T11:19:22.945 INFO:teuthology.orchestra.run.smithi122.stdout:/usr/bin/ceph: stderr
2024-03-14T11:19:22.093+0000 7efe399c3700 1 --2- 172.21.15.122:0/1265587549 >> [v2:172.21.15.122:6800/1688753560,v1:172.21.15.122:6801/1688753560] conn(0x7efe200367e0 0x7efe20038c90 unknown :-1 s=BANNER_CONNECTING pgs=0 cs=0 l=1 rev1=0 crypto rx=0 tx=0 comp rx=0 tx=0)._handle_peer_banner_payload supported=3 required=0
2024-03-14T11:19:22.945 INFO:teuthology.orchestra.run.smithi122.stdout:/usr/bin/ceph: stderr
