2024-03-14T12:48:02.413+0000 7fad3b7fe700 1 -- 172.21.15.46:0/569466801 <== mon.0 v2:172.21.15.46:3300/0 5 ==== osd_map(2..2 src has 1..2) v4 ==== 940+0+0 (secure 0 0 0) 0x7fad3c04cc80 con 0x7fad4c105290
2024-03-14T12:48:03.032 INFO:teuthology.orchestra.run.smithi046.stdout:/usr/bin/ceph: stderr
2024-03-14T12:48:02.413+0000 7fad49d9b700 1 --2- 172.21.15.46:0/569466801 >> [v2:172.21.15.46:6800/1423715346,v1:172.21.15.46:6801/1423715346] conn(0x7fad340384d0 0x7fad3403a990 unknown :-1 s=BANNER_CONNECTING pgs=0 cs=0 l=1 rev1=0 crypto rx=0 tx=0 comp rx=0 tx=0)._handle_peer_banner_payload supported=3 required=0
2024-03-14T12:48:03.032 INFO:teuthology.orchestra.run.smithi046.stdout:/usr/bin/ceph: stderr
2024-03-14T12:48:02.413+0000 7fad49d9b700 1 --2- 172.21.15.46:0/569466801 >> [v2:172.21.15.46:6800/1423715346,v1:172.21.15.46:6801/1423715346] conn(0x7fad340384d0 0x7fad3403a990 secure :-1 s=READY pgs=14 cs=0 l=1 rev1=1 crypto rx=0x7fad40006fd0 tx=0x7fad40006e40 comp rx=0 tx=0).ready entity=mgr.14118 client_cookie=0 server_cookie=0 in_seq=0 out_seq=0
2024-03-14T12:48:03.032 INFO:teuthology.orchestra.run.smithi046.stdout:/usr/bin/ceph: stderr
2024-03-14T12:48:02.417+0000 7fad3b7fe700 1 -- 172.21.15.46:0/569466801 <== mon.0 v2:172.21.15.46:3300/0 6 ==== mon_command_ack([{"prefix": "get_command_descriptions"}]=0 v0) v1 ==== 72+0+182595 (secure 0 0 0) 0x7fad3c01a430 con 0x7fad4c105290
2024-03-14T12:48:03.032 INFO:teuthology.orchestra.run.smithi046.stdout:/usr/bin/ceph: stderr
2024-03-14T12:48:02.659+0000 7fad50c8d700 1 -- 172.21.15.46:0/569466801 --> [v2:172.21.15.46:3300/0,v1:172.21.15.46:6789/0] -- mon_command([{prefix=config set, name=mgr/cephadm/container_init}] v 0) v1 -- 0x7fad4c106ce0 con 0x7fad4c105290
2024-03-14T12:48:03.032 INFO:teuthology.orchestra.run.smithi046.stdout:/usr/bin/ceph: stderr
2024-03-14T12:48:02.664+0000 7fad3b7fe700 1 -- 172.21.15.46:0/569466801 <== mon.0 v2:172.21.15.46:3300/0 7 ==== mon_command_ack([{prefix=config set, name=mgr/cephadm/container_init}]=0 v7)=0 v7) v1 ==== 142+0+0 (secure 0 0 0) 0x7fad3c00b3e0 con 0x7fad4c105290
2024-03-14T12:48:03.032 INFO:teuthology.orchestra.run.smithi046.stdout:/usr/bin/ceph: stderr
2024-03-14T12:48:02.666+0000 7fad50c8d700 1 -- 172.21.15.46:0/569466801 >> [v2:172.21.15.46:6800/1423715346,v1:172.21.15.46:6801/1423715346] conn(0x7fad340384d0 msgr2=0x7fad3403a990 secure :-1 s=STATE_CONNECTION_ESTABLISHED l=1).mark_down
2024-03-14T12:48:03.032 INFO:teuthology.orchestra.run.smithi046.stdout:/usr/bin/ceph: stderr
2024-03-14T12:48:02.666+0000 7fad50c8d700 1 --2- 172.21.15.46:0/569466801 >> [v2:172.21.15.46:6800/1423715346,v1:172.21.15.46:6801/1423715346] conn(0x7fad340384d0 0x7fad3403a990 secure :-1 s=READY pgs=14 cs=0 l=1 rev1=1 crypto rx=0x7fad40006fd0 tx=0x7fad40006e40 comp rx=0 tx=0).stop
2024-03-14T12:48:03.032 INFO:teuthology.orchestra.run.smithi046.stdout:/usr/bin/ceph: stderr
2024-03-14T12:48:02.666+0000 7fad50c8d700 1 -- 172.21.15.46:0/569466801 >> [v2:172.21.15.46:3300/0,v1:172.21.15.46:6789/0] conn(0x7fad4c105290 msgr2=0x7fad4c19c8c0 secure :-1 s=STATE_CONNECTION_ESTABLISHED l=1).mark_down
2024-03-14T12:48:03.032 INFO:teuthology.orchestra.run.smithi046.stdout:/usr/bin/ceph: stderr
2024-03-14T12:48:02.666+0000 7fad50c8d700 1 --2- 172.21.15.46:0/569466801 >> [v2:172.21.15.46:3300/0,v1:172.21.15.46:6789/0] conn(0x7fad4c105290 0x7fad4c19c8c0 secure :-1 s=READY pgs=50 cs=0 l=1 rev1=1 crypto rx=0x7fad3c006af0 tx=0x7fad3c011a10 comp rx=0 tx=0).stop
2024-03-14T12:48:03.032 INFO:teuthology.orchestra.run.smithi046.stdout:/usr/bin/ceph: stderr
2024-03-14T12:48:02.666+0000 7fad50c8d700 1 -- 172.21.15.46:0/569466801 shutdown_connections
2024-03-14T12:48:03.032 INFO:teuthology.orchestra.run.smithi046.stdout:/usr/bin/ceph: stderr
2024-03-14T12:48:02.666+0000 7fad50c8d700 1 --2- 172.21.15.46:0/569466801 >> [v2:172.21.15.46:6800/1423715346,v1:172.21.15.46:6801/1423715346] conn(0x7fad340384d0 0x7fad3403a990 unknown :-1 s=CLOSED pgs=14 cs=0 l=1 rev1=1 crypto rx=0 tx=0 comp rx=0 tx=0).stop
2024-03-14T12:48:03.032 INFO:teuthology.orchestra.run.smithi046.stdout:/usr/bin/ceph: stderr
2024-03-14T12:48:02.666+0000 7fad50c8d700 1 --2- 172.21.15.46:0/569466801 >> [v2:172.21.15.46:3300/0,v1:172.21.15.46:6789/0] conn(0x7fad4c105290 0x7fad4c19c8c0 unknown :-1 s=CLOSED pgs=50 cs=0 l=1 rev1=1 crypto rx=0 tx=0 comp rx=0 tx=0).stop
2024-03-14T12:48:03.032 INFO:teuthology.orchestra.run.smithi046.stdout:/usr/bin/ceph: stderr
2024-03-14T12:48:02.666+0000 7fad50c8d700 1 -- 172.21.15.46:0/569466801 >> 172.21.15.46:0/569466801 conn(0x7fad4c100a10 msgr2=0x7fad4c1014c0 unknown :-1 s=STATE_NONE l=0).mark_down
2024-03-14T12:48:03.032 INFO:teuthology.orchestra.run.smithi046.stdout:/usr/bin/ceph: stderr
2024-03-14T12:48:02.667+0000 7fad50c8d700 1 -- 172.21.15.46:0/569466801 shutdown_connections
2024-03-14T12:48:03.033 INFO:teuthology.orchestra.run.smithi046.stdout:/usr/bin/ceph: stderr
2024-03-14T12:48:02.667+0000 7fad50c8d700 1 -- 172.21.15.46:0/569466801 wait complete.
2024-03-14T12:48:03.923 INFO:journalctl@ceph.mon.a.smithi046.stdout:Mar 14 12:48:03 smithi046 ceph-mon[43450]: from='client.? 172.21.15.46:0/569466801' entity='client.admin'
2024-03-14T12:48:03.924 INFO:journalctl@ceph.mon.a.smithi046.stdout:Mar 14 12:48:03 smithi046 ceph-mon[43450]: from='mgr.14118 172.21.15.46:0/2280782946' entity='mgr.x'
2024-03-14T12:48:03.924 INFO:journalctl@ceph.mon.a.smithi046.stdout:Mar 14 12:48:03 smithi046 ceph-mon[43450]: from='client.? 172.21.15.46:0/3118074521' entity='client.admin'
2024-03-14T12:48:04.171 INFO:teuthology.orchestra.run.smithi046.stdout:/usr/bin/ceph: stderr
2024-03-14T12:48:03.427+0000 7f0db6fe7700 1 Processor -- start
2024-03-14T12:48:04.171 INFO:teuthology.orchestra.run.smithi046.stdout:/usr/bin/ceph: stderr
2024-03-14T12:48:03.427+0000 7f0db6fe7700 1 -- start start
2024-03-14T12:48:04.171 INFO:teuthology.orchestra.run.smithi046.stdout:/usr/bin/ceph: stderr
2024-03-14T12:48:03.427+0000 7f0db6fe7700 1 --2- >> [v2:172.21.15.46:3300/0,v1:172.21.15.46:6789/0] conn(0x7f0db007a330 0x7f0db007a750 unknown :-1 s=NONE pgs=0 cs=0 l=0 rev1=0 crypto rx=0 tx=0 comp rx=0 tx=0).connect
2024-03-14T12:48:04.171 INFO:teuthology.orchestra.run.smithi046.stdout:/usr/bin/ceph: stderr
2024-03-14T12:48:03.427+0000 7f0db6fe7700 1 -- --> [v2:172.21.15.46:3300/0,v1:172.21.15.46:6789/0] -- mon_getmap magic: 0 v1 -- 0x7f0db007ad20 con 0x7f0db007a330
2024-03-14T12:48:04.171 INFO:teuthology.orchestra.run.smithi046.stdout:/usr/bin/ceph: stderr
2024-03-14T12:48:03.427+0000 7f0db4d83700 1 --2- >> [v2:172.21.15.46:3300/0,v1:172.21.15.46:6789/0] conn(0x7f0db007a330 0x7f0db007a750 unknown :-1 s=BANNER_CONNECTING pgs=0 cs=0 l=0 rev1=0 crypto rx=0 tx=0 comp rx=0 tx=0)._handle_peer_banner_payload supported=3 required=0
2024-03-14T12:48:04.171 INFO:teuthology.orchestra.run.smithi046.stdout:/usr/bin/ceph: stderr
2024-03-14T12:48:03.427+0000 7f0db4d83700 1 --2- >> [v2:172.21.15.46:3300/0,v1:172.21.15.46:6789/0] conn(0x7f0db007a330 0x7f0db007a750 unknown :-1 s=HELLO_CONNECTING pgs=0 cs=0 l=0 rev1=1 crypto rx=0 tx=0 comp rx=0 tx=0).handle_hello peer v2:172.21.15.46:3300/0 says I am v2:172.21.15.46:47672/0 (socket says 172.21.15.46:47672)
2024-03-14T12:48:04.171 INFO:teuthology.orchestra.run.smithi046.stdout:/usr/bin/ceph: stderr
2024-03-14T12:48:03.427+0000 7f0db4d83700 1 -- 172.21.15.46:0/3784394728 learned_addr learned my addr 172.21.15.46:0/3784394728 (peer_addr_for_me v2:172.21.15.46:0/0)
2024-03-14T12:48:04.171 INFO:teuthology.orchestra.run.smithi046.stdout:/usr/bin/ceph: stderr
2024-03-14T12:48:03.427+0000 7f0db4d83700 1 -- 172.21.15.46:0/3784394728 --> [v2:172.21.15.46:3300/0,v1:172.21.15.46:6789/0] -- mon_subscribe({config=0+,monmap=0+}) v3 -- 0x7f0db007ae60 con 0x7f0db007a330
2024-03-14T12:48:04.171 INFO:teuthology.orchestra.run.smithi046.stdout:/usr/bin/ceph: stderr
2024-03-14T12:48:03.427+0000 7f0db4d83700 1 --2- 172.21.15.46:0/3784394728 >> [v2:172.21.15.46:3300/0,v1:172.21.15.46:6789/0] conn(0x7f0db007a330 0x7f0db007a750 secure :-1 s=READY pgs=51 cs=0 l=1 rev1=1 crypto rx=0x7f0da40098a0 tx=0x7f0da4009bb0 comp rx=0 tx=0).ready entity=mon.0 client_cookie=932a7b5f476bea9b server_cookie=0 in_seq=0 out_seq=0
2024-03-14T12:48:04.171 INFO:teuthology.orchestra.run.smithi046.stdout:/usr/bin/ceph: stderr
2024-03-14T12:48:03.428+0000 7f0daf7fe700 1 -- 172.21.15.46:0/3784394728 <== mon.0 v2:172.21.15.46:3300/0 1 ==== mon_map magic: 0 v1 ==== 205+0+0 (secure 0 0 0) 0x7f0da4004160 con 0x7f0db007a330
2024-03-14T12:48:04.172 INFO:teuthology.orchestra.run.smithi046.stdout:/usr/bin/ceph: stderr
2024-03-14T12:48:03.428+0000 7f0daf7fe700 1 -- 172.21.15.46:0/3784394728 <== mon.0 v2:172.21.15.46:3300/0 2 ==== config(26 keys) v1 ==== 1105+0+0 (secure 0 0 0) 0x7f0da40042c0 con 0x7f0db007a330
2024-03-14T12:48:04.172 INFO:teuthology.orchestra.run.smithi046.stdout:/usr/bin/ceph: stderr
2024-03-14T12:48:03.428+0000 7f0daf7fe700 1 -- 172.21.15.46:0/3784394728 <== mon.0 v2:172.21.15.46:3300/0 3 ==== mon_map magic: 0 v1 ==== 205+0+0 (secure 0 0 0) 0x7f0da40119b0 con 0x7f0db007a330
2024-03-14T12:48:04.172 INFO:teuthology.orchestra.run.smithi046.stdout:/usr/bin/ceph: stderr
2024-03-14T12:48:03.428+0000 7f0db6fe7700 1 -- 172.21.15.46:0/3784394728 >> [v2:172.21.15.46:3300/0,v1:172.21.15.46:6789/0] conn(0x7f0db007a330 msgr2=0x7f0db007a750 secure :-1 s=STATE_CONNECTION_ESTABLISHED l=1).mark_down
2024-03-14T12:48:04.172 INFO:teuthology.orchestra.run.smithi046.stdout:/usr/bin/ceph: stderr
2024-03-14T12:48:03.428+0000 7f0db6fe7700 1 --2- 172.21.15.46:0/3784394728 >> [v2:172.21.15.46:3300/0,v1:172.21.15.46:6789/0] conn(0x7f0db007a330 0x7f0db007a750 secure :-1 s=READY pgs=51 cs=0 l=1 rev1=1 crypto rx=0x7f0da40098a0 tx=0x7f0da4009bb0 comp rx=0 tx=0).stop
2024-03-14T12:48:04.172 INFO:teuthology.orchestra.run.smithi046.stdout:/usr/bin/ceph: stderr
2024-03-14T12:48:03.428+0000 7f0db6fe7700 1 -- 172.21.15.46:0/3784394728 shutdown_connections
2024-03-14T12:48:04.172 INFO:teuthology.orchestra.run.smithi046.stdout:/usr/bin/ceph: stderr
2024-03-14T12:48:03.428+0000 7f0db6fe7700 1 --2- 172.21.15.46:0/3784394728 >> [v2:172.21.15.46:3300/0,v1:172.21.15.46:6789/0] conn(0x7f0db007a330 0x7f0db007a750 unknown :-1 s=CLOSED pgs=51 cs=0 l=1 rev1=1 crypto rx=0 tx=0 comp rx=0 tx=0).stop
2024-03-14T12:48:04.172 INFO:teuthology.orchestra.run.smithi046.stdout:/usr/bin/ceph: stderr
2024-03-14T12:48:03.428+0000 7f0db6fe7700 1 -- 172.21.15.46:0/3784394728 >> 172.21.15.46:0/3784394728 conn(0x7f0db0101b50 msgr2=0x7f0db0103f90 unknown :-1 s=STATE_NONE l=0).mark_down
2024-03-14T12:48:04.172 INFO:teuthology.orchestra.run.smithi046.stdout:/usr/bin/ceph: stderr
2024-03-14T12:48:03.428+0000 7f0db6fe7700 1 -- 172.21.15.46:0/3784394728 shutdown_connections
2024-03-14T12:48:04.172 INFO:teuthology.orchestra.run.smithi046.stdout:/usr/bin/ceph: stderr
2024-03-14T12:48:03.428+0000 7f0db6fe7700 1 -- 172.21.15.46:0/3784394728 wait complete.
2024-03-14T12:48:04.172 INFO:teuthology.orchestra.run.smithi046.stdout:/usr/bin/ceph: stderr
2024-03-14T12:48:03.429+0000 7f0db6fe7700 1 Processor -- start
2024-03-14T12:48:04.172 INFO:teuthology.orchestra.run.smithi046.stdout:/usr/bin/ceph: stderr
2024-03-14T12:48:03.429+0000 7f0db6fe7700 1 -- start start
2024-03-14T12:48:04.172 INFO:teuthology.orchestra.run.smithi046.stdout:/usr/bin/ceph: stderr
2024-03-14T12:48:03.430+0000 7f0db6fe7700 1 --2- >> [v2:172.21.15.46:3300/0,v1:172.21.15.46:6789/0] conn(0x7f0db007a330 0x7f0db019c8a0 unknown :-1 s=NONE pgs=0 cs=0 l=1 rev1=0 crypto rx=0 tx=0 comp rx=0 tx=0).connect
2024-03-14T12:48:04.172 INFO:teuthology.orchestra.run.smithi046.stdout:/usr/bin/ceph: stderr
2024-03-14T12:48:03.430+0000 7f0db6fe7700 1 -- --> [v2:172.21.15.46:3300/0,v1:172.21.15.46:6789/0] -- mon_getmap magic: 0 v1 -- 0x7f0db019cde0 con 0x7f0db007a330
2024-03-14T12:48:04.172 INFO:teuthology.orchestra.run.smithi046.stdout:/usr/bin/ceph: stderr
2024-03-14T12:48:03.430+0000 7f0db4d83700 1 --2- >> [v2:172.21.15.46:3300/0,v1:172.21.15.46:6789/0] conn(0x7f0db007a330 0x7f0db019c8a0 unknown :-1 s=BANNER_CONNECTING pgs=0 cs=0 l=1 rev1=0 crypto rx=0 tx=0 comp rx=0 tx=0)._handle_peer_banner_payload supported=3 required=0
2024-03-14T12:48:04.173 INFO:teuthology.orchestra.run.smithi046.stdout:/usr/bin/ceph: stderr
2024-03-14T12:48:03.430+0000 7f0db4d83700 1 --2- >> [v2:172.21.15.46:3300/0,v1:172.21.15.46:6789/0] conn(0x7f0db007a330 0x7f0db019c8a0 unknown :-1 s=HELLO_CONNECTING pgs=0 cs=0 l=1 rev1=1 crypto rx=0 tx=0 comp rx=0 tx=0).handle_hello peer v2:172.21.15.46:3300/0 says I am v2:172.21.15.46:47688/0 (socket says 172.21.15.46:47688)
2024-03-14T12:48:04.173 INFO:teuthology.orchestra.run.smithi046.stdout:/usr/bin/ceph: stderr
2024-03-14T12:48:03.430+0000 7f0db4d83700 1 -- 172.21.15.46:0/3118074521 learned_addr learned my addr 172.21.15.46:0/3118074521 (peer_addr_for_me v2:172.21.15.46:0/0)
2024-03-14T12:48:04.173 INFO:teuthology.orchestra.run.smithi046.stdout:/usr/bin/ceph: stderr
2024-03-14T12:48:03.430+0000 7f0db4d83700 1 -- 172.21.15.46:0/3118074521 --> [v2:172.21.15.46:3300/0,v1:172.21.15.46:6789/0] -- mon_subscribe({config=0+,monmap=0+}) v3 -- 0x7f0da4009550 con 0x7f0db007a330
2024-03-14T12:48:04.173 INFO:teuthology.orchestra.run.smithi046.stdout:/usr/bin/ceph: stderr
2024-03-14T12:48:03.430+0000 7f0db4d83700 1 --2- 172.21.15.46:0/3118074521 >> [v2:172.21.15.46:3300/0,v1:172.21.15.46:6789/0] conn(0x7f0db007a330 0x7f0db019c8a0 secure :-1 s=READY pgs=52 cs=0 l=1 rev1=1 crypto rx=0x7f0da4006af0 tx=0x7f0da4011a10 comp rx=0 tx=0).ready entity=mon.0 client_cookie=0 server_cookie=0 in_seq=0 out_seq=0
2024-03-14T12:48:04.173 INFO:teuthology.orchestra.run.smithi046.stdout:/usr/bin/ceph: stderr
2024-03-14T12:48:03.430+0000 7f0dadffb700 1 -- 172.21.15.46:0/3118074521 <== mon.0 v2:172.21.15.46:3300/0 1 ==== mon_map magic: 0 v1 ==== 205+0+0 (secure 0 0 0) 0x7f0da4003a40 con 0x7f0db007a330
2024-03-14T12:48:04.173 INFO:teuthology.orchestra.run.smithi046.stdout:/usr/bin/ceph: stderr
2024-03-14T12:48:03.431+0000 7f0db6fe7700 1 -- 172.21.15.46:0/3118074521 --> [v2:172.21.15.46:3300/0,v1:172.21.15.46:6789/0] -- mon_subscribe({mgrmap=0+}) v3 -- 0x7f0db019cfe0 con 0x7f0db007a330
2024-03-14T12:48:04.173 INFO:teuthology.orchestra.run.smithi046.stdout:/usr/bin/ceph: stderr
2024-03-14T12:48:03.431+0000 7f0dadffb700 1 -- 172.21.15.46:0/3118074521 <== mon.0 v2:172.21.15.46:3300/0 2 ==== config(26 keys) v1 ==== 1105+0+0 (secure 0 0 0) 0x7f0da4003ba0 con 0x7f0db007a330
2024-03-14T12:48:04.173 INFO:teuthology.orchestra.run.smithi046.stdout:/usr/bin/ceph: stderr
2024-03-14T12:48:03.431+0000 7f0dadffb700 1 -- 172.21.15.46:0/3118074521 <== mon.0 v2:172.21.15.46:3300/0 3 ==== mon_map magic: 0 v1 ==== 205+0+0 (secure 0 0 0) 0x7f0da40196c0 con 0x7f0db007a330
2024-03-14T12:48:04.173 INFO:teuthology.orchestra.run.smithi046.stdout:/usr/bin/ceph: stderr
2024-03-14T12:48:03.431+0000 7f0db6fe7700 1 -- 172.21.15.46:0/3118074521 --> [v2:172.21.15.46:3300/0,v1:172.21.15.46:6789/0] -- mon_subscribe({osdmap=0}) v3 -- 0x7f0db019d480 con 0x7f0db007a330
2024-03-14T12:48:04.173 INFO:teuthology.orchestra.run.smithi046.stdout:/usr/bin/ceph: stderr
2024-03-14T12:48:03.432+0000 7f0dadffb700 1 -- 172.21.15.46:0/3118074521 <== mon.0 v2:172.21.15.46:3300/0 4 ==== mgrmap(e 8) v1 ==== 45374+0+0 (secure 0 0 0) 0x7f0da401aa80 con 0x7f0db007a330
2024-03-14T12:48:04.173 INFO:teuthology.orchestra.run.smithi046.stdout:/usr/bin/ceph: stderr
2024-03-14T12:48:03.432+0000 7f0db6fe7700 1 -- 172.21.15.46:0/3118074521 --> [v2:172.21.15.46:3300/0,v1:172.21.15.46:6789/0] -- mon_command({"prefix": "get_command_descriptions"} v 0) v1 -- 0x7f0db010cdb0 con 0x7f0db007a330
2024-03-14T12:48:04.173 INFO:teuthology.orchestra.run.smithi046.stdout:/usr/bin/ceph: stderr
2024-03-14T12:48:03.432+0000 7f0dadffb700 1 --2- 172.21.15.46:0/3118074521 >> [v2:172.21.15.46:6800/1423715346,v1:172.21.15.46:6801/1423715346] conn(0x7f0da00384d0 0x7f0da003a990 unknown :-1 s=NONE pgs=0 cs=0 l=1 rev1=0 crypto rx=0 tx=0 comp rx=0 tx=0).connect
2024-03-14T12:48:04.173 INFO:teuthology.orchestra.run.smithi046.stdout:/usr/bin/ceph: stderr
2024-03-14T12:48:03.432+0000 7f0dadffb700 1 -- 172.21.15.46:0/3118074521 <== mon.0 v2:172.21.15.46:3300/0 5 ==== osd_map(2..2 src has 1..2) v4 ==== 940+0+0 (secure 0 0 0) 0x7f0da404c340 con 0x7f0db007a330
2024-03-14T12:48:04.173 INFO:teuthology.orchestra.run.smithi046.stdout:/usr/bin/ceph: stderr
2024-03-14T12:48:03.432+0000 7f0daffff700 1 --2- 172.21.15.46:0/3118074521 >> [v2:172.21.15.46:6800/1423715346,v1:172.21.15.46:6801/1423715346] conn(0x7f0da00384d0 0x7f0da003a990 unknown :-1 s=BANNER_CONNECTING pgs=0 cs=0 l=1 rev1=0 crypto rx=0 tx=0 comp rx=0 tx=0)._handle_peer_banner_payload supported=3 required=0
2024-03-14T12:48:04.174 INFO:teuthology.orchestra.run.smithi046.stdout:/usr/bin/ceph: stderr
2024-03-14T12:48:03.432+0000 7f0daffff700 1 --2- 172.21.15.46:0/3118074521 >> [v2:172.21.15.46:6800/1423715346,v1:172.21.15.46:6801/1423715346] conn(0x7f0da00384d0 0x7f0da003a990 secure :-1 s=READY pgs=15 cs=0 l=1 rev1=1 crypto rx=0x7f0d9c006fd0 tx=0x7f0d9c006e40 comp rx=0 tx=0).ready entity=mgr.14118 client_cookie=0 server_cookie=0 in_seq=0 out_seq=0
2024-03-14T12:48:04.174 INFO:teuthology.orchestra.run.smithi046.stdout:/usr/bin/ceph: stderr
2024-03-14T12:48:03.437+0000 7f0dadffb700 1 -- 172.21.15.46:0/3118074521 <== mon.0 v2:172.21.15.46:3300/0 6 ==== mon_command_ack([{"prefix": "get_command_descriptions"}]=0 v0) v1 ==== 72+0+182595 (secure 0 0 0) 0x7f0da40237a0 con 0x7f0db007a330
2024-03-14T12:48:04.174 INFO:teuthology.orchestra.run.smithi046.stdout:/usr/bin/ceph: stderr
2024-03-14T12:48:03.654+0000 7f0db6fe7700 1 -- 172.21.15.46:0/3118074521 --> [v2:172.21.15.46:3300/0,v1:172.21.15.46:6789/0] -- mon_command([{prefix=config set, name=mgr/dashboard/ssl_server_port}] v 0) v1 -- 0x7f0db010cff0 con 0x7f0db007a330
2024-03-14T12:48:04.174 INFO:teuthology.orchestra.run.smithi046.stdout:/usr/bin/ceph: stderr
2024-03-14T12:48:03.658+0000 7f0dadffb700 1 -- 172.21.15.46:0/3118074521 <== mon.0 v2:172.21.15.46:3300/0 7 ==== mon_command_ack([{prefix=config set, name=mgr/dashboard/ssl_server_port}]=0 v8)=0 v8) v1 ==== 130+0+0 (secure 0 0 0) 0x7f0da4023390 con 0x7f0db007a330
2024-03-14T12:48:04.174 INFO:teuthology.orchestra.run.smithi046.stdout:/usr/bin/ceph: stderr
2024-03-14T12:48:03.660+0000 7f0db6fe7700 1 -- 172.21.15.46:0/3118074521 >> [v2:172.21.15.46:6800/1423715346,v1:172.21.15.46:6801/1423715346] conn(0x7f0da00384d0 msgr2=0x7f0da003a990 secure :-1 s=STATE_CONNECTION_ESTABLISHED l=1).mark_down
2024-03-14T12:48:04.174 INFO:teuthology.orchestra.run.smithi046.stdout:/usr/bin/ceph: stderr
2024-03-14T12:48:03.660+0000 7f0db6fe7700 1 --2- 172.21.15.46:0/3118074521 >> [v2:172.21.15.46:6800/1423715346,v1:172.21.15.46:6801/1423715346] conn(0x7f0da00384d0 0x7f0da003a990 secure :-1 s=READY pgs=15 cs=0 l=1 rev1=1 crypto rx=0x7f0d9c006fd0 tx=0x7f0d9c006e40 comp rx=0 tx=0).stop
2024-03-14T12:48:04.174 INFO:teuthology.orchestra.run.smithi046.stdout:/usr/bin/ceph: stderr
2024-03-14T12:48:03.660+0000 7f0db6fe7700 1 -- 172.21.15.46:0/3118074521 >> [v2:172.21.15.46:3300/0,v1:172.21.15.46:6789/0] conn(0x7f0db007a330 msgr2=0x7f0db019c8a0 secure :-1 s=STATE_CONNECTION_ESTABLISHED l=1).mark_down
2024-03-14T12:48:04.174 INFO:teuthology.orchestra.run.smithi046.stdout:/usr/bin/ceph: stderr
2024-03-14T12:48:03.660+0000 7f0db6fe7700 1 --2- 172.21.15.46:0/3118074521 >> [v2:172.21.15.46:3300/0,v1:172.21.15.46:6789/0] conn(0x7f0db007a330 0x7f0db019c8a0 secure :-1 s=READY pgs=52 cs=0 l=1 rev1=1 crypto rx=0x7f0da4006af0 tx=0x7f0da4011a10 comp rx=0 tx=0).stop
2024-03-14T12:48:04.174 INFO:teuthology.orchestra.run.smithi046.stdout:/usr/bin/ceph: stderr
2024-03-14T12:48:03.660+0000 7f0db6fe7700 1 -- 172.21.15.46:0/3118074521 shutdown_connections
2024-03-14T12:48:04.174 INFO:teuthology.orchestra.run.smithi046.stdout:/usr/bin/ceph: stderr
2024-03-14T12:48:03.660+0000 7f0db6fe7700 1 --2- 172.21.15.46:0/3118074521 >> [v2:172.21.15.46:6800/1423715346,v1:172.21.15.46:6801/1423715346] conn(0x7f0da00384d0 0x7f0da003a990 unknown :-1 s=CLOSED pgs=15 cs=0 l=1 rev1=1 crypto rx=0 tx=0 comp rx=0 tx=0).stop
2024-03-14T12:48:04.174 INFO:teuthology.orchestra.run.smithi046.stdout:/usr/bin/ceph: stderr
2024-03-14T12:48:03.660+0000 7f0db6fe7700 1 --2- 172.21.15.46:0/3118074521 >> [v2:172.21.15.46:3300/0,v1:172.21.15.46:6789/0] conn(0x7f0db007a330 0x7f0db019c8a0 unknown :-1 s=CLOSED pgs=52 cs=0 l=1 rev1=1 crypto rx=0 tx=0 comp rx=0 tx=0).stop
2024-03-14T12:48:04.174 INFO:teuthology.orchestra.run.smithi046.stdout:/usr/bin/ceph: stderr
2024-03-14T12:48:03.660+0000 7f0db6fe7700 1 -- 172.21.15.46:0/3118074521 >> 172.21.15.46:0/3118074521 conn(0x7f0db0101b50 msgr2=0x7f0db01026f0 unknown :-1 s=STATE_NONE l=0).mark_down
2024-03-14T12:48:04.174 INFO:teuthology.orchestra.run.smithi046.stdout:/usr/bin/ceph: stderr
2024-03-14T12:48:03.660+0000 7f0db6fe7700 1 -- 172.21.15.46:0/3118074521 shutdown_connections
2024-03-14T12:48:04.174 INFO:teuthology.orchestra.run.smithi046.stdout:/usr/bin/ceph: stderr
2024-03-14T12:48:03.660+0000 7f0db6fe7700 1 -- 172.21.15.46:0/3118074521 wait complete.
2024-03-14T12:48:04.175 INFO:teuthology.orchestra.run.smithi046.stdout:Enabling the dashboard module...
2024-03-14T12:48:05.256 INFO:journalctl@ceph.mon.a.smithi046.stdout:Mar 14 12:48:05 smithi046 ceph-mon[43450]: from='client.? 172.21.15.46:0/3866372006' entity='client.admin' cmd=[{"prefix": "mgr module enable", "module": "dashboard"}]: dispatch
2024-03-14T12:48:05.256 INFO:journalctl@ceph.mgr.x.smithi046.stdout:Mar 14 12:48:05 smithi046 ceph-e3636332-e200-11ee-95c9-87774f69a715-mgr-x[43705]: ignoring --setuser ceph since I am not root
2024-03-14T12:48:05.256 INFO:journalctl@ceph.mgr.x.smithi046.stdout:Mar 14 12:48:05 smithi046 ceph-e3636332-e200-11ee-95c9-87774f69a715-mgr-x[43705]: ignoring --setgroup ceph since I am not root
2024-03-14T12:48:05.404 INFO:teuthology.orchestra.run.smithi046.stdout:/usr/bin/ceph: stderr
2024-03-14T12:48:04.666+0000 7fbf3329b700 1 Processor -- start
2024-03-14T12:48:05.404 INFO:teuthology.orchestra.run.smithi046.stdout:/usr/bin/ceph: stderr
2024-03-14T12:48:04.667+0000 7fbf3329b700 1 -- start start
2024-03-14T12:48:05.404 INFO:teuthology.orchestra.run.smithi046.stdout:/usr/bin/ceph: stderr
2024-03-14T12:48:04.667+0000 7fbf3329b700 1 --2- >> [v2:172.21.15.46:3300/0,v1:172.21.15.46:6789/0] conn(0x7fbf2c107420 0x7fbf2c109810 unknown :-1 s=NONE pgs=0 cs=0 l=0 rev1=0 crypto rx=0 tx=0 comp rx=0 tx=0).connect
2024-03-14T12:48:05.404 INFO:teuthology.orchestra.run.smithi046.stdout:/usr/bin/ceph: stderr
2024-03-14T12:48:04.667+0000 7fbf3329b700 1 -- --> [v2:172.21.15.46:3300/0,v1:172.21.15.46:6789/0] -- mon_getmap magic: 0 v1 -- 0x7fbf2c079ea0 con 0x7fbf2c107420
2024-03-14T12:48:05.404 INFO:teuthology.orchestra.run.smithi046.stdout:/usr/bin/ceph: stderr
2024-03-14T12:48:04.667+0000 7fbf31037700 1 --2- >> [v2:172.21.15.46:3300/0,v1:172.21.15.46:6789/0] conn(0x7fbf2c107420 0x7fbf2c109810 unknown :-1 s=BANNER_CONNECTING pgs=0 cs=0 l=0 rev1=0 crypto rx=0 tx=0 comp rx=0 tx=0)._handle_peer_banner_payload supported=3 required=0
2024-03-14T12:48:05.404 INFO:teuthology.orchestra.run.smithi046.stdout:/usr/bin/ceph: stderr
2024-03-14T12:48:04.667+0000 7fbf31037700 1 --2- >> [v2:172.21.15.46:3300/0,v1:172.21.15.46:6789/0] conn(0x7fbf2c107420 0x7fbf2c109810 unknown :-1 s=HELLO_CONNECTING pgs=0 cs=0 l=0 rev1=1 crypto rx=0 tx=0 comp rx=0 tx=0).handle_hello peer v2:172.21.15.46:3300/0 says I am v2:172.21.15.46:47702/0 (socket says 172.21.15.46:47702)
2024-03-14T12:48:05.404 INFO:teuthology.orchestra.run.smithi046.stdout:/usr/bin/ceph: stderr
2024-03-14T12:48:04.667+0000 7fbf31037700 1 -- 172.21.15.46:0/1508398199 learned_addr learned my addr 172.21.15.46:0/1508398199 (peer_addr_for_me v2:172.21.15.46:0/0)
2024-03-14T12:48:05.405 INFO:teuthology.orchestra.run.smithi046.stdout:/usr/bin/ceph: stderr
2024-03-14T12:48:04.667+0000 7fbf31037700 1 -- 172.21.15.46:0/1508398199 --> [v2:172.21.15.46:3300/0,v1:172.21.15.46:6789/0] -- mon_subscribe({config=0+,monmap=0+}) v3 -- 0x7fbf2c109d50 con 0x7fbf2c107420
2024-03-14T12:48:05.405 INFO:teuthology.orchestra.run.smithi046.stdout:/usr/bin/ceph: stderr
2024-03-14T12:48:04.667+0000 7fbf31037700 1 --2- 172.21.15.46:0/1508398199 >> [v2:172.21.15.46:3300/0,v1:172.21.15.46:6789/0] conn(0x7fbf2c107420 0x7fbf2c109810 secure :-1 s=READY pgs=53 cs=0 l=1 rev1=1 crypto rx=0x7fbf280098a0 tx=0x7fbf28009bb0 comp rx=0 tx=0).ready entity=mon.0 client_cookie=ff046835f89d9954 server_cookie=0 in_seq=0 out_seq=0
2024-03-14T12:48:05.405 INFO:teuthology.orchestra.run.smithi046.stdout:/usr/bin/ceph: stderr
2024-03-14T12:48:04.668+0000 7fbf23fff700 1 -- 172.21.15.46:0/1508398199 <== mon.0 v2:172.21.15.46:3300/0 1 ==== mon_map magic: 0 v1 ==== 205+0+0 (secure 0 0 0) 0x7fbf28004160 con 0x7fbf2c107420
2024-03-14T12:48:05.405 INFO:teuthology.orchestra.run.smithi046.stdout:/usr/bin/ceph: stderr
2024-03-14T12:48:04.668+0000 7fbf23fff700 1 -- 172.21.15.46:0/1508398199 <== mon.0 v2:172.21.15.46:3300/0 2 ==== config(26 keys) v1 ==== 1105+0+0 (secure 0 0 0) 0x7fbf280042c0 con 0x7fbf2c107420
2024-03-14T12:48:05.405 INFO:teuthology.orchestra.run.smithi046.stdout:/usr/bin/ceph: stderr
2024-03-14T12:48:04.668+0000 7fbf23fff700 1 -- 172.21.15.46:0/1508398199 <== mon.0 v2:172.21.15.46:3300/0 3 ==== mon_map magic: 0 v1 ==== 205+0+0 (secure 0 0 0) 0x7fbf280119b0 con 0x7fbf2c107420
2024-03-14T12:48:05.405 INFO:teuthology.orchestra.run.smithi046.stdout:/usr/bin/ceph: stderr
2024-03-14T12:48:04.668+0000 7fbf3329b700 1 -- 172.21.15.46:0/1508398199 >> [v2:172.21.15.46:3300/0,v1:172.21.15.46:6789/0] conn(0x7fbf2c107420 msgr2=0x7fbf2c109810 secure :-1 s=STATE_CONNECTION_ESTABLISHED l=1).mark_down
2024-03-14T12:48:05.405 INFO:teuthology.orchestra.run.smithi046.stdout:/usr/bin/ceph: stderr
2024-03-14T12:48:04.668+0000 7fbf3329b700 1 --2- 172.21.15.46:0/1508398199 >> [v2:172.21.15.46:3300/0,v1:172.21.15.46:6789/0] conn(0x7fbf2c107420 0x7fbf2c109810 secure :-1 s=READY pgs=53 cs=0 l=1 rev1=1 crypto rx=0x7fbf280098a0 tx=0x7fbf28009bb0 comp rx=0 tx=0).stop
2024-03-14T12:48:05.405 INFO:teuthology.orchestra.run.smithi046.stdout:/usr/bin/ceph: stderr
2024-03-14T12:48:04.668+0000 7fbf3329b700 1 -- 172.21.15.46:0/1508398199 shutdown_connections
2024-03-14T12:48:05.405 INFO:teuthology.orchestra.run.smithi046.stdout:/usr/bin/ceph: stderr
2024-03-14T12:48:04.668+0000 7fbf3329b700 1 --2- 172.21.15.46:0/1508398199 >> [v2:172.21.15.46:3300/0,v1:172.21.15.46:6789/0] conn(0x7fbf2c107420 0x7fbf2c109810 unknown :-1 s=CLOSED pgs=53 cs=0 l=1 rev1=1 crypto rx=0 tx=0 comp rx=0 tx=0).stop
2024-03-14T12:48:05.405 INFO:teuthology.orchestra.run.smithi046.stdout:/usr/bin/ceph: stderr
2024-03-14T12:48:04.668+0000 7fbf3329b700 1 -- 172.21.15.46:0/1508398199 >> 172.21.15.46:0/1508398199 conn(0x7fbf2c100ab0 msgr2=0x7fbf2c102ed0 unknown :-1 s=STATE_NONE l=0).mark_down
2024-03-14T12:48:05.405 INFO:teuthology.orchestra.run.smithi046.stdout:/usr/bin/ceph: stderr
2024-03-14T12:48:04.668+0000 7fbf3329b700 1 -- 172.21.15.46:0/1508398199 shutdown_connections
2024-03-14T12:48:05.405 INFO:teuthology.orchestra.run.smithi046.stdout:/usr/bin/ceph: stderr
2024-03-14T12:48:04.669+0000 7fbf3329b700 1 -- 172.21.15.46:0/1508398199 wait complete.
2024-03-14T12:48:05.405 INFO:teuthology.orchestra.run.smithi046.stdout:/usr/bin/ceph: stderr
2024-03-14T12:48:04.669+0000 7fbf3329b700 1 Processor -- start
2024-03-14T12:48:05.405 INFO:teuthology.orchestra.run.smithi046.stdout:/usr/bin/ceph: stderr
2024-03-14T12:48:04.669+0000 7fbf3329b700 1 -- start start
2024-03-14T12:48:05.405 INFO:teuthology.orchestra.run.smithi046.stdout:/usr/bin/ceph: stderr
2024-03-14T12:48:04.669+0000 7fbf3329b700 1 --2- >> [v2:172.21.15.46:3300/0,v1:172.21.15.46:6789/0] conn(0x7fbf2c107420 0x7fbf2c19a6b0 unknown :-1 s=NONE pgs=0 cs=0 l=1 rev1=0 crypto rx=0 tx=0 comp rx=0 tx=0).connect
2024-03-14T12:48:05.405 INFO:teuthology.orchestra.run.smithi046.stdout:/usr/bin/ceph: stderr
2024-03-14T12:48:04.669+0000 7fbf3329b700 1 -- --> [v2:172.21.15.46:3300/0,v1:172.21.15.46:6789/0] -- mon_getmap magic: 0 v1 -- 0x7fbf2c19abf0 con 0x7fbf2c107420
2024-03-14T12:48:05.406 INFO:teuthology.orchestra.run.smithi046.stdout:/usr/bin/ceph: stderr
2024-03-14T12:48:04.669+0000 7fbf31037700 1 --2- >> [v2:172.21.15.46:3300/0,v1:172.21.15.46:6789/0] conn(0x7fbf2c107420 0x7fbf2c19a6b0 unknown :-1 s=BANNER_CONNECTING pgs=0 cs=0 l=1 rev1=0 crypto rx=0 tx=0 comp rx=0 tx=0)._handle_peer_banner_payload supported=3 required=0
2024-03-14T12:48:05.406 INFO:teuthology.orchestra.run.smithi046.stdout:/usr/bin/ceph: stderr
2024-03-14T12:48:04.670+0000 7fbf31037700 1 --2- >> [v2:172.21.15.46:3300/0,v1:172.21.15.46:6789/0] conn(0x7fbf2c107420 0x7fbf2c19a6b0 unknown :-1 s=HELLO_CONNECTING pgs=0 cs=0 l=1 rev1=1 crypto rx=0 tx=0 comp rx=0 tx=0).handle_hello peer v2:172.21.15.46:3300/0 says I am v2:172.21.15.46:47714/0 (socket says 172.21.15.46:47714)
2024-03-14T12:48:05.406 INFO:teuthology.orchestra.run.smithi046.stdout:/usr/bin/ceph: stderr
2024-03-14T12:48:04.670+0000 7fbf31037700 1 -- 172.21.15.46:0/3866372006 learned_addr learned my addr 172.21.15.46:0/3866372006 (peer_addr_for_me v2:172.21.15.46:0/0)
2024-03-14T12:48:05.406 INFO:teuthology.orchestra.run.smithi046.stdout:/usr/bin/ceph: stderr
2024-03-14T12:48:04.670+0000 7fbf31037700 1 -- 172.21.15.46:0/3866372006 --> [v2:172.21.15.46:3300/0,v1:172.21.15.46:6789/0] -- mon_subscribe({config=0+,monmap=0+}) v3 -- 0x7fbf28009550 con 0x7fbf2c107420
2024-03-14T12:48:05.406 INFO:teuthology.orchestra.run.smithi046.stdout:/usr/bin/ceph: stderr
2024-03-14T12:48:04.670+0000 7fbf31037700 1 --2- 172.21.15.46:0/3866372006 >> [v2:172.21.15.46:3300/0,v1:172.21.15.46:6789/0] conn(0x7fbf2c107420 0x7fbf2c19a6b0 secure :-1 s=READY pgs=54 cs=0 l=1 rev1=1 crypto rx=0x7fbf28011670 tx=0x7fbf28011a30 comp rx=0 tx=0).ready entity=mon.0 client_cookie=0 server_cookie=0 in_seq=0 out_seq=0
2024-03-14T12:48:05.406 INFO:teuthology.orchestra.run.smithi046.stdout:/usr/bin/ceph: stderr
2024-03-14T12:48:04.670+0000 7fbf227fc700 1 -- 172.21.15.46:0/3866372006 <== mon.0 v2:172.21.15.46:3300/0 1 ==== mon_map magic: 0 v1 ==== 205+0+0 (secure 0 0 0) 0x7fbf28003b20 con 0x7fbf2c107420
2024-03-14T12:48:05.406 INFO:teuthology.orchestra.run.smithi046.stdout:/usr/bin/ceph: stderr
2024-03-14T12:48:04.670+0000 7fbf227fc700 1 -- 172.21.15.46:0/3866372006 <== mon.0 v2:172.21.15.46:3300/0 2 ==== config(26 keys) v1 ==== 1105+0+0 (secure 0 0 0) 0x7fbf28003c80 con 0x7fbf2c107420
2024-03-14T12:48:05.406 INFO:teuthology.orchestra.run.smithi046.stdout:/usr/bin/ceph: stderr
2024-03-14T12:48:04.670+0000 7fbf3329b700 1 -- 172.21.15.46:0/3866372006 --> [v2:172.21.15.46:3300/0,v1:172.21.15.46:6789/0] -- mon_subscribe({mgrmap=0+}) v3 -- 0x7fbf2c19adf0 con 0x7fbf2c107420
2024-03-14T12:48:05.406 INFO:teuthology.orchestra.run.smithi046.stdout:/usr/bin/ceph: stderr
2024-03-14T12:48:04.670+0000 7fbf227fc700 1 -- 172.21.15.46:0/3866372006 <== mon.0 v2:172.21.15.46:3300/0 3 ==== mon_map magic: 0 v1 ==== 205+0+0 (secure 0 0 0) 0x7fbf28019770 con 0x7fbf2c107420
2024-03-14T12:48:05.406 INFO:teuthology.orchestra.run.smithi046.stdout:/usr/bin/ceph: stderr
2024-03-14T12:48:04.670+0000 7fbf3329b700 1 -- 172.21.15.46:0/3866372006 --> [v2:172.21.15.46:3300/0,v1:172.21.15.46:6789/0] -- mon_subscribe({osdmap=0}) v3 -- 0x7fbf2c19b290 con 0x7fbf2c107420
2024-03-14T12:48:05.406 INFO:teuthology.orchestra.run.smithi046.stdout:/usr/bin/ceph: stderr
2024-03-14T12:48:04.671+0000 7fbf227fc700 1 -- 172.21.15.46:0/3866372006 <== mon.0 v2:172.21.15.46:3300/0 4 ==== mgrmap(e 8) v1 ==== 45374+0+0 (secure 0 0 0) 0x7fbf2801a430 con 0x7fbf2c107420
2024-03-14T12:48:05.406 INFO:teuthology.orchestra.run.smithi046.stdout:/usr/bin/ceph: stderr
2024-03-14T12:48:04.671+0000 7fbf3329b700 1 -- 172.21.15.46:0/3866372006 --> [v2:172.21.15.46:3300/0,v1:172.21.15.46:6789/0] -- mon_command({"prefix": "get_command_descriptions"} v 0) v1 -- 0x7fbf2c10ab90 con 0x7fbf2c107420
2024-03-14T12:48:05.406 INFO:teuthology.orchestra.run.smithi046.stdout:/usr/bin/ceph: stderr
2024-03-14T12:48:04.672+0000 7fbf227fc700 1 --2- 172.21.15.46:0/3866372006 >> [v2:172.21.15.46:6800/1423715346,v1:172.21.15.46:6801/1423715346] conn(0x7fbf18038520 0x7fbf1803a9e0 unknown :-1 s=NONE pgs=0 cs=0 l=1 rev1=0 crypto rx=0 tx=0 comp rx=0 tx=0).connect
2024-03-14T12:48:05.406 INFO:teuthology.orchestra.run.smithi046.stdout:/usr/bin/ceph: stderr
2024-03-14T12:48:04.672+0000 7fbf227fc700 1 -- 172.21.15.46:0/3866372006 <== mon.0 v2:172.21.15.46:3300/0 5 ==== osd_map(2..2 src has 1..2) v4 ==== 940+0+0 (secure 0 0 0) 0x7fbf2804c650 con 0x7fbf2c107420
2024-03-14T12:48:05.407 INFO:teuthology.orchestra.run.smithi046.stdout:/usr/bin/ceph: stderr
2024-03-14T12:48:04.672+0000 7fbf30836700 1 --2- 172.21.15.46:0/3866372006 >> [v2:172.21.15.46:6800/1423715346,v1:172.21.15.46:6801/1423715346] conn(0x7fbf18038520 0x7fbf1803a9e0 unknown :-1 s=BANNER_CONNECTING pgs=0 cs=0 l=1 rev1=0 crypto rx=0 tx=0 comp rx=0 tx=0)._handle_peer_banner_payload supported=3 required=0
2024-03-14T12:48:05.407 INFO:teuthology.orchestra.run.smithi046.stdout:/usr/bin/ceph: stderr
2024-03-14T12:48:04.672+0000 7fbf30836700 1 --2- 172.21.15.46:0/3866372006 >> [v2:172.21.15.46:6800/1423715346,v1:172.21.15.46:6801/1423715346] conn(0x7fbf18038520 0x7fbf1803a9e0 secure :-1 s=READY pgs=16 cs=0 l=1 rev1=1 crypto rx=0x7fbf1c006fd0 tx=0x7fbf1c006e40 comp rx=0 tx=0).ready entity=mgr.14118 client_cookie=0 server_cookie=0 in_seq=0 out_seq=0
2024-03-14T12:48:05.407 INFO:teuthology.orchestra.run.smithi046.stdout:/usr/bin/ceph: stderr
2024-03-14T12:48:04.677+0000 7fbf227fc700 1 -- 172.21.15.46:0/3866372006 <== mon.0 v2:172.21.15.46:3300/0 6 ==== mon_command_ack([{"prefix": "get_command_descriptions"}]=0 v0) v1 ==== 72+0+182595 (secure 0 0 0) 0x7fbf2802d9a0 con 0x7fbf2c107420
2024-03-14T12:48:05.407 INFO:teuthology.orchestra.run.smithi046.stdout:/usr/bin/ceph: stderr
2024-03-14T12:48:04.948+0000 7fbf3329b700 1 -- 172.21.15.46:0/3866372006 --> [v2:172.21.15.46:3300/0,v1:172.21.15.46:6789/0] -- mon_command({"prefix": "mgr module enable", "module": "dashboard"} v 0) v1 -- 0x7fbf2c10add0 con 0x7fbf2c107420
2024-03-14T12:48:05.407 INFO:teuthology.orchestra.run.smithi046.stdout:/usr/bin/ceph: stderr
2024-03-14T12:48:05.001+0000 7fbf227fc700 1 -- 172.21.15.46:0/3866372006 <== mon.0 v2:172.21.15.46:3300/0 7 ==== mgrmap(e 9) v1 ==== 45387+0+0 (secure 0 0 0) 0x7fbf28022d90 con 0x7fbf2c107420
2024-03-14T12:48:05.407 INFO:teuthology.orchestra.run.smithi046.stdout:/usr/bin/ceph: stderr
2024-03-14T12:48:05.002+0000 7fbf227fc700 1 -- 172.21.15.46:0/3866372006 <== mon.0 v2:172.21.15.46:3300/0 8 ==== mon_command_ack([{"prefix": "mgr module enable", "module": "dashboard"}]=0 v9) v1 ==== 88+0+0 (secure 0 0 0) 0x7fbf2800bdf0 con 0x7fbf2c107420
2024-03-14T12:48:05.407 INFO:teuthology.orchestra.run.smithi046.stdout:/usr/bin/ceph: stderr
2024-03-14T12:48:05.005+0000 7fbf3329b700 1 -- 172.21.15.46:0/3866372006 >> [v2:172.21.15.46:6800/1423715346,v1:172.21.15.46:6801/1423715346] conn(0x7fbf18038520 msgr2=0x7fbf1803a9e0 secure :-1 s=STATE_CONNECTION_ESTABLISHED l=1).mark_down
2024-03-14T12:48:05.407 INFO:teuthology.orchestra.run.smithi046.stdout:/usr/bin/ceph: stderr
2024-03-14T12:48:05.005+0000 7fbf3329b700 1 --2- 172.21.15.46:0/3866372006 >> [v2:172.21.15.46:6800/1423715346,v1:172.21.15.46:6801/1423715346] conn(0x7fbf18038520 0x7fbf1803a9e0 secure :-1 s=READY pgs=16 cs=0 l=1 rev1=1 crypto rx=0x7fbf1c006fd0 tx=0x7fbf1c006e40 comp rx=0 tx=0).stop
2024-03-14T12:48:05.407 INFO:teuthology.orchestra.run.smithi046.stdout:/usr/bin/ceph: stderr
2024-03-14T12:48:05.005+0000 7fbf3329b700 1 -- 172.21.15.46:0/3866372006 >> [v2:172.21.15.46:3300/0,v1:172.21.15.46:6789/0] conn(0x7fbf2c107420 msgr2=0x7fbf2c19a6b0 secure :-1 s=STATE_CONNECTION_ESTABLISHED l=1).mark_down
2024-03-14T12:48:05.407 INFO:teuthology.orchestra.run.smithi046.stdout:/usr/bin/ceph: stderr
2024-03-14T12:48:05.005+0000 7fbf3329b700 1 --2- 172.21.15.46:0/3866372006 >> [v2:172.21.15.46:3300/0,v1:172.21.15.46:6789/0] conn(0x7fbf2c107420 0x7fbf2c19a6b0 secure :-1 s=READY pgs=54 cs=0 l=1 rev1=1 crypto rx=0x7fbf28011670 tx=0x7fbf28011a30 comp rx=0 tx=0).stop
2024-03-14T12:48:05.407 INFO:teuthology.orchestra.run.smithi046.stdout:/usr/bin/ceph: stderr
2024-03-14T12:48:05.005+0000 7fbf3329b700 1 -- 172.21.15.46:0/3866372006 shutdown_connections
2024-03-14T12:48:05.407 INFO:teuthology.orchestra.run.smithi046.stdout:/usr/bin/ceph: stderr
2024-03-14T12:48:05.005+0000 7fbf3329b700 1 --2- 172.21.15.46:0/3866372006 >> [v2:172.21.15.46:6800/1423715346,v1:172.21.15.46:6801/1423715346] conn(0x7fbf18038520 0x7fbf1803a9e0 unknown :-1 s=CLOSED pgs=16 cs=0 l=1 rev1=1 crypto rx=0 tx=0 comp rx=0 tx=0).stop
2024-03-14T12:48:05.407 INFO:teuthology.orchestra.run.smithi046.stdout:/usr/bin/ceph: stderr
2024-03-14T12:48:05.005+0000 7fbf3329b700 1 --2- 172.21.15.46:0/3866372006 >> [v2:172.21.15.46:3300/0,v1:172.21.15.46:6789/0] conn(0x7fbf2c107420 0x7fbf2c19a6b0 unknown :-1 s=CLOSED pgs=54 cs=0 l=1 rev1=1 crypto rx=0 tx=0 comp rx=0 tx=0).stop
2024-03-14T12:48:05.408 INFO:teuthology.orchestra.run.smithi046.stdout:/usr/bin/ceph: stderr
2024-03-14T12:48:05.005+0000 7fbf3329b700 1 -- 172.21.15.46:0/3866372006 >> 172.21.15.46:0/3866372006 conn(0x7fbf2c100ab0 msgr2=0x7fbf2c101550 unknown :-1 s=STATE_NONE l=0).mark_down
2024-03-14T12:48:05.408 INFO:teuthology.orchestra.run.smithi046.stdout:/usr/bin/ceph: stderr
2024-03-14T12:48:05.005+0000 7fbf3329b700 1 -- 172.21.15.46:0/3866372006 shutdown_connections
2024-03-14T12:48:05.408 INFO:teuthology.orchestra.run.smithi046.stdout:/usr/bin/ceph: stderr
2024-03-14T12:48:05.005+0000 7fbf3329b700 1 -- 172.21.15.46:0/3866372006 wait complete.
2024-03-14T12:48:05.818 INFO:journalctl@ceph.mgr.x.smithi046.stdout:Mar 14 12:48:05 smithi046 ceph-e3636332-e200-11ee-95c9-87774f69a715-mgr-x[43705]:
2024-03-14T12:48:05.509+0000 7fb063054200 -1 mgr[py] Module prometheus has missing NOTIFY_TYPES member
2024-03-14T12:48:05.818 INFO:journalctl@ceph.mgr.x.smithi046.stdout:Mar 14 12:48:05 smithi046 ceph-e3636332-e200-11ee-95c9-87774f69a715-mgr-x[43705]:
2024-03-14T12:48:05.618+0000 7fb063054200 -1 mgr[py] Module alerts has missing NOTIFY_TYPES member
2024-03-14T12:48:05.818 INFO:journalctl@ceph.mgr.x.smithi046.stdout:Mar 14 12:48:05 smithi046 ceph-e3636332-e200-11ee-95c9-87774f69a715-mgr-x[43705]:
2024-03-14T12:48:05.718+0000 7fb063054200 -1 mgr[py] Module osd_perf_query has missing NOTIFY_TYPES member
2024-03-14T12:48:06.099 INFO:journalctl@ceph.mgr.x.smithi046.stdout:Mar 14 12:48:05 smithi046 ceph-e3636332-e200-11ee-95c9-87774f69a715-mgr-x[43705]:
2024-03-14T12:48:05.817+0000 7fb063054200 -1 mgr[py] Module progress has missing NOTIFY_TYPES member
2024-03-14T12:48:06.099 INFO:journalctl@ceph.mon.a.smithi046.stdout:Mar 14 12:48:06 smithi046 ceph-mon[43450]: from='client.? 172.21.15.46:0/3866372006' entity='client.admin' cmd='[{"prefix": "mgr module enable", "module": "dashboard"}]': finished
2024-03-14T12:48:06.099 INFO:journalctl@ceph.mon.a.smithi046.stdout:Mar 14 12:48:06 smithi046 ceph-mon[43450]: mgrmap e9: x(active, since 14s)
2024-03-14T12:48:06.454 INFO:teuthology.orchestra.run.smithi046.stdout:/usr/bin/ceph: stdout {
2024-03-14T12:48:06.455 INFO:teuthology.orchestra.run.smithi046.stdout:/usr/bin/ceph: stdout "epoch": 9,
2024-03-14T12:48:06.455 INFO:teuthology.orchestra.run.smithi046.stdout:/usr/bin/ceph: stdout "available": true,
2024-03-14T12:48:06.455 INFO:teuthology.orchestra.run.smithi046.stdout:/usr/bin/ceph: stdout "active_name": "x",
2024-03-14T12:48:06.455 INFO:teuthology.orchestra.run.smithi046.stdout:/usr/bin/ceph: stdout "num_standby": 0
2024-03-14T12:48:06.455 INFO:teuthology.orchestra.run.smithi046.stdout:/usr/bin/ceph: stdout }
2024-03-14T12:48:06.455 INFO:teuthology.orchestra.run.smithi046.stdout:/usr/bin/ceph: stderr
2024-03-14T12:48:05.787+0000 7f2306fd0700 1 Processor -- start
2024-03-14T12:48:06.455 INFO:teuthology.orchestra.run.smithi046.stdout:/usr/bin/ceph: stderr
2024-03-14T12:48:05.787+0000 7f2306fd0700 1 -- start start
2024-03-14T12:48:06.455 INFO:teuthology.orchestra.run.smithi046.stdout:/usr/bin/ceph: stderr
2024-03-14T12:48:05.787+0000 7f2306fd0700 1 --2- >> [v2:172.21.15.46:3300/0,v1:172.21.15.46:6789/0] conn(0x7f23001052b0 0x7f23001056d0 unknown :-1 s=NONE pgs=0 cs=0 l=0 rev1=0 crypto rx=0 tx=0 comp rx=0 tx=0).connect
2024-03-14T12:48:06.455 INFO:teuthology.orchestra.run.smithi046.stdout:/usr/bin/ceph: stderr
2024-03-14T12:48:05.787+0000 7f2306fd0700 1 -- --> [v2:172.21.15.46:3300/0,v1:172.21.15.46:6789/0] -- mon_getmap magic: 0 v1 -- 0x7f2300079e00 con 0x7f23001052b0
2024-03-14T12:48:06.455 INFO:teuthology.orchestra.run.smithi046.stdout:/usr/bin/ceph: stderr
2024-03-14T12:48:05.788+0000 7f2304d6c700 1 --2- >> [v2:172.21.15.46:3300/0,v1:172.21.15.46:6789/0] conn(0x7f23001052b0 0x7f23001056d0 unknown :-1 s=BANNER_CONNECTING pgs=0 cs=0 l=0 rev1=0 crypto rx=0 tx=0 comp rx=0 tx=0)._handle_peer_banner_payload supported=3 required=0
2024-03-14T12:48:06.455 INFO:teuthology.orchestra.run.smithi046.stdout:/usr/bin/ceph: stderr
2024-03-14T12:48:05.788+0000 7f2304d6c700 1 --2- >> [v2:172.21.15.46:3300/0,v1:172.21.15.46:6789/0] conn(0x7f23001052b0 0x7f23001056d0 unknown :-1 s=HELLO_CONNECTING pgs=0 cs=0 l=0 rev1=1 crypto rx=0 tx=0 comp rx=0 tx=0).handle_hello peer v2:172.21.15.46:3300/0 says I am v2:172.21.15.46:45240/0 (socket says 172.21.15.46:45240)
2024-03-14T12:48:06.455 INFO:teuthology.orchestra.run.smithi046.stdout:/usr/bin/ceph: stderr
2024-03-14T12:48:05.788+0000 7f2304d6c700 1 -- 172.21.15.46:0/319846372 learned_addr learned my addr 172.21.15.46:0/319846372 (peer_addr_for_me v2:172.21.15.46:0/0)
2024-03-14T12:48:06.455 INFO:teuthology.orchestra.run.smithi046.stdout:/usr/bin/ceph: stderr
2024-03-14T12:48:05.788+0000 7f2304d6c700 1 -- 172.21.15.46:0/319846372 --> [v2:172.21.15.46:3300/0,v1:172.21.15.46:6789/0] -- mon_subscribe({config=0+,monmap=0+}) v3 -- 0x7f2300079f40 con 0x7f23001052b0
2024-03-14T12:48:06.455 INFO:teuthology.orchestra.run.smithi046.stdout:/usr/bin/ceph: stderr
2024-03-14T12:48:05.789+0000 7f2304d6c700 1 --2- 172.21.15.46:0/319846372 >> [v2:172.21.15.46:3300/0,v1:172.21.15.46:6789/0] conn(0x7f23001052b0 0x7f23001056d0 secure :-1 s=READY pgs=57 cs=0 l=1 rev1=1 crypto rx=0x7f22f40098a0 tx=0x7f22f4009bb0 comp rx=0 tx=0).ready entity=mon.0 client_cookie=93e4fce76d9df4aa server_cookie=0 in_seq=0 out_seq=0
2024-03-14T12:48:06.456 INFO:teuthology.orchestra.run.smithi046.stdout:/usr/bin/ceph: stderr
2024-03-14T12:48:05.789+0000 7f22ff7fe700 1 -- 172.21.15.46:0/319846372 <== mon.0 v2:172.21.15.46:3300/0 1 ==== mon_map magic: 0 v1 ==== 205+0+0 (secure 0 0 0) 0x7f22f4004160 con 0x7f23001052b0
2024-03-14T12:48:06.456 INFO:teuthology.orchestra.run.smithi046.stdout:/usr/bin/ceph: stderr
2024-03-14T12:48:05.789+0000 7f22ff7fe700 1 -- 172.21.15.46:0/319846372 <== mon.0 v2:172.21.15.46:3300/0 2 ==== config(26 keys) v1 ==== 1105+0+0 (secure 0 0 0) 0x7f22f40042c0 con 0x7f23001052b0
2024-03-14T12:48:06.456 INFO:teuthology.orchestra.run.smithi046.stdout:/usr/bin/ceph: stderr
2024-03-14T12:48:05.789+0000 7f22ff7fe700 1 -- 172.21.15.46:0/319846372 <== mon.0 v2:172.21.15.46:3300/0 3 ==== mon_map magic: 0 v1 ==== 205+0+0 (secure 0 0 0) 0x7f22f40119b0 con 0x7f23001052b0
2024-03-14T12:48:06.456 INFO:teuthology.orchestra.run.smithi046.stdout:/usr/bin/ceph: stderr
2024-03-14T12:48:05.790+0000 7f2306fd0700 1 -- 172.21.15.46:0/319846372 >> [v2:172.21.15.46:3300/0,v1:172.21.15.46:6789/0] conn(0x7f23001052b0 msgr2=0x7f23001056d0 secure :-1 s=STATE_CONNECTION_ESTABLISHED l=1).mark_down
2024-03-14T12:48:06.456 INFO:teuthology.orchestra.run.smithi046.stdout:/usr/bin/ceph: stderr
2024-03-14T12:48:05.790+0000 7f2306fd0700 1 --2- 172.21.15.46:0/319846372 >> [v2:172.21.15.46:3300/0,v1:172.21.15.46:6789/0] conn(0x7f23001052b0 0x7f23001056d0 secure :-1 s=READY pgs=57 cs=0 l=1 rev1=1 crypto rx=0x7f22f40098a0 tx=0x7f22f4009bb0 comp rx=0 tx=0).stop
2024-03-14T12:48:06.456 INFO:teuthology.orchestra.run.smithi046.stdout:/usr/bin/ceph: stderr
2024-03-14T12:48:05.790+0000 7f2306fd0700 1 -- 172.21.15.46:0/319846372 shutdown_connections
2024-03-14T12:48:06.456 INFO:teuthology.orchestra.run.smithi046.stdout:/usr/bin/ceph: stderr
2024-03-14T12:48:05.790+0000 7f2306fd0700 1 --2- 172.21.15.46:0/319846372 >> [v2:172.21.15.46:3300/0,v1:172.21.15.46:6789/0] conn(0x7f23001052b0 0x7f23001056d0 unknown :-1 s=CLOSED pgs=57 cs=0 l=1 rev1=1 crypto rx=0 tx=0 comp rx=0 tx=0).stop
2024-03-14T12:48:06.456 INFO:teuthology.orchestra.run.smithi046.stdout:/usr/bin/ceph: stderr
2024-03-14T12:48:05.790+0000 7f2306fd0700 1 -- 172.21.15.46:0/319846372 >> 172.21.15.46:0/319846372 conn(0x7f2300100a30 msgr2=0x7f2300102e70 unknown :-1 s=STATE_NONE l=0).mark_down
2024-03-14T12:48:06.456 INFO:teuthology.orchestra.run.smithi046.stdout:/usr/bin/ceph: stderr
2024-03-14T12:48:05.790+0000 7f2306fd0700 1 -- 172.21.15.46:0/319846372 shutdown_connections
2024-03-14T12:48:06.456 INFO:teuthology.orchestra.run.smithi046.stdout:/usr/bin/ceph: stderr
2024-03-14T12:48:05.790+0000 7f2306fd0700 1 -- 172.21.15.46:0/319846372 wait complete.
2024-03-14T12:48:06.456 INFO:teuthology.orchestra.run.smithi046.stdout:/usr/bin/ceph: stderr
2024-03-14T12:48:05.791+0000 7f2306fd0700 1 Processor -- start
2024-03-14T12:48:06.456 INFO:teuthology.orchestra.run.smithi046.stdout:/usr/bin/ceph: stderr
2024-03-14T12:48:05.791+0000 7f2306fd0700 1 -- start start
2024-03-14T12:48:06.456 INFO:teuthology.orchestra.run.smithi046.stdout:/usr/bin/ceph: stderr
2024-03-14T12:48:05.791+0000 7f2306fd0700 1 --2- >> [v2:172.21.15.46:3300/0,v1:172.21.15.46:6789/0] conn(0x7f23001052b0 0x7f230019c940 unknown :-1 s=NONE pgs=0 cs=0 l=1 rev1=0 crypto rx=0 tx=0 comp rx=0 tx=0).connect
2024-03-14T12:48:06.456 INFO:teuthology.orchestra.run.smithi046.stdout:/usr/bin/ceph: stderr
2024-03-14T12:48:05.791+0000 7f2306fd0700 1 -- --> [v2:172.21.15.46:3300/0,v1:172.21.15.46:6789/0] -- mon_getmap magic: 0 v1 -- 0x7f230019ce80 con 0x7f23001052b0
2024-03-14T12:48:06.456 INFO:teuthology.orchestra.run.smithi046.stdout:/usr/bin/ceph: stderr
2024-03-14T12:48:05.791+0000 7f2304d6c700 1 --2- >> [v2:172.21.15.46:3300/0,v1:172.21.15.46:6789/0] conn(0x7f23001052b0 0x7f230019c940 unknown :-1 s=BANNER_CONNECTING pgs=0 cs=0 l=1 rev1=0 crypto rx=0 tx=0 comp rx=0 tx=0)._handle_peer_banner_payload supported=3 required=0
2024-03-14T12:48:06.457 INFO:teuthology.orchestra.run.smithi046.stdout:/usr/bin/ceph: stderr
2024-03-14T12:48:05.791+0000 7f2304d6c700 1 --2- >> [v2:172.21.15.46:3300/0,v1:172.21.15.46:6789/0] conn(0x7f23001052b0 0x7f230019c940 unknown :-1 s=HELLO_CONNECTING pgs=0 cs=0 l=1 rev1=1 crypto rx=0 tx=0 comp rx=0 tx=0).handle_hello peer v2:172.21.15.46:3300/0 says I am v2:172.21.15.46:45250/0 (socket says 172.21.15.46:45250)
2024-03-14T12:48:06.457 INFO:teuthology.orchestra.run.smithi046.stdout:/usr/bin/ceph: stderr
2024-03-14T12:48:05.791+0000 7f2304d6c700 1 -- 172.21.15.46:0/932739176 learned_addr learned my addr 172.21.15.46:0/932739176 (peer_addr_for_me v2:172.21.15.46:0/0)
2024-03-14T12:48:06.457 INFO:teuthology.orchestra.run.smithi046.stdout:/usr/bin/ceph: stderr
2024-03-14T12:48:05.791+0000 7f2304d6c700 1 -- 172.21.15.46:0/932739176 --> [v2:172.21.15.46:3300/0,v1:172.21.15.46:6789/0] -- mon_subscribe({config=0+,monmap=0+}) v3 -- 0x7f22f4009550 con 0x7f23001052b0
2024-03-14T12:48:06.457 INFO:teuthology.orchestra.run.smithi046.stdout:/usr/bin/ceph: stderr
2024-03-14T12:48:05.792+0000 7f2304d6c700 1 --2- 172.21.15.46:0/932739176 >> [v2:172.21.15.46:3300/0,v1:172.21.15.46:6789/0] conn(0x7f23001052b0 0x7f230019c940 secure :-1 s=READY pgs=58 cs=0 l=1 rev1=1 crypto rx=0x7f22f4003e60 tx=0x7f22f4011a30 comp rx=0 tx=0).ready entity=mon.0 client_cookie=0 server_cookie=0 in_seq=0 out_seq=0
2024-03-14T12:48:06.457 INFO:teuthology.orchestra.run.smithi046.stdout:/usr/bin/ceph: stderr
2024-03-14T12:48:05.792+0000 7f22fdffb700 1 -- 172.21.15.46:0/932739176 <== mon.0 v2:172.21.15.46:3300/0 1 ==== mon_map magic: 0 v1 ==== 205+0+0 (secure 0 0 0) 0x7f22f40038b0 con 0x7f23001052b0
2024-03-14T12:48:06.457 INFO:teuthology.orchestra.run.smithi046.stdout:/usr/bin/ceph: stderr
2024-03-14T12:48:05.792+0000 7f22fdffb700 1 -- 172.21.15.46:0/932739176 <== mon.0 v2:172.21.15.46:3300/0 2 ==== config(26 keys) v1 ==== 1105+0+0 (secure 0 0 0) 0x7f22f4003a10 con 0x7f23001052b0
2024-03-14T12:48:06.457 INFO:teuthology.orchestra.run.smithi046.stdout:/usr/bin/ceph: stderr
2024-03-14T12:48:05.792+0000 7f22fdffb700 1 -- 172.21.15.46:0/932739176 <== mon.0 v2:172.21.15.46:3300/0 3 ==== mon_map magic: 0 v1 ==== 205+0+0 (secure 0 0 0) 0x7f22f4019530 con 0x7f23001052b0
2024-03-14T12:48:06.457 INFO:teuthology.orchestra.run.smithi046.stdout:/usr/bin/ceph: stderr
2024-03-14T12:48:05.792+0000 7f2306fd0700 1 -- 172.21.15.46:0/932739176 --> [v2:172.21.15.46:3300/0,v1:172.21.15.46:6789/0] -- mon_subscribe({mgrmap=0+}) v3 -- 0x7f230019d080 con 0x7f23001052b0
2024-03-14T12:48:06.457 INFO:teuthology.orchestra.run.smithi046.stdout:/usr/bin/ceph: stderr
2024-03-14T12:48:05.792+0000 7f2306fd0700 1 -- 172.21.15.46:0/932739176 --> [v2:172.21.15.46:3300/0,v1:172.21.15.46:6789/0] -- mon_subscribe({osdmap=0}) v3 -- 0x7f230019d520 con 0x7f23001052b0
2024-03-14T12:48:06.457 INFO:teuthology.orchestra.run.smithi046.stdout:/usr/bin/ceph: stderr
2024-03-14T12:48:05.793+0000 7f22fdffb700 1 -- 172.21.15.46:0/932739176 <== mon.0 v2:172.21.15.46:3300/0 4 ==== mgrmap(e 9) v1 ==== 45387+0+0 (secure 0 0 0) 0x7f22f401a980 con 0x7f23001052b0
2024-03-14T12:48:06.457 INFO:teuthology.orchestra.run.smithi046.stdout:/usr/bin/ceph: stderr
2024-03-14T12:48:05.793+0000 7f2306fd0700 1 -- 172.21.15.46:0/932739176 --> [v2:172.21.15.46:3300/0,v1:172.21.15.46:6789/0] -- mon_command({"prefix": "get_command_descriptions"} v 0) v1 -- 0x7f2300106930 con 0x7f23001052b0
2024-03-14T12:48:06.457 INFO:teuthology.orchestra.run.smithi046.stdout:/usr/bin/ceph: stderr
2024-03-14T12:48:05.793+0000 7f22fdffb700 1 --2- 172.21.15.46:0/932739176 >> [v2:172.21.15.46:6800/1423715346,v1:172.21.15.46:6801/1423715346] conn(0x7f22f0038520 0x7f22f003a9e0 unknown :-1 s=NONE pgs=0 cs=0 l=1 rev1=0 crypto rx=0 tx=0 comp rx=0 tx=0).connect
