2024-03-14T12:48:06.457 INFO:teuthology.orchestra.run.smithi046.stdout:/usr/bin/ceph: stderr
2024-03-14T12:48:05.793+0000 7f22fdffb700 1 -- 172.21.15.46:0/932739176 <== mon.0 v2:172.21.15.46:3300/0 5 ==== osd_map(2..2 src has 1..2) v4 ==== 940+0+0 (secure 0 0 0) 0x7f22f404c4e0 con 0x7f23001052b0
2024-03-14T12:48:06.457 INFO:teuthology.orchestra.run.smithi046.stdout:/usr/bin/ceph: stderr
2024-03-14T12:48:05.793+0000 7f22fffff700 1 -- 172.21.15.46:0/932739176 >> [v2:172.21.15.46:6800/1423715346,v1:172.21.15.46:6801/1423715346] conn(0x7f22f0038520 msgr2=0x7f22f003a9e0 unknown :-1 s=STATE_CONNECTING_RE l=1).process reconnect failed to v2:172.21.15.46:6800/1423715346
2024-03-14T12:48:06.457 INFO:teuthology.orchestra.run.smithi046.stdout:/usr/bin/ceph: stderr
2024-03-14T12:48:05.793+0000 7f22fffff700 1 --2- 172.21.15.46:0/932739176 >> [v2:172.21.15.46:6800/1423715346,v1:172.21.15.46:6801/1423715346] conn(0x7f22f0038520 0x7f22f003a9e0 unknown :-1 s=START_CONNECT pgs=0 cs=0 l=1 rev1=0 crypto rx=0 tx=0 comp rx=0 tx=0)._fault waiting 0.200000
2024-03-14T12:48:06.458 INFO:teuthology.orchestra.run.smithi046.stdout:/usr/bin/ceph: stderr
2024-03-14T12:48:05.798+0000 7f22fdffb700 1 -- 172.21.15.46:0/932739176 <== mon.0 v2:172.21.15.46:3300/0 6 ==== mon_command_ack([{"prefix": "get_command_descriptions"}]=0 v0) v1 ==== 72+0+182595 (secure 0 0 0) 0x7f22f4003b80 con 0x7f23001052b0
2024-03-14T12:48:06.458 INFO:teuthology.orchestra.run.smithi046.stdout:/usr/bin/ceph: stderr
2024-03-14T12:48:05.994+0000 7f22fffff700 1 -- 172.21.15.46:0/932739176 >> [v2:172.21.15.46:6800/1423715346,v1:172.21.15.46:6801/1423715346] conn(0x7f22f0038520 msgr2=0x7f22f003a9e0 unknown :-1 s=STATE_CONNECTING_RE l=1).process reconnect failed to v2:172.21.15.46:6800/1423715346
2024-03-14T12:48:06.458 INFO:teuthology.orchestra.run.smithi046.stdout:/usr/bin/ceph: stderr
2024-03-14T12:48:05.994+0000 7f22fffff700 1 --2- 172.21.15.46:0/932739176 >> [v2:172.21.15.46:6800/1423715346,v1:172.21.15.46:6801/1423715346] conn(0x7f22f0038520 0x7f22f003a9e0 unknown :-1 s=START_CONNECT pgs=0 cs=0 l=1 rev1=0 crypto rx=0 tx=0 comp rx=0 tx=0)._fault waiting 0.400000
2024-03-14T12:48:06.458 INFO:teuthology.orchestra.run.smithi046.stdout:/usr/bin/ceph: stderr
2024-03-14T12:48:06.070+0000 7f2306fd0700 1 -- 172.21.15.46:0/932739176 --> [v2:172.21.15.46:3300/0,v1:172.21.15.46:6789/0] -- mon_command({"prefix": "mgr stat"} v 0) v1 -- 0x7f230019fdb0 con 0x7f23001052b0
2024-03-14T12:48:06.458 INFO:teuthology.orchestra.run.smithi046.stdout:/usr/bin/ceph: stderr
2024-03-14T12:48:06.070+0000 7f22fdffb700 1 -- 172.21.15.46:0/932739176 <== mon.0 v2:172.21.15.46:3300/0 7 ==== mon_command_ack([{"prefix": "mgr stat"}]=0 v9) v1 ==== 56+0+88 (secure 0 0 0) 0x7f22f402de00 con 0x7f23001052b0
2024-03-14T12:48:06.458 INFO:teuthology.orchestra.run.smithi046.stdout:/usr/bin/ceph: stderr
2024-03-14T12:48:06.073+0000 7f2306fd0700 1 -- 172.21.15.46:0/932739176 >> [v2:172.21.15.46:6800/1423715346,v1:172.21.15.46:6801/1423715346] conn(0x7f22f0038520 msgr2=0x7f22f003a9e0 unknown :-1 s=STATE_CONNECTING l=1).mark_down
2024-03-14T12:48:06.458 INFO:teuthology.orchestra.run.smithi046.stdout:/usr/bin/ceph: stderr
2024-03-14T12:48:06.073+0000 7f2306fd0700 1 --2- 172.21.15.46:0/932739176 >> [v2:172.21.15.46:6800/1423715346,v1:172.21.15.46:6801/1423715346] conn(0x7f22f0038520 0x7f22f003a9e0 unknown :-1 s=START_CONNECT pgs=0 cs=0 l=1 rev1=0 crypto rx=0 tx=0 comp rx=0 tx=0).stop
2024-03-14T12:48:06.458 INFO:teuthology.orchestra.run.smithi046.stdout:/usr/bin/ceph: stderr
2024-03-14T12:48:06.073+0000 7f2306fd0700 1 -- 172.21.15.46:0/932739176 >> [v2:172.21.15.46:3300/0,v1:172.21.15.46:6789/0] conn(0x7f23001052b0 msgr2=0x7f230019c940 secure :-1 s=STATE_CONNECTION_ESTABLISHED l=1).mark_down
2024-03-14T12:48:06.458 INFO:teuthology.orchestra.run.smithi046.stdout:/usr/bin/ceph: stderr
2024-03-14T12:48:06.073+0000 7f2306fd0700 1 --2- 172.21.15.46:0/932739176 >> [v2:172.21.15.46:3300/0,v1:172.21.15.46:6789/0] conn(0x7f23001052b0 0x7f230019c940 secure :-1 s=READY pgs=58 cs=0 l=1 rev1=1 crypto rx=0x7f22f4003e60 tx=0x7f22f4011a30 comp rx=0 tx=0).stop
2024-03-14T12:48:06.458 INFO:teuthology.orchestra.run.smithi046.stdout:/usr/bin/ceph: stderr
2024-03-14T12:48:06.073+0000 7f2306fd0700 1 -- 172.21.15.46:0/932739176 shutdown_connections
2024-03-14T12:48:06.458 INFO:teuthology.orchestra.run.smithi046.stdout:/usr/bin/ceph: stderr
2024-03-14T12:48:06.073+0000 7f2306fd0700 1 --2- 172.21.15.46:0/932739176 >> [v2:172.21.15.46:6800/1423715346,v1:172.21.15.46:6801/1423715346] conn(0x7f22f0038520 0x7f22f003a9e0 unknown :-1 s=CLOSED pgs=0 cs=0 l=1 rev1=0 crypto rx=0 tx=0 comp rx=0 tx=0).stop
2024-03-14T12:48:06.458 INFO:teuthology.orchestra.run.smithi046.stdout:/usr/bin/ceph: stderr
2024-03-14T12:48:06.073+0000 7f2306fd0700 1 --2- 172.21.15.46:0/932739176 >> [v2:172.21.15.46:3300/0,v1:172.21.15.46:6789/0] conn(0x7f23001052b0 0x7f230019c940 unknown :-1 s=CLOSED pgs=58 cs=0 l=1 rev1=1 crypto rx=0 tx=0 comp rx=0 tx=0).stop
2024-03-14T12:48:06.458 INFO:teuthology.orchestra.run.smithi046.stdout:/usr/bin/ceph: stderr
2024-03-14T12:48:06.073+0000 7f2306fd0700 1 -- 172.21.15.46:0/932739176 >> 172.21.15.46:0/932739176 conn(0x7f2300100a30 msgr2=0x7f2300101600 unknown :-1 s=STATE_NONE l=0).mark_down
2024-03-14T12:48:06.459 INFO:teuthology.orchestra.run.smithi046.stdout:/usr/bin/ceph: stderr
2024-03-14T12:48:06.073+0000 7f2306fd0700 1 -- 172.21.15.46:0/932739176 shutdown_connections
2024-03-14T12:48:06.459 INFO:teuthology.orchestra.run.smithi046.stdout:/usr/bin/ceph: stderr
2024-03-14T12:48:06.073+0000 7f2306fd0700 1 -- 172.21.15.46:0/932739176 wait complete.
2024-03-14T12:48:06.459 INFO:teuthology.orchestra.run.smithi046.stdout:Waiting for the mgr to restart...
2024-03-14T12:48:06.459 INFO:teuthology.orchestra.run.smithi046.stdout:Waiting for mgr epoch 9...
2024-03-14T12:48:06.647 INFO:journalctl@ceph.mgr.x.smithi046.stdout:Mar 14 12:48:06 smithi046 ceph-e3636332-e200-11ee-95c9-87774f69a715-mgr-x[43705]:
2024-03-14T12:48:06.555+0000 7fb063054200 -1 mgr[py] Module orchestrator has missing NOTIFY_TYPES member
2024-03-14T12:48:07.173 INFO:journalctl@ceph.mon.a.smithi046.stdout:Mar 14 12:48:07 smithi046 ceph-mon[43450]: from='client.? 172.21.15.46:0/932739176' entity='client.admin' cmd=[{"prefix": "mgr stat"}]: dispatch
2024-03-14T12:48:07.174 INFO:journalctl@ceph.mgr.x.smithi046.stdout:Mar 14 12:48:06 smithi046 ceph-e3636332-e200-11ee-95c9-87774f69a715-mgr-x[43705]:
2024-03-14T12:48:06.848+0000 7fb063054200 -1 mgr[py] Module nfs has missing NOTIFY_TYPES member
2024-03-14T12:48:07.174 INFO:journalctl@ceph.mgr.x.smithi046.stdout:Mar 14 12:48:06 smithi046 ceph-e3636332-e200-11ee-95c9-87774f69a715-mgr-x[43705]:
2024-03-14T12:48:06.946+0000 7fb063054200 -1 mgr[py] Module zabbix has missing NOTIFY_TYPES member
2024-03-14T12:48:07.174 INFO:journalctl@ceph.mgr.x.smithi046.stdout:Mar 14 12:48:07 smithi046 ceph-e3636332-e200-11ee-95c9-87774f69a715-mgr-x[43705]:
2024-03-14T12:48:07.069+0000 7fb063054200 -1 mgr[py] Module rbd_support has missing NOTIFY_TYPES member
2024-03-14T12:48:07.673 INFO:journalctl@ceph.mgr.x.smithi046.stdout:Mar 14 12:48:07 smithi046 ceph-e3636332-e200-11ee-95c9-87774f69a715-mgr-x[43705]:
2024-03-14T12:48:07.249+0000 7fb063054200 -1 mgr[py] Module status has missing NOTIFY_TYPES member
2024-03-14T12:48:07.674 INFO:journalctl@ceph.mgr.x.smithi046.stdout:Mar 14 12:48:07 smithi046 ceph-e3636332-e200-11ee-95c9-87774f69a715-mgr-x[43705]:
2024-03-14T12:48:07.394+0000 7fb063054200 -1 mgr[py] Module diskprediction_local has missing NOTIFY_TYPES member
2024-03-14T12:48:07.674 INFO:journalctl@ceph.mgr.x.smithi046.stdout:Mar 14 12:48:07 smithi046 ceph-e3636332-e200-11ee-95c9-87774f69a715-mgr-x[43705]:
2024-03-14T12:48:07.490+0000 7fb063054200 -1 mgr[py] Module telegraf has missing NOTIFY_TYPES member
2024-03-14T12:48:08.173 INFO:journalctl@ceph.mgr.x.smithi046.stdout:Mar 14 12:48:07 smithi046 ceph-e3636332-e200-11ee-95c9-87774f69a715-mgr-x[43705]:
2024-03-14T12:48:07.909+0000 7fb063054200 -1 mgr[py] Module influx has missing NOTIFY_TYPES member
2024-03-14T12:48:08.668 INFO:journalctl@ceph.mgr.x.smithi046.stdout:Mar 14 12:48:08 smithi046 ceph-e3636332-e200-11ee-95c9-87774f69a715-mgr-x[43705]:
2024-03-14T12:48:08.347+0000 7fb063054200 -1 mgr[py] Module pg_autoscaler has missing NOTIFY_TYPES member
2024-03-14T12:48:08.668 INFO:journalctl@ceph.mgr.x.smithi046.stdout:Mar 14 12:48:08 smithi046 ceph-e3636332-e200-11ee-95c9-87774f69a715-mgr-x[43705]:
2024-03-14T12:48:08.563+0000 7fb063054200 -1 mgr[py] Module rgw has missing NOTIFY_TYPES member
2024-03-14T12:48:08.669 INFO:journalctl@ceph.mgr.x.smithi046.stdout:Mar 14 12:48:08 smithi046 ceph-e3636332-e200-11ee-95c9-87774f69a715-mgr-x[43705]:
2024-03-14T12:48:08.668+0000 7fb063054200 -1 mgr[py] Module balancer has missing NOTIFY_TYPES member
2024-03-14T12:48:09.804 INFO:journalctl@ceph.mgr.x.smithi046.stdout:Mar 14 12:48:09 smithi046 ceph-e3636332-e200-11ee-95c9-87774f69a715-mgr-x[43705]:
2024-03-14T12:48:09.528+0000 7fb063054200 -1 mgr[py] Module iostat has missing NOTIFY_TYPES member
2024-03-14T12:48:09.805 INFO:journalctl@ceph.mgr.x.smithi046.stdout:Mar 14 12:48:09 smithi046 ceph-e3636332-e200-11ee-95c9-87774f69a715-mgr-x[43705]:
2024-03-14T12:48:09.637+0000 7fb063054200 -1 mgr[py] Module snap_schedule has missing NOTIFY_TYPES member
2024-03-14T12:48:09.805 INFO:journalctl@ceph.mgr.x.smithi046.stdout:Mar 14 12:48:09 smithi046 ceph-e3636332-e200-11ee-95c9-87774f69a715-mgr-x[43705]:
2024-03-14T12:48:09.804+0000 7fb063054200 -1 mgr[py] Module telemetry has missing NOTIFY_TYPES member
2024-03-14T12:48:10.923 INFO:journalctl@ceph.mgr.x.smithi046.stdout:Mar 14 12:48:10 smithi046 ceph-e3636332-e200-11ee-95c9-87774f69a715-mgr-x[43705]:
2024-03-14T12:48:10.516+0000 7fb063054200 -1 mgr[py] Module rook has missing NOTIFY_TYPES member
2024-03-14T12:48:10.924 INFO:journalctl@ceph.mgr.x.smithi046.stdout:Mar 14 12:48:10 smithi046 ceph-e3636332-e200-11ee-95c9-87774f69a715-mgr-x[43705]:
2024-03-14T12:48:10.723+0000 7fb063054200 -1 mgr[py] Module selftest has missing NOTIFY_TYPES member
2024-03-14T12:48:11.423 INFO:journalctl@ceph.mgr.x.smithi046.stdout:Mar 14 12:48:10 smithi046 ceph-e3636332-e200-11ee-95c9-87774f69a715-mgr-x[43705]:
2024-03-14T12:48:10.940+0000 7fb063054200 -1 mgr[py] Module devicehealth has missing NOTIFY_TYPES member
2024-03-14T12:48:12.311 INFO:journalctl@ceph.mgr.x.smithi046.stdout:Mar 14 12:48:11 smithi046 ceph-e3636332-e200-11ee-95c9-87774f69a715-mgr-x[43705]:
2024-03-14T12:48:11.990+0000 7fb063054200 -1 mgr[py] Module volumes has missing NOTIFY_TYPES member
2024-03-14T12:48:12.628 INFO:journalctl@ceph.mgr.x.smithi046.stdout:Mar 14 12:48:12 smithi046 ceph-e3636332-e200-11ee-95c9-87774f69a715-mgr-x[43705]:
2024-03-14T12:48:12.311+0000 7fb063054200 -1 mgr[py] Module test_orchestrator has missing NOTIFY_TYPES member
2024-03-14T12:48:12.628 INFO:journalctl@ceph.mgr.x.smithi046.stdout:Mar 14 12:48:12 smithi046 ceph-e3636332-e200-11ee-95c9-87774f69a715-mgr-x[43705]:
2024-03-14T12:48:12.410+0000 7fb063054200 -1 mgr[py] Module osd_support has missing NOTIFY_TYPES member
2024-03-14T12:48:12.628 INFO:journalctl@ceph.mgr.x.smithi046.stdout:Mar 14 12:48:12 smithi046 ceph-e3636332-e200-11ee-95c9-87774f69a715-mgr-x[43705]:
2024-03-14T12:48:12.627+0000 7fb063054200 -1 mgr[py] Module crash has missing NOTIFY_TYPES member
2024-03-14T12:48:12.924 INFO:journalctl@ceph.mon.a.smithi046.stdout:Mar 14 12:48:12 smithi046 ceph-mon[43450]: Active manager daemon x restarted
2024-03-14T12:48:12.924 INFO:journalctl@ceph.mon.a.smithi046.stdout:Mar 14 12:48:12 smithi046 ceph-mon[43450]: Activating manager daemon x
2024-03-14T12:48:12.924 INFO:journalctl@ceph.mon.a.smithi046.stdout:Mar 14 12:48:12 smithi046 ceph-mon[43450]: osdmap e3: 0 total, 0 up, 0 in
2024-03-14T12:48:12.924 INFO:journalctl@ceph.mon.a.smithi046.stdout:Mar 14 12:48:12 smithi046 ceph-mon[43450]: mgrmap e10: x(active, starting, since 0.00357836s)
2024-03-14T12:48:12.924 INFO:journalctl@ceph.mon.a.smithi046.stdout:Mar 14 12:48:12 smithi046 ceph-mon[43450]: from='mgr.14150 172.21.15.46:0/3110073964' entity='mgr.x' cmd=[{"prefix": "mon metadata", "id": "a"}]: dispatch
2024-03-14T12:48:12.924 INFO:journalctl@ceph.mon.a.smithi046.stdout:Mar 14 12:48:12 smithi046 ceph-mon[43450]: from='mgr.14150 172.21.15.46:0/3110073964' entity='mgr.x' cmd=[{"prefix": "mgr metadata", "who": "x", "id": "x"}]: dispatch
2024-03-14T12:48:12.924 INFO:journalctl@ceph.mon.a.smithi046.stdout:Mar 14 12:48:12 smithi046 ceph-mon[43450]: from='mgr.14150 172.21.15.46:0/3110073964' entity='mgr.x' cmd=[{"prefix": "mds metadata"}]: dispatch
2024-03-14T12:48:12.924 INFO:journalctl@ceph.mon.a.smithi046.stdout:Mar 14 12:48:12 smithi046 ceph-mon[43450]: from='mgr.14150 172.21.15.46:0/3110073964' entity='mgr.x' cmd=[{"prefix": "osd metadata"}]: dispatch
2024-03-14T12:48:12.924 INFO:journalctl@ceph.mon.a.smithi046.stdout:Mar 14 12:48:12 smithi046 ceph-mon[43450]: from='mgr.14150 172.21.15.46:0/3110073964' entity='mgr.x' cmd=[{"prefix": "mon metadata"}]: dispatch
2024-03-14T12:48:12.924 INFO:journalctl@ceph.mon.a.smithi046.stdout:Mar 14 12:48:12 smithi046 ceph-mon[43450]: Manager daemon x is now available
2024-03-14T12:48:12.924 INFO:journalctl@ceph.mon.a.smithi046.stdout:Mar 14 12:48:12 smithi046 ceph-mon[43450]: from='mgr.14150 172.21.15.46:0/3110073964' entity='mgr.x' cmd=[{"prefix": "config dump", "format": "json"}]: dispatch
2024-03-14T12:48:12.924 INFO:journalctl@ceph.mon.a.smithi046.stdout:Mar 14 12:48:12 smithi046 ceph-mon[43450]: from='mgr.14150 172.21.15.46:0/3110073964' entity='mgr.x' cmd=[{"prefix": "config dump", "format": "json"}]: dispatch
2024-03-14T12:48:14.001 INFO:journalctl@ceph.mon.a.smithi046.stdout:Mar 14 12:48:13 smithi046 ceph-mon[43450]: from='mgr.14150 172.21.15.46:0/3110073964' entity='mgr.x' cmd=[{"prefix":"config rm","who":"mgr","name":"mgr/rbd_support/x/mirror_snapshot_schedule"}]: dispatch
2024-03-14T12:48:14.001 INFO:journalctl@ceph.mon.a.smithi046.stdout:Mar 14 12:48:13 smithi046 ceph-mon[43450]: from='mgr.14150 172.21.15.46:0/3110073964' entity='mgr.x' cmd=[{"prefix":"config rm","who":"mgr","name":"mgr/rbd_support/x/trash_purge_schedule"}]: dispatch
2024-03-14T12:48:14.001 INFO:journalctl@ceph.mon.a.smithi046.stdout:Mar 14 12:48:13 smithi046 ceph-mon[43450]: mgrmap e11: x(active, since 1.00717s)
2024-03-14T12:48:14.055 INFO:teuthology.orchestra.run.smithi046.stdout:/usr/bin/ceph: stdout {
2024-03-14T12:48:14.055 INFO:teuthology.orchestra.run.smithi046.stdout:/usr/bin/ceph: stdout "mgrmap_epoch": 11,
2024-03-14T12:48:14.055 INFO:teuthology.orchestra.run.smithi046.stdout:/usr/bin/ceph: stdout "initialized": true
2024-03-14T12:48:14.055 INFO:teuthology.orchestra.run.smithi046.stdout:/usr/bin/ceph: stdout }
2024-03-14T12:48:14.055 INFO:teuthology.orchestra.run.smithi046.stdout:/usr/bin/ceph: stderr
2024-03-14T12:48:06.860+0000 7f6a483b1700 1 Processor -- start
2024-03-14T12:48:14.056 INFO:teuthology.orchestra.run.smithi046.stdout:/usr/bin/ceph: stderr
2024-03-14T12:48:06.860+0000 7f6a483b1700 1 -- start start
2024-03-14T12:48:14.056 INFO:teuthology.orchestra.run.smithi046.stdout:/usr/bin/ceph: stderr
2024-03-14T12:48:06.861+0000 7f6a483b1700 1 --2- >> [v2:172.21.15.46:3300/0,v1:172.21.15.46:6789/0] conn(0x7f6a401069d0 0x7f6a401077b0 unknown :-1 s=NONE pgs=0 cs=0 l=0 rev1=0 crypto rx=0 tx=0 comp rx=0 tx=0).connect
2024-03-14T12:48:14.056 INFO:teuthology.orchestra.run.smithi046.stdout:/usr/bin/ceph: stderr
2024-03-14T12:48:06.861+0000 7f6a483b1700 1 -- --> [v2:172.21.15.46:3300/0,v1:172.21.15.46:6789/0] -- mon_getmap magic: 0 v1 -- 0x7f6a40106e80 con 0x7f6a401069d0
2024-03-14T12:48:14.056 INFO:teuthology.orchestra.run.smithi046.stdout:/usr/bin/ceph: stderr
2024-03-14T12:48:06.861+0000 7f6a4614d700 1 --2- >> [v2:172.21.15.46:3300/0,v1:172.21.15.46:6789/0] conn(0x7f6a401069d0 0x7f6a401077b0 unknown :-1 s=BANNER_CONNECTING pgs=0 cs=0 l=0 rev1=0 crypto rx=0 tx=0 comp rx=0 tx=0)._handle_peer_banner_payload supported=3 required=0
2024-03-14T12:48:14.056 INFO:teuthology.orchestra.run.smithi046.stdout:/usr/bin/ceph: stderr
2024-03-14T12:48:06.861+0000 7f6a4614d700 1 --2- >> [v2:172.21.15.46:3300/0,v1:172.21.15.46:6789/0] conn(0x7f6a401069d0 0x7f6a401077b0 unknown :-1 s=HELLO_CONNECTING pgs=0 cs=0 l=0 rev1=1 crypto rx=0 tx=0 comp rx=0 tx=0).handle_hello peer v2:172.21.15.46:3300/0 says I am v2:172.21.15.46:45260/0 (socket says 172.21.15.46:45260)
2024-03-14T12:48:14.056 INFO:teuthology.orchestra.run.smithi046.stdout:/usr/bin/ceph: stderr
2024-03-14T12:48:06.861+0000 7f6a4614d700 1 -- 172.21.15.46:0/3757712812 learned_addr learned my addr 172.21.15.46:0/3757712812 (peer_addr_for_me v2:172.21.15.46:0/0)
2024-03-14T12:48:14.056 INFO:teuthology.orchestra.run.smithi046.stdout:/usr/bin/ceph: stderr
2024-03-14T12:48:06.861+0000 7f6a4614d700 1 -- 172.21.15.46:0/3757712812 --> [v2:172.21.15.46:3300/0,v1:172.21.15.46:6789/0] -- mon_subscribe({config=0+,monmap=0+}) v3 -- 0x7f6a40106fc0 con 0x7f6a401069d0
2024-03-14T12:48:14.056 INFO:teuthology.orchestra.run.smithi046.stdout:/usr/bin/ceph: stderr
2024-03-14T12:48:06.861+0000 7f6a4614d700 1 --2- 172.21.15.46:0/3757712812 >> [v2:172.21.15.46:3300/0,v1:172.21.15.46:6789/0] conn(0x7f6a401069d0 0x7f6a401077b0 secure :-1 s=READY pgs=59 cs=0 l=1 rev1=1 crypto rx=0x7f6a3c0098a0 tx=0x7f6a3c009bb0 comp rx=0 tx=0).ready entity=mon.0 client_cookie=cbfff4a2722f4037 server_cookie=0 in_seq=0 out_seq=0
2024-03-14T12:48:14.056 INFO:teuthology.orchestra.run.smithi046.stdout:/usr/bin/ceph: stderr
2024-03-14T12:48:06.861+0000 7f6a4514b700 1 -- 172.21.15.46:0/3757712812 <== mon.0 v2:172.21.15.46:3300/0 1 ==== mon_map magic: 0 v1 ==== 205+0+0 (secure 0 0 0) 0x7f6a3c004160 con 0x7f6a401069d0
2024-03-14T12:48:14.056 INFO:teuthology.orchestra.run.smithi046.stdout:/usr/bin/ceph: stderr
2024-03-14T12:48:06.862+0000 7f6a4514b700 1 -- 172.21.15.46:0/3757712812 <== mon.0 v2:172.21.15.46:3300/0 2 ==== config(26 keys) v1 ==== 1105+0+0 (secure 0 0 0) 0x7f6a3c0042c0 con 0x7f6a401069d0
2024-03-14T12:48:14.056 INFO:teuthology.orchestra.run.smithi046.stdout:/usr/bin/ceph: stderr
2024-03-14T12:48:06.862+0000 7f6a4514b700 1 -- 172.21.15.46:0/3757712812 <== mon.0 v2:172.21.15.46:3300/0 3 ==== mon_map magic: 0 v1 ==== 205+0+0 (secure 0 0 0) 0x7f6a3c0119b0 con 0x7f6a401069d0
2024-03-14T12:48:14.056 INFO:teuthology.orchestra.run.smithi046.stdout:/usr/bin/ceph: stderr
2024-03-14T12:48:06.862+0000 7f6a483b1700 1 -- 172.21.15.46:0/3757712812 >> [v2:172.21.15.46:3300/0,v1:172.21.15.46:6789/0] conn(0x7f6a401069d0 msgr2=0x7f6a401077b0 secure :-1 s=STATE_CONNECTION_ESTABLISHED l=1).mark_down
2024-03-14T12:48:14.056 INFO:teuthology.orchestra.run.smithi046.stdout:/usr/bin/ceph: stderr
2024-03-14T12:48:06.862+0000 7f6a483b1700 1 --2- 172.21.15.46:0/3757712812 >> [v2:172.21.15.46:3300/0,v1:172.21.15.46:6789/0] conn(0x7f6a401069d0 0x7f6a401077b0 secure :-1 s=READY pgs=59 cs=0 l=1 rev1=1 crypto rx=0x7f6a3c0098a0 tx=0x7f6a3c009bb0 comp rx=0 tx=0).stop
2024-03-14T12:48:14.056 INFO:teuthology.orchestra.run.smithi046.stdout:/usr/bin/ceph: stderr
2024-03-14T12:48:06.862+0000 7f6a483b1700 1 -- 172.21.15.46:0/3757712812 shutdown_connections
2024-03-14T12:48:14.056 INFO:teuthology.orchestra.run.smithi046.stdout:/usr/bin/ceph: stderr
2024-03-14T12:48:06.862+0000 7f6a483b1700 1 --2- 172.21.15.46:0/3757712812 >> [v2:172.21.15.46:3300/0,v1:172.21.15.46:6789/0] conn(0x7f6a401069d0 0x7f6a401077b0 unknown :-1 s=CLOSED pgs=59 cs=0 l=1 rev1=1 crypto rx=0 tx=0 comp rx=0 tx=0).stop
2024-03-14T12:48:14.057 INFO:teuthology.orchestra.run.smithi046.stdout:/usr/bin/ceph: stderr
2024-03-14T12:48:06.862+0000 7f6a483b1700 1 -- 172.21.15.46:0/3757712812 >> 172.21.15.46:0/3757712812 conn(0x7f6a40101bb0 msgr2=0x7f6a40103fd0 unknown :-1 s=STATE_NONE l=0).mark_down
2024-03-14T12:48:14.057 INFO:teuthology.orchestra.run.smithi046.stdout:/usr/bin/ceph: stderr
2024-03-14T12:48:06.862+0000 7f6a483b1700 1 -- 172.21.15.46:0/3757712812 shutdown_connections
2024-03-14T12:48:14.057 INFO:teuthology.orchestra.run.smithi046.stdout:/usr/bin/ceph: stderr
2024-03-14T12:48:06.862+0000 7f6a483b1700 1 -- 172.21.15.46:0/3757712812 wait complete.
2024-03-14T12:48:14.057 INFO:teuthology.orchestra.run.smithi046.stdout:/usr/bin/ceph: stderr
2024-03-14T12:48:06.863+0000 7f6a483b1700 1 Processor -- start
2024-03-14T12:48:14.057 INFO:teuthology.orchestra.run.smithi046.stdout:/usr/bin/ceph: stderr
2024-03-14T12:48:06.863+0000 7f6a483b1700 1 -- start start
2024-03-14T12:48:14.057 INFO:teuthology.orchestra.run.smithi046.stdout:/usr/bin/ceph: stderr
2024-03-14T12:48:06.863+0000 7f6a483b1700 1 --2- >> [v2:172.21.15.46:3300/0,v1:172.21.15.46:6789/0] conn(0x7f6a401069d0 0x7f6a4019a740 unknown :-1 s=NONE pgs=0 cs=0 l=1 rev1=0 crypto rx=0 tx=0 comp rx=0 tx=0).connect
2024-03-14T12:48:14.057 INFO:teuthology.orchestra.run.smithi046.stdout:/usr/bin/ceph: stderr
2024-03-14T12:48:06.863+0000 7f6a483b1700 1 -- --> [v2:172.21.15.46:3300/0,v1:172.21.15.46:6789/0] -- mon_getmap magic: 0 v1 -- 0x7f6a4019ac80 con 0x7f6a401069d0
2024-03-14T12:48:14.057 INFO:teuthology.orchestra.run.smithi046.stdout:/usr/bin/ceph: stderr
2024-03-14T12:48:06.863+0000 7f6a4614d700 1 --2- >> [v2:172.21.15.46:3300/0,v1:172.21.15.46:6789/0] conn(0x7f6a401069d0 0x7f6a4019a740 unknown :-1 s=BANNER_CONNECTING pgs=0 cs=0 l=1 rev1=0 crypto rx=0 tx=0 comp rx=0 tx=0)._handle_peer_banner_payload supported=3 required=0
2024-03-14T12:48:14.057 INFO:teuthology.orchestra.run.smithi046.stdout:/usr/bin/ceph: stderr
2024-03-14T12:48:06.863+0000 7f6a4614d700 1 --2- >> [v2:172.21.15.46:3300/0,v1:172.21.15.46:6789/0] conn(0x7f6a401069d0 0x7f6a4019a740 unknown :-1 s=HELLO_CONNECTING pgs=0 cs=0 l=1 rev1=1 crypto rx=0 tx=0 comp rx=0 tx=0).handle_hello peer v2:172.21.15.46:3300/0 says I am v2:172.21.15.46:45264/0 (socket says 172.21.15.46:45264)
2024-03-14T12:48:14.057 INFO:teuthology.orchestra.run.smithi046.stdout:/usr/bin/ceph: stderr
2024-03-14T12:48:06.863+0000 7f6a4614d700 1 -- 172.21.15.46:0/4209927928 learned_addr learned my addr 172.21.15.46:0/4209927928 (peer_addr_for_me v2:172.21.15.46:0/0)
2024-03-14T12:48:14.057 INFO:teuthology.orchestra.run.smithi046.stdout:/usr/bin/ceph: stderr
2024-03-14T12:48:06.864+0000 7f6a4614d700 1 -- 172.21.15.46:0/4209927928 --> [v2:172.21.15.46:3300/0,v1:172.21.15.46:6789/0] -- mon_subscribe({config=0+,monmap=0+}) v3 -- 0x7f6a3c009550 con 0x7f6a401069d0
2024-03-14T12:48:14.057 INFO:teuthology.orchestra.run.smithi046.stdout:/usr/bin/ceph: stderr
2024-03-14T12:48:06.864+0000 7f6a4614d700 1 --2- 172.21.15.46:0/4209927928 >> [v2:172.21.15.46:3300/0,v1:172.21.15.46:6789/0] conn(0x7f6a401069d0 0x7f6a4019a740 secure :-1 s=READY pgs=60 cs=0 l=1 rev1=1 crypto rx=0x7f6a3c003e60 tx=0x7f6a3c011a30 comp rx=0 tx=0).ready entity=mon.0 client_cookie=0 server_cookie=0 in_seq=0 out_seq=0
2024-03-14T12:48:14.057 INFO:teuthology.orchestra.run.smithi046.stdout:/usr/bin/ceph: stderr
2024-03-14T12:48:06.864+0000 7f6a377fe700 1 -- 172.21.15.46:0/4209927928 <== mon.0 v2:172.21.15.46:3300/0 1 ==== mon_map magic: 0 v1 ==== 205+0+0 (secure 0 0 0) 0x7f6a3c003a60 con 0x7f6a401069d0
2024-03-14T12:48:14.057 INFO:teuthology.orchestra.run.smithi046.stdout:/usr/bin/ceph: stderr
2024-03-14T12:48:06.864+0000 7f6a377fe700 1 -- 172.21.15.46:0/4209927928 <== mon.0 v2:172.21.15.46:3300/0 2 ==== config(26 keys) v1 ==== 1105+0+0 (secure 0 0 0) 0x7f6a3c003bc0 con 0x7f6a401069d0
2024-03-14T12:48:14.057 INFO:teuthology.orchestra.run.smithi046.stdout:/usr/bin/ceph: stderr
2024-03-14T12:48:06.864+0000 7f6a483b1700 1 -- 172.21.15.46:0/4209927928 --> [v2:172.21.15.46:3300/0,v1:172.21.15.46:6789/0] -- mon_subscribe({mgrmap=0+}) v3 -- 0x7f6a4019ae80 con 0x7f6a401069d0
2024-03-14T12:48:14.057 INFO:teuthology.orchestra.run.smithi046.stdout:/usr/bin/ceph: stderr
2024-03-14T12:48:06.864+0000 7f6a377fe700 1 -- 172.21.15.46:0/4209927928 <== mon.0 v2:172.21.15.46:3300/0 3 ==== mon_map magic: 0 v1 ==== 205+0+0 (secure 0 0 0) 0x7f6a3c0196c0 con 0x7f6a401069d0
2024-03-14T12:48:14.058 INFO:teuthology.orchestra.run.smithi046.stdout:/usr/bin/ceph: stderr
2024-03-14T12:48:06.864+0000 7f6a483b1700 1 -- 172.21.15.46:0/4209927928 --> [v2:172.21.15.46:3300/0,v1:172.21.15.46:6789/0] -- mon_subscribe({osdmap=0}) v3 -- 0x7f6a4019b320 con 0x7f6a401069d0
2024-03-14T12:48:14.058 INFO:teuthology.orchestra.run.smithi046.stdout:/usr/bin/ceph: stderr
2024-03-14T12:48:06.865+0000 7f6a377fe700 1 -- 172.21.15.46:0/4209927928 <== mon.0 v2:172.21.15.46:3300/0 4 ==== mgrmap(e 9) v1 ==== 45387+0+0 (secure 0 0 0) 0x7f6a3c019930 con 0x7f6a401069d0
2024-03-14T12:48:14.058 INFO:teuthology.orchestra.run.smithi046.stdout:/usr/bin/ceph: stderr
2024-03-14T12:48:06.865+0000 7f6a377fe700 1 --2- 172.21.15.46:0/4209927928 >> [v2:172.21.15.46:6800/1423715346,v1:172.21.15.46:6801/1423715346] conn(0x7f6a2c038550 0x7f6a2c03aa10 unknown :-1 s=NONE pgs=0 cs=0 l=1 rev1=0 crypto rx=0 tx=0 comp rx=0 tx=0).connect
2024-03-14T12:48:14.058 INFO:teuthology.orchestra.run.smithi046.stdout:/usr/bin/ceph: stderr
2024-03-14T12:48:06.865+0000 7f6a483b1700 1 -- 172.21.15.46:0/4209927928 --> [v2:172.21.15.46:6800/1423715346,v1:172.21.15.46:6801/1423715346] -- command(tid 0: {"prefix": "get_command_descriptions"}) v1 -- 0x7f6a4010ac20 con 0x7f6a2c038550
2024-03-14T12:48:14.058 INFO:teuthology.orchestra.run.smithi046.stdout:/usr/bin/ceph: stderr
2024-03-14T12:48:06.865+0000 7f6a377fe700 1 -- 172.21.15.46:0/4209927928 <== mon.0 v2:172.21.15.46:3300/0 5 ==== osd_map(2..2 src has 1..2) v4 ==== 940+0+0 (secure 0 0 0) 0x7f6a3c04c660 con 0x7f6a401069d0
2024-03-14T12:48:14.058 INFO:teuthology.orchestra.run.smithi046.stdout:/usr/bin/ceph: stderr
2024-03-14T12:48:06.865+0000 7f6a4594c700 1 -- 172.21.15.46:0/4209927928 >> [v2:172.21.15.46:6800/1423715346,v1:172.21.15.46:6801/1423715346] conn(0x7f6a2c038550 msgr2=0x7f6a2c03aa10 unknown :-1 s=STATE_CONNECTING_RE l=1).process reconnect failed to v2:172.21.15.46:6800/1423715346
2024-03-14T12:48:14.058 INFO:teuthology.orchestra.run.smithi046.stdout:/usr/bin/ceph: stderr
2024-03-14T12:48:06.865+0000 7f6a4594c700 1 --2- 172.21.15.46:0/4209927928 >> [v2:172.21.15.46:6800/1423715346,v1:172.21.15.46:6801/1423715346] conn(0x7f6a2c038550 0x7f6a2c03aa10 unknown :-1 s=START_CONNECT pgs=0 cs=0 l=1 rev1=0 crypto rx=0 tx=0 comp rx=0 tx=0)._fault waiting 0.200000
2024-03-14T12:48:14.058 INFO:teuthology.orchestra.run.smithi046.stdout:/usr/bin/ceph: stderr
2024-03-14T12:48:07.066+0000 7f6a4594c700 1 -- 172.21.15.46:0/4209927928 >> [v2:172.21.15.46:6800/1423715346,v1:172.21.15.46:6801/1423715346] conn(0x7f6a2c038550 msgr2=0x7f6a2c03aa10 unknown :-1 s=STATE_CONNECTING_RE l=1).process reconnect failed to v2:172.21.15.46:6800/1423715346
2024-03-14T12:48:14.058 INFO:teuthology.orchestra.run.smithi046.stdout:/usr/bin/ceph: stderr
2024-03-14T12:48:07.066+0000 7f6a4594c700 1 --2- 172.21.15.46:0/4209927928 >> [v2:172.21.15.46:6800/1423715346,v1:172.21.15.46:6801/1423715346] conn(0x7f6a2c038550 0x7f6a2c03aa10 unknown :-1 s=START_CONNECT pgs=0 cs=0 l=1 rev1=0 crypto rx=0 tx=0 comp rx=0 tx=0)._fault waiting 0.400000
2024-03-14T12:48:14.058 INFO:teuthology.orchestra.run.smithi046.stdout:/usr/bin/ceph: stderr
2024-03-14T12:48:07.467+0000 7f6a4594c700 1 -- 172.21.15.46:0/4209927928 >> [v2:172.21.15.46:6800/1423715346,v1:172.21.15.46:6801/1423715346] conn(0x7f6a2c038550 msgr2=0x7f6a2c03aa10 unknown :-1 s=STATE_CONNECTING_RE l=1).process reconnect failed to v2:172.21.15.46:6800/1423715346
2024-03-14T12:48:14.058 INFO:teuthology.orchestra.run.smithi046.stdout:/usr/bin/ceph: stderr
2024-03-14T12:48:07.467+0000 7f6a4594c700 1 --2- 172.21.15.46:0/4209927928 >> [v2:172.21.15.46:6800/1423715346,v1:172.21.15.46:6801/1423715346] conn(0x7f6a2c038550 0x7f6a2c03aa10 unknown :-1 s=START_CONNECT pgs=0 cs=0 l=1 rev1=0 crypto rx=0 tx=0 comp rx=0 tx=0)._fault waiting 0.800000
2024-03-14T12:48:14.058 INFO:teuthology.orchestra.run.smithi046.stdout:/usr/bin/ceph: stderr
2024-03-14T12:48:08.268+0000 7f6a4594c700 1 -- 172.21.15.46:0/4209927928 >> [v2:172.21.15.46:6800/1423715346,v1:172.21.15.46:6801/1423715346] conn(0x7f6a2c038550 msgr2=0x7f6a2c03aa10 unknown :-1 s=STATE_CONNECTING_RE l=1).process reconnect failed to v2:172.21.15.46:6800/1423715346
2024-03-14T12:48:14.058 INFO:teuthology.orchestra.run.smithi046.stdout:/usr/bin/ceph: stderr
2024-03-14T12:48:08.268+0000 7f6a4594c700 1 --2- 172.21.15.46:0/4209927928 >> [v2:172.21.15.46:6800/1423715346,v1:172.21.15.46:6801/1423715346] conn(0x7f6a2c038550 0x7f6a2c03aa10 unknown :-1 s=START_CONNECT pgs=0 cs=0 l=1 rev1=0 crypto rx=0 tx=0 comp rx=0 tx=0)._fault waiting 1.600000
2024-03-14T12:48:14.058 INFO:teuthology.orchestra.run.smithi046.stdout:/usr/bin/ceph: stderr
2024-03-14T12:48:09.869+0000 7f6a4594c700 1 -- 172.21.15.46:0/4209927928 >> [v2:172.21.15.46:6800/1423715346,v1:172.21.15.46:6801/1423715346] conn(0x7f6a2c038550 msgr2=0x7f6a2c03aa10 unknown :-1 s=STATE_CONNECTING_RE l=1).process reconnect failed to v2:172.21.15.46:6800/1423715346
2024-03-14T12:48:14.058 INFO:teuthology.orchestra.run.smithi046.stdout:/usr/bin/ceph: stderr
2024-03-14T12:48:09.869+0000 7f6a4594c700 1 --2- 172.21.15.46:0/4209927928 >> [v2:172.21.15.46:6800/1423715346,v1:172.21.15.46:6801/1423715346] conn(0x7f6a2c038550 0x7f6a2c03aa10 unknown :-1 s=START_CONNECT pgs=0 cs=0 l=1 rev1=0 crypto rx=0 tx=0 comp rx=0 tx=0)._fault waiting 3.200000
2024-03-14T12:48:14.059 INFO:teuthology.orchestra.run.smithi046.stdout:/usr/bin/ceph: stderr
2024-03-14T12:48:12.643+0000 7f6a377fe700 1 -- 172.21.15.46:0/4209927928 <== mon.0 v2:172.21.15.46:3300/0 6 ==== mgrmap(e 10) v1 ==== 45154+0+0 (secure 0 0 0) 0x7f6a3c00ed00 con 0x7f6a401069d0
2024-03-14T12:48:14.059 INFO:teuthology.orchestra.run.smithi046.stdout:/usr/bin/ceph: stderr
2024-03-14T12:48:12.643+0000 7f6a377fe700 1 -- 172.21.15.46:0/4209927928 >> [v2:172.21.15.46:6800/1423715346,v1:172.21.15.46:6801/1423715346] conn(0x7f6a2c038550 msgr2=0x7f6a2c03aa10 unknown :-1 s=STATE_CONNECTING l=1).mark_down
2024-03-14T12:48:14.059 INFO:teuthology.orchestra.run.smithi046.stdout:/usr/bin/ceph: stderr
2024-03-14T12:48:12.643+0000 7f6a377fe700 1 --2- 172.21.15.46:0/4209927928 >> [v2:172.21.15.46:6800/1423715346,v1:172.21.15.46:6801/1423715346] conn(0x7f6a2c038550 0x7f6a2c03aa10 unknown :-1 s=START_CONNECT pgs=0 cs=0 l=1 rev1=0 crypto rx=0 tx=0 comp rx=0 tx=0).stop
2024-03-14T12:48:14.059 INFO:teuthology.orchestra.run.smithi046.stdout:/usr/bin/ceph: stderr
2024-03-14T12:48:13.645+0000 7f6a377fe700 1 -- 172.21.15.46:0/4209927928 <== mon.0 v2:172.21.15.46:3300/0 7 ==== mgrmap(e 11) v1 ==== 45281+0+0 (secure 0 0 0) 0x7f6a3c00fd70 con 0x7f6a401069d0
2024-03-14T12:48:14.059 INFO:teuthology.orchestra.run.smithi046.stdout:/usr/bin/ceph: stderr
2024-03-14T12:48:13.645+0000 7f6a377fe700 1 --2- 172.21.15.46:0/4209927928 >> [v2:172.21.15.46:6800/103863278,v1:172.21.15.46:6801/103863278] conn(0x7f6a2c03be10 0x7f6a2c03e200 unknown :-1 s=NONE pgs=0 cs=0 l=1 rev1=0 crypto rx=0 tx=0 comp rx=0 tx=0).connect
2024-03-14T12:48:14.059 INFO:teuthology.orchestra.run.smithi046.stdout:/usr/bin/ceph: stderr
2024-03-14T12:48:13.645+0000 7f6a377fe700 1 -- 172.21.15.46:0/4209927928 --> [v2:172.21.15.46:6800/103863278,v1:172.21.15.46:6801/103863278] -- command(tid 0: {"prefix": "get_command_descriptions"}) v1 -- 0x7f6a4010ac20 con 0x7f6a2c03be10
2024-03-14T12:48:14.059 INFO:teuthology.orchestra.run.smithi046.stdout:/usr/bin/ceph: stderr
2024-03-14T12:48:13.646+0000 7f6a4594c700 1 --2- 172.21.15.46:0/4209927928 >> [v2:172.21.15.46:6800/103863278,v1:172.21.15.46:6801/103863278] conn(0x7f6a2c03be10 0x7f6a2c03e200 unknown :-1 s=BANNER_CONNECTING pgs=0 cs=0 l=1 rev1=0 crypto rx=0 tx=0 comp rx=0 tx=0)._handle_peer_banner_payload supported=3 required=0
2024-03-14T12:48:14.059 INFO:teuthology.orchestra.run.smithi046.stdout:/usr/bin/ceph: stderr
2024-03-14T12:48:13.647+0000 7f6a4594c700 1 --2- 172.21.15.46:0/4209927928 >> [v2:172.21.15.46:6800/103863278,v1:172.21.15.46:6801/103863278] conn(0x7f6a2c03be10 0x7f6a2c03e200 secure :-1 s=READY pgs=3 cs=0 l=1 rev1=1 crypto rx=0x7f6a30003a10 tx=0x7f6a30009270 comp rx=0 tx=0).ready entity=mgr.14150 client_cookie=0 server_cookie=0 in_seq=0 out_seq=0
2024-03-14T12:48:14.059 INFO:teuthology.orchestra.run.smithi046.stdout:/usr/bin/ceph: stderr
2024-03-14T12:48:13.648+0000 7f6a377fe700 1 -- 172.21.15.46:0/4209927928 <== mgr.14150 v2:172.21.15.46:6800/103863278 1 ==== command_reply(tid 0: 0 ) v1 ==== 8+0+6910 (secure 0 0 0) 0x7f6a4010ac20 con 0x7f6a2c03be10
2024-03-14T12:48:14.059 INFO:teuthology.orchestra.run.smithi046.stdout:/usr/bin/ceph: stderr
2024-03-14T12:48:13.655+0000 7f6a483b1700 1 -- 172.21.15.46:0/4209927928 --> [v2:172.21.15.46:6800/103863278,v1:172.21.15.46:6801/103863278] -- command(tid 1: {"prefix": "mgr_status"}) v1 -- 0x7f6a4010ad90 con 0x7f6a2c03be10
2024-03-14T12:48:14.059 INFO:teuthology.orchestra.run.smithi046.stdout:/usr/bin/ceph: stderr
2024-03-14T12:48:13.655+0000 7f6a377fe700 1 -- 172.21.15.46:0/4209927928 <== mgr.14150 v2:172.21.15.46:6800/103863278 2 ==== command_reply(tid 1: 0 ) v1 ==== 8+0+52 (secure 0 0 0) 0x7f6a4010ad90 con 0x7f6a2c03be10
2024-03-14T12:48:14.059 INFO:teuthology.orchestra.run.smithi046.stdout:/usr/bin/ceph: stderr
2024-03-14T12:48:13.656+0000 7f6a483b1700 1 -- 172.21.15.46:0/4209927928 >> [v2:172.21.15.46:6800/103863278,v1:172.21.15.46:6801/103863278] conn(0x7f6a2c03be10 msgr2=0x7f6a2c03e200 secure :-1 s=STATE_CONNECTION_ESTABLISHED l=1).mark_down
2024-03-14T12:48:14.059 INFO:teuthology.orchestra.run.smithi046.stdout:/usr/bin/ceph: stderr
2024-03-14T12:48:13.656+0000 7f6a483b1700 1 --2- 172.21.15.46:0/4209927928 >> [v2:172.21.15.46:6800/103863278,v1:172.21.15.46:6801/103863278] conn(0x7f6a2c03be10 0x7f6a2c03e200 secure :-1 s=READY pgs=3 cs=0 l=1 rev1=1 crypto rx=0x7f6a30003a10 tx=0x7f6a30009270 comp rx=0 tx=0).stop
2024-03-14T12:48:14.059 INFO:teuthology.orchestra.run.smithi046.stdout:/usr/bin/ceph: stderr
2024-03-14T12:48:13.656+0000 7f6a483b1700 1 -- 172.21.15.46:0/4209927928 >> [v2:172.21.15.46:3300/0,v1:172.21.15.46:6789/0] conn(0x7f6a401069d0 msgr2=0x7f6a4019a740 secure :-1 s=STATE_CONNECTION_ESTABLISHED l=1).mark_down
2024-03-14T12:48:14.059 INFO:teuthology.orchestra.run.smithi046.stdout:/usr/bin/ceph: stderr
2024-03-14T12:48:13.656+0000 7f6a483b1700 1 --2- 172.21.15.46:0/4209927928 >> [v2:172.21.15.46:3300/0,v1:172.21.15.46:6789/0] conn(0x7f6a401069d0 0x7f6a4019a740 secure :-1 s=READY pgs=60 cs=0 l=1 rev1=1 crypto rx=0x7f6a3c003e60 tx=0x7f6a3c011a30 comp rx=0 tx=0).stop
2024-03-14T12:48:14.059 INFO:teuthology.orchestra.run.smithi046.stdout:/usr/bin/ceph: stderr
2024-03-14T12:48:13.656+0000 7f6a483b1700 1 -- 172.21.15.46:0/4209927928 shutdown_connections
2024-03-14T12:48:14.060 INFO:teuthology.orchestra.run.smithi046.stdout:/usr/bin/ceph: stderr
2024-03-14T12:48:13.656+0000 7f6a483b1700 1 --2- 172.21.15.46:0/4209927928 >> [v2:172.21.15.46:6800/103863278,v1:172.21.15.46:6801/103863278] conn(0x7f6a2c03be10 0x7f6a2c03e200 unknown :-1 s=CLOSED pgs=3 cs=0 l=1 rev1=1 crypto rx=0 tx=0 comp rx=0 tx=0).stop
2024-03-14T12:48:14.060 INFO:teuthology.orchestra.run.smithi046.stdout:/usr/bin/ceph: stderr
2024-03-14T12:48:13.656+0000 7f6a483b1700 1 --2- 172.21.15.46:0/4209927928 >> [v2:172.21.15.46:3300/0,v1:172.21.15.46:6789/0] conn(0x7f6a401069d0 0x7f6a4019a740 unknown :-1 s=CLOSED pgs=60 cs=0 l=1 rev1=1 crypto rx=0 tx=0 comp rx=0 tx=0).stop
2024-03-14T12:48:14.060 INFO:teuthology.orchestra.run.smithi046.stdout:/usr/bin/ceph: stderr
2024-03-14T12:48:13.656+0000 7f6a483b1700 1 --2- 172.21.15.46:0/4209927928 >> [v2:172.21.15.46:6800/1423715346,v1:172.21.15.46:6801/1423715346] conn(0x7f6a2c038550 0x7f6a2c03aa10 unknown :-1 s=CLOSED pgs=0 cs=0 l=1 rev1=0 crypto rx=0 tx=0 comp rx=0 tx=0).stop
2024-03-14T12:48:14.060 INFO:teuthology.orchestra.run.smithi046.stdout:/usr/bin/ceph: stderr
2024-03-14T12:48:13.656+0000 7f6a483b1700 1 -- 172.21.15.46:0/4209927928 >> 172.21.15.46:0/4209927928 conn(0x7f6a40101bb0 msgr2=0x7f6a40102760 unknown :-1 s=STATE_NONE l=0).mark_down
2024-03-14T12:48:14.060 INFO:teuthology.orchestra.run.smithi046.stdout:/usr/bin/ceph: stderr
2024-03-14T12:48:13.656+0000 7f6a483b1700 1 -- 172.21.15.46:0/4209927928 shutdown_connections
2024-03-14T12:48:14.060 INFO:teuthology.orchestra.run.smithi046.stdout:/usr/bin/ceph: stderr
2024-03-14T12:48:13.656+0000 7f6a483b1700 1 -- 172.21.15.46:0/4209927928 wait complete.
2024-03-14T12:48:14.060 INFO:teuthology.orchestra.run.smithi046.stdout:mgr epoch 9 is available
2024-03-14T12:48:14.060 INFO:teuthology.orchestra.run.smithi046.stdout:Generating a dashboard self-signed certificate...
2024-03-14T12:48:15.174 INFO:journalctl@ceph.mon.a.smithi046.stdout:Mar 14 12:48:14 smithi046 ceph-mon[43450]: [14/Mar/2024:12:48:13] ENGINE Bus STARTING
2024-03-14T12:48:15.174 INFO:journalctl@ceph.mon.a.smithi046.stdout:Mar 14 12:48:14 smithi046 ceph-mon[43450]: [14/Mar/2024:12:48:13] ENGINE Serving on http://172.21.15.46:8765
2024-03-14T12:48:15.174 INFO:journalctl@ceph.mon.a.smithi046.stdout:Mar 14 12:48:14 smithi046 ceph-mon[43450]: [14/Mar/2024:12:48:13] ENGINE Serving on https://172.21.15.46:7150
2024-03-14T12:48:15.174 INFO:journalctl@ceph.mon.a.smithi046.stdout:Mar 14 12:48:14 smithi046 ceph-mon[43450]: [14/Mar/2024:12:48:13] ENGINE Bus STARTED
2024-03-14T12:48:15.174 INFO:journalctl@ceph.mon.a.smithi046.stdout:Mar 14 12:48:14 smithi046 ceph-mon[43450]: from='client.14154 -' entity='client.admin' cmd=[{"prefix": "get_command_descriptions"}]: dispatch
2024-03-14T12:48:15.174 INFO:journalctl@ceph.mon.a.smithi046.stdout:Mar 14 12:48:14 smithi046 ceph-mon[43450]: from='client.14154 -' entity='client.admin' cmd=[{"prefix": "mgr_status"}]: dispatch
2024-03-14T12:48:15.174 INFO:journalctl@ceph.mon.a.smithi046.stdout:Mar 14 12:48:14 smithi046 ceph-mon[43450]: from='mgr.14150 172.21.15.46:0/3110073964' entity='mgr.x'
2024-03-14T12:48:15.174 INFO:journalctl@ceph.mon.a.smithi046.stdout:Mar 14 12:48:14 smithi046 ceph-mon[43450]: from='mgr.14150 172.21.15.46:0/3110073964' entity='mgr.x'
2024-03-14T12:48:15.353 INFO:teuthology.orchestra.run.smithi046.stdout:/usr/bin/ceph: stdout Self-signed certificate created
2024-03-14T12:48:15.353 INFO:teuthology.orchestra.run.smithi046.stdout:/usr/bin/ceph: stderr
2024-03-14T12:48:14.455+0000 7f4ceec4d700 1 Processor -- start
2024-03-14T12:48:15.353 INFO:teuthology.orchestra.run.smithi046.stdout:/usr/bin/ceph: stderr
2024-03-14T12:48:14.455+0000 7f4ceec4d700 1 -- start start
2024-03-14T12:48:15.353 INFO:teuthology.orchestra.run.smithi046.stdout:/usr/bin/ceph: stderr
2024-03-14T12:48:14.456+0000 7f4ceec4d700 1 --2- >> [v2:172.21.15.46:3300/0,v1:172.21.15.46:6789/0] conn(0x7f4ce8107430 0x7f4ce8109820 unknown :-1 s=NONE pgs=0 cs=0 l=0 rev1=0 crypto rx=0 tx=0 comp rx=0 tx=0).connect
2024-03-14T12:48:15.353 INFO:teuthology.orchestra.run.smithi046.stdout:/usr/bin/ceph: stderr
2024-03-14T12:48:14.456+0000 7f4ceec4d700 1 -- --> [v2:172.21.15.46:3300/0,v1:172.21.15.46:6789/0] -- mon_getmap magic: 0 v1 -- 0x7f4ce8079ea0 con 0x7f4ce8107430
2024-03-14T12:48:15.353 INFO:teuthology.orchestra.run.smithi046.stdout:/usr/bin/ceph: stderr
2024-03-14T12:48:14.456+0000 7f4cec9e9700 1 --2- >> [v2:172.21.15.46:3300/0,v1:172.21.15.46:6789/0] conn(0x7f4ce8107430 0x7f4ce8109820 unknown :-1 s=BANNER_CONNECTING pgs=0 cs=0 l=0 rev1=0 crypto rx=0 tx=0 comp rx=0 tx=0)._handle_peer_banner_payload supported=3 required=0
2024-03-14T12:48:15.353 INFO:teuthology.orchestra.run.smithi046.stdout:/usr/bin/ceph: stderr
2024-03-14T12:48:14.456+0000 7f4cec9e9700 1 --2- >> [v2:172.21.15.46:3300/0,v1:172.21.15.46:6789/0] conn(0x7f4ce8107430 0x7f4ce8109820 unknown :-1 s=HELLO_CONNECTING pgs=0 cs=0 l=0 rev1=1 crypto rx=0 tx=0 comp rx=0 tx=0).handle_hello peer v2:172.21.15.46:3300/0 says I am v2:172.21.15.46:45342/0 (socket says 172.21.15.46:45342)
2024-03-14T12:48:15.354 INFO:teuthology.orchestra.run.smithi046.stdout:/usr/bin/ceph: stderr
2024-03-14T12:48:14.456+0000 7f4cec9e9700 1 -- 172.21.15.46:0/396797896 learned_addr learned my addr 172.21.15.46:0/396797896 (peer_addr_for_me v2:172.21.15.46:0/0)
2024-03-14T12:48:15.354 INFO:teuthology.orchestra.run.smithi046.stdout:/usr/bin/ceph: stderr
2024-03-14T12:48:14.456+0000 7f4cec9e9700 1 -- 172.21.15.46:0/396797896 --> [v2:172.21.15.46:3300/0,v1:172.21.15.46:6789/0] -- mon_subscribe({config=0+,monmap=0+}) v3 -- 0x7f4ce8109d60 con 0x7f4ce8107430
2024-03-14T12:48:15.354 INFO:teuthology.orchestra.run.smithi046.stdout:/usr/bin/ceph: stderr
2024-03-14T12:48:14.457+0000 7f4cec9e9700 1 --2- 172.21.15.46:0/396797896 >> [v2:172.21.15.46:3300/0,v1:172.21.15.46:6789/0] conn(0x7f4ce8107430 0x7f4ce8109820 secure :-1 s=READY pgs=68 cs=0 l=1 rev1=1 crypto rx=0x7f4cdc0098a0 tx=0x7f4cdc009bb0 comp rx=0 tx=0).ready entity=mon.0 client_cookie=6c1b95695d6fe422 server_cookie=0 in_seq=0 out_seq=0
2024-03-14T12:48:15.354 INFO:teuthology.orchestra.run.smithi046.stdout:/usr/bin/ceph: stderr
2024-03-14T12:48:14.457+0000 7f4ce77fe700 1 -- 172.21.15.46:0/396797896 <== mon.0 v2:172.21.15.46:3300/0 1 ==== mon_map magic: 0 v1 ==== 205+0+0 (secure 0 0 0) 0x7f4cdc004160 con 0x7f4ce8107430
2024-03-14T12:48:15.354 INFO:teuthology.orchestra.run.smithi046.stdout:/usr/bin/ceph: stderr
2024-03-14T12:48:14.457+0000 7f4ce77fe700 1 -- 172.21.15.46:0/396797896 <== mon.0 v2:172.21.15.46:3300/0 2 ==== config(26 keys) v1 ==== 1105+0+0 (secure 0 0 0) 0x7f4cdc0042c0 con 0x7f4ce8107430
2024-03-14T12:48:15.354 INFO:teuthology.orchestra.run.smithi046.stdout:/usr/bin/ceph: stderr
2024-03-14T12:48:14.457+0000 7f4ce77fe700 1 -- 172.21.15.46:0/396797896 <== mon.0 v2:172.21.15.46:3300/0 3 ==== mon_map magic: 0 v1 ==== 205+0+0 (secure 0 0 0) 0x7f4cdc0119b0 con 0x7f4ce8107430
2024-03-14T12:48:15.354 INFO:teuthology.orchestra.run.smithi046.stdout:/usr/bin/ceph: stderr
2024-03-14T12:48:14.458+0000 7f4ceec4d700 1 -- 172.21.15.46:0/396797896 >> [v2:172.21.15.46:3300/0,v1:172.21.15.46:6789/0] conn(0x7f4ce8107430 msgr2=0x7f4ce8109820 secure :-1 s=STATE_CONNECTION_ESTABLISHED l=1).mark_down
2024-03-14T12:48:15.354 INFO:teuthology.orchestra.run.smithi046.stdout:/usr/bin/ceph: stderr
2024-03-14T12:48:14.458+0000 7f4ceec4d700 1 --2- 172.21.15.46:0/396797896 >> [v2:172.21.15.46:3300/0,v1:172.21.15.46:6789/0] conn(0x7f4ce8107430 0x7f4ce8109820 secure :-1 s=READY pgs=68 cs=0 l=1 rev1=1 crypto rx=0x7f4cdc0098a0 tx=0x7f4cdc009bb0 comp rx=0 tx=0).stop
2024-03-14T12:48:15.354 INFO:teuthology.orchestra.run.smithi046.stdout:/usr/bin/ceph: stderr
2024-03-14T12:48:14.458+0000 7f4ceec4d700 1 -- 172.21.15.46:0/396797896 shutdown_connections
2024-03-14T12:48:15.354 INFO:teuthology.orchestra.run.smithi046.stdout:/usr/bin/ceph: stderr
2024-03-14T12:48:14.458+0000 7f4ceec4d700 1 --2- 172.21.15.46:0/396797896 >> [v2:172.21.15.46:3300/0,v1:172.21.15.46:6789/0] conn(0x7f4ce8107430 0x7f4ce8109820 unknown :-1 s=CLOSED pgs=68 cs=0 l=1 rev1=1 crypto rx=0 tx=0 comp rx=0 tx=0).stop
2024-03-14T12:48:15.354 INFO:teuthology.orchestra.run.smithi046.stdout:/usr/bin/ceph: stderr
2024-03-14T12:48:14.458+0000 7f4ceec4d700 1 -- 172.21.15.46:0/396797896 >> 172.21.15.46:0/396797896 conn(0x7f4ce8100a40 msgr2=0x7f4ce8102e80 unknown :-1 s=STATE_NONE l=0).mark_down
2024-03-14T12:48:15.354 INFO:teuthology.orchestra.run.smithi046.stdout:/usr/bin/ceph: stderr
2024-03-14T12:48:14.458+0000 7f4ceec4d700 1 -- 172.21.15.46:0/396797896 shutdown_connections
2024-03-14T12:48:15.354 INFO:teuthology.orchestra.run.smithi046.stdout:/usr/bin/ceph: stderr
2024-03-14T12:48:14.458+0000 7f4ceec4d700 1 -- 172.21.15.46:0/396797896 wait complete.
2024-03-14T12:48:15.355 INFO:teuthology.orchestra.run.smithi046.stdout:/usr/bin/ceph: stderr
2024-03-14T12:48:14.459+0000 7f4ceec4d700 1 Processor -- start
2024-03-14T12:48:15.355 INFO:teuthology.orchestra.run.smithi046.stdout:/usr/bin/ceph: stderr
2024-03-14T12:48:14.459+0000 7f4ceec4d700 1 -- start start
2024-03-14T12:48:15.355 INFO:teuthology.orchestra.run.smithi046.stdout:/usr/bin/ceph: stderr
2024-03-14T12:48:14.459+0000 7f4ceec4d700 1 --2- >> [v2:172.21.15.46:3300/0,v1:172.21.15.46:6789/0] conn(0x7f4ce8107430 0x7f4ce8106840 unknown :-1 s=NONE pgs=0 cs=0 l=1 rev1=0 crypto rx=0 tx=0 comp rx=0 tx=0).connect
2024-03-14T12:48:15.355 INFO:teuthology.orchestra.run.smithi046.stdout:/usr/bin/ceph: stderr
2024-03-14T12:48:14.459+0000 7f4ceec4d700 1 -- --> [v2:172.21.15.46:3300/0,v1:172.21.15.46:6789/0] -- mon_getmap magic: 0 v1 -- 0x7f4ce8106d80 con 0x7f4ce8107430
2024-03-14T12:48:15.355 INFO:teuthology.orchestra.run.smithi046.stdout:/usr/bin/ceph: stderr
2024-03-14T12:48:14.459+0000 7f4cec9e9700 1 --2- >> [v2:172.21.15.46:3300/0,v1:172.21.15.46:6789/0] conn(0x7f4ce8107430 0x7f4ce8106840 unknown :-1 s=BANNER_CONNECTING pgs=0 cs=0 l=1 rev1=0 crypto rx=0 tx=0 comp rx=0 tx=0)._handle_peer_banner_payload supported=3 required=0
2024-03-14T12:48:15.355 INFO:teuthology.orchestra.run.smithi046.stdout:/usr/bin/ceph: stderr
2024-03-14T12:48:14.459+0000 7f4cec9e9700 1 --2- >> [v2:172.21.15.46:3300/0,v1:172.21.15.46:6789/0] conn(0x7f4ce8107430 0x7f4ce8106840 unknown :-1 s=HELLO_CONNECTING pgs=0 cs=0 l=1 rev1=1 crypto rx=0 tx=0 comp rx=0 tx=0).handle_hello peer v2:172.21.15.46:3300/0 says I am v2:172.21.15.46:45348/0 (socket says 172.21.15.46:45348)
2024-03-14T12:48:15.355 INFO:teuthology.orchestra.run.smithi046.stdout:/usr/bin/ceph: stderr
2024-03-14T12:48:14.459+0000 7f4cec9e9700 1 -- 172.21.15.46:0/495042446 learned_addr learned my addr 172.21.15.46:0/495042446 (peer_addr_for_me v2:172.21.15.46:0/0)
2024-03-14T12:48:15.355 INFO:teuthology.orchestra.run.smithi046.stdout:/usr/bin/ceph: stderr
2024-03-14T12:48:14.460+0000 7f4cec9e9700 1 -- 172.21.15.46:0/495042446 --> [v2:172.21.15.46:3300/0,v1:172.21.15.46:6789/0] -- mon_subscribe({config=0+,monmap=0+}) v3 -- 0x7f4cdc009550 con 0x7f4ce8107430
2024-03-14T12:48:15.355 INFO:teuthology.orchestra.run.smithi046.stdout:/usr/bin/ceph: stderr
2024-03-14T12:48:14.460+0000 7f4cec9e9700 1 --2- 172.21.15.46:0/495042446 >> [v2:172.21.15.46:3300/0,v1:172.21.15.46:6789/0] conn(0x7f4ce8107430 0x7f4ce8106840 secure :-1 s=READY pgs=69 cs=0 l=1 rev1=1 crypto rx=0x7f4cdc011670 tx=0x7f4cdc011a30 comp rx=0 tx=0).ready entity=mon.0 client_cookie=0 server_cookie=0 in_seq=0 out_seq=0
2024-03-14T12:48:15.355 INFO:teuthology.orchestra.run.smithi046.stdout:/usr/bin/ceph: stderr
2024-03-14T12:48:14.460+0000 7f4ce5ffb700 1 -- 172.21.15.46:0/495042446 <== mon.0 v2:172.21.15.46:3300/0 1 ==== mon_map magic: 0 v1 ==== 205+0+0 (secure 0 0 0) 0x7f4cdc003b20 con 0x7f4ce8107430
2024-03-14T12:48:15.355 INFO:teuthology.orchestra.run.smithi046.stdout:/usr/bin/ceph: stderr
2024-03-14T12:48:14.460+0000 7f4ce5ffb700 1 -- 172.21.15.46:0/495042446 <== mon.0 v2:172.21.15.46:3300/0 2 ==== config(26 keys) v1 ==== 1105+0+0 (secure 0 0 0) 0x7f4cdc003c80 con 0x7f4ce8107430
2024-03-14T12:48:15.355 INFO:teuthology.orchestra.run.smithi046.stdout:/usr/bin/ceph: stderr
2024-03-14T12:48:14.460+0000 7f4ceec4d700 1 -- 172.21.15.46:0/495042446 --> [v2:172.21.15.46:3300/0,v1:172.21.15.46:6789/0] -- mon_subscribe({mgrmap=0+}) v3 -- 0x7f4ce8104fc0 con 0x7f4ce8107430
2024-03-14T12:48:15.355 INFO:teuthology.orchestra.run.smithi046.stdout:/usr/bin/ceph: stderr
2024-03-14T12:48:14.460+0000 7f4ce5ffb700 1 -- 172.21.15.46:0/495042446 <== mon.0 v2:172.21.15.46:3300/0 3 ==== mon_map magic: 0 v1 ==== 205+0+0 (secure 0 0 0) 0x7f4cdc019770 con 0x7f4ce8107430
2024-03-14T12:48:15.355 INFO:teuthology.orchestra.run.smithi046.stdout:/usr/bin/ceph: stderr
2024-03-14T12:48:14.460+0000 7f4ceec4d700 1 -- 172.21.15.46:0/495042446 --> [v2:172.21.15.46:3300/0,v1:172.21.15.46:6789/0] -- mon_subscribe({osdmap=0}) v3 -- 0x7f4ce8105460 con 0x7f4ce8107430
2024-03-14T12:48:15.356 INFO:teuthology.orchestra.run.smithi046.stdout:/usr/bin/ceph: stderr
2024-03-14T12:48:14.461+0000 7f4ce5ffb700 1 -- 172.21.15.46:0/495042446 <== mon.0 v2:172.21.15.46:3300/0 4 ==== mgrmap(e 11) v1 ==== 45281+0+0 (secure 0 0 0) 0x7f4cdc0199e0 con 0x7f4ce8107430
2024-03-14T12:48:15.356 INFO:teuthology.orchestra.run.smithi046.stdout:/usr/bin/ceph: stderr
2024-03-14T12:48:14.462+0000 7f4ce5ffb700 1 --2- 172.21.15.46:0/495042446 >> [v2:172.21.15.46:6800/103863278,v1:172.21.15.46:6801/103863278] conn(0x7f4cd8038440 0x7f4cd803a900 unknown :-1 s=NONE pgs=0 cs=0 l=1 rev1=0 crypto rx=0 tx=0 comp rx=0 tx=0).connect
2024-03-14T12:48:15.356 INFO:teuthology.orchestra.run.smithi046.stdout:/usr/bin/ceph: stderr
2024-03-14T12:48:14.462+0000 7f4ceec4d700 1 -- 172.21.15.46:0/495042446 --> [v2:172.21.15.46:3300/0,v1:172.21.15.46:6789/0] -- mon_command({"prefix": "get_command_descriptions"} v 0) v1 -- 0x7f4ce80623e0 con 0x7f4ce8107430
2024-03-14T12:48:15.356 INFO:teuthology.orchestra.run.smithi046.stdout:/usr/bin/ceph: stderr
2024-03-14T12:48:14.462+0000 7f4ce5ffb700 1 -- 172.21.15.46:0/495042446 <== mon.0 v2:172.21.15.46:3300/0 5 ==== osd_map(3..3 src has 1..3) v4 ==== 1155+0+0 (secure 0 0 0) 0x7f4cdc04c700 con 0x7f4ce8107430
2024-03-14T12:48:15.356 INFO:teuthology.orchestra.run.smithi046.stdout:/usr/bin/ceph: stderr
2024-03-14T12:48:14.462+0000 7f4ce7fff700 1 --2- 172.21.15.46:0/495042446 >> [v2:172.21.15.46:6800/103863278,v1:172.21.15.46:6801/103863278] conn(0x7f4cd8038440 0x7f4cd803a900 unknown :-1 s=BANNER_CONNECTING pgs=0 cs=0 l=1 rev1=0 crypto rx=0 tx=0 comp rx=0 tx=0)._handle_peer_banner_payload supported=3 required=0
2024-03-14T12:48:15.356 INFO:teuthology.orchestra.run.smithi046.stdout:/usr/bin/ceph: stderr
2024-03-14T12:48:14.462+0000 7f4ce7fff700 1 --2- 172.21.15.46:0/495042446 >> [v2:172.21.15.46:6800/103863278,v1:172.21.15.46:6801/103863278] conn(0x7f4cd8038440 0x7f4cd803a900 secure :-1 s=READY pgs=7 cs=0 l=1 rev1=1 crypto rx=0x7f4cd4006fd0 tx=0x7f4cd4006e40 comp rx=0 tx=0).ready entity=mgr.14150 client_cookie=0 server_cookie=0 in_seq=0 out_seq=0
2024-03-14T12:48:15.356 INFO:teuthology.orchestra.run.smithi046.stdout:/usr/bin/ceph: stderr
2024-03-14T12:48:14.467+0000 7f4ce5ffb700 1 -- 172.21.15.46:0/495042446 <== mon.0 v2:172.21.15.46:3300/0 6 ==== mon_command_ack([{"prefix": "get_command_descriptions"}]=0 v0) v1 ==== 72+0+182595 (secure 0 0 0) 0x7f4cdc018b80 con 0x7f4ce8107430
2024-03-14T12:48:15.356 INFO:teuthology.orchestra.run.smithi046.stdout:/usr/bin/ceph: stderr
