2024-03-14T12:51:28.471+0000 7fc4384d1700 1 --2- 172.21.15.111:0/1391533278 >> [v2:172.21.15.111:6800/119405983,v1:172.21.15.111:6801/119405983] conn(0x7fc41c0367e0 0x7fc41c038c90 secure :-1 s=READY pgs=19 cs=0 l=1 rev1=1 crypto rx=0x7fc42c009990 tx=0x7fc42c006e40 comp rx=0 tx=0).stop
2024-03-14T12:51:29.681 INFO:teuthology.orchestra.run.smithi111.stdout:/usr/bin/ceph: stderr
2024-03-14T12:51:28.471+0000 7fc4384d1700 1 -- 172.21.15.111:0/1391533278 >> [v2:172.21.15.111:3300/0,v1:172.21.15.111:6789/0] conn(0x7fc4301014e0 msgr2=0x7fc430110260 secure :-1 s=STATE_CONNECTION_ESTABLISHED l=1).mark_down
2024-03-14T12:51:29.681 INFO:teuthology.orchestra.run.smithi111.stdout:/usr/bin/ceph: stderr
2024-03-14T12:51:28.471+0000 7fc4384d1700 1 --2- 172.21.15.111:0/1391533278 >> [v2:172.21.15.111:3300/0,v1:172.21.15.111:6789/0] conn(0x7fc4301014e0 0x7fc430110260 secure :-1 s=READY pgs=60 cs=0 l=1 rev1=1 crypto rx=0x7fc42000c010 tx=0x7fc420009250 comp rx=0 tx=0).stop
2024-03-14T12:51:29.681 INFO:teuthology.orchestra.run.smithi111.stdout:/usr/bin/ceph: stderr
2024-03-14T12:51:28.471+0000 7fc4384d1700 1 -- 172.21.15.111:0/1391533278 shutdown_connections
2024-03-14T12:51:29.681 INFO:teuthology.orchestra.run.smithi111.stdout:/usr/bin/ceph: stderr
2024-03-14T12:51:28.471+0000 7fc4384d1700 1 --2- 172.21.15.111:0/1391533278 >> [v2:172.21.15.111:6800/119405983,v1:172.21.15.111:6801/119405983] conn(0x7fc41c0367e0 0x7fc41c038c90 unknown :-1 s=CLOSED pgs=19 cs=0 l=1 rev1=1 crypto rx=0 tx=0 comp rx=0 tx=0).stop
2024-03-14T12:51:29.681 INFO:teuthology.orchestra.run.smithi111.stdout:/usr/bin/ceph: stderr
2024-03-14T12:51:28.471+0000 7fc4384d1700 1 --2- 172.21.15.111:0/1391533278 >> [v2:172.21.15.111:3300/0,v1:172.21.15.111:6789/0] conn(0x7fc4301014e0 0x7fc430110260 unknown :-1 s=CLOSED pgs=60 cs=0 l=1 rev1=1 crypto rx=0 tx=0 comp rx=0 tx=0).stop
2024-03-14T12:51:29.681 INFO:teuthology.orchestra.run.smithi111.stdout:/usr/bin/ceph: stderr
2024-03-14T12:51:28.471+0000 7fc4384d1700 1 -- 172.21.15.111:0/1391533278 >> 172.21.15.111:0/1391533278 conn(0x7fc4300fcc60 msgr2=0x7fc4300fd730 unknown :-1 s=STATE_NONE l=0).mark_down
2024-03-14T12:51:29.681 INFO:teuthology.orchestra.run.smithi111.stdout:/usr/bin/ceph: stderr
2024-03-14T12:51:28.471+0000 7fc4384d1700 1 -- 172.21.15.111:0/1391533278 shutdown_connections
2024-03-14T12:51:29.681 INFO:teuthology.orchestra.run.smithi111.stdout:/usr/bin/ceph: stderr
2024-03-14T12:51:28.471+0000 7fc4384d1700 1 -- 172.21.15.111:0/1391533278 wait complete.
2024-03-14T12:51:29.947 INFO:journalctl@ceph.mon.smithi111.smithi111.stdout:Mar 14 12:51:29 smithi111 ceph-mon[39688]: pgmap v4: 0 pgs: ; 0 B data, 0 B used, 0 B / 0 B avail
2024-03-14T12:51:31.050 INFO:teuthology.orchestra.run.smithi111.stdout:/usr/bin/ceph: stderr
2024-03-14T12:51:30.285+0000 7f5d80c71700 1 Processor -- start
2024-03-14T12:51:31.051 INFO:teuthology.orchestra.run.smithi111.stdout:/usr/bin/ceph: stderr
2024-03-14T12:51:30.285+0000 7f5d80c71700 1 -- start start
2024-03-14T12:51:31.051 INFO:teuthology.orchestra.run.smithi111.stdout:/usr/bin/ceph: stderr
2024-03-14T12:51:30.285+0000 7f5d80c71700 1 --2- >> [v2:172.21.15.111:3300/0,v1:172.21.15.111:6789/0] conn(0x7f5d7c102580 0x7f5d7c102990 unknown :-1 s=NONE pgs=0 cs=0 l=0 rev1=0 crypto rx=0 tx=0 comp rx=0 tx=0).connect
2024-03-14T12:51:31.051 INFO:teuthology.orchestra.run.smithi111.stdout:/usr/bin/ceph: stderr
2024-03-14T12:51:30.285+0000 7f5d80c71700 1 -- --> [v2:172.21.15.111:3300/0,v1:172.21.15.111:6789/0] -- mon_getmap magic: 0 v1 -- 0x7f5d7c102ed0 con 0x7f5d7c102580
2024-03-14T12:51:31.051 INFO:teuthology.orchestra.run.smithi111.stdout:/usr/bin/ceph: stderr
2024-03-14T12:51:30.285+0000 7f5d7a59c700 1 --2- >> [v2:172.21.15.111:3300/0,v1:172.21.15.111:6789/0] conn(0x7f5d7c102580 0x7f5d7c102990 unknown :-1 s=BANNER_CONNECTING pgs=0 cs=0 l=0 rev1=0 crypto rx=0 tx=0 comp rx=0 tx=0)._handle_peer_banner_payload supported=3 required=0
2024-03-14T12:51:31.051 INFO:teuthology.orchestra.run.smithi111.stdout:/usr/bin/ceph: stderr
2024-03-14T12:51:30.285+0000 7f5d7a59c700 1 --2- >> [v2:172.21.15.111:3300/0,v1:172.21.15.111:6789/0] conn(0x7f5d7c102580 0x7f5d7c102990 unknown :-1 s=HELLO_CONNECTING pgs=0 cs=0 l=0 rev1=1 crypto rx=0 tx=0 comp rx=0 tx=0).handle_hello peer v2:172.21.15.111:3300/0 says I am v2:172.21.15.111:36418/0 (socket says 172.21.15.111:36418)
2024-03-14T12:51:31.051 INFO:teuthology.orchestra.run.smithi111.stdout:/usr/bin/ceph: stderr
2024-03-14T12:51:30.285+0000 7f5d7a59c700 1 -- 172.21.15.111:0/1836516047 learned_addr learned my addr 172.21.15.111:0/1836516047 (peer_addr_for_me v2:172.21.15.111:0/0)
2024-03-14T12:51:31.051 INFO:teuthology.orchestra.run.smithi111.stdout:/usr/bin/ceph: stderr
2024-03-14T12:51:30.286+0000 7f5d7a59c700 1 -- 172.21.15.111:0/1836516047 --> [v2:172.21.15.111:3300/0,v1:172.21.15.111:6789/0] -- mon_subscribe({config=0+,monmap=0+}) v3 -- 0x7f5d7c103010 con 0x7f5d7c102580
2024-03-14T12:51:31.051 INFO:teuthology.orchestra.run.smithi111.stdout:/usr/bin/ceph: stderr
2024-03-14T12:51:30.286+0000 7f5d7a59c700 1 --2- 172.21.15.111:0/1836516047 >> [v2:172.21.15.111:3300/0,v1:172.21.15.111:6789/0] conn(0x7f5d7c102580 0x7f5d7c102990 secure :-1 s=READY pgs=61 cs=0 l=1 rev1=1 crypto rx=0x7f5d6c0098e0 tx=0x7f5d6c009250 comp rx=0 tx=0).ready entity=mon.0 client_cookie=577b5961e8665ca9 server_cookie=0 in_seq=0 out_seq=0
2024-03-14T12:51:31.051 INFO:teuthology.orchestra.run.smithi111.stdout:/usr/bin/ceph: stderr
2024-03-14T12:51:30.286+0000 7f5d7959a700 1 -- 172.21.15.111:0/1836516047 <== mon.0 v2:172.21.15.111:3300/0 1 ==== mon_map magic: 0 v1 ==== 229+0+0 (secure 0 0 0) 0x7f5d6c00b860 con 0x7f5d7c102580
2024-03-14T12:51:31.051 INFO:teuthology.orchestra.run.smithi111.stdout:/usr/bin/ceph: stderr
2024-03-14T12:51:30.286+0000 7f5d7959a700 1 -- 172.21.15.111:0/1836516047 <== mon.0 v2:172.21.15.111:3300/0 2 ==== config(26 keys) v1 ==== 1074+0+0 (secure 0 0 0) 0x7f5d6c00be70 con 0x7f5d7c102580
2024-03-14T12:51:31.051 INFO:teuthology.orchestra.run.smithi111.stdout:/usr/bin/ceph: stderr
2024-03-14T12:51:30.286+0000 7f5d7959a700 1 -- 172.21.15.111:0/1836516047 <== mon.0 v2:172.21.15.111:3300/0 3 ==== mon_map magic: 0 v1 ==== 229+0+0 (secure 0 0 0) 0x7f5d6c010380 con 0x7f5d7c102580
2024-03-14T12:51:31.051 INFO:teuthology.orchestra.run.smithi111.stdout:/usr/bin/ceph: stderr
2024-03-14T12:51:30.286+0000 7f5d80c71700 1 -- 172.21.15.111:0/1836516047 >> [v2:172.21.15.111:3300/0,v1:172.21.15.111:6789/0] conn(0x7f5d7c102580 msgr2=0x7f5d7c102990 secure :-1 s=STATE_CONNECTION_ESTABLISHED l=1).mark_down
2024-03-14T12:51:31.051 INFO:teuthology.orchestra.run.smithi111.stdout:/usr/bin/ceph: stderr
2024-03-14T12:51:30.286+0000 7f5d80c71700 1 --2- 172.21.15.111:0/1836516047 >> [v2:172.21.15.111:3300/0,v1:172.21.15.111:6789/0] conn(0x7f5d7c102580 0x7f5d7c102990 secure :-1 s=READY pgs=61 cs=0 l=1 rev1=1 crypto rx=0x7f5d6c0098e0 tx=0x7f5d6c009250 comp rx=0 tx=0).stop
2024-03-14T12:51:31.051 INFO:teuthology.orchestra.run.smithi111.stdout:/usr/bin/ceph: stderr
2024-03-14T12:51:30.286+0000 7f5d80c71700 1 -- 172.21.15.111:0/1836516047 shutdown_connections
2024-03-14T12:51:31.052 INFO:teuthology.orchestra.run.smithi111.stdout:/usr/bin/ceph: stderr
2024-03-14T12:51:30.286+0000 7f5d80c71700 1 --2- 172.21.15.111:0/1836516047 >> [v2:172.21.15.111:3300/0,v1:172.21.15.111:6789/0] conn(0x7f5d7c102580 0x7f5d7c102990 unknown :-1 s=CLOSED pgs=61 cs=0 l=1 rev1=1 crypto rx=0 tx=0 comp rx=0 tx=0).stop
2024-03-14T12:51:31.052 INFO:teuthology.orchestra.run.smithi111.stdout:/usr/bin/ceph: stderr
2024-03-14T12:51:30.286+0000 7f5d80c71700 1 -- 172.21.15.111:0/1836516047 >> 172.21.15.111:0/1836516047 conn(0x7f5d7c0fdd00 msgr2=0x7f5d7c100110 unknown :-1 s=STATE_NONE l=0).mark_down
2024-03-14T12:51:31.052 INFO:teuthology.orchestra.run.smithi111.stdout:/usr/bin/ceph: stderr
2024-03-14T12:51:30.287+0000 7f5d80c71700 1 -- 172.21.15.111:0/1836516047 shutdown_connections
2024-03-14T12:51:31.052 INFO:teuthology.orchestra.run.smithi111.stdout:/usr/bin/ceph: stderr
2024-03-14T12:51:30.287+0000 7f5d80c71700 1 -- 172.21.15.111:0/1836516047 wait complete.
2024-03-14T12:51:31.052 INFO:teuthology.orchestra.run.smithi111.stdout:/usr/bin/ceph: stderr
2024-03-14T12:51:30.287+0000 7f5d80c71700 1 Processor -- start
2024-03-14T12:51:31.052 INFO:teuthology.orchestra.run.smithi111.stdout:/usr/bin/ceph: stderr
2024-03-14T12:51:30.287+0000 7f5d80c71700 1 -- start start
2024-03-14T12:51:31.052 INFO:teuthology.orchestra.run.smithi111.stdout:/usr/bin/ceph: stderr
2024-03-14T12:51:30.287+0000 7f5d80c71700 1 --2- >> [v2:172.21.15.111:3300/0,v1:172.21.15.111:6789/0] conn(0x7f5d7c102580 0x7f5d7c111400 unknown :-1 s=NONE pgs=0 cs=0 l=1 rev1=0 crypto rx=0 tx=0 comp rx=0 tx=0).connect
2024-03-14T12:51:31.052 INFO:teuthology.orchestra.run.smithi111.stdout:/usr/bin/ceph: stderr
2024-03-14T12:51:30.287+0000 7f5d80c71700 1 -- --> [v2:172.21.15.111:3300/0,v1:172.21.15.111:6789/0] -- mon_getmap magic: 0 v1 -- 0x7f5d7c111940 con 0x7f5d7c102580
2024-03-14T12:51:31.052 INFO:teuthology.orchestra.run.smithi111.stdout:/usr/bin/ceph: stderr
2024-03-14T12:51:30.287+0000 7f5d7a59c700 1 --2- >> [v2:172.21.15.111:3300/0,v1:172.21.15.111:6789/0] conn(0x7f5d7c102580 0x7f5d7c111400 unknown :-1 s=BANNER_CONNECTING pgs=0 cs=0 l=1 rev1=0 crypto rx=0 tx=0 comp rx=0 tx=0)._handle_peer_banner_payload supported=3 required=0
2024-03-14T12:51:31.052 INFO:teuthology.orchestra.run.smithi111.stdout:/usr/bin/ceph: stderr
2024-03-14T12:51:30.287+0000 7f5d7a59c700 1 --2- >> [v2:172.21.15.111:3300/0,v1:172.21.15.111:6789/0] conn(0x7f5d7c102580 0x7f5d7c111400 unknown :-1 s=HELLO_CONNECTING pgs=0 cs=0 l=1 rev1=1 crypto rx=0 tx=0 comp rx=0 tx=0).handle_hello peer v2:172.21.15.111:3300/0 says I am v2:172.21.15.111:36424/0 (socket says 172.21.15.111:36424)
2024-03-14T12:51:31.052 INFO:teuthology.orchestra.run.smithi111.stdout:/usr/bin/ceph: stderr
2024-03-14T12:51:30.287+0000 7f5d7a59c700 1 -- 172.21.15.111:0/1627305242 learned_addr learned my addr 172.21.15.111:0/1627305242 (peer_addr_for_me v2:172.21.15.111:0/0)
2024-03-14T12:51:31.052 INFO:teuthology.orchestra.run.smithi111.stdout:/usr/bin/ceph: stderr
2024-03-14T12:51:30.288+0000 7f5d7a59c700 1 -- 172.21.15.111:0/1627305242 --> [v2:172.21.15.111:3300/0,v1:172.21.15.111:6789/0] -- mon_subscribe({config=0+,monmap=0+}) v3 -- 0x7f5d6c0094f0 con 0x7f5d7c102580
2024-03-14T12:51:31.052 INFO:teuthology.orchestra.run.smithi111.stdout:/usr/bin/ceph: stderr
2024-03-14T12:51:30.288+0000 7f5d7a59c700 1 --2- 172.21.15.111:0/1627305242 >> [v2:172.21.15.111:3300/0,v1:172.21.15.111:6789/0] conn(0x7f5d7c102580 0x7f5d7c111400 secure :-1 s=READY pgs=62 cs=0 l=1 rev1=1 crypto rx=0x7f5d6c011ca0 tx=0x7f5d6c009250 comp rx=0 tx=0).ready entity=mon.0 client_cookie=0 server_cookie=0 in_seq=0 out_seq=0
2024-03-14T12:51:31.052 INFO:teuthology.orchestra.run.smithi111.stdout:/usr/bin/ceph: stderr
2024-03-14T12:51:30.288+0000 7f5d6affd700 1 -- 172.21.15.111:0/1627305242 <== mon.0 v2:172.21.15.111:3300/0 1 ==== mon_map magic: 0 v1 ==== 229+0+0 (secure 0 0 0) 0x7f5d6c010850 con 0x7f5d7c102580
2024-03-14T12:51:31.053 INFO:teuthology.orchestra.run.smithi111.stdout:/usr/bin/ceph: stderr
2024-03-14T12:51:30.288+0000 7f5d6affd700 1 -- 172.21.15.111:0/1627305242 <== mon.0 v2:172.21.15.111:3300/0 2 ==== config(26 keys) v1 ==== 1074+0+0 (secure 0 0 0) 0x7f5d6c010e60 con 0x7f5d7c102580
2024-03-14T12:51:31.053 INFO:teuthology.orchestra.run.smithi111.stdout:/usr/bin/ceph: stderr
2024-03-14T12:51:30.288+0000 7f5d80c71700 1 -- 172.21.15.111:0/1627305242 --> [v2:172.21.15.111:3300/0,v1:172.21.15.111:6789/0] -- mon_subscribe({mgrmap=0+}) v3 -- 0x7f5d7c111b40 con 0x7f5d7c102580
2024-03-14T12:51:31.053 INFO:teuthology.orchestra.run.smithi111.stdout:/usr/bin/ceph: stderr
2024-03-14T12:51:30.288+0000 7f5d6affd700 1 -- 172.21.15.111:0/1627305242 <== mon.0 v2:172.21.15.111:3300/0 3 ==== mon_map magic: 0 v1 ==== 229+0+0 (secure 0 0 0) 0x7f5d6c01ae70 con 0x7f5d7c102580
2024-03-14T12:51:31.053 INFO:teuthology.orchestra.run.smithi111.stdout:/usr/bin/ceph: stderr
2024-03-14T12:51:30.288+0000 7f5d80c71700 1 -- 172.21.15.111:0/1627305242 --> [v2:172.21.15.111:3300/0,v1:172.21.15.111:6789/0] -- mon_subscribe({osdmap=0}) v3 -- 0x7f5d7c1126b0 con 0x7f5d7c102580
2024-03-14T12:51:31.053 INFO:teuthology.orchestra.run.smithi111.stdout:/usr/bin/ceph: stderr
2024-03-14T12:51:30.289+0000 7f5d6affd700 1 -- 172.21.15.111:0/1627305242 <== mon.0 v2:172.21.15.111:3300/0 4 ==== mgrmap(e 8) v1 ==== 43368+0+0 (secure 0 0 0) 0x7f5d6c0244a0 con 0x7f5d7c102580
2024-03-14T12:51:31.053 INFO:teuthology.orchestra.run.smithi111.stdout:/usr/bin/ceph: stderr
2024-03-14T12:51:30.289+0000 7f5d80c71700 1 -- 172.21.15.111:0/1627305242 --> [v2:172.21.15.111:3300/0,v1:172.21.15.111:6789/0] -- mon_command({"prefix": "get_command_descriptions"} v 0) v1 -- 0x7f5d7c05f5f0 con 0x7f5d7c102580
2024-03-14T12:51:31.053 INFO:teuthology.orchestra.run.smithi111.stdout:/usr/bin/ceph: stderr
2024-03-14T12:51:30.289+0000 7f5d6affd700 1 --2- 172.21.15.111:0/1627305242 >> [v2:172.21.15.111:6800/119405983,v1:172.21.15.111:6801/119405983] conn(0x7f5d640367e0 0x7f5d64038c90 unknown :-1 s=NONE pgs=0 cs=0 l=1 rev1=0 crypto rx=0 tx=0 comp rx=0 tx=0).connect
2024-03-14T12:51:31.053 INFO:teuthology.orchestra.run.smithi111.stdout:/usr/bin/ceph: stderr
2024-03-14T12:51:30.289+0000 7f5d6affd700 1 -- 172.21.15.111:0/1627305242 <== mon.0 v2:172.21.15.111:3300/0 5 ==== osd_map(2..2 src has 1..2) v4 ==== 936+0+0 (secure 0 0 0) 0x7f5d6c04a720 con 0x7f5d7c102580
2024-03-14T12:51:31.053 INFO:teuthology.orchestra.run.smithi111.stdout:/usr/bin/ceph: stderr
2024-03-14T12:51:30.289+0000 7f5d79d9b700 1 --2- 172.21.15.111:0/1627305242 >> [v2:172.21.15.111:6800/119405983,v1:172.21.15.111:6801/119405983] conn(0x7f5d640367e0 0x7f5d64038c90 unknown :-1 s=BANNER_CONNECTING pgs=0 cs=0 l=1 rev1=0 crypto rx=0 tx=0 comp rx=0 tx=0)._handle_peer_banner_payload supported=3 required=0
2024-03-14T12:51:31.053 INFO:teuthology.orchestra.run.smithi111.stdout:/usr/bin/ceph: stderr
2024-03-14T12:51:30.290+0000 7f5d79d9b700 1 --2- 172.21.15.111:0/1627305242 >> [v2:172.21.15.111:6800/119405983,v1:172.21.15.111:6801/119405983] conn(0x7f5d640367e0 0x7f5d64038c90 secure :-1 s=READY pgs=20 cs=0 l=1 rev1=1 crypto rx=0x7f5d70009990 tx=0x7f5d70006e40 comp rx=0 tx=0).ready entity=mgr.14118 client_cookie=0 server_cookie=0 in_seq=0 out_seq=0
2024-03-14T12:51:31.053 INFO:teuthology.orchestra.run.smithi111.stdout:/usr/bin/ceph: stderr
2024-03-14T12:51:30.294+0000 7f5d6affd700 1 -- 172.21.15.111:0/1627305242 <== mon.0 v2:172.21.15.111:3300/0 6 ==== mon_command_ack([{"prefix": "get_command_descriptions"}]=0 v0) v1 ==== 72+0+175445 (secure 0 0 0) 0x7f5d6c02cb40 con 0x7f5d7c102580
2024-03-14T12:51:31.053 INFO:teuthology.orchestra.run.smithi111.stdout:/usr/bin/ceph: stderr
2024-03-14T12:51:30.476+0000 7f5d80c71700 1 -- 172.21.15.111:0/1627305242 --> [v2:172.21.15.111:3300/0,v1:172.21.15.111:6789/0] -- mon_command([{prefix=config set, name=mgr/dashboard/ssl_server_port}] v 0) v1 -- 0x7f5d7c04bed0 con 0x7f5d7c102580
2024-03-14T12:51:31.053 INFO:teuthology.orchestra.run.smithi111.stdout:/usr/bin/ceph: stderr
2024-03-14T12:51:30.482+0000 7f5d6affd700 1 -- 172.21.15.111:0/1627305242 <== mon.0 v2:172.21.15.111:3300/0 7 ==== mon_command_ack([{prefix=config set, name=mgr/dashboard/ssl_server_port}]=0 v8)=0 v8) v1 ==== 130+0+0 (secure 0 0 0) 0x7f5d6c023370 con 0x7f5d7c102580
2024-03-14T12:51:31.053 INFO:teuthology.orchestra.run.smithi111.stdout:/usr/bin/ceph: stderr
2024-03-14T12:51:30.484+0000 7f5d80c71700 1 -- 172.21.15.111:0/1627305242 >> [v2:172.21.15.111:6800/119405983,v1:172.21.15.111:6801/119405983] conn(0x7f5d640367e0 msgr2=0x7f5d64038c90 secure :-1 s=STATE_CONNECTION_ESTABLISHED l=1).mark_down
2024-03-14T12:51:31.054 INFO:teuthology.orchestra.run.smithi111.stdout:/usr/bin/ceph: stderr
2024-03-14T12:51:30.484+0000 7f5d80c71700 1 --2- 172.21.15.111:0/1627305242 >> [v2:172.21.15.111:6800/119405983,v1:172.21.15.111:6801/119405983] conn(0x7f5d640367e0 0x7f5d64038c90 secure :-1 s=READY pgs=20 cs=0 l=1 rev1=1 crypto rx=0x7f5d70009990 tx=0x7f5d70006e40 comp rx=0 tx=0).stop
2024-03-14T12:51:31.054 INFO:teuthology.orchestra.run.smithi111.stdout:/usr/bin/ceph: stderr
2024-03-14T12:51:30.484+0000 7f5d80c71700 1 -- 172.21.15.111:0/1627305242 >> [v2:172.21.15.111:3300/0,v1:172.21.15.111:6789/0] conn(0x7f5d7c102580 msgr2=0x7f5d7c111400 secure :-1 s=STATE_CONNECTION_ESTABLISHED l=1).mark_down
2024-03-14T12:51:31.054 INFO:teuthology.orchestra.run.smithi111.stdout:/usr/bin/ceph: stderr
2024-03-14T12:51:30.484+0000 7f5d80c71700 1 --2- 172.21.15.111:0/1627305242 >> [v2:172.21.15.111:3300/0,v1:172.21.15.111:6789/0] conn(0x7f5d7c102580 0x7f5d7c111400 secure :-1 s=READY pgs=62 cs=0 l=1 rev1=1 crypto rx=0x7f5d6c011ca0 tx=0x7f5d6c009250 comp rx=0 tx=0).stop
2024-03-14T12:51:31.054 INFO:teuthology.orchestra.run.smithi111.stdout:/usr/bin/ceph: stderr
2024-03-14T12:51:30.484+0000 7f5d80c71700 1 -- 172.21.15.111:0/1627305242 shutdown_connections
2024-03-14T12:51:31.054 INFO:teuthology.orchestra.run.smithi111.stdout:/usr/bin/ceph: stderr
2024-03-14T12:51:30.484+0000 7f5d80c71700 1 --2- 172.21.15.111:0/1627305242 >> [v2:172.21.15.111:6800/119405983,v1:172.21.15.111:6801/119405983] conn(0x7f5d640367e0 0x7f5d64038c90 unknown :-1 s=CLOSED pgs=20 cs=0 l=1 rev1=1 crypto rx=0 tx=0 comp rx=0 tx=0).stop
2024-03-14T12:51:31.054 INFO:teuthology.orchestra.run.smithi111.stdout:/usr/bin/ceph: stderr
2024-03-14T12:51:30.484+0000 7f5d80c71700 1 --2- 172.21.15.111:0/1627305242 >> [v2:172.21.15.111:3300/0,v1:172.21.15.111:6789/0] conn(0x7f5d7c102580 0x7f5d7c111400 unknown :-1 s=CLOSED pgs=62 cs=0 l=1 rev1=1 crypto rx=0 tx=0 comp rx=0 tx=0).stop
2024-03-14T12:51:31.054 INFO:teuthology.orchestra.run.smithi111.stdout:/usr/bin/ceph: stderr
2024-03-14T12:51:30.484+0000 7f5d80c71700 1 -- 172.21.15.111:0/1627305242 >> 172.21.15.111:0/1627305242 conn(0x7f5d7c0fdd00 msgr2=0x7f5d7c0fe880 unknown :-1 s=STATE_NONE l=0).mark_down
2024-03-14T12:51:31.054 INFO:teuthology.orchestra.run.smithi111.stdout:/usr/bin/ceph: stderr
2024-03-14T12:51:30.484+0000 7f5d80c71700 1 -- 172.21.15.111:0/1627305242 shutdown_connections
2024-03-14T12:51:31.054 INFO:teuthology.orchestra.run.smithi111.stdout:/usr/bin/ceph: stderr
2024-03-14T12:51:30.484+0000 7f5d80c71700 1 -- 172.21.15.111:0/1627305242 wait complete.
2024-03-14T12:51:31.054 INFO:teuthology.orchestra.run.smithi111.stdout:Enabling the dashboard module...
2024-03-14T12:51:31.640 INFO:journalctl@ceph.mon.smithi111.smithi111.stdout:Mar 14 12:51:31 smithi111 ceph-mon[39688]: pgmap v5: 0 pgs: ; 0 B data, 0 B used, 0 B / 0 B avail
2024-03-14T12:51:31.640 INFO:journalctl@ceph.mon.smithi111.smithi111.stdout:Mar 14 12:51:31 smithi111 ceph-mon[39688]: from='client.? 172.21.15.111:0/1627305242' entity='client.admin'
2024-03-14T12:51:32.843 INFO:journalctl@ceph.mon.smithi111.smithi111.stdout:Mar 14 12:51:32 smithi111 ceph-mon[39688]: from='client.? 172.21.15.111:0/3649664049' entity='client.admin' cmd=[{"prefix": "mgr module enable", "module": "dashboard"}]: dispatch
2024-03-14T12:51:33.116 INFO:teuthology.orchestra.run.smithi111.stdout:/usr/bin/ceph: stderr
2024-03-14T12:51:31.595+0000 7f3ea5c2b700 1 Processor -- start
2024-03-14T12:51:33.116 INFO:teuthology.orchestra.run.smithi111.stdout:/usr/bin/ceph: stderr
2024-03-14T12:51:31.595+0000 7f3ea5c2b700 1 -- start start
2024-03-14T12:51:33.116 INFO:teuthology.orchestra.run.smithi111.stdout:/usr/bin/ceph: stderr
2024-03-14T12:51:31.595+0000 7f3ea5c2b700 1 --2- >> [v2:172.21.15.111:3300/0,v1:172.21.15.111:6789/0] conn(0x7f3ea01025a0 0x7f3ea01029b0 unknown :-1 s=NONE pgs=0 cs=0 l=0 rev1=0 crypto rx=0 tx=0 comp rx=0 tx=0).connect
2024-03-14T12:51:33.116 INFO:teuthology.orchestra.run.smithi111.stdout:/usr/bin/ceph: stderr
2024-03-14T12:51:31.595+0000 7f3ea5c2b700 1 -- --> [v2:172.21.15.111:3300/0,v1:172.21.15.111:6789/0] -- mon_getmap magic: 0 v1 -- 0x7f3ea0102ef0 con 0x7f3ea01025a0
2024-03-14T12:51:33.116 INFO:teuthology.orchestra.run.smithi111.stdout:/usr/bin/ceph: stderr
2024-03-14T12:51:31.595+0000 7f3e9f7fe700 1 --2- >> [v2:172.21.15.111:3300/0,v1:172.21.15.111:6789/0] conn(0x7f3ea01025a0 0x7f3ea01029b0 unknown :-1 s=BANNER_CONNECTING pgs=0 cs=0 l=0 rev1=0 crypto rx=0 tx=0 comp rx=0 tx=0)._handle_peer_banner_payload supported=3 required=0
2024-03-14T12:51:33.116 INFO:teuthology.orchestra.run.smithi111.stdout:/usr/bin/ceph: stderr
2024-03-14T12:51:31.595+0000 7f3e9f7fe700 1 --2- >> [v2:172.21.15.111:3300/0,v1:172.21.15.111:6789/0] conn(0x7f3ea01025a0 0x7f3ea01029b0 unknown :-1 s=HELLO_CONNECTING pgs=0 cs=0 l=0 rev1=1 crypto rx=0 tx=0 comp rx=0 tx=0).handle_hello peer v2:172.21.15.111:3300/0 says I am v2:172.21.15.111:36054/0 (socket says 172.21.15.111:36054)
2024-03-14T12:51:33.116 INFO:teuthology.orchestra.run.smithi111.stdout:/usr/bin/ceph: stderr
2024-03-14T12:51:31.595+0000 7f3e9f7fe700 1 -- 172.21.15.111:0/2926731888 learned_addr learned my addr 172.21.15.111:0/2926731888 (peer_addr_for_me v2:172.21.15.111:0/0)
2024-03-14T12:51:33.116 INFO:teuthology.orchestra.run.smithi111.stdout:/usr/bin/ceph: stderr
2024-03-14T12:51:31.595+0000 7f3e9f7fe700 1 -- 172.21.15.111:0/2926731888 --> [v2:172.21.15.111:3300/0,v1:172.21.15.111:6789/0] -- mon_subscribe({config=0+,monmap=0+}) v3 -- 0x7f3ea0103030 con 0x7f3ea01025a0
2024-03-14T12:51:33.116 INFO:teuthology.orchestra.run.smithi111.stdout:/usr/bin/ceph: stderr
2024-03-14T12:51:31.595+0000 7f3e9f7fe700 1 --2- 172.21.15.111:0/2926731888 >> [v2:172.21.15.111:3300/0,v1:172.21.15.111:6789/0] conn(0x7f3ea01025a0 0x7f3ea01029b0 secure :-1 s=READY pgs=63 cs=0 l=1 rev1=1 crypto rx=0x7f3e940098e0 tx=0x7f3e94009250 comp rx=0 tx=0).ready entity=mon.0 client_cookie=9815b6c012cd7b0b server_cookie=0 in_seq=0 out_seq=0
2024-03-14T12:51:33.117 INFO:teuthology.orchestra.run.smithi111.stdout:/usr/bin/ceph: stderr
2024-03-14T12:51:31.595+0000 7f3e9e7fc700 1 -- 172.21.15.111:0/2926731888 <== mon.0 v2:172.21.15.111:3300/0 1 ==== mon_map magic: 0 v1 ==== 229+0+0 (secure 0 0 0) 0x7f3e9400b860 con 0x7f3ea01025a0
2024-03-14T12:51:33.117 INFO:teuthology.orchestra.run.smithi111.stdout:/usr/bin/ceph: stderr
2024-03-14T12:51:31.595+0000 7f3e9e7fc700 1 -- 172.21.15.111:0/2926731888 <== mon.0 v2:172.21.15.111:3300/0 2 ==== config(26 keys) v1 ==== 1074+0+0 (secure 0 0 0) 0x7f3e9400be70 con 0x7f3ea01025a0
2024-03-14T12:51:33.117 INFO:teuthology.orchestra.run.smithi111.stdout:/usr/bin/ceph: stderr
2024-03-14T12:51:31.595+0000 7f3e9e7fc700 1 -- 172.21.15.111:0/2926731888 <== mon.0 v2:172.21.15.111:3300/0 3 ==== mon_map magic: 0 v1 ==== 229+0+0 (secure 0 0 0) 0x7f3e94010380 con 0x7f3ea01025a0
2024-03-14T12:51:33.117 INFO:teuthology.orchestra.run.smithi111.stdout:/usr/bin/ceph: stderr
2024-03-14T12:51:31.596+0000 7f3ea5c2b700 1 -- 172.21.15.111:0/2926731888 >> [v2:172.21.15.111:3300/0,v1:172.21.15.111:6789/0] conn(0x7f3ea01025a0 msgr2=0x7f3ea01029b0 secure :-1 s=STATE_CONNECTION_ESTABLISHED l=1).mark_down
2024-03-14T12:51:33.117 INFO:teuthology.orchestra.run.smithi111.stdout:/usr/bin/ceph: stderr
2024-03-14T12:51:31.596+0000 7f3ea5c2b700 1 --2- 172.21.15.111:0/2926731888 >> [v2:172.21.15.111:3300/0,v1:172.21.15.111:6789/0] conn(0x7f3ea01025a0 0x7f3ea01029b0 secure :-1 s=READY pgs=63 cs=0 l=1 rev1=1 crypto rx=0x7f3e940098e0 tx=0x7f3e94009250 comp rx=0 tx=0).stop
2024-03-14T12:51:33.117 INFO:teuthology.orchestra.run.smithi111.stdout:/usr/bin/ceph: stderr
2024-03-14T12:51:31.596+0000 7f3ea5c2b700 1 -- 172.21.15.111:0/2926731888 shutdown_connections
2024-03-14T12:51:33.117 INFO:teuthology.orchestra.run.smithi111.stdout:/usr/bin/ceph: stderr
2024-03-14T12:51:31.596+0000 7f3ea5c2b700 1 --2- 172.21.15.111:0/2926731888 >> [v2:172.21.15.111:3300/0,v1:172.21.15.111:6789/0] conn(0x7f3ea01025a0 0x7f3ea01029b0 unknown :-1 s=CLOSED pgs=63 cs=0 l=1 rev1=1 crypto rx=0 tx=0 comp rx=0 tx=0).stop
2024-03-14T12:51:33.117 INFO:teuthology.orchestra.run.smithi111.stdout:/usr/bin/ceph: stderr
2024-03-14T12:51:31.596+0000 7f3ea5c2b700 1 -- 172.21.15.111:0/2926731888 >> 172.21.15.111:0/2926731888 conn(0x7f3ea00fdd20 msgr2=0x7f3ea0100130 unknown :-1 s=STATE_NONE l=0).mark_down
2024-03-14T12:51:33.117 INFO:teuthology.orchestra.run.smithi111.stdout:/usr/bin/ceph: stderr
2024-03-14T12:51:31.596+0000 7f3ea5c2b700 1 -- 172.21.15.111:0/2926731888 shutdown_connections
2024-03-14T12:51:33.117 INFO:teuthology.orchestra.run.smithi111.stdout:/usr/bin/ceph: stderr
2024-03-14T12:51:31.596+0000 7f3ea5c2b700 1 -- 172.21.15.111:0/2926731888 wait complete.
2024-03-14T12:51:33.117 INFO:teuthology.orchestra.run.smithi111.stdout:/usr/bin/ceph: stderr
2024-03-14T12:51:31.597+0000 7f3ea5c2b700 1 Processor -- start
2024-03-14T12:51:33.117 INFO:teuthology.orchestra.run.smithi111.stdout:/usr/bin/ceph: stderr
2024-03-14T12:51:31.597+0000 7f3ea5c2b700 1 -- start start
2024-03-14T12:51:33.117 INFO:teuthology.orchestra.run.smithi111.stdout:/usr/bin/ceph: stderr
2024-03-14T12:51:31.597+0000 7f3ea5c2b700 1 --2- >> [v2:172.21.15.111:3300/0,v1:172.21.15.111:6789/0] conn(0x7f3ea01025a0 0x7f3ea0111390 unknown :-1 s=NONE pgs=0 cs=0 l=1 rev1=0 crypto rx=0 tx=0 comp rx=0 tx=0).connect
2024-03-14T12:51:33.117 INFO:teuthology.orchestra.run.smithi111.stdout:/usr/bin/ceph: stderr
2024-03-14T12:51:31.597+0000 7f3ea5c2b700 1 -- --> [v2:172.21.15.111:3300/0,v1:172.21.15.111:6789/0] -- mon_getmap magic: 0 v1 -- 0x7f3ea01118d0 con 0x7f3ea01025a0
2024-03-14T12:51:33.117 INFO:teuthology.orchestra.run.smithi111.stdout:/usr/bin/ceph: stderr
2024-03-14T12:51:31.597+0000 7f3e9f7fe700 1 --2- >> [v2:172.21.15.111:3300/0,v1:172.21.15.111:6789/0] conn(0x7f3ea01025a0 0x7f3ea0111390 unknown :-1 s=BANNER_CONNECTING pgs=0 cs=0 l=1 rev1=0 crypto rx=0 tx=0 comp rx=0 tx=0)._handle_peer_banner_payload supported=3 required=0
2024-03-14T12:51:33.118 INFO:teuthology.orchestra.run.smithi111.stdout:/usr/bin/ceph: stderr
2024-03-14T12:51:31.597+0000 7f3e9f7fe700 1 --2- >> [v2:172.21.15.111:3300/0,v1:172.21.15.111:6789/0] conn(0x7f3ea01025a0 0x7f3ea0111390 unknown :-1 s=HELLO_CONNECTING pgs=0 cs=0 l=1 rev1=1 crypto rx=0 tx=0 comp rx=0 tx=0).handle_hello peer v2:172.21.15.111:3300/0 says I am v2:172.21.15.111:36066/0 (socket says 172.21.15.111:36066)
2024-03-14T12:51:33.118 INFO:teuthology.orchestra.run.smithi111.stdout:/usr/bin/ceph: stderr
2024-03-14T12:51:31.597+0000 7f3e9f7fe700 1 -- 172.21.15.111:0/3649664049 learned_addr learned my addr 172.21.15.111:0/3649664049 (peer_addr_for_me v2:172.21.15.111:0/0)
2024-03-14T12:51:33.118 INFO:teuthology.orchestra.run.smithi111.stdout:/usr/bin/ceph: stderr
2024-03-14T12:51:31.597+0000 7f3e9f7fe700 1 -- 172.21.15.111:0/3649664049 --> [v2:172.21.15.111:3300/0,v1:172.21.15.111:6789/0] -- mon_subscribe({config=0+,monmap=0+}) v3 -- 0x7f3e940094f0 con 0x7f3ea01025a0
2024-03-14T12:51:33.119 INFO:teuthology.orchestra.run.smithi111.stdout:/usr/bin/ceph: stderr
2024-03-14T12:51:31.597+0000 7f3e9f7fe700 1 --2- 172.21.15.111:0/3649664049 >> [v2:172.21.15.111:3300/0,v1:172.21.15.111:6789/0] conn(0x7f3ea01025a0 0x7f3ea0111390 secure :-1 s=READY pgs=64 cs=0 l=1 rev1=1 crypto rx=0x7f3e94011ca0 tx=0x7f3e94009250 comp rx=0 tx=0).ready entity=mon.0 client_cookie=0 server_cookie=0 in_seq=0 out_seq=0
2024-03-14T12:51:33.119 INFO:teuthology.orchestra.run.smithi111.stdout:/usr/bin/ceph: stderr
2024-03-14T12:51:31.597+0000 7f3e87fff700 1 -- 172.21.15.111:0/3649664049 <== mon.0 v2:172.21.15.111:3300/0 1 ==== mon_map magic: 0 v1 ==== 229+0+0 (secure 0 0 0) 0x7f3e94010850 con 0x7f3ea01025a0
2024-03-14T12:51:33.119 INFO:teuthology.orchestra.run.smithi111.stdout:/usr/bin/ceph: stderr
2024-03-14T12:51:31.598+0000 7f3ea5c2b700 1 -- 172.21.15.111:0/3649664049 --> [v2:172.21.15.111:3300/0,v1:172.21.15.111:6789/0] -- mon_subscribe({mgrmap=0+}) v3 -- 0x7f3ea0111ad0 con 0x7f3ea01025a0
2024-03-14T12:51:33.119 INFO:teuthology.orchestra.run.smithi111.stdout:/usr/bin/ceph: stderr
2024-03-14T12:51:31.598+0000 7f3e87fff700 1 -- 172.21.15.111:0/3649664049 <== mon.0 v2:172.21.15.111:3300/0 2 ==== config(26 keys) v1 ==== 1074+0+0 (secure 0 0 0) 0x7f3e94010e60 con 0x7f3ea01025a0
2024-03-14T12:51:33.119 INFO:teuthology.orchestra.run.smithi111.stdout:/usr/bin/ceph: stderr
2024-03-14T12:51:31.598+0000 7f3e87fff700 1 -- 172.21.15.111:0/3649664049 <== mon.0 v2:172.21.15.111:3300/0 3 ==== mon_map magic: 0 v1 ==== 229+0+0 (secure 0 0 0) 0x7f3e9401ae70 con 0x7f3ea01025a0
2024-03-14T12:51:33.119 INFO:teuthology.orchestra.run.smithi111.stdout:/usr/bin/ceph: stderr
2024-03-14T12:51:31.598+0000 7f3ea5c2b700 1 -- 172.21.15.111:0/3649664049 --> [v2:172.21.15.111:3300/0,v1:172.21.15.111:6789/0] -- mon_subscribe({osdmap=0}) v3 -- 0x7f3ea0111ee0 con 0x7f3ea01025a0
2024-03-14T12:51:33.119 INFO:teuthology.orchestra.run.smithi111.stdout:/usr/bin/ceph: stderr
2024-03-14T12:51:31.599+0000 7f3ea5c2b700 1 -- 172.21.15.111:0/3649664049 --> [v2:172.21.15.111:3300/0,v1:172.21.15.111:6789/0] -- mon_command({"prefix": "get_command_descriptions"} v 0) v1 -- 0x7f3ea004bed0 con 0x7f3ea01025a0
2024-03-14T12:51:33.119 INFO:teuthology.orchestra.run.smithi111.stdout:/usr/bin/ceph: stderr
2024-03-14T12:51:31.599+0000 7f3e87fff700 1 -- 172.21.15.111:0/3649664049 <== mon.0 v2:172.21.15.111:3300/0 4 ==== mgrmap(e 8) v1 ==== 43368+0+0 (secure 0 0 0) 0x7f3e940109b0 con 0x7f3ea01025a0
2024-03-14T12:51:33.119 INFO:teuthology.orchestra.run.smithi111.stdout:/usr/bin/ceph: stderr
2024-03-14T12:51:31.599+0000 7f3e87fff700 1 --2- 172.21.15.111:0/3649664049 >> [v2:172.21.15.111:6800/119405983,v1:172.21.15.111:6801/119405983] conn(0x7f3e8803aba0 0x7f3e8803d050 unknown :-1 s=NONE pgs=0 cs=0 l=1 rev1=0 crypto rx=0 tx=0 comp rx=0 tx=0).connect
2024-03-14T12:51:33.119 INFO:teuthology.orchestra.run.smithi111.stdout:/usr/bin/ceph: stderr
2024-03-14T12:51:31.599+0000 7f3e87fff700 1 -- 172.21.15.111:0/3649664049 <== mon.0 v2:172.21.15.111:3300/0 5 ==== osd_map(2..2 src has 1..2) v4 ==== 936+0+0 (secure 0 0 0) 0x7f3e9404ac10 con 0x7f3ea01025a0
2024-03-14T12:51:33.119 INFO:teuthology.orchestra.run.smithi111.stdout:/usr/bin/ceph: stderr
2024-03-14T12:51:31.599+0000 7f3e9effd700 1 --2- 172.21.15.111:0/3649664049 >> [v2:172.21.15.111:6800/119405983,v1:172.21.15.111:6801/119405983] conn(0x7f3e8803aba0 0x7f3e8803d050 unknown :-1 s=BANNER_CONNECTING pgs=0 cs=0 l=1 rev1=0 crypto rx=0 tx=0 comp rx=0 tx=0)._handle_peer_banner_payload supported=3 required=0
2024-03-14T12:51:33.120 INFO:teuthology.orchestra.run.smithi111.stdout:/usr/bin/ceph: stderr
2024-03-14T12:51:31.600+0000 7f3e9effd700 1 --2- 172.21.15.111:0/3649664049 >> [v2:172.21.15.111:6800/119405983,v1:172.21.15.111:6801/119405983] conn(0x7f3e8803aba0 0x7f3e8803d050 secure :-1 s=READY pgs=21 cs=0 l=1 rev1=1 crypto rx=0x7f3e90009990 tx=0x7f3e90006e40 comp rx=0 tx=0).ready entity=mgr.14118 client_cookie=0 server_cookie=0 in_seq=0 out_seq=0
2024-03-14T12:51:33.120 INFO:teuthology.orchestra.run.smithi111.stdout:/usr/bin/ceph: stderr
2024-03-14T12:51:31.603+0000 7f3e87fff700 1 -- 172.21.15.111:0/3649664049 <== mon.0 v2:172.21.15.111:3300/0 6 ==== mon_command_ack([{"prefix": "get_command_descriptions"}]=0 v0) v1 ==== 72+0+175445 (secure 0 0 0) 0x7f3e94010c60 con 0x7f3ea01025a0
2024-03-14T12:51:33.120 INFO:teuthology.orchestra.run.smithi111.stdout:/usr/bin/ceph: stderr
2024-03-14T12:51:31.835+0000 7f3ea5c2b700 1 -- 172.21.15.111:0/3649664049 --> [v2:172.21.15.111:3300/0,v1:172.21.15.111:6789/0] -- mon_command({"prefix": "mgr module enable", "module": "dashboard"} v 0) v1 -- 0x7f3ea0112640 con 0x7f3ea01025a0
2024-03-14T12:51:33.120 INFO:teuthology.orchestra.run.smithi111.stdout:/usr/bin/ceph: stderr
2024-03-14T12:51:32.493+0000 7f3e87fff700 1 -- 172.21.15.111:0/3649664049 <== mon.0 v2:172.21.15.111:3300/0 7 ==== mgrmap(e 9) v1 ==== 43381+0+0 (secure 0 0 0) 0x7f3e94049db0 con 0x7f3ea01025a0
2024-03-14T12:51:33.120 INFO:teuthology.orchestra.run.smithi111.stdout:/usr/bin/ceph: stderr
2024-03-14T12:51:32.494+0000 7f3e87fff700 1 -- 172.21.15.111:0/3649664049 <== mon.0 v2:172.21.15.111:3300/0 8 ==== mon_command_ack([{"prefix": "mgr module enable", "module": "dashboard"}]=0 v9) v1 ==== 88+0+0 (secure 0 0 0) 0x7f3e94006d70 con 0x7f3ea01025a0
2024-03-14T12:51:33.120 INFO:teuthology.orchestra.run.smithi111.stdout:/usr/bin/ceph: stderr
2024-03-14T12:51:32.497+0000 7f3ea5c2b700 1 -- 172.21.15.111:0/3649664049 >> [v2:172.21.15.111:6800/119405983,v1:172.21.15.111:6801/119405983] conn(0x7f3e8803aba0 msgr2=0x7f3e8803d050 secure :-1 s=STATE_CONNECTION_ESTABLISHED l=1).mark_down
2024-03-14T12:51:33.120 INFO:teuthology.orchestra.run.smithi111.stdout:/usr/bin/ceph: stderr
2024-03-14T12:51:32.497+0000 7f3ea5c2b700 1 --2- 172.21.15.111:0/3649664049 >> [v2:172.21.15.111:6800/119405983,v1:172.21.15.111:6801/119405983] conn(0x7f3e8803aba0 0x7f3e8803d050 secure :-1 s=READY pgs=21 cs=0 l=1 rev1=1 crypto rx=0x7f3e90009990 tx=0x7f3e90006e40 comp rx=0 tx=0).stop
2024-03-14T12:51:33.120 INFO:teuthology.orchestra.run.smithi111.stdout:/usr/bin/ceph: stderr
2024-03-14T12:51:32.497+0000 7f3ea5c2b700 1 -- 172.21.15.111:0/3649664049 >> [v2:172.21.15.111:3300/0,v1:172.21.15.111:6789/0] conn(0x7f3ea01025a0 msgr2=0x7f3ea0111390 secure :-1 s=STATE_CONNECTION_ESTABLISHED l=1).mark_down
2024-03-14T12:51:33.120 INFO:teuthology.orchestra.run.smithi111.stdout:/usr/bin/ceph: stderr
2024-03-14T12:51:32.497+0000 7f3ea5c2b700 1 --2- 172.21.15.111:0/3649664049 >> [v2:172.21.15.111:3300/0,v1:172.21.15.111:6789/0] conn(0x7f3ea01025a0 0x7f3ea0111390 secure :-1 s=READY pgs=64 cs=0 l=1 rev1=1 crypto rx=0x7f3e94011ca0 tx=0x7f3e94009250 comp rx=0 tx=0).stop
2024-03-14T12:51:33.120 INFO:teuthology.orchestra.run.smithi111.stdout:/usr/bin/ceph: stderr
2024-03-14T12:51:32.497+0000 7f3ea5c2b700 1 -- 172.21.15.111:0/3649664049 shutdown_connections
2024-03-14T12:51:33.120 INFO:teuthology.orchestra.run.smithi111.stdout:/usr/bin/ceph: stderr
2024-03-14T12:51:32.497+0000 7f3ea5c2b700 1 --2- 172.21.15.111:0/3649664049 >> [v2:172.21.15.111:6800/119405983,v1:172.21.15.111:6801/119405983] conn(0x7f3e8803aba0 0x7f3e8803d050 unknown :-1 s=CLOSED pgs=21 cs=0 l=1 rev1=1 crypto rx=0 tx=0 comp rx=0 tx=0).stop
2024-03-14T12:51:33.120 INFO:teuthology.orchestra.run.smithi111.stdout:/usr/bin/ceph: stderr
2024-03-14T12:51:32.497+0000 7f3ea5c2b700 1 --2- 172.21.15.111:0/3649664049 >> [v2:172.21.15.111:3300/0,v1:172.21.15.111:6789/0] conn(0x7f3ea01025a0 0x7f3ea0111390 unknown :-1 s=CLOSED pgs=64 cs=0 l=1 rev1=1 crypto rx=0 tx=0 comp rx=0 tx=0).stop
2024-03-14T12:51:33.120 INFO:teuthology.orchestra.run.smithi111.stdout:/usr/bin/ceph: stderr
2024-03-14T12:51:32.497+0000 7f3ea5c2b700 1 -- 172.21.15.111:0/3649664049 >> 172.21.15.111:0/3649664049 conn(0x7f3ea00fdd20 msgr2=0x7f3ea00fe930 unknown :-1 s=STATE_NONE l=0).mark_down
2024-03-14T12:51:33.120 INFO:teuthology.orchestra.run.smithi111.stdout:/usr/bin/ceph: stderr
2024-03-14T12:51:32.497+0000 7f3ea5c2b700 1 -- 172.21.15.111:0/3649664049 shutdown_connections
2024-03-14T12:51:33.121 INFO:teuthology.orchestra.run.smithi111.stdout:/usr/bin/ceph: stderr
2024-03-14T12:51:32.497+0000 7f3ea5c2b700 1 -- 172.21.15.111:0/3649664049 wait complete.
2024-03-14T12:51:33.890 INFO:journalctl@ceph.mon.smithi111.smithi111.stdout:Mar 14 12:51:33 smithi111 ceph-mon[39688]: from='client.? 172.21.15.111:0/3649664049' entity='client.admin' cmd='[{"prefix": "mgr module enable", "module": "dashboard"}]': finished
2024-03-14T12:51:33.890 INFO:journalctl@ceph.mon.smithi111.smithi111.stdout:Mar 14 12:51:33 smithi111 ceph-mon[39688]: mgrmap e9: smithi111.atysez(active, since 26s)
2024-03-14T12:51:34.595 INFO:teuthology.orchestra.run.smithi111.stdout:/usr/bin/ceph: stdout {
2024-03-14T12:51:34.595 INFO:teuthology.orchestra.run.smithi111.stdout:/usr/bin/ceph: stdout "epoch": 9,
2024-03-14T12:51:34.595 INFO:teuthology.orchestra.run.smithi111.stdout:/usr/bin/ceph: stdout "available": true,
2024-03-14T12:51:34.595 INFO:teuthology.orchestra.run.smithi111.stdout:/usr/bin/ceph: stdout "active_name": "smithi111.atysez",
2024-03-14T12:51:34.595 INFO:teuthology.orchestra.run.smithi111.stdout:/usr/bin/ceph: stdout "num_standby": 0
2024-03-14T12:51:34.595 INFO:teuthology.orchestra.run.smithi111.stdout:/usr/bin/ceph: stdout }
2024-03-14T12:51:34.595 INFO:teuthology.orchestra.run.smithi111.stdout:/usr/bin/ceph: stderr
2024-03-14T12:51:33.627+0000 7fb1f35f2700 1 Processor -- start
2024-03-14T12:51:34.595 INFO:teuthology.orchestra.run.smithi111.stdout:/usr/bin/ceph: stderr
2024-03-14T12:51:33.627+0000 7fb1f35f2700 1 -- start start
2024-03-14T12:51:34.595 INFO:teuthology.orchestra.run.smithi111.stdout:/usr/bin/ceph: stderr
2024-03-14T12:51:33.627+0000 7fb1f35f2700 1 --2- >> [v2:172.21.15.111:3300/0,v1:172.21.15.111:6789/0] conn(0x7fb1ec1014e0 0x7fb1ec1018f0 unknown :-1 s=NONE pgs=0 cs=0 l=0 rev1=0 crypto rx=0 tx=0 comp rx=0 tx=0).connect
2024-03-14T12:51:34.595 INFO:teuthology.orchestra.run.smithi111.stdout:/usr/bin/ceph: stderr
2024-03-14T12:51:33.627+0000 7fb1f35f2700 1 -- --> [v2:172.21.15.111:3300/0,v1:172.21.15.111:6789/0] -- mon_getmap magic: 0 v1 -- 0x7fb1ec101e30 con 0x7fb1ec1014e0
2024-03-14T12:51:34.595 INFO:teuthology.orchestra.run.smithi111.stdout:/usr/bin/ceph: stderr
2024-03-14T12:51:33.628+0000 7fb1f138e700 1 --2- >> [v2:172.21.15.111:3300/0,v1:172.21.15.111:6789/0] conn(0x7fb1ec1014e0 0x7fb1ec1018f0 unknown :-1 s=BANNER_CONNECTING pgs=0 cs=0 l=0 rev1=0 crypto rx=0 tx=0 comp rx=0 tx=0)._handle_peer_banner_payload supported=3 required=0
2024-03-14T12:51:34.595 INFO:teuthology.orchestra.run.smithi111.stdout:/usr/bin/ceph: stderr
2024-03-14T12:51:33.628+0000 7fb1f138e700 1 --2- >> [v2:172.21.15.111:3300/0,v1:172.21.15.111:6789/0] conn(0x7fb1ec1014e0 0x7fb1ec1018f0 unknown :-1 s=HELLO_CONNECTING pgs=0 cs=0 l=0 rev1=1 crypto rx=0 tx=0 comp rx=0 tx=0).handle_hello peer v2:172.21.15.111:3300/0 says I am v2:172.21.15.111:36072/0 (socket says 172.21.15.111:36072)
2024-03-14T12:51:34.596 INFO:teuthology.orchestra.run.smithi111.stdout:/usr/bin/ceph: stderr
2024-03-14T12:51:33.628+0000 7fb1f138e700 1 -- 172.21.15.111:0/882107192 learned_addr learned my addr 172.21.15.111:0/882107192 (peer_addr_for_me v2:172.21.15.111:0/0)
2024-03-14T12:51:34.596 INFO:teuthology.orchestra.run.smithi111.stdout:/usr/bin/ceph: stderr
2024-03-14T12:51:33.628+0000 7fb1f138e700 1 -- 172.21.15.111:0/882107192 --> [v2:172.21.15.111:3300/0,v1:172.21.15.111:6789/0] -- mon_subscribe({config=0+,monmap=0+}) v3 -- 0x7fb1ec101f70 con 0x7fb1ec1014e0
2024-03-14T12:51:34.596 INFO:teuthology.orchestra.run.smithi111.stdout:/usr/bin/ceph: stderr
2024-03-14T12:51:33.628+0000 7fb1f138e700 1 --2- 172.21.15.111:0/882107192 >> [v2:172.21.15.111:3300/0,v1:172.21.15.111:6789/0] conn(0x7fb1ec1014e0 0x7fb1ec1018f0 secure :-1 s=READY pgs=67 cs=0 l=1 rev1=1 crypto rx=0x7fb1e800bb80 tx=0x7fb1e800b4f0 comp rx=0 tx=0).ready entity=mon.0 client_cookie=5f239365b4b735ac server_cookie=0 in_seq=0 out_seq=0
2024-03-14T12:51:34.596 INFO:teuthology.orchestra.run.smithi111.stdout:/usr/bin/ceph: stderr
2024-03-14T12:51:33.628+0000 7fb1e3fff700 1 -- 172.21.15.111:0/882107192 <== mon.0 v2:172.21.15.111:3300/0 1 ==== mon_map magic: 0 v1 ==== 229+0+0 (secure 0 0 0) 0x7fb1e800dd00 con 0x7fb1ec1014e0
2024-03-14T12:51:34.596 INFO:teuthology.orchestra.run.smithi111.stdout:/usr/bin/ceph: stderr
2024-03-14T12:51:33.628+0000 7fb1e3fff700 1 -- 172.21.15.111:0/882107192 <== mon.0 v2:172.21.15.111:3300/0 2 ==== config(26 keys) v1 ==== 1074+0+0 (secure 0 0 0) 0x7fb1e800de60 con 0x7fb1ec1014e0
2024-03-14T12:51:34.596 INFO:teuthology.orchestra.run.smithi111.stdout:/usr/bin/ceph: stderr
2024-03-14T12:51:33.628+0000 7fb1e3fff700 1 -- 172.21.15.111:0/882107192 <== mon.0 v2:172.21.15.111:3300/0 3 ==== mon_map magic: 0 v1 ==== 229+0+0 (secure 0 0 0) 0x7fb1e80188d0 con 0x7fb1ec1014e0
2024-03-14T12:51:34.596 INFO:teuthology.orchestra.run.smithi111.stdout:/usr/bin/ceph: stderr
2024-03-14T12:51:33.629+0000 7fb1f35f2700 1 -- 172.21.15.111:0/882107192 >> [v2:172.21.15.111:3300/0,v1:172.21.15.111:6789/0] conn(0x7fb1ec1014e0 msgr2=0x7fb1ec1018f0 secure :-1 s=STATE_CONNECTION_ESTABLISHED l=1).mark_down
2024-03-14T12:51:34.596 INFO:teuthology.orchestra.run.smithi111.stdout:/usr/bin/ceph: stderr
2024-03-14T12:51:33.629+0000 7fb1f35f2700 1 --2- 172.21.15.111:0/882107192 >> [v2:172.21.15.111:3300/0,v1:172.21.15.111:6789/0] conn(0x7fb1ec1014e0 0x7fb1ec1018f0 secure :-1 s=READY pgs=67 cs=0 l=1 rev1=1 crypto rx=0x7fb1e800bb80 tx=0x7fb1e800b4f0 comp rx=0 tx=0).stop
2024-03-14T12:51:34.596 INFO:teuthology.orchestra.run.smithi111.stdout:/usr/bin/ceph: stderr
2024-03-14T12:51:33.629+0000 7fb1f35f2700 1 -- 172.21.15.111:0/882107192 shutdown_connections
2024-03-14T12:51:34.596 INFO:teuthology.orchestra.run.smithi111.stdout:/usr/bin/ceph: stderr
2024-03-14T12:51:33.629+0000 7fb1f35f2700 1 --2- 172.21.15.111:0/882107192 >> [v2:172.21.15.111:3300/0,v1:172.21.15.111:6789/0] conn(0x7fb1ec1014e0 0x7fb1ec1018f0 unknown :-1 s=CLOSED pgs=67 cs=0 l=1 rev1=1 crypto rx=0 tx=0 comp rx=0 tx=0).stop
2024-03-14T12:51:34.596 INFO:teuthology.orchestra.run.smithi111.stdout:/usr/bin/ceph: stderr
2024-03-14T12:51:33.629+0000 7fb1f35f2700 1 -- 172.21.15.111:0/882107192 >> 172.21.15.111:0/882107192 conn(0x7fb1ec0fcc60 msgr2=0x7fb1ec0ff070 unknown :-1 s=STATE_NONE l=0).mark_down
2024-03-14T12:51:34.596 INFO:teuthology.orchestra.run.smithi111.stdout:/usr/bin/ceph: stderr
2024-03-14T12:51:33.629+0000 7fb1f35f2700 1 -- 172.21.15.111:0/882107192 shutdown_connections
2024-03-14T12:51:34.596 INFO:teuthology.orchestra.run.smithi111.stdout:/usr/bin/ceph: stderr
2024-03-14T12:51:33.629+0000 7fb1f35f2700 1 -- 172.21.15.111:0/882107192 wait complete.
2024-03-14T12:51:34.596 INFO:teuthology.orchestra.run.smithi111.stdout:/usr/bin/ceph: stderr
2024-03-14T12:51:33.629+0000 7fb1f35f2700 1 Processor -- start
2024-03-14T12:51:34.597 INFO:teuthology.orchestra.run.smithi111.stdout:/usr/bin/ceph: stderr
2024-03-14T12:51:33.629+0000 7fb1f35f2700 1 -- start start
2024-03-14T12:51:34.597 INFO:teuthology.orchestra.run.smithi111.stdout:/usr/bin/ceph: stderr
2024-03-14T12:51:33.630+0000 7fb1f35f2700 1 --2- >> [v2:172.21.15.111:3300/0,v1:172.21.15.111:6789/0] conn(0x7fb1ec1014e0 0x7fb1ec10f120 unknown :-1 s=NONE pgs=0 cs=0 l=1 rev1=0 crypto rx=0 tx=0 comp rx=0 tx=0).connect
2024-03-14T12:51:34.597 INFO:teuthology.orchestra.run.smithi111.stdout:/usr/bin/ceph: stderr
2024-03-14T12:51:33.630+0000 7fb1f35f2700 1 -- --> [v2:172.21.15.111:3300/0,v1:172.21.15.111:6789/0] -- mon_getmap magic: 0 v1 -- 0x7fb1ec10f660 con 0x7fb1ec1014e0
2024-03-14T12:51:34.597 INFO:teuthology.orchestra.run.smithi111.stdout:/usr/bin/ceph: stderr
2024-03-14T12:51:33.630+0000 7fb1f138e700 1 --2- >> [v2:172.21.15.111:3300/0,v1:172.21.15.111:6789/0] conn(0x7fb1ec1014e0 0x7fb1ec10f120 unknown :-1 s=BANNER_CONNECTING pgs=0 cs=0 l=1 rev1=0 crypto rx=0 tx=0 comp rx=0 tx=0)._handle_peer_banner_payload supported=3 required=0
2024-03-14T12:51:34.597 INFO:teuthology.orchestra.run.smithi111.stdout:/usr/bin/ceph: stderr
2024-03-14T12:51:33.630+0000 7fb1f138e700 1 --2- >> [v2:172.21.15.111:3300/0,v1:172.21.15.111:6789/0] conn(0x7fb1ec1014e0 0x7fb1ec10f120 unknown :-1 s=HELLO_CONNECTING pgs=0 cs=0 l=1 rev1=1 crypto rx=0 tx=0 comp rx=0 tx=0).handle_hello peer v2:172.21.15.111:3300/0 says I am v2:172.21.15.111:36078/0 (socket says 172.21.15.111:36078)
2024-03-14T12:51:34.597 INFO:teuthology.orchestra.run.smithi111.stdout:/usr/bin/ceph: stderr
2024-03-14T12:51:33.630+0000 7fb1f138e700 1 -- 172.21.15.111:0/1572986205 learned_addr learned my addr 172.21.15.111:0/1572986205 (peer_addr_for_me v2:172.21.15.111:0/0)
2024-03-14T12:51:34.597 INFO:teuthology.orchestra.run.smithi111.stdout:/usr/bin/ceph: stderr
2024-03-14T12:51:33.630+0000 7fb1f138e700 1 -- 172.21.15.111:0/1572986205 --> [v2:172.21.15.111:3300/0,v1:172.21.15.111:6789/0] -- mon_subscribe({config=0+,monmap=0+}) v3 -- 0x7fb1e800b790 con 0x7fb1ec1014e0
2024-03-14T12:51:34.597 INFO:teuthology.orchestra.run.smithi111.stdout:/usr/bin/ceph: stderr
2024-03-14T12:51:33.630+0000 7fb1f138e700 1 --2- 172.21.15.111:0/1572986205 >> [v2:172.21.15.111:3300/0,v1:172.21.15.111:6789/0] conn(0x7fb1ec1014e0 0x7fb1ec10f120 secure :-1 s=READY pgs=68 cs=0 l=1 rev1=1 crypto rx=0x7fb1e8018630 tx=0x7fb1e800b4f0 comp rx=0 tx=0).ready entity=mon.0 client_cookie=0 server_cookie=0 in_seq=0 out_seq=0
2024-03-14T12:51:34.597 INFO:teuthology.orchestra.run.smithi111.stdout:/usr/bin/ceph: stderr
2024-03-14T12:51:33.630+0000 7fb1e1ffb700 1 -- 172.21.15.111:0/1572986205 <== mon.0 v2:172.21.15.111:3300/0 1 ==== mon_map magic: 0 v1 ==== 229+0+0 (secure 0 0 0) 0x7fb1e8010b90 con 0x7fb1ec1014e0
2024-03-14T12:51:34.597 INFO:teuthology.orchestra.run.smithi111.stdout:/usr/bin/ceph: stderr
2024-03-14T12:51:33.630+0000 7fb1f35f2700 1 -- 172.21.15.111:0/1572986205 --> [v2:172.21.15.111:3300/0,v1:172.21.15.111:6789/0] -- mon_subscribe({mgrmap=0+}) v3 -- 0x7fb1ec10f860 con 0x7fb1ec1014e0
2024-03-14T12:51:34.597 INFO:teuthology.orchestra.run.smithi111.stdout:/usr/bin/ceph: stderr
2024-03-14T12:51:33.630+0000 7fb1e1ffb700 1 -- 172.21.15.111:0/1572986205 <== mon.0 v2:172.21.15.111:3300/0 2 ==== config(26 keys) v1 ==== 1074+0+0 (secure 0 0 0) 0x7fb1e801d050 con 0x7fb1ec1014e0
2024-03-14T12:51:34.597 INFO:teuthology.orchestra.run.smithi111.stdout:/usr/bin/ceph: stderr
2024-03-14T12:51:33.630+0000 7fb1e1ffb700 1 -- 172.21.15.111:0/1572986205 <== mon.0 v2:172.21.15.111:3300/0 3 ==== mon_map magic: 0 v1 ==== 229+0+0 (secure 0 0 0) 0x7fb1e8022590 con 0x7fb1ec1014e0
2024-03-14T12:51:34.597 INFO:teuthology.orchestra.run.smithi111.stdout:/usr/bin/ceph: stderr
2024-03-14T12:51:33.630+0000 7fb1f35f2700 1 -- 172.21.15.111:0/1572986205 --> [v2:172.21.15.111:3300/0,v1:172.21.15.111:6789/0] -- mon_subscribe({osdmap=0}) v3 -- 0x7fb1ec1103d0 con 0x7fb1ec1014e0
2024-03-14T12:51:34.597 INFO:teuthology.orchestra.run.smithi111.stdout:/usr/bin/ceph: stderr
2024-03-14T12:51:33.631+0000 7fb1e1ffb700 1 -- 172.21.15.111:0/1572986205 <== mon.0 v2:172.21.15.111:3300/0 4 ==== mgrmap(e 9) v1 ==== 43381+0+0 (secure 0 0 0) 0x7fb1e8022850 con 0x7fb1ec1014e0
2024-03-14T12:51:34.598 INFO:teuthology.orchestra.run.smithi111.stdout:/usr/bin/ceph: stderr
2024-03-14T12:51:33.631+0000 7fb1e1ffb700 1 --2- 172.21.15.111:0/1572986205 >> [v2:172.21.15.111:6800/119405983,v1:172.21.15.111:6801/119405983] conn(0x7fb1d80367e0 0x7fb1d8038c90 unknown :-1 s=NONE pgs=0 cs=0 l=1 rev1=0 crypto rx=0 tx=0 comp rx=0 tx=0).connect
2024-03-14T12:51:34.598 INFO:teuthology.orchestra.run.smithi111.stdout:/usr/bin/ceph: stderr
2024-03-14T12:51:33.631+0000 7fb1e1ffb700 1 -- 172.21.15.111:0/1572986205 <== mon.0 v2:172.21.15.111:3300/0 5 ==== osd_map(2..2 src has 1..2) v4 ==== 936+0+0 (secure 0 0 0) 0x7fb1e8014070 con 0x7fb1ec1014e0
2024-03-14T12:51:34.598 INFO:teuthology.orchestra.run.smithi111.stdout:/usr/bin/ceph: stderr
2024-03-14T12:51:33.632+0000 7fb1f0b8d700 1 -- 172.21.15.111:0/1572986205 >> [v2:172.21.15.111:6800/119405983,v1:172.21.15.111:6801/119405983] conn(0x7fb1d80367e0 msgr2=0x7fb1d8038c90 unknown :-1 s=STATE_CONNECTING_RE l=1).process reconnect failed to v2:172.21.15.111:6800/119405983
2024-03-14T12:51:34.598 INFO:teuthology.orchestra.run.smithi111.stdout:/usr/bin/ceph: stderr
2024-03-14T12:51:33.632+0000 7fb1f0b8d700 1 --2- 172.21.15.111:0/1572986205 >> [v2:172.21.15.111:6800/119405983,v1:172.21.15.111:6801/119405983] conn(0x7fb1d80367e0 0x7fb1d8038c90 unknown :-1 s=START_CONNECT pgs=0 cs=0 l=1 rev1=0 crypto rx=0 tx=0 comp rx=0 tx=0)._fault waiting 0.200000
2024-03-14T12:51:34.598 INFO:teuthology.orchestra.run.smithi111.stdout:/usr/bin/ceph: stderr
2024-03-14T12:51:33.632+0000 7fb1f35f2700 1 -- 172.21.15.111:0/1572986205 --> [v2:172.21.15.111:3300/0,v1:172.21.15.111:6789/0] -- mon_command({"prefix": "get_command_descriptions"} v 0) v1 -- 0x7fb1ec05f5f0 con 0x7fb1ec1014e0
2024-03-14T12:51:34.598 INFO:teuthology.orchestra.run.smithi111.stdout:/usr/bin/ceph: stderr
2024-03-14T12:51:33.640+0000 7fb1e1ffb700 1 -- 172.21.15.111:0/1572986205 <== mon.0 v2:172.21.15.111:3300/0 6 ==== mon_command_ack([{"prefix": "get_command_descriptions"}]=0 v0) v1 ==== 72+0+175445 (secure 0 0 0) 0x7fb1e800e360 con 0x7fb1ec1014e0
2024-03-14T12:51:34.598 INFO:teuthology.orchestra.run.smithi111.stdout:/usr/bin/ceph: stderr
2024-03-14T12:51:33.833+0000 7fb1f0b8d700 1 -- 172.21.15.111:0/1572986205 >> [v2:172.21.15.111:6800/119405983,v1:172.21.15.111:6801/119405983] conn(0x7fb1d80367e0 msgr2=0x7fb1d8038c90 unknown :-1 s=STATE_CONNECTING_RE l=1).process reconnect failed to v2:172.21.15.111:6800/119405983
2024-03-14T12:51:34.598 INFO:teuthology.orchestra.run.smithi111.stdout:/usr/bin/ceph: stderr
2024-03-14T12:51:33.833+0000 7fb1f0b8d700 1 --2- 172.21.15.111:0/1572986205 >> [v2:172.21.15.111:6800/119405983,v1:172.21.15.111:6801/119405983] conn(0x7fb1d80367e0 0x7fb1d8038c90 unknown :-1 s=START_CONNECT pgs=0 cs=0 l=1 rev1=0 crypto rx=0 tx=0 comp rx=0 tx=0)._fault waiting 0.400000
2024-03-14T12:51:34.598 INFO:teuthology.orchestra.run.smithi111.stdout:/usr/bin/ceph: stderr
2024-03-14T12:51:33.882+0000 7fb1f35f2700 1 -- 172.21.15.111:0/1572986205 --> [v2:172.21.15.111:3300/0,v1:172.21.15.111:6789/0] -- mon_command({"prefix": "mgr stat"} v 0) v1 -- 0x7fb1ec110e10 con 0x7fb1ec1014e0
2024-03-14T12:51:34.598 INFO:teuthology.orchestra.run.smithi111.stdout:/usr/bin/ceph: stderr
2024-03-14T12:51:33.882+0000 7fb1e1ffb700 1 -- 172.21.15.111:0/1572986205 <== mon.0 v2:172.21.15.111:3300/0 7 ==== mon_command_ack([{"prefix": "mgr stat"}]=0 v9) v1 ==== 56+0+103 (secure 0 0 0) 0x7fb1e80202d0 con 0x7fb1ec1014e0
2024-03-14T12:51:34.598 INFO:teuthology.orchestra.run.smithi111.stdout:/usr/bin/ceph: stderr
2024-03-14T12:51:33.884+0000 7fb1f35f2700 1 -- 172.21.15.111:0/1572986205 >> [v2:172.21.15.111:6800/119405983,v1:172.21.15.111:6801/119405983] conn(0x7fb1d80367e0 msgr2=0x7fb1d8038c90 unknown :-1 s=STATE_CONNECTING l=1).mark_down
2024-03-14T12:51:34.598 INFO:teuthology.orchestra.run.smithi111.stdout:/usr/bin/ceph: stderr
2024-03-14T12:51:33.884+0000 7fb1f35f2700 1 --2- 172.21.15.111:0/1572986205 >> [v2:172.21.15.111:6800/119405983,v1:172.21.15.111:6801/119405983] conn(0x7fb1d80367e0 0x7fb1d8038c90 unknown :-1 s=START_CONNECT pgs=0 cs=0 l=1 rev1=0 crypto rx=0 tx=0 comp rx=0 tx=0).stop
2024-03-14T12:51:34.598 INFO:teuthology.orchestra.run.smithi111.stdout:/usr/bin/ceph: stderr
