2024-03-14T12:51:13.248 INFO:teuthology.orchestra.run.smithi111.stdout:/usr/bin/ceph: stderr
2024-03-14T12:51:12.730+0000 7f29a2b5d700 1 -- 172.21.15.111:0/1127891203 >> [v2:172.21.15.111:6800/119405983,v1:172.21.15.111:6801/119405983] conn(0x7f298c0367e0 msgr2=0x7f298c038c90 secure :-1 s=STATE_CONNECTION_ESTABLISHED l=1).mark_down
2024-03-14T12:51:13.248 INFO:teuthology.orchestra.run.smithi111.stdout:/usr/bin/ceph: stderr
2024-03-14T12:51:12.730+0000 7f29a2b5d700 1 --2- 172.21.15.111:0/1127891203 >> [v2:172.21.15.111:6800/119405983,v1:172.21.15.111:6801/119405983] conn(0x7f298c0367e0 0x7f298c038c90 secure :-1 s=READY pgs=10 cs=0 l=1 rev1=1 crypto rx=0x7f2988009990 tx=0x7f2988006e40 comp rx=0 tx=0).stop
2024-03-14T12:51:13.248 INFO:teuthology.orchestra.run.smithi111.stdout:/usr/bin/ceph: stderr
2024-03-14T12:51:12.730+0000 7f29a2b5d700 1 -- 172.21.15.111:0/1127891203 >> [v2:172.21.15.111:3300/0,v1:172.21.15.111:6789/0] conn(0x7f299c1014e0 msgr2=0x7f299c076b30 secure :-1 s=STATE_CONNECTION_ESTABLISHED l=1).mark_down
2024-03-14T12:51:13.248 INFO:teuthology.orchestra.run.smithi111.stdout:/usr/bin/ceph: stderr
2024-03-14T12:51:12.730+0000 7f29a2b5d700 1 --2- 172.21.15.111:0/1127891203 >> [v2:172.21.15.111:3300/0,v1:172.21.15.111:6789/0] conn(0x7f299c1014e0 0x7f299c076b30 secure :-1 s=READY pgs=42 cs=0 l=1 rev1=1 crypto rx=0x7f2990006b00 tx=0x7f2990009250 comp rx=0 tx=0).stop
2024-03-14T12:51:13.248 INFO:teuthology.orchestra.run.smithi111.stdout:/usr/bin/ceph: stderr
2024-03-14T12:51:12.730+0000 7f29a2b5d700 1 -- 172.21.15.111:0/1127891203 shutdown_connections
2024-03-14T12:51:13.248 INFO:teuthology.orchestra.run.smithi111.stdout:/usr/bin/ceph: stderr
2024-03-14T12:51:12.730+0000 7f29a2b5d700 1 --2- 172.21.15.111:0/1127891203 >> [v2:172.21.15.111:6800/119405983,v1:172.21.15.111:6801/119405983] conn(0x7f298c0367e0 0x7f298c038c90 unknown :-1 s=CLOSED pgs=10 cs=0 l=1 rev1=1 crypto rx=0 tx=0 comp rx=0 tx=0).stop
2024-03-14T12:51:13.248 INFO:teuthology.orchestra.run.smithi111.stdout:/usr/bin/ceph: stderr
2024-03-14T12:51:12.730+0000 7f29a2b5d700 1 --2- 172.21.15.111:0/1127891203 >> [v2:172.21.15.111:3300/0,v1:172.21.15.111:6789/0] conn(0x7f299c1014e0 0x7f299c076b30 unknown :-1 s=CLOSED pgs=42 cs=0 l=1 rev1=1 crypto rx=0 tx=0 comp rx=0 tx=0).stop
2024-03-14T12:51:13.248 INFO:teuthology.orchestra.run.smithi111.stdout:/usr/bin/ceph: stderr
2024-03-14T12:51:12.730+0000 7f29a2b5d700 1 -- 172.21.15.111:0/1127891203 >> 172.21.15.111:0/1127891203 conn(0x7f299c0fcc60 msgr2=0x7f299c0fd740 unknown :-1 s=STATE_NONE l=0).mark_down
2024-03-14T12:51:13.248 INFO:teuthology.orchestra.run.smithi111.stdout:/usr/bin/ceph: stderr
2024-03-14T12:51:12.730+0000 7f29a2b5d700 1 -- 172.21.15.111:0/1127891203 shutdown_connections
2024-03-14T12:51:13.248 INFO:teuthology.orchestra.run.smithi111.stdout:/usr/bin/ceph: stderr
2024-03-14T12:51:12.730+0000 7f29a2b5d700 1 -- 172.21.15.111:0/1127891203 wait complete.
2024-03-14T12:51:13.248 INFO:teuthology.orchestra.run.smithi111.stdout:Wrote public SSH key to /home/ubuntu/cephtest/ceph.pub
2024-03-14T12:51:13.249 INFO:teuthology.orchestra.run.smithi111.stdout:Adding key to root@localhost authorized_keys...
2024-03-14T12:51:13.249 INFO:teuthology.orchestra.run.smithi111.stdout:Adding host smithi111...
2024-03-14T12:51:13.890 INFO:journalctl@ceph.mon.smithi111.smithi111.stdout:Mar 14 12:51:13 smithi111 ceph-mon[39688]: from='client.14136 -' entity='client.admin' cmd=[{"prefix": "cephadm get-pub-key", "target": ["mon-mgr", ""]}]: dispatch
2024-03-14T12:51:15.140 INFO:journalctl@ceph.mon.smithi111.smithi111.stdout:Mar 14 12:51:14 smithi111 ceph-mon[39688]: from='client.14138 -' entity='client.admin' cmd=[{"prefix": "orch host add", "hostname": "smithi111", "addr": "172.21.15.111", "target": ["mon-mgr", ""]}]: dispatch
2024-03-14T12:51:15.140 INFO:journalctl@ceph.mon.smithi111.smithi111.stdout:Mar 14 12:51:14 smithi111 ceph-mon[39688]: Deploying cephadm binary to smithi111
2024-03-14T12:51:16.295 INFO:teuthology.orchestra.run.smithi111.stdout:/usr/bin/ceph: stdout Added host 'smithi111' with addr '172.21.15.111'
2024-03-14T12:51:16.295 INFO:teuthology.orchestra.run.smithi111.stdout:/usr/bin/ceph: stderr
2024-03-14T12:51:13.790+0000 7fb4b392b700 1 Processor -- start
2024-03-14T12:51:16.295 INFO:teuthology.orchestra.run.smithi111.stdout:/usr/bin/ceph: stderr
2024-03-14T12:51:13.790+0000 7fb4b392b700 1 -- start start
2024-03-14T12:51:16.295 INFO:teuthology.orchestra.run.smithi111.stdout:/usr/bin/ceph: stderr
2024-03-14T12:51:13.790+0000 7fb4b392b700 1 --2- >> [v2:172.21.15.111:3300/0,v1:172.21.15.111:6789/0] conn(0x7fb4ac078d70 0x7fb4ac077280 unknown :-1 s=NONE pgs=0 cs=0 l=0 rev1=0 crypto rx=0 tx=0 comp rx=0 tx=0).connect
2024-03-14T12:51:16.295 INFO:teuthology.orchestra.run.smithi111.stdout:/usr/bin/ceph: stderr
2024-03-14T12:51:13.790+0000 7fb4b392b700 1 -- --> [v2:172.21.15.111:3300/0,v1:172.21.15.111:6789/0] -- mon_getmap magic: 0 v1 -- 0x7fb4ac079180 con 0x7fb4ac078d70
2024-03-14T12:51:16.295 INFO:teuthology.orchestra.run.smithi111.stdout:/usr/bin/ceph: stderr
2024-03-14T12:51:13.790+0000 7fb4b16c7700 1 --2- >> [v2:172.21.15.111:3300/0,v1:172.21.15.111:6789/0] conn(0x7fb4ac078d70 0x7fb4ac077280 unknown :-1 s=BANNER_CONNECTING pgs=0 cs=0 l=0 rev1=0 crypto rx=0 tx=0 comp rx=0 tx=0)._handle_peer_banner_payload supported=3 required=0
2024-03-14T12:51:16.295 INFO:teuthology.orchestra.run.smithi111.stdout:/usr/bin/ceph: stderr
2024-03-14T12:51:13.790+0000 7fb4b16c7700 1 --2- >> [v2:172.21.15.111:3300/0,v1:172.21.15.111:6789/0] conn(0x7fb4ac078d70 0x7fb4ac077280 unknown :-1 s=HELLO_CONNECTING pgs=0 cs=0 l=0 rev1=1 crypto rx=0 tx=0 comp rx=0 tx=0).handle_hello peer v2:172.21.15.111:3300/0 says I am v2:172.21.15.111:38372/0 (socket says 172.21.15.111:38372)
2024-03-14T12:51:16.296 INFO:teuthology.orchestra.run.smithi111.stdout:/usr/bin/ceph: stderr
2024-03-14T12:51:13.790+0000 7fb4b16c7700 1 -- 172.21.15.111:0/43373615 learned_addr learned my addr 172.21.15.111:0/43373615 (peer_addr_for_me v2:172.21.15.111:0/0)
2024-03-14T12:51:16.296 INFO:teuthology.orchestra.run.smithi111.stdout:/usr/bin/ceph: stderr
2024-03-14T12:51:13.790+0000 7fb4b16c7700 1 -- 172.21.15.111:0/43373615 --> [v2:172.21.15.111:3300/0,v1:172.21.15.111:6789/0] -- mon_subscribe({config=0+,monmap=0+}) v3 -- 0x7fb4ac0777c0 con 0x7fb4ac078d70
2024-03-14T12:51:16.296 INFO:teuthology.orchestra.run.smithi111.stdout:/usr/bin/ceph: stderr
2024-03-14T12:51:13.791+0000 7fb4b16c7700 1 --2- 172.21.15.111:0/43373615 >> [v2:172.21.15.111:3300/0,v1:172.21.15.111:6789/0] conn(0x7fb4ac078d70 0x7fb4ac077280 secure :-1 s=READY pgs=43 cs=0 l=1 rev1=1 crypto rx=0x7fb4a80098e0 tx=0x7fb4a8009250 comp rx=0 tx=0).ready entity=mon.0 client_cookie=59d09dc8b70cd9d4 server_cookie=0 in_seq=0 out_seq=0
2024-03-14T12:51:16.296 INFO:teuthology.orchestra.run.smithi111.stdout:/usr/bin/ceph: stderr
2024-03-14T12:51:13.791+0000 7fb4a3fff700 1 -- 172.21.15.111:0/43373615 <== mon.0 v2:172.21.15.111:3300/0 1 ==== mon_map magic: 0 v1 ==== 229+0+0 (secure 0 0 0) 0x7fb4a800b860 con 0x7fb4ac078d70
2024-03-14T12:51:16.296 INFO:teuthology.orchestra.run.smithi111.stdout:/usr/bin/ceph: stderr
2024-03-14T12:51:13.791+0000 7fb4a3fff700 1 -- 172.21.15.111:0/43373615 <== mon.0 v2:172.21.15.111:3300/0 2 ==== config(26 keys) v1 ==== 1009+0+0 (secure 0 0 0) 0x7fb4a800be30 con 0x7fb4ac078d70
2024-03-14T12:51:16.296 INFO:teuthology.orchestra.run.smithi111.stdout:/usr/bin/ceph: stderr
2024-03-14T12:51:13.791+0000 7fb4a3fff700 1 -- 172.21.15.111:0/43373615 <== mon.0 v2:172.21.15.111:3300/0 3 ==== mon_map magic: 0 v1 ==== 229+0+0 (secure 0 0 0) 0x7fb4a8010380 con 0x7fb4ac078d70
2024-03-14T12:51:16.296 INFO:teuthology.orchestra.run.smithi111.stdout:/usr/bin/ceph: stderr
2024-03-14T12:51:13.791+0000 7fb4b392b700 1 -- 172.21.15.111:0/43373615 >> [v2:172.21.15.111:3300/0,v1:172.21.15.111:6789/0] conn(0x7fb4ac078d70 msgr2=0x7fb4ac077280 secure :-1 s=STATE_CONNECTION_ESTABLISHED l=1).mark_down
2024-03-14T12:51:16.296 INFO:teuthology.orchestra.run.smithi111.stdout:/usr/bin/ceph: stderr
2024-03-14T12:51:13.791+0000 7fb4b392b700 1 --2- 172.21.15.111:0/43373615 >> [v2:172.21.15.111:3300/0,v1:172.21.15.111:6789/0] conn(0x7fb4ac078d70 0x7fb4ac077280 secure :-1 s=READY pgs=43 cs=0 l=1 rev1=1 crypto rx=0x7fb4a80098e0 tx=0x7fb4a8009250 comp rx=0 tx=0).stop
2024-03-14T12:51:16.296 INFO:teuthology.orchestra.run.smithi111.stdout:/usr/bin/ceph: stderr
2024-03-14T12:51:13.791+0000 7fb4b392b700 1 -- 172.21.15.111:0/43373615 shutdown_connections
2024-03-14T12:51:16.296 INFO:teuthology.orchestra.run.smithi111.stdout:/usr/bin/ceph: stderr
2024-03-14T12:51:13.791+0000 7fb4b392b700 1 --2- 172.21.15.111:0/43373615 >> [v2:172.21.15.111:3300/0,v1:172.21.15.111:6789/0] conn(0x7fb4ac078d70 0x7fb4ac077280 unknown :-1 s=CLOSED pgs=43 cs=0 l=1 rev1=1 crypto rx=0 tx=0 comp rx=0 tx=0).stop
2024-03-14T12:51:16.296 INFO:teuthology.orchestra.run.smithi111.stdout:/usr/bin/ceph: stderr
2024-03-14T12:51:13.791+0000 7fb4b392b700 1 -- 172.21.15.111:0/43373615 >> 172.21.15.111:0/43373615 conn(0x7fb4ac0fdcd0 msgr2=0x7fb4ac100100 unknown :-1 s=STATE_NONE l=0).mark_down
2024-03-14T12:51:16.296 INFO:teuthology.orchestra.run.smithi111.stdout:/usr/bin/ceph: stderr
2024-03-14T12:51:13.791+0000 7fb4b392b700 1 -- 172.21.15.111:0/43373615 shutdown_connections
2024-03-14T12:51:16.296 INFO:teuthology.orchestra.run.smithi111.stdout:/usr/bin/ceph: stderr
2024-03-14T12:51:13.791+0000 7fb4b392b700 1 -- 172.21.15.111:0/43373615 wait complete.
2024-03-14T12:51:16.296 INFO:teuthology.orchestra.run.smithi111.stdout:/usr/bin/ceph: stderr
2024-03-14T12:51:13.792+0000 7fb4b392b700 1 Processor -- start
2024-03-14T12:51:16.296 INFO:teuthology.orchestra.run.smithi111.stdout:/usr/bin/ceph: stderr
2024-03-14T12:51:13.792+0000 7fb4b392b700 1 -- start start
2024-03-14T12:51:16.297 INFO:teuthology.orchestra.run.smithi111.stdout:/usr/bin/ceph: stderr
2024-03-14T12:51:13.792+0000 7fb4b392b700 1 --2- >> [v2:172.21.15.111:3300/0,v1:172.21.15.111:6789/0] conn(0x7fb4ac078d70 0x7fb4ac113600 unknown :-1 s=NONE pgs=0 cs=0 l=1 rev1=0 crypto rx=0 tx=0 comp rx=0 tx=0).connect
2024-03-14T12:51:16.297 INFO:teuthology.orchestra.run.smithi111.stdout:/usr/bin/ceph: stderr
2024-03-14T12:51:13.792+0000 7fb4b392b700 1 -- --> [v2:172.21.15.111:3300/0,v1:172.21.15.111:6789/0] -- mon_getmap magic: 0 v1 -- 0x7fb4ac113b40 con 0x7fb4ac078d70
2024-03-14T12:51:16.297 INFO:teuthology.orchestra.run.smithi111.stdout:/usr/bin/ceph: stderr
2024-03-14T12:51:13.792+0000 7fb4b16c7700 1 --2- >> [v2:172.21.15.111:3300/0,v1:172.21.15.111:6789/0] conn(0x7fb4ac078d70 0x7fb4ac113600 unknown :-1 s=BANNER_CONNECTING pgs=0 cs=0 l=1 rev1=0 crypto rx=0 tx=0 comp rx=0 tx=0)._handle_peer_banner_payload supported=3 required=0
2024-03-14T12:51:16.297 INFO:teuthology.orchestra.run.smithi111.stdout:/usr/bin/ceph: stderr
2024-03-14T12:51:13.792+0000 7fb4b16c7700 1 --2- >> [v2:172.21.15.111:3300/0,v1:172.21.15.111:6789/0] conn(0x7fb4ac078d70 0x7fb4ac113600 unknown :-1 s=HELLO_CONNECTING pgs=0 cs=0 l=1 rev1=1 crypto rx=0 tx=0 comp rx=0 tx=0).handle_hello peer v2:172.21.15.111:3300/0 says I am v2:172.21.15.111:38378/0 (socket says 172.21.15.111:38378)
2024-03-14T12:51:16.297 INFO:teuthology.orchestra.run.smithi111.stdout:/usr/bin/ceph: stderr
2024-03-14T12:51:13.792+0000 7fb4b16c7700 1 -- 172.21.15.111:0/3824206893 learned_addr learned my addr 172.21.15.111:0/3824206893 (peer_addr_for_me v2:172.21.15.111:0/0)
2024-03-14T12:51:16.297 INFO:teuthology.orchestra.run.smithi111.stdout:/usr/bin/ceph: stderr
2024-03-14T12:51:13.792+0000 7fb4b16c7700 1 -- 172.21.15.111:0/3824206893 --> [v2:172.21.15.111:3300/0,v1:172.21.15.111:6789/0] -- mon_subscribe({config=0+,monmap=0+}) v3 -- 0x7fb4a80094f0 con 0x7fb4ac078d70
2024-03-14T12:51:16.297 INFO:teuthology.orchestra.run.smithi111.stdout:/usr/bin/ceph: stderr
2024-03-14T12:51:13.793+0000 7fb4b16c7700 1 --2- 172.21.15.111:0/3824206893 >> [v2:172.21.15.111:3300/0,v1:172.21.15.111:6789/0] conn(0x7fb4ac078d70 0x7fb4ac113600 secure :-1 s=READY pgs=44 cs=0 l=1 rev1=1 crypto rx=0x7fb4a8006d40 tx=0x7fb4a8009250 comp rx=0 tx=0).ready entity=mon.0 client_cookie=0 server_cookie=0 in_seq=0 out_seq=0
2024-03-14T12:51:16.297 INFO:teuthology.orchestra.run.smithi111.stdout:/usr/bin/ceph: stderr
2024-03-14T12:51:13.793+0000 7fb4a1ffb700 1 -- 172.21.15.111:0/3824206893 <== mon.0 v2:172.21.15.111:3300/0 1 ==== mon_map magic: 0 v1 ==== 229+0+0 (secure 0 0 0) 0x7fb4a80109b0 con 0x7fb4ac078d70
2024-03-14T12:51:16.297 INFO:teuthology.orchestra.run.smithi111.stdout:/usr/bin/ceph: stderr
2024-03-14T12:51:13.793+0000 7fb4a1ffb700 1 -- 172.21.15.111:0/3824206893 <== mon.0 v2:172.21.15.111:3300/0 2 ==== config(26 keys) v1 ==== 1009+0+0 (secure 0 0 0) 0x7fb4a801a430 con 0x7fb4ac078d70
2024-03-14T12:51:16.297 INFO:teuthology.orchestra.run.smithi111.stdout:/usr/bin/ceph: stderr
2024-03-14T12:51:13.793+0000 7fb4b392b700 1 -- 172.21.15.111:0/3824206893 --> [v2:172.21.15.111:3300/0,v1:172.21.15.111:6789/0] -- mon_subscribe({mgrmap=0+}) v3 -- 0x7fb4ac113d40 con 0x7fb4ac078d70
2024-03-14T12:51:16.297 INFO:teuthology.orchestra.run.smithi111.stdout:/usr/bin/ceph: stderr
2024-03-14T12:51:13.793+0000 7fb4a1ffb700 1 -- 172.21.15.111:0/3824206893 <== mon.0 v2:172.21.15.111:3300/0 3 ==== mon_map magic: 0 v1 ==== 229+0+0 (secure 0 0 0) 0x7fb4a80245b0 con 0x7fb4ac078d70
2024-03-14T12:51:16.297 INFO:teuthology.orchestra.run.smithi111.stdout:/usr/bin/ceph: stderr
2024-03-14T12:51:13.793+0000 7fb4b392b700 1 -- 172.21.15.111:0/3824206893 --> [v2:172.21.15.111:3300/0,v1:172.21.15.111:6789/0] -- mon_subscribe({osdmap=0}) v3 -- 0x7fb4ac1148b0 con 0x7fb4ac078d70
2024-03-14T12:51:16.297 INFO:teuthology.orchestra.run.smithi111.stdout:/usr/bin/ceph: stderr
2024-03-14T12:51:13.794+0000 7fb4a1ffb700 1 -- 172.21.15.111:0/3824206893 <== mon.0 v2:172.21.15.111:3300/0 4 ==== mgrmap(e 8) v1 ==== 43368+0+0 (secure 0 0 0) 0x7fb4a802d3f0 con 0x7fb4ac078d70
2024-03-14T12:51:16.297 INFO:teuthology.orchestra.run.smithi111.stdout:/usr/bin/ceph: stderr
2024-03-14T12:51:13.794+0000 7fb4a1ffb700 1 --2- 172.21.15.111:0/3824206893 >> [v2:172.21.15.111:6800/119405983,v1:172.21.15.111:6801/119405983] conn(0x7fb4980367e0 0x7fb498038c90 unknown :-1 s=NONE pgs=0 cs=0 l=1 rev1=0 crypto rx=0 tx=0 comp rx=0 tx=0).connect
2024-03-14T12:51:16.297 INFO:teuthology.orchestra.run.smithi111.stdout:/usr/bin/ceph: stderr
2024-03-14T12:51:13.794+0000 7fb4a1ffb700 1 -- 172.21.15.111:0/3824206893 <== mon.0 v2:172.21.15.111:3300/0 5 ==== osd_map(2..2 src has 1..2) v4 ==== 936+0+0 (secure 0 0 0) 0x7fb4a804a4f0 con 0x7fb4ac078d70
2024-03-14T12:51:16.298 INFO:teuthology.orchestra.run.smithi111.stdout:/usr/bin/ceph: stderr
2024-03-14T12:51:13.794+0000 7fb4b0ec6700 1 --2- 172.21.15.111:0/3824206893 >> [v2:172.21.15.111:6800/119405983,v1:172.21.15.111:6801/119405983] conn(0x7fb4980367e0 0x7fb498038c90 unknown :-1 s=BANNER_CONNECTING pgs=0 cs=0 l=1 rev1=0 crypto rx=0 tx=0 comp rx=0 tx=0)._handle_peer_banner_payload supported=3 required=0
2024-03-14T12:51:16.298 INFO:teuthology.orchestra.run.smithi111.stdout:/usr/bin/ceph: stderr
2024-03-14T12:51:13.794+0000 7fb4b392b700 1 -- 172.21.15.111:0/3824206893 --> [v2:172.21.15.111:3300/0,v1:172.21.15.111:6789/0] -- mon_command({"prefix": "get_command_descriptions"} v 0) v1 -- 0x7fb4ac05f5f0 con 0x7fb4ac078d70
2024-03-14T12:51:16.298 INFO:teuthology.orchestra.run.smithi111.stdout:/usr/bin/ceph: stderr
2024-03-14T12:51:13.794+0000 7fb4b0ec6700 1 --2- 172.21.15.111:0/3824206893 >> [v2:172.21.15.111:6800/119405983,v1:172.21.15.111:6801/119405983] conn(0x7fb4980367e0 0x7fb498038c90 secure :-1 s=READY pgs=11 cs=0 l=1 rev1=1 crypto rx=0x7fb49c009990 tx=0x7fb49c006e40 comp rx=0 tx=0).ready entity=mgr.14118 client_cookie=0 server_cookie=0 in_seq=0 out_seq=0
2024-03-14T12:51:16.298 INFO:teuthology.orchestra.run.smithi111.stdout:/usr/bin/ceph: stderr
2024-03-14T12:51:13.799+0000 7fb4a1ffb700 1 -- 172.21.15.111:0/3824206893 <== mon.0 v2:172.21.15.111:3300/0 6 ==== mon_command_ack([{"prefix": "get_command_descriptions"}]=0 v0) v1 ==== 72+0+175445 (secure 0 0 0) 0x7fb4a802b8e0 con 0x7fb4ac078d70
2024-03-14T12:51:16.298 INFO:teuthology.orchestra.run.smithi111.stdout:/usr/bin/ceph: stderr
2024-03-14T12:51:13.985+0000 7fb4b392b700 1 -- 172.21.15.111:0/3824206893 --> [v2:172.21.15.111:6800/119405983,v1:172.21.15.111:6801/119405983] -- mgr_command(tid 0: {"prefix": "orch host add", "hostname": "smithi111", "addr": "172.21.15.111", "target": ["mon-mgr", ""]}) v1 -- 0x7fb4ac0ff090 con 0x7fb4980367e0
2024-03-14T12:51:16.298 INFO:teuthology.orchestra.run.smithi111.stdout:/usr/bin/ceph: stderr
2024-03-14T12:51:15.666+0000 7fb4a1ffb700 1 -- 172.21.15.111:0/3824206893 <== mgr.14118 v2:172.21.15.111:6800/119405983 1 ==== mgr_command_reply(tid 0: 0 ) v1 ==== 8+0+49 (secure 0 0 0) 0x7fb4ac0ff090 con 0x7fb4980367e0
2024-03-14T12:51:16.298 INFO:teuthology.orchestra.run.smithi111.stdout:/usr/bin/ceph: stderr
2024-03-14T12:51:15.669+0000 7fb4b392b700 1 -- 172.21.15.111:0/3824206893 >> [v2:172.21.15.111:6800/119405983,v1:172.21.15.111:6801/119405983] conn(0x7fb4980367e0 msgr2=0x7fb498038c90 secure :-1 s=STATE_CONNECTION_ESTABLISHED l=1).mark_down
2024-03-14T12:51:16.298 INFO:teuthology.orchestra.run.smithi111.stdout:/usr/bin/ceph: stderr
2024-03-14T12:51:15.669+0000 7fb4b392b700 1 --2- 172.21.15.111:0/3824206893 >> [v2:172.21.15.111:6800/119405983,v1:172.21.15.111:6801/119405983] conn(0x7fb4980367e0 0x7fb498038c90 secure :-1 s=READY pgs=11 cs=0 l=1 rev1=1 crypto rx=0x7fb49c009990 tx=0x7fb49c006e40 comp rx=0 tx=0).stop
2024-03-14T12:51:16.298 INFO:teuthology.orchestra.run.smithi111.stdout:/usr/bin/ceph: stderr
2024-03-14T12:51:15.669+0000 7fb4b392b700 1 -- 172.21.15.111:0/3824206893 >> [v2:172.21.15.111:3300/0,v1:172.21.15.111:6789/0] conn(0x7fb4ac078d70 msgr2=0x7fb4ac113600 secure :-1 s=STATE_CONNECTION_ESTABLISHED l=1).mark_down
2024-03-14T12:51:16.298 INFO:teuthology.orchestra.run.smithi111.stdout:/usr/bin/ceph: stderr
2024-03-14T12:51:15.669+0000 7fb4b392b700 1 --2- 172.21.15.111:0/3824206893 >> [v2:172.21.15.111:3300/0,v1:172.21.15.111:6789/0] conn(0x7fb4ac078d70 0x7fb4ac113600 secure :-1 s=READY pgs=44 cs=0 l=1 rev1=1 crypto rx=0x7fb4a8006d40 tx=0x7fb4a8009250 comp rx=0 tx=0).stop
2024-03-14T12:51:16.298 INFO:teuthology.orchestra.run.smithi111.stdout:/usr/bin/ceph: stderr
2024-03-14T12:51:15.669+0000 7fb4b392b700 1 -- 172.21.15.111:0/3824206893 shutdown_connections
2024-03-14T12:51:16.298 INFO:teuthology.orchestra.run.smithi111.stdout:/usr/bin/ceph: stderr
2024-03-14T12:51:15.669+0000 7fb4b392b700 1 --2- 172.21.15.111:0/3824206893 >> [v2:172.21.15.111:6800/119405983,v1:172.21.15.111:6801/119405983] conn(0x7fb4980367e0 0x7fb498038c90 unknown :-1 s=CLOSED pgs=11 cs=0 l=1 rev1=1 crypto rx=0 tx=0 comp rx=0 tx=0).stop
2024-03-14T12:51:16.298 INFO:teuthology.orchestra.run.smithi111.stdout:/usr/bin/ceph: stderr
2024-03-14T12:51:15.669+0000 7fb4b392b700 1 --2- 172.21.15.111:0/3824206893 >> [v2:172.21.15.111:3300/0,v1:172.21.15.111:6789/0] conn(0x7fb4ac078d70 0x7fb4ac113600 unknown :-1 s=CLOSED pgs=44 cs=0 l=1 rev1=1 crypto rx=0 tx=0 comp rx=0 tx=0).stop
2024-03-14T12:51:16.299 INFO:teuthology.orchestra.run.smithi111.stdout:/usr/bin/ceph: stderr
2024-03-14T12:51:15.669+0000 7fb4b392b700 1 -- 172.21.15.111:0/3824206893 >> 172.21.15.111:0/3824206893 conn(0x7fb4ac0fdcd0 msgr2=0x7fb4ac0fe8c0 unknown :-1 s=STATE_NONE l=0).mark_down
2024-03-14T12:51:16.299 INFO:teuthology.orchestra.run.smithi111.stdout:/usr/bin/ceph: stderr
2024-03-14T12:51:15.669+0000 7fb4b392b700 1 -- 172.21.15.111:0/3824206893 shutdown_connections
2024-03-14T12:51:16.299 INFO:teuthology.orchestra.run.smithi111.stdout:/usr/bin/ceph: stderr
2024-03-14T12:51:15.669+0000 7fb4b392b700 1 -- 172.21.15.111:0/3824206893 wait complete.
2024-03-14T12:51:16.299 INFO:teuthology.orchestra.run.smithi111.stdout:Deploying mon service with default placement...
2024-03-14T12:51:17.104 INFO:journalctl@ceph.mon.smithi111.smithi111.stdout:Mar 14 12:51:16 smithi111 ceph-mon[39688]: from='mgr.14118 172.21.15.111:0/196741891' entity='mgr.smithi111.atysez'
2024-03-14T12:51:17.104 INFO:journalctl@ceph.mon.smithi111.smithi111.stdout:Mar 14 12:51:16 smithi111 ceph-mon[39688]: Added host smithi111
2024-03-14T12:51:17.104 INFO:journalctl@ceph.mon.smithi111.smithi111.stdout:Mar 14 12:51:16 smithi111 ceph-mon[39688]: from='mgr.14118 172.21.15.111:0/196741891' entity='mgr.smithi111.atysez' cmd=[{"prefix": "config dump", "format": "json"}]: dispatch
2024-03-14T12:51:18.319 INFO:journalctl@ceph.mon.smithi111.smithi111.stdout:Mar 14 12:51:18 smithi111 ceph-mon[39688]: from='client.14140 -' entity='client.admin' cmd=[{"prefix": "orch apply", "service_type": "mon", "target": ["mon-mgr", ""]}]: dispatch
2024-03-14T12:51:18.319 INFO:journalctl@ceph.mon.smithi111.smithi111.stdout:Mar 14 12:51:18 smithi111 ceph-mon[39688]: Saving service mon spec with placement count:5
2024-03-14T12:51:18.319 INFO:journalctl@ceph.mon.smithi111.smithi111.stdout:Mar 14 12:51:18 smithi111 ceph-mon[39688]: from='mgr.14118 172.21.15.111:0/196741891' entity='mgr.smithi111.atysez'
2024-03-14T12:51:18.629 INFO:teuthology.orchestra.run.smithi111.stdout:/usr/bin/ceph: stdout Scheduled mon update...
2024-03-14T12:51:18.629 INFO:teuthology.orchestra.run.smithi111.stdout:/usr/bin/ceph: stderr
2024-03-14T12:51:16.849+0000 7fe6db9db700 1 Processor -- start
2024-03-14T12:51:18.629 INFO:teuthology.orchestra.run.smithi111.stdout:/usr/bin/ceph: stderr
2024-03-14T12:51:16.849+0000 7fe6db9db700 1 -- start start
2024-03-14T12:51:18.630 INFO:teuthology.orchestra.run.smithi111.stdout:/usr/bin/ceph: stderr
2024-03-14T12:51:16.849+0000 7fe6db9db700 1 --2- >> [v2:172.21.15.111:3300/0,v1:172.21.15.111:6789/0] conn(0x7fe6d41014e0 0x7fe6d41018f0 unknown :-1 s=NONE pgs=0 cs=0 l=0 rev1=0 crypto rx=0 tx=0 comp rx=0 tx=0).connect
2024-03-14T12:51:18.630 INFO:teuthology.orchestra.run.smithi111.stdout:/usr/bin/ceph: stderr
2024-03-14T12:51:16.849+0000 7fe6db9db700 1 -- --> [v2:172.21.15.111:3300/0,v1:172.21.15.111:6789/0] -- mon_getmap magic: 0 v1 -- 0x7fe6d4101e30 con 0x7fe6d41014e0
2024-03-14T12:51:18.630 INFO:teuthology.orchestra.run.smithi111.stdout:/usr/bin/ceph: stderr
2024-03-14T12:51:16.849+0000 7fe6d9777700 1 --2- >> [v2:172.21.15.111:3300/0,v1:172.21.15.111:6789/0] conn(0x7fe6d41014e0 0x7fe6d41018f0 unknown :-1 s=BANNER_CONNECTING pgs=0 cs=0 l=0 rev1=0 crypto rx=0 tx=0 comp rx=0 tx=0)._handle_peer_banner_payload supported=3 required=0
2024-03-14T12:51:18.630 INFO:teuthology.orchestra.run.smithi111.stdout:/usr/bin/ceph: stderr
2024-03-14T12:51:16.849+0000 7fe6d9777700 1 --2- >> [v2:172.21.15.111:3300/0,v1:172.21.15.111:6789/0] conn(0x7fe6d41014e0 0x7fe6d41018f0 unknown :-1 s=HELLO_CONNECTING pgs=0 cs=0 l=0 rev1=1 crypto rx=0 tx=0 comp rx=0 tx=0).handle_hello peer v2:172.21.15.111:3300/0 says I am v2:172.21.15.111:38388/0 (socket says 172.21.15.111:38388)
2024-03-14T12:51:18.630 INFO:teuthology.orchestra.run.smithi111.stdout:/usr/bin/ceph: stderr
2024-03-14T12:51:16.849+0000 7fe6d9777700 1 -- 172.21.15.111:0/1981686444 learned_addr learned my addr 172.21.15.111:0/1981686444 (peer_addr_for_me v2:172.21.15.111:0/0)
2024-03-14T12:51:18.630 INFO:teuthology.orchestra.run.smithi111.stdout:/usr/bin/ceph: stderr
2024-03-14T12:51:16.850+0000 7fe6d9777700 1 -- 172.21.15.111:0/1981686444 --> [v2:172.21.15.111:3300/0,v1:172.21.15.111:6789/0] -- mon_subscribe({config=0+,monmap=0+}) v3 -- 0x7fe6d4101f70 con 0x7fe6d41014e0
2024-03-14T12:51:18.630 INFO:teuthology.orchestra.run.smithi111.stdout:/usr/bin/ceph: stderr
2024-03-14T12:51:16.850+0000 7fe6d9777700 1 --2- 172.21.15.111:0/1981686444 >> [v2:172.21.15.111:3300/0,v1:172.21.15.111:6789/0] conn(0x7fe6d41014e0 0x7fe6d41018f0 secure :-1 s=READY pgs=45 cs=0 l=1 rev1=1 crypto rx=0x7fe6d000bb80 tx=0x7fe6d000b4f0 comp rx=0 tx=0).ready entity=mon.0 client_cookie=61cf54d95e5d8d3 server_cookie=0 in_seq=0 out_seq=0
2024-03-14T12:51:18.630 INFO:teuthology.orchestra.run.smithi111.stdout:/usr/bin/ceph: stderr
2024-03-14T12:51:16.850+0000 7fe6cbfff700 1 -- 172.21.15.111:0/1981686444 <== mon.0 v2:172.21.15.111:3300/0 1 ==== mon_map magic: 0 v1 ==== 229+0+0 (secure 0 0 0) 0x7fe6d000dd00 con 0x7fe6d41014e0
2024-03-14T12:51:18.630 INFO:teuthology.orchestra.run.smithi111.stdout:/usr/bin/ceph: stderr
2024-03-14T12:51:16.850+0000 7fe6cbfff700 1 -- 172.21.15.111:0/1981686444 <== mon.0 v2:172.21.15.111:3300/0 2 ==== config(26 keys) v1 ==== 1009+0+0 (secure 0 0 0) 0x7fe6d000de60 con 0x7fe6d41014e0
2024-03-14T12:51:18.630 INFO:teuthology.orchestra.run.smithi111.stdout:/usr/bin/ceph: stderr
2024-03-14T12:51:16.850+0000 7fe6cbfff700 1 -- 172.21.15.111:0/1981686444 <== mon.0 v2:172.21.15.111:3300/0 3 ==== mon_map magic: 0 v1 ==== 229+0+0 (secure 0 0 0) 0x7fe6d0018840 con 0x7fe6d41014e0
2024-03-14T12:51:18.630 INFO:teuthology.orchestra.run.smithi111.stdout:/usr/bin/ceph: stderr
2024-03-14T12:51:16.850+0000 7fe6db9db700 1 -- 172.21.15.111:0/1981686444 >> [v2:172.21.15.111:3300/0,v1:172.21.15.111:6789/0] conn(0x7fe6d41014e0 msgr2=0x7fe6d41018f0 secure :-1 s=STATE_CONNECTION_ESTABLISHED l=1).mark_down
2024-03-14T12:51:18.630 INFO:teuthology.orchestra.run.smithi111.stdout:/usr/bin/ceph: stderr
2024-03-14T12:51:16.850+0000 7fe6db9db700 1 --2- 172.21.15.111:0/1981686444 >> [v2:172.21.15.111:3300/0,v1:172.21.15.111:6789/0] conn(0x7fe6d41014e0 0x7fe6d41018f0 secure :-1 s=READY pgs=45 cs=0 l=1 rev1=1 crypto rx=0x7fe6d000bb80 tx=0x7fe6d000b4f0 comp rx=0 tx=0).stop
2024-03-14T12:51:18.630 INFO:teuthology.orchestra.run.smithi111.stdout:/usr/bin/ceph: stderr
2024-03-14T12:51:16.850+0000 7fe6db9db700 1 -- 172.21.15.111:0/1981686444 shutdown_connections
2024-03-14T12:51:18.630 INFO:teuthology.orchestra.run.smithi111.stdout:/usr/bin/ceph: stderr
2024-03-14T12:51:16.850+0000 7fe6db9db700 1 --2- 172.21.15.111:0/1981686444 >> [v2:172.21.15.111:3300/0,v1:172.21.15.111:6789/0] conn(0x7fe6d41014e0 0x7fe6d41018f0 unknown :-1 s=CLOSED pgs=45 cs=0 l=1 rev1=1 crypto rx=0 tx=0 comp rx=0 tx=0).stop
2024-03-14T12:51:18.631 INFO:teuthology.orchestra.run.smithi111.stdout:/usr/bin/ceph: stderr
2024-03-14T12:51:16.850+0000 7fe6db9db700 1 -- 172.21.15.111:0/1981686444 >> 172.21.15.111:0/1981686444 conn(0x7fe6d40fcc60 msgr2=0x7fe6d40ff070 unknown :-1 s=STATE_NONE l=0).mark_down
2024-03-14T12:51:18.631 INFO:teuthology.orchestra.run.smithi111.stdout:/usr/bin/ceph: stderr
2024-03-14T12:51:16.850+0000 7fe6db9db700 1 -- 172.21.15.111:0/1981686444 shutdown_connections
2024-03-14T12:51:18.631 INFO:teuthology.orchestra.run.smithi111.stdout:/usr/bin/ceph: stderr
2024-03-14T12:51:16.850+0000 7fe6db9db700 1 -- 172.21.15.111:0/1981686444 wait complete.
2024-03-14T12:51:18.631 INFO:teuthology.orchestra.run.smithi111.stdout:/usr/bin/ceph: stderr
2024-03-14T12:51:16.851+0000 7fe6db9db700 1 Processor -- start
2024-03-14T12:51:18.631 INFO:teuthology.orchestra.run.smithi111.stdout:/usr/bin/ceph: stderr
2024-03-14T12:51:16.851+0000 7fe6db9db700 1 -- start start
2024-03-14T12:51:18.631 INFO:teuthology.orchestra.run.smithi111.stdout:/usr/bin/ceph: stderr
2024-03-14T12:51:16.851+0000 7fe6db9db700 1 --2- >> [v2:172.21.15.111:3300/0,v1:172.21.15.111:6789/0] conn(0x7fe6d41014e0 0x7fe6d410f0e0 unknown :-1 s=NONE pgs=0 cs=0 l=1 rev1=0 crypto rx=0 tx=0 comp rx=0 tx=0).connect
2024-03-14T12:51:18.631 INFO:teuthology.orchestra.run.smithi111.stdout:/usr/bin/ceph: stderr
2024-03-14T12:51:16.851+0000 7fe6db9db700 1 -- --> [v2:172.21.15.111:3300/0,v1:172.21.15.111:6789/0] -- mon_getmap magic: 0 v1 -- 0x7fe6d410f620 con 0x7fe6d41014e0
2024-03-14T12:51:18.631 INFO:teuthology.orchestra.run.smithi111.stdout:/usr/bin/ceph: stderr
2024-03-14T12:51:16.851+0000 7fe6d9777700 1 --2- >> [v2:172.21.15.111:3300/0,v1:172.21.15.111:6789/0] conn(0x7fe6d41014e0 0x7fe6d410f0e0 unknown :-1 s=BANNER_CONNECTING pgs=0 cs=0 l=1 rev1=0 crypto rx=0 tx=0 comp rx=0 tx=0)._handle_peer_banner_payload supported=3 required=0
2024-03-14T12:51:18.631 INFO:teuthology.orchestra.run.smithi111.stdout:/usr/bin/ceph: stderr
2024-03-14T12:51:16.851+0000 7fe6d9777700 1 --2- >> [v2:172.21.15.111:3300/0,v1:172.21.15.111:6789/0] conn(0x7fe6d41014e0 0x7fe6d410f0e0 unknown :-1 s=HELLO_CONNECTING pgs=0 cs=0 l=1 rev1=1 crypto rx=0 tx=0 comp rx=0 tx=0).handle_hello peer v2:172.21.15.111:3300/0 says I am v2:172.21.15.111:38396/0 (socket says 172.21.15.111:38396)
2024-03-14T12:51:18.631 INFO:teuthology.orchestra.run.smithi111.stdout:/usr/bin/ceph: stderr
2024-03-14T12:51:16.851+0000 7fe6d9777700 1 -- 172.21.15.111:0/1495703318 learned_addr learned my addr 172.21.15.111:0/1495703318 (peer_addr_for_me v2:172.21.15.111:0/0)
2024-03-14T12:51:18.631 INFO:teuthology.orchestra.run.smithi111.stdout:/usr/bin/ceph: stderr
2024-03-14T12:51:16.851+0000 7fe6d9777700 1 -- 172.21.15.111:0/1495703318 --> [v2:172.21.15.111:3300/0,v1:172.21.15.111:6789/0] -- mon_subscribe({config=0+,monmap=0+}) v3 -- 0x7fe6d000b790 con 0x7fe6d41014e0
2024-03-14T12:51:18.631 INFO:teuthology.orchestra.run.smithi111.stdout:/usr/bin/ceph: stderr
2024-03-14T12:51:16.852+0000 7fe6d9777700 1 --2- 172.21.15.111:0/1495703318 >> [v2:172.21.15.111:3300/0,v1:172.21.15.111:6789/0] conn(0x7fe6d41014e0 0x7fe6d410f0e0 secure :-1 s=READY pgs=46 cs=0 l=1 rev1=1 crypto rx=0x7fe6d0006d40 tx=0x7fe6d000b4f0 comp rx=0 tx=0).ready entity=mon.0 client_cookie=0 server_cookie=0 in_seq=0 out_seq=0
2024-03-14T12:51:18.631 INFO:teuthology.orchestra.run.smithi111.stdout:/usr/bin/ceph: stderr
2024-03-14T12:51:16.852+0000 7fe6c9ffb700 1 -- 172.21.15.111:0/1495703318 <== mon.0 v2:172.21.15.111:3300/0 1 ==== mon_map magic: 0 v1 ==== 229+0+0 (secure 0 0 0) 0x7fe6d0010a00 con 0x7fe6d41014e0
2024-03-14T12:51:18.631 INFO:teuthology.orchestra.run.smithi111.stdout:/usr/bin/ceph: stderr
2024-03-14T12:51:16.852+0000 7fe6c9ffb700 1 -- 172.21.15.111:0/1495703318 <== mon.0 v2:172.21.15.111:3300/0 2 ==== config(26 keys) v1 ==== 1009+0+0 (secure 0 0 0) 0x7fe6d001d050 con 0x7fe6d41014e0
2024-03-14T12:51:18.632 INFO:teuthology.orchestra.run.smithi111.stdout:/usr/bin/ceph: stderr
2024-03-14T12:51:16.852+0000 7fe6db9db700 1 -- 172.21.15.111:0/1495703318 --> [v2:172.21.15.111:3300/0,v1:172.21.15.111:6789/0] -- mon_subscribe({mgrmap=0+}) v3 -- 0x7fe6d410f820 con 0x7fe6d41014e0
2024-03-14T12:51:18.632 INFO:teuthology.orchestra.run.smithi111.stdout:/usr/bin/ceph: stderr
2024-03-14T12:51:16.852+0000 7fe6c9ffb700 1 -- 172.21.15.111:0/1495703318 <== mon.0 v2:172.21.15.111:3300/0 3 ==== mon_map magic: 0 v1 ==== 229+0+0 (secure 0 0 0) 0x7fe6d0022590 con 0x7fe6d41014e0
2024-03-14T12:51:18.632 INFO:teuthology.orchestra.run.smithi111.stdout:/usr/bin/ceph: stderr
2024-03-14T12:51:16.852+0000 7fe6db9db700 1 -- 172.21.15.111:0/1495703318 --> [v2:172.21.15.111:3300/0,v1:172.21.15.111:6789/0] -- mon_subscribe({osdmap=0}) v3 -- 0x7fe6d4110390 con 0x7fe6d41014e0
2024-03-14T12:51:18.632 INFO:teuthology.orchestra.run.smithi111.stdout:/usr/bin/ceph: stderr
2024-03-14T12:51:16.853+0000 7fe6c9ffb700 1 -- 172.21.15.111:0/1495703318 <== mon.0 v2:172.21.15.111:3300/0 4 ==== mgrmap(e 8) v1 ==== 43368+0+0 (secure 0 0 0) 0x7fe6d0022740 con 0x7fe6d41014e0
2024-03-14T12:51:18.632 INFO:teuthology.orchestra.run.smithi111.stdout:/usr/bin/ceph: stderr
2024-03-14T12:51:16.853+0000 7fe6db9db700 1 -- 172.21.15.111:0/1495703318 --> [v2:172.21.15.111:3300/0,v1:172.21.15.111:6789/0] -- mon_command({"prefix": "get_command_descriptions"} v 0) v1 -- 0x7fe6d405f5f0 con 0x7fe6d41014e0
2024-03-14T12:51:18.632 INFO:teuthology.orchestra.run.smithi111.stdout:/usr/bin/ceph: stderr
2024-03-14T12:51:16.853+0000 7fe6c9ffb700 1 --2- 172.21.15.111:0/1495703318 >> [v2:172.21.15.111:6800/119405983,v1:172.21.15.111:6801/119405983] conn(0x7fe6c00367e0 0x7fe6c0038c90 unknown :-1 s=NONE pgs=0 cs=0 l=1 rev1=0 crypto rx=0 tx=0 comp rx=0 tx=0).connect
2024-03-14T12:51:18.632 INFO:teuthology.orchestra.run.smithi111.stdout:/usr/bin/ceph: stderr
2024-03-14T12:51:16.853+0000 7fe6c9ffb700 1 -- 172.21.15.111:0/1495703318 <== mon.0 v2:172.21.15.111:3300/0 5 ==== osd_map(2..2 src has 1..2) v4 ==== 936+0+0 (secure 0 0 0) 0x7fe6d0014070 con 0x7fe6d41014e0
2024-03-14T12:51:18.632 INFO:teuthology.orchestra.run.smithi111.stdout:/usr/bin/ceph: stderr
2024-03-14T12:51:16.853+0000 7fe6d8f76700 1 --2- 172.21.15.111:0/1495703318 >> [v2:172.21.15.111:6800/119405983,v1:172.21.15.111:6801/119405983] conn(0x7fe6c00367e0 0x7fe6c0038c90 unknown :-1 s=BANNER_CONNECTING pgs=0 cs=0 l=1 rev1=0 crypto rx=0 tx=0 comp rx=0 tx=0)._handle_peer_banner_payload supported=3 required=0
2024-03-14T12:51:18.632 INFO:teuthology.orchestra.run.smithi111.stdout:/usr/bin/ceph: stderr
2024-03-14T12:51:16.853+0000 7fe6d8f76700 1 --2- 172.21.15.111:0/1495703318 >> [v2:172.21.15.111:6800/119405983,v1:172.21.15.111:6801/119405983] conn(0x7fe6c00367e0 0x7fe6c0038c90 secure :-1 s=READY pgs=12 cs=0 l=1 rev1=1 crypto rx=0x7fe6c4009990 tx=0x7fe6c4006e40 comp rx=0 tx=0).ready entity=mgr.14118 client_cookie=0 server_cookie=0 in_seq=0 out_seq=0
2024-03-14T12:51:18.632 INFO:teuthology.orchestra.run.smithi111.stdout:/usr/bin/ceph: stderr
2024-03-14T12:51:16.857+0000 7fe6c9ffb700 1 -- 172.21.15.111:0/1495703318 <== mon.0 v2:172.21.15.111:3300/0 6 ==== mon_command_ack([{"prefix": "get_command_descriptions"}]=0 v0) v1 ==== 72+0+175445 (secure 0 0 0) 0x7fe6d000e360 con 0x7fe6d41014e0
2024-03-14T12:51:18.632 INFO:teuthology.orchestra.run.smithi111.stdout:/usr/bin/ceph: stderr
2024-03-14T12:51:17.068+0000 7fe6db9db700 1 -- 172.21.15.111:0/1495703318 --> [v2:172.21.15.111:6800/119405983,v1:172.21.15.111:6801/119405983] -- mgr_command(tid 0: {"prefix": "orch apply", "service_type": "mon", "target": ["mon-mgr", ""]}) v1 -- 0x7fe6d4110740 con 0x7fe6c00367e0
2024-03-14T12:51:18.632 INFO:teuthology.orchestra.run.smithi111.stdout:/usr/bin/ceph: stderr
2024-03-14T12:51:17.074+0000 7fe6c9ffb700 1 -- 172.21.15.111:0/1495703318 <== mgr.14118 v2:172.21.15.111:6800/119405983 1 ==== mgr_command_reply(tid 0: 0 ) v1 ==== 8+0+24 (secure 0 0 0) 0x7fe6d4110740 con 0x7fe6c00367e0
2024-03-14T12:51:18.632 INFO:teuthology.orchestra.run.smithi111.stdout:/usr/bin/ceph: stderr
2024-03-14T12:51:17.076+0000 7fe6db9db700 1 -- 172.21.15.111:0/1495703318 >> [v2:172.21.15.111:6800/119405983,v1:172.21.15.111:6801/119405983] conn(0x7fe6c00367e0 msgr2=0x7fe6c0038c90 secure :-1 s=STATE_CONNECTION_ESTABLISHED l=1).mark_down
2024-03-14T12:51:18.632 INFO:teuthology.orchestra.run.smithi111.stdout:/usr/bin/ceph: stderr
2024-03-14T12:51:17.076+0000 7fe6db9db700 1 --2- 172.21.15.111:0/1495703318 >> [v2:172.21.15.111:6800/119405983,v1:172.21.15.111:6801/119405983] conn(0x7fe6c00367e0 0x7fe6c0038c90 secure :-1 s=READY pgs=12 cs=0 l=1 rev1=1 crypto rx=0x7fe6c4009990 tx=0x7fe6c4006e40 comp rx=0 tx=0).stop
2024-03-14T12:51:18.633 INFO:teuthology.orchestra.run.smithi111.stdout:/usr/bin/ceph: stderr
2024-03-14T12:51:17.076+0000 7fe6db9db700 1 -- 172.21.15.111:0/1495703318 >> [v2:172.21.15.111:3300/0,v1:172.21.15.111:6789/0] conn(0x7fe6d41014e0 msgr2=0x7fe6d410f0e0 secure :-1 s=STATE_CONNECTION_ESTABLISHED l=1).mark_down
2024-03-14T12:51:18.633 INFO:teuthology.orchestra.run.smithi111.stdout:/usr/bin/ceph: stderr
2024-03-14T12:51:17.076+0000 7fe6db9db700 1 --2- 172.21.15.111:0/1495703318 >> [v2:172.21.15.111:3300/0,v1:172.21.15.111:6789/0] conn(0x7fe6d41014e0 0x7fe6d410f0e0 secure :-1 s=READY pgs=46 cs=0 l=1 rev1=1 crypto rx=0x7fe6d0006d40 tx=0x7fe6d000b4f0 comp rx=0 tx=0).stop
2024-03-14T12:51:18.633 INFO:teuthology.orchestra.run.smithi111.stdout:/usr/bin/ceph: stderr
2024-03-14T12:51:17.076+0000 7fe6db9db700 1 -- 172.21.15.111:0/1495703318 shutdown_connections
2024-03-14T12:51:18.633 INFO:teuthology.orchestra.run.smithi111.stdout:/usr/bin/ceph: stderr
2024-03-14T12:51:17.076+0000 7fe6db9db700 1 --2- 172.21.15.111:0/1495703318 >> [v2:172.21.15.111:6800/119405983,v1:172.21.15.111:6801/119405983] conn(0x7fe6c00367e0 0x7fe6c0038c90 unknown :-1 s=CLOSED pgs=12 cs=0 l=1 rev1=1 crypto rx=0 tx=0 comp rx=0 tx=0).stop
2024-03-14T12:51:18.633 INFO:teuthology.orchestra.run.smithi111.stdout:/usr/bin/ceph: stderr
2024-03-14T12:51:17.076+0000 7fe6db9db700 1 --2- 172.21.15.111:0/1495703318 >> [v2:172.21.15.111:3300/0,v1:172.21.15.111:6789/0] conn(0x7fe6d41014e0 0x7fe6d410f0e0 unknown :-1 s=CLOSED pgs=46 cs=0 l=1 rev1=1 crypto rx=0 tx=0 comp rx=0 tx=0).stop
2024-03-14T12:51:18.633 INFO:teuthology.orchestra.run.smithi111.stdout:/usr/bin/ceph: stderr
2024-03-14T12:51:17.076+0000 7fe6db9db700 1 -- 172.21.15.111:0/1495703318 >> 172.21.15.111:0/1495703318 conn(0x7fe6d40fcc60 msgr2=0x7fe6d4105970 unknown :-1 s=STATE_NONE l=0).mark_down
2024-03-14T12:51:18.633 INFO:teuthology.orchestra.run.smithi111.stdout:/usr/bin/ceph: stderr
2024-03-14T12:51:17.076+0000 7fe6db9db700 1 -- 172.21.15.111:0/1495703318 shutdown_connections
2024-03-14T12:51:18.633 INFO:teuthology.orchestra.run.smithi111.stdout:/usr/bin/ceph: stderr
2024-03-14T12:51:17.076+0000 7fe6db9db700 1 -- 172.21.15.111:0/1495703318 wait complete.
2024-03-14T12:51:18.633 INFO:teuthology.orchestra.run.smithi111.stdout:Deploying mgr service with default placement...
2024-03-14T12:51:19.547 INFO:journalctl@ceph.mon.smithi111.smithi111.stdout:Mar 14 12:51:19 smithi111 ceph-mon[39688]: from='mgr.14118 172.21.15.111:0/196741891' entity='mgr.smithi111.atysez'
2024-03-14T12:51:19.547 INFO:journalctl@ceph.mon.smithi111.smithi111.stdout:Mar 14 12:51:19 smithi111 ceph-mon[39688]: from='mgr.14118 172.21.15.111:0/196741891' entity='mgr.smithi111.atysez'
2024-03-14T12:51:20.070 INFO:teuthology.orchestra.run.smithi111.stdout:/usr/bin/ceph: stdout Scheduled mgr update...
2024-03-14T12:51:20.071 INFO:teuthology.orchestra.run.smithi111.stdout:/usr/bin/ceph: stderr
2024-03-14T12:51:19.196+0000 7f4760dd6700 1 Processor -- start
2024-03-14T12:51:20.071 INFO:teuthology.orchestra.run.smithi111.stdout:/usr/bin/ceph: stderr
2024-03-14T12:51:19.196+0000 7f4760dd6700 1 -- start start
2024-03-14T12:51:20.071 INFO:teuthology.orchestra.run.smithi111.stdout:/usr/bin/ceph: stderr
2024-03-14T12:51:19.196+0000 7f4760dd6700 1 --2- >> [v2:172.21.15.111:3300/0,v1:172.21.15.111:6789/0] conn(0x7f475c102580 0x7f475c102990 unknown :-1 s=NONE pgs=0 cs=0 l=0 rev1=0 crypto rx=0 tx=0 comp rx=0 tx=0).connect
2024-03-14T12:51:20.071 INFO:teuthology.orchestra.run.smithi111.stdout:/usr/bin/ceph: stderr
2024-03-14T12:51:19.196+0000 7f4760dd6700 1 -- --> [v2:172.21.15.111:3300/0,v1:172.21.15.111:6789/0] -- mon_getmap magic: 0 v1 -- 0x7f475c102ed0 con 0x7f475c102580
2024-03-14T12:51:20.071 INFO:teuthology.orchestra.run.smithi111.stdout:/usr/bin/ceph: stderr
2024-03-14T12:51:19.196+0000 7f475a59c700 1 --2- >> [v2:172.21.15.111:3300/0,v1:172.21.15.111:6789/0] conn(0x7f475c102580 0x7f475c102990 unknown :-1 s=BANNER_CONNECTING pgs=0 cs=0 l=0 rev1=0 crypto rx=0 tx=0 comp rx=0 tx=0)._handle_peer_banner_payload supported=3 required=0
2024-03-14T12:51:20.071 INFO:teuthology.orchestra.run.smithi111.stdout:/usr/bin/ceph: stderr
2024-03-14T12:51:19.196+0000 7f475a59c700 1 --2- >> [v2:172.21.15.111:3300/0,v1:172.21.15.111:6789/0] conn(0x7f475c102580 0x7f475c102990 unknown :-1 s=HELLO_CONNECTING pgs=0 cs=0 l=0 rev1=1 crypto rx=0 tx=0 comp rx=0 tx=0).handle_hello peer v2:172.21.15.111:3300/0 says I am v2:172.21.15.111:38412/0 (socket says 172.21.15.111:38412)
2024-03-14T12:51:20.071 INFO:teuthology.orchestra.run.smithi111.stdout:/usr/bin/ceph: stderr
2024-03-14T12:51:19.196+0000 7f475a59c700 1 -- 172.21.15.111:0/2038112668 learned_addr learned my addr 172.21.15.111:0/2038112668 (peer_addr_for_me v2:172.21.15.111:0/0)
2024-03-14T12:51:20.071 INFO:teuthology.orchestra.run.smithi111.stdout:/usr/bin/ceph: stderr
2024-03-14T12:51:19.197+0000 7f475a59c700 1 -- 172.21.15.111:0/2038112668 --> [v2:172.21.15.111:3300/0,v1:172.21.15.111:6789/0] -- mon_subscribe({config=0+,monmap=0+}) v3 -- 0x7f475c103010 con 0x7f475c102580
2024-03-14T12:51:20.071 INFO:teuthology.orchestra.run.smithi111.stdout:/usr/bin/ceph: stderr
2024-03-14T12:51:19.197+0000 7f475a59c700 1 --2- 172.21.15.111:0/2038112668 >> [v2:172.21.15.111:3300/0,v1:172.21.15.111:6789/0] conn(0x7f475c102580 0x7f475c102990 secure :-1 s=READY pgs=47 cs=0 l=1 rev1=1 crypto rx=0x7f474c0098e0 tx=0x7f474c009250 comp rx=0 tx=0).ready entity=mon.0 client_cookie=250adc86c3fd3bac server_cookie=0 in_seq=0 out_seq=0
2024-03-14T12:51:20.071 INFO:teuthology.orchestra.run.smithi111.stdout:/usr/bin/ceph: stderr
2024-03-14T12:51:19.197+0000 7f475959a700 1 -- 172.21.15.111:0/2038112668 <== mon.0 v2:172.21.15.111:3300/0 1 ==== mon_map magic: 0 v1 ==== 229+0+0 (secure 0 0 0) 0x7f474c00b860 con 0x7f475c102580
2024-03-14T12:51:20.071 INFO:teuthology.orchestra.run.smithi111.stdout:/usr/bin/ceph: stderr
2024-03-14T12:51:19.197+0000 7f475959a700 1 -- 172.21.15.111:0/2038112668 <== mon.0 v2:172.21.15.111:3300/0 2 ==== config(26 keys) v1 ==== 1074+0+0 (secure 0 0 0) 0x7f474c00be70 con 0x7f475c102580
2024-03-14T12:51:20.072 INFO:teuthology.orchestra.run.smithi111.stdout:/usr/bin/ceph: stderr
2024-03-14T12:51:19.197+0000 7f475959a700 1 -- 172.21.15.111:0/2038112668 <== mon.0 v2:172.21.15.111:3300/0 3 ==== mon_map magic: 0 v1 ==== 229+0+0 (secure 0 0 0) 0x7f474c010380 con 0x7f475c102580
2024-03-14T12:51:20.072 INFO:teuthology.orchestra.run.smithi111.stdout:/usr/bin/ceph: stderr
2024-03-14T12:51:19.198+0000 7f4760dd6700 1 -- 172.21.15.111:0/2038112668 >> [v2:172.21.15.111:3300/0,v1:172.21.15.111:6789/0] conn(0x7f475c102580 msgr2=0x7f475c102990 secure :-1 s=STATE_CONNECTION_ESTABLISHED l=1).mark_down
2024-03-14T12:51:20.072 INFO:teuthology.orchestra.run.smithi111.stdout:/usr/bin/ceph: stderr
2024-03-14T12:51:19.198+0000 7f4760dd6700 1 --2- 172.21.15.111:0/2038112668 >> [v2:172.21.15.111:3300/0,v1:172.21.15.111:6789/0] conn(0x7f475c102580 0x7f475c102990 secure :-1 s=READY pgs=47 cs=0 l=1 rev1=1 crypto rx=0x7f474c0098e0 tx=0x7f474c009250 comp rx=0 tx=0).stop
2024-03-14T12:51:20.072 INFO:teuthology.orchestra.run.smithi111.stdout:/usr/bin/ceph: stderr
2024-03-14T12:51:19.198+0000 7f4760dd6700 1 -- 172.21.15.111:0/2038112668 shutdown_connections
2024-03-14T12:51:20.072 INFO:teuthology.orchestra.run.smithi111.stdout:/usr/bin/ceph: stderr
2024-03-14T12:51:19.198+0000 7f4760dd6700 1 --2- 172.21.15.111:0/2038112668 >> [v2:172.21.15.111:3300/0,v1:172.21.15.111:6789/0] conn(0x7f475c102580 0x7f475c102990 unknown :-1 s=CLOSED pgs=47 cs=0 l=1 rev1=1 crypto rx=0 tx=0 comp rx=0 tx=0).stop
2024-03-14T12:51:20.072 INFO:teuthology.orchestra.run.smithi111.stdout:/usr/bin/ceph: stderr
2024-03-14T12:51:19.198+0000 7f4760dd6700 1 -- 172.21.15.111:0/2038112668 >> 172.21.15.111:0/2038112668 conn(0x7f475c0fdd00 msgr2=0x7f475c100110 unknown :-1 s=STATE_NONE l=0).mark_down
2024-03-14T12:51:20.072 INFO:teuthology.orchestra.run.smithi111.stdout:/usr/bin/ceph: stderr
2024-03-14T12:51:19.198+0000 7f4760dd6700 1 -- 172.21.15.111:0/2038112668 shutdown_connections
2024-03-14T12:51:20.072 INFO:teuthology.orchestra.run.smithi111.stdout:/usr/bin/ceph: stderr
2024-03-14T12:51:19.198+0000 7f4760dd6700 1 -- 172.21.15.111:0/2038112668 wait complete.
2024-03-14T12:51:20.072 INFO:teuthology.orchestra.run.smithi111.stdout:/usr/bin/ceph: stderr
2024-03-14T12:51:19.199+0000 7f4760dd6700 1 Processor -- start
2024-03-14T12:51:20.072 INFO:teuthology.orchestra.run.smithi111.stdout:/usr/bin/ceph: stderr
2024-03-14T12:51:19.199+0000 7f4760dd6700 1 -- start start
2024-03-14T12:51:20.072 INFO:teuthology.orchestra.run.smithi111.stdout:/usr/bin/ceph: stderr
2024-03-14T12:51:19.199+0000 7f4760dd6700 1 --2- >> [v2:172.21.15.111:3300/0,v1:172.21.15.111:6789/0] conn(0x7f475c102580 0x7f475c111380 unknown :-1 s=NONE pgs=0 cs=0 l=1 rev1=0 crypto rx=0 tx=0 comp rx=0 tx=0).connect
2024-03-14T12:51:20.072 INFO:teuthology.orchestra.run.smithi111.stdout:/usr/bin/ceph: stderr
2024-03-14T12:51:19.199+0000 7f4760dd6700 1 -- --> [v2:172.21.15.111:3300/0,v1:172.21.15.111:6789/0] -- mon_getmap magic: 0 v1 -- 0x7f475c1118c0 con 0x7f475c102580
2024-03-14T12:51:20.072 INFO:teuthology.orchestra.run.smithi111.stdout:/usr/bin/ceph: stderr
2024-03-14T12:51:19.199+0000 7f475a59c700 1 --2- >> [v2:172.21.15.111:3300/0,v1:172.21.15.111:6789/0] conn(0x7f475c102580 0x7f475c111380 unknown :-1 s=BANNER_CONNECTING pgs=0 cs=0 l=1 rev1=0 crypto rx=0 tx=0 comp rx=0 tx=0)._handle_peer_banner_payload supported=3 required=0
2024-03-14T12:51:20.072 INFO:teuthology.orchestra.run.smithi111.stdout:/usr/bin/ceph: stderr
2024-03-14T12:51:19.199+0000 7f475a59c700 1 --2- >> [v2:172.21.15.111:3300/0,v1:172.21.15.111:6789/0] conn(0x7f475c102580 0x7f475c111380 unknown :-1 s=HELLO_CONNECTING pgs=0 cs=0 l=1 rev1=1 crypto rx=0 tx=0 comp rx=0 tx=0).handle_hello peer v2:172.21.15.111:3300/0 says I am v2:172.21.15.111:38420/0 (socket says 172.21.15.111:38420)
2024-03-14T12:51:20.072 INFO:teuthology.orchestra.run.smithi111.stdout:/usr/bin/ceph: stderr
2024-03-14T12:51:19.199+0000 7f475a59c700 1 -- 172.21.15.111:0/3951024073 learned_addr learned my addr 172.21.15.111:0/3951024073 (peer_addr_for_me v2:172.21.15.111:0/0)
2024-03-14T12:51:20.073 INFO:teuthology.orchestra.run.smithi111.stdout:/usr/bin/ceph: stderr
2024-03-14T12:51:19.200+0000 7f475a59c700 1 -- 172.21.15.111:0/3951024073 --> [v2:172.21.15.111:3300/0,v1:172.21.15.111:6789/0] -- mon_subscribe({config=0+,monmap=0+}) v3 -- 0x7f474c0094f0 con 0x7f475c102580
2024-03-14T12:51:20.073 INFO:teuthology.orchestra.run.smithi111.stdout:/usr/bin/ceph: stderr
2024-03-14T12:51:19.200+0000 7f475a59c700 1 --2- 172.21.15.111:0/3951024073 >> [v2:172.21.15.111:3300/0,v1:172.21.15.111:6789/0] conn(0x7f475c102580 0x7f475c111380 secure :-1 s=READY pgs=48 cs=0 l=1 rev1=1 crypto rx=0x7f474c011ca0 tx=0x7f474c009250 comp rx=0 tx=0).ready entity=mon.0 client_cookie=0 server_cookie=0 in_seq=0 out_seq=0
2024-03-14T12:51:20.073 INFO:teuthology.orchestra.run.smithi111.stdout:/usr/bin/ceph: stderr
2024-03-14T12:51:19.200+0000 7f474affd700 1 -- 172.21.15.111:0/3951024073 <== mon.0 v2:172.21.15.111:3300/0 1 ==== mon_map magic: 0 v1 ==== 229+0+0 (secure 0 0 0) 0x7f474c010850 con 0x7f475c102580
2024-03-14T12:51:20.073 INFO:teuthology.orchestra.run.smithi111.stdout:/usr/bin/ceph: stderr
2024-03-14T12:51:19.200+0000 7f474affd700 1 -- 172.21.15.111:0/3951024073 <== mon.0 v2:172.21.15.111:3300/0 2 ==== config(26 keys) v1 ==== 1074+0+0 (secure 0 0 0) 0x7f474c010e60 con 0x7f475c102580
2024-03-14T12:51:20.073 INFO:teuthology.orchestra.run.smithi111.stdout:/usr/bin/ceph: stderr
2024-03-14T12:51:19.200+0000 7f4760dd6700 1 -- 172.21.15.111:0/3951024073 --> [v2:172.21.15.111:3300/0,v1:172.21.15.111:6789/0] -- mon_subscribe({mgrmap=0+}) v3 -- 0x7f475c111ac0 con 0x7f475c102580
2024-03-14T12:51:20.073 INFO:teuthology.orchestra.run.smithi111.stdout:/usr/bin/ceph: stderr
2024-03-14T12:51:19.200+0000 7f474affd700 1 -- 172.21.15.111:0/3951024073 <== mon.0 v2:172.21.15.111:3300/0 3 ==== mon_map magic: 0 v1 ==== 229+0+0 (secure 0 0 0) 0x7f474c01ae20 con 0x7f475c102580
2024-03-14T12:51:20.073 INFO:teuthology.orchestra.run.smithi111.stdout:/usr/bin/ceph: stderr
2024-03-14T12:51:19.200+0000 7f4760dd6700 1 -- 172.21.15.111:0/3951024073 --> [v2:172.21.15.111:3300/0,v1:172.21.15.111:6789/0] -- mon_subscribe({osdmap=0}) v3 -- 0x7f475c112630 con 0x7f475c102580
2024-03-14T12:51:20.073 INFO:teuthology.orchestra.run.smithi111.stdout:/usr/bin/ceph: stderr
2024-03-14T12:51:19.201+0000 7f474affd700 1 -- 172.21.15.111:0/3951024073 <== mon.0 v2:172.21.15.111:3300/0 4 ==== mgrmap(e 8) v1 ==== 43368+0+0 (secure 0 0 0) 0x7f474c02d3f0 con 0x7f475c102580
2024-03-14T12:51:20.073 INFO:teuthology.orchestra.run.smithi111.stdout:/usr/bin/ceph: stderr
2024-03-14T12:51:19.201+0000 7f4760dd6700 1 -- 172.21.15.111:0/3951024073 --> [v2:172.21.15.111:3300/0,v1:172.21.15.111:6789/0] -- mon_command({"prefix": "get_command_descriptions"} v 0) v1 -- 0x7f475c05f5f0 con 0x7f475c102580
2024-03-14T12:51:20.073 INFO:teuthology.orchestra.run.smithi111.stdout:/usr/bin/ceph: stderr
2024-03-14T12:51:19.201+0000 7f474affd700 1 --2- 172.21.15.111:0/3951024073 >> [v2:172.21.15.111:6800/119405983,v1:172.21.15.111:6801/119405983] conn(0x7f4744036790 0x7f4744038c40 unknown :-1 s=NONE pgs=0 cs=0 l=1 rev1=0 crypto rx=0 tx=0 comp rx=0 tx=0).connect
2024-03-14T12:51:20.073 INFO:teuthology.orchestra.run.smithi111.stdout:/usr/bin/ceph: stderr
2024-03-14T12:51:19.201+0000 7f474affd700 1 -- 172.21.15.111:0/3951024073 <== mon.0 v2:172.21.15.111:3300/0 5 ==== osd_map(2..2 src has 1..2) v4 ==== 936+0+0 (secure 0 0 0) 0x7f474c04a490 con 0x7f475c102580
2024-03-14T12:51:20.073 INFO:teuthology.orchestra.run.smithi111.stdout:/usr/bin/ceph: stderr
2024-03-14T12:51:19.201+0000 7f4759d9b700 1 --2- 172.21.15.111:0/3951024073 >> [v2:172.21.15.111:6800/119405983,v1:172.21.15.111:6801/119405983] conn(0x7f4744036790 0x7f4744038c40 unknown :-1 s=BANNER_CONNECTING pgs=0 cs=0 l=1 rev1=0 crypto rx=0 tx=0 comp rx=0 tx=0)._handle_peer_banner_payload supported=3 required=0
2024-03-14T12:51:20.073 INFO:teuthology.orchestra.run.smithi111.stdout:/usr/bin/ceph: stderr
2024-03-14T12:51:19.202+0000 7f4759d9b700 1 --2- 172.21.15.111:0/3951024073 >> [v2:172.21.15.111:6800/119405983,v1:172.21.15.111:6801/119405983] conn(0x7f4744036790 0x7f4744038c40 secure :-1 s=READY pgs=13 cs=0 l=1 rev1=1 crypto rx=0x7f4750009990 tx=0x7f4750006e40 comp rx=0 tx=0).ready entity=mgr.14118 client_cookie=0 server_cookie=0 in_seq=0 out_seq=0
2024-03-14T12:51:20.073 INFO:teuthology.orchestra.run.smithi111.stdout:/usr/bin/ceph: stderr
2024-03-14T12:51:19.206+0000 7f474affd700 1 -- 172.21.15.111:0/3951024073 <== mon.0 v2:172.21.15.111:3300/0 6 ==== mon_command_ack([{"prefix": "get_command_descriptions"}]=0 v0) v1 ==== 72+0+175445 (secure 0 0 0) 0x7f474c02b8e0 con 0x7f475c102580
2024-03-14T12:51:20.074 INFO:teuthology.orchestra.run.smithi111.stdout:/usr/bin/ceph: stderr
2024-03-14T12:51:19.418+0000 7f4760dd6700 1 -- 172.21.15.111:0/3951024073 --> [v2:172.21.15.111:6800/119405983,v1:172.21.15.111:6801/119405983] -- mgr_command(tid 0: {"prefix": "orch apply", "service_type": "mgr", "target": ["mon-mgr", ""]}) v1 -- 0x7f475c0fef40 con 0x7f4744036790
2024-03-14T12:51:20.074 INFO:teuthology.orchestra.run.smithi111.stdout:/usr/bin/ceph: stderr
2024-03-14T12:51:19.425+0000 7f474affd700 1 -- 172.21.15.111:0/3951024073 <== mgr.14118 v2:172.21.15.111:6800/119405983 1 ==== mgr_command_reply(tid 0: 0 ) v1 ==== 8+0+24 (secure 0 0 0) 0x7f475c0fef40 con 0x7f4744036790
