2024-03-14T12:50:57.693 INFO:teuthology.orchestra.run.smithi111.stdout:/usr/bin/ceph: stderr
2024-03-14T12:50:56.735+0000 7f9786d9d700 1 -- 172.21.15.111:0/3374733211 --> [v2:172.21.15.111:3300/0,v1:172.21.15.111:6789/0] -- mon_subscribe({config=0+,monmap=0+}) v3 -- 0x7f97700094f0 con 0x7f9788078d30
2024-03-14T12:50:57.693 INFO:teuthology.orchestra.run.smithi111.stdout:/usr/bin/ceph: stderr
2024-03-14T12:50:56.735+0000 7f9786d9d700 1 --2- 172.21.15.111:0/3374733211 >> [v2:172.21.15.111:3300/0,v1:172.21.15.111:6789/0] conn(0x7f9788078d30 0x7f97881135b0 secure :-1 s=READY pgs=17 cs=0 l=1 rev1=1 crypto rx=0x7f9770006fd0 tx=0x7f9770009250 comp rx=0 tx=0).ready entity=mon.0 client_cookie=0 server_cookie=0 in_seq=0 out_seq=0
2024-03-14T12:50:57.693 INFO:teuthology.orchestra.run.smithi111.stdout:/usr/bin/ceph: stderr
2024-03-14T12:50:56.735+0000 7f977f7fe700 1 -- 172.21.15.111:0/3374733211 <== mon.0 v2:172.21.15.111:3300/0 1 ==== mon_map magic: 0 v1 ==== 229+0+0 (secure 0 0 0) 0x7f9770010750 con 0x7f9788078d30
2024-03-14T12:50:57.694 INFO:teuthology.orchestra.run.smithi111.stdout:/usr/bin/ceph: stderr
2024-03-14T12:50:56.735+0000 7f977f7fe700 1 -- 172.21.15.111:0/3374733211 <== mon.0 v2:172.21.15.111:3300/0 2 ==== config(26 keys) v1 ==== 1009+0+0 (secure 0 0 0) 0x7f9770010d20 con 0x7f9788078d30
2024-03-14T12:50:57.694 INFO:teuthology.orchestra.run.smithi111.stdout:/usr/bin/ceph: stderr
2024-03-14T12:50:56.735+0000 7f977f7fe700 1 -- 172.21.15.111:0/3374733211 <== mon.0 v2:172.21.15.111:3300/0 3 ==== mon_map magic: 0 v1 ==== 229+0+0 (secure 0 0 0) 0x7f977001ada0 con 0x7f9788078d30
2024-03-14T12:50:57.694 INFO:teuthology.orchestra.run.smithi111.stdout:/usr/bin/ceph: stderr
2024-03-14T12:50:56.735+0000 7f978d236700 1 -- 172.21.15.111:0/3374733211 --> [v2:172.21.15.111:3300/0,v1:172.21.15.111:6789/0] -- mon_subscribe({mgrmap=0+}) v3 -- 0x7f9788113cf0 con 0x7f9788078d30
2024-03-14T12:50:57.694 INFO:teuthology.orchestra.run.smithi111.stdout:/usr/bin/ceph: stderr
2024-03-14T12:50:56.735+0000 7f978d236700 1 -- 172.21.15.111:0/3374733211 --> [v2:172.21.15.111:3300/0,v1:172.21.15.111:6789/0] -- mon_subscribe({osdmap=0}) v3 -- 0x7f9788114860 con 0x7f9788078d30
2024-03-14T12:50:57.694 INFO:teuthology.orchestra.run.smithi111.stdout:/usr/bin/ceph: stderr
2024-03-14T12:50:56.736+0000 7f977f7fe700 1 -- 172.21.15.111:0/3374733211 <== mon.0 v2:172.21.15.111:3300/0 4 ==== mgrmap(e 4) v1 ==== 43357+0+0 (secure 0 0 0) 0x7f97700193c0 con 0x7f9788078d30
2024-03-14T12:50:57.694 INFO:teuthology.orchestra.run.smithi111.stdout:/usr/bin/ceph: stderr
2024-03-14T12:50:56.736+0000 7f978d236700 1 -- 172.21.15.111:0/3374733211 --> [v2:172.21.15.111:3300/0,v1:172.21.15.111:6789/0] -- mon_command({"prefix": "get_command_descriptions"} v 0) v1 -- 0x7f978805f5f0 con 0x7f9788078d30
2024-03-14T12:50:57.694 INFO:teuthology.orchestra.run.smithi111.stdout:/usr/bin/ceph: stderr
2024-03-14T12:50:56.736+0000 7f977f7fe700 1 --2- 172.21.15.111:0/3374733211 >> [v2:172.21.15.111:6800/337686092,v1:172.21.15.111:6801/337686092] conn(0x7f9774036790 0x7f9774038c40 unknown :-1 s=NONE pgs=0 cs=0 l=1 rev1=0 crypto rx=0 tx=0 comp rx=0 tx=0).connect
2024-03-14T12:50:57.694 INFO:teuthology.orchestra.run.smithi111.stdout:/usr/bin/ceph: stderr
2024-03-14T12:50:56.736+0000 7f977f7fe700 1 -- 172.21.15.111:0/3374733211 <== mon.0 v2:172.21.15.111:3300/0 5 ==== osd_map(1..1 src has 1..1) v4 ==== 721+0+0 (secure 0 0 0) 0x7f9770049db0 con 0x7f9788078d30
2024-03-14T12:50:57.694 INFO:teuthology.orchestra.run.smithi111.stdout:/usr/bin/ceph: stderr
2024-03-14T12:50:56.736+0000 7f978659c700 1 --2- 172.21.15.111:0/3374733211 >> [v2:172.21.15.111:6800/337686092,v1:172.21.15.111:6801/337686092] conn(0x7f9774036790 0x7f9774038c40 unknown :-1 s=BANNER_CONNECTING pgs=0 cs=0 l=1 rev1=0 crypto rx=0 tx=0 comp rx=0 tx=0)._handle_peer_banner_payload supported=3 required=0
2024-03-14T12:50:57.694 INFO:teuthology.orchestra.run.smithi111.stdout:/usr/bin/ceph: stderr
2024-03-14T12:50:56.737+0000 7f978659c700 1 --2- 172.21.15.111:0/3374733211 >> [v2:172.21.15.111:6800/337686092,v1:172.21.15.111:6801/337686092] conn(0x7f9774036790 0x7f9774038c40 secure :-1 s=READY pgs=6 cs=0 l=1 rev1=1 crypto rx=0x7f9778009990 tx=0x7f9778006e40 comp rx=0 tx=0).ready entity=mgr.14100 client_cookie=0 server_cookie=0 in_seq=0 out_seq=0
2024-03-14T12:50:57.694 INFO:teuthology.orchestra.run.smithi111.stdout:/usr/bin/ceph: stderr
2024-03-14T12:50:56.741+0000 7f977f7fe700 1 -- 172.21.15.111:0/3374733211 <== mon.0 v2:172.21.15.111:3300/0 6 ==== mon_command_ack([{"prefix": "get_command_descriptions"}]=0 v0) v1 ==== 72+0+175445 (secure 0 0 0) 0x7f9770022e40 con 0x7f9788078d30
2024-03-14T12:50:57.694 INFO:teuthology.orchestra.run.smithi111.stdout:/usr/bin/ceph: stderr
2024-03-14T12:50:56.999+0000 7f978d236700 1 -- 172.21.15.111:0/3374733211 --> [v2:172.21.15.111:3300/0,v1:172.21.15.111:6789/0] -- mon_command({"prefix": "status", "format": "json-pretty"} v 0) v1 -- 0x7f978804bed0 con 0x7f9788078d30
2024-03-14T12:50:57.694 INFO:teuthology.orchestra.run.smithi111.stdout:/usr/bin/ceph: stderr
2024-03-14T12:50:56.999+0000 7f977f7fe700 1 -- 172.21.15.111:0/3374733211 <== mon.0 v2:172.21.15.111:3300/0 7 ==== mon_command_ack([{"prefix": "status", "format": "json-pretty"}]=0 v0) v1 ==== 79+0+1248 (secure 0 0 0) 0x7f9770022e40 con 0x7f9788078d30
2024-03-14T12:50:57.694 INFO:teuthology.orchestra.run.smithi111.stdout:/usr/bin/ceph: stderr
2024-03-14T12:50:57.001+0000 7f978d236700 1 -- 172.21.15.111:0/3374733211 >> [v2:172.21.15.111:6800/337686092,v1:172.21.15.111:6801/337686092] conn(0x7f9774036790 msgr2=0x7f9774038c40 secure :-1 s=STATE_CONNECTION_ESTABLISHED l=1).mark_down
2024-03-14T12:50:57.695 INFO:teuthology.orchestra.run.smithi111.stdout:/usr/bin/ceph: stderr
2024-03-14T12:50:57.001+0000 7f978d236700 1 --2- 172.21.15.111:0/3374733211 >> [v2:172.21.15.111:6800/337686092,v1:172.21.15.111:6801/337686092] conn(0x7f9774036790 0x7f9774038c40 secure :-1 s=READY pgs=6 cs=0 l=1 rev1=1 crypto rx=0x7f9778009990 tx=0x7f9778006e40 comp rx=0 tx=0).stop
2024-03-14T12:50:57.695 INFO:teuthology.orchestra.run.smithi111.stdout:/usr/bin/ceph: stderr
2024-03-14T12:50:57.001+0000 7f978d236700 1 -- 172.21.15.111:0/3374733211 >> [v2:172.21.15.111:3300/0,v1:172.21.15.111:6789/0] conn(0x7f9788078d30 msgr2=0x7f97881135b0 secure :-1 s=STATE_CONNECTION_ESTABLISHED l=1).mark_down
2024-03-14T12:50:57.695 INFO:teuthology.orchestra.run.smithi111.stdout:/usr/bin/ceph: stderr
2024-03-14T12:50:57.001+0000 7f978d236700 1 --2- 172.21.15.111:0/3374733211 >> [v2:172.21.15.111:3300/0,v1:172.21.15.111:6789/0] conn(0x7f9788078d30 0x7f97881135b0 secure :-1 s=READY pgs=17 cs=0 l=1 rev1=1 crypto rx=0x7f9770006fd0 tx=0x7f9770009250 comp rx=0 tx=0).stop
2024-03-14T12:50:57.695 INFO:teuthology.orchestra.run.smithi111.stdout:/usr/bin/ceph: stderr
2024-03-14T12:50:57.001+0000 7f978d236700 1 -- 172.21.15.111:0/3374733211 shutdown_connections
2024-03-14T12:50:57.695 INFO:teuthology.orchestra.run.smithi111.stdout:/usr/bin/ceph: stderr
2024-03-14T12:50:57.001+0000 7f978d236700 1 --2- 172.21.15.111:0/3374733211 >> [v2:172.21.15.111:6800/337686092,v1:172.21.15.111:6801/337686092] conn(0x7f9774036790 0x7f9774038c40 unknown :-1 s=CLOSED pgs=6 cs=0 l=1 rev1=1 crypto rx=0 tx=0 comp rx=0 tx=0).stop
2024-03-14T12:50:57.695 INFO:teuthology.orchestra.run.smithi111.stdout:/usr/bin/ceph: stderr
2024-03-14T12:50:57.001+0000 7f978d236700 1 --2- 172.21.15.111:0/3374733211 >> [v2:172.21.15.111:3300/0,v1:172.21.15.111:6789/0] conn(0x7f9788078d30 0x7f97881135b0 unknown :-1 s=CLOSED pgs=17 cs=0 l=1 rev1=1 crypto rx=0 tx=0 comp rx=0 tx=0).stop
2024-03-14T12:50:57.695 INFO:teuthology.orchestra.run.smithi111.stdout:/usr/bin/ceph: stderr
2024-03-14T12:50:57.001+0000 7f978d236700 1 -- 172.21.15.111:0/3374733211 >> 172.21.15.111:0/3374733211 conn(0x7f97880fdd00 msgr2=0x7f97880fe840 unknown :-1 s=STATE_NONE l=0).mark_down
2024-03-14T12:50:57.695 INFO:teuthology.orchestra.run.smithi111.stdout:/usr/bin/ceph: stderr
2024-03-14T12:50:57.001+0000 7f978d236700 1 -- 172.21.15.111:0/3374733211 shutdown_connections
2024-03-14T12:50:57.695 INFO:teuthology.orchestra.run.smithi111.stdout:/usr/bin/ceph: stderr
2024-03-14T12:50:57.001+0000 7f978d236700 1 -- 172.21.15.111:0/3374733211 wait complete.
2024-03-14T12:50:57.695 INFO:teuthology.orchestra.run.smithi111.stdout:mgr is available
2024-03-14T12:50:58.705 INFO:journalctl@ceph.mon.smithi111.smithi111.stdout:Mar 14 12:50:58 smithi111 ceph-mon[39688]: from='client.? 172.21.15.111:0/132213117' entity='client.admin' cmd=[{"prefix": "config assimilate-conf"}]: dispatch
2024-03-14T12:50:58.989 INFO:teuthology.orchestra.run.smithi111.stdout:/usr/bin/ceph: stdout
2024-03-14T12:50:58.989 INFO:teuthology.orchestra.run.smithi111.stdout:/usr/bin/ceph: stdout [global]
2024-03-14T12:50:58.990 INFO:teuthology.orchestra.run.smithi111.stdout:/usr/bin/ceph: stdout fsid = 591fecbc-e201-11ee-95c9-87774f69a715
2024-03-14T12:50:58.990 INFO:teuthology.orchestra.run.smithi111.stdout:/usr/bin/ceph: stdout mon_osd_allow_pg_remap = true
2024-03-14T12:50:58.990 INFO:teuthology.orchestra.run.smithi111.stdout:/usr/bin/ceph: stdout mon_osd_allow_primary_affinity = true
2024-03-14T12:50:58.990 INFO:teuthology.orchestra.run.smithi111.stdout:/usr/bin/ceph: stdout mon_warn_on_no_sortbitwise = false
2024-03-14T12:50:58.990 INFO:teuthology.orchestra.run.smithi111.stdout:/usr/bin/ceph: stdout osd_crush_chooseleaf_type = 0
2024-03-14T12:50:58.990 INFO:teuthology.orchestra.run.smithi111.stdout:/usr/bin/ceph: stdout
2024-03-14T12:50:58.990 INFO:teuthology.orchestra.run.smithi111.stdout:/usr/bin/ceph: stdout [mgr]
2024-03-14T12:50:58.990 INFO:teuthology.orchestra.run.smithi111.stdout:/usr/bin/ceph: stdout mgr/telemetry/nag = false
2024-03-14T12:50:58.990 INFO:teuthology.orchestra.run.smithi111.stdout:/usr/bin/ceph: stdout
2024-03-14T12:50:58.990 INFO:teuthology.orchestra.run.smithi111.stdout:/usr/bin/ceph: stdout [osd]
2024-03-14T12:50:58.990 INFO:teuthology.orchestra.run.smithi111.stdout:/usr/bin/ceph: stdout mon_osd_backfillfull_ratio = 0.85
2024-03-14T12:50:58.990 INFO:teuthology.orchestra.run.smithi111.stdout:/usr/bin/ceph: stdout mon_osd_full_ratio = 0.9
2024-03-14T12:50:58.990 INFO:teuthology.orchestra.run.smithi111.stdout:/usr/bin/ceph: stdout mon_osd_nearfull_ratio = 0.8
2024-03-14T12:50:58.990 INFO:teuthology.orchestra.run.smithi111.stdout:/usr/bin/ceph: stdout osd_map_max_advance = 10
2024-03-14T12:50:58.991 INFO:teuthology.orchestra.run.smithi111.stdout:/usr/bin/ceph: stdout osd_sloppy_crc = true
2024-03-14T12:50:58.991 INFO:teuthology.orchestra.run.smithi111.stdout:/usr/bin/ceph: stderr
2024-03-14T12:50:58.202+0000 7fa077f2d700 1 Processor -- start
2024-03-14T12:50:58.991 INFO:teuthology.orchestra.run.smithi111.stdout:/usr/bin/ceph: stderr
2024-03-14T12:50:58.202+0000 7fa077f2d700 1 -- start start
2024-03-14T12:50:58.991 INFO:teuthology.orchestra.run.smithi111.stdout:/usr/bin/ceph: stderr
2024-03-14T12:50:58.202+0000 7fa077f2d700 1 --2- >> [v2:172.21.15.111:3300/0,v1:172.21.15.111:6789/0] conn(0x7fa0701014e0 0x7fa0701018f0 unknown :-1 s=NONE pgs=0 cs=0 l=0 rev1=0 crypto rx=0 tx=0 comp rx=0 tx=0).connect
2024-03-14T12:50:58.991 INFO:teuthology.orchestra.run.smithi111.stdout:/usr/bin/ceph: stderr
2024-03-14T12:50:58.202+0000 7fa077f2d700 1 -- --> [v2:172.21.15.111:3300/0,v1:172.21.15.111:6789/0] -- mon_getmap magic: 0 v1 -- 0x7fa070101e30 con 0x7fa0701014e0
2024-03-14T12:50:58.991 INFO:teuthology.orchestra.run.smithi111.stdout:/usr/bin/ceph: stderr
2024-03-14T12:50:58.203+0000 7fa075cc9700 1 --2- >> [v2:172.21.15.111:3300/0,v1:172.21.15.111:6789/0] conn(0x7fa0701014e0 0x7fa0701018f0 unknown :-1 s=BANNER_CONNECTING pgs=0 cs=0 l=0 rev1=0 crypto rx=0 tx=0 comp rx=0 tx=0)._handle_peer_banner_payload supported=3 required=0
2024-03-14T12:50:58.991 INFO:teuthology.orchestra.run.smithi111.stdout:/usr/bin/ceph: stderr
2024-03-14T12:50:58.203+0000 7fa075cc9700 1 --2- >> [v2:172.21.15.111:3300/0,v1:172.21.15.111:6789/0] conn(0x7fa0701014e0 0x7fa0701018f0 unknown :-1 s=HELLO_CONNECTING pgs=0 cs=0 l=0 rev1=1 crypto rx=0 tx=0 comp rx=0 tx=0).handle_hello peer v2:172.21.15.111:3300/0 says I am v2:172.21.15.111:35586/0 (socket says 172.21.15.111:35586)
2024-03-14T12:50:58.991 INFO:teuthology.orchestra.run.smithi111.stdout:/usr/bin/ceph: stderr
2024-03-14T12:50:58.203+0000 7fa075cc9700 1 -- 172.21.15.111:0/3905383147 learned_addr learned my addr 172.21.15.111:0/3905383147 (peer_addr_for_me v2:172.21.15.111:0/0)
2024-03-14T12:50:58.991 INFO:teuthology.orchestra.run.smithi111.stdout:/usr/bin/ceph: stderr
2024-03-14T12:50:58.203+0000 7fa075cc9700 1 -- 172.21.15.111:0/3905383147 --> [v2:172.21.15.111:3300/0,v1:172.21.15.111:6789/0] -- mon_subscribe({config=0+,monmap=0+}) v3 -- 0x7fa070101f70 con 0x7fa0701014e0
2024-03-14T12:50:58.991 INFO:teuthology.orchestra.run.smithi111.stdout:/usr/bin/ceph: stderr
2024-03-14T12:50:58.203+0000 7fa075cc9700 1 --2- 172.21.15.111:0/3905383147 >> [v2:172.21.15.111:3300/0,v1:172.21.15.111:6789/0] conn(0x7fa0701014e0 0x7fa0701018f0 secure :-1 s=READY pgs=18 cs=0 l=1 rev1=1 crypto rx=0x7fa06c0098e0 tx=0x7fa06c009250 comp rx=0 tx=0).ready entity=mon.0 client_cookie=7723d1e2c4c39712 server_cookie=0 in_seq=0 out_seq=0
2024-03-14T12:50:58.991 INFO:teuthology.orchestra.run.smithi111.stdout:/usr/bin/ceph: stderr
2024-03-14T12:50:58.203+0000 7fa074cc7700 1 -- 172.21.15.111:0/3905383147 <== mon.0 v2:172.21.15.111:3300/0 1 ==== mon_map magic: 0 v1 ==== 229+0+0 (secure 0 0 0) 0x7fa06c00b860 con 0x7fa0701014e0
2024-03-14T12:50:58.991 INFO:teuthology.orchestra.run.smithi111.stdout:/usr/bin/ceph: stderr
2024-03-14T12:50:58.203+0000 7fa074cc7700 1 -- 172.21.15.111:0/3905383147 <== mon.0 v2:172.21.15.111:3300/0 2 ==== config(26 keys) v1 ==== 1009+0+0 (secure 0 0 0) 0x7fa06c00be30 con 0x7fa0701014e0
2024-03-14T12:50:58.991 INFO:teuthology.orchestra.run.smithi111.stdout:/usr/bin/ceph: stderr
2024-03-14T12:50:58.203+0000 7fa074cc7700 1 -- 172.21.15.111:0/3905383147 <== mon.0 v2:172.21.15.111:3300/0 3 ==== mon_map magic: 0 v1 ==== 229+0+0 (secure 0 0 0) 0x7fa06c010380 con 0x7fa0701014e0
2024-03-14T12:50:58.991 INFO:teuthology.orchestra.run.smithi111.stdout:/usr/bin/ceph: stderr
2024-03-14T12:50:58.204+0000 7fa077f2d700 1 -- 172.21.15.111:0/3905383147 >> [v2:172.21.15.111:3300/0,v1:172.21.15.111:6789/0] conn(0x7fa0701014e0 msgr2=0x7fa0701018f0 secure :-1 s=STATE_CONNECTION_ESTABLISHED l=1).mark_down
2024-03-14T12:50:58.992 INFO:teuthology.orchestra.run.smithi111.stdout:/usr/bin/ceph: stderr
2024-03-14T12:50:58.204+0000 7fa077f2d700 1 --2- 172.21.15.111:0/3905383147 >> [v2:172.21.15.111:3300/0,v1:172.21.15.111:6789/0] conn(0x7fa0701014e0 0x7fa0701018f0 secure :-1 s=READY pgs=18 cs=0 l=1 rev1=1 crypto rx=0x7fa06c0098e0 tx=0x7fa06c009250 comp rx=0 tx=0).stop
2024-03-14T12:50:58.992 INFO:teuthology.orchestra.run.smithi111.stdout:/usr/bin/ceph: stderr
2024-03-14T12:50:58.204+0000 7fa077f2d700 1 -- 172.21.15.111:0/3905383147 shutdown_connections
2024-03-14T12:50:58.992 INFO:teuthology.orchestra.run.smithi111.stdout:/usr/bin/ceph: stderr
2024-03-14T12:50:58.204+0000 7fa077f2d700 1 --2- 172.21.15.111:0/3905383147 >> [v2:172.21.15.111:3300/0,v1:172.21.15.111:6789/0] conn(0x7fa0701014e0 0x7fa0701018f0 unknown :-1 s=CLOSED pgs=18 cs=0 l=1 rev1=1 crypto rx=0 tx=0 comp rx=0 tx=0).stop
2024-03-14T12:50:58.992 INFO:teuthology.orchestra.run.smithi111.stdout:/usr/bin/ceph: stderr
2024-03-14T12:50:58.204+0000 7fa077f2d700 1 -- 172.21.15.111:0/3905383147 >> 172.21.15.111:0/3905383147 conn(0x7fa0700fcc60 msgr2=0x7fa0700ff070 unknown :-1 s=STATE_NONE l=0).mark_down
2024-03-14T12:50:58.992 INFO:teuthology.orchestra.run.smithi111.stdout:/usr/bin/ceph: stderr
2024-03-14T12:50:58.204+0000 7fa077f2d700 1 -- 172.21.15.111:0/3905383147 shutdown_connections
2024-03-14T12:50:58.992 INFO:teuthology.orchestra.run.smithi111.stdout:/usr/bin/ceph: stderr
2024-03-14T12:50:58.204+0000 7fa077f2d700 1 -- 172.21.15.111:0/3905383147 wait complete.
2024-03-14T12:50:58.992 INFO:teuthology.orchestra.run.smithi111.stdout:/usr/bin/ceph: stderr
2024-03-14T12:50:58.204+0000 7fa077f2d700 1 Processor -- start
2024-03-14T12:50:58.992 INFO:teuthology.orchestra.run.smithi111.stdout:/usr/bin/ceph: stderr
2024-03-14T12:50:58.204+0000 7fa077f2d700 1 -- start start
2024-03-14T12:50:58.992 INFO:teuthology.orchestra.run.smithi111.stdout:/usr/bin/ceph: stderr
2024-03-14T12:50:58.204+0000 7fa077f2d700 1 --2- >> [v2:172.21.15.111:3300/0,v1:172.21.15.111:6789/0] conn(0x7fa0701014e0 0x7fa070076b30 unknown :-1 s=NONE pgs=0 cs=0 l=1 rev1=0 crypto rx=0 tx=0 comp rx=0 tx=0).connect
2024-03-14T12:50:58.992 INFO:teuthology.orchestra.run.smithi111.stdout:/usr/bin/ceph: stderr
2024-03-14T12:50:58.204+0000 7fa077f2d700 1 -- --> [v2:172.21.15.111:3300/0,v1:172.21.15.111:6789/0] -- mon_getmap magic: 0 v1 -- 0x7fa0701140a0 con 0x7fa0701014e0
2024-03-14T12:50:58.992 INFO:teuthology.orchestra.run.smithi111.stdout:/usr/bin/ceph: stderr
2024-03-14T12:50:58.205+0000 7fa075cc9700 1 --2- >> [v2:172.21.15.111:3300/0,v1:172.21.15.111:6789/0] conn(0x7fa0701014e0 0x7fa070076b30 unknown :-1 s=BANNER_CONNECTING pgs=0 cs=0 l=1 rev1=0 crypto rx=0 tx=0 comp rx=0 tx=0)._handle_peer_banner_payload supported=3 required=0
2024-03-14T12:50:58.992 INFO:teuthology.orchestra.run.smithi111.stdout:/usr/bin/ceph: stderr
2024-03-14T12:50:58.205+0000 7fa075cc9700 1 --2- >> [v2:172.21.15.111:3300/0,v1:172.21.15.111:6789/0] conn(0x7fa0701014e0 0x7fa070076b30 unknown :-1 s=HELLO_CONNECTING pgs=0 cs=0 l=1 rev1=1 crypto rx=0 tx=0 comp rx=0 tx=0).handle_hello peer v2:172.21.15.111:3300/0 says I am v2:172.21.15.111:35598/0 (socket says 172.21.15.111:35598)
2024-03-14T12:50:58.992 INFO:teuthology.orchestra.run.smithi111.stdout:/usr/bin/ceph: stderr
2024-03-14T12:50:58.205+0000 7fa075cc9700 1 -- 172.21.15.111:0/132213117 learned_addr learned my addr 172.21.15.111:0/132213117 (peer_addr_for_me v2:172.21.15.111:0/0)
2024-03-14T12:50:58.992 INFO:teuthology.orchestra.run.smithi111.stdout:/usr/bin/ceph: stderr
2024-03-14T12:50:58.205+0000 7fa075cc9700 1 -- 172.21.15.111:0/132213117 --> [v2:172.21.15.111:3300/0,v1:172.21.15.111:6789/0] -- mon_subscribe({config=0+,monmap=0+}) v3 -- 0x7fa06c0094f0 con 0x7fa0701014e0
2024-03-14T12:50:58.993 INFO:teuthology.orchestra.run.smithi111.stdout:/usr/bin/ceph: stderr
2024-03-14T12:50:58.205+0000 7fa075cc9700 1 --2- 172.21.15.111:0/132213117 >> [v2:172.21.15.111:3300/0,v1:172.21.15.111:6789/0] conn(0x7fa0701014e0 0x7fa070076b30 secure :-1 s=READY pgs=19 cs=0 l=1 rev1=1 crypto rx=0x7fa06c006b00 tx=0x7fa06c009250 comp rx=0 tx=0).ready entity=mon.0 client_cookie=0 server_cookie=0 in_seq=0 out_seq=0
2024-03-14T12:50:58.993 INFO:teuthology.orchestra.run.smithi111.stdout:/usr/bin/ceph: stderr
2024-03-14T12:50:58.205+0000 7fa0667fc700 1 -- 172.21.15.111:0/132213117 <== mon.0 v2:172.21.15.111:3300/0 1 ==== mon_map magic: 0 v1 ==== 229+0+0 (secure 0 0 0) 0x7fa06c0109b0 con 0x7fa0701014e0
2024-03-14T12:50:58.993 INFO:teuthology.orchestra.run.smithi111.stdout:/usr/bin/ceph: stderr
2024-03-14T12:50:58.205+0000 7fa0667fc700 1 -- 172.21.15.111:0/132213117 <== mon.0 v2:172.21.15.111:3300/0 2 ==== config(26 keys) v1 ==== 1009+0+0 (secure 0 0 0) 0x7fa06c024440 con 0x7fa0701014e0
2024-03-14T12:50:58.993 INFO:teuthology.orchestra.run.smithi111.stdout:/usr/bin/ceph: stderr
2024-03-14T12:50:58.205+0000 7fa077f2d700 1 -- 172.21.15.111:0/132213117 --> [v2:172.21.15.111:3300/0,v1:172.21.15.111:6789/0] -- mon_subscribe({mgrmap=0+}) v3 -- 0x7fa0701141e0 con 0x7fa0701014e0
2024-03-14T12:50:58.993 INFO:teuthology.orchestra.run.smithi111.stdout:/usr/bin/ceph: stderr
2024-03-14T12:50:58.205+0000 7fa0667fc700 1 -- 172.21.15.111:0/132213117 <== mon.0 v2:172.21.15.111:3300/0 3 ==== mon_map magic: 0 v1 ==== 229+0+0 (secure 0 0 0) 0x7fa06c01a5f0 con 0x7fa0701014e0
2024-03-14T12:50:58.993 INFO:teuthology.orchestra.run.smithi111.stdout:/usr/bin/ceph: stderr
2024-03-14T12:50:58.205+0000 7fa077f2d700 1 -- 172.21.15.111:0/132213117 --> [v2:172.21.15.111:3300/0,v1:172.21.15.111:6789/0] -- mon_subscribe({osdmap=0}) v3 -- 0x7fa070114670 con 0x7fa0701014e0
2024-03-14T12:50:58.993 INFO:teuthology.orchestra.run.smithi111.stdout:/usr/bin/ceph: stderr
2024-03-14T12:50:58.206+0000 7fa0667fc700 1 -- 172.21.15.111:0/132213117 <== mon.0 v2:172.21.15.111:3300/0 4 ==== mgrmap(e 4) v1 ==== 43357+0+0 (secure 0 0 0) 0x7fa06c01a860 con 0x7fa0701014e0
2024-03-14T12:50:58.993 INFO:teuthology.orchestra.run.smithi111.stdout:/usr/bin/ceph: stderr
2024-03-14T12:50:58.206+0000 7fa0667fc700 1 --2- 172.21.15.111:0/132213117 >> [v2:172.21.15.111:6800/337686092,v1:172.21.15.111:6801/337686092] conn(0x7fa05c036790 0x7fa05c038c40 unknown :-1 s=NONE pgs=0 cs=0 l=1 rev1=0 crypto rx=0 tx=0 comp rx=0 tx=0).connect
2024-03-14T12:50:58.993 INFO:teuthology.orchestra.run.smithi111.stdout:/usr/bin/ceph: stderr
2024-03-14T12:50:58.206+0000 7fa077f2d700 1 -- 172.21.15.111:0/132213117 --> [v2:172.21.15.111:3300/0,v1:172.21.15.111:6789/0] -- mon_command({"prefix": "get_command_descriptions"} v 0) v1 -- 0x7fa07004bed0 con 0x7fa0701014e0
2024-03-14T12:50:58.993 INFO:teuthology.orchestra.run.smithi111.stdout:/usr/bin/ceph: stderr
2024-03-14T12:50:58.206+0000 7fa0667fc700 1 -- 172.21.15.111:0/132213117 <== mon.0 v2:172.21.15.111:3300/0 5 ==== osd_map(1..1 src has 1..1) v4 ==== 721+0+0 (secure 0 0 0) 0x7fa06c04a8f0 con 0x7fa0701014e0
2024-03-14T12:50:58.993 INFO:teuthology.orchestra.run.smithi111.stdout:/usr/bin/ceph: stderr
2024-03-14T12:50:58.206+0000 7fa0754c8700 1 --2- 172.21.15.111:0/132213117 >> [v2:172.21.15.111:6800/337686092,v1:172.21.15.111:6801/337686092] conn(0x7fa05c036790 0x7fa05c038c40 unknown :-1 s=BANNER_CONNECTING pgs=0 cs=0 l=1 rev1=0 crypto rx=0 tx=0 comp rx=0 tx=0)._handle_peer_banner_payload supported=3 required=0
2024-03-14T12:50:58.993 INFO:teuthology.orchestra.run.smithi111.stdout:/usr/bin/ceph: stderr
2024-03-14T12:50:58.207+0000 7fa0754c8700 1 --2- 172.21.15.111:0/132213117 >> [v2:172.21.15.111:6800/337686092,v1:172.21.15.111:6801/337686092] conn(0x7fa05c036790 0x7fa05c038c40 secure :-1 s=READY pgs=7 cs=0 l=1 rev1=1 crypto rx=0x7fa060009990 tx=0x7fa060006e40 comp rx=0 tx=0).ready entity=mgr.14100 client_cookie=0 server_cookie=0 in_seq=0 out_seq=0
2024-03-14T12:50:58.993 INFO:teuthology.orchestra.run.smithi111.stdout:/usr/bin/ceph: stderr
2024-03-14T12:50:58.211+0000 7fa0667fc700 1 -- 172.21.15.111:0/132213117 <== mon.0 v2:172.21.15.111:3300/0 6 ==== mon_command_ack([{"prefix": "get_command_descriptions"}]=0 v0) v1 ==== 72+0+175445 (secure 0 0 0) 0x7fa06c022340 con 0x7fa0701014e0
2024-03-14T12:50:58.993 INFO:teuthology.orchestra.run.smithi111.stdout:/usr/bin/ceph: stderr
2024-03-14T12:50:58.391+0000 7fa077f2d700 1 -- 172.21.15.111:0/132213117 --> [v2:172.21.15.111:3300/0,v1:172.21.15.111:6789/0] -- mon_command({"prefix": "config assimilate-conf"} v 0) v1 -- 0x7fa0701032a0 con 0x7fa0701014e0
2024-03-14T12:50:58.994 INFO:teuthology.orchestra.run.smithi111.stdout:/usr/bin/ceph: stderr
2024-03-14T12:50:58.392+0000 7fa0667fc700 1 -- 172.21.15.111:0/132213117 <== mon.0 v2:172.21.15.111:3300/0 7 ==== mon_command_ack([{"prefix": "config assimilate-conf"}]=0 v3) v1 ==== 70+0+373 (secure 0 0 0) 0x7fa06c00fdc0 con 0x7fa0701014e0
2024-03-14T12:50:58.994 INFO:teuthology.orchestra.run.smithi111.stdout:/usr/bin/ceph: stderr
2024-03-14T12:50:58.394+0000 7fa077f2d700 1 -- 172.21.15.111:0/132213117 >> [v2:172.21.15.111:6800/337686092,v1:172.21.15.111:6801/337686092] conn(0x7fa05c036790 msgr2=0x7fa05c038c40 secure :-1 s=STATE_CONNECTION_ESTABLISHED l=1).mark_down
2024-03-14T12:50:58.994 INFO:teuthology.orchestra.run.smithi111.stdout:/usr/bin/ceph: stderr
2024-03-14T12:50:58.394+0000 7fa077f2d700 1 --2- 172.21.15.111:0/132213117 >> [v2:172.21.15.111:6800/337686092,v1:172.21.15.111:6801/337686092] conn(0x7fa05c036790 0x7fa05c038c40 secure :-1 s=READY pgs=7 cs=0 l=1 rev1=1 crypto rx=0x7fa060009990 tx=0x7fa060006e40 comp rx=0 tx=0).stop
2024-03-14T12:50:58.994 INFO:teuthology.orchestra.run.smithi111.stdout:/usr/bin/ceph: stderr
2024-03-14T12:50:58.394+0000 7fa077f2d700 1 -- 172.21.15.111:0/132213117 >> [v2:172.21.15.111:3300/0,v1:172.21.15.111:6789/0] conn(0x7fa0701014e0 msgr2=0x7fa070076b30 secure :-1 s=STATE_CONNECTION_ESTABLISHED l=1).mark_down
2024-03-14T12:50:58.994 INFO:teuthology.orchestra.run.smithi111.stdout:/usr/bin/ceph: stderr
2024-03-14T12:50:58.394+0000 7fa077f2d700 1 --2- 172.21.15.111:0/132213117 >> [v2:172.21.15.111:3300/0,v1:172.21.15.111:6789/0] conn(0x7fa0701014e0 0x7fa070076b30 secure :-1 s=READY pgs=19 cs=0 l=1 rev1=1 crypto rx=0x7fa06c006b00 tx=0x7fa06c009250 comp rx=0 tx=0).stop
2024-03-14T12:50:58.994 INFO:teuthology.orchestra.run.smithi111.stdout:/usr/bin/ceph: stderr
2024-03-14T12:50:58.394+0000 7fa077f2d700 1 -- 172.21.15.111:0/132213117 shutdown_connections
2024-03-14T12:50:58.994 INFO:teuthology.orchestra.run.smithi111.stdout:/usr/bin/ceph: stderr
2024-03-14T12:50:58.394+0000 7fa077f2d700 1 --2- 172.21.15.111:0/132213117 >> [v2:172.21.15.111:6800/337686092,v1:172.21.15.111:6801/337686092] conn(0x7fa05c036790 0x7fa05c038c40 unknown :-1 s=CLOSED pgs=7 cs=0 l=1 rev1=1 crypto rx=0 tx=0 comp rx=0 tx=0).stop
2024-03-14T12:50:58.994 INFO:teuthology.orchestra.run.smithi111.stdout:/usr/bin/ceph: stderr
2024-03-14T12:50:58.394+0000 7fa077f2d700 1 --2- 172.21.15.111:0/132213117 >> [v2:172.21.15.111:3300/0,v1:172.21.15.111:6789/0] conn(0x7fa0701014e0 0x7fa070076b30 unknown :-1 s=CLOSED pgs=19 cs=0 l=1 rev1=1 crypto rx=0 tx=0 comp rx=0 tx=0).stop
2024-03-14T12:50:58.994 INFO:teuthology.orchestra.run.smithi111.stdout:/usr/bin/ceph: stderr
2024-03-14T12:50:58.394+0000 7fa077f2d700 1 -- 172.21.15.111:0/132213117 >> 172.21.15.111:0/132213117 conn(0x7fa0700fcc60 msgr2=0x7fa0700fd740 unknown :-1 s=STATE_NONE l=0).mark_down
2024-03-14T12:50:58.994 INFO:teuthology.orchestra.run.smithi111.stdout:/usr/bin/ceph: stderr
2024-03-14T12:50:58.394+0000 7fa077f2d700 1 -- 172.21.15.111:0/132213117 shutdown_connections
2024-03-14T12:50:58.994 INFO:teuthology.orchestra.run.smithi111.stdout:/usr/bin/ceph: stderr
2024-03-14T12:50:58.394+0000 7fa077f2d700 1 -- 172.21.15.111:0/132213117 wait complete.
2024-03-14T12:50:58.994 INFO:teuthology.orchestra.run.smithi111.stdout:Enabling cephadm module...
2024-03-14T12:51:00.136 INFO:journalctl@ceph.mon.smithi111.smithi111.stdout:Mar 14 12:50:59 smithi111 ceph-mon[39688]: from='client.? 172.21.15.111:0/2959044234' entity='client.admin' cmd=[{"prefix": "mgr module enable", "module": "cephadm"}]: dispatch
2024-03-14T12:51:00.453 INFO:teuthology.orchestra.run.smithi111.stdout:/usr/bin/ceph: stderr
2024-03-14T12:50:59.517+0000 7f2b9845b700 1 Processor -- start
2024-03-14T12:51:00.453 INFO:teuthology.orchestra.run.smithi111.stdout:/usr/bin/ceph: stderr
2024-03-14T12:50:59.517+0000 7f2b9845b700 1 -- start start
2024-03-14T12:51:00.453 INFO:teuthology.orchestra.run.smithi111.stdout:/usr/bin/ceph: stderr
2024-03-14T12:50:59.517+0000 7f2b9845b700 1 --2- >> [v2:172.21.15.111:3300/0,v1:172.21.15.111:6789/0] conn(0x7f2b90076d00 0x7f2b901050f0 unknown :-1 s=NONE pgs=0 cs=0 l=0 rev1=0 crypto rx=0 tx=0 comp rx=0 tx=0).connect
2024-03-14T12:51:00.453 INFO:teuthology.orchestra.run.smithi111.stdout:/usr/bin/ceph: stderr
2024-03-14T12:50:59.517+0000 7f2b9845b700 1 -- --> [v2:172.21.15.111:3300/0,v1:172.21.15.111:6789/0] -- mon_getmap magic: 0 v1 -- 0x7f2b90105630 con 0x7f2b90076d00
2024-03-14T12:51:00.453 INFO:teuthology.orchestra.run.smithi111.stdout:/usr/bin/ceph: stderr
2024-03-14T12:50:59.517+0000 7f2b961f7700 1 --2- >> [v2:172.21.15.111:3300/0,v1:172.21.15.111:6789/0] conn(0x7f2b90076d00 0x7f2b901050f0 unknown :-1 s=BANNER_CONNECTING pgs=0 cs=0 l=0 rev1=0 crypto rx=0 tx=0 comp rx=0 tx=0)._handle_peer_banner_payload supported=3 required=0
2024-03-14T12:51:00.454 INFO:teuthology.orchestra.run.smithi111.stdout:/usr/bin/ceph: stderr
2024-03-14T12:50:59.517+0000 7f2b961f7700 1 --2- >> [v2:172.21.15.111:3300/0,v1:172.21.15.111:6789/0] conn(0x7f2b90076d00 0x7f2b901050f0 unknown :-1 s=HELLO_CONNECTING pgs=0 cs=0 l=0 rev1=1 crypto rx=0 tx=0 comp rx=0 tx=0).handle_hello peer v2:172.21.15.111:3300/0 says I am v2:172.21.15.111:35612/0 (socket says 172.21.15.111:35612)
2024-03-14T12:51:00.454 INFO:teuthology.orchestra.run.smithi111.stdout:/usr/bin/ceph: stderr
2024-03-14T12:50:59.517+0000 7f2b961f7700 1 -- 172.21.15.111:0/1598130371 learned_addr learned my addr 172.21.15.111:0/1598130371 (peer_addr_for_me v2:172.21.15.111:0/0)
2024-03-14T12:51:00.454 INFO:teuthology.orchestra.run.smithi111.stdout:/usr/bin/ceph: stderr
2024-03-14T12:50:59.517+0000 7f2b961f7700 1 -- 172.21.15.111:0/1598130371 --> [v2:172.21.15.111:3300/0,v1:172.21.15.111:6789/0] -- mon_subscribe({config=0+,monmap=0+}) v3 -- 0x7f2b90105770 con 0x7f2b90076d00
2024-03-14T12:51:00.454 INFO:teuthology.orchestra.run.smithi111.stdout:/usr/bin/ceph: stderr
2024-03-14T12:50:59.518+0000 7f2b961f7700 1 --2- 172.21.15.111:0/1598130371 >> [v2:172.21.15.111:3300/0,v1:172.21.15.111:6789/0] conn(0x7f2b90076d00 0x7f2b901050f0 secure :-1 s=READY pgs=20 cs=0 l=1 rev1=1 crypto rx=0x7f2b8c0098e0 tx=0x7f2b8c009250 comp rx=0 tx=0).ready entity=mon.0 client_cookie=d70224fd3f8fd6d0 server_cookie=0 in_seq=0 out_seq=0
2024-03-14T12:51:00.454 INFO:teuthology.orchestra.run.smithi111.stdout:/usr/bin/ceph: stderr
2024-03-14T12:50:59.518+0000 7f2b951f5700 1 -- 172.21.15.111:0/1598130371 <== mon.0 v2:172.21.15.111:3300/0 1 ==== mon_map magic: 0 v1 ==== 229+0+0 (secure 0 0 0) 0x7f2b8c00b860 con 0x7f2b90076d00
2024-03-14T12:51:00.454 INFO:teuthology.orchestra.run.smithi111.stdout:/usr/bin/ceph: stderr
2024-03-14T12:50:59.518+0000 7f2b951f5700 1 -- 172.21.15.111:0/1598130371 <== mon.0 v2:172.21.15.111:3300/0 2 ==== config(26 keys) v1 ==== 1009+0+0 (secure 0 0 0) 0x7f2b8c00be30 con 0x7f2b90076d00
2024-03-14T12:51:00.454 INFO:teuthology.orchestra.run.smithi111.stdout:/usr/bin/ceph: stderr
2024-03-14T12:50:59.518+0000 7f2b951f5700 1 -- 172.21.15.111:0/1598130371 <== mon.0 v2:172.21.15.111:3300/0 3 ==== mon_map magic: 0 v1 ==== 229+0+0 (secure 0 0 0) 0x7f2b8c010380 con 0x7f2b90076d00
2024-03-14T12:51:00.454 INFO:teuthology.orchestra.run.smithi111.stdout:/usr/bin/ceph: stderr
2024-03-14T12:50:59.518+0000 7f2b9845b700 1 -- 172.21.15.111:0/1598130371 >> [v2:172.21.15.111:3300/0,v1:172.21.15.111:6789/0] conn(0x7f2b90076d00 msgr2=0x7f2b901050f0 secure :-1 s=STATE_CONNECTION_ESTABLISHED l=1).mark_down
2024-03-14T12:51:00.454 INFO:teuthology.orchestra.run.smithi111.stdout:/usr/bin/ceph: stderr
2024-03-14T12:50:59.518+0000 7f2b9845b700 1 --2- 172.21.15.111:0/1598130371 >> [v2:172.21.15.111:3300/0,v1:172.21.15.111:6789/0] conn(0x7f2b90076d00 0x7f2b901050f0 secure :-1 s=READY pgs=20 cs=0 l=1 rev1=1 crypto rx=0x7f2b8c0098e0 tx=0x7f2b8c009250 comp rx=0 tx=0).stop
2024-03-14T12:51:00.454 INFO:teuthology.orchestra.run.smithi111.stdout:/usr/bin/ceph: stderr
2024-03-14T12:50:59.518+0000 7f2b9845b700 1 -- 172.21.15.111:0/1598130371 shutdown_connections
2024-03-14T12:51:00.454 INFO:teuthology.orchestra.run.smithi111.stdout:/usr/bin/ceph: stderr
2024-03-14T12:50:59.518+0000 7f2b9845b700 1 --2- 172.21.15.111:0/1598130371 >> [v2:172.21.15.111:3300/0,v1:172.21.15.111:6789/0] conn(0x7f2b90076d00 0x7f2b901050f0 unknown :-1 s=CLOSED pgs=20 cs=0 l=1 rev1=1 crypto rx=0 tx=0 comp rx=0 tx=0).stop
2024-03-14T12:51:00.454 INFO:teuthology.orchestra.run.smithi111.stdout:/usr/bin/ceph: stderr
2024-03-14T12:50:59.518+0000 7f2b9845b700 1 -- 172.21.15.111:0/1598130371 >> 172.21.15.111:0/1598130371 conn(0x7f2b900fcb20 msgr2=0x7f2b900fef70 unknown :-1 s=STATE_NONE l=0).mark_down
2024-03-14T12:51:00.454 INFO:teuthology.orchestra.run.smithi111.stdout:/usr/bin/ceph: stderr
2024-03-14T12:50:59.518+0000 7f2b9845b700 1 -- 172.21.15.111:0/1598130371 shutdown_connections
2024-03-14T12:51:00.454 INFO:teuthology.orchestra.run.smithi111.stdout:/usr/bin/ceph: stderr
2024-03-14T12:50:59.518+0000 7f2b9845b700 1 -- 172.21.15.111:0/1598130371 wait complete.
2024-03-14T12:51:00.455 INFO:teuthology.orchestra.run.smithi111.stdout:/usr/bin/ceph: stderr
2024-03-14T12:50:59.519+0000 7f2b9845b700 1 Processor -- start
2024-03-14T12:51:00.455 INFO:teuthology.orchestra.run.smithi111.stdout:/usr/bin/ceph: stderr
2024-03-14T12:50:59.519+0000 7f2b9845b700 1 -- start start
2024-03-14T12:51:00.455 INFO:teuthology.orchestra.run.smithi111.stdout:/usr/bin/ceph: stderr
2024-03-14T12:50:59.519+0000 7f2b9845b700 1 --2- >> [v2:172.21.15.111:3300/0,v1:172.21.15.111:6789/0] conn(0x7f2b90111360 0x7f2b90111770 unknown :-1 s=NONE pgs=0 cs=0 l=1 rev1=0 crypto rx=0 tx=0 comp rx=0 tx=0).connect
2024-03-14T12:51:00.455 INFO:teuthology.orchestra.run.smithi111.stdout:/usr/bin/ceph: stderr
2024-03-14T12:50:59.519+0000 7f2b9845b700 1 -- --> [v2:172.21.15.111:3300/0,v1:172.21.15.111:6789/0] -- mon_getmap magic: 0 v1 -- 0x7f2b90111cb0 con 0x7f2b90111360
2024-03-14T12:51:00.455 INFO:teuthology.orchestra.run.smithi111.stdout:/usr/bin/ceph: stderr
2024-03-14T12:50:59.519+0000 7f2b961f7700 1 --2- >> [v2:172.21.15.111:3300/0,v1:172.21.15.111:6789/0] conn(0x7f2b90111360 0x7f2b90111770 unknown :-1 s=BANNER_CONNECTING pgs=0 cs=0 l=1 rev1=0 crypto rx=0 tx=0 comp rx=0 tx=0)._handle_peer_banner_payload supported=3 required=0
2024-03-14T12:51:00.455 INFO:teuthology.orchestra.run.smithi111.stdout:/usr/bin/ceph: stderr
2024-03-14T12:50:59.519+0000 7f2b961f7700 1 --2- >> [v2:172.21.15.111:3300/0,v1:172.21.15.111:6789/0] conn(0x7f2b90111360 0x7f2b90111770 unknown :-1 s=HELLO_CONNECTING pgs=0 cs=0 l=1 rev1=1 crypto rx=0 tx=0 comp rx=0 tx=0).handle_hello peer v2:172.21.15.111:3300/0 says I am v2:172.21.15.111:35624/0 (socket says 172.21.15.111:35624)
2024-03-14T12:51:00.455 INFO:teuthology.orchestra.run.smithi111.stdout:/usr/bin/ceph: stderr
2024-03-14T12:50:59.519+0000 7f2b961f7700 1 -- 172.21.15.111:0/2959044234 learned_addr learned my addr 172.21.15.111:0/2959044234 (peer_addr_for_me v2:172.21.15.111:0/0)
2024-03-14T12:51:00.455 INFO:teuthology.orchestra.run.smithi111.stdout:/usr/bin/ceph: stderr
2024-03-14T12:50:59.519+0000 7f2b961f7700 1 -- 172.21.15.111:0/2959044234 --> [v2:172.21.15.111:3300/0,v1:172.21.15.111:6789/0] -- mon_subscribe({config=0+,monmap=0+}) v3 -- 0x7f2b8c0094f0 con 0x7f2b90111360
2024-03-14T12:51:00.455 INFO:teuthology.orchestra.run.smithi111.stdout:/usr/bin/ceph: stderr
2024-03-14T12:50:59.520+0000 7f2b961f7700 1 --2- 172.21.15.111:0/2959044234 >> [v2:172.21.15.111:3300/0,v1:172.21.15.111:6789/0] conn(0x7f2b90111360 0x7f2b90111770 secure :-1 s=READY pgs=21 cs=0 l=1 rev1=1 crypto rx=0x7f2b8c006b00 tx=0x7f2b8c009250 comp rx=0 tx=0).ready entity=mon.0 client_cookie=0 server_cookie=0 in_seq=0 out_seq=0
2024-03-14T12:51:00.455 INFO:teuthology.orchestra.run.smithi111.stdout:/usr/bin/ceph: stderr
2024-03-14T12:50:59.520+0000 7f2b86ffd700 1 -- 172.21.15.111:0/2959044234 <== mon.0 v2:172.21.15.111:3300/0 1 ==== mon_map magic: 0 v1 ==== 229+0+0 (secure 0 0 0) 0x7f2b8c010a80 con 0x7f2b90111360
2024-03-14T12:51:00.455 INFO:teuthology.orchestra.run.smithi111.stdout:/usr/bin/ceph: stderr
2024-03-14T12:50:59.520+0000 7f2b86ffd700 1 -- 172.21.15.111:0/2959044234 <== mon.0 v2:172.21.15.111:3300/0 2 ==== config(26 keys) v1 ==== 1009+0+0 (secure 0 0 0) 0x7f2b8c01a430 con 0x7f2b90111360
2024-03-14T12:51:00.455 INFO:teuthology.orchestra.run.smithi111.stdout:/usr/bin/ceph: stderr
2024-03-14T12:50:59.520+0000 7f2b9845b700 1 -- 172.21.15.111:0/2959044234 --> [v2:172.21.15.111:3300/0,v1:172.21.15.111:6789/0] -- mon_subscribe({mgrmap=0+}) v3 -- 0x7f2b90111eb0 con 0x7f2b90111360
2024-03-14T12:51:00.455 INFO:teuthology.orchestra.run.smithi111.stdout:/usr/bin/ceph: stderr
2024-03-14T12:50:59.520+0000 7f2b86ffd700 1 -- 172.21.15.111:0/2959044234 <== mon.0 v2:172.21.15.111:3300/0 3 ==== mon_map magic: 0 v1 ==== 229+0+0 (secure 0 0 0) 0x7f2b8c0245b0 con 0x7f2b90111360
2024-03-14T12:51:00.456 INFO:teuthology.orchestra.run.smithi111.stdout:/usr/bin/ceph: stderr
2024-03-14T12:50:59.520+0000 7f2b9845b700 1 -- 172.21.15.111:0/2959044234 --> [v2:172.21.15.111:3300/0,v1:172.21.15.111:6789/0] -- mon_subscribe({osdmap=0}) v3 -- 0x7f2b90112890 con 0x7f2b90111360
2024-03-14T12:51:00.456 INFO:teuthology.orchestra.run.smithi111.stdout:/usr/bin/ceph: stderr
2024-03-14T12:50:59.521+0000 7f2b86ffd700 1 -- 172.21.15.111:0/2959044234 <== mon.0 v2:172.21.15.111:3300/0 4 ==== mgrmap(e 4) v1 ==== 43357+0+0 (secure 0 0 0) 0x7f2b8c0247e0 con 0x7f2b90111360
2024-03-14T12:51:00.456 INFO:teuthology.orchestra.run.smithi111.stdout:/usr/bin/ceph: stderr
2024-03-14T12:50:59.521+0000 7f2b9845b700 1 -- 172.21.15.111:0/2959044234 --> [v2:172.21.15.111:3300/0,v1:172.21.15.111:6789/0] -- mon_command({"prefix": "get_command_descriptions"} v 0) v1 -- 0x7f2b9004bed0 con 0x7f2b90111360
2024-03-14T12:51:00.456 INFO:teuthology.orchestra.run.smithi111.stdout:/usr/bin/ceph: stderr
2024-03-14T12:50:59.521+0000 7f2b86ffd700 1 --2- 172.21.15.111:0/2959044234 >> [v2:172.21.15.111:6800/337686092,v1:172.21.15.111:6801/337686092] conn(0x7f2b7c036790 0x7f2b7c038c40 unknown :-1 s=NONE pgs=0 cs=0 l=1 rev1=0 crypto rx=0 tx=0 comp rx=0 tx=0).connect
2024-03-14T12:51:00.456 INFO:teuthology.orchestra.run.smithi111.stdout:/usr/bin/ceph: stderr
2024-03-14T12:50:59.521+0000 7f2b86ffd700 1 -- 172.21.15.111:0/2959044234 <== mon.0 v2:172.21.15.111:3300/0 5 ==== osd_map(1..1 src has 1..1) v4 ==== 721+0+0 (secure 0 0 0) 0x7f2b8c04ad70 con 0x7f2b90111360
2024-03-14T12:51:00.456 INFO:teuthology.orchestra.run.smithi111.stdout:/usr/bin/ceph: stderr
2024-03-14T12:50:59.521+0000 7f2b959f6700 1 --2- 172.21.15.111:0/2959044234 >> [v2:172.21.15.111:6800/337686092,v1:172.21.15.111:6801/337686092] conn(0x7f2b7c036790 0x7f2b7c038c40 unknown :-1 s=BANNER_CONNECTING pgs=0 cs=0 l=1 rev1=0 crypto rx=0 tx=0 comp rx=0 tx=0)._handle_peer_banner_payload supported=3 required=0
2024-03-14T12:51:00.456 INFO:teuthology.orchestra.run.smithi111.stdout:/usr/bin/ceph: stderr
2024-03-14T12:50:59.521+0000 7f2b959f6700 1 --2- 172.21.15.111:0/2959044234 >> [v2:172.21.15.111:6800/337686092,v1:172.21.15.111:6801/337686092] conn(0x7f2b7c036790 0x7f2b7c038c40 secure :-1 s=READY pgs=8 cs=0 l=1 rev1=1 crypto rx=0x7f2b80009990 tx=0x7f2b80006e40 comp rx=0 tx=0).ready entity=mgr.14100 client_cookie=0 server_cookie=0 in_seq=0 out_seq=0
2024-03-14T12:51:00.456 INFO:teuthology.orchestra.run.smithi111.stdout:/usr/bin/ceph: stderr
2024-03-14T12:50:59.526+0000 7f2b86ffd700 1 -- 172.21.15.111:0/2959044234 <== mon.0 v2:172.21.15.111:3300/0 6 ==== mon_command_ack([{"prefix": "get_command_descriptions"}]=0 v0) v1 ==== 72+0+175445 (secure 0 0 0) 0x7f2b8c02c8f0 con 0x7f2b90111360
2024-03-14T12:51:00.456 INFO:teuthology.orchestra.run.smithi111.stdout:/usr/bin/ceph: stderr
2024-03-14T12:50:59.759+0000 7f2b9845b700 1 -- 172.21.15.111:0/2959044234 --> [v2:172.21.15.111:3300/0,v1:172.21.15.111:6789/0] -- mon_command({"prefix": "mgr module enable", "module": "cephadm"} v 0) v1 -- 0x7f2b90112ad0 con 0x7f2b90111360
2024-03-14T12:51:00.456 INFO:teuthology.orchestra.run.smithi111.stdout:/usr/bin/ceph: stderr
2024-03-14T12:50:59.812+0000 7f2b86ffd700 1 -- 172.21.15.111:0/2959044234 <== mon.0 v2:172.21.15.111:3300/0 7 ==== mgrmap(e 5) v1 ==== 43368+0+0 (secure 0 0 0) 0x7f2b8c02e960 con 0x7f2b90111360
2024-03-14T12:51:00.456 INFO:teuthology.orchestra.run.smithi111.stdout:/usr/bin/ceph: stderr
2024-03-14T12:50:59.813+0000 7f2b86ffd700 1 -- 172.21.15.111:0/2959044234 <== mon.0 v2:172.21.15.111:3300/0 8 ==== mon_command_ack([{"prefix": "mgr module enable", "module": "cephadm"}]=0 v5) v1 ==== 86+0+0 (secure 0 0 0) 0x7f2b8c019d40 con 0x7f2b90111360
2024-03-14T12:51:00.456 INFO:teuthology.orchestra.run.smithi111.stdout:/usr/bin/ceph: stderr
2024-03-14T12:50:59.816+0000 7f2b9845b700 1 -- 172.21.15.111:0/2959044234 >> [v2:172.21.15.111:6800/337686092,v1:172.21.15.111:6801/337686092] conn(0x7f2b7c036790 msgr2=0x7f2b7c038c40 secure :-1 s=STATE_CONNECTION_ESTABLISHED l=1).mark_down
2024-03-14T12:51:00.456 INFO:teuthology.orchestra.run.smithi111.stdout:/usr/bin/ceph: stderr
2024-03-14T12:50:59.816+0000 7f2b9845b700 1 --2- 172.21.15.111:0/2959044234 >> [v2:172.21.15.111:6800/337686092,v1:172.21.15.111:6801/337686092] conn(0x7f2b7c036790 0x7f2b7c038c40 secure :-1 s=READY pgs=8 cs=0 l=1 rev1=1 crypto rx=0x7f2b80009990 tx=0x7f2b80006e40 comp rx=0 tx=0).stop
2024-03-14T12:51:00.457 INFO:teuthology.orchestra.run.smithi111.stdout:/usr/bin/ceph: stderr
2024-03-14T12:50:59.816+0000 7f2b9845b700 1 -- 172.21.15.111:0/2959044234 >> [v2:172.21.15.111:3300/0,v1:172.21.15.111:6789/0] conn(0x7f2b90111360 msgr2=0x7f2b90111770 secure :-1 s=STATE_CONNECTION_ESTABLISHED l=1).mark_down
2024-03-14T12:51:00.457 INFO:teuthology.orchestra.run.smithi111.stdout:/usr/bin/ceph: stderr
2024-03-14T12:50:59.816+0000 7f2b9845b700 1 --2- 172.21.15.111:0/2959044234 >> [v2:172.21.15.111:3300/0,v1:172.21.15.111:6789/0] conn(0x7f2b90111360 0x7f2b90111770 secure :-1 s=READY pgs=21 cs=0 l=1 rev1=1 crypto rx=0x7f2b8c006b00 tx=0x7f2b8c009250 comp rx=0 tx=0).stop
2024-03-14T12:51:00.457 INFO:teuthology.orchestra.run.smithi111.stdout:/usr/bin/ceph: stderr
2024-03-14T12:50:59.816+0000 7f2b9845b700 1 -- 172.21.15.111:0/2959044234 shutdown_connections
2024-03-14T12:51:00.457 INFO:teuthology.orchestra.run.smithi111.stdout:/usr/bin/ceph: stderr
2024-03-14T12:50:59.816+0000 7f2b9845b700 1 --2- 172.21.15.111:0/2959044234 >> [v2:172.21.15.111:6800/337686092,v1:172.21.15.111:6801/337686092] conn(0x7f2b7c036790 0x7f2b7c038c40 unknown :-1 s=CLOSED pgs=8 cs=0 l=1 rev1=1 crypto rx=0 tx=0 comp rx=0 tx=0).stop
2024-03-14T12:51:00.457 INFO:teuthology.orchestra.run.smithi111.stdout:/usr/bin/ceph: stderr
2024-03-14T12:50:59.816+0000 7f2b9845b700 1 --2- 172.21.15.111:0/2959044234 >> [v2:172.21.15.111:3300/0,v1:172.21.15.111:6789/0] conn(0x7f2b90111360 0x7f2b90111770 unknown :-1 s=CLOSED pgs=21 cs=0 l=1 rev1=1 crypto rx=0 tx=0 comp rx=0 tx=0).stop
2024-03-14T12:51:00.457 INFO:teuthology.orchestra.run.smithi111.stdout:/usr/bin/ceph: stderr
2024-03-14T12:50:59.816+0000 7f2b9845b700 1 -- 172.21.15.111:0/2959044234 >> 172.21.15.111:0/2959044234 conn(0x7f2b900fcb20 msgr2=0x7f2b900fd6b0 unknown :-1 s=STATE_NONE l=0).mark_down
2024-03-14T12:51:00.457 INFO:teuthology.orchestra.run.smithi111.stdout:/usr/bin/ceph: stderr
2024-03-14T12:50:59.816+0000 7f2b9845b700 1 -- 172.21.15.111:0/2959044234 shutdown_connections
2024-03-14T12:51:00.457 INFO:teuthology.orchestra.run.smithi111.stdout:/usr/bin/ceph: stderr
2024-03-14T12:50:59.816+0000 7f2b9845b700 1 -- 172.21.15.111:0/2959044234 wait complete.
2024-03-14T12:51:01.140 INFO:journalctl@ceph.mon.smithi111.smithi111.stdout:Mar 14 12:51:00 smithi111 ceph-mon[39688]: from='client.? 172.21.15.111:0/2959044234' entity='client.admin' cmd='[{"prefix": "mgr module enable", "module": "cephadm"}]': finished
2024-03-14T12:51:01.140 INFO:journalctl@ceph.mon.smithi111.smithi111.stdout:Mar 14 12:51:00 smithi111 ceph-mon[39688]: mgrmap e5: smithi111.atysez(active, since 6s)
2024-03-14T12:51:01.852 INFO:teuthology.orchestra.run.smithi111.stdout:/usr/bin/ceph: stdout {
2024-03-14T12:51:01.852 INFO:teuthology.orchestra.run.smithi111.stdout:/usr/bin/ceph: stdout "epoch": 5,
2024-03-14T12:51:01.852 INFO:teuthology.orchestra.run.smithi111.stdout:/usr/bin/ceph: stdout "available": true,
2024-03-14T12:51:01.853 INFO:teuthology.orchestra.run.smithi111.stdout:/usr/bin/ceph: stdout "active_name": "smithi111.atysez",
2024-03-14T12:51:01.853 INFO:teuthology.orchestra.run.smithi111.stdout:/usr/bin/ceph: stdout "num_standby": 0
2024-03-14T12:51:01.853 INFO:teuthology.orchestra.run.smithi111.stdout:/usr/bin/ceph: stdout }
2024-03-14T12:51:01.853 INFO:teuthology.orchestra.run.smithi111.stdout:/usr/bin/ceph: stderr
2024-03-14T12:51:01.007+0000 7fd5af587700 1 Processor -- start
2024-03-14T12:51:01.853 INFO:teuthology.orchestra.run.smithi111.stdout:/usr/bin/ceph: stderr
2024-03-14T12:51:01.008+0000 7fd5af587700 1 -- start start
2024-03-14T12:51:01.853 INFO:teuthology.orchestra.run.smithi111.stdout:/usr/bin/ceph: stderr
2024-03-14T12:51:01.008+0000 7fd5af587700 1 --2- >> [v2:172.21.15.111:3300/0,v1:172.21.15.111:6789/0] conn(0x7fd5a8102580 0x7fd5a8102990 unknown :-1 s=NONE pgs=0 cs=0 l=0 rev1=0 crypto rx=0 tx=0 comp rx=0 tx=0).connect
2024-03-14T12:51:01.853 INFO:teuthology.orchestra.run.smithi111.stdout:/usr/bin/ceph: stderr
2024-03-14T12:51:01.008+0000 7fd5af587700 1 -- --> [v2:172.21.15.111:3300/0,v1:172.21.15.111:6789/0] -- mon_getmap magic: 0 v1 -- 0x7fd5a8102ed0 con 0x7fd5a8102580
2024-03-14T12:51:01.853 INFO:teuthology.orchestra.run.smithi111.stdout:/usr/bin/ceph: stderr
2024-03-14T12:51:01.008+0000 7fd5ad323700 1 --2- >> [v2:172.21.15.111:3300/0,v1:172.21.15.111:6789/0] conn(0x7fd5a8102580 0x7fd5a8102990 unknown :-1 s=BANNER_CONNECTING pgs=0 cs=0 l=0 rev1=0 crypto rx=0 tx=0 comp rx=0 tx=0)._handle_peer_banner_payload supported=3 required=0
2024-03-14T12:51:01.853 INFO:teuthology.orchestra.run.smithi111.stdout:/usr/bin/ceph: stderr
2024-03-14T12:51:01.008+0000 7fd5ad323700 1 --2- >> [v2:172.21.15.111:3300/0,v1:172.21.15.111:6789/0] conn(0x7fd5a8102580 0x7fd5a8102990 unknown :-1 s=HELLO_CONNECTING pgs=0 cs=0 l=0 rev1=1 crypto rx=0 tx=0 comp rx=0 tx=0).handle_hello peer v2:172.21.15.111:3300/0 says I am v2:172.21.15.111:52580/0 (socket says 172.21.15.111:52580)
2024-03-14T12:51:01.853 INFO:teuthology.orchestra.run.smithi111.stdout:/usr/bin/ceph: stderr
2024-03-14T12:51:01.008+0000 7fd5ad323700 1 -- 172.21.15.111:0/730645376 learned_addr learned my addr 172.21.15.111:0/730645376 (peer_addr_for_me v2:172.21.15.111:0/0)
2024-03-14T12:51:01.853 INFO:teuthology.orchestra.run.smithi111.stdout:/usr/bin/ceph: stderr
2024-03-14T12:51:01.008+0000 7fd5ad323700 1 -- 172.21.15.111:0/730645376 --> [v2:172.21.15.111:3300/0,v1:172.21.15.111:6789/0] -- mon_subscribe({config=0+,monmap=0+}) v3 -- 0x7fd5a8103010 con 0x7fd5a8102580
2024-03-14T12:51:01.853 INFO:teuthology.orchestra.run.smithi111.stdout:/usr/bin/ceph: stderr
2024-03-14T12:51:01.008+0000 7fd5ad323700 1 --2- 172.21.15.111:0/730645376 >> [v2:172.21.15.111:3300/0,v1:172.21.15.111:6789/0] conn(0x7fd5a8102580 0x7fd5a8102990 secure :-1 s=READY pgs=24 cs=0 l=1 rev1=1 crypto rx=0x7fd5a40098e0 tx=0x7fd5a4009250 comp rx=0 tx=0).ready entity=mon.0 client_cookie=5b9e291feac4a7d3 server_cookie=0 in_seq=0 out_seq=0
2024-03-14T12:51:01.853 INFO:teuthology.orchestra.run.smithi111.stdout:/usr/bin/ceph: stderr
2024-03-14T12:51:01.009+0000 7fd59ffff700 1 -- 172.21.15.111:0/730645376 <== mon.0 v2:172.21.15.111:3300/0 1 ==== mon_map magic: 0 v1 ==== 229+0+0 (secure 0 0 0) 0x7fd5a400b860 con 0x7fd5a8102580
2024-03-14T12:51:01.853 INFO:teuthology.orchestra.run.smithi111.stdout:/usr/bin/ceph: stderr
2024-03-14T12:51:01.009+0000 7fd59ffff700 1 -- 172.21.15.111:0/730645376 <== mon.0 v2:172.21.15.111:3300/0 2 ==== config(26 keys) v1 ==== 1009+0+0 (secure 0 0 0) 0x7fd5a400be30 con 0x7fd5a8102580
2024-03-14T12:51:01.854 INFO:teuthology.orchestra.run.smithi111.stdout:/usr/bin/ceph: stderr
2024-03-14T12:51:01.009+0000 7fd59ffff700 1 -- 172.21.15.111:0/730645376 <== mon.0 v2:172.21.15.111:3300/0 3 ==== mon_map magic: 0 v1 ==== 229+0+0 (secure 0 0 0) 0x7fd5a4010380 con 0x7fd5a8102580
2024-03-14T12:51:01.854 INFO:teuthology.orchestra.run.smithi111.stdout:/usr/bin/ceph: stderr
2024-03-14T12:51:01.009+0000 7fd5af587700 1 -- 172.21.15.111:0/730645376 >> [v2:172.21.15.111:3300/0,v1:172.21.15.111:6789/0] conn(0x7fd5a8102580 msgr2=0x7fd5a8102990 secure :-1 s=STATE_CONNECTION_ESTABLISHED l=1).mark_down
2024-03-14T12:51:01.854 INFO:teuthology.orchestra.run.smithi111.stdout:/usr/bin/ceph: stderr
2024-03-14T12:51:01.009+0000 7fd5af587700 1 --2- 172.21.15.111:0/730645376 >> [v2:172.21.15.111:3300/0,v1:172.21.15.111:6789/0] conn(0x7fd5a8102580 0x7fd5a8102990 secure :-1 s=READY pgs=24 cs=0 l=1 rev1=1 crypto rx=0x7fd5a40098e0 tx=0x7fd5a4009250 comp rx=0 tx=0).stop
2024-03-14T12:51:01.854 INFO:teuthology.orchestra.run.smithi111.stdout:/usr/bin/ceph: stderr
2024-03-14T12:51:01.010+0000 7fd5af587700 1 -- 172.21.15.111:0/730645376 shutdown_connections
2024-03-14T12:51:01.854 INFO:teuthology.orchestra.run.smithi111.stdout:/usr/bin/ceph: stderr
2024-03-14T12:51:01.010+0000 7fd5af587700 1 --2- 172.21.15.111:0/730645376 >> [v2:172.21.15.111:3300/0,v1:172.21.15.111:6789/0] conn(0x7fd5a8102580 0x7fd5a8102990 unknown :-1 s=CLOSED pgs=24 cs=0 l=1 rev1=1 crypto rx=0 tx=0 comp rx=0 tx=0).stop
2024-03-14T12:51:01.854 INFO:teuthology.orchestra.run.smithi111.stdout:/usr/bin/ceph: stderr
2024-03-14T12:51:01.010+0000 7fd5af587700 1 -- 172.21.15.111:0/730645376 >> 172.21.15.111:0/730645376 conn(0x7fd5a80fdd00 msgr2=0x7fd5a8100110 unknown :-1 s=STATE_NONE l=0).mark_down
2024-03-14T12:51:01.854 INFO:teuthology.orchestra.run.smithi111.stdout:/usr/bin/ceph: stderr
2024-03-14T12:51:01.010+0000 7fd5af587700 1 -- 172.21.15.111:0/730645376 shutdown_connections
2024-03-14T12:51:01.854 INFO:teuthology.orchestra.run.smithi111.stdout:/usr/bin/ceph: stderr
2024-03-14T12:51:01.010+0000 7fd5af587700 1 -- 172.21.15.111:0/730645376 wait complete.
2024-03-14T12:51:01.854 INFO:teuthology.orchestra.run.smithi111.stdout:/usr/bin/ceph: stderr
2024-03-14T12:51:01.010+0000 7fd5af587700 1 Processor -- start
2024-03-14T12:51:01.854 INFO:teuthology.orchestra.run.smithi111.stdout:/usr/bin/ceph: stderr
2024-03-14T12:51:01.010+0000 7fd5af587700 1 -- start start
2024-03-14T12:51:01.854 INFO:teuthology.orchestra.run.smithi111.stdout:/usr/bin/ceph: stderr
2024-03-14T12:51:01.010+0000 7fd5af587700 1 --2- >> [v2:172.21.15.111:3300/0,v1:172.21.15.111:6789/0] conn(0x7fd5a8102580 0x7fd5a8111340 unknown :-1 s=NONE pgs=0 cs=0 l=1 rev1=0 crypto rx=0 tx=0 comp rx=0 tx=0).connect
2024-03-14T12:51:01.854 INFO:teuthology.orchestra.run.smithi111.stdout:/usr/bin/ceph: stderr
2024-03-14T12:51:01.010+0000 7fd5af587700 1 -- --> [v2:172.21.15.111:3300/0,v1:172.21.15.111:6789/0] -- mon_getmap magic: 0 v1 -- 0x7fd5a8111880 con 0x7fd5a8102580
2024-03-14T12:51:01.854 INFO:teuthology.orchestra.run.smithi111.stdout:/usr/bin/ceph: stderr
2024-03-14T12:51:01.010+0000 7fd5ad323700 1 --2- >> [v2:172.21.15.111:3300/0,v1:172.21.15.111:6789/0] conn(0x7fd5a8102580 0x7fd5a8111340 unknown :-1 s=BANNER_CONNECTING pgs=0 cs=0 l=1 rev1=0 crypto rx=0 tx=0 comp rx=0 tx=0)._handle_peer_banner_payload supported=3 required=0
