2024-03-14T20:48:44.169+0000 7fc5ecf99700 1 -- 172.21.15.8:0/2013352245 >> [v2:172.21.15.8:3300/0,v1:172.21.15.8:6789/0] conn(0x7fc5e8106ce0 msgr2=0x7fc5e81090d0 secure :-1 s=STATE_CONNECTION_ESTABLISHED l=1).mark_down
2024-03-14T20:48:45.767 INFO:teuthology.orchestra.run.smithi008.stdout:/usr/bin/ceph: stderr
2024-03-14T20:48:44.169+0000 7fc5ecf99700 1 --2- 172.21.15.8:0/2013352245 >> [v2:172.21.15.8:3300/0,v1:172.21.15.8:6789/0] conn(0x7fc5e8106ce0 0x7fc5e81090d0 secure :-1 s=READY pgs=55 cs=0 l=1 rev1=1 crypto rx=0x7fc5d80098a0 tx=0x7fc5d8009bb0 comp rx=0 tx=0).stop
2024-03-14T20:48:45.767 INFO:teuthology.orchestra.run.smithi008.stdout:/usr/bin/ceph: stderr
2024-03-14T20:48:44.169+0000 7fc5ecf99700 1 -- 172.21.15.8:0/2013352245 shutdown_connections
2024-03-14T20:48:45.767 INFO:teuthology.orchestra.run.smithi008.stdout:/usr/bin/ceph: stderr
2024-03-14T20:48:44.169+0000 7fc5ecf99700 1 --2- 172.21.15.8:0/2013352245 >> [v2:172.21.15.8:3300/0,v1:172.21.15.8:6789/0] conn(0x7fc5e8106ce0 0x7fc5e81090d0 unknown :-1 s=CLOSED pgs=55 cs=0 l=1 rev1=1 crypto rx=0 tx=0 comp rx=0 tx=0).stop
2024-03-14T20:48:45.767 INFO:teuthology.orchestra.run.smithi008.stdout:/usr/bin/ceph: stderr
2024-03-14T20:48:44.169+0000 7fc5ecf99700 1 -- 172.21.15.8:0/2013352245 >> 172.21.15.8:0/2013352245 conn(0x7fc5e8100730 msgr2=0x7fc5e8102b50 unknown :-1 s=STATE_NONE l=0).mark_down
2024-03-14T20:48:45.767 INFO:teuthology.orchestra.run.smithi008.stdout:/usr/bin/ceph: stderr
2024-03-14T20:48:44.169+0000 7fc5ecf99700 1 -- 172.21.15.8:0/2013352245 shutdown_connections
2024-03-14T20:48:45.767 INFO:teuthology.orchestra.run.smithi008.stdout:/usr/bin/ceph: stderr
2024-03-14T20:48:44.169+0000 7fc5ecf99700 1 -- 172.21.15.8:0/2013352245 wait complete.
2024-03-14T20:48:45.767 INFO:teuthology.orchestra.run.smithi008.stdout:/usr/bin/ceph: stderr
2024-03-14T20:48:44.170+0000 7fc5ecf99700 1 Processor -- start
2024-03-14T20:48:45.768 INFO:teuthology.orchestra.run.smithi008.stdout:/usr/bin/ceph: stderr
2024-03-14T20:48:44.170+0000 7fc5ecf99700 1 -- start start
2024-03-14T20:48:45.768 INFO:teuthology.orchestra.run.smithi008.stdout:/usr/bin/ceph: stderr
2024-03-14T20:48:44.170+0000 7fc5ecf99700 1 --2- >> [v2:172.21.15.8:3300/0,v1:172.21.15.8:6789/0] conn(0x7fc5e8106ce0 0x7fc5e8199fa0 unknown :-1 s=NONE pgs=0 cs=0 l=1 rev1=0 crypto rx=0 tx=0 comp rx=0 tx=0).connect
2024-03-14T20:48:45.768 INFO:teuthology.orchestra.run.smithi008.stdout:/usr/bin/ceph: stderr
2024-03-14T20:48:44.170+0000 7fc5ecf99700 1 -- --> [v2:172.21.15.8:3300/0,v1:172.21.15.8:6789/0] -- mon_getmap magic: 0 v1 -- 0x7fc5e819a4e0 con 0x7fc5e8106ce0
2024-03-14T20:48:45.768 INFO:teuthology.orchestra.run.smithi008.stdout:/usr/bin/ceph: stderr
2024-03-14T20:48:44.170+0000 7fc5e659c700 1 --2- >> [v2:172.21.15.8:3300/0,v1:172.21.15.8:6789/0] conn(0x7fc5e8106ce0 0x7fc5e8199fa0 unknown :-1 s=BANNER_CONNECTING pgs=0 cs=0 l=1 rev1=0 crypto rx=0 tx=0 comp rx=0 tx=0)._handle_peer_banner_payload supported=3 required=0
2024-03-14T20:48:45.768 INFO:teuthology.orchestra.run.smithi008.stdout:/usr/bin/ceph: stderr
2024-03-14T20:48:44.170+0000 7fc5e659c700 1 --2- >> [v2:172.21.15.8:3300/0,v1:172.21.15.8:6789/0] conn(0x7fc5e8106ce0 0x7fc5e8199fa0 unknown :-1 s=HELLO_CONNECTING pgs=0 cs=0 l=1 rev1=1 crypto rx=0 tx=0 comp rx=0 tx=0).handle_hello peer v2:172.21.15.8:3300/0 says I am v2:172.21.15.8:36664/0 (socket says 172.21.15.8:36664)
2024-03-14T20:48:45.768 INFO:teuthology.orchestra.run.smithi008.stdout:/usr/bin/ceph: stderr
2024-03-14T20:48:44.170+0000 7fc5e659c700 1 -- 172.21.15.8:0/1105374971 learned_addr learned my addr 172.21.15.8:0/1105374971 (peer_addr_for_me v2:172.21.15.8:0/0)
2024-03-14T20:48:45.768 INFO:teuthology.orchestra.run.smithi008.stdout:/usr/bin/ceph: stderr
2024-03-14T20:48:44.171+0000 7fc5e659c700 1 -- 172.21.15.8:0/1105374971 --> [v2:172.21.15.8:3300/0,v1:172.21.15.8:6789/0] -- mon_subscribe({config=0+,monmap=0+}) v3 -- 0x7fc5d8009550 con 0x7fc5e8106ce0
2024-03-14T20:48:45.768 INFO:teuthology.orchestra.run.smithi008.stdout:/usr/bin/ceph: stderr
2024-03-14T20:48:44.171+0000 7fc5e659c700 1 --2- 172.21.15.8:0/1105374971 >> [v2:172.21.15.8:3300/0,v1:172.21.15.8:6789/0] conn(0x7fc5e8106ce0 0x7fc5e8199fa0 secure :-1 s=READY pgs=56 cs=0 l=1 rev1=1 crypto rx=0x7fc5d8003e30 tx=0x7fc5d8011e80 comp rx=0 tx=0).ready entity=mon.0 client_cookie=0 server_cookie=0 in_seq=0 out_seq=0
2024-03-14T20:48:45.768 INFO:teuthology.orchestra.run.smithi008.stdout:/usr/bin/ceph: stderr
2024-03-14T20:48:44.171+0000 7fc5d77fe700 1 -- 172.21.15.8:0/1105374971 <== mon.0 v2:172.21.15.8:3300/0 1 ==== mon_map magic: 0 v1 ==== 205+0+0 (secure 0 0 0) 0x7fc5d80036a0 con 0x7fc5e8106ce0
2024-03-14T20:48:45.768 INFO:teuthology.orchestra.run.smithi008.stdout:/usr/bin/ceph: stderr
2024-03-14T20:48:44.171+0000 7fc5d77fe700 1 -- 172.21.15.8:0/1105374971 <== mon.0 v2:172.21.15.8:3300/0 2 ==== config(25 keys) v1 ==== 1067+0+0 (secure 0 0 0) 0x7fc5d801b440 con 0x7fc5e8106ce0
2024-03-14T20:48:45.768 INFO:teuthology.orchestra.run.smithi008.stdout:/usr/bin/ceph: stderr
2024-03-14T20:48:44.171+0000 7fc5d77fe700 1 -- 172.21.15.8:0/1105374971 <== mon.0 v2:172.21.15.8:3300/0 3 ==== mon_map magic: 0 v1 ==== 205+0+0 (secure 0 0 0) 0x7fc5d80193d0 con 0x7fc5e8106ce0
2024-03-14T20:48:45.768 INFO:teuthology.orchestra.run.smithi008.stdout:/usr/bin/ceph: stderr
2024-03-14T20:48:44.171+0000 7fc5ecf99700 1 -- 172.21.15.8:0/1105374971 --> [v2:172.21.15.8:3300/0,v1:172.21.15.8:6789/0] -- mon_subscribe({mgrmap=0+}) v3 -- 0x7fc5e819a6e0 con 0x7fc5e8106ce0
2024-03-14T20:48:45.768 INFO:teuthology.orchestra.run.smithi008.stdout:/usr/bin/ceph: stderr
2024-03-14T20:48:44.171+0000 7fc5ecf99700 1 -- 172.21.15.8:0/1105374971 --> [v2:172.21.15.8:3300/0,v1:172.21.15.8:6789/0] -- mon_subscribe({osdmap=0}) v3 -- 0x7fc5e819ab80 con 0x7fc5e8106ce0
2024-03-14T20:48:45.768 INFO:teuthology.orchestra.run.smithi008.stdout:/usr/bin/ceph: stderr
2024-03-14T20:48:44.172+0000 7fc5d77fe700 1 -- 172.21.15.8:0/1105374971 <== mon.0 v2:172.21.15.8:3300/0 4 ==== mgrmap(e 8) v1 ==== 45374+0+0 (secure 0 0 0) 0x7fc5d8003800 con 0x7fc5e8106ce0
2024-03-14T20:48:45.768 INFO:teuthology.orchestra.run.smithi008.stdout:/usr/bin/ceph: stderr
2024-03-14T20:48:44.172+0000 7fc5ecf99700 1 -- 172.21.15.8:0/1105374971 --> [v2:172.21.15.8:3300/0,v1:172.21.15.8:6789/0] -- mon_command({"prefix": "get_command_descriptions"} v 0) v1 -- 0x7fc5e810a3f0 con 0x7fc5e8106ce0
2024-03-14T20:48:45.769 INFO:teuthology.orchestra.run.smithi008.stdout:/usr/bin/ceph: stderr
2024-03-14T20:48:44.172+0000 7fc5d77fe700 1 --2- 172.21.15.8:0/1105374971 >> [v2:172.21.15.8:6800/935535252,v1:172.21.15.8:6801/935535252] conn(0x7fc5d00384d0 0x7fc5d003a990 unknown :-1 s=NONE pgs=0 cs=0 l=1 rev1=0 crypto rx=0 tx=0 comp rx=0 tx=0).connect
2024-03-14T20:48:45.769 INFO:teuthology.orchestra.run.smithi008.stdout:/usr/bin/ceph: stderr
2024-03-14T20:48:44.172+0000 7fc5d77fe700 1 -- 172.21.15.8:0/1105374971 <== mon.0 v2:172.21.15.8:3300/0 5 ==== osd_map(2..2 src has 1..2) v4 ==== 940+0+0 (secure 0 0 0) 0x7fc5d804c280 con 0x7fc5e8106ce0
2024-03-14T20:48:45.769 INFO:teuthology.orchestra.run.smithi008.stdout:/usr/bin/ceph: stderr
2024-03-14T20:48:44.172+0000 7fc5e5d9b700 1 --2- 172.21.15.8:0/1105374971 >> [v2:172.21.15.8:6800/935535252,v1:172.21.15.8:6801/935535252] conn(0x7fc5d00384d0 0x7fc5d003a990 unknown :-1 s=BANNER_CONNECTING pgs=0 cs=0 l=1 rev1=0 crypto rx=0 tx=0 comp rx=0 tx=0)._handle_peer_banner_payload supported=3 required=0
2024-03-14T20:48:45.769 INFO:teuthology.orchestra.run.smithi008.stdout:/usr/bin/ceph: stderr
2024-03-14T20:48:44.173+0000 7fc5e5d9b700 1 --2- 172.21.15.8:0/1105374971 >> [v2:172.21.15.8:6800/935535252,v1:172.21.15.8:6801/935535252] conn(0x7fc5d00384d0 0x7fc5d003a990 secure :-1 s=READY pgs=16 cs=0 l=1 rev1=1 crypto rx=0x7fc5dc006fd0 tx=0x7fc5dc006e40 comp rx=0 tx=0).ready entity=mgr.14120 client_cookie=0 server_cookie=0 in_seq=0 out_seq=0
2024-03-14T20:48:45.769 INFO:teuthology.orchestra.run.smithi008.stdout:/usr/bin/ceph: stderr
2024-03-14T20:48:44.177+0000 7fc5d77fe700 1 -- 172.21.15.8:0/1105374971 <== mon.0 v2:172.21.15.8:3300/0 6 ==== mon_command_ack([{"prefix": "get_command_descriptions"}]=0 v0) v1 ==== 72+0+182738 (secure 0 0 0) 0x7fc5d802b9a0 con 0x7fc5e8106ce0
2024-03-14T20:48:45.769 INFO:teuthology.orchestra.run.smithi008.stdout:/usr/bin/ceph: stderr
2024-03-14T20:48:44.450+0000 7fc5ecf99700 1 -- 172.21.15.8:0/1105374971 --> [v2:172.21.15.8:3300/0,v1:172.21.15.8:6789/0] -- mon_command({"prefix": "mgr module enable", "module": "dashboard"} v 0) v1 -- 0x7fc5e810a5e0 con 0x7fc5e8106ce0
2024-03-14T20:48:45.769 INFO:teuthology.orchestra.run.smithi008.stdout:/usr/bin/ceph: stderr
2024-03-14T20:48:45.390+0000 7fc5d77fe700 1 -- 172.21.15.8:0/1105374971 <== mon.0 v2:172.21.15.8:3300/0 7 ==== mgrmap(e 9) v1 ==== 45387+0+0 (secure 0 0 0) 0x7fc5d801b5b0 con 0x7fc5e8106ce0
2024-03-14T20:48:45.769 INFO:teuthology.orchestra.run.smithi008.stdout:/usr/bin/ceph: stderr
2024-03-14T20:48:45.392+0000 7fc5d77fe700 1 -- 172.21.15.8:0/1105374971 <== mon.0 v2:172.21.15.8:3300/0 8 ==== mon_command_ack([{"prefix": "mgr module enable", "module": "dashboard"}]=0 v9) v1 ==== 88+0+0 (secure 0 0 0) 0x7fc5d800fd80 con 0x7fc5e8106ce0
2024-03-14T20:48:45.769 INFO:teuthology.orchestra.run.smithi008.stdout:/usr/bin/ceph: stderr
2024-03-14T20:48:45.395+0000 7fc5ecf99700 1 -- 172.21.15.8:0/1105374971 >> [v2:172.21.15.8:6800/935535252,v1:172.21.15.8:6801/935535252] conn(0x7fc5d00384d0 msgr2=0x7fc5d003a990 secure :-1 s=STATE_CONNECTION_ESTABLISHED l=1).mark_down
2024-03-14T20:48:45.769 INFO:teuthology.orchestra.run.smithi008.stdout:/usr/bin/ceph: stderr
2024-03-14T20:48:45.395+0000 7fc5ecf99700 1 --2- 172.21.15.8:0/1105374971 >> [v2:172.21.15.8:6800/935535252,v1:172.21.15.8:6801/935535252] conn(0x7fc5d00384d0 0x7fc5d003a990 secure :-1 s=READY pgs=16 cs=0 l=1 rev1=1 crypto rx=0x7fc5dc006fd0 tx=0x7fc5dc006e40 comp rx=0 tx=0).stop
2024-03-14T20:48:45.769 INFO:teuthology.orchestra.run.smithi008.stdout:/usr/bin/ceph: stderr
2024-03-14T20:48:45.395+0000 7fc5ecf99700 1 -- 172.21.15.8:0/1105374971 >> [v2:172.21.15.8:3300/0,v1:172.21.15.8:6789/0] conn(0x7fc5e8106ce0 msgr2=0x7fc5e8199fa0 secure :-1 s=STATE_CONNECTION_ESTABLISHED l=1).mark_down
2024-03-14T20:48:45.769 INFO:teuthology.orchestra.run.smithi008.stdout:/usr/bin/ceph: stderr
2024-03-14T20:48:45.395+0000 7fc5ecf99700 1 --2- 172.21.15.8:0/1105374971 >> [v2:172.21.15.8:3300/0,v1:172.21.15.8:6789/0] conn(0x7fc5e8106ce0 0x7fc5e8199fa0 secure :-1 s=READY pgs=56 cs=0 l=1 rev1=1 crypto rx=0x7fc5d8003e30 tx=0x7fc5d8011e80 comp rx=0 tx=0).stop
2024-03-14T20:48:45.769 INFO:teuthology.orchestra.run.smithi008.stdout:/usr/bin/ceph: stderr
2024-03-14T20:48:45.395+0000 7fc5ecf99700 1 -- 172.21.15.8:0/1105374971 shutdown_connections
2024-03-14T20:48:45.769 INFO:teuthology.orchestra.run.smithi008.stdout:/usr/bin/ceph: stderr
2024-03-14T20:48:45.395+0000 7fc5ecf99700 1 --2- 172.21.15.8:0/1105374971 >> [v2:172.21.15.8:6800/935535252,v1:172.21.15.8:6801/935535252] conn(0x7fc5d00384d0 0x7fc5d003a990 unknown :-1 s=CLOSED pgs=16 cs=0 l=1 rev1=1 crypto rx=0 tx=0 comp rx=0 tx=0).stop
2024-03-14T20:48:45.770 INFO:teuthology.orchestra.run.smithi008.stdout:/usr/bin/ceph: stderr
2024-03-14T20:48:45.395+0000 7fc5ecf99700 1 --2- 172.21.15.8:0/1105374971 >> [v2:172.21.15.8:3300/0,v1:172.21.15.8:6789/0] conn(0x7fc5e8106ce0 0x7fc5e8199fa0 unknown :-1 s=CLOSED pgs=56 cs=0 l=1 rev1=1 crypto rx=0 tx=0 comp rx=0 tx=0).stop
2024-03-14T20:48:45.770 INFO:teuthology.orchestra.run.smithi008.stdout:/usr/bin/ceph: stderr
2024-03-14T20:48:45.395+0000 7fc5ecf99700 1 -- 172.21.15.8:0/1105374971 >> 172.21.15.8:0/1105374971 conn(0x7fc5e8100730 msgr2=0x7fc5e81012c0 unknown :-1 s=STATE_NONE l=0).mark_down
2024-03-14T20:48:45.770 INFO:teuthology.orchestra.run.smithi008.stdout:/usr/bin/ceph: stderr
2024-03-14T20:48:45.395+0000 7fc5ecf99700 1 -- 172.21.15.8:0/1105374971 shutdown_connections
2024-03-14T20:48:45.770 INFO:teuthology.orchestra.run.smithi008.stdout:/usr/bin/ceph: stderr
2024-03-14T20:48:45.395+0000 7fc5ecf99700 1 -- 172.21.15.8:0/1105374971 wait complete.
2024-03-14T20:48:46.007 INFO:journalctl@ceph.mgr.x.smithi008.stdout:Mar 14 20:48:45 smithi008 ceph-0a659f16-e244-11ee-95c9-87774f69a715-mgr-x[43688]:
2024-03-14T20:48:45.903+0000 7fa71667f200 -1 mgr[py] Module prometheus has missing NOTIFY_TYPES member
2024-03-14T20:48:46.007 INFO:journalctl@ceph.mgr.x.smithi008.stdout:Mar 14 20:48:46 smithi008 ceph-0a659f16-e244-11ee-95c9-87774f69a715-mgr-x[43688]:
2024-03-14T20:48:46.010+0000 7fa71667f200 -1 mgr[py] Module alerts has missing NOTIFY_TYPES member
2024-03-14T20:48:46.386 INFO:journalctl@ceph.mgr.x.smithi008.stdout:Mar 14 20:48:46 smithi008 ceph-0a659f16-e244-11ee-95c9-87774f69a715-mgr-x[43688]:
2024-03-14T20:48:46.111+0000 7fa71667f200 -1 mgr[py] Module osd_perf_query has missing NOTIFY_TYPES member
2024-03-14T20:48:46.386 INFO:journalctl@ceph.mgr.x.smithi008.stdout:Mar 14 20:48:46 smithi008 ceph-0a659f16-e244-11ee-95c9-87774f69a715-mgr-x[43688]:
2024-03-14T20:48:46.220+0000 7fa71667f200 -1 mgr[py] Module progress has missing NOTIFY_TYPES member
2024-03-14T20:48:46.684 INFO:journalctl@ceph.mon.a.smithi008.stdout:Mar 14 20:48:46 smithi008 ceph-mon[43434]: from='client.? 172.21.15.8:0/1105374971' entity='client.admin' cmd='[{"prefix": "mgr module enable", "module": "dashboard"}]': finished
2024-03-14T20:48:46.685 INFO:journalctl@ceph.mon.a.smithi008.stdout:Mar 14 20:48:46 smithi008 ceph-mon[43434]: mgrmap e9: x(active, since 14s)
2024-03-14T20:48:46.800 INFO:teuthology.orchestra.run.smithi008.stdout:/usr/bin/ceph: stdout {
2024-03-14T20:48:46.800 INFO:teuthology.orchestra.run.smithi008.stdout:/usr/bin/ceph: stdout "epoch": 9,
2024-03-14T20:48:46.801 INFO:teuthology.orchestra.run.smithi008.stdout:/usr/bin/ceph: stdout "available": true,
2024-03-14T20:48:46.801 INFO:teuthology.orchestra.run.smithi008.stdout:/usr/bin/ceph: stdout "active_name": "x",
2024-03-14T20:48:46.801 INFO:teuthology.orchestra.run.smithi008.stdout:/usr/bin/ceph: stdout "num_standby": 0
2024-03-14T20:48:46.801 INFO:teuthology.orchestra.run.smithi008.stdout:/usr/bin/ceph: stdout }
2024-03-14T20:48:46.801 INFO:teuthology.orchestra.run.smithi008.stdout:/usr/bin/ceph: stderr
2024-03-14T20:48:46.150+0000 7f03c1eae700 1 Processor -- start
2024-03-14T20:48:46.801 INFO:teuthology.orchestra.run.smithi008.stdout:/usr/bin/ceph: stderr
2024-03-14T20:48:46.150+0000 7f03c1eae700 1 -- start start
2024-03-14T20:48:46.801 INFO:teuthology.orchestra.run.smithi008.stdout:/usr/bin/ceph: stderr
2024-03-14T20:48:46.151+0000 7f03c1eae700 1 --2- >> [v2:172.21.15.8:3300/0,v1:172.21.15.8:6789/0] conn(0x7f03bc106cd0 0x7f03bc1090c0 unknown :-1 s=NONE pgs=0 cs=0 l=0 rev1=0 crypto rx=0 tx=0 comp rx=0 tx=0).connect
2024-03-14T20:48:46.801 INFO:teuthology.orchestra.run.smithi008.stdout:/usr/bin/ceph: stderr
2024-03-14T20:48:46.151+0000 7f03c1eae700 1 -- --> [v2:172.21.15.8:3300/0,v1:172.21.15.8:6789/0] -- mon_getmap magic: 0 v1 -- 0x7f03bc079eb0 con 0x7f03bc106cd0
2024-03-14T20:48:46.801 INFO:teuthology.orchestra.run.smithi008.stdout:/usr/bin/ceph: stderr
2024-03-14T20:48:46.151+0000 7f03bb7fe700 1 --2- >> [v2:172.21.15.8:3300/0,v1:172.21.15.8:6789/0] conn(0x7f03bc106cd0 0x7f03bc1090c0 unknown :-1 s=BANNER_CONNECTING pgs=0 cs=0 l=0 rev1=0 crypto rx=0 tx=0 comp rx=0 tx=0)._handle_peer_banner_payload supported=3 required=0
2024-03-14T20:48:46.801 INFO:teuthology.orchestra.run.smithi008.stdout:/usr/bin/ceph: stderr
2024-03-14T20:48:46.151+0000 7f03bb7fe700 1 --2- >> [v2:172.21.15.8:3300/0,v1:172.21.15.8:6789/0] conn(0x7f03bc106cd0 0x7f03bc1090c0 unknown :-1 s=HELLO_CONNECTING pgs=0 cs=0 l=0 rev1=1 crypto rx=0 tx=0 comp rx=0 tx=0).handle_hello peer v2:172.21.15.8:3300/0 says I am v2:172.21.15.8:36698/0 (socket says 172.21.15.8:36698)
2024-03-14T20:48:46.801 INFO:teuthology.orchestra.run.smithi008.stdout:/usr/bin/ceph: stderr
2024-03-14T20:48:46.151+0000 7f03bb7fe700 1 -- 172.21.15.8:0/2062728971 learned_addr learned my addr 172.21.15.8:0/2062728971 (peer_addr_for_me v2:172.21.15.8:0/0)
2024-03-14T20:48:46.801 INFO:teuthology.orchestra.run.smithi008.stdout:/usr/bin/ceph: stderr
2024-03-14T20:48:46.151+0000 7f03bb7fe700 1 -- 172.21.15.8:0/2062728971 --> [v2:172.21.15.8:3300/0,v1:172.21.15.8:6789/0] -- mon_subscribe({config=0+,monmap=0+}) v3 -- 0x7f03bc109600 con 0x7f03bc106cd0
2024-03-14T20:48:46.801 INFO:teuthology.orchestra.run.smithi008.stdout:/usr/bin/ceph: stderr
2024-03-14T20:48:46.152+0000 7f03bb7fe700 1 --2- 172.21.15.8:0/2062728971 >> [v2:172.21.15.8:3300/0,v1:172.21.15.8:6789/0] conn(0x7f03bc106cd0 0x7f03bc1090c0 secure :-1 s=READY pgs=59 cs=0 l=1 rev1=1 crypto rx=0x7f03ac0098a0 tx=0x7f03ac009bb0 comp rx=0 tx=0).ready entity=mon.0 client_cookie=ed88625273c06922 server_cookie=0 in_seq=0 out_seq=0
2024-03-14T20:48:46.802 INFO:teuthology.orchestra.run.smithi008.stdout:/usr/bin/ceph: stderr
2024-03-14T20:48:46.152+0000 7f03baffd700 1 -- 172.21.15.8:0/2062728971 <== mon.0 v2:172.21.15.8:3300/0 1 ==== mon_map magic: 0 v1 ==== 205+0+0 (secure 0 0 0) 0x7f03ac004160 con 0x7f03bc106cd0
2024-03-14T20:48:46.802 INFO:teuthology.orchestra.run.smithi008.stdout:/usr/bin/ceph: stderr
2024-03-14T20:48:46.152+0000 7f03baffd700 1 -- 172.21.15.8:0/2062728971 <== mon.0 v2:172.21.15.8:3300/0 2 ==== config(25 keys) v1 ==== 1067+0+0 (secure 0 0 0) 0x7f03ac0042c0 con 0x7f03bc106cd0
2024-03-14T20:48:46.802 INFO:teuthology.orchestra.run.smithi008.stdout:/usr/bin/ceph: stderr
2024-03-14T20:48:46.152+0000 7f03baffd700 1 -- 172.21.15.8:0/2062728971 <== mon.0 v2:172.21.15.8:3300/0 3 ==== mon_map magic: 0 v1 ==== 205+0+0 (secure 0 0 0) 0x7f03ac0118e0 con 0x7f03bc106cd0
2024-03-14T20:48:46.802 INFO:teuthology.orchestra.run.smithi008.stdout:/usr/bin/ceph: stderr
2024-03-14T20:48:46.152+0000 7f03c1eae700 1 -- 172.21.15.8:0/2062728971 >> [v2:172.21.15.8:3300/0,v1:172.21.15.8:6789/0] conn(0x7f03bc106cd0 msgr2=0x7f03bc1090c0 secure :-1 s=STATE_CONNECTION_ESTABLISHED l=1).mark_down
2024-03-14T20:48:46.802 INFO:teuthology.orchestra.run.smithi008.stdout:/usr/bin/ceph: stderr
2024-03-14T20:48:46.152+0000 7f03c1eae700 1 --2- 172.21.15.8:0/2062728971 >> [v2:172.21.15.8:3300/0,v1:172.21.15.8:6789/0] conn(0x7f03bc106cd0 0x7f03bc1090c0 secure :-1 s=READY pgs=59 cs=0 l=1 rev1=1 crypto rx=0x7f03ac0098a0 tx=0x7f03ac009bb0 comp rx=0 tx=0).stop
2024-03-14T20:48:46.802 INFO:teuthology.orchestra.run.smithi008.stdout:/usr/bin/ceph: stderr
2024-03-14T20:48:46.153+0000 7f03c1eae700 1 -- 172.21.15.8:0/2062728971 shutdown_connections
2024-03-14T20:48:46.802 INFO:teuthology.orchestra.run.smithi008.stdout:/usr/bin/ceph: stderr
2024-03-14T20:48:46.153+0000 7f03c1eae700 1 --2- 172.21.15.8:0/2062728971 >> [v2:172.21.15.8:3300/0,v1:172.21.15.8:6789/0] conn(0x7f03bc106cd0 0x7f03bc1090c0 unknown :-1 s=CLOSED pgs=59 cs=0 l=1 rev1=1 crypto rx=0 tx=0 comp rx=0 tx=0).stop
2024-03-14T20:48:46.802 INFO:teuthology.orchestra.run.smithi008.stdout:/usr/bin/ceph: stderr
2024-03-14T20:48:46.153+0000 7f03c1eae700 1 -- 172.21.15.8:0/2062728971 >> 172.21.15.8:0/2062728971 conn(0x7f03bc1006e0 msgr2=0x7f03bc102b40 unknown :-1 s=STATE_NONE l=0).mark_down
2024-03-14T20:48:46.802 INFO:teuthology.orchestra.run.smithi008.stdout:/usr/bin/ceph: stderr
2024-03-14T20:48:46.153+0000 7f03c1eae700 1 -- 172.21.15.8:0/2062728971 shutdown_connections
2024-03-14T20:48:46.802 INFO:teuthology.orchestra.run.smithi008.stdout:/usr/bin/ceph: stderr
2024-03-14T20:48:46.153+0000 7f03c1eae700 1 -- 172.21.15.8:0/2062728971 wait complete.
2024-03-14T20:48:46.802 INFO:teuthology.orchestra.run.smithi008.stdout:/usr/bin/ceph: stderr
2024-03-14T20:48:46.153+0000 7f03c1eae700 1 Processor -- start
2024-03-14T20:48:46.803 INFO:teuthology.orchestra.run.smithi008.stdout:/usr/bin/ceph: stderr
2024-03-14T20:48:46.154+0000 7f03c1eae700 1 -- start start
2024-03-14T20:48:46.803 INFO:teuthology.orchestra.run.smithi008.stdout:/usr/bin/ceph: stderr
2024-03-14T20:48:46.154+0000 7f03c1eae700 1 --2- >> [v2:172.21.15.8:3300/0,v1:172.21.15.8:6789/0] conn(0x7f03bc106cd0 0x7f03bc106500 unknown :-1 s=NONE pgs=0 cs=0 l=1 rev1=0 crypto rx=0 tx=0 comp rx=0 tx=0).connect
2024-03-14T20:48:46.803 INFO:teuthology.orchestra.run.smithi008.stdout:/usr/bin/ceph: stderr
2024-03-14T20:48:46.154+0000 7f03c1eae700 1 -- --> [v2:172.21.15.8:3300/0,v1:172.21.15.8:6789/0] -- mon_getmap magic: 0 v1 -- 0x7f03bc106a40 con 0x7f03bc106cd0
2024-03-14T20:48:46.803 INFO:teuthology.orchestra.run.smithi008.stdout:/usr/bin/ceph: stderr
2024-03-14T20:48:46.154+0000 7f03bb7fe700 1 --2- >> [v2:172.21.15.8:3300/0,v1:172.21.15.8:6789/0] conn(0x7f03bc106cd0 0x7f03bc106500 unknown :-1 s=BANNER_CONNECTING pgs=0 cs=0 l=1 rev1=0 crypto rx=0 tx=0 comp rx=0 tx=0)._handle_peer_banner_payload supported=3 required=0
2024-03-14T20:48:46.803 INFO:teuthology.orchestra.run.smithi008.stdout:/usr/bin/ceph: stderr
2024-03-14T20:48:46.154+0000 7f03bb7fe700 1 --2- >> [v2:172.21.15.8:3300/0,v1:172.21.15.8:6789/0] conn(0x7f03bc106cd0 0x7f03bc106500 unknown :-1 s=HELLO_CONNECTING pgs=0 cs=0 l=1 rev1=1 crypto rx=0 tx=0 comp rx=0 tx=0).handle_hello peer v2:172.21.15.8:3300/0 says I am v2:172.21.15.8:36706/0 (socket says 172.21.15.8:36706)
2024-03-14T20:48:46.803 INFO:teuthology.orchestra.run.smithi008.stdout:/usr/bin/ceph: stderr
2024-03-14T20:48:46.154+0000 7f03bb7fe700 1 -- 172.21.15.8:0/381030452 learned_addr learned my addr 172.21.15.8:0/381030452 (peer_addr_for_me v2:172.21.15.8:0/0)
2024-03-14T20:48:46.803 INFO:teuthology.orchestra.run.smithi008.stdout:/usr/bin/ceph: stderr
2024-03-14T20:48:46.155+0000 7f03bb7fe700 1 -- 172.21.15.8:0/381030452 --> [v2:172.21.15.8:3300/0,v1:172.21.15.8:6789/0] -- mon_subscribe({config=0+,monmap=0+}) v3 -- 0x7f03ac009550 con 0x7f03bc106cd0
2024-03-14T20:48:46.803 INFO:teuthology.orchestra.run.smithi008.stdout:/usr/bin/ceph: stderr
2024-03-14T20:48:46.155+0000 7f03bb7fe700 1 --2- 172.21.15.8:0/381030452 >> [v2:172.21.15.8:3300/0,v1:172.21.15.8:6789/0] conn(0x7f03bc106cd0 0x7f03bc106500 secure :-1 s=READY pgs=60 cs=0 l=1 rev1=1 crypto rx=0x7f03ac003e30 tx=0x7f03ac011e80 comp rx=0 tx=0).ready entity=mon.0 client_cookie=0 server_cookie=0 in_seq=0 out_seq=0
2024-03-14T20:48:46.803 INFO:teuthology.orchestra.run.smithi008.stdout:/usr/bin/ceph: stderr
2024-03-14T20:48:46.155+0000 7f03b97fa700 1 -- 172.21.15.8:0/381030452 <== mon.0 v2:172.21.15.8:3300/0 1 ==== mon_map magic: 0 v1 ==== 205+0+0 (secure 0 0 0) 0x7f03ac0036a0 con 0x7f03bc106cd0
2024-03-14T20:48:46.803 INFO:teuthology.orchestra.run.smithi008.stdout:/usr/bin/ceph: stderr
2024-03-14T20:48:46.155+0000 7f03c1eae700 1 -- 172.21.15.8:0/381030452 --> [v2:172.21.15.8:3300/0,v1:172.21.15.8:6789/0] -- mon_subscribe({mgrmap=0+}) v3 -- 0x7f03bc104c80 con 0x7f03bc106cd0
2024-03-14T20:48:46.803 INFO:teuthology.orchestra.run.smithi008.stdout:/usr/bin/ceph: stderr
2024-03-14T20:48:46.155+0000 7f03b97fa700 1 -- 172.21.15.8:0/381030452 <== mon.0 v2:172.21.15.8:3300/0 2 ==== config(25 keys) v1 ==== 1067+0+0 (secure 0 0 0) 0x7f03ac01b440 con 0x7f03bc106cd0
2024-03-14T20:48:46.803 INFO:teuthology.orchestra.run.smithi008.stdout:/usr/bin/ceph: stderr
2024-03-14T20:48:46.155+0000 7f03b97fa700 1 -- 172.21.15.8:0/381030452 <== mon.0 v2:172.21.15.8:3300/0 3 ==== mon_map magic: 0 v1 ==== 205+0+0 (secure 0 0 0) 0x7f03ac0193d0 con 0x7f03bc106cd0
2024-03-14T20:48:46.803 INFO:teuthology.orchestra.run.smithi008.stdout:/usr/bin/ceph: stderr
2024-03-14T20:48:46.155+0000 7f03c1eae700 1 -- 172.21.15.8:0/381030452 --> [v2:172.21.15.8:3300/0,v1:172.21.15.8:6789/0] -- mon_subscribe({osdmap=0}) v3 -- 0x7f03bc105120 con 0x7f03bc106cd0
2024-03-14T20:48:46.803 INFO:teuthology.orchestra.run.smithi008.stdout:/usr/bin/ceph: stderr
2024-03-14T20:48:46.156+0000 7f03b97fa700 1 -- 172.21.15.8:0/381030452 <== mon.0 v2:172.21.15.8:3300/0 4 ==== mgrmap(e 9) v1 ==== 45387+0+0 (secure 0 0 0) 0x7f03ac019690 con 0x7f03bc106cd0
2024-03-14T20:48:46.804 INFO:teuthology.orchestra.run.smithi008.stdout:/usr/bin/ceph: stderr
2024-03-14T20:48:46.156+0000 7f03b97fa700 1 --2- 172.21.15.8:0/381030452 >> [v2:172.21.15.8:6800/935535252,v1:172.21.15.8:6801/935535252] conn(0x7f03a80384d0 0x7f03a803a990 unknown :-1 s=NONE pgs=0 cs=0 l=1 rev1=0 crypto rx=0 tx=0 comp rx=0 tx=0).connect
2024-03-14T20:48:46.804 INFO:teuthology.orchestra.run.smithi008.stdout:/usr/bin/ceph: stderr
2024-03-14T20:48:46.156+0000 7f03b97fa700 1 -- 172.21.15.8:0/381030452 <== mon.0 v2:172.21.15.8:3300/0 5 ==== osd_map(2..2 src has 1..2) v4 ==== 940+0+0 (secure 0 0 0) 0x7f03ac04c4d0 con 0x7f03bc106cd0
2024-03-14T20:48:46.804 INFO:teuthology.orchestra.run.smithi008.stdout:/usr/bin/ceph: stderr
2024-03-14T20:48:46.156+0000 7f03b2ffd700 1 -- 172.21.15.8:0/381030452 >> [v2:172.21.15.8:6800/935535252,v1:172.21.15.8:6801/935535252] conn(0x7f03a80384d0 msgr2=0x7f03a803a990 unknown :-1 s=STATE_CONNECTING_RE l=1).process reconnect failed to v2:172.21.15.8:6800/935535252
2024-03-14T20:48:46.804 INFO:teuthology.orchestra.run.smithi008.stdout:/usr/bin/ceph: stderr
2024-03-14T20:48:46.156+0000 7f03b2ffd700 1 --2- 172.21.15.8:0/381030452 >> [v2:172.21.15.8:6800/935535252,v1:172.21.15.8:6801/935535252] conn(0x7f03a80384d0 0x7f03a803a990 unknown :-1 s=START_CONNECT pgs=0 cs=0 l=1 rev1=0 crypto rx=0 tx=0 comp rx=0 tx=0)._fault waiting 0.200000
2024-03-14T20:48:46.804 INFO:teuthology.orchestra.run.smithi008.stdout:/usr/bin/ceph: stderr
2024-03-14T20:48:46.156+0000 7f03c1eae700 1 -- 172.21.15.8:0/381030452 --> [v2:172.21.15.8:3300/0,v1:172.21.15.8:6789/0] -- mon_command({"prefix": "get_command_descriptions"} v 0) v1 -- 0x7f03bc0623e0 con 0x7f03bc106cd0
2024-03-14T20:48:46.804 INFO:teuthology.orchestra.run.smithi008.stdout:/usr/bin/ceph: stderr
2024-03-14T20:48:46.161+0000 7f03b97fa700 1 -- 172.21.15.8:0/381030452 <== mon.0 v2:172.21.15.8:3300/0 6 ==== mon_command_ack([{"prefix": "get_command_descriptions"}]=0 v0) v1 ==== 72+0+182738 (secure 0 0 0) 0x7f03ac01a3d0 con 0x7f03bc106cd0
2024-03-14T20:48:46.804 INFO:teuthology.orchestra.run.smithi008.stdout:/usr/bin/ceph: stderr
2024-03-14T20:48:46.357+0000 7f03b2ffd700 1 -- 172.21.15.8:0/381030452 >> [v2:172.21.15.8:6800/935535252,v1:172.21.15.8:6801/935535252] conn(0x7f03a80384d0 msgr2=0x7f03a803a990 unknown :-1 s=STATE_CONNECTING_RE l=1).process reconnect failed to v2:172.21.15.8:6800/935535252
2024-03-14T20:48:46.804 INFO:teuthology.orchestra.run.smithi008.stdout:/usr/bin/ceph: stderr
2024-03-14T20:48:46.357+0000 7f03b2ffd700 1 --2- 172.21.15.8:0/381030452 >> [v2:172.21.15.8:6800/935535252,v1:172.21.15.8:6801/935535252] conn(0x7f03a80384d0 0x7f03a803a990 unknown :-1 s=START_CONNECT pgs=0 cs=0 l=1 rev1=0 crypto rx=0 tx=0 comp rx=0 tx=0)._fault waiting 0.400000
2024-03-14T20:48:46.804 INFO:teuthology.orchestra.run.smithi008.stdout:/usr/bin/ceph: stderr
2024-03-14T20:48:46.447+0000 7f03c1eae700 1 -- 172.21.15.8:0/381030452 --> [v2:172.21.15.8:3300/0,v1:172.21.15.8:6789/0] -- mon_command({"prefix": "mgr stat"} v 0) v1 -- 0x7f03bc1058e0 con 0x7f03bc106cd0
2024-03-14T20:48:46.804 INFO:teuthology.orchestra.run.smithi008.stdout:/usr/bin/ceph: stderr
2024-03-14T20:48:46.448+0000 7f03b97fa700 1 -- 172.21.15.8:0/381030452 <== mon.0 v2:172.21.15.8:3300/0 7 ==== mon_command_ack([{"prefix": "mgr stat"}]=0 v9) v1 ==== 56+0+88 (secure 0 0 0) 0x7f03ac040030 con 0x7f03bc106cd0
2024-03-14T20:48:46.804 INFO:teuthology.orchestra.run.smithi008.stdout:/usr/bin/ceph: stderr
2024-03-14T20:48:46.450+0000 7f03c1eae700 1 -- 172.21.15.8:0/381030452 >> [v2:172.21.15.8:6800/935535252,v1:172.21.15.8:6801/935535252] conn(0x7f03a80384d0 msgr2=0x7f03a803a990 unknown :-1 s=STATE_CONNECTING l=1).mark_down
2024-03-14T20:48:46.804 INFO:teuthology.orchestra.run.smithi008.stdout:/usr/bin/ceph: stderr
2024-03-14T20:48:46.450+0000 7f03c1eae700 1 --2- 172.21.15.8:0/381030452 >> [v2:172.21.15.8:6800/935535252,v1:172.21.15.8:6801/935535252] conn(0x7f03a80384d0 0x7f03a803a990 unknown :-1 s=START_CONNECT pgs=0 cs=0 l=1 rev1=0 crypto rx=0 tx=0 comp rx=0 tx=0).stop
2024-03-14T20:48:46.804 INFO:teuthology.orchestra.run.smithi008.stdout:/usr/bin/ceph: stderr
2024-03-14T20:48:46.450+0000 7f03c1eae700 1 -- 172.21.15.8:0/381030452 >> [v2:172.21.15.8:3300/0,v1:172.21.15.8:6789/0] conn(0x7f03bc106cd0 msgr2=0x7f03bc106500 secure :-1 s=STATE_CONNECTION_ESTABLISHED l=1).mark_down
2024-03-14T20:48:46.804 INFO:teuthology.orchestra.run.smithi008.stdout:/usr/bin/ceph: stderr
2024-03-14T20:48:46.450+0000 7f03c1eae700 1 --2- 172.21.15.8:0/381030452 >> [v2:172.21.15.8:3300/0,v1:172.21.15.8:6789/0] conn(0x7f03bc106cd0 0x7f03bc106500 secure :-1 s=READY pgs=60 cs=0 l=1 rev1=1 crypto rx=0x7f03ac003e30 tx=0x7f03ac011e80 comp rx=0 tx=0).stop
2024-03-14T20:48:46.805 INFO:teuthology.orchestra.run.smithi008.stdout:/usr/bin/ceph: stderr
2024-03-14T20:48:46.450+0000 7f03c1eae700 1 -- 172.21.15.8:0/381030452 shutdown_connections
2024-03-14T20:48:46.805 INFO:teuthology.orchestra.run.smithi008.stdout:/usr/bin/ceph: stderr
2024-03-14T20:48:46.450+0000 7f03c1eae700 1 --2- 172.21.15.8:0/381030452 >> [v2:172.21.15.8:6800/935535252,v1:172.21.15.8:6801/935535252] conn(0x7f03a80384d0 0x7f03a803a990 unknown :-1 s=CLOSED pgs=0 cs=0 l=1 rev1=0 crypto rx=0 tx=0 comp rx=0 tx=0).stop
2024-03-14T20:48:46.805 INFO:teuthology.orchestra.run.smithi008.stdout:/usr/bin/ceph: stderr
2024-03-14T20:48:46.450+0000 7f03c1eae700 1 --2- 172.21.15.8:0/381030452 >> [v2:172.21.15.8:3300/0,v1:172.21.15.8:6789/0] conn(0x7f03bc106cd0 0x7f03bc106500 unknown :-1 s=CLOSED pgs=60 cs=0 l=1 rev1=1 crypto rx=0 tx=0 comp rx=0 tx=0).stop
2024-03-14T20:48:46.805 INFO:teuthology.orchestra.run.smithi008.stdout:/usr/bin/ceph: stderr
2024-03-14T20:48:46.450+0000 7f03c1eae700 1 -- 172.21.15.8:0/381030452 >> 172.21.15.8:0/381030452 conn(0x7f03bc1006e0 msgr2=0x7f03bc1012b0 unknown :-1 s=STATE_NONE l=0).mark_down
2024-03-14T20:48:46.805 INFO:teuthology.orchestra.run.smithi008.stdout:/usr/bin/ceph: stderr
2024-03-14T20:48:46.450+0000 7f03c1eae700 1 -- 172.21.15.8:0/381030452 shutdown_connections
2024-03-14T20:48:46.805 INFO:teuthology.orchestra.run.smithi008.stdout:/usr/bin/ceph: stderr
2024-03-14T20:48:46.451+0000 7f03c1eae700 1 -- 172.21.15.8:0/381030452 wait complete.
2024-03-14T20:48:46.805 INFO:teuthology.orchestra.run.smithi008.stdout:Waiting for the mgr to restart...
2024-03-14T20:48:46.805 INFO:teuthology.orchestra.run.smithi008.stdout:Waiting for mgr epoch 9...
2024-03-14T20:48:47.183 INFO:journalctl@ceph.mgr.x.smithi008.stdout:Mar 14 20:48:46 smithi008 ceph-0a659f16-e244-11ee-95c9-87774f69a715-mgr-x[43688]:
2024-03-14T20:48:46.959+0000 7fa71667f200 -1 mgr[py] Module orchestrator has missing NOTIFY_TYPES member
2024-03-14T20:48:47.643 INFO:journalctl@ceph.mon.a.smithi008.stdout:Mar 14 20:48:47 smithi008 ceph-mon[43434]: from='client.? 172.21.15.8:0/381030452' entity='client.admin' cmd=[{"prefix": "mgr stat"}]: dispatch
2024-03-14T20:48:47.644 INFO:journalctl@ceph.mgr.x.smithi008.stdout:Mar 14 20:48:47 smithi008 ceph-0a659f16-e244-11ee-95c9-87774f69a715-mgr-x[43688]:
2024-03-14T20:48:47.249+0000 7fa71667f200 -1 mgr[py] Module nfs has missing NOTIFY_TYPES member
2024-03-14T20:48:47.644 INFO:journalctl@ceph.mgr.x.smithi008.stdout:Mar 14 20:48:47 smithi008 ceph-0a659f16-e244-11ee-95c9-87774f69a715-mgr-x[43688]:
2024-03-14T20:48:47.344+0000 7fa71667f200 -1 mgr[py] Module zabbix has missing NOTIFY_TYPES member
2024-03-14T20:48:47.644 INFO:journalctl@ceph.mgr.x.smithi008.stdout:Mar 14 20:48:47 smithi008 ceph-0a659f16-e244-11ee-95c9-87774f69a715-mgr-x[43688]:
2024-03-14T20:48:47.466+0000 7fa71667f200 -1 mgr[py] Module rbd_support has missing NOTIFY_TYPES member
2024-03-14T20:48:47.933 INFO:journalctl@ceph.mgr.x.smithi008.stdout:Mar 14 20:48:47 smithi008 ceph-0a659f16-e244-11ee-95c9-87774f69a715-mgr-x[43688]:
2024-03-14T20:48:47.647+0000 7fa71667f200 -1 mgr[py] Module status has missing NOTIFY_TYPES member
2024-03-14T20:48:47.933 INFO:journalctl@ceph.mgr.x.smithi008.stdout:Mar 14 20:48:47 smithi008 ceph-0a659f16-e244-11ee-95c9-87774f69a715-mgr-x[43688]:
2024-03-14T20:48:47.791+0000 7fa71667f200 -1 mgr[py] Module diskprediction_local has missing NOTIFY_TYPES member
2024-03-14T20:48:47.933 INFO:journalctl@ceph.mgr.x.smithi008.stdout:Mar 14 20:48:47 smithi008 ceph-0a659f16-e244-11ee-95c9-87774f69a715-mgr-x[43688]:
2024-03-14T20:48:47.887+0000 7fa71667f200 -1 mgr[py] Module telegraf has missing NOTIFY_TYPES member
2024-03-14T20:48:48.683 INFO:journalctl@ceph.mgr.x.smithi008.stdout:Mar 14 20:48:48 smithi008 ceph-0a659f16-e244-11ee-95c9-87774f69a715-mgr-x[43688]:
2024-03-14T20:48:48.306+0000 7fa71667f200 -1 mgr[py] Module influx has missing NOTIFY_TYPES member
2024-03-14T20:48:49.086 INFO:journalctl@ceph.mgr.x.smithi008.stdout:Mar 14 20:48:48 smithi008 ceph-0a659f16-e244-11ee-95c9-87774f69a715-mgr-x[43688]:
2024-03-14T20:48:48.765+0000 7fa71667f200 -1 mgr[py] Module pg_autoscaler has missing NOTIFY_TYPES member
2024-03-14T20:48:49.086 INFO:journalctl@ceph.mgr.x.smithi008.stdout:Mar 14 20:48:48 smithi008 ceph-0a659f16-e244-11ee-95c9-87774f69a715-mgr-x[43688]:
2024-03-14T20:48:48.983+0000 7fa71667f200 -1 mgr[py] Module rgw has missing NOTIFY_TYPES member
2024-03-14T20:48:49.086 INFO:journalctl@ceph.mgr.x.smithi008.stdout:Mar 14 20:48:49 smithi008 ceph-0a659f16-e244-11ee-95c9-87774f69a715-mgr-x[43688]:
2024-03-14T20:48:49.088+0000 7fa71667f200 -1 mgr[py] Module balancer has missing NOTIFY_TYPES member
2024-03-14T20:48:50.231 INFO:journalctl@ceph.mgr.x.smithi008.stdout:Mar 14 20:48:49 smithi008 ceph-0a659f16-e244-11ee-95c9-87774f69a715-mgr-x[43688]:
2024-03-14T20:48:49.954+0000 7fa71667f200 -1 mgr[py] Module iostat has missing NOTIFY_TYPES member
2024-03-14T20:48:50.232 INFO:journalctl@ceph.mgr.x.smithi008.stdout:Mar 14 20:48:50 smithi008 ceph-0a659f16-e244-11ee-95c9-87774f69a715-mgr-x[43688]:
2024-03-14T20:48:50.065+0000 7fa71667f200 -1 mgr[py] Module snap_schedule has missing NOTIFY_TYPES member
2024-03-14T20:48:51.380 INFO:journalctl@ceph.mgr.x.smithi008.stdout:Mar 14 20:48:50 smithi008 ceph-0a659f16-e244-11ee-95c9-87774f69a715-mgr-x[43688]:
2024-03-14T20:48:50.234+0000 7fa71667f200 -1 mgr[py] Module telemetry has missing NOTIFY_TYPES member
2024-03-14T20:48:51.380 INFO:journalctl@ceph.mgr.x.smithi008.stdout:Mar 14 20:48:50 smithi008 ceph-0a659f16-e244-11ee-95c9-87774f69a715-mgr-x[43688]:
2024-03-14T20:48:50.952+0000 7fa71667f200 -1 mgr[py] Module rook has missing NOTIFY_TYPES member
2024-03-14T20:48:51.380 INFO:journalctl@ceph.mgr.x.smithi008.stdout:Mar 14 20:48:51 smithi008 ceph-0a659f16-e244-11ee-95c9-87774f69a715-mgr-x[43688]:
2024-03-14T20:48:51.159+0000 7fa71667f200 -1 mgr[py] Module selftest has missing NOTIFY_TYPES member
2024-03-14T20:48:51.380 INFO:journalctl@ceph.mgr.x.smithi008.stdout:Mar 14 20:48:51 smithi008 ceph-0a659f16-e244-11ee-95c9-87774f69a715-mgr-x[43688]:
2024-03-14T20:48:51.382+0000 7fa71667f200 -1 mgr[py] Module devicehealth has missing NOTIFY_TYPES member
2024-03-14T20:48:52.780 INFO:journalctl@ceph.mgr.x.smithi008.stdout:Mar 14 20:48:52 smithi008 ceph-0a659f16-e244-11ee-95c9-87774f69a715-mgr-x[43688]:
2024-03-14T20:48:52.457+0000 7fa71667f200 -1 mgr[py] Module volumes has missing NOTIFY_TYPES member
2024-03-14T20:48:53.100 INFO:journalctl@ceph.mgr.x.smithi008.stdout:Mar 14 20:48:52 smithi008 ceph-0a659f16-e244-11ee-95c9-87774f69a715-mgr-x[43688]:
2024-03-14T20:48:52.783+0000 7fa71667f200 -1 mgr[py] Module test_orchestrator has missing NOTIFY_TYPES member
2024-03-14T20:48:53.100 INFO:journalctl@ceph.mgr.x.smithi008.stdout:Mar 14 20:48:52 smithi008 ceph-0a659f16-e244-11ee-95c9-87774f69a715-mgr-x[43688]:
2024-03-14T20:48:52.882+0000 7fa71667f200 -1 mgr[py] Module osd_support has missing NOTIFY_TYPES member
2024-03-14T20:48:53.433 INFO:journalctl@ceph.mgr.x.smithi008.stdout:Mar 14 20:48:53 smithi008 ceph-0a659f16-e244-11ee-95c9-87774f69a715-mgr-x[43688]:
2024-03-14T20:48:53.102+0000 7fa71667f200 -1 mgr[py] Module crash has missing NOTIFY_TYPES member
2024-03-14T20:48:53.434 INFO:journalctl@ceph.mon.a.smithi008.stdout:Mar 14 20:48:53 smithi008 ceph-mon[43434]: Active manager daemon x restarted
2024-03-14T20:48:53.434 INFO:journalctl@ceph.mon.a.smithi008.stdout:Mar 14 20:48:53 smithi008 ceph-mon[43434]: Activating manager daemon x
2024-03-14T20:48:53.434 INFO:journalctl@ceph.mon.a.smithi008.stdout:Mar 14 20:48:53 smithi008 ceph-mon[43434]: osdmap e3: 0 total, 0 up, 0 in
2024-03-14T20:48:53.434 INFO:journalctl@ceph.mon.a.smithi008.stdout:Mar 14 20:48:53 smithi008 ceph-mon[43434]: mgrmap e10: x(active, starting, since 0.00363131s)
2024-03-14T20:48:53.434 INFO:journalctl@ceph.mon.a.smithi008.stdout:Mar 14 20:48:53 smithi008 ceph-mon[43434]: from='mgr.14152 172.21.15.8:0/3530503004' entity='mgr.x' cmd=[{"prefix": "mon metadata", "id": "a"}]: dispatch
2024-03-14T20:48:53.434 INFO:journalctl@ceph.mon.a.smithi008.stdout:Mar 14 20:48:53 smithi008 ceph-mon[43434]: from='mgr.14152 172.21.15.8:0/3530503004' entity='mgr.x' cmd=[{"prefix": "mgr metadata", "who": "x", "id": "x"}]: dispatch
2024-03-14T20:48:53.434 INFO:journalctl@ceph.mon.a.smithi008.stdout:Mar 14 20:48:53 smithi008 ceph-mon[43434]: from='mgr.14152 172.21.15.8:0/3530503004' entity='mgr.x' cmd=[{"prefix": "mds metadata"}]: dispatch
2024-03-14T20:48:53.434 INFO:journalctl@ceph.mon.a.smithi008.stdout:Mar 14 20:48:53 smithi008 ceph-mon[43434]: from='mgr.14152 172.21.15.8:0/3530503004' entity='mgr.x' cmd=[{"prefix": "osd metadata"}]: dispatch
2024-03-14T20:48:53.434 INFO:journalctl@ceph.mon.a.smithi008.stdout:Mar 14 20:48:53 smithi008 ceph-mon[43434]: from='mgr.14152 172.21.15.8:0/3530503004' entity='mgr.x' cmd=[{"prefix": "mon metadata"}]: dispatch
2024-03-14T20:48:53.434 INFO:journalctl@ceph.mon.a.smithi008.stdout:Mar 14 20:48:53 smithi008 ceph-mon[43434]: Manager daemon x is now available
2024-03-14T20:48:53.434 INFO:journalctl@ceph.mon.a.smithi008.stdout:Mar 14 20:48:53 smithi008 ceph-mon[43434]: from='mgr.14152 172.21.15.8:0/3530503004' entity='mgr.x' cmd=[{"prefix": "config dump", "format": "json"}]: dispatch
2024-03-14T20:48:53.434 INFO:journalctl@ceph.mon.a.smithi008.stdout:Mar 14 20:48:53 smithi008 ceph-mon[43434]: from='mgr.14152 172.21.15.8:0/3530503004' entity='mgr.x' cmd=[{"prefix": "config dump", "format": "json"}]: dispatch
2024-03-14T20:48:54.433 INFO:journalctl@ceph.mon.a.smithi008.stdout:Mar 14 20:48:54 smithi008 ceph-mon[43434]: from='mgr.14152 172.21.15.8:0/3530503004' entity='mgr.x' cmd=[{"prefix":"config rm","who":"mgr","name":"mgr/rbd_support/x/mirror_snapshot_schedule"}]: dispatch
2024-03-14T20:48:54.434 INFO:journalctl@ceph.mon.a.smithi008.stdout:Mar 14 20:48:54 smithi008 ceph-mon[43434]: from='mgr.14152 172.21.15.8:0/3530503004' entity='mgr.x' cmd=[{"prefix":"config rm","who":"mgr","name":"mgr/rbd_support/x/trash_purge_schedule"}]: dispatch
2024-03-14T20:48:54.434 INFO:journalctl@ceph.mon.a.smithi008.stdout:Mar 14 20:48:54 smithi008 ceph-mon[43434]: mgrmap e11: x(active, since 1.00607s)
2024-03-14T20:48:54.801 INFO:teuthology.orchestra.run.smithi008.stdout:/usr/bin/ceph: stdout {
2024-03-14T20:48:54.801 INFO:teuthology.orchestra.run.smithi008.stdout:/usr/bin/ceph: stdout "mgrmap_epoch": 11,
2024-03-14T20:48:54.801 INFO:teuthology.orchestra.run.smithi008.stdout:/usr/bin/ceph: stdout "initialized": true
2024-03-14T20:48:54.801 INFO:teuthology.orchestra.run.smithi008.stdout:/usr/bin/ceph: stdout }
2024-03-14T20:48:54.801 INFO:teuthology.orchestra.run.smithi008.stdout:/usr/bin/ceph: stderr
2024-03-14T20:48:47.153+0000 7f483e80a700 1 Processor -- start
2024-03-14T20:48:54.801 INFO:teuthology.orchestra.run.smithi008.stdout:/usr/bin/ceph: stderr
2024-03-14T20:48:47.153+0000 7f483e80a700 1 -- start start
2024-03-14T20:48:54.801 INFO:teuthology.orchestra.run.smithi008.stdout:/usr/bin/ceph: stderr
2024-03-14T20:48:47.153+0000 7f483e80a700 1 --2- >> [v2:172.21.15.8:3300/0,v1:172.21.15.8:6789/0] conn(0x7f4838106cd0 0x7f48381090c0 unknown :-1 s=NONE pgs=0 cs=0 l=0 rev1=0 crypto rx=0 tx=0 comp rx=0 tx=0).connect
2024-03-14T20:48:54.802 INFO:teuthology.orchestra.run.smithi008.stdout:/usr/bin/ceph: stderr
2024-03-14T20:48:47.153+0000 7f483e80a700 1 -- --> [v2:172.21.15.8:3300/0,v1:172.21.15.8:6789/0] -- mon_getmap magic: 0 v1 -- 0x7f4838079eb0 con 0x7f4838106cd0
2024-03-14T20:48:54.802 INFO:teuthology.orchestra.run.smithi008.stdout:/usr/bin/ceph: stderr
2024-03-14T20:48:47.153+0000 7f4837fff700 1 --2- >> [v2:172.21.15.8:3300/0,v1:172.21.15.8:6789/0] conn(0x7f4838106cd0 0x7f48381090c0 unknown :-1 s=BANNER_CONNECTING pgs=0 cs=0 l=0 rev1=0 crypto rx=0 tx=0 comp rx=0 tx=0)._handle_peer_banner_payload supported=3 required=0
2024-03-14T20:48:54.802 INFO:teuthology.orchestra.run.smithi008.stdout:/usr/bin/ceph: stderr
2024-03-14T20:48:47.153+0000 7f4837fff700 1 --2- >> [v2:172.21.15.8:3300/0,v1:172.21.15.8:6789/0] conn(0x7f4838106cd0 0x7f48381090c0 unknown :-1 s=HELLO_CONNECTING pgs=0 cs=0 l=0 rev1=1 crypto rx=0 tx=0 comp rx=0 tx=0).handle_hello peer v2:172.21.15.8:3300/0 says I am v2:172.21.15.8:36708/0 (socket says 172.21.15.8:36708)
2024-03-14T20:48:54.802 INFO:teuthology.orchestra.run.smithi008.stdout:/usr/bin/ceph: stderr
2024-03-14T20:48:47.153+0000 7f4837fff700 1 -- 172.21.15.8:0/695856848 learned_addr learned my addr 172.21.15.8:0/695856848 (peer_addr_for_me v2:172.21.15.8:0/0)
2024-03-14T20:48:54.802 INFO:teuthology.orchestra.run.smithi008.stdout:/usr/bin/ceph: stderr
2024-03-14T20:48:47.154+0000 7f4837fff700 1 -- 172.21.15.8:0/695856848 --> [v2:172.21.15.8:3300/0,v1:172.21.15.8:6789/0] -- mon_subscribe({config=0+,monmap=0+}) v3 -- 0x7f4838109600 con 0x7f4838106cd0
2024-03-14T20:48:54.802 INFO:teuthology.orchestra.run.smithi008.stdout:/usr/bin/ceph: stderr
2024-03-14T20:48:47.154+0000 7f4837fff700 1 --2- 172.21.15.8:0/695856848 >> [v2:172.21.15.8:3300/0,v1:172.21.15.8:6789/0] conn(0x7f4838106cd0 0x7f48381090c0 secure :-1 s=READY pgs=61 cs=0 l=1 rev1=1 crypto rx=0x7f48280098a0 tx=0x7f4828009bb0 comp rx=0 tx=0).ready entity=mon.0 client_cookie=726845d1ede0624d server_cookie=0 in_seq=0 out_seq=0
2024-03-14T20:48:54.802 INFO:teuthology.orchestra.run.smithi008.stdout:/usr/bin/ceph: stderr
2024-03-14T20:48:47.154+0000 7f4836ffd700 1 -- 172.21.15.8:0/695856848 <== mon.0 v2:172.21.15.8:3300/0 1 ==== mon_map magic: 0 v1 ==== 205+0+0 (secure 0 0 0) 0x7f4828004160 con 0x7f4838106cd0
2024-03-14T20:48:54.802 INFO:teuthology.orchestra.run.smithi008.stdout:/usr/bin/ceph: stderr
2024-03-14T20:48:47.154+0000 7f4836ffd700 1 -- 172.21.15.8:0/695856848 <== mon.0 v2:172.21.15.8:3300/0 2 ==== config(25 keys) v1 ==== 1067+0+0 (secure 0 0 0) 0x7f48280042c0 con 0x7f4838106cd0
2024-03-14T20:48:54.802 INFO:teuthology.orchestra.run.smithi008.stdout:/usr/bin/ceph: stderr
2024-03-14T20:48:47.154+0000 7f4836ffd700 1 -- 172.21.15.8:0/695856848 <== mon.0 v2:172.21.15.8:3300/0 3 ==== mon_map magic: 0 v1 ==== 205+0+0 (secure 0 0 0) 0x7f48280118e0 con 0x7f4838106cd0
2024-03-14T20:48:54.802 INFO:teuthology.orchestra.run.smithi008.stdout:/usr/bin/ceph: stderr
2024-03-14T20:48:47.155+0000 7f483e80a700 1 -- 172.21.15.8:0/695856848 >> [v2:172.21.15.8:3300/0,v1:172.21.15.8:6789/0] conn(0x7f4838106cd0 msgr2=0x7f48381090c0 secure :-1 s=STATE_CONNECTION_ESTABLISHED l=1).mark_down
2024-03-14T20:48:54.802 INFO:teuthology.orchestra.run.smithi008.stdout:/usr/bin/ceph: stderr
2024-03-14T20:48:47.155+0000 7f483e80a700 1 --2- 172.21.15.8:0/695856848 >> [v2:172.21.15.8:3300/0,v1:172.21.15.8:6789/0] conn(0x7f4838106cd0 0x7f48381090c0 secure :-1 s=READY pgs=61 cs=0 l=1 rev1=1 crypto rx=0x7f48280098a0 tx=0x7f4828009bb0 comp rx=0 tx=0).stop
2024-03-14T20:48:54.802 INFO:teuthology.orchestra.run.smithi008.stdout:/usr/bin/ceph: stderr
2024-03-14T20:48:47.155+0000 7f483e80a700 1 -- 172.21.15.8:0/695856848 shutdown_connections
2024-03-14T20:48:54.802 INFO:teuthology.orchestra.run.smithi008.stdout:/usr/bin/ceph: stderr
2024-03-14T20:48:47.155+0000 7f483e80a700 1 --2- 172.21.15.8:0/695856848 >> [v2:172.21.15.8:3300/0,v1:172.21.15.8:6789/0] conn(0x7f4838106cd0 0x7f48381090c0 unknown :-1 s=CLOSED pgs=61 cs=0 l=1 rev1=1 crypto rx=0 tx=0 comp rx=0 tx=0).stop
2024-03-14T20:48:54.802 INFO:teuthology.orchestra.run.smithi008.stdout:/usr/bin/ceph: stderr
2024-03-14T20:48:47.155+0000 7f483e80a700 1 -- 172.21.15.8:0/695856848 >> 172.21.15.8:0/695856848 conn(0x7f48381006e0 msgr2=0x7f4838102b40 unknown :-1 s=STATE_NONE l=0).mark_down
2024-03-14T20:48:54.803 INFO:teuthology.orchestra.run.smithi008.stdout:/usr/bin/ceph: stderr
2024-03-14T20:48:47.155+0000 7f483e80a700 1 -- 172.21.15.8:0/695856848 shutdown_connections
2024-03-14T20:48:54.803 INFO:teuthology.orchestra.run.smithi008.stdout:/usr/bin/ceph: stderr
2024-03-14T20:48:47.155+0000 7f483e80a700 1 -- 172.21.15.8:0/695856848 wait complete.
2024-03-14T20:48:54.803 INFO:teuthology.orchestra.run.smithi008.stdout:/usr/bin/ceph: stderr
2024-03-14T20:48:47.155+0000 7f483e80a700 1 Processor -- start
2024-03-14T20:48:54.803 INFO:teuthology.orchestra.run.smithi008.stdout:/usr/bin/ceph: stderr
2024-03-14T20:48:47.156+0000 7f483e80a700 1 -- start start
2024-03-14T20:48:54.803 INFO:teuthology.orchestra.run.smithi008.stdout:/usr/bin/ceph: stderr
2024-03-14T20:48:47.156+0000 7f483e80a700 1 --2- >> [v2:172.21.15.8:3300/0,v1:172.21.15.8:6789/0] conn(0x7f4838106cd0 0x7f4838199fb0 unknown :-1 s=NONE pgs=0 cs=0 l=1 rev1=0 crypto rx=0 tx=0 comp rx=0 tx=0).connect
2024-03-14T20:48:54.803 INFO:teuthology.orchestra.run.smithi008.stdout:/usr/bin/ceph: stderr
2024-03-14T20:48:47.156+0000 7f483e80a700 1 -- --> [v2:172.21.15.8:3300/0,v1:172.21.15.8:6789/0] -- mon_getmap magic: 0 v1 -- 0x7f483819a4f0 con 0x7f4838106cd0
2024-03-14T20:48:54.803 INFO:teuthology.orchestra.run.smithi008.stdout:/usr/bin/ceph: stderr
2024-03-14T20:48:47.156+0000 7f4837fff700 1 --2- >> [v2:172.21.15.8:3300/0,v1:172.21.15.8:6789/0] conn(0x7f4838106cd0 0x7f4838199fb0 unknown :-1 s=BANNER_CONNECTING pgs=0 cs=0 l=1 rev1=0 crypto rx=0 tx=0 comp rx=0 tx=0)._handle_peer_banner_payload supported=3 required=0
2024-03-14T20:48:54.803 INFO:teuthology.orchestra.run.smithi008.stdout:/usr/bin/ceph: stderr
2024-03-14T20:48:47.156+0000 7f4837fff700 1 --2- >> [v2:172.21.15.8:3300/0,v1:172.21.15.8:6789/0] conn(0x7f4838106cd0 0x7f4838199fb0 unknown :-1 s=HELLO_CONNECTING pgs=0 cs=0 l=1 rev1=1 crypto rx=0 tx=0 comp rx=0 tx=0).handle_hello peer v2:172.21.15.8:3300/0 says I am v2:172.21.15.8:36724/0 (socket says 172.21.15.8:36724)
2024-03-14T20:48:54.803 INFO:teuthology.orchestra.run.smithi008.stdout:/usr/bin/ceph: stderr
2024-03-14T20:48:47.156+0000 7f4837fff700 1 -- 172.21.15.8:0/646453425 learned_addr learned my addr 172.21.15.8:0/646453425 (peer_addr_for_me v2:172.21.15.8:0/0)
2024-03-14T20:48:54.803 INFO:teuthology.orchestra.run.smithi008.stdout:/usr/bin/ceph: stderr
2024-03-14T20:48:47.156+0000 7f4837fff700 1 -- 172.21.15.8:0/646453425 --> [v2:172.21.15.8:3300/0,v1:172.21.15.8:6789/0] -- mon_subscribe({config=0+,monmap=0+}) v3 -- 0x7f4828009550 con 0x7f4838106cd0
2024-03-14T20:48:54.803 INFO:teuthology.orchestra.run.smithi008.stdout:/usr/bin/ceph: stderr
2024-03-14T20:48:47.157+0000 7f4837fff700 1 --2- 172.21.15.8:0/646453425 >> [v2:172.21.15.8:3300/0,v1:172.21.15.8:6789/0] conn(0x7f4838106cd0 0x7f4838199fb0 secure :-1 s=READY pgs=62 cs=0 l=1 rev1=1 crypto rx=0x7f4828003e30 tx=0x7f4828011e80 comp rx=0 tx=0).ready entity=mon.0 client_cookie=0 server_cookie=0 in_seq=0 out_seq=0
2024-03-14T20:48:54.803 INFO:teuthology.orchestra.run.smithi008.stdout:/usr/bin/ceph: stderr
2024-03-14T20:48:47.157+0000 7f48357fa700 1 -- 172.21.15.8:0/646453425 <== mon.0 v2:172.21.15.8:3300/0 1 ==== mon_map magic: 0 v1 ==== 205+0+0 (secure 0 0 0) 0x7f48280036a0 con 0x7f4838106cd0
2024-03-14T20:48:54.803 INFO:teuthology.orchestra.run.smithi008.stdout:/usr/bin/ceph: stderr
2024-03-14T20:48:47.157+0000 7f48357fa700 1 -- 172.21.15.8:0/646453425 <== mon.0 v2:172.21.15.8:3300/0 2 ==== config(25 keys) v1 ==== 1067+0+0 (secure 0 0 0) 0x7f482801b440 con 0x7f4838106cd0
2024-03-14T20:48:54.803 INFO:teuthology.orchestra.run.smithi008.stdout:/usr/bin/ceph: stderr
2024-03-14T20:48:47.157+0000 7f483e80a700 1 -- 172.21.15.8:0/646453425 --> [v2:172.21.15.8:3300/0,v1:172.21.15.8:6789/0] -- mon_subscribe({mgrmap=0+}) v3 -- 0x7f483819a6f0 con 0x7f4838106cd0
2024-03-14T20:48:54.803 INFO:teuthology.orchestra.run.smithi008.stdout:/usr/bin/ceph: stderr
2024-03-14T20:48:47.157+0000 7f48357fa700 1 -- 172.21.15.8:0/646453425 <== mon.0 v2:172.21.15.8:3300/0 3 ==== mon_map magic: 0 v1 ==== 205+0+0 (secure 0 0 0) 0x7f48280193d0 con 0x7f4838106cd0
2024-03-14T20:48:54.804 INFO:teuthology.orchestra.run.smithi008.stdout:/usr/bin/ceph: stderr
2024-03-14T20:48:47.157+0000 7f483e80a700 1 -- 172.21.15.8:0/646453425 --> [v2:172.21.15.8:3300/0,v1:172.21.15.8:6789/0] -- mon_subscribe({osdmap=0}) v3 -- 0x7f483819ab90 con 0x7f4838106cd0
2024-03-14T20:48:54.804 INFO:teuthology.orchestra.run.smithi008.stdout:/usr/bin/ceph: stderr
2024-03-14T20:48:47.158+0000 7f48357fa700 1 -- 172.21.15.8:0/646453425 <== mon.0 v2:172.21.15.8:3300/0 4 ==== mgrmap(e 9) v1 ==== 45387+0+0 (secure 0 0 0) 0x7f4828019690 con 0x7f4838106cd0
2024-03-14T20:48:54.804 INFO:teuthology.orchestra.run.smithi008.stdout:/usr/bin/ceph: stderr
2024-03-14T20:48:47.158+0000 7f48357fa700 1 --2- 172.21.15.8:0/646453425 >> [v2:172.21.15.8:6800/935535252,v1:172.21.15.8:6801/935535252] conn(0x7f48200384d0 0x7f482003a990 unknown :-1 s=NONE pgs=0 cs=0 l=1 rev1=0 crypto rx=0 tx=0 comp rx=0 tx=0).connect
2024-03-14T20:48:54.804 INFO:teuthology.orchestra.run.smithi008.stdout:/usr/bin/ceph: stderr
2024-03-14T20:48:47.158+0000 7f48357fa700 1 -- 172.21.15.8:0/646453425 --> [v2:172.21.15.8:6800/935535252,v1:172.21.15.8:6801/935535252] -- command(tid 0: {"prefix": "get_command_descriptions"}) v1 -- 0x7f482003b0a0 con 0x7f48200384d0
2024-03-14T20:48:54.804 INFO:teuthology.orchestra.run.smithi008.stdout:/usr/bin/ceph: stderr
2024-03-14T20:48:47.158+0000 7f48357fa700 1 -- 172.21.15.8:0/646453425 <== mon.0 v2:172.21.15.8:3300/0 5 ==== osd_map(2..2 src has 1..2) v4 ==== 940+0+0 (secure 0 0 0) 0x7f482804d190 con 0x7f4838106cd0
2024-03-14T20:48:54.804 INFO:teuthology.orchestra.run.smithi008.stdout:/usr/bin/ceph: stderr
