2024-03-14T20:48:32.682+0000 7f9339a18700 1 --2- 172.21.15.8:0/991515850 >> [v2:172.21.15.8:3300/0,v1:172.21.15.8:6789/0] conn(0x7f9334106240 0x7f9334106660 secure :-1 s=READY pgs=37 cs=0 l=1 rev1=1 crypto rx=0x7f93240098a0 tx=0x7f9324009bb0 comp rx=0 tx=0).ready entity=mon.0 client_cookie=bba13ff2c058a2e5 server_cookie=0 in_seq=0 out_seq=0
2024-03-14T20:48:33.270 INFO:teuthology.orchestra.run.smithi008.stdout:/usr/bin/ceph: stderr
2024-03-14T20:48:32.682+0000 7f9338a16700 1 -- 172.21.15.8:0/991515850 <== mon.0 v2:172.21.15.8:3300/0 1 ==== mon_map magic: 0 v1 ==== 205+0+0 (secure 0 0 0) 0x7f9324004160 con 0x7f9334106240
2024-03-14T20:48:33.270 INFO:teuthology.orchestra.run.smithi008.stdout:/usr/bin/ceph: stderr
2024-03-14T20:48:32.682+0000 7f9338a16700 1 -- 172.21.15.8:0/991515850 <== mon.0 v2:172.21.15.8:3300/0 2 ==== config(25 keys) v1 ==== 1036+0+0 (secure 0 0 0) 0x7f93240042c0 con 0x7f9334106240
2024-03-14T20:48:33.270 INFO:teuthology.orchestra.run.smithi008.stdout:/usr/bin/ceph: stderr
2024-03-14T20:48:32.682+0000 7f9338a16700 1 -- 172.21.15.8:0/991515850 <== mon.0 v2:172.21.15.8:3300/0 3 ==== mon_map magic: 0 v1 ==== 205+0+0 (secure 0 0 0) 0x7f9324011940 con 0x7f9334106240
2024-03-14T20:48:33.270 INFO:teuthology.orchestra.run.smithi008.stdout:/usr/bin/ceph: stderr
2024-03-14T20:48:32.682+0000 7f933bc7c700 1 -- 172.21.15.8:0/991515850 >> [v2:172.21.15.8:3300/0,v1:172.21.15.8:6789/0] conn(0x7f9334106240 msgr2=0x7f9334106660 secure :-1 s=STATE_CONNECTION_ESTABLISHED l=1).mark_down
2024-03-14T20:48:33.270 INFO:teuthology.orchestra.run.smithi008.stdout:/usr/bin/ceph: stderr
2024-03-14T20:48:32.682+0000 7f933bc7c700 1 --2- 172.21.15.8:0/991515850 >> [v2:172.21.15.8:3300/0,v1:172.21.15.8:6789/0] conn(0x7f9334106240 0x7f9334106660 secure :-1 s=READY pgs=37 cs=0 l=1 rev1=1 crypto rx=0x7f93240098a0 tx=0x7f9324009bb0 comp rx=0 tx=0).stop
2024-03-14T20:48:33.270 INFO:teuthology.orchestra.run.smithi008.stdout:/usr/bin/ceph: stderr
2024-03-14T20:48:32.683+0000 7f933bc7c700 1 -- 172.21.15.8:0/991515850 shutdown_connections
2024-03-14T20:48:33.270 INFO:teuthology.orchestra.run.smithi008.stdout:/usr/bin/ceph: stderr
2024-03-14T20:48:32.683+0000 7f933bc7c700 1 --2- 172.21.15.8:0/991515850 >> [v2:172.21.15.8:3300/0,v1:172.21.15.8:6789/0] conn(0x7f9334106240 0x7f9334106660 unknown :-1 s=CLOSED pgs=37 cs=0 l=1 rev1=1 crypto rx=0 tx=0 comp rx=0 tx=0).stop
2024-03-14T20:48:33.270 INFO:teuthology.orchestra.run.smithi008.stdout:/usr/bin/ceph: stderr
2024-03-14T20:48:32.683+0000 7f933bc7c700 1 -- 172.21.15.8:0/991515850 >> 172.21.15.8:0/991515850 conn(0x7f93341017e0 msgr2=0x7f9334103c20 unknown :-1 s=STATE_NONE l=0).mark_down
2024-03-14T20:48:33.270 INFO:teuthology.orchestra.run.smithi008.stdout:/usr/bin/ceph: stderr
2024-03-14T20:48:32.683+0000 7f933bc7c700 1 -- 172.21.15.8:0/991515850 shutdown_connections
2024-03-14T20:48:33.270 INFO:teuthology.orchestra.run.smithi008.stdout:/usr/bin/ceph: stderr
2024-03-14T20:48:32.683+0000 7f933bc7c700 1 -- 172.21.15.8:0/991515850 wait complete.
2024-03-14T20:48:33.270 INFO:teuthology.orchestra.run.smithi008.stdout:/usr/bin/ceph: stderr
2024-03-14T20:48:32.683+0000 7f933bc7c700 1 Processor -- start
2024-03-14T20:48:33.271 INFO:teuthology.orchestra.run.smithi008.stdout:/usr/bin/ceph: stderr
2024-03-14T20:48:32.683+0000 7f933bc7c700 1 -- start start
2024-03-14T20:48:33.271 INFO:teuthology.orchestra.run.smithi008.stdout:/usr/bin/ceph: stderr
2024-03-14T20:48:32.683+0000 7f933bc7c700 1 --2- >> [v2:172.21.15.8:3300/0,v1:172.21.15.8:6789/0] conn(0x7f9334106240 0x7f933407bb20 unknown :-1 s=NONE pgs=0 cs=0 l=1 rev1=0 crypto rx=0 tx=0 comp rx=0 tx=0).connect
2024-03-14T20:48:33.271 INFO:teuthology.orchestra.run.smithi008.stdout:/usr/bin/ceph: stderr
2024-03-14T20:48:32.683+0000 7f933bc7c700 1 -- --> [v2:172.21.15.8:3300/0,v1:172.21.15.8:6789/0] -- mon_getmap magic: 0 v1 -- 0x7f933407c060 con 0x7f9334106240
2024-03-14T20:48:33.271 INFO:teuthology.orchestra.run.smithi008.stdout:/usr/bin/ceph: stderr
2024-03-14T20:48:32.684+0000 7f9339a18700 1 --2- >> [v2:172.21.15.8:3300/0,v1:172.21.15.8:6789/0] conn(0x7f9334106240 0x7f933407bb20 unknown :-1 s=BANNER_CONNECTING pgs=0 cs=0 l=1 rev1=0 crypto rx=0 tx=0 comp rx=0 tx=0)._handle_peer_banner_payload supported=3 required=0
2024-03-14T20:48:33.271 INFO:teuthology.orchestra.run.smithi008.stdout:/usr/bin/ceph: stderr
2024-03-14T20:48:32.684+0000 7f9339a18700 1 --2- >> [v2:172.21.15.8:3300/0,v1:172.21.15.8:6789/0] conn(0x7f9334106240 0x7f933407bb20 unknown :-1 s=HELLO_CONNECTING pgs=0 cs=0 l=1 rev1=1 crypto rx=0 tx=0 comp rx=0 tx=0).handle_hello peer v2:172.21.15.8:3300/0 says I am v2:172.21.15.8:43164/0 (socket says 172.21.15.8:43164)
2024-03-14T20:48:33.271 INFO:teuthology.orchestra.run.smithi008.stdout:/usr/bin/ceph: stderr
2024-03-14T20:48:32.684+0000 7f9339a18700 1 -- 172.21.15.8:0/125145343 learned_addr learned my addr 172.21.15.8:0/125145343 (peer_addr_for_me v2:172.21.15.8:0/0)
2024-03-14T20:48:33.271 INFO:teuthology.orchestra.run.smithi008.stdout:/usr/bin/ceph: stderr
2024-03-14T20:48:32.684+0000 7f9339a18700 1 -- 172.21.15.8:0/125145343 --> [v2:172.21.15.8:3300/0,v1:172.21.15.8:6789/0] -- mon_subscribe({config=0+,monmap=0+}) v3 -- 0x7f9324009550 con 0x7f9334106240
2024-03-14T20:48:33.271 INFO:teuthology.orchestra.run.smithi008.stdout:/usr/bin/ceph: stderr
2024-03-14T20:48:32.684+0000 7f9339a18700 1 --2- 172.21.15.8:0/125145343 >> [v2:172.21.15.8:3300/0,v1:172.21.15.8:6789/0] conn(0x7f9334106240 0x7f933407bb20 secure :-1 s=READY pgs=38 cs=0 l=1 rev1=1 crypto rx=0x7f9324006af0 tx=0x7f9324011a50 comp rx=0 tx=0).ready entity=mon.0 client_cookie=0 server_cookie=0 in_seq=0 out_seq=0
2024-03-14T20:48:33.271 INFO:teuthology.orchestra.run.smithi008.stdout:/usr/bin/ceph: stderr
2024-03-14T20:48:32.684+0000 7f932affd700 1 -- 172.21.15.8:0/125145343 <== mon.0 v2:172.21.15.8:3300/0 1 ==== mon_map magic: 0 v1 ==== 205+0+0 (secure 0 0 0) 0x7f9324003bf0 con 0x7f9334106240
2024-03-14T20:48:33.271 INFO:teuthology.orchestra.run.smithi008.stdout:/usr/bin/ceph: stderr
2024-03-14T20:48:32.684+0000 7f932affd700 1 -- 172.21.15.8:0/125145343 <== mon.0 v2:172.21.15.8:3300/0 2 ==== config(25 keys) v1 ==== 1036+0+0 (secure 0 0 0) 0x7f932401b8b0 con 0x7f9334106240
2024-03-14T20:48:33.271 INFO:teuthology.orchestra.run.smithi008.stdout:/usr/bin/ceph: stderr
2024-03-14T20:48:32.684+0000 7f933bc7c700 1 -- 172.21.15.8:0/125145343 --> [v2:172.21.15.8:3300/0,v1:172.21.15.8:6789/0] -- mon_subscribe({mgrmap=0+}) v3 -- 0x7f933407a2a0 con 0x7f9334106240
2024-03-14T20:48:33.271 INFO:teuthology.orchestra.run.smithi008.stdout:/usr/bin/ceph: stderr
2024-03-14T20:48:32.684+0000 7f932affd700 1 -- 172.21.15.8:0/125145343 <== mon.0 v2:172.21.15.8:3300/0 3 ==== mon_map magic: 0 v1 ==== 205+0+0 (secure 0 0 0) 0x7f9324023830 con 0x7f9334106240
2024-03-14T20:48:33.271 INFO:teuthology.orchestra.run.smithi008.stdout:/usr/bin/ceph: stderr
2024-03-14T20:48:32.684+0000 7f933bc7c700 1 -- 172.21.15.8:0/125145343 --> [v2:172.21.15.8:3300/0,v1:172.21.15.8:6789/0] -- mon_subscribe({osdmap=0}) v3 -- 0x7f933407a740 con 0x7f9334106240
2024-03-14T20:48:33.271 INFO:teuthology.orchestra.run.smithi008.stdout:/usr/bin/ceph: stderr
2024-03-14T20:48:32.685+0000 7f932affd700 1 -- 172.21.15.8:0/125145343 <== mon.0 v2:172.21.15.8:3300/0 4 ==== mgrmap(e 7) v1 ==== 45268+0+0 (secure 0 0 0) 0x7f9324023aa0 con 0x7f9334106240
2024-03-14T20:48:33.271 INFO:teuthology.orchestra.run.smithi008.stdout:/usr/bin/ceph: stderr
2024-03-14T20:48:32.686+0000 7f932affd700 1 --2- 172.21.15.8:0/125145343 >> [v2:172.21.15.8:6800/935535252,v1:172.21.15.8:6801/935535252] conn(0x7f9320038360 0x7f932003a820 unknown :-1 s=NONE pgs=0 cs=0 l=1 rev1=0 crypto rx=0 tx=0 comp rx=0 tx=0).connect
2024-03-14T20:48:33.272 INFO:teuthology.orchestra.run.smithi008.stdout:/usr/bin/ceph: stderr
2024-03-14T20:48:32.686+0000 7f933bc7c700 1 -- 172.21.15.8:0/125145343 --> [v2:172.21.15.8:3300/0,v1:172.21.15.8:6789/0] -- mon_command({"prefix": "get_command_descriptions"} v 0) v1 -- 0x7f93340623e0 con 0x7f9334106240
2024-03-14T20:48:33.272 INFO:teuthology.orchestra.run.smithi008.stdout:/usr/bin/ceph: stderr
2024-03-14T20:48:32.686+0000 7f932affd700 1 -- 172.21.15.8:0/125145343 <== mon.0 v2:172.21.15.8:3300/0 5 ==== osd_map(2..2 src has 1..2) v4 ==== 940+0+0 (secure 0 0 0) 0x7f932404c6b0 con 0x7f9334106240
2024-03-14T20:48:33.272 INFO:teuthology.orchestra.run.smithi008.stdout:/usr/bin/ceph: stderr
2024-03-14T20:48:32.686+0000 7f9339217700 1 --2- 172.21.15.8:0/125145343 >> [v2:172.21.15.8:6800/935535252,v1:172.21.15.8:6801/935535252] conn(0x7f9320038360 0x7f932003a820 unknown :-1 s=BANNER_CONNECTING pgs=0 cs=0 l=1 rev1=0 crypto rx=0 tx=0 comp rx=0 tx=0)._handle_peer_banner_payload supported=3 required=0
2024-03-14T20:48:33.272 INFO:teuthology.orchestra.run.smithi008.stdout:/usr/bin/ceph: stderr
2024-03-14T20:48:32.686+0000 7f9339217700 1 --2- 172.21.15.8:0/125145343 >> [v2:172.21.15.8:6800/935535252,v1:172.21.15.8:6801/935535252] conn(0x7f9320038360 0x7f932003a820 secure :-1 s=READY pgs=7 cs=0 l=1 rev1=1 crypto rx=0x7f9330006fd0 tx=0x7f9330006e40 comp rx=0 tx=0).ready entity=mgr.14120 client_cookie=0 server_cookie=0 in_seq=0 out_seq=0
2024-03-14T20:48:33.272 INFO:teuthology.orchestra.run.smithi008.stdout:/usr/bin/ceph: stderr
2024-03-14T20:48:32.691+0000 7f932affd700 1 -- 172.21.15.8:0/125145343 <== mon.0 v2:172.21.15.8:3300/0 6 ==== mon_command_ack([{"prefix": "get_command_descriptions"}]=0 v0) v1 ==== 72+0+182738 (secure 0 0 0) 0x7f932402b530 con 0x7f9334106240
2024-03-14T20:48:33.272 INFO:teuthology.orchestra.run.smithi008.stdout:/usr/bin/ceph: stderr
2024-03-14T20:48:32.918+0000 7f933bc7c700 1 -- 172.21.15.8:0/125145343 --> [v2:172.21.15.8:6800/935535252,v1:172.21.15.8:6801/935535252] -- mgr_command(tid 0: {"prefix": "orch set backend", "module_name": "cephadm", "target": ["mon-mgr", ""]}) v1 -- 0x7f9334102a50 con 0x7f9320038360
2024-03-14T20:48:33.272 INFO:teuthology.orchestra.run.smithi008.stdout:/usr/bin/ceph: stderr
2024-03-14T20:48:32.927+0000 7f932affd700 1 -- 172.21.15.8:0/125145343 <== mgr.14120 v2:172.21.15.8:6800/935535252 1 ==== mgr_command_reply(tid 0: 0 ) v1 ==== 8+0+0 (secure 0 0 0) 0x7f9334102a50 con 0x7f9320038360
2024-03-14T20:48:33.272 INFO:teuthology.orchestra.run.smithi008.stdout:/usr/bin/ceph: stderr
2024-03-14T20:48:32.930+0000 7f933bc7c700 1 -- 172.21.15.8:0/125145343 >> [v2:172.21.15.8:6800/935535252,v1:172.21.15.8:6801/935535252] conn(0x7f9320038360 msgr2=0x7f932003a820 secure :-1 s=STATE_CONNECTION_ESTABLISHED l=1).mark_down
2024-03-14T20:48:33.272 INFO:teuthology.orchestra.run.smithi008.stdout:/usr/bin/ceph: stderr
2024-03-14T20:48:32.930+0000 7f933bc7c700 1 --2- 172.21.15.8:0/125145343 >> [v2:172.21.15.8:6800/935535252,v1:172.21.15.8:6801/935535252] conn(0x7f9320038360 0x7f932003a820 secure :-1 s=READY pgs=7 cs=0 l=1 rev1=1 crypto rx=0x7f9330006fd0 tx=0x7f9330006e40 comp rx=0 tx=0).stop
2024-03-14T20:48:33.272 INFO:teuthology.orchestra.run.smithi008.stdout:/usr/bin/ceph: stderr
2024-03-14T20:48:32.930+0000 7f933bc7c700 1 -- 172.21.15.8:0/125145343 >> [v2:172.21.15.8:3300/0,v1:172.21.15.8:6789/0] conn(0x7f9334106240 msgr2=0x7f933407bb20 secure :-1 s=STATE_CONNECTION_ESTABLISHED l=1).mark_down
2024-03-14T20:48:33.272 INFO:teuthology.orchestra.run.smithi008.stdout:/usr/bin/ceph: stderr
2024-03-14T20:48:32.930+0000 7f933bc7c700 1 --2- 172.21.15.8:0/125145343 >> [v2:172.21.15.8:3300/0,v1:172.21.15.8:6789/0] conn(0x7f9334106240 0x7f933407bb20 secure :-1 s=READY pgs=38 cs=0 l=1 rev1=1 crypto rx=0x7f9324006af0 tx=0x7f9324011a50 comp rx=0 tx=0).stop
2024-03-14T20:48:33.272 INFO:teuthology.orchestra.run.smithi008.stdout:/usr/bin/ceph: stderr
2024-03-14T20:48:32.930+0000 7f933bc7c700 1 -- 172.21.15.8:0/125145343 shutdown_connections
2024-03-14T20:48:33.273 INFO:teuthology.orchestra.run.smithi008.stdout:/usr/bin/ceph: stderr
2024-03-14T20:48:32.930+0000 7f933bc7c700 1 --2- 172.21.15.8:0/125145343 >> [v2:172.21.15.8:6800/935535252,v1:172.21.15.8:6801/935535252] conn(0x7f9320038360 0x7f932003a820 unknown :-1 s=CLOSED pgs=7 cs=0 l=1 rev1=1 crypto rx=0 tx=0 comp rx=0 tx=0).stop
2024-03-14T20:48:33.273 INFO:teuthology.orchestra.run.smithi008.stdout:/usr/bin/ceph: stderr
2024-03-14T20:48:32.930+0000 7f933bc7c700 1 --2- 172.21.15.8:0/125145343 >> [v2:172.21.15.8:3300/0,v1:172.21.15.8:6789/0] conn(0x7f9334106240 0x7f933407bb20 unknown :-1 s=CLOSED pgs=38 cs=0 l=1 rev1=1 crypto rx=0 tx=0 comp rx=0 tx=0).stop
2024-03-14T20:48:33.273 INFO:teuthology.orchestra.run.smithi008.stdout:/usr/bin/ceph: stderr
2024-03-14T20:48:32.930+0000 7f933bc7c700 1 -- 172.21.15.8:0/125145343 >> 172.21.15.8:0/125145343 conn(0x7f93341017e0 msgr2=0x7f9334102340 unknown :-1 s=STATE_NONE l=0).mark_down
2024-03-14T20:48:33.273 INFO:teuthology.orchestra.run.smithi008.stdout:/usr/bin/ceph: stderr
2024-03-14T20:48:32.930+0000 7f933bc7c700 1 -- 172.21.15.8:0/125145343 shutdown_connections
2024-03-14T20:48:33.273 INFO:teuthology.orchestra.run.smithi008.stdout:/usr/bin/ceph: stderr
2024-03-14T20:48:32.930+0000 7f933bc7c700 1 -- 172.21.15.8:0/125145343 wait complete.
2024-03-14T20:48:34.166 INFO:journalctl@ceph.mon.a.smithi008.stdout:Mar 14 20:48:34 smithi008 ceph-mon[43434]: from='client.14132 -' entity='client.admin' cmd=[{"prefix": "orch set backend", "module_name": "cephadm", "target": ["mon-mgr", ""]}]: dispatch
2024-03-14T20:48:34.167 INFO:journalctl@ceph.mon.a.smithi008.stdout:Mar 14 20:48:34 smithi008 ceph-mon[43434]: mgrmap e8: x(active, since 2s)
2024-03-14T20:48:34.227 INFO:teuthology.orchestra.run.smithi008.stdout:/usr/bin/ceph: stdout value unchanged
2024-03-14T20:48:34.228 INFO:teuthology.orchestra.run.smithi008.stdout:/usr/bin/ceph: stderr
2024-03-14T20:48:33.655+0000 7f1764d53700 1 Processor -- start
2024-03-14T20:48:34.228 INFO:teuthology.orchestra.run.smithi008.stdout:/usr/bin/ceph: stderr
2024-03-14T20:48:33.655+0000 7f1764d53700 1 -- start start
2024-03-14T20:48:34.228 INFO:teuthology.orchestra.run.smithi008.stdout:/usr/bin/ceph: stderr
2024-03-14T20:48:33.656+0000 7f1764d53700 1 --2- >> [v2:172.21.15.8:3300/0,v1:172.21.15.8:6789/0] conn(0x7f1760106d10 0x7f1760109100 unknown :-1 s=NONE pgs=0 cs=0 l=0 rev1=0 crypto rx=0 tx=0 comp rx=0 tx=0).connect
2024-03-14T20:48:34.228 INFO:teuthology.orchestra.run.smithi008.stdout:/usr/bin/ceph: stderr
2024-03-14T20:48:33.656+0000 7f1764d53700 1 -- --> [v2:172.21.15.8:3300/0,v1:172.21.15.8:6789/0] -- mon_getmap magic: 0 v1 -- 0x7f1760079e70 con 0x7f1760106d10
2024-03-14T20:48:34.228 INFO:teuthology.orchestra.run.smithi008.stdout:/usr/bin/ceph: stderr
2024-03-14T20:48:33.656+0000 7f175e59c700 1 --2- >> [v2:172.21.15.8:3300/0,v1:172.21.15.8:6789/0] conn(0x7f1760106d10 0x7f1760109100 unknown :-1 s=BANNER_CONNECTING pgs=0 cs=0 l=0 rev1=0 crypto rx=0 tx=0 comp rx=0 tx=0)._handle_peer_banner_payload supported=3 required=0
2024-03-14T20:48:34.228 INFO:teuthology.orchestra.run.smithi008.stdout:/usr/bin/ceph: stderr
2024-03-14T20:48:33.656+0000 7f175e59c700 1 --2- >> [v2:172.21.15.8:3300/0,v1:172.21.15.8:6789/0] conn(0x7f1760106d10 0x7f1760109100 unknown :-1 s=HELLO_CONNECTING pgs=0 cs=0 l=0 rev1=1 crypto rx=0 tx=0 comp rx=0 tx=0).handle_hello peer v2:172.21.15.8:3300/0 says I am v2:172.21.15.8:43168/0 (socket says 172.21.15.8:43168)
2024-03-14T20:48:34.228 INFO:teuthology.orchestra.run.smithi008.stdout:/usr/bin/ceph: stderr
2024-03-14T20:48:33.656+0000 7f175e59c700 1 -- 172.21.15.8:0/2051262734 learned_addr learned my addr 172.21.15.8:0/2051262734 (peer_addr_for_me v2:172.21.15.8:0/0)
2024-03-14T20:48:34.228 INFO:teuthology.orchestra.run.smithi008.stdout:/usr/bin/ceph: stderr
2024-03-14T20:48:33.656+0000 7f175e59c700 1 -- 172.21.15.8:0/2051262734 --> [v2:172.21.15.8:3300/0,v1:172.21.15.8:6789/0] -- mon_subscribe({config=0+,monmap=0+}) v3 -- 0x7f1760109640 con 0x7f1760106d10
2024-03-14T20:48:34.228 INFO:teuthology.orchestra.run.smithi008.stdout:/usr/bin/ceph: stderr
2024-03-14T20:48:33.656+0000 7f175e59c700 1 --2- 172.21.15.8:0/2051262734 >> [v2:172.21.15.8:3300/0,v1:172.21.15.8:6789/0] conn(0x7f1760106d10 0x7f1760109100 secure :-1 s=READY pgs=39 cs=0 l=1 rev1=1 crypto rx=0x7f17540098a0 tx=0x7f1754009bb0 comp rx=0 tx=0).ready entity=mon.0 client_cookie=853ad960a0418b99 server_cookie=0 in_seq=0 out_seq=0
2024-03-14T20:48:34.228 INFO:teuthology.orchestra.run.smithi008.stdout:/usr/bin/ceph: stderr
2024-03-14T20:48:33.656+0000 7f175d59a700 1 -- 172.21.15.8:0/2051262734 <== mon.0 v2:172.21.15.8:3300/0 1 ==== mon_map magic: 0 v1 ==== 205+0+0 (secure 0 0 0) 0x7f1754004160 con 0x7f1760106d10
2024-03-14T20:48:34.228 INFO:teuthology.orchestra.run.smithi008.stdout:/usr/bin/ceph: stderr
2024-03-14T20:48:33.656+0000 7f175d59a700 1 -- 172.21.15.8:0/2051262734 <== mon.0 v2:172.21.15.8:3300/0 2 ==== config(25 keys) v1 ==== 1036+0+0 (secure 0 0 0) 0x7f17540042c0 con 0x7f1760106d10
2024-03-14T20:48:34.228 INFO:teuthology.orchestra.run.smithi008.stdout:/usr/bin/ceph: stderr
2024-03-14T20:48:33.656+0000 7f175d59a700 1 -- 172.21.15.8:0/2051262734 <== mon.0 v2:172.21.15.8:3300/0 3 ==== mon_map magic: 0 v1 ==== 205+0+0 (secure 0 0 0) 0x7f1754011940 con 0x7f1760106d10
2024-03-14T20:48:34.228 INFO:teuthology.orchestra.run.smithi008.stdout:/usr/bin/ceph: stderr
2024-03-14T20:48:33.657+0000 7f1764d53700 1 -- 172.21.15.8:0/2051262734 >> [v2:172.21.15.8:3300/0,v1:172.21.15.8:6789/0] conn(0x7f1760106d10 msgr2=0x7f1760109100 secure :-1 s=STATE_CONNECTION_ESTABLISHED l=1).mark_down
2024-03-14T20:48:34.229 INFO:teuthology.orchestra.run.smithi008.stdout:/usr/bin/ceph: stderr
2024-03-14T20:48:33.657+0000 7f1764d53700 1 --2- 172.21.15.8:0/2051262734 >> [v2:172.21.15.8:3300/0,v1:172.21.15.8:6789/0] conn(0x7f1760106d10 0x7f1760109100 secure :-1 s=READY pgs=39 cs=0 l=1 rev1=1 crypto rx=0x7f17540098a0 tx=0x7f1754009bb0 comp rx=0 tx=0).stop
2024-03-14T20:48:34.229 INFO:teuthology.orchestra.run.smithi008.stdout:/usr/bin/ceph: stderr
2024-03-14T20:48:33.657+0000 7f1764d53700 1 -- 172.21.15.8:0/2051262734 shutdown_connections
2024-03-14T20:48:34.229 INFO:teuthology.orchestra.run.smithi008.stdout:/usr/bin/ceph: stderr
2024-03-14T20:48:33.657+0000 7f1764d53700 1 --2- 172.21.15.8:0/2051262734 >> [v2:172.21.15.8:3300/0,v1:172.21.15.8:6789/0] conn(0x7f1760106d10 0x7f1760109100 unknown :-1 s=CLOSED pgs=39 cs=0 l=1 rev1=1 crypto rx=0 tx=0 comp rx=0 tx=0).stop
2024-03-14T20:48:34.229 INFO:teuthology.orchestra.run.smithi008.stdout:/usr/bin/ceph: stderr
2024-03-14T20:48:33.657+0000 7f1764d53700 1 -- 172.21.15.8:0/2051262734 >> 172.21.15.8:0/2051262734 conn(0x7f17601006e0 msgr2=0x7f1760102b40 unknown :-1 s=STATE_NONE l=0).mark_down
2024-03-14T20:48:34.229 INFO:teuthology.orchestra.run.smithi008.stdout:/usr/bin/ceph: stderr
2024-03-14T20:48:33.657+0000 7f1764d53700 1 -- 172.21.15.8:0/2051262734 shutdown_connections
2024-03-14T20:48:34.229 INFO:teuthology.orchestra.run.smithi008.stdout:/usr/bin/ceph: stderr
2024-03-14T20:48:33.657+0000 7f1764d53700 1 -- 172.21.15.8:0/2051262734 wait complete.
2024-03-14T20:48:34.229 INFO:teuthology.orchestra.run.smithi008.stdout:/usr/bin/ceph: stderr
2024-03-14T20:48:33.658+0000 7f1764d53700 1 Processor -- start
2024-03-14T20:48:34.229 INFO:teuthology.orchestra.run.smithi008.stdout:/usr/bin/ceph: stderr
2024-03-14T20:48:33.658+0000 7f1764d53700 1 -- start start
2024-03-14T20:48:34.229 INFO:teuthology.orchestra.run.smithi008.stdout:/usr/bin/ceph: stderr
2024-03-14T20:48:33.658+0000 7f1764d53700 1 --2- >> [v2:172.21.15.8:3300/0,v1:172.21.15.8:6789/0] conn(0x7f1760106d10 0x7f1760106540 unknown :-1 s=NONE pgs=0 cs=0 l=1 rev1=0 crypto rx=0 tx=0 comp rx=0 tx=0).connect
2024-03-14T20:48:34.229 INFO:teuthology.orchestra.run.smithi008.stdout:/usr/bin/ceph: stderr
2024-03-14T20:48:33.658+0000 7f1764d53700 1 -- --> [v2:172.21.15.8:3300/0,v1:172.21.15.8:6789/0] -- mon_getmap magic: 0 v1 -- 0x7f1760106a80 con 0x7f1760106d10
2024-03-14T20:48:34.229 INFO:teuthology.orchestra.run.smithi008.stdout:/usr/bin/ceph: stderr
2024-03-14T20:48:33.658+0000 7f175e59c700 1 --2- >> [v2:172.21.15.8:3300/0,v1:172.21.15.8:6789/0] conn(0x7f1760106d10 0x7f1760106540 unknown :-1 s=BANNER_CONNECTING pgs=0 cs=0 l=1 rev1=0 crypto rx=0 tx=0 comp rx=0 tx=0)._handle_peer_banner_payload supported=3 required=0
2024-03-14T20:48:34.229 INFO:teuthology.orchestra.run.smithi008.stdout:/usr/bin/ceph: stderr
2024-03-14T20:48:33.658+0000 7f175e59c700 1 --2- >> [v2:172.21.15.8:3300/0,v1:172.21.15.8:6789/0] conn(0x7f1760106d10 0x7f1760106540 unknown :-1 s=HELLO_CONNECTING pgs=0 cs=0 l=1 rev1=1 crypto rx=0 tx=0 comp rx=0 tx=0).handle_hello peer v2:172.21.15.8:3300/0 says I am v2:172.21.15.8:43172/0 (socket says 172.21.15.8:43172)
2024-03-14T20:48:34.229 INFO:teuthology.orchestra.run.smithi008.stdout:/usr/bin/ceph: stderr
2024-03-14T20:48:33.659+0000 7f175e59c700 1 -- 172.21.15.8:0/3590680596 learned_addr learned my addr 172.21.15.8:0/3590680596 (peer_addr_for_me v2:172.21.15.8:0/0)
2024-03-14T20:48:34.229 INFO:teuthology.orchestra.run.smithi008.stdout:/usr/bin/ceph: stderr
2024-03-14T20:48:33.659+0000 7f175e59c700 1 -- 172.21.15.8:0/3590680596 --> [v2:172.21.15.8:3300/0,v1:172.21.15.8:6789/0] -- mon_subscribe({config=0+,monmap=0+}) v3 -- 0x7f1754009550 con 0x7f1760106d10
2024-03-14T20:48:34.229 INFO:teuthology.orchestra.run.smithi008.stdout:/usr/bin/ceph: stderr
2024-03-14T20:48:33.659+0000 7f175e59c700 1 --2- 172.21.15.8:0/3590680596 >> [v2:172.21.15.8:3300/0,v1:172.21.15.8:6789/0] conn(0x7f1760106d10 0x7f1760106540 secure :-1 s=READY pgs=40 cs=0 l=1 rev1=1 crypto rx=0x7f1754003f20 tx=0x7f1754011f00 comp rx=0 tx=0).ready entity=mon.0 client_cookie=0 server_cookie=0 in_seq=0 out_seq=0
2024-03-14T20:48:34.230 INFO:teuthology.orchestra.run.smithi008.stdout:/usr/bin/ceph: stderr
2024-03-14T20:48:33.659+0000 7f174f7fe700 1 -- 172.21.15.8:0/3590680596 <== mon.0 v2:172.21.15.8:3300/0 1 ==== mon_map magic: 0 v1 ==== 205+0+0 (secure 0 0 0) 0x7f17540037d0 con 0x7f1760106d10
2024-03-14T20:48:34.230 INFO:teuthology.orchestra.run.smithi008.stdout:/usr/bin/ceph: stderr
2024-03-14T20:48:33.659+0000 7f174f7fe700 1 -- 172.21.15.8:0/3590680596 <== mon.0 v2:172.21.15.8:3300/0 2 ==== config(25 keys) v1 ==== 1036+0+0 (secure 0 0 0) 0x7f175401b440 con 0x7f1760106d10
2024-03-14T20:48:34.230 INFO:teuthology.orchestra.run.smithi008.stdout:/usr/bin/ceph: stderr
2024-03-14T20:48:33.659+0000 7f174f7fe700 1 -- 172.21.15.8:0/3590680596 <== mon.0 v2:172.21.15.8:3300/0 3 ==== mon_map magic: 0 v1 ==== 205+0+0 (secure 0 0 0) 0x7f1754023590 con 0x7f1760106d10
2024-03-14T20:48:34.230 INFO:teuthology.orchestra.run.smithi008.stdout:/usr/bin/ceph: stderr
2024-03-14T20:48:33.659+0000 7f1764d53700 1 -- 172.21.15.8:0/3590680596 --> [v2:172.21.15.8:3300/0,v1:172.21.15.8:6789/0] -- mon_subscribe({mgrmap=0+}) v3 -- 0x7f1760104cc0 con 0x7f1760106d10
2024-03-14T20:48:34.230 INFO:teuthology.orchestra.run.smithi008.stdout:/usr/bin/ceph: stderr
2024-03-14T20:48:33.659+0000 7f1764d53700 1 -- 172.21.15.8:0/3590680596 --> [v2:172.21.15.8:3300/0,v1:172.21.15.8:6789/0] -- mon_subscribe({osdmap=0}) v3 -- 0x7f1760105160 con 0x7f1760106d10
2024-03-14T20:48:34.230 INFO:teuthology.orchestra.run.smithi008.stdout:/usr/bin/ceph: stderr
2024-03-14T20:48:33.660+0000 7f174f7fe700 1 -- 172.21.15.8:0/3590680596 <== mon.0 v2:172.21.15.8:3300/0 4 ==== mgrmap(e 7) v1 ==== 45268+0+0 (secure 0 0 0) 0x7f1754023800 con 0x7f1760106d10
2024-03-14T20:48:34.230 INFO:teuthology.orchestra.run.smithi008.stdout:/usr/bin/ceph: stderr
2024-03-14T20:48:33.660+0000 7f174f7fe700 1 --2- 172.21.15.8:0/3590680596 >> [v2:172.21.15.8:6800/935535252,v1:172.21.15.8:6801/935535252] conn(0x7f17480383f0 0x7f174803a8b0 unknown :-1 s=NONE pgs=0 cs=0 l=1 rev1=0 crypto rx=0 tx=0 comp rx=0 tx=0).connect
2024-03-14T20:48:34.230 INFO:teuthology.orchestra.run.smithi008.stdout:/usr/bin/ceph: stderr
2024-03-14T20:48:33.660+0000 7f174f7fe700 1 -- 172.21.15.8:0/3590680596 <== mon.0 v2:172.21.15.8:3300/0 5 ==== osd_map(2..2 src has 1..2) v4 ==== 940+0+0 (secure 0 0 0) 0x7f175404c170 con 0x7f1760106d10
2024-03-14T20:48:34.230 INFO:teuthology.orchestra.run.smithi008.stdout:/usr/bin/ceph: stderr
2024-03-14T20:48:33.660+0000 7f1764d53700 1 -- 172.21.15.8:0/3590680596 --> [v2:172.21.15.8:3300/0,v1:172.21.15.8:6789/0] -- mon_command({"prefix": "get_command_descriptions"} v 0) v1 -- 0x7f176010a380 con 0x7f1760106d10
2024-03-14T20:48:34.230 INFO:teuthology.orchestra.run.smithi008.stdout:/usr/bin/ceph: stderr
2024-03-14T20:48:33.660+0000 7f175dd9b700 1 --2- 172.21.15.8:0/3590680596 >> [v2:172.21.15.8:6800/935535252,v1:172.21.15.8:6801/935535252] conn(0x7f17480383f0 0x7f174803a8b0 unknown :-1 s=BANNER_CONNECTING pgs=0 cs=0 l=1 rev1=0 crypto rx=0 tx=0 comp rx=0 tx=0)._handle_peer_banner_payload supported=3 required=0
2024-03-14T20:48:34.230 INFO:teuthology.orchestra.run.smithi008.stdout:/usr/bin/ceph: stderr
2024-03-14T20:48:33.661+0000 7f175dd9b700 1 --2- 172.21.15.8:0/3590680596 >> [v2:172.21.15.8:6800/935535252,v1:172.21.15.8:6801/935535252] conn(0x7f17480383f0 0x7f174803a8b0 secure :-1 s=READY pgs=8 cs=0 l=1 rev1=1 crypto rx=0x7f1750006fd0 tx=0x7f1750006e40 comp rx=0 tx=0).ready entity=mgr.14120 client_cookie=0 server_cookie=0 in_seq=0 out_seq=0
2024-03-14T20:48:34.230 INFO:teuthology.orchestra.run.smithi008.stdout:/usr/bin/ceph: stderr
2024-03-14T20:48:33.665+0000 7f174f7fe700 1 -- 172.21.15.8:0/3590680596 <== mon.0 v2:172.21.15.8:3300/0 6 ==== mon_command_ack([{"prefix": "get_command_descriptions"}]=0 v0) v1 ==== 72+0+182738 (secure 0 0 0) 0x7f1754023ab0 con 0x7f1760106d10
2024-03-14T20:48:34.230 INFO:teuthology.orchestra.run.smithi008.stdout:/usr/bin/ceph: stderr
2024-03-14T20:48:33.880+0000 7f1764d53700 1 -- 172.21.15.8:0/3590680596 --> [v2:172.21.15.8:6800/935535252,v1:172.21.15.8:6801/935535252] -- mgr_command(tid 0: {"prefix": "cephadm set-user", "user": "root", "target": ["mon-mgr", ""]}) v1 -- 0x7f1760101950 con 0x7f17480383f0
2024-03-14T20:48:34.230 INFO:teuthology.orchestra.run.smithi008.stdout:/usr/bin/ceph: stderr
2024-03-14T20:48:33.881+0000 7f174f7fe700 1 -- 172.21.15.8:0/3590680596 <== mgr.14120 v2:172.21.15.8:6800/935535252 1 ==== mgr_command_reply(tid 0: 0 ) v1 ==== 8+0+16 (secure 0 0 0) 0x7f1760101950 con 0x7f17480383f0
2024-03-14T20:48:34.231 INFO:teuthology.orchestra.run.smithi008.stdout:/usr/bin/ceph: stderr
2024-03-14T20:48:33.884+0000 7f1764d53700 1 -- 172.21.15.8:0/3590680596 >> [v2:172.21.15.8:6800/935535252,v1:172.21.15.8:6801/935535252] conn(0x7f17480383f0 msgr2=0x7f174803a8b0 secure :-1 s=STATE_CONNECTION_ESTABLISHED l=1).mark_down
2024-03-14T20:48:34.231 INFO:teuthology.orchestra.run.smithi008.stdout:/usr/bin/ceph: stderr
2024-03-14T20:48:33.884+0000 7f1764d53700 1 --2- 172.21.15.8:0/3590680596 >> [v2:172.21.15.8:6800/935535252,v1:172.21.15.8:6801/935535252] conn(0x7f17480383f0 0x7f174803a8b0 secure :-1 s=READY pgs=8 cs=0 l=1 rev1=1 crypto rx=0x7f1750006fd0 tx=0x7f1750006e40 comp rx=0 tx=0).stop
2024-03-14T20:48:34.231 INFO:teuthology.orchestra.run.smithi008.stdout:/usr/bin/ceph: stderr
2024-03-14T20:48:33.884+0000 7f1764d53700 1 -- 172.21.15.8:0/3590680596 >> [v2:172.21.15.8:3300/0,v1:172.21.15.8:6789/0] conn(0x7f1760106d10 msgr2=0x7f1760106540 secure :-1 s=STATE_CONNECTION_ESTABLISHED l=1).mark_down
2024-03-14T20:48:34.231 INFO:teuthology.orchestra.run.smithi008.stdout:/usr/bin/ceph: stderr
2024-03-14T20:48:33.884+0000 7f1764d53700 1 --2- 172.21.15.8:0/3590680596 >> [v2:172.21.15.8:3300/0,v1:172.21.15.8:6789/0] conn(0x7f1760106d10 0x7f1760106540 secure :-1 s=READY pgs=40 cs=0 l=1 rev1=1 crypto rx=0x7f1754003f20 tx=0x7f1754011f00 comp rx=0 tx=0).stop
2024-03-14T20:48:34.231 INFO:teuthology.orchestra.run.smithi008.stdout:/usr/bin/ceph: stderr
2024-03-14T20:48:33.884+0000 7f1764d53700 1 -- 172.21.15.8:0/3590680596 shutdown_connections
2024-03-14T20:48:34.231 INFO:teuthology.orchestra.run.smithi008.stdout:/usr/bin/ceph: stderr
2024-03-14T20:48:33.884+0000 7f1764d53700 1 --2- 172.21.15.8:0/3590680596 >> [v2:172.21.15.8:6800/935535252,v1:172.21.15.8:6801/935535252] conn(0x7f17480383f0 0x7f174803a8b0 unknown :-1 s=CLOSED pgs=8 cs=0 l=1 rev1=1 crypto rx=0 tx=0 comp rx=0 tx=0).stop
2024-03-14T20:48:34.231 INFO:teuthology.orchestra.run.smithi008.stdout:/usr/bin/ceph: stderr
2024-03-14T20:48:33.884+0000 7f1764d53700 1 --2- 172.21.15.8:0/3590680596 >> [v2:172.21.15.8:3300/0,v1:172.21.15.8:6789/0] conn(0x7f1760106d10 0x7f1760106540 unknown :-1 s=CLOSED pgs=40 cs=0 l=1 rev1=1 crypto rx=0 tx=0 comp rx=0 tx=0).stop
2024-03-14T20:48:34.231 INFO:teuthology.orchestra.run.smithi008.stdout:/usr/bin/ceph: stderr
2024-03-14T20:48:33.884+0000 7f1764d53700 1 -- 172.21.15.8:0/3590680596 >> 172.21.15.8:0/3590680596 conn(0x7f17601006e0 msgr2=0x7f1760101240 unknown :-1 s=STATE_NONE l=0).mark_down
2024-03-14T20:48:34.231 INFO:teuthology.orchestra.run.smithi008.stdout:/usr/bin/ceph: stderr
2024-03-14T20:48:33.884+0000 7f1764d53700 1 -- 172.21.15.8:0/3590680596 shutdown_connections
2024-03-14T20:48:34.231 INFO:teuthology.orchestra.run.smithi008.stdout:/usr/bin/ceph: stderr
2024-03-14T20:48:33.884+0000 7f1764d53700 1 -- 172.21.15.8:0/3590680596 wait complete.
2024-03-14T20:48:34.231 INFO:teuthology.orchestra.run.smithi008.stdout:Generating ssh key...
2024-03-14T20:48:35.387 INFO:journalctl@ceph.mon.a.smithi008.stdout:Mar 14 20:48:35 smithi008 ceph-mon[43434]: from='client.14134 -' entity='client.admin' cmd=[{"prefix": "cephadm set-user", "user": "root", "target": ["mon-mgr", ""]}]: dispatch
2024-03-14T20:48:35.387 INFO:journalctl@ceph.mgr.x.smithi008.stdout:Mar 14 20:48:35 smithi008 ceph-0a659f16-e244-11ee-95c9-87774f69a715-mgr-x[43688]: Generating public/private rsa key pair.
2024-03-14T20:48:35.387 INFO:journalctl@ceph.mgr.x.smithi008.stdout:Mar 14 20:48:35 smithi008 ceph-0a659f16-e244-11ee-95c9-87774f69a715-mgr-x[43688]: Your identification has been saved in /tmp/tmpnt57u8zf/key.
2024-03-14T20:48:35.387 INFO:journalctl@ceph.mgr.x.smithi008.stdout:Mar 14 20:48:35 smithi008 ceph-0a659f16-e244-11ee-95c9-87774f69a715-mgr-x[43688]: Your public key has been saved in /tmp/tmpnt57u8zf/key.pub.
2024-03-14T20:48:35.387 INFO:journalctl@ceph.mgr.x.smithi008.stdout:Mar 14 20:48:35 smithi008 ceph-0a659f16-e244-11ee-95c9-87774f69a715-mgr-x[43688]: The key fingerprint is:
2024-03-14T20:48:35.388 INFO:journalctl@ceph.mgr.x.smithi008.stdout:Mar 14 20:48:35 smithi008 ceph-0a659f16-e244-11ee-95c9-87774f69a715-mgr-x[43688]: SHA256:FLTgyK10oTkhK/gL3MLdy18cC4hYLLksUmmr6+CoMUo ceph-0a659f16-e244-11ee-95c9-87774f69a715
2024-03-14T20:48:35.388 INFO:journalctl@ceph.mgr.x.smithi008.stdout:Mar 14 20:48:35 smithi008 ceph-0a659f16-e244-11ee-95c9-87774f69a715-mgr-x[43688]: The key's randomart image is:
2024-03-14T20:48:35.388 INFO:journalctl@ceph.mgr.x.smithi008.stdout:Mar 14 20:48:35 smithi008 ceph-0a659f16-e244-11ee-95c9-87774f69a715-mgr-x[43688]: +---[RSA 3072]----+
2024-03-14T20:48:35.388 INFO:journalctl@ceph.mgr.x.smithi008.stdout:Mar 14 20:48:35 smithi008 ceph-0a659f16-e244-11ee-95c9-87774f69a715-mgr-x[43688]: | . . o.o |
2024-03-14T20:48:35.388 INFO:journalctl@ceph.mgr.x.smithi008.stdout:Mar 14 20:48:35 smithi008 ceph-0a659f16-e244-11ee-95c9-87774f69a715-mgr-x[43688]: |. o= B o o |
2024-03-14T20:48:35.388 INFO:journalctl@ceph.mgr.x.smithi008.stdout:Mar 14 20:48:35 smithi008 ceph-0a659f16-e244-11ee-95c9-87774f69a715-mgr-x[43688]: |oo=oB + o |
2024-03-14T20:48:35.388 INFO:journalctl@ceph.mgr.x.smithi008.stdout:Mar 14 20:48:35 smithi008 ceph-0a659f16-e244-11ee-95c9-87774f69a715-mgr-x[43688]: |+=Boo+.. |
2024-03-14T20:48:35.388 INFO:journalctl@ceph.mgr.x.smithi008.stdout:Mar 14 20:48:35 smithi008 ceph-0a659f16-e244-11ee-95c9-87774f69a715-mgr-x[43688]: |+Bo+.o .S. |
2024-03-14T20:48:35.388 INFO:journalctl@ceph.mgr.x.smithi008.stdout:Mar 14 20:48:35 smithi008 ceph-0a659f16-e244-11ee-95c9-87774f69a715-mgr-x[43688]: |oo... . o o |
2024-03-14T20:48:35.388 INFO:journalctl@ceph.mgr.x.smithi008.stdout:Mar 14 20:48:35 smithi008 ceph-0a659f16-e244-11ee-95c9-87774f69a715-mgr-x[43688]: |=E. o + |
2024-03-14T20:48:35.388 INFO:journalctl@ceph.mgr.x.smithi008.stdout:Mar 14 20:48:35 smithi008 ceph-0a659f16-e244-11ee-95c9-87774f69a715-mgr-x[43688]: |*+ . . |
2024-03-14T20:48:35.388 INFO:journalctl@ceph.mgr.x.smithi008.stdout:Mar 14 20:48:35 smithi008 ceph-0a659f16-e244-11ee-95c9-87774f69a715-mgr-x[43688]: |Bo . |
2024-03-14T20:48:35.388 INFO:journalctl@ceph.mgr.x.smithi008.stdout:Mar 14 20:48:35 smithi008 ceph-0a659f16-e244-11ee-95c9-87774f69a715-mgr-x[43688]: +----[SHA256]-----+
2024-03-14T20:48:35.576 INFO:teuthology.orchestra.run.smithi008.stdout:/usr/bin/ceph: stderr
2024-03-14T20:48:34.571+0000 7f1b14343700 1 Processor -- start
2024-03-14T20:48:35.576 INFO:teuthology.orchestra.run.smithi008.stdout:/usr/bin/ceph: stderr
2024-03-14T20:48:34.571+0000 7f1b14343700 1 -- start start
2024-03-14T20:48:35.577 INFO:teuthology.orchestra.run.smithi008.stdout:/usr/bin/ceph: stderr
2024-03-14T20:48:34.571+0000 7f1b14343700 1 --2- >> [v2:172.21.15.8:3300/0,v1:172.21.15.8:6789/0] conn(0x7f1b0c105160 0x7f1b0c105580 unknown :-1 s=NONE pgs=0 cs=0 l=0 rev1=0 crypto rx=0 tx=0 comp rx=0 tx=0).connect
2024-03-14T20:48:35.577 INFO:teuthology.orchestra.run.smithi008.stdout:/usr/bin/ceph: stderr
2024-03-14T20:48:34.571+0000 7f1b14343700 1 -- --> [v2:172.21.15.8:3300/0,v1:172.21.15.8:6789/0] -- mon_getmap magic: 0 v1 -- 0x7f1b0c105b50 con 0x7f1b0c105160
2024-03-14T20:48:35.577 INFO:teuthology.orchestra.run.smithi008.stdout:/usr/bin/ceph: stderr
2024-03-14T20:48:34.571+0000 7f1b120df700 1 --2- >> [v2:172.21.15.8:3300/0,v1:172.21.15.8:6789/0] conn(0x7f1b0c105160 0x7f1b0c105580 unknown :-1 s=BANNER_CONNECTING pgs=0 cs=0 l=0 rev1=0 crypto rx=0 tx=0 comp rx=0 tx=0)._handle_peer_banner_payload supported=3 required=0
2024-03-14T20:48:35.577 INFO:teuthology.orchestra.run.smithi008.stdout:/usr/bin/ceph: stderr
2024-03-14T20:48:34.571+0000 7f1b120df700 1 --2- >> [v2:172.21.15.8:3300/0,v1:172.21.15.8:6789/0] conn(0x7f1b0c105160 0x7f1b0c105580 unknown :-1 s=HELLO_CONNECTING pgs=0 cs=0 l=0 rev1=1 crypto rx=0 tx=0 comp rx=0 tx=0).handle_hello peer v2:172.21.15.8:3300/0 says I am v2:172.21.15.8:43182/0 (socket says 172.21.15.8:43182)
2024-03-14T20:48:35.577 INFO:teuthology.orchestra.run.smithi008.stdout:/usr/bin/ceph: stderr
2024-03-14T20:48:34.571+0000 7f1b120df700 1 -- 172.21.15.8:0/1036800596 learned_addr learned my addr 172.21.15.8:0/1036800596 (peer_addr_for_me v2:172.21.15.8:0/0)
2024-03-14T20:48:35.577 INFO:teuthology.orchestra.run.smithi008.stdout:/usr/bin/ceph: stderr
2024-03-14T20:48:34.572+0000 7f1b120df700 1 -- 172.21.15.8:0/1036800596 --> [v2:172.21.15.8:3300/0,v1:172.21.15.8:6789/0] -- mon_subscribe({config=0+,monmap=0+}) v3 -- 0x7f1b0c106360 con 0x7f1b0c105160
2024-03-14T20:48:35.577 INFO:teuthology.orchestra.run.smithi008.stdout:/usr/bin/ceph: stderr
2024-03-14T20:48:34.572+0000 7f1b120df700 1 --2- 172.21.15.8:0/1036800596 >> [v2:172.21.15.8:3300/0,v1:172.21.15.8:6789/0] conn(0x7f1b0c105160 0x7f1b0c105580 secure :-1 s=READY pgs=41 cs=0 l=1 rev1=1 crypto rx=0x7f1b080098a0 tx=0x7f1b08009bb0 comp rx=0 tx=0).ready entity=mon.0 client_cookie=ed604bd9e4aa40a4 server_cookie=0 in_seq=0 out_seq=0
2024-03-14T20:48:35.577 INFO:teuthology.orchestra.run.smithi008.stdout:/usr/bin/ceph: stderr
2024-03-14T20:48:34.572+0000 7f1b110dd700 1 -- 172.21.15.8:0/1036800596 <== mon.0 v2:172.21.15.8:3300/0 1 ==== mon_map magic: 0 v1 ==== 205+0+0 (secure 0 0 0) 0x7f1b08004160 con 0x7f1b0c105160
2024-03-14T20:48:35.577 INFO:teuthology.orchestra.run.smithi008.stdout:/usr/bin/ceph: stderr
2024-03-14T20:48:34.572+0000 7f1b110dd700 1 -- 172.21.15.8:0/1036800596 <== mon.0 v2:172.21.15.8:3300/0 2 ==== config(25 keys) v1 ==== 1036+0+0 (secure 0 0 0) 0x7f1b080042c0 con 0x7f1b0c105160
2024-03-14T20:48:35.577 INFO:teuthology.orchestra.run.smithi008.stdout:/usr/bin/ceph: stderr
2024-03-14T20:48:34.572+0000 7f1b110dd700 1 -- 172.21.15.8:0/1036800596 <== mon.0 v2:172.21.15.8:3300/0 3 ==== mon_map magic: 0 v1 ==== 205+0+0 (secure 0 0 0) 0x7f1b08011940 con 0x7f1b0c105160
2024-03-14T20:48:35.577 INFO:teuthology.orchestra.run.smithi008.stdout:/usr/bin/ceph: stderr
2024-03-14T20:48:34.573+0000 7f1b14343700 1 -- 172.21.15.8:0/1036800596 >> [v2:172.21.15.8:3300/0,v1:172.21.15.8:6789/0] conn(0x7f1b0c105160 msgr2=0x7f1b0c105580 secure :-1 s=STATE_CONNECTION_ESTABLISHED l=1).mark_down
2024-03-14T20:48:35.577 INFO:teuthology.orchestra.run.smithi008.stdout:/usr/bin/ceph: stderr
2024-03-14T20:48:34.573+0000 7f1b14343700 1 --2- 172.21.15.8:0/1036800596 >> [v2:172.21.15.8:3300/0,v1:172.21.15.8:6789/0] conn(0x7f1b0c105160 0x7f1b0c105580 secure :-1 s=READY pgs=41 cs=0 l=1 rev1=1 crypto rx=0x7f1b080098a0 tx=0x7f1b08009bb0 comp rx=0 tx=0).stop
2024-03-14T20:48:35.577 INFO:teuthology.orchestra.run.smithi008.stdout:/usr/bin/ceph: stderr
2024-03-14T20:48:34.573+0000 7f1b14343700 1 -- 172.21.15.8:0/1036800596 shutdown_connections
2024-03-14T20:48:35.577 INFO:teuthology.orchestra.run.smithi008.stdout:/usr/bin/ceph: stderr
2024-03-14T20:48:34.573+0000 7f1b14343700 1 --2- 172.21.15.8:0/1036800596 >> [v2:172.21.15.8:3300/0,v1:172.21.15.8:6789/0] conn(0x7f1b0c105160 0x7f1b0c105580 unknown :-1 s=CLOSED pgs=41 cs=0 l=1 rev1=1 crypto rx=0 tx=0 comp rx=0 tx=0).stop
2024-03-14T20:48:35.578 INFO:teuthology.orchestra.run.smithi008.stdout:/usr/bin/ceph: stderr
2024-03-14T20:48:34.573+0000 7f1b14343700 1 -- 172.21.15.8:0/1036800596 >> 172.21.15.8:0/1036800596 conn(0x7f1b0c1006e0 msgr2=0x7f1b0c102b40 unknown :-1 s=STATE_NONE l=0).mark_down
2024-03-14T20:48:35.578 INFO:teuthology.orchestra.run.smithi008.stdout:/usr/bin/ceph: stderr
2024-03-14T20:48:34.573+0000 7f1b14343700 1 -- 172.21.15.8:0/1036800596 shutdown_connections
2024-03-14T20:48:35.578 INFO:teuthology.orchestra.run.smithi008.stdout:/usr/bin/ceph: stderr
2024-03-14T20:48:34.573+0000 7f1b14343700 1 -- 172.21.15.8:0/1036800596 wait complete.
2024-03-14T20:48:35.578 INFO:teuthology.orchestra.run.smithi008.stdout:/usr/bin/ceph: stderr
2024-03-14T20:48:34.574+0000 7f1b14343700 1 Processor -- start
2024-03-14T20:48:35.578 INFO:teuthology.orchestra.run.smithi008.stdout:/usr/bin/ceph: stderr
2024-03-14T20:48:34.574+0000 7f1b14343700 1 -- start start
2024-03-14T20:48:35.578 INFO:teuthology.orchestra.run.smithi008.stdout:/usr/bin/ceph: stderr
2024-03-14T20:48:34.574+0000 7f1b14343700 1 --2- >> [v2:172.21.15.8:3300/0,v1:172.21.15.8:6789/0] conn(0x7f1b0c105160 0x7f1b0c079a10 unknown :-1 s=NONE pgs=0 cs=0 l=1 rev1=0 crypto rx=0 tx=0 comp rx=0 tx=0).connect
2024-03-14T20:48:35.578 INFO:teuthology.orchestra.run.smithi008.stdout:/usr/bin/ceph: stderr
2024-03-14T20:48:34.574+0000 7f1b14343700 1 -- --> [v2:172.21.15.8:3300/0,v1:172.21.15.8:6789/0] -- mon_getmap magic: 0 v1 -- 0x7f1b0c079f50 con 0x7f1b0c105160
2024-03-14T20:48:35.578 INFO:teuthology.orchestra.run.smithi008.stdout:/usr/bin/ceph: stderr
2024-03-14T20:48:34.574+0000 7f1b120df700 1 --2- >> [v2:172.21.15.8:3300/0,v1:172.21.15.8:6789/0] conn(0x7f1b0c105160 0x7f1b0c079a10 unknown :-1 s=BANNER_CONNECTING pgs=0 cs=0 l=1 rev1=0 crypto rx=0 tx=0 comp rx=0 tx=0)._handle_peer_banner_payload supported=3 required=0
2024-03-14T20:48:35.578 INFO:teuthology.orchestra.run.smithi008.stdout:/usr/bin/ceph: stderr
2024-03-14T20:48:34.574+0000 7f1b120df700 1 --2- >> [v2:172.21.15.8:3300/0,v1:172.21.15.8:6789/0] conn(0x7f1b0c105160 0x7f1b0c079a10 unknown :-1 s=HELLO_CONNECTING pgs=0 cs=0 l=1 rev1=1 crypto rx=0 tx=0 comp rx=0 tx=0).handle_hello peer v2:172.21.15.8:3300/0 says I am v2:172.21.15.8:43188/0 (socket says 172.21.15.8:43188)
2024-03-14T20:48:35.578 INFO:teuthology.orchestra.run.smithi008.stdout:/usr/bin/ceph: stderr
2024-03-14T20:48:34.574+0000 7f1b120df700 1 -- 172.21.15.8:0/1223449978 learned_addr learned my addr 172.21.15.8:0/1223449978 (peer_addr_for_me v2:172.21.15.8:0/0)
2024-03-14T20:48:35.578 INFO:teuthology.orchestra.run.smithi008.stdout:/usr/bin/ceph: stderr
2024-03-14T20:48:34.574+0000 7f1b120df700 1 -- 172.21.15.8:0/1223449978 --> [v2:172.21.15.8:3300/0,v1:172.21.15.8:6789/0] -- mon_subscribe({config=0+,monmap=0+}) v3 -- 0x7f1b08009550 con 0x7f1b0c105160
2024-03-14T20:48:35.578 INFO:teuthology.orchestra.run.smithi008.stdout:/usr/bin/ceph: stderr
2024-03-14T20:48:34.575+0000 7f1b120df700 1 --2- 172.21.15.8:0/1223449978 >> [v2:172.21.15.8:3300/0,v1:172.21.15.8:6789/0] conn(0x7f1b0c105160 0x7f1b0c079a10 secure :-1 s=READY pgs=42 cs=0 l=1 rev1=1 crypto rx=0x7f1b08006af0 tx=0x7f1b08011a50 comp rx=0 tx=0).ready entity=mon.0 client_cookie=0 server_cookie=0 in_seq=0 out_seq=0
2024-03-14T20:48:35.578 INFO:teuthology.orchestra.run.smithi008.stdout:/usr/bin/ceph: stderr
2024-03-14T20:48:34.575+0000 7f1b037fe700 1 -- 172.21.15.8:0/1223449978 <== mon.0 v2:172.21.15.8:3300/0 1 ==== mon_map magic: 0 v1 ==== 205+0+0 (secure 0 0 0) 0x7f1b08003bf0 con 0x7f1b0c105160
2024-03-14T20:48:35.579 INFO:teuthology.orchestra.run.smithi008.stdout:/usr/bin/ceph: stderr
2024-03-14T20:48:34.575+0000 7f1b037fe700 1 -- 172.21.15.8:0/1223449978 <== mon.0 v2:172.21.15.8:3300/0 2 ==== config(25 keys) v1 ==== 1036+0+0 (secure 0 0 0) 0x7f1b0801b8b0 con 0x7f1b0c105160
2024-03-14T20:48:35.579 INFO:teuthology.orchestra.run.smithi008.stdout:/usr/bin/ceph: stderr
2024-03-14T20:48:34.575+0000 7f1b14343700 1 -- 172.21.15.8:0/1223449978 --> [v2:172.21.15.8:3300/0,v1:172.21.15.8:6789/0] -- mon_subscribe({mgrmap=0+}) v3 -- 0x7f1b0c19cc70 con 0x7f1b0c105160
2024-03-14T20:48:35.579 INFO:teuthology.orchestra.run.smithi008.stdout:/usr/bin/ceph: stderr
2024-03-14T20:48:34.575+0000 7f1b037fe700 1 -- 172.21.15.8:0/1223449978 <== mon.0 v2:172.21.15.8:3300/0 3 ==== mon_map magic: 0 v1 ==== 205+0+0 (secure 0 0 0) 0x7f1b08023830 con 0x7f1b0c105160
2024-03-14T20:48:35.579 INFO:teuthology.orchestra.run.smithi008.stdout:/usr/bin/ceph: stderr
2024-03-14T20:48:34.575+0000 7f1b14343700 1 -- 172.21.15.8:0/1223449978 --> [v2:172.21.15.8:3300/0,v1:172.21.15.8:6789/0] -- mon_subscribe({osdmap=0}) v3 -- 0x7f1b0c19d110 con 0x7f1b0c105160
2024-03-14T20:48:35.579 INFO:teuthology.orchestra.run.smithi008.stdout:/usr/bin/ceph: stderr
2024-03-14T20:48:34.576+0000 7f1b037fe700 1 -- 172.21.15.8:0/1223449978 <== mon.0 v2:172.21.15.8:3300/0 4 ==== mgrmap(e 8) v1 ==== 45374+0+0 (secure 0 0 0) 0x7f1b08023aa0 con 0x7f1b0c105160
2024-03-14T20:48:35.579 INFO:teuthology.orchestra.run.smithi008.stdout:/usr/bin/ceph: stderr
2024-03-14T20:48:34.576+0000 7f1b14343700 1 -- 172.21.15.8:0/1223449978 --> [v2:172.21.15.8:3300/0,v1:172.21.15.8:6789/0] -- mon_command({"prefix": "get_command_descriptions"} v 0) v1 -- 0x7f1b0c109590 con 0x7f1b0c105160
2024-03-14T20:48:35.579 INFO:teuthology.orchestra.run.smithi008.stdout:/usr/bin/ceph: stderr
2024-03-14T20:48:34.576+0000 7f1b037fe700 1 --2- 172.21.15.8:0/1223449978 >> [v2:172.21.15.8:6800/935535252,v1:172.21.15.8:6801/935535252] conn(0x7f1af8038480 0x7f1af803a940 unknown :-1 s=NONE pgs=0 cs=0 l=1 rev1=0 crypto rx=0 tx=0 comp rx=0 tx=0).connect
2024-03-14T20:48:35.579 INFO:teuthology.orchestra.run.smithi008.stdout:/usr/bin/ceph: stderr
2024-03-14T20:48:34.576+0000 7f1b037fe700 1 -- 172.21.15.8:0/1223449978 <== mon.0 v2:172.21.15.8:3300/0 5 ==== osd_map(2..2 src has 1..2) v4 ==== 940+0+0 (secure 0 0 0) 0x7f1b0804ca80 con 0x7f1b0c105160
2024-03-14T20:48:35.579 INFO:teuthology.orchestra.run.smithi008.stdout:/usr/bin/ceph: stderr
2024-03-14T20:48:34.576+0000 7f1b118de700 1 --2- 172.21.15.8:0/1223449978 >> [v2:172.21.15.8:6800/935535252,v1:172.21.15.8:6801/935535252] conn(0x7f1af8038480 0x7f1af803a940 unknown :-1 s=BANNER_CONNECTING pgs=0 cs=0 l=1 rev1=0 crypto rx=0 tx=0 comp rx=0 tx=0)._handle_peer_banner_payload supported=3 required=0
2024-03-14T20:48:35.579 INFO:teuthology.orchestra.run.smithi008.stdout:/usr/bin/ceph: stderr
2024-03-14T20:48:34.577+0000 7f1b118de700 1 --2- 172.21.15.8:0/1223449978 >> [v2:172.21.15.8:6800/935535252,v1:172.21.15.8:6801/935535252] conn(0x7f1af8038480 0x7f1af803a940 secure :-1 s=READY pgs=9 cs=0 l=1 rev1=1 crypto rx=0x7f1afc006fd0 tx=0x7f1afc006e40 comp rx=0 tx=0).ready entity=mgr.14120 client_cookie=0 server_cookie=0 in_seq=0 out_seq=0
2024-03-14T20:48:35.579 INFO:teuthology.orchestra.run.smithi008.stdout:/usr/bin/ceph: stderr
2024-03-14T20:48:34.581+0000 7f1b037fe700 1 -- 172.21.15.8:0/1223449978 <== mon.0 v2:172.21.15.8:3300/0 6 ==== mon_command_ack([{"prefix": "get_command_descriptions"}]=0 v0) v1 ==== 72+0+182738 (secure 0 0 0) 0x7f1b08023d50 con 0x7f1b0c105160
2024-03-14T20:48:35.579 INFO:teuthology.orchestra.run.smithi008.stdout:/usr/bin/ceph: stderr
2024-03-14T20:48:34.792+0000 7f1b14343700 1 -- 172.21.15.8:0/1223449978 --> [v2:172.21.15.8:6800/935535252,v1:172.21.15.8:6801/935535252] -- mgr_command(tid 0: {"prefix": "cephadm generate-key", "target": ["mon-mgr", ""]}) v1 -- 0x7f1b0c101950 con 0x7f1af8038480
2024-03-14T20:48:35.579 INFO:teuthology.orchestra.run.smithi008.stdout:/usr/bin/ceph: stderr
2024-03-14T20:48:35.228+0000 7f1b037fe700 1 -- 172.21.15.8:0/1223449978 <== mgr.14120 v2:172.21.15.8:6800/935535252 1 ==== mgr_command_reply(tid 0: 0 ) v1 ==== 8+0+0 (secure 0 0 0) 0x7f1b0c101950 con 0x7f1af8038480
2024-03-14T20:48:35.579 INFO:teuthology.orchestra.run.smithi008.stdout:/usr/bin/ceph: stderr
2024-03-14T20:48:35.230+0000 7f1b14343700 1 -- 172.21.15.8:0/1223449978 >> [v2:172.21.15.8:6800/935535252,v1:172.21.15.8:6801/935535252] conn(0x7f1af8038480 msgr2=0x7f1af803a940 secure :-1 s=STATE_CONNECTION_ESTABLISHED l=1).mark_down
2024-03-14T20:48:35.579 INFO:teuthology.orchestra.run.smithi008.stdout:/usr/bin/ceph: stderr
2024-03-14T20:48:35.230+0000 7f1b14343700 1 --2- 172.21.15.8:0/1223449978 >> [v2:172.21.15.8:6800/935535252,v1:172.21.15.8:6801/935535252] conn(0x7f1af8038480 0x7f1af803a940 secure :-1 s=READY pgs=9 cs=0 l=1 rev1=1 crypto rx=0x7f1afc006fd0 tx=0x7f1afc006e40 comp rx=0 tx=0).stop
2024-03-14T20:48:35.580 INFO:teuthology.orchestra.run.smithi008.stdout:/usr/bin/ceph: stderr
2024-03-14T20:48:35.230+0000 7f1b14343700 1 -- 172.21.15.8:0/1223449978 >> [v2:172.21.15.8:3300/0,v1:172.21.15.8:6789/0] conn(0x7f1b0c105160 msgr2=0x7f1b0c079a10 secure :-1 s=STATE_CONNECTION_ESTABLISHED l=1).mark_down
2024-03-14T20:48:35.580 INFO:teuthology.orchestra.run.smithi008.stdout:/usr/bin/ceph: stderr
2024-03-14T20:48:35.230+0000 7f1b14343700 1 --2- 172.21.15.8:0/1223449978 >> [v2:172.21.15.8:3300/0,v1:172.21.15.8:6789/0] conn(0x7f1b0c105160 0x7f1b0c079a10 secure :-1 s=READY pgs=42 cs=0 l=1 rev1=1 crypto rx=0x7f1b08006af0 tx=0x7f1b08011a50 comp rx=0 tx=0).stop
2024-03-14T20:48:35.580 INFO:teuthology.orchestra.run.smithi008.stdout:/usr/bin/ceph: stderr
2024-03-14T20:48:35.230+0000 7f1b14343700 1 -- 172.21.15.8:0/1223449978 shutdown_connections
2024-03-14T20:48:35.580 INFO:teuthology.orchestra.run.smithi008.stdout:/usr/bin/ceph: stderr
2024-03-14T20:48:35.230+0000 7f1b14343700 1 --2- 172.21.15.8:0/1223449978 >> [v2:172.21.15.8:6800/935535252,v1:172.21.15.8:6801/935535252] conn(0x7f1af8038480 0x7f1af803a940 unknown :-1 s=CLOSED pgs=9 cs=0 l=1 rev1=1 crypto rx=0 tx=0 comp rx=0 tx=0).stop
2024-03-14T20:48:35.580 INFO:teuthology.orchestra.run.smithi008.stdout:/usr/bin/ceph: stderr
2024-03-14T20:48:35.230+0000 7f1b14343700 1 --2- 172.21.15.8:0/1223449978 >> [v2:172.21.15.8:3300/0,v1:172.21.15.8:6789/0] conn(0x7f1b0c105160 0x7f1b0c079a10 unknown :-1 s=CLOSED pgs=42 cs=0 l=1 rev1=1 crypto rx=0 tx=0 comp rx=0 tx=0).stop
2024-03-14T20:48:35.580 INFO:teuthology.orchestra.run.smithi008.stdout:/usr/bin/ceph: stderr
2024-03-14T20:48:35.230+0000 7f1b14343700 1 -- 172.21.15.8:0/1223449978 >> 172.21.15.8:0/1223449978 conn(0x7f1b0c1006e0 msgr2=0x7f1b0c101240 unknown :-1 s=STATE_NONE l=0).mark_down
2024-03-14T20:48:35.580 INFO:teuthology.orchestra.run.smithi008.stdout:/usr/bin/ceph: stderr
2024-03-14T20:48:35.230+0000 7f1b14343700 1 -- 172.21.15.8:0/1223449978 shutdown_connections
2024-03-14T20:48:35.580 INFO:teuthology.orchestra.run.smithi008.stdout:/usr/bin/ceph: stderr
2024-03-14T20:48:35.230+0000 7f1b14343700 1 -- 172.21.15.8:0/1223449978 wait complete.
2024-03-14T20:48:36.526 INFO:teuthology.orchestra.run.smithi008.stdout:/usr/bin/ceph: stdout ssh-rsa AAAAB3NzaC1yc2EAAAADAQABAAABgQDT5g6Rfx0OIfpAwGDur9GZgozbc9kQKp3qJQi+FShxf2598KQuJV1Wfqgs26mmLZqg5HBXAGKuBLrZKnVE/eaVGu8vRMcekZjHjwJv9Uohb+6Y1NX3J6215a98qlHgCjlfjxbmSk4B5pB3Z0Y+yClJ7Vs5rwjSuEbuI/zHnmdeajZpmKK8ytQZszdN0bzorasyHXnV82EOV3CkPlOJxt2onhk9/MMn0ABJ+QE3bFu8OAYKxS2GmTDTLGAZdshi/EIWEqL9jiwF8lfdGyy4vQkalY4L496mddqzojcutq50wlBGby9XXzpxmcU7pSy66tgjnRzbn6CvJ92JwEm8SPPvB3TZ5j/lPcLi65FI50jreI/r/kFybFRf2CaCeXT0hbSejJFGqCFr9y1ozl5wXr075GjWy4IiJJYzWbWEDhqkqr8YLlwSb2XKQ/38aXyOqb4n5lxP9NlS6+HQYzWj71M2z7iWsSy6hsBJPHOyjRsrUUP+61LYqeAisXPRDBM+MW8= ceph-0a659f16-e244-11ee-95c9-87774f69a715
2024-03-14T20:48:36.527 INFO:teuthology.orchestra.run.smithi008.stdout:/usr/bin/ceph: stderr
2024-03-14T20:48:35.947+0000 7fe6a9020700 1 Processor -- start
2024-03-14T20:48:36.527 INFO:teuthology.orchestra.run.smithi008.stdout:/usr/bin/ceph: stderr
2024-03-14T20:48:35.947+0000 7fe6a9020700 1 -- start start
2024-03-14T20:48:36.527 INFO:teuthology.orchestra.run.smithi008.stdout:/usr/bin/ceph: stderr
2024-03-14T20:48:35.947+0000 7fe6a9020700 1 --2- >> [v2:172.21.15.8:3300/0,v1:172.21.15.8:6789/0] conn(0x7fe6a4106d20 0x7fe6a4109110 unknown :-1 s=NONE pgs=0 cs=0 l=0 rev1=0 crypto rx=0 tx=0 comp rx=0 tx=0).connect
2024-03-14T20:48:36.527 INFO:teuthology.orchestra.run.smithi008.stdout:/usr/bin/ceph: stderr
2024-03-14T20:48:35.947+0000 7fe6a9020700 1 -- --> [v2:172.21.15.8:3300/0,v1:172.21.15.8:6789/0] -- mon_getmap magic: 0 v1 -- 0x7fe6a4079e70 con 0x7fe6a4106d20
2024-03-14T20:48:36.527 INFO:teuthology.orchestra.run.smithi008.stdout:/usr/bin/ceph: stderr
2024-03-14T20:48:35.947+0000 7fe6a2d9d700 1 --2- >> [v2:172.21.15.8:3300/0,v1:172.21.15.8:6789/0] conn(0x7fe6a4106d20 0x7fe6a4109110 unknown :-1 s=BANNER_CONNECTING pgs=0 cs=0 l=0 rev1=0 crypto rx=0 tx=0 comp rx=0 tx=0)._handle_peer_banner_payload supported=3 required=0
2024-03-14T20:48:36.527 INFO:teuthology.orchestra.run.smithi008.stdout:/usr/bin/ceph: stderr
2024-03-14T20:48:35.947+0000 7fe6a2d9d700 1 --2- >> [v2:172.21.15.8:3300/0,v1:172.21.15.8:6789/0] conn(0x7fe6a4106d20 0x7fe6a4109110 unknown :-1 s=HELLO_CONNECTING pgs=0 cs=0 l=0 rev1=1 crypto rx=0 tx=0 comp rx=0 tx=0).handle_hello peer v2:172.21.15.8:3300/0 says I am v2:172.21.15.8:43190/0 (socket says 172.21.15.8:43190)
2024-03-14T20:48:36.527 INFO:teuthology.orchestra.run.smithi008.stdout:/usr/bin/ceph: stderr
