2024-03-14T20:48:41.251+0000 7f98637fe700 1 -- 172.21.15.8:0/2217306573 <== mon.0 v2:172.21.15.8:3300/0 1 ==== mon_map magic: 0 v1 ==== 205+0+0 (secure 0 0 0) 0x7f9858004160 con 0x7f9864105110
2024-03-14T20:48:41.873 INFO:teuthology.orchestra.run.smithi008.stdout:/usr/bin/ceph: stderr
2024-03-14T20:48:41.251+0000 7f98637fe700 1 -- 172.21.15.8:0/2217306573 <== mon.0 v2:172.21.15.8:3300/0 2 ==== config(25 keys) v1 ==== 1067+0+0 (secure 0 0 0) 0x7f98580042c0 con 0x7f9864105110
2024-03-14T20:48:41.876 INFO:teuthology.orchestra.run.smithi008.stdout:/usr/bin/ceph: stderr
2024-03-14T20:48:41.251+0000 7f98637fe700 1 -- 172.21.15.8:0/2217306573 <== mon.0 v2:172.21.15.8:3300/0 3 ==== mon_map magic: 0 v1 ==== 205+0+0 (secure 0 0 0) 0x7f98580118e0 con 0x7f9864105110
2024-03-14T20:48:41.876 INFO:teuthology.orchestra.run.smithi008.stdout:/usr/bin/ceph: stderr
2024-03-14T20:48:41.252+0000 7f986b1e6700 1 -- 172.21.15.8:0/2217306573 >> [v2:172.21.15.8:3300/0,v1:172.21.15.8:6789/0] conn(0x7f9864105110 msgr2=0x7f9864105530 secure :-1 s=STATE_CONNECTION_ESTABLISHED l=1).mark_down
2024-03-14T20:48:41.876 INFO:teuthology.orchestra.run.smithi008.stdout:/usr/bin/ceph: stderr
2024-03-14T20:48:41.252+0000 7f986b1e6700 1 --2- 172.21.15.8:0/2217306573 >> [v2:172.21.15.8:3300/0,v1:172.21.15.8:6789/0] conn(0x7f9864105110 0x7f9864105530 secure :-1 s=READY pgs=49 cs=0 l=1 rev1=1 crypto rx=0x7f98580098a0 tx=0x7f9858009bb0 comp rx=0 tx=0).stop
2024-03-14T20:48:41.877 INFO:teuthology.orchestra.run.smithi008.stdout:/usr/bin/ceph: stderr
2024-03-14T20:48:41.252+0000 7f986b1e6700 1 -- 172.21.15.8:0/2217306573 shutdown_connections
2024-03-14T20:48:41.877 INFO:teuthology.orchestra.run.smithi008.stdout:/usr/bin/ceph: stderr
2024-03-14T20:48:41.252+0000 7f986b1e6700 1 --2- 172.21.15.8:0/2217306573 >> [v2:172.21.15.8:3300/0,v1:172.21.15.8:6789/0] conn(0x7f9864105110 0x7f9864105530 unknown :-1 s=CLOSED pgs=49 cs=0 l=1 rev1=1 crypto rx=0 tx=0 comp rx=0 tx=0).stop
2024-03-14T20:48:41.877 INFO:teuthology.orchestra.run.smithi008.stdout:/usr/bin/ceph: stderr
2024-03-14T20:48:41.252+0000 7f986b1e6700 1 -- 172.21.15.8:0/2217306573 >> 172.21.15.8:0/2217306573 conn(0x7f98641006f0 msgr2=0x7f9864102b10 unknown :-1 s=STATE_NONE l=0).mark_down
2024-03-14T20:48:41.877 INFO:teuthology.orchestra.run.smithi008.stdout:/usr/bin/ceph: stderr
2024-03-14T20:48:41.252+0000 7f986b1e6700 1 -- 172.21.15.8:0/2217306573 shutdown_connections
2024-03-14T20:48:41.877 INFO:teuthology.orchestra.run.smithi008.stdout:/usr/bin/ceph: stderr
2024-03-14T20:48:41.252+0000 7f986b1e6700 1 -- 172.21.15.8:0/2217306573 wait complete.
2024-03-14T20:48:41.877 INFO:teuthology.orchestra.run.smithi008.stdout:/usr/bin/ceph: stderr
2024-03-14T20:48:41.253+0000 7f986b1e6700 1 Processor -- start
2024-03-14T20:48:41.877 INFO:teuthology.orchestra.run.smithi008.stdout:/usr/bin/ceph: stderr
2024-03-14T20:48:41.253+0000 7f986b1e6700 1 -- start start
2024-03-14T20:48:41.877 INFO:teuthology.orchestra.run.smithi008.stdout:/usr/bin/ceph: stderr
2024-03-14T20:48:41.253+0000 7f986b1e6700 1 --2- >> [v2:172.21.15.8:3300/0,v1:172.21.15.8:6789/0] conn(0x7f9864105110 0x7f9864190170 unknown :-1 s=NONE pgs=0 cs=0 l=1 rev1=0 crypto rx=0 tx=0 comp rx=0 tx=0).connect
2024-03-14T20:48:41.877 INFO:teuthology.orchestra.run.smithi008.stdout:/usr/bin/ceph: stderr
2024-03-14T20:48:41.253+0000 7f986b1e6700 1 -- --> [v2:172.21.15.8:3300/0,v1:172.21.15.8:6789/0] -- mon_getmap magic: 0 v1 -- 0x7f98641906b0 con 0x7f9864105110
2024-03-14T20:48:41.877 INFO:teuthology.orchestra.run.smithi008.stdout:/usr/bin/ceph: stderr
2024-03-14T20:48:41.253+0000 7f9868f82700 1 --2- >> [v2:172.21.15.8:3300/0,v1:172.21.15.8:6789/0] conn(0x7f9864105110 0x7f9864190170 unknown :-1 s=BANNER_CONNECTING pgs=0 cs=0 l=1 rev1=0 crypto rx=0 tx=0 comp rx=0 tx=0)._handle_peer_banner_payload supported=3 required=0
2024-03-14T20:48:41.877 INFO:teuthology.orchestra.run.smithi008.stdout:/usr/bin/ceph: stderr
2024-03-14T20:48:41.253+0000 7f9868f82700 1 --2- >> [v2:172.21.15.8:3300/0,v1:172.21.15.8:6789/0] conn(0x7f9864105110 0x7f9864190170 unknown :-1 s=HELLO_CONNECTING pgs=0 cs=0 l=1 rev1=1 crypto rx=0 tx=0 comp rx=0 tx=0).handle_hello peer v2:172.21.15.8:3300/0 says I am v2:172.21.15.8:43242/0 (socket says 172.21.15.8:43242)
2024-03-14T20:48:41.877 INFO:teuthology.orchestra.run.smithi008.stdout:/usr/bin/ceph: stderr
2024-03-14T20:48:41.253+0000 7f9868f82700 1 -- 172.21.15.8:0/3572733466 learned_addr learned my addr 172.21.15.8:0/3572733466 (peer_addr_for_me v2:172.21.15.8:0/0)
2024-03-14T20:48:41.877 INFO:teuthology.orchestra.run.smithi008.stdout:/usr/bin/ceph: stderr
2024-03-14T20:48:41.254+0000 7f9868f82700 1 -- 172.21.15.8:0/3572733466 --> [v2:172.21.15.8:3300/0,v1:172.21.15.8:6789/0] -- mon_subscribe({config=0+,monmap=0+}) v3 -- 0x7f9858009550 con 0x7f9864105110
2024-03-14T20:48:41.878 INFO:teuthology.orchestra.run.smithi008.stdout:/usr/bin/ceph: stderr
2024-03-14T20:48:41.254+0000 7f9868f82700 1 --2- 172.21.15.8:0/3572733466 >> [v2:172.21.15.8:3300/0,v1:172.21.15.8:6789/0] conn(0x7f9864105110 0x7f9864190170 secure :-1 s=READY pgs=50 cs=0 l=1 rev1=1 crypto rx=0x7f9858003f70 tx=0x7f98580119a0 comp rx=0 tx=0).ready entity=mon.0 client_cookie=0 server_cookie=0 in_seq=0 out_seq=0
2024-03-14T20:48:41.878 INFO:teuthology.orchestra.run.smithi008.stdout:/usr/bin/ceph: stderr
2024-03-14T20:48:41.254+0000 7f9861ffb700 1 -- 172.21.15.8:0/3572733466 <== mon.0 v2:172.21.15.8:3300/0 1 ==== mon_map magic: 0 v1 ==== 205+0+0 (secure 0 0 0) 0x7f98580036a0 con 0x7f9864105110
2024-03-14T20:48:41.878 INFO:teuthology.orchestra.run.smithi008.stdout:/usr/bin/ceph: stderr
2024-03-14T20:48:41.254+0000 7f9861ffb700 1 -- 172.21.15.8:0/3572733466 <== mon.0 v2:172.21.15.8:3300/0 2 ==== config(25 keys) v1 ==== 1067+0+0 (secure 0 0 0) 0x7f985801b440 con 0x7f9864105110
2024-03-14T20:48:41.878 INFO:teuthology.orchestra.run.smithi008.stdout:/usr/bin/ceph: stderr
2024-03-14T20:48:41.254+0000 7f986b1e6700 1 -- 172.21.15.8:0/3572733466 --> [v2:172.21.15.8:3300/0,v1:172.21.15.8:6789/0] -- mon_subscribe({mgrmap=0+}) v3 -- 0x7f986418e8f0 con 0x7f9864105110
2024-03-14T20:48:41.878 INFO:teuthology.orchestra.run.smithi008.stdout:/usr/bin/ceph: stderr
2024-03-14T20:48:41.254+0000 7f9861ffb700 1 -- 172.21.15.8:0/3572733466 <== mon.0 v2:172.21.15.8:3300/0 3 ==== mon_map magic: 0 v1 ==== 205+0+0 (secure 0 0 0) 0x7f9858023400 con 0x7f9864105110
2024-03-14T20:48:41.878 INFO:teuthology.orchestra.run.smithi008.stdout:/usr/bin/ceph: stderr
2024-03-14T20:48:41.254+0000 7f986b1e6700 1 -- 172.21.15.8:0/3572733466 --> [v2:172.21.15.8:3300/0,v1:172.21.15.8:6789/0] -- mon_subscribe({osdmap=0}) v3 -- 0x7f986418ed90 con 0x7f9864105110
2024-03-14T20:48:41.878 INFO:teuthology.orchestra.run.smithi008.stdout:/usr/bin/ceph: stderr
2024-03-14T20:48:41.256+0000 7f9861ffb700 1 -- 172.21.15.8:0/3572733466 <== mon.0 v2:172.21.15.8:3300/0 4 ==== mgrmap(e 8) v1 ==== 45374+0+0 (secure 0 0 0) 0x7f9858023630 con 0x7f9864105110
2024-03-14T20:48:41.878 INFO:teuthology.orchestra.run.smithi008.stdout:/usr/bin/ceph: stderr
2024-03-14T20:48:41.256+0000 7f986b1e6700 1 -- 172.21.15.8:0/3572733466 --> [v2:172.21.15.8:3300/0,v1:172.21.15.8:6789/0] -- mon_command({"prefix": "get_command_descriptions"} v 0) v1 -- 0x7f98640623e0 con 0x7f9864105110
2024-03-14T20:48:41.878 INFO:teuthology.orchestra.run.smithi008.stdout:/usr/bin/ceph: stderr
2024-03-14T20:48:41.256+0000 7f9861ffb700 1 --2- 172.21.15.8:0/3572733466 >> [v2:172.21.15.8:6800/935535252,v1:172.21.15.8:6801/935535252] conn(0x7f9854038520 0x7f985403a9e0 unknown :-1 s=NONE pgs=0 cs=0 l=1 rev1=0 crypto rx=0 tx=0 comp rx=0 tx=0).connect
2024-03-14T20:48:41.878 INFO:teuthology.orchestra.run.smithi008.stdout:/usr/bin/ceph: stderr
2024-03-14T20:48:41.256+0000 7f9861ffb700 1 -- 172.21.15.8:0/3572733466 <== mon.0 v2:172.21.15.8:3300/0 5 ==== osd_map(2..2 src has 1..2) v4 ==== 940+0+0 (secure 0 0 0) 0x7f985804c2e0 con 0x7f9864105110
2024-03-14T20:48:41.878 INFO:teuthology.orchestra.run.smithi008.stdout:/usr/bin/ceph: stderr
2024-03-14T20:48:41.256+0000 7f9863fff700 1 --2- 172.21.15.8:0/3572733466 >> [v2:172.21.15.8:6800/935535252,v1:172.21.15.8:6801/935535252] conn(0x7f9854038520 0x7f985403a9e0 unknown :-1 s=BANNER_CONNECTING pgs=0 cs=0 l=1 rev1=0 crypto rx=0 tx=0 comp rx=0 tx=0)._handle_peer_banner_payload supported=3 required=0
2024-03-14T20:48:41.878 INFO:teuthology.orchestra.run.smithi008.stdout:/usr/bin/ceph: stderr
2024-03-14T20:48:41.256+0000 7f9863fff700 1 --2- 172.21.15.8:0/3572733466 >> [v2:172.21.15.8:6800/935535252,v1:172.21.15.8:6801/935535252] conn(0x7f9854038520 0x7f985403a9e0 secure :-1 s=READY pgs=13 cs=0 l=1 rev1=1 crypto rx=0x7f9850006fd0 tx=0x7f9850006e40 comp rx=0 tx=0).ready entity=mgr.14120 client_cookie=0 server_cookie=0 in_seq=0 out_seq=0
2024-03-14T20:48:41.878 INFO:teuthology.orchestra.run.smithi008.stdout:/usr/bin/ceph: stderr
2024-03-14T20:48:41.261+0000 7f9861ffb700 1 -- 172.21.15.8:0/3572733466 <== mon.0 v2:172.21.15.8:3300/0 6 ==== mon_command_ack([{"prefix": "get_command_descriptions"}]=0 v0) v1 ==== 72+0+182738 (secure 0 0 0) 0x7f9858018350 con 0x7f9864105110
2024-03-14T20:48:41.878 INFO:teuthology.orchestra.run.smithi008.stdout:/usr/bin/ceph: stderr
2024-03-14T20:48:41.509+0000 7f986b1e6700 1 -- 172.21.15.8:0/3572733466 --> [v2:172.21.15.8:6800/935535252,v1:172.21.15.8:6801/935535252] -- mgr_command(tid 0: {"prefix": "orch apply", "service_type": "mgr", "unmanaged": true, "target": ["mon-mgr", ""]}) v1 -- 0x7f98641940a0 con 0x7f9854038520
2024-03-14T20:48:41.879 INFO:journalctl@ceph.mon.a.smithi008.stdout:Mar 14 20:48:41 smithi008 ceph-mon[43434]: from='client.14142 -' entity='client.admin' cmd=[{"prefix": "orch apply", "service_type": "mon", "unmanaged": true, "target": ["mon-mgr", ""]}]: dispatch
2024-03-14T20:48:41.879 INFO:journalctl@ceph.mon.a.smithi008.stdout:Mar 14 20:48:41 smithi008 ceph-mon[43434]: Saving service mon spec with placement count:5
2024-03-14T20:48:41.879 INFO:journalctl@ceph.mon.a.smithi008.stdout:Mar 14 20:48:41 smithi008 ceph-mon[43434]: from='mgr.14120 172.21.15.8:0/1255559632' entity='mgr.x'
2024-03-14T20:48:41.879 INFO:journalctl@ceph.mon.a.smithi008.stdout:Mar 14 20:48:41 smithi008 ceph-mon[43434]: from='mgr.14120 172.21.15.8:0/1255559632' entity='mgr.x'
2024-03-14T20:48:41.879 INFO:journalctl@ceph.mon.a.smithi008.stdout:Mar 14 20:48:41 smithi008 ceph-mon[43434]: from='mgr.14120 172.21.15.8:0/1255559632' entity='mgr.x'
2024-03-14T20:48:41.879 INFO:journalctl@ceph.mon.a.smithi008.stdout:Mar 14 20:48:41 smithi008 ceph-mon[43434]: from='mgr.14120 172.21.15.8:0/1255559632' entity='mgr.x'
2024-03-14T20:48:41.880 INFO:teuthology.orchestra.run.smithi008.stdout:/usr/bin/ceph: stderr
2024-03-14T20:48:41.514+0000 7f9861ffb700 1 -- 172.21.15.8:0/3572733466 <== mgr.14120 v2:172.21.15.8:6800/935535252 1 ==== mgr_command_reply(tid 0: 0 ) v1 ==== 8+0+24 (secure 0 0 0) 0x7f98641940a0 con 0x7f9854038520
2024-03-14T20:48:41.880 INFO:teuthology.orchestra.run.smithi008.stdout:/usr/bin/ceph: stderr
2024-03-14T20:48:41.516+0000 7f986b1e6700 1 -- 172.21.15.8:0/3572733466 >> [v2:172.21.15.8:6800/935535252,v1:172.21.15.8:6801/935535252] conn(0x7f9854038520 msgr2=0x7f985403a9e0 secure :-1 s=STATE_CONNECTION_ESTABLISHED l=1).mark_down
2024-03-14T20:48:41.880 INFO:teuthology.orchestra.run.smithi008.stdout:/usr/bin/ceph: stderr
2024-03-14T20:48:41.516+0000 7f986b1e6700 1 --2- 172.21.15.8:0/3572733466 >> [v2:172.21.15.8:6800/935535252,v1:172.21.15.8:6801/935535252] conn(0x7f9854038520 0x7f985403a9e0 secure :-1 s=READY pgs=13 cs=0 l=1 rev1=1 crypto rx=0x7f9850006fd0 tx=0x7f9850006e40 comp rx=0 tx=0).stop
2024-03-14T20:48:41.880 INFO:teuthology.orchestra.run.smithi008.stdout:/usr/bin/ceph: stderr
2024-03-14T20:48:41.516+0000 7f986b1e6700 1 -- 172.21.15.8:0/3572733466 >> [v2:172.21.15.8:3300/0,v1:172.21.15.8:6789/0] conn(0x7f9864105110 msgr2=0x7f9864190170 secure :-1 s=STATE_CONNECTION_ESTABLISHED l=1).mark_down
2024-03-14T20:48:41.880 INFO:teuthology.orchestra.run.smithi008.stdout:/usr/bin/ceph: stderr
2024-03-14T20:48:41.516+0000 7f986b1e6700 1 --2- 172.21.15.8:0/3572733466 >> [v2:172.21.15.8:3300/0,v1:172.21.15.8:6789/0] conn(0x7f9864105110 0x7f9864190170 secure :-1 s=READY pgs=50 cs=0 l=1 rev1=1 crypto rx=0x7f9858003f70 tx=0x7f98580119a0 comp rx=0 tx=0).stop
2024-03-14T20:48:41.880 INFO:teuthology.orchestra.run.smithi008.stdout:/usr/bin/ceph: stderr
2024-03-14T20:48:41.516+0000 7f986b1e6700 1 -- 172.21.15.8:0/3572733466 shutdown_connections
2024-03-14T20:48:41.881 INFO:teuthology.orchestra.run.smithi008.stdout:/usr/bin/ceph: stderr
2024-03-14T20:48:41.516+0000 7f986b1e6700 1 --2- 172.21.15.8:0/3572733466 >> [v2:172.21.15.8:6800/935535252,v1:172.21.15.8:6801/935535252] conn(0x7f9854038520 0x7f985403a9e0 unknown :-1 s=CLOSED pgs=13 cs=0 l=1 rev1=1 crypto rx=0 tx=0 comp rx=0 tx=0).stop
2024-03-14T20:48:41.881 INFO:teuthology.orchestra.run.smithi008.stdout:/usr/bin/ceph: stderr
2024-03-14T20:48:41.516+0000 7f986b1e6700 1 --2- 172.21.15.8:0/3572733466 >> [v2:172.21.15.8:3300/0,v1:172.21.15.8:6789/0] conn(0x7f9864105110 0x7f9864190170 unknown :-1 s=CLOSED pgs=50 cs=0 l=1 rev1=1 crypto rx=0 tx=0 comp rx=0 tx=0).stop
2024-03-14T20:48:41.881 INFO:teuthology.orchestra.run.smithi008.stdout:/usr/bin/ceph: stderr
2024-03-14T20:48:41.516+0000 7f986b1e6700 1 -- 172.21.15.8:0/3572733466 >> 172.21.15.8:0/3572733466 conn(0x7f98641006f0 msgr2=0x7f9864101640 unknown :-1 s=STATE_NONE l=0).mark_down
2024-03-14T20:48:41.881 INFO:teuthology.orchestra.run.smithi008.stdout:/usr/bin/ceph: stderr
2024-03-14T20:48:41.516+0000 7f986b1e6700 1 -- 172.21.15.8:0/3572733466 shutdown_connections
2024-03-14T20:48:41.881 INFO:teuthology.orchestra.run.smithi008.stdout:/usr/bin/ceph: stderr
2024-03-14T20:48:41.517+0000 7f986b1e6700 1 -- 172.21.15.8:0/3572733466 wait complete.
2024-03-14T20:48:42.791 INFO:teuthology.orchestra.run.smithi008.stdout:/usr/bin/ceph: stderr
2024-03-14T20:48:42.236+0000 7f02363b2700 1 Processor -- start
2024-03-14T20:48:42.791 INFO:teuthology.orchestra.run.smithi008.stdout:/usr/bin/ceph: stderr
2024-03-14T20:48:42.236+0000 7f02363b2700 1 -- start start
2024-03-14T20:48:42.792 INFO:teuthology.orchestra.run.smithi008.stdout:/usr/bin/ceph: stderr
2024-03-14T20:48:42.236+0000 7f02363b2700 1 --2- >> [v2:172.21.15.8:3300/0,v1:172.21.15.8:6789/0] conn(0x7f0230104540 0x7f0230104960 unknown :-1 s=NONE pgs=0 cs=0 l=0 rev1=0 crypto rx=0 tx=0 comp rx=0 tx=0).connect
2024-03-14T20:48:42.792 INFO:teuthology.orchestra.run.smithi008.stdout:/usr/bin/ceph: stderr
2024-03-14T20:48:42.236+0000 7f02363b2700 1 -- --> [v2:172.21.15.8:3300/0,v1:172.21.15.8:6789/0] -- mon_getmap magic: 0 v1 -- 0x7f0230104f30 con 0x7f0230104540
2024-03-14T20:48:42.792 INFO:teuthology.orchestra.run.smithi008.stdout:/usr/bin/ceph: stderr
2024-03-14T20:48:42.236+0000 7f022ffff700 1 --2- >> [v2:172.21.15.8:3300/0,v1:172.21.15.8:6789/0] conn(0x7f0230104540 0x7f0230104960 unknown :-1 s=BANNER_CONNECTING pgs=0 cs=0 l=0 rev1=0 crypto rx=0 tx=0 comp rx=0 tx=0)._handle_peer_banner_payload supported=3 required=0
2024-03-14T20:48:42.792 INFO:teuthology.orchestra.run.smithi008.stdout:/usr/bin/ceph: stderr
2024-03-14T20:48:42.236+0000 7f022ffff700 1 --2- >> [v2:172.21.15.8:3300/0,v1:172.21.15.8:6789/0] conn(0x7f0230104540 0x7f0230104960 unknown :-1 s=HELLO_CONNECTING pgs=0 cs=0 l=0 rev1=1 crypto rx=0 tx=0 comp rx=0 tx=0).handle_hello peer v2:172.21.15.8:3300/0 says I am v2:172.21.15.8:43256/0 (socket says 172.21.15.8:43256)
2024-03-14T20:48:42.792 INFO:teuthology.orchestra.run.smithi008.stdout:/usr/bin/ceph: stderr
2024-03-14T20:48:42.236+0000 7f022ffff700 1 -- 172.21.15.8:0/1520490416 learned_addr learned my addr 172.21.15.8:0/1520490416 (peer_addr_for_me v2:172.21.15.8:0/0)
2024-03-14T20:48:42.792 INFO:teuthology.orchestra.run.smithi008.stdout:/usr/bin/ceph: stderr
2024-03-14T20:48:42.237+0000 7f022ffff700 1 -- 172.21.15.8:0/1520490416 --> [v2:172.21.15.8:3300/0,v1:172.21.15.8:6789/0] -- mon_subscribe({config=0+,monmap=0+}) v3 -- 0x7f02301074d0 con 0x7f0230104540
2024-03-14T20:48:42.792 INFO:teuthology.orchestra.run.smithi008.stdout:/usr/bin/ceph: stderr
2024-03-14T20:48:42.237+0000 7f022ffff700 1 --2- 172.21.15.8:0/1520490416 >> [v2:172.21.15.8:3300/0,v1:172.21.15.8:6789/0] conn(0x7f0230104540 0x7f0230104960 secure :-1 s=READY pgs=51 cs=0 l=1 rev1=1 crypto rx=0x7f02200098a0 tx=0x7f0220009bb0 comp rx=0 tx=0).ready entity=mon.0 client_cookie=efb34f988b93d397 server_cookie=0 in_seq=0 out_seq=0
2024-03-14T20:48:42.792 INFO:teuthology.orchestra.run.smithi008.stdout:/usr/bin/ceph: stderr
2024-03-14T20:48:42.237+0000 7f022effd700 1 -- 172.21.15.8:0/1520490416 <== mon.0 v2:172.21.15.8:3300/0 1 ==== mon_map magic: 0 v1 ==== 205+0+0 (secure 0 0 0) 0x7f0220004160 con 0x7f0230104540
2024-03-14T20:48:42.792 INFO:teuthology.orchestra.run.smithi008.stdout:/usr/bin/ceph: stderr
2024-03-14T20:48:42.237+0000 7f022effd700 1 -- 172.21.15.8:0/1520490416 <== mon.0 v2:172.21.15.8:3300/0 2 ==== config(25 keys) v1 ==== 1067+0+0 (secure 0 0 0) 0x7f02200042c0 con 0x7f0230104540
2024-03-14T20:48:42.792 INFO:teuthology.orchestra.run.smithi008.stdout:/usr/bin/ceph: stderr
2024-03-14T20:48:42.237+0000 7f022effd700 1 -- 172.21.15.8:0/1520490416 <== mon.0 v2:172.21.15.8:3300/0 3 ==== mon_map magic: 0 v1 ==== 205+0+0 (secure 0 0 0) 0x7f02200118e0 con 0x7f0230104540
2024-03-14T20:48:42.792 INFO:teuthology.orchestra.run.smithi008.stdout:/usr/bin/ceph: stderr
2024-03-14T20:48:42.238+0000 7f02363b2700 1 -- 172.21.15.8:0/1520490416 >> [v2:172.21.15.8:3300/0,v1:172.21.15.8:6789/0] conn(0x7f0230104540 msgr2=0x7f0230104960 secure :-1 s=STATE_CONNECTION_ESTABLISHED l=1).mark_down
2024-03-14T20:48:42.792 INFO:teuthology.orchestra.run.smithi008.stdout:/usr/bin/ceph: stderr
2024-03-14T20:48:42.238+0000 7f02363b2700 1 --2- 172.21.15.8:0/1520490416 >> [v2:172.21.15.8:3300/0,v1:172.21.15.8:6789/0] conn(0x7f0230104540 0x7f0230104960 secure :-1 s=READY pgs=51 cs=0 l=1 rev1=1 crypto rx=0x7f02200098a0 tx=0x7f0220009bb0 comp rx=0 tx=0).stop
2024-03-14T20:48:42.792 INFO:teuthology.orchestra.run.smithi008.stdout:/usr/bin/ceph: stderr
2024-03-14T20:48:42.238+0000 7f02363b2700 1 -- 172.21.15.8:0/1520490416 shutdown_connections
2024-03-14T20:48:42.793 INFO:teuthology.orchestra.run.smithi008.stdout:/usr/bin/ceph: stderr
2024-03-14T20:48:42.238+0000 7f02363b2700 1 --2- 172.21.15.8:0/1520490416 >> [v2:172.21.15.8:3300/0,v1:172.21.15.8:6789/0] conn(0x7f0230104540 0x7f0230104960 unknown :-1 s=CLOSED pgs=51 cs=0 l=1 rev1=1 crypto rx=0 tx=0 comp rx=0 tx=0).stop
2024-03-14T20:48:42.793 INFO:teuthology.orchestra.run.smithi008.stdout:/usr/bin/ceph: stderr
2024-03-14T20:48:42.238+0000 7f02363b2700 1 -- 172.21.15.8:0/1520490416 >> 172.21.15.8:0/1520490416 conn(0x7f02300ffe30 msgr2=0x7f02301022b0 unknown :-1 s=STATE_NONE l=0).mark_down
2024-03-14T20:48:42.793 INFO:teuthology.orchestra.run.smithi008.stdout:/usr/bin/ceph: stderr
2024-03-14T20:48:42.238+0000 7f02363b2700 1 -- 172.21.15.8:0/1520490416 shutdown_connections
2024-03-14T20:48:42.793 INFO:teuthology.orchestra.run.smithi008.stdout:/usr/bin/ceph: stderr
2024-03-14T20:48:42.239+0000 7f02363b2700 1 -- 172.21.15.8:0/1520490416 wait complete.
2024-03-14T20:48:42.793 INFO:teuthology.orchestra.run.smithi008.stdout:/usr/bin/ceph: stderr
2024-03-14T20:48:42.240+0000 7f02363b2700 1 Processor -- start
2024-03-14T20:48:42.793 INFO:teuthology.orchestra.run.smithi008.stdout:/usr/bin/ceph: stderr
2024-03-14T20:48:42.240+0000 7f02363b2700 1 -- start start
2024-03-14T20:48:42.793 INFO:teuthology.orchestra.run.smithi008.stdout:/usr/bin/ceph: stderr
2024-03-14T20:48:42.240+0000 7f02363b2700 1 --2- >> [v2:172.21.15.8:3300/0,v1:172.21.15.8:6789/0] conn(0x7f0230104540 0x7f023019a000 unknown :-1 s=NONE pgs=0 cs=0 l=1 rev1=0 crypto rx=0 tx=0 comp rx=0 tx=0).connect
2024-03-14T20:48:42.793 INFO:teuthology.orchestra.run.smithi008.stdout:/usr/bin/ceph: stderr
2024-03-14T20:48:42.240+0000 7f02363b2700 1 -- --> [v2:172.21.15.8:3300/0,v1:172.21.15.8:6789/0] -- mon_getmap magic: 0 v1 -- 0x7f023019a540 con 0x7f0230104540
2024-03-14T20:48:42.793 INFO:teuthology.orchestra.run.smithi008.stdout:/usr/bin/ceph: stderr
2024-03-14T20:48:42.240+0000 7f022ffff700 1 --2- >> [v2:172.21.15.8:3300/0,v1:172.21.15.8:6789/0] conn(0x7f0230104540 0x7f023019a000 unknown :-1 s=BANNER_CONNECTING pgs=0 cs=0 l=1 rev1=0 crypto rx=0 tx=0 comp rx=0 tx=0)._handle_peer_banner_payload supported=3 required=0
2024-03-14T20:48:42.793 INFO:teuthology.orchestra.run.smithi008.stdout:/usr/bin/ceph: stderr
2024-03-14T20:48:42.240+0000 7f022ffff700 1 --2- >> [v2:172.21.15.8:3300/0,v1:172.21.15.8:6789/0] conn(0x7f0230104540 0x7f023019a000 unknown :-1 s=HELLO_CONNECTING pgs=0 cs=0 l=1 rev1=1 crypto rx=0 tx=0 comp rx=0 tx=0).handle_hello peer v2:172.21.15.8:3300/0 says I am v2:172.21.15.8:43268/0 (socket says 172.21.15.8:43268)
2024-03-14T20:48:42.793 INFO:teuthology.orchestra.run.smithi008.stdout:/usr/bin/ceph: stderr
2024-03-14T20:48:42.240+0000 7f022ffff700 1 -- 172.21.15.8:0/782718197 learned_addr learned my addr 172.21.15.8:0/782718197 (peer_addr_for_me v2:172.21.15.8:0/0)
2024-03-14T20:48:42.793 INFO:teuthology.orchestra.run.smithi008.stdout:/usr/bin/ceph: stderr
2024-03-14T20:48:42.241+0000 7f022ffff700 1 -- 172.21.15.8:0/782718197 --> [v2:172.21.15.8:3300/0,v1:172.21.15.8:6789/0] -- mon_subscribe({config=0+,monmap=0+}) v3 -- 0x7f0220009550 con 0x7f0230104540
2024-03-14T20:48:42.793 INFO:teuthology.orchestra.run.smithi008.stdout:/usr/bin/ceph: stderr
2024-03-14T20:48:42.241+0000 7f022ffff700 1 --2- 172.21.15.8:0/782718197 >> [v2:172.21.15.8:3300/0,v1:172.21.15.8:6789/0] conn(0x7f0230104540 0x7f023019a000 secure :-1 s=READY pgs=52 cs=0 l=1 rev1=1 crypto rx=0x7f0220003f70 tx=0x7f02200119a0 comp rx=0 tx=0).ready entity=mon.0 client_cookie=0 server_cookie=0 in_seq=0 out_seq=0
2024-03-14T20:48:42.794 INFO:teuthology.orchestra.run.smithi008.stdout:/usr/bin/ceph: stderr
2024-03-14T20:48:42.241+0000 7f022d7fa700 1 -- 172.21.15.8:0/782718197 <== mon.0 v2:172.21.15.8:3300/0 1 ==== mon_map magic: 0 v1 ==== 205+0+0 (secure 0 0 0) 0x7f02200037d0 con 0x7f0230104540
2024-03-14T20:48:42.794 INFO:teuthology.orchestra.run.smithi008.stdout:/usr/bin/ceph: stderr
2024-03-14T20:48:42.241+0000 7f022d7fa700 1 -- 172.21.15.8:0/782718197 <== mon.0 v2:172.21.15.8:3300/0 2 ==== config(25 keys) v1 ==== 1067+0+0 (secure 0 0 0) 0x7f022001b440 con 0x7f0230104540
2024-03-14T20:48:42.794 INFO:teuthology.orchestra.run.smithi008.stdout:/usr/bin/ceph: stderr
2024-03-14T20:48:42.241+0000 7f02363b2700 1 -- 172.21.15.8:0/782718197 --> [v2:172.21.15.8:3300/0,v1:172.21.15.8:6789/0] -- mon_subscribe({mgrmap=0+}) v3 -- 0x7f023019a740 con 0x7f0230104540
2024-03-14T20:48:42.794 INFO:teuthology.orchestra.run.smithi008.stdout:/usr/bin/ceph: stderr
2024-03-14T20:48:42.241+0000 7f022d7fa700 1 -- 172.21.15.8:0/782718197 <== mon.0 v2:172.21.15.8:3300/0 3 ==== mon_map magic: 0 v1 ==== 205+0+0 (secure 0 0 0) 0x7f02200193d0 con 0x7f0230104540
2024-03-14T20:48:42.794 INFO:teuthology.orchestra.run.smithi008.stdout:/usr/bin/ceph: stderr
2024-03-14T20:48:42.241+0000 7f02363b2700 1 -- 172.21.15.8:0/782718197 --> [v2:172.21.15.8:3300/0,v1:172.21.15.8:6789/0] -- mon_subscribe({osdmap=0}) v3 -- 0x7f023019abe0 con 0x7f0230104540
2024-03-14T20:48:42.794 INFO:teuthology.orchestra.run.smithi008.stdout:/usr/bin/ceph: stderr
2024-03-14T20:48:42.243+0000 7f02363b2700 1 -- 172.21.15.8:0/782718197 --> [v2:172.21.15.8:3300/0,v1:172.21.15.8:6789/0] -- mon_command({"prefix": "get_command_descriptions"} v 0) v1 -- 0x7f023010a700 con 0x7f0230104540
2024-03-14T20:48:42.794 INFO:teuthology.orchestra.run.smithi008.stdout:/usr/bin/ceph: stderr
2024-03-14T20:48:42.243+0000 7f022d7fa700 1 -- 172.21.15.8:0/782718197 <== mon.0 v2:172.21.15.8:3300/0 4 ==== mgrmap(e 8) v1 ==== 45374+0+0 (secure 0 0 0) 0x7f022001b860 con 0x7f0230104540
2024-03-14T20:48:42.794 INFO:teuthology.orchestra.run.smithi008.stdout:/usr/bin/ceph: stderr
2024-03-14T20:48:42.243+0000 7f022d7fa700 1 --2- 172.21.15.8:0/782718197 >> [v2:172.21.15.8:6800/935535252,v1:172.21.15.8:6801/935535252] conn(0x7f0218038520 0x7f021803a9e0 unknown :-1 s=NONE pgs=0 cs=0 l=1 rev1=0 crypto rx=0 tx=0 comp rx=0 tx=0).connect
2024-03-14T20:48:42.794 INFO:teuthology.orchestra.run.smithi008.stdout:/usr/bin/ceph: stderr
2024-03-14T20:48:42.244+0000 7f022d7fa700 1 -- 172.21.15.8:0/782718197 <== mon.0 v2:172.21.15.8:3300/0 5 ==== osd_map(2..2 src has 1..2) v4 ==== 940+0+0 (secure 0 0 0) 0x7f022004c2d0 con 0x7f0230104540
2024-03-14T20:48:42.794 INFO:teuthology.orchestra.run.smithi008.stdout:/usr/bin/ceph: stderr
2024-03-14T20:48:42.245+0000 7f022f7fe700 1 --2- 172.21.15.8:0/782718197 >> [v2:172.21.15.8:6800/935535252,v1:172.21.15.8:6801/935535252] conn(0x7f0218038520 0x7f021803a9e0 unknown :-1 s=BANNER_CONNECTING pgs=0 cs=0 l=1 rev1=0 crypto rx=0 tx=0 comp rx=0 tx=0)._handle_peer_banner_payload supported=3 required=0
2024-03-14T20:48:42.795 INFO:teuthology.orchestra.run.smithi008.stdout:/usr/bin/ceph: stderr
2024-03-14T20:48:42.245+0000 7f022f7fe700 1 --2- 172.21.15.8:0/782718197 >> [v2:172.21.15.8:6800/935535252,v1:172.21.15.8:6801/935535252] conn(0x7f0218038520 0x7f021803a9e0 secure :-1 s=READY pgs=14 cs=0 l=1 rev1=1 crypto rx=0x7f0224006fd0 tx=0x7f0224006e40 comp rx=0 tx=0).ready entity=mgr.14120 client_cookie=0 server_cookie=0 in_seq=0 out_seq=0
2024-03-14T20:48:42.795 INFO:teuthology.orchestra.run.smithi008.stdout:/usr/bin/ceph: stderr
2024-03-14T20:48:42.248+0000 7f022d7fa700 1 -- 172.21.15.8:0/782718197 <== mon.0 v2:172.21.15.8:3300/0 6 ==== mon_command_ack([{"prefix": "get_command_descriptions"}]=0 v0) v1 ==== 72+0+182738 (secure 0 0 0) 0x7f022000be40 con 0x7f0230104540
2024-03-14T20:48:42.795 INFO:teuthology.orchestra.run.smithi008.stdout:/usr/bin/ceph: stderr
2024-03-14T20:48:42.460+0000 7f02363b2700 1 -- 172.21.15.8:0/782718197 --> [v2:172.21.15.8:3300/0,v1:172.21.15.8:6789/0] -- mon_command([{prefix=config set, name=mgr/cephadm/container_init}] v 0) v1 -- 0x7f023019dbe0 con 0x7f0230104540
2024-03-14T20:48:42.795 INFO:teuthology.orchestra.run.smithi008.stdout:/usr/bin/ceph: stderr
2024-03-14T20:48:42.464+0000 7f022d7fa700 1 -- 172.21.15.8:0/782718197 <== mon.0 v2:172.21.15.8:3300/0 7 ==== mon_command_ack([{prefix=config set, name=mgr/cephadm/container_init}]=0 v7)=0 v7) v1 ==== 142+0+0 (secure 0 0 0) 0x7f02200290d0 con 0x7f0230104540
2024-03-14T20:48:42.795 INFO:teuthology.orchestra.run.smithi008.stdout:/usr/bin/ceph: stderr
2024-03-14T20:48:42.466+0000 7f02363b2700 1 -- 172.21.15.8:0/782718197 >> [v2:172.21.15.8:6800/935535252,v1:172.21.15.8:6801/935535252] conn(0x7f0218038520 msgr2=0x7f021803a9e0 secure :-1 s=STATE_CONNECTION_ESTABLISHED l=1).mark_down
2024-03-14T20:48:42.795 INFO:teuthology.orchestra.run.smithi008.stdout:/usr/bin/ceph: stderr
2024-03-14T20:48:42.466+0000 7f02363b2700 1 --2- 172.21.15.8:0/782718197 >> [v2:172.21.15.8:6800/935535252,v1:172.21.15.8:6801/935535252] conn(0x7f0218038520 0x7f021803a9e0 secure :-1 s=READY pgs=14 cs=0 l=1 rev1=1 crypto rx=0x7f0224006fd0 tx=0x7f0224006e40 comp rx=0 tx=0).stop
2024-03-14T20:48:42.795 INFO:teuthology.orchestra.run.smithi008.stdout:/usr/bin/ceph: stderr
2024-03-14T20:48:42.466+0000 7f02363b2700 1 -- 172.21.15.8:0/782718197 >> [v2:172.21.15.8:3300/0,v1:172.21.15.8:6789/0] conn(0x7f0230104540 msgr2=0x7f023019a000 secure :-1 s=STATE_CONNECTION_ESTABLISHED l=1).mark_down
2024-03-14T20:48:42.795 INFO:teuthology.orchestra.run.smithi008.stdout:/usr/bin/ceph: stderr
2024-03-14T20:48:42.466+0000 7f02363b2700 1 --2- 172.21.15.8:0/782718197 >> [v2:172.21.15.8:3300/0,v1:172.21.15.8:6789/0] conn(0x7f0230104540 0x7f023019a000 secure :-1 s=READY pgs=52 cs=0 l=1 rev1=1 crypto rx=0x7f0220003f70 tx=0x7f02200119a0 comp rx=0 tx=0).stop
2024-03-14T20:48:42.795 INFO:teuthology.orchestra.run.smithi008.stdout:/usr/bin/ceph: stderr
2024-03-14T20:48:42.466+0000 7f02363b2700 1 -- 172.21.15.8:0/782718197 shutdown_connections
2024-03-14T20:48:42.795 INFO:teuthology.orchestra.run.smithi008.stdout:/usr/bin/ceph: stderr
2024-03-14T20:48:42.466+0000 7f02363b2700 1 --2- 172.21.15.8:0/782718197 >> [v2:172.21.15.8:6800/935535252,v1:172.21.15.8:6801/935535252] conn(0x7f0218038520 0x7f021803a9e0 unknown :-1 s=CLOSED pgs=14 cs=0 l=1 rev1=1 crypto rx=0 tx=0 comp rx=0 tx=0).stop
2024-03-14T20:48:42.795 INFO:teuthology.orchestra.run.smithi008.stdout:/usr/bin/ceph: stderr
2024-03-14T20:48:42.466+0000 7f02363b2700 1 --2- 172.21.15.8:0/782718197 >> [v2:172.21.15.8:3300/0,v1:172.21.15.8:6789/0] conn(0x7f0230104540 0x7f023019a000 unknown :-1 s=CLOSED pgs=52 cs=0 l=1 rev1=1 crypto rx=0 tx=0 comp rx=0 tx=0).stop
2024-03-14T20:48:42.795 INFO:teuthology.orchestra.run.smithi008.stdout:/usr/bin/ceph: stderr
2024-03-14T20:48:42.466+0000 7f02363b2700 1 -- 172.21.15.8:0/782718197 >> 172.21.15.8:0/782718197 conn(0x7f02300ffe30 msgr2=0x7f0230100a50 unknown :-1 s=STATE_NONE l=0).mark_down
2024-03-14T20:48:42.795 INFO:teuthology.orchestra.run.smithi008.stdout:/usr/bin/ceph: stderr
2024-03-14T20:48:42.467+0000 7f02363b2700 1 -- 172.21.15.8:0/782718197 shutdown_connections
2024-03-14T20:48:42.796 INFO:teuthology.orchestra.run.smithi008.stdout:/usr/bin/ceph: stderr
2024-03-14T20:48:42.467+0000 7f02363b2700 1 -- 172.21.15.8:0/782718197 wait complete.
2024-03-14T20:48:43.183 INFO:journalctl@ceph.mon.a.smithi008.stdout:Mar 14 20:48:42 smithi008 ceph-mon[43434]: from='client.14144 -' entity='client.admin' cmd=[{"prefix": "orch apply", "service_type": "mgr", "unmanaged": true, "target": ["mon-mgr", ""]}]: dispatch
2024-03-14T20:48:43.183 INFO:journalctl@ceph.mon.a.smithi008.stdout:Mar 14 20:48:42 smithi008 ceph-mon[43434]: Saving service mgr spec with placement count:2
2024-03-14T20:48:43.183 INFO:journalctl@ceph.mon.a.smithi008.stdout:Mar 14 20:48:42 smithi008 ceph-mon[43434]: from='mgr.14120 172.21.15.8:0/1255559632' entity='mgr.x'
2024-03-14T20:48:43.184 INFO:journalctl@ceph.mon.a.smithi008.stdout:Mar 14 20:48:42 smithi008 ceph-mon[43434]: from='client.? 172.21.15.8:0/782718197' entity='client.admin'
2024-03-14T20:48:43.184 INFO:journalctl@ceph.mon.a.smithi008.stdout:Mar 14 20:48:42 smithi008 ceph-mon[43434]: from='mgr.14120 172.21.15.8:0/1255559632' entity='mgr.x'
2024-03-14T20:48:43.818 INFO:teuthology.orchestra.run.smithi008.stdout:/usr/bin/ceph: stderr
2024-03-14T20:48:43.152+0000 7fd82b70f700 1 Processor -- start
2024-03-14T20:48:43.818 INFO:teuthology.orchestra.run.smithi008.stdout:/usr/bin/ceph: stderr
2024-03-14T20:48:43.152+0000 7fd82b70f700 1 -- start start
2024-03-14T20:48:43.818 INFO:teuthology.orchestra.run.smithi008.stdout:/usr/bin/ceph: stderr
2024-03-14T20:48:43.152+0000 7fd82b70f700 1 --2- >> [v2:172.21.15.8:3300/0,v1:172.21.15.8:6789/0] conn(0x7fd824104af0 0x7fd824104f10 unknown :-1 s=NONE pgs=0 cs=0 l=0 rev1=0 crypto rx=0 tx=0 comp rx=0 tx=0).connect
2024-03-14T20:48:43.818 INFO:teuthology.orchestra.run.smithi008.stdout:/usr/bin/ceph: stderr
2024-03-14T20:48:43.152+0000 7fd82b70f700 1 -- --> [v2:172.21.15.8:3300/0,v1:172.21.15.8:6789/0] -- mon_getmap magic: 0 v1 -- 0x7fd824079e30 con 0x7fd824104af0
2024-03-14T20:48:43.818 INFO:teuthology.orchestra.run.smithi008.stdout:/usr/bin/ceph: stderr
2024-03-14T20:48:43.152+0000 7fd8294ab700 1 --2- >> [v2:172.21.15.8:3300/0,v1:172.21.15.8:6789/0] conn(0x7fd824104af0 0x7fd824104f10 unknown :-1 s=BANNER_CONNECTING pgs=0 cs=0 l=0 rev1=0 crypto rx=0 tx=0 comp rx=0 tx=0)._handle_peer_banner_payload supported=3 required=0
2024-03-14T20:48:43.818 INFO:teuthology.orchestra.run.smithi008.stdout:/usr/bin/ceph: stderr
2024-03-14T20:48:43.152+0000 7fd8294ab700 1 --2- >> [v2:172.21.15.8:3300/0,v1:172.21.15.8:6789/0] conn(0x7fd824104af0 0x7fd824104f10 unknown :-1 s=HELLO_CONNECTING pgs=0 cs=0 l=0 rev1=1 crypto rx=0 tx=0 comp rx=0 tx=0).handle_hello peer v2:172.21.15.8:3300/0 says I am v2:172.21.15.8:36632/0 (socket says 172.21.15.8:36632)
2024-03-14T20:48:43.818 INFO:teuthology.orchestra.run.smithi008.stdout:/usr/bin/ceph: stderr
2024-03-14T20:48:43.152+0000 7fd8294ab700 1 -- 172.21.15.8:0/1547144173 learned_addr learned my addr 172.21.15.8:0/1547144173 (peer_addr_for_me v2:172.21.15.8:0/0)
2024-03-14T20:48:43.818 INFO:teuthology.orchestra.run.smithi008.stdout:/usr/bin/ceph: stderr
2024-03-14T20:48:43.153+0000 7fd8294ab700 1 -- 172.21.15.8:0/1547144173 --> [v2:172.21.15.8:3300/0,v1:172.21.15.8:6789/0] -- mon_subscribe({config=0+,monmap=0+}) v3 -- 0x7fd824105450 con 0x7fd824104af0
2024-03-14T20:48:43.818 INFO:teuthology.orchestra.run.smithi008.stdout:/usr/bin/ceph: stderr
2024-03-14T20:48:43.153+0000 7fd8294ab700 1 --2- 172.21.15.8:0/1547144173 >> [v2:172.21.15.8:3300/0,v1:172.21.15.8:6789/0] conn(0x7fd824104af0 0x7fd824104f10 secure :-1 s=READY pgs=53 cs=0 l=1 rev1=1 crypto rx=0x7fd8200098a0 tx=0x7fd820009bb0 comp rx=0 tx=0).ready entity=mon.0 client_cookie=efbdd43cf07e58af server_cookie=0 in_seq=0 out_seq=0
2024-03-14T20:48:43.818 INFO:teuthology.orchestra.run.smithi008.stdout:/usr/bin/ceph: stderr
2024-03-14T20:48:43.153+0000 7fd817fff700 1 -- 172.21.15.8:0/1547144173 <== mon.0 v2:172.21.15.8:3300/0 1 ==== mon_map magic: 0 v1 ==== 205+0+0 (secure 0 0 0) 0x7fd820004160 con 0x7fd824104af0
2024-03-14T20:48:43.819 INFO:teuthology.orchestra.run.smithi008.stdout:/usr/bin/ceph: stderr
2024-03-14T20:48:43.153+0000 7fd817fff700 1 -- 172.21.15.8:0/1547144173 <== mon.0 v2:172.21.15.8:3300/0 2 ==== config(25 keys) v1 ==== 1067+0+0 (secure 0 0 0) 0x7fd8200042c0 con 0x7fd824104af0
2024-03-14T20:48:43.819 INFO:teuthology.orchestra.run.smithi008.stdout:/usr/bin/ceph: stderr
2024-03-14T20:48:43.153+0000 7fd817fff700 1 -- 172.21.15.8:0/1547144173 <== mon.0 v2:172.21.15.8:3300/0 3 ==== mon_map magic: 0 v1 ==== 205+0+0 (secure 0 0 0) 0x7fd8200118e0 con 0x7fd824104af0
2024-03-14T20:48:43.819 INFO:teuthology.orchestra.run.smithi008.stdout:/usr/bin/ceph: stderr
2024-03-14T20:48:43.154+0000 7fd82b70f700 1 -- 172.21.15.8:0/1547144173 >> [v2:172.21.15.8:3300/0,v1:172.21.15.8:6789/0] conn(0x7fd824104af0 msgr2=0x7fd824104f10 secure :-1 s=STATE_CONNECTION_ESTABLISHED l=1).mark_down
2024-03-14T20:48:43.819 INFO:teuthology.orchestra.run.smithi008.stdout:/usr/bin/ceph: stderr
2024-03-14T20:48:43.154+0000 7fd82b70f700 1 --2- 172.21.15.8:0/1547144173 >> [v2:172.21.15.8:3300/0,v1:172.21.15.8:6789/0] conn(0x7fd824104af0 0x7fd824104f10 secure :-1 s=READY pgs=53 cs=0 l=1 rev1=1 crypto rx=0x7fd8200098a0 tx=0x7fd820009bb0 comp rx=0 tx=0).stop
2024-03-14T20:48:43.819 INFO:teuthology.orchestra.run.smithi008.stdout:/usr/bin/ceph: stderr
2024-03-14T20:48:43.154+0000 7fd82b70f700 1 -- 172.21.15.8:0/1547144173 shutdown_connections
2024-03-14T20:48:43.819 INFO:teuthology.orchestra.run.smithi008.stdout:/usr/bin/ceph: stderr
2024-03-14T20:48:43.154+0000 7fd82b70f700 1 --2- 172.21.15.8:0/1547144173 >> [v2:172.21.15.8:3300/0,v1:172.21.15.8:6789/0] conn(0x7fd824104af0 0x7fd824104f10 unknown :-1 s=CLOSED pgs=53 cs=0 l=1 rev1=1 crypto rx=0 tx=0 comp rx=0 tx=0).stop
2024-03-14T20:48:43.819 INFO:teuthology.orchestra.run.smithi008.stdout:/usr/bin/ceph: stderr
2024-03-14T20:48:43.154+0000 7fd82b70f700 1 -- 172.21.15.8:0/1547144173 >> 172.21.15.8:0/1547144173 conn(0x7fd8241006f0 msgr2=0x7fd824102b10 unknown :-1 s=STATE_NONE l=0).mark_down
2024-03-14T20:48:43.819 INFO:teuthology.orchestra.run.smithi008.stdout:/usr/bin/ceph: stderr
2024-03-14T20:48:43.154+0000 7fd82b70f700 1 -- 172.21.15.8:0/1547144173 shutdown_connections
2024-03-14T20:48:43.819 INFO:teuthology.orchestra.run.smithi008.stdout:/usr/bin/ceph: stderr
2024-03-14T20:48:43.154+0000 7fd82b70f700 1 -- 172.21.15.8:0/1547144173 wait complete.
2024-03-14T20:48:43.819 INFO:teuthology.orchestra.run.smithi008.stdout:/usr/bin/ceph: stderr
2024-03-14T20:48:43.155+0000 7fd82b70f700 1 Processor -- start
2024-03-14T20:48:43.819 INFO:teuthology.orchestra.run.smithi008.stdout:/usr/bin/ceph: stderr
2024-03-14T20:48:43.155+0000 7fd82b70f700 1 -- start start
2024-03-14T20:48:43.819 INFO:teuthology.orchestra.run.smithi008.stdout:/usr/bin/ceph: stderr
2024-03-14T20:48:43.155+0000 7fd82b70f700 1 --2- >> [v2:172.21.15.8:3300/0,v1:172.21.15.8:6789/0] conn(0x7fd824104af0 0x7fd82419c110 unknown :-1 s=NONE pgs=0 cs=0 l=1 rev1=0 crypto rx=0 tx=0 comp rx=0 tx=0).connect
2024-03-14T20:48:43.819 INFO:teuthology.orchestra.run.smithi008.stdout:/usr/bin/ceph: stderr
2024-03-14T20:48:43.155+0000 7fd82b70f700 1 -- --> [v2:172.21.15.8:3300/0,v1:172.21.15.8:6789/0] -- mon_getmap magic: 0 v1 -- 0x7fd82419c650 con 0x7fd824104af0
2024-03-14T20:48:43.819 INFO:teuthology.orchestra.run.smithi008.stdout:/usr/bin/ceph: stderr
2024-03-14T20:48:43.155+0000 7fd8294ab700 1 --2- >> [v2:172.21.15.8:3300/0,v1:172.21.15.8:6789/0] conn(0x7fd824104af0 0x7fd82419c110 unknown :-1 s=BANNER_CONNECTING pgs=0 cs=0 l=1 rev1=0 crypto rx=0 tx=0 comp rx=0 tx=0)._handle_peer_banner_payload supported=3 required=0
2024-03-14T20:48:43.820 INFO:teuthology.orchestra.run.smithi008.stdout:/usr/bin/ceph: stderr
2024-03-14T20:48:43.155+0000 7fd8294ab700 1 --2- >> [v2:172.21.15.8:3300/0,v1:172.21.15.8:6789/0] conn(0x7fd824104af0 0x7fd82419c110 unknown :-1 s=HELLO_CONNECTING pgs=0 cs=0 l=1 rev1=1 crypto rx=0 tx=0 comp rx=0 tx=0).handle_hello peer v2:172.21.15.8:3300/0 says I am v2:172.21.15.8:36644/0 (socket says 172.21.15.8:36644)
2024-03-14T20:48:43.820 INFO:teuthology.orchestra.run.smithi008.stdout:/usr/bin/ceph: stderr
2024-03-14T20:48:43.155+0000 7fd8294ab700 1 -- 172.21.15.8:0/2169333619 learned_addr learned my addr 172.21.15.8:0/2169333619 (peer_addr_for_me v2:172.21.15.8:0/0)
2024-03-14T20:48:43.820 INFO:teuthology.orchestra.run.smithi008.stdout:/usr/bin/ceph: stderr
2024-03-14T20:48:43.155+0000 7fd8294ab700 1 -- 172.21.15.8:0/2169333619 --> [v2:172.21.15.8:3300/0,v1:172.21.15.8:6789/0] -- mon_subscribe({config=0+,monmap=0+}) v3 -- 0x7fd820009550 con 0x7fd824104af0
2024-03-14T20:48:43.820 INFO:teuthology.orchestra.run.smithi008.stdout:/usr/bin/ceph: stderr
2024-03-14T20:48:43.155+0000 7fd8294ab700 1 --2- 172.21.15.8:0/2169333619 >> [v2:172.21.15.8:3300/0,v1:172.21.15.8:6789/0] conn(0x7fd824104af0 0x7fd82419c110 secure :-1 s=READY pgs=54 cs=0 l=1 rev1=1 crypto rx=0x7fd820006af0 tx=0x7fd820011ed0 comp rx=0 tx=0).ready entity=mon.0 client_cookie=0 server_cookie=0 in_seq=0 out_seq=0
2024-03-14T20:48:43.820 INFO:teuthology.orchestra.run.smithi008.stdout:/usr/bin/ceph: stderr
2024-03-14T20:48:43.155+0000 7fd8167fc700 1 -- 172.21.15.8:0/2169333619 <== mon.0 v2:172.21.15.8:3300/0 1 ==== mon_map magic: 0 v1 ==== 205+0+0 (secure 0 0 0) 0x7fd8200037d0 con 0x7fd824104af0
2024-03-14T20:48:43.820 INFO:teuthology.orchestra.run.smithi008.stdout:/usr/bin/ceph: stderr
2024-03-14T20:48:43.156+0000 7fd8167fc700 1 -- 172.21.15.8:0/2169333619 <== mon.0 v2:172.21.15.8:3300/0 2 ==== config(25 keys) v1 ==== 1067+0+0 (secure 0 0 0) 0x7fd82001b440 con 0x7fd824104af0
2024-03-14T20:48:43.820 INFO:teuthology.orchestra.run.smithi008.stdout:/usr/bin/ceph: stderr
2024-03-14T20:48:43.156+0000 7fd82b70f700 1 -- 172.21.15.8:0/2169333619 --> [v2:172.21.15.8:3300/0,v1:172.21.15.8:6789/0] -- mon_subscribe({mgrmap=0+}) v3 -- 0x7fd82419c850 con 0x7fd824104af0
2024-03-14T20:48:43.820 INFO:teuthology.orchestra.run.smithi008.stdout:/usr/bin/ceph: stderr
2024-03-14T20:48:43.156+0000 7fd8167fc700 1 -- 172.21.15.8:0/2169333619 <== mon.0 v2:172.21.15.8:3300/0 3 ==== mon_map magic: 0 v1 ==== 205+0+0 (secure 0 0 0) 0x7fd820023400 con 0x7fd824104af0
2024-03-14T20:48:43.820 INFO:teuthology.orchestra.run.smithi008.stdout:/usr/bin/ceph: stderr
2024-03-14T20:48:43.156+0000 7fd82b70f700 1 -- 172.21.15.8:0/2169333619 --> [v2:172.21.15.8:3300/0,v1:172.21.15.8:6789/0] -- mon_subscribe({osdmap=0}) v3 -- 0x7fd82419ccf0 con 0x7fd824104af0
2024-03-14T20:48:43.820 INFO:teuthology.orchestra.run.smithi008.stdout:/usr/bin/ceph: stderr
2024-03-14T20:48:43.156+0000 7fd8167fc700 1 -- 172.21.15.8:0/2169333619 <== mon.0 v2:172.21.15.8:3300/0 4 ==== mgrmap(e 8) v1 ==== 45374+0+0 (secure 0 0 0) 0x7fd820023670 con 0x7fd824104af0
2024-03-14T20:48:43.820 INFO:teuthology.orchestra.run.smithi008.stdout:/usr/bin/ceph: stderr
2024-03-14T20:48:43.157+0000 7fd8167fc700 1 --2- 172.21.15.8:0/2169333619 >> [v2:172.21.15.8:6800/935535252,v1:172.21.15.8:6801/935535252] conn(0x7fd8100384d0 0x7fd81003a990 unknown :-1 s=NONE pgs=0 cs=0 l=1 rev1=0 crypto rx=0 tx=0 comp rx=0 tx=0).connect
2024-03-14T20:48:43.820 INFO:teuthology.orchestra.run.smithi008.stdout:/usr/bin/ceph: stderr
2024-03-14T20:48:43.157+0000 7fd8167fc700 1 -- 172.21.15.8:0/2169333619 <== mon.0 v2:172.21.15.8:3300/0 5 ==== osd_map(2..2 src has 1..2) v4 ==== 940+0+0 (secure 0 0 0) 0x7fd82004c460 con 0x7fd824104af0
2024-03-14T20:48:43.820 INFO:teuthology.orchestra.run.smithi008.stdout:/usr/bin/ceph: stderr
2024-03-14T20:48:43.157+0000 7fd82b70f700 1 -- 172.21.15.8:0/2169333619 --> [v2:172.21.15.8:3300/0,v1:172.21.15.8:6789/0] -- mon_command({"prefix": "get_command_descriptions"} v 0) v1 -- 0x7fd824195e20 con 0x7fd824104af0
2024-03-14T20:48:43.821 INFO:teuthology.orchestra.run.smithi008.stdout:/usr/bin/ceph: stderr
2024-03-14T20:48:43.157+0000 7fd828caa700 1 --2- 172.21.15.8:0/2169333619 >> [v2:172.21.15.8:6800/935535252,v1:172.21.15.8:6801/935535252] conn(0x7fd8100384d0 0x7fd81003a990 unknown :-1 s=BANNER_CONNECTING pgs=0 cs=0 l=1 rev1=0 crypto rx=0 tx=0 comp rx=0 tx=0)._handle_peer_banner_payload supported=3 required=0
2024-03-14T20:48:43.821 INFO:teuthology.orchestra.run.smithi008.stdout:/usr/bin/ceph: stderr
2024-03-14T20:48:43.157+0000 7fd828caa700 1 --2- 172.21.15.8:0/2169333619 >> [v2:172.21.15.8:6800/935535252,v1:172.21.15.8:6801/935535252] conn(0x7fd8100384d0 0x7fd81003a990 secure :-1 s=READY pgs=15 cs=0 l=1 rev1=1 crypto rx=0x7fd818006fd0 tx=0x7fd818006e40 comp rx=0 tx=0).ready entity=mgr.14120 client_cookie=0 server_cookie=0 in_seq=0 out_seq=0
2024-03-14T20:48:43.821 INFO:teuthology.orchestra.run.smithi008.stdout:/usr/bin/ceph: stderr
2024-03-14T20:48:43.162+0000 7fd8167fc700 1 -- 172.21.15.8:0/2169333619 <== mon.0 v2:172.21.15.8:3300/0 6 ==== mon_command_ack([{"prefix": "get_command_descriptions"}]=0 v0) v1 ==== 72+0+182738 (secure 0 0 0) 0x7fd820023920 con 0x7fd824104af0
2024-03-14T20:48:43.821 INFO:teuthology.orchestra.run.smithi008.stdout:/usr/bin/ceph: stderr
2024-03-14T20:48:43.383+0000 7fd82b70f700 1 -- 172.21.15.8:0/2169333619 --> [v2:172.21.15.8:3300/0,v1:172.21.15.8:6789/0] -- mon_command([{prefix=config set, name=mgr/dashboard/ssl_server_port}] v 0) v1 -- 0x7fd82402ccb0 con 0x7fd824104af0
2024-03-14T20:48:43.821 INFO:teuthology.orchestra.run.smithi008.stdout:/usr/bin/ceph: stderr
2024-03-14T20:48:43.387+0000 7fd8167fc700 1 -- 172.21.15.8:0/2169333619 <== mon.0 v2:172.21.15.8:3300/0 7 ==== mon_command_ack([{prefix=config set, name=mgr/dashboard/ssl_server_port}]=0 v8)=0 v8) v1 ==== 130+0+0 (secure 0 0 0) 0x7fd820049030 con 0x7fd824104af0
2024-03-14T20:48:43.821 INFO:teuthology.orchestra.run.smithi008.stdout:/usr/bin/ceph: stderr
2024-03-14T20:48:43.389+0000 7fd82b70f700 1 -- 172.21.15.8:0/2169333619 >> [v2:172.21.15.8:6800/935535252,v1:172.21.15.8:6801/935535252] conn(0x7fd8100384d0 msgr2=0x7fd81003a990 secure :-1 s=STATE_CONNECTION_ESTABLISHED l=1).mark_down
2024-03-14T20:48:43.821 INFO:teuthology.orchestra.run.smithi008.stdout:/usr/bin/ceph: stderr
2024-03-14T20:48:43.389+0000 7fd82b70f700 1 --2- 172.21.15.8:0/2169333619 >> [v2:172.21.15.8:6800/935535252,v1:172.21.15.8:6801/935535252] conn(0x7fd8100384d0 0x7fd81003a990 secure :-1 s=READY pgs=15 cs=0 l=1 rev1=1 crypto rx=0x7fd818006fd0 tx=0x7fd818006e40 comp rx=0 tx=0).stop
2024-03-14T20:48:43.821 INFO:teuthology.orchestra.run.smithi008.stdout:/usr/bin/ceph: stderr
2024-03-14T20:48:43.389+0000 7fd82b70f700 1 -- 172.21.15.8:0/2169333619 >> [v2:172.21.15.8:3300/0,v1:172.21.15.8:6789/0] conn(0x7fd824104af0 msgr2=0x7fd82419c110 secure :-1 s=STATE_CONNECTION_ESTABLISHED l=1).mark_down
2024-03-14T20:48:43.821 INFO:teuthology.orchestra.run.smithi008.stdout:/usr/bin/ceph: stderr
2024-03-14T20:48:43.389+0000 7fd82b70f700 1 --2- 172.21.15.8:0/2169333619 >> [v2:172.21.15.8:3300/0,v1:172.21.15.8:6789/0] conn(0x7fd824104af0 0x7fd82419c110 secure :-1 s=READY pgs=54 cs=0 l=1 rev1=1 crypto rx=0x7fd820006af0 tx=0x7fd820011ed0 comp rx=0 tx=0).stop
2024-03-14T20:48:43.821 INFO:teuthology.orchestra.run.smithi008.stdout:/usr/bin/ceph: stderr
2024-03-14T20:48:43.389+0000 7fd82b70f700 1 -- 172.21.15.8:0/2169333619 shutdown_connections
2024-03-14T20:48:43.821 INFO:teuthology.orchestra.run.smithi008.stdout:/usr/bin/ceph: stderr
2024-03-14T20:48:43.389+0000 7fd82b70f700 1 --2- 172.21.15.8:0/2169333619 >> [v2:172.21.15.8:6800/935535252,v1:172.21.15.8:6801/935535252] conn(0x7fd8100384d0 0x7fd81003a990 unknown :-1 s=CLOSED pgs=15 cs=0 l=1 rev1=1 crypto rx=0 tx=0 comp rx=0 tx=0).stop
2024-03-14T20:48:43.821 INFO:teuthology.orchestra.run.smithi008.stdout:/usr/bin/ceph: stderr
2024-03-14T20:48:43.389+0000 7fd82b70f700 1 --2- 172.21.15.8:0/2169333619 >> [v2:172.21.15.8:3300/0,v1:172.21.15.8:6789/0] conn(0x7fd824104af0 0x7fd82419c110 unknown :-1 s=CLOSED pgs=54 cs=0 l=1 rev1=1 crypto rx=0 tx=0 comp rx=0 tx=0).stop
2024-03-14T20:48:43.821 INFO:teuthology.orchestra.run.smithi008.stdout:/usr/bin/ceph: stderr
2024-03-14T20:48:43.389+0000 7fd82b70f700 1 -- 172.21.15.8:0/2169333619 >> 172.21.15.8:0/2169333619 conn(0x7fd8241006f0 msgr2=0x7fd824192f60 unknown :-1 s=STATE_NONE l=0).mark_down
2024-03-14T20:48:43.821 INFO:teuthology.orchestra.run.smithi008.stdout:/usr/bin/ceph: stderr
2024-03-14T20:48:43.390+0000 7fd82b70f700 1 -- 172.21.15.8:0/2169333619 shutdown_connections
2024-03-14T20:48:43.822 INFO:teuthology.orchestra.run.smithi008.stdout:/usr/bin/ceph: stderr
2024-03-14T20:48:43.390+0000 7fd82b70f700 1 -- 172.21.15.8:0/2169333619 wait complete.
2024-03-14T20:48:43.822 INFO:teuthology.orchestra.run.smithi008.stdout:Enabling the dashboard module...
2024-03-14T20:48:44.683 INFO:journalctl@ceph.mon.a.smithi008.stdout:Mar 14 20:48:44 smithi008 ceph-mon[43434]: from='client.? 172.21.15.8:0/2169333619' entity='client.admin'
2024-03-14T20:48:45.684 INFO:journalctl@ceph.mon.a.smithi008.stdout:Mar 14 20:48:45 smithi008 ceph-mon[43434]: from='client.? 172.21.15.8:0/1105374971' entity='client.admin' cmd=[{"prefix": "mgr module enable", "module": "dashboard"}]: dispatch
2024-03-14T20:48:45.684 INFO:journalctl@ceph.mgr.x.smithi008.stdout:Mar 14 20:48:45 smithi008 ceph-0a659f16-e244-11ee-95c9-87774f69a715-mgr-x[43688]: ignoring --setuser ceph since I am not root
2024-03-14T20:48:45.684 INFO:journalctl@ceph.mgr.x.smithi008.stdout:Mar 14 20:48:45 smithi008 ceph-0a659f16-e244-11ee-95c9-87774f69a715-mgr-x[43688]: ignoring --setgroup ceph since I am not root
2024-03-14T20:48:45.766 INFO:teuthology.orchestra.run.smithi008.stdout:/usr/bin/ceph: stderr
2024-03-14T20:48:44.167+0000 7fc5ecf99700 1 Processor -- start
2024-03-14T20:48:45.766 INFO:teuthology.orchestra.run.smithi008.stdout:/usr/bin/ceph: stderr
2024-03-14T20:48:44.167+0000 7fc5ecf99700 1 -- start start
2024-03-14T20:48:45.766 INFO:teuthology.orchestra.run.smithi008.stdout:/usr/bin/ceph: stderr
2024-03-14T20:48:44.167+0000 7fc5ecf99700 1 --2- >> [v2:172.21.15.8:3300/0,v1:172.21.15.8:6789/0] conn(0x7fc5e8106ce0 0x7fc5e81090d0 unknown :-1 s=NONE pgs=0 cs=0 l=0 rev1=0 crypto rx=0 tx=0 comp rx=0 tx=0).connect
2024-03-14T20:48:45.766 INFO:teuthology.orchestra.run.smithi008.stdout:/usr/bin/ceph: stderr
2024-03-14T20:48:44.167+0000 7fc5ecf99700 1 -- --> [v2:172.21.15.8:3300/0,v1:172.21.15.8:6789/0] -- mon_getmap magic: 0 v1 -- 0x7fc5e8079eb0 con 0x7fc5e8106ce0
2024-03-14T20:48:45.766 INFO:teuthology.orchestra.run.smithi008.stdout:/usr/bin/ceph: stderr
2024-03-14T20:48:44.167+0000 7fc5e659c700 1 --2- >> [v2:172.21.15.8:3300/0,v1:172.21.15.8:6789/0] conn(0x7fc5e8106ce0 0x7fc5e81090d0 unknown :-1 s=BANNER_CONNECTING pgs=0 cs=0 l=0 rev1=0 crypto rx=0 tx=0 comp rx=0 tx=0)._handle_peer_banner_payload supported=3 required=0
2024-03-14T20:48:45.767 INFO:teuthology.orchestra.run.smithi008.stdout:/usr/bin/ceph: stderr
2024-03-14T20:48:44.167+0000 7fc5e659c700 1 --2- >> [v2:172.21.15.8:3300/0,v1:172.21.15.8:6789/0] conn(0x7fc5e8106ce0 0x7fc5e81090d0 unknown :-1 s=HELLO_CONNECTING pgs=0 cs=0 l=0 rev1=1 crypto rx=0 tx=0 comp rx=0 tx=0).handle_hello peer v2:172.21.15.8:3300/0 says I am v2:172.21.15.8:36652/0 (socket says 172.21.15.8:36652)
2024-03-14T20:48:45.767 INFO:teuthology.orchestra.run.smithi008.stdout:/usr/bin/ceph: stderr
2024-03-14T20:48:44.167+0000 7fc5e659c700 1 -- 172.21.15.8:0/2013352245 learned_addr learned my addr 172.21.15.8:0/2013352245 (peer_addr_for_me v2:172.21.15.8:0/0)
2024-03-14T20:48:45.767 INFO:teuthology.orchestra.run.smithi008.stdout:/usr/bin/ceph: stderr
2024-03-14T20:48:44.168+0000 7fc5e659c700 1 -- 172.21.15.8:0/2013352245 --> [v2:172.21.15.8:3300/0,v1:172.21.15.8:6789/0] -- mon_subscribe({config=0+,monmap=0+}) v3 -- 0x7fc5e8109610 con 0x7fc5e8106ce0
2024-03-14T20:48:45.767 INFO:teuthology.orchestra.run.smithi008.stdout:/usr/bin/ceph: stderr
2024-03-14T20:48:44.168+0000 7fc5e659c700 1 --2- 172.21.15.8:0/2013352245 >> [v2:172.21.15.8:3300/0,v1:172.21.15.8:6789/0] conn(0x7fc5e8106ce0 0x7fc5e81090d0 secure :-1 s=READY pgs=55 cs=0 l=1 rev1=1 crypto rx=0x7fc5d80098a0 tx=0x7fc5d8009bb0 comp rx=0 tx=0).ready entity=mon.0 client_cookie=fd44647f35362148 server_cookie=0 in_seq=0 out_seq=0
2024-03-14T20:48:45.767 INFO:teuthology.orchestra.run.smithi008.stdout:/usr/bin/ceph: stderr
2024-03-14T20:48:44.168+0000 7fc5e559a700 1 -- 172.21.15.8:0/2013352245 <== mon.0 v2:172.21.15.8:3300/0 1 ==== mon_map magic: 0 v1 ==== 205+0+0 (secure 0 0 0) 0x7fc5d8004160 con 0x7fc5e8106ce0
2024-03-14T20:48:45.767 INFO:teuthology.orchestra.run.smithi008.stdout:/usr/bin/ceph: stderr
2024-03-14T20:48:44.168+0000 7fc5e559a700 1 -- 172.21.15.8:0/2013352245 <== mon.0 v2:172.21.15.8:3300/0 2 ==== config(25 keys) v1 ==== 1067+0+0 (secure 0 0 0) 0x7fc5d80042c0 con 0x7fc5e8106ce0
2024-03-14T20:48:45.767 INFO:teuthology.orchestra.run.smithi008.stdout:/usr/bin/ceph: stderr
2024-03-14T20:48:44.168+0000 7fc5e559a700 1 -- 172.21.15.8:0/2013352245 <== mon.0 v2:172.21.15.8:3300/0 3 ==== mon_map magic: 0 v1 ==== 205+0+0 (secure 0 0 0) 0x7fc5d80118e0 con 0x7fc5e8106ce0
2024-03-14T20:48:45.767 INFO:teuthology.orchestra.run.smithi008.stdout:/usr/bin/ceph: stderr
