2024-03-14T20:48:15.090+0000 7fbddcf32700 1 -- 172.21.15.8:0/1029977640 <== mon.0 v2:172.21.15.8:3300/0 2 ==== config(25 keys) v1 ==== 1036+0+0 (secure 0 0 0) 0x7fbdd40042c0 con 0x7fbdd8104b50
2024-03-14T20:48:18.386 INFO:teuthology.orchestra.run.smithi008.stdout:/usr/bin/ceph: stderr
2024-03-14T20:48:15.090+0000 7fbddcf32700 1 -- 172.21.15.8:0/1029977640 <== mon.0 v2:172.21.15.8:3300/0 3 ==== mon_map magic: 0 v1 ==== 205+0+0 (secure 0 0 0) 0x7fbdd4011940 con 0x7fbdd8104b50
2024-03-14T20:48:18.386 INFO:teuthology.orchestra.run.smithi008.stdout:/usr/bin/ceph: stderr
2024-03-14T20:48:15.091+0000 7fbde0198700 1 -- 172.21.15.8:0/1029977640 >> [v2:172.21.15.8:3300/0,v1:172.21.15.8:6789/0] conn(0x7fbdd8104b50 msgr2=0x7fbdd8104f70 secure :-1 s=STATE_CONNECTION_ESTABLISHED l=1).mark_down
2024-03-14T20:48:18.386 INFO:teuthology.orchestra.run.smithi008.stdout:/usr/bin/ceph: stderr
2024-03-14T20:48:15.091+0000 7fbde0198700 1 --2- 172.21.15.8:0/1029977640 >> [v2:172.21.15.8:3300/0,v1:172.21.15.8:6789/0] conn(0x7fbdd8104b50 0x7fbdd8104f70 secure :-1 s=READY pgs=18 cs=0 l=1 rev1=1 crypto rx=0x7fbdd40098a0 tx=0x7fbdd4009bb0 comp rx=0 tx=0).stop
2024-03-14T20:48:18.386 INFO:teuthology.orchestra.run.smithi008.stdout:/usr/bin/ceph: stderr
2024-03-14T20:48:15.091+0000 7fbde0198700 1 -- 172.21.15.8:0/1029977640 shutdown_connections
2024-03-14T20:48:18.386 INFO:teuthology.orchestra.run.smithi008.stdout:/usr/bin/ceph: stderr
2024-03-14T20:48:15.091+0000 7fbde0198700 1 --2- 172.21.15.8:0/1029977640 >> [v2:172.21.15.8:3300/0,v1:172.21.15.8:6789/0] conn(0x7fbdd8104b50 0x7fbdd8104f70 unknown :-1 s=CLOSED pgs=18 cs=0 l=1 rev1=1 crypto rx=0 tx=0 comp rx=0 tx=0).stop
2024-03-14T20:48:18.386 INFO:teuthology.orchestra.run.smithi008.stdout:/usr/bin/ceph: stderr
2024-03-14T20:48:15.091+0000 7fbde0198700 1 -- 172.21.15.8:0/1029977640 >> 172.21.15.8:0/1029977640 conn(0x7fbdd81006d0 msgr2=0x7fbdd8102b50 unknown :-1 s=STATE_NONE l=0).mark_down
2024-03-14T20:48:18.386 INFO:teuthology.orchestra.run.smithi008.stdout:/usr/bin/ceph: stderr
2024-03-14T20:48:15.091+0000 7fbde0198700 1 -- 172.21.15.8:0/1029977640 shutdown_connections
2024-03-14T20:48:18.386 INFO:teuthology.orchestra.run.smithi008.stdout:/usr/bin/ceph: stderr
2024-03-14T20:48:15.091+0000 7fbde0198700 1 -- 172.21.15.8:0/1029977640 wait complete.
2024-03-14T20:48:18.386 INFO:teuthology.orchestra.run.smithi008.stdout:/usr/bin/ceph: stderr
2024-03-14T20:48:15.092+0000 7fbde0198700 1 Processor -- start
2024-03-14T20:48:18.387 INFO:teuthology.orchestra.run.smithi008.stdout:/usr/bin/ceph: stderr
2024-03-14T20:48:15.092+0000 7fbde0198700 1 -- start start
2024-03-14T20:48:18.387 INFO:teuthology.orchestra.run.smithi008.stdout:/usr/bin/ceph: stderr
2024-03-14T20:48:15.092+0000 7fbde0198700 1 --2- >> [v2:172.21.15.8:3300/0,v1:172.21.15.8:6789/0] conn(0x7fbdd8104b50 0x7fbdd819c170 unknown :-1 s=NONE pgs=0 cs=0 l=1 rev1=0 crypto rx=0 tx=0 comp rx=0 tx=0).connect
2024-03-14T20:48:18.387 INFO:teuthology.orchestra.run.smithi008.stdout:/usr/bin/ceph: stderr
2024-03-14T20:48:15.092+0000 7fbde0198700 1 -- --> [v2:172.21.15.8:3300/0,v1:172.21.15.8:6789/0] -- mon_getmap magic: 0 v1 -- 0x7fbdd819c6b0 con 0x7fbdd8104b50
2024-03-14T20:48:18.387 INFO:teuthology.orchestra.run.smithi008.stdout:/usr/bin/ceph: stderr
2024-03-14T20:48:15.092+0000 7fbdddf34700 1 --2- >> [v2:172.21.15.8:3300/0,v1:172.21.15.8:6789/0] conn(0x7fbdd8104b50 0x7fbdd819c170 unknown :-1 s=BANNER_CONNECTING pgs=0 cs=0 l=1 rev1=0 crypto rx=0 tx=0 comp rx=0 tx=0)._handle_peer_banner_payload supported=3 required=0
2024-03-14T20:48:18.387 INFO:teuthology.orchestra.run.smithi008.stdout:/usr/bin/ceph: stderr
2024-03-14T20:48:15.092+0000 7fbdddf34700 1 --2- >> [v2:172.21.15.8:3300/0,v1:172.21.15.8:6789/0] conn(0x7fbdd8104b50 0x7fbdd819c170 unknown :-1 s=HELLO_CONNECTING pgs=0 cs=0 l=1 rev1=1 crypto rx=0 tx=0 comp rx=0 tx=0).handle_hello peer v2:172.21.15.8:3300/0 says I am v2:172.21.15.8:53836/0 (socket says 172.21.15.8:53836)
2024-03-14T20:48:18.387 INFO:teuthology.orchestra.run.smithi008.stdout:/usr/bin/ceph: stderr
2024-03-14T20:48:15.092+0000 7fbdddf34700 1 -- 172.21.15.8:0/1704181370 learned_addr learned my addr 172.21.15.8:0/1704181370 (peer_addr_for_me v2:172.21.15.8:0/0)
2024-03-14T20:48:18.387 INFO:teuthology.orchestra.run.smithi008.stdout:/usr/bin/ceph: stderr
2024-03-14T20:48:15.093+0000 7fbdddf34700 1 -- 172.21.15.8:0/1704181370 --> [v2:172.21.15.8:3300/0,v1:172.21.15.8:6789/0] -- mon_subscribe({config=0+,monmap=0+}) v3 -- 0x7fbdd4009550 con 0x7fbdd8104b50
2024-03-14T20:48:18.387 INFO:teuthology.orchestra.run.smithi008.stdout:/usr/bin/ceph: stderr
2024-03-14T20:48:15.093+0000 7fbdddf34700 1 --2- 172.21.15.8:0/1704181370 >> [v2:172.21.15.8:3300/0,v1:172.21.15.8:6789/0] conn(0x7fbdd8104b50 0x7fbdd819c170 secure :-1 s=READY pgs=19 cs=0 l=1 rev1=1 crypto rx=0x7fbdd4011de0 tx=0x7fbdd4011ec0 comp rx=0 tx=0).ready entity=mon.0 client_cookie=0 server_cookie=0 in_seq=0 out_seq=0
2024-03-14T20:48:18.387 INFO:teuthology.orchestra.run.smithi008.stdout:/usr/bin/ceph: stderr
2024-03-14T20:48:15.093+0000 7fbdceffd700 1 -- 172.21.15.8:0/1704181370 <== mon.0 v2:172.21.15.8:3300/0 1 ==== mon_map magic: 0 v1 ==== 205+0+0 (secure 0 0 0) 0x7fbdd40037d0 con 0x7fbdd8104b50
2024-03-14T20:48:18.387 INFO:teuthology.orchestra.run.smithi008.stdout:/usr/bin/ceph: stderr
2024-03-14T20:48:15.093+0000 7fbdceffd700 1 -- 172.21.15.8:0/1704181370 <== mon.0 v2:172.21.15.8:3300/0 2 ==== config(25 keys) v1 ==== 1036+0+0 (secure 0 0 0) 0x7fbdd401b440 con 0x7fbdd8104b50
2024-03-14T20:48:18.387 INFO:teuthology.orchestra.run.smithi008.stdout:/usr/bin/ceph: stderr
2024-03-14T20:48:15.093+0000 7fbdceffd700 1 -- 172.21.15.8:0/1704181370 <== mon.0 v2:172.21.15.8:3300/0 3 ==== mon_map magic: 0 v1 ==== 205+0+0 (secure 0 0 0) 0x7fbdd4023400 con 0x7fbdd8104b50
2024-03-14T20:48:18.387 INFO:teuthology.orchestra.run.smithi008.stdout:/usr/bin/ceph: stderr
2024-03-14T20:48:15.093+0000 7fbde0198700 1 -- 172.21.15.8:0/1704181370 --> [v2:172.21.15.8:3300/0,v1:172.21.15.8:6789/0] -- mon_subscribe({mgrmap=0+}) v3 -- 0x7fbdd819c8b0 con 0x7fbdd8104b50
2024-03-14T20:48:18.387 INFO:teuthology.orchestra.run.smithi008.stdout:/usr/bin/ceph: stderr
2024-03-14T20:48:15.093+0000 7fbde0198700 1 -- 172.21.15.8:0/1704181370 --> [v2:172.21.15.8:3300/0,v1:172.21.15.8:6789/0] -- mon_subscribe({osdmap=0}) v3 -- 0x7fbdd819cd50 con 0x7fbdd8104b50
2024-03-14T20:48:18.387 INFO:teuthology.orchestra.run.smithi008.stdout:/usr/bin/ceph: stderr
2024-03-14T20:48:15.094+0000 7fbdceffd700 1 -- 172.21.15.8:0/1704181370 <== mon.0 v2:172.21.15.8:3300/0 4 ==== mgrmap(e 3) v1 ==== 45257+0+0 (secure 0 0 0) 0x7fbdd4023630 con 0x7fbdd8104b50
2024-03-14T20:48:18.388 INFO:teuthology.orchestra.run.smithi008.stdout:/usr/bin/ceph: stderr
2024-03-14T20:48:15.094+0000 7fbdceffd700 1 --2- 172.21.15.8:0/1704181370 >> [v2:172.21.15.8:6800/4216162118,v1:172.21.15.8:6801/4216162118] conn(0x7fbdc40383a0 0x7fbdc403a860 unknown :-1 s=NONE pgs=0 cs=0 l=1 rev1=0 crypto rx=0 tx=0 comp rx=0 tx=0).connect
2024-03-14T20:48:18.388 INFO:teuthology.orchestra.run.smithi008.stdout:/usr/bin/ceph: stderr
2024-03-14T20:48:15.094+0000 7fbde0198700 1 -- 172.21.15.8:0/1704181370 --> [v2:172.21.15.8:3300/0,v1:172.21.15.8:6789/0] -- mon_command({"prefix": "get_command_descriptions"} v 0) v1 -- 0x7fbdd8195dd0 con 0x7fbdd8104b50
2024-03-14T20:48:18.388 INFO:teuthology.orchestra.run.smithi008.stdout:/usr/bin/ceph: stderr
2024-03-14T20:48:15.094+0000 7fbdceffd700 1 -- 172.21.15.8:0/1704181370 <== mon.0 v2:172.21.15.8:3300/0 5 ==== osd_map(1..1 src has 1..1) v4 ==== 725+0+0 (secure 0 0 0) 0x7fbdd404c120 con 0x7fbdd8104b50
2024-03-14T20:48:18.388 INFO:teuthology.orchestra.run.smithi008.stdout:/usr/bin/ceph: stderr
2024-03-14T20:48:15.094+0000 7fbddd733700 1 --2- 172.21.15.8:0/1704181370 >> [v2:172.21.15.8:6800/4216162118,v1:172.21.15.8:6801/4216162118] conn(0x7fbdc40383a0 0x7fbdc403a860 unknown :-1 s=BANNER_CONNECTING pgs=0 cs=0 l=1 rev1=0 crypto rx=0 tx=0 comp rx=0 tx=0)._handle_peer_banner_payload supported=3 required=0
2024-03-14T20:48:18.388 INFO:teuthology.orchestra.run.smithi008.stdout:/usr/bin/ceph: stderr
2024-03-14T20:48:15.095+0000 7fbddd733700 1 --2- 172.21.15.8:0/1704181370 >> [v2:172.21.15.8:6800/4216162118,v1:172.21.15.8:6801/4216162118] conn(0x7fbdc40383a0 0x7fbdc403a860 secure :-1 s=READY pgs=6 cs=0 l=1 rev1=1 crypto rx=0x7fbdc8006fd0 tx=0x7fbdc8006e40 comp rx=0 tx=0).ready entity=mgr.14100 client_cookie=0 server_cookie=0 in_seq=0 out_seq=0
2024-03-14T20:48:18.388 INFO:teuthology.orchestra.run.smithi008.stdout:/usr/bin/ceph: stderr
2024-03-14T20:48:15.100+0000 7fbdceffd700 1 -- 172.21.15.8:0/1704181370 <== mon.0 v2:172.21.15.8:3300/0 6 ==== mon_command_ack([{"prefix": "get_command_descriptions"}]=0 v0) v1 ==== 72+0+182738 (secure 0 0 0) 0x7fbdd40238e0 con 0x7fbdd8104b50
2024-03-14T20:48:18.388 INFO:teuthology.orchestra.run.smithi008.stdout:/usr/bin/ceph: stderr
2024-03-14T20:48:15.424+0000 7fbde0198700 1 -- 172.21.15.8:0/1704181370 --> [v2:172.21.15.8:3300/0,v1:172.21.15.8:6789/0] -- mon_command({"prefix": "status", "format": "json-pretty"} v 0) v1 -- 0x7fbdd802ccb0 con 0x7fbdd8104b50
2024-03-14T20:48:18.388 INFO:teuthology.orchestra.run.smithi008.stdout:/usr/bin/ceph: stderr
2024-03-14T20:48:15.425+0000 7fbdceffd700 1 -- 172.21.15.8:0/1704181370 <== mon.0 v2:172.21.15.8:3300/0 7 ==== mon_command_ack([{"prefix": "status", "format": "json-pretty"}]=0 v0) v1 ==== 79+0+1238 (secure 0 0 0) 0x7fbdd402b350 con 0x7fbdd8104b50
2024-03-14T20:48:18.388 INFO:teuthology.orchestra.run.smithi008.stdout:/usr/bin/ceph: stderr
2024-03-14T20:48:15.427+0000 7fbde0198700 1 -- 172.21.15.8:0/1704181370 >> [v2:172.21.15.8:6800/4216162118,v1:172.21.15.8:6801/4216162118] conn(0x7fbdc40383a0 msgr2=0x7fbdc403a860 secure :-1 s=STATE_CONNECTION_ESTABLISHED l=1).mark_down
2024-03-14T20:48:18.388 INFO:teuthology.orchestra.run.smithi008.stdout:/usr/bin/ceph: stderr
2024-03-14T20:48:15.427+0000 7fbde0198700 1 --2- 172.21.15.8:0/1704181370 >> [v2:172.21.15.8:6800/4216162118,v1:172.21.15.8:6801/4216162118] conn(0x7fbdc40383a0 0x7fbdc403a860 secure :-1 s=READY pgs=6 cs=0 l=1 rev1=1 crypto rx=0x7fbdc8006fd0 tx=0x7fbdc8006e40 comp rx=0 tx=0).stop
2024-03-14T20:48:18.388 INFO:teuthology.orchestra.run.smithi008.stdout:/usr/bin/ceph: stderr
2024-03-14T20:48:15.427+0000 7fbde0198700 1 -- 172.21.15.8:0/1704181370 >> [v2:172.21.15.8:3300/0,v1:172.21.15.8:6789/0] conn(0x7fbdd8104b50 msgr2=0x7fbdd819c170 secure :-1 s=STATE_CONNECTION_ESTABLISHED l=1).mark_down
2024-03-14T20:48:18.389 INFO:teuthology.orchestra.run.smithi008.stdout:/usr/bin/ceph: stderr
2024-03-14T20:48:15.427+0000 7fbde0198700 1 --2- 172.21.15.8:0/1704181370 >> [v2:172.21.15.8:3300/0,v1:172.21.15.8:6789/0] conn(0x7fbdd8104b50 0x7fbdd819c170 secure :-1 s=READY pgs=19 cs=0 l=1 rev1=1 crypto rx=0x7fbdd4011de0 tx=0x7fbdd4011ec0 comp rx=0 tx=0).stop
2024-03-14T20:48:18.389 INFO:teuthology.orchestra.run.smithi008.stdout:/usr/bin/ceph: stderr
2024-03-14T20:48:15.427+0000 7fbde0198700 1 -- 172.21.15.8:0/1704181370 shutdown_connections
2024-03-14T20:48:18.389 INFO:teuthology.orchestra.run.smithi008.stdout:/usr/bin/ceph: stderr
2024-03-14T20:48:15.427+0000 7fbde0198700 1 --2- 172.21.15.8:0/1704181370 >> [v2:172.21.15.8:6800/4216162118,v1:172.21.15.8:6801/4216162118] conn(0x7fbdc40383a0 0x7fbdc403a860 unknown :-1 s=CLOSED pgs=6 cs=0 l=1 rev1=1 crypto rx=0 tx=0 comp rx=0 tx=0).stop
2024-03-14T20:48:18.390 INFO:teuthology.orchestra.run.smithi008.stdout:/usr/bin/ceph: stderr
2024-03-14T20:48:15.427+0000 7fbde0198700 1 --2- 172.21.15.8:0/1704181370 >> [v2:172.21.15.8:3300/0,v1:172.21.15.8:6789/0] conn(0x7fbdd8104b50 0x7fbdd819c170 unknown :-1 s=CLOSED pgs=19 cs=0 l=1 rev1=1 crypto rx=0 tx=0 comp rx=0 tx=0).stop
2024-03-14T20:48:18.390 INFO:teuthology.orchestra.run.smithi008.stdout:/usr/bin/ceph: stderr
2024-03-14T20:48:15.427+0000 7fbde0198700 1 -- 172.21.15.8:0/1704181370 >> 172.21.15.8:0/1704181370 conn(0x7fbdd81006d0 msgr2=0x7fbdd8192f10 unknown :-1 s=STATE_NONE l=0).mark_down
2024-03-14T20:48:18.390 INFO:teuthology.orchestra.run.smithi008.stdout:/usr/bin/ceph: stderr
2024-03-14T20:48:15.427+0000 7fbde0198700 1 -- 172.21.15.8:0/1704181370 shutdown_connections
2024-03-14T20:48:18.390 INFO:teuthology.orchestra.run.smithi008.stdout:/usr/bin/ceph: stderr
2024-03-14T20:48:15.427+0000 7fbde0198700 1 -- 172.21.15.8:0/1704181370 wait complete.
2024-03-14T20:48:18.390 INFO:teuthology.orchestra.run.smithi008.stdout:mgr is available
2024-03-14T20:48:20.434 INFO:journalctl@ceph.mon.a.smithi008.stdout:Mar 14 20:48:20 smithi008 ceph-mon[43434]: from='client.? 172.21.15.8:0/4119504386' entity='client.admin' cmd=[{"prefix": "config assimilate-conf"}]: dispatch
2024-03-14T20:48:22.043 INFO:teuthology.orchestra.run.smithi008.stdout:/usr/bin/ceph: stdout
2024-03-14T20:48:22.044 INFO:teuthology.orchestra.run.smithi008.stdout:/usr/bin/ceph: stdout [global]
2024-03-14T20:48:22.044 INFO:teuthology.orchestra.run.smithi008.stdout:/usr/bin/ceph: stdout fsid = 0a659f16-e244-11ee-95c9-87774f69a715
2024-03-14T20:48:22.044 INFO:teuthology.orchestra.run.smithi008.stdout:/usr/bin/ceph: stdout mon_osd_allow_pg_remap = true
2024-03-14T20:48:22.044 INFO:teuthology.orchestra.run.smithi008.stdout:/usr/bin/ceph: stdout mon_osd_allow_primary_affinity = true
2024-03-14T20:48:22.044 INFO:teuthology.orchestra.run.smithi008.stdout:/usr/bin/ceph: stdout mon_warn_on_no_sortbitwise = false
2024-03-14T20:48:22.044 INFO:teuthology.orchestra.run.smithi008.stdout:/usr/bin/ceph: stdout osd_crush_chooseleaf_type = 0
2024-03-14T20:48:22.044 INFO:teuthology.orchestra.run.smithi008.stdout:/usr/bin/ceph: stdout
2024-03-14T20:48:22.044 INFO:teuthology.orchestra.run.smithi008.stdout:/usr/bin/ceph: stdout [mgr]
2024-03-14T20:48:22.044 INFO:teuthology.orchestra.run.smithi008.stdout:/usr/bin/ceph: stdout mgr/telemetry/nag = false
2024-03-14T20:48:22.044 INFO:teuthology.orchestra.run.smithi008.stdout:/usr/bin/ceph: stdout
2024-03-14T20:48:22.044 INFO:teuthology.orchestra.run.smithi008.stdout:/usr/bin/ceph: stdout [osd]
2024-03-14T20:48:22.044 INFO:teuthology.orchestra.run.smithi008.stdout:/usr/bin/ceph: stdout mon_osd_backfillfull_ratio = 0.85
2024-03-14T20:48:22.044 INFO:teuthology.orchestra.run.smithi008.stdout:/usr/bin/ceph: stdout mon_osd_full_ratio = 0.9
2024-03-14T20:48:22.044 INFO:teuthology.orchestra.run.smithi008.stdout:/usr/bin/ceph: stdout mon_osd_nearfull_ratio = 0.8
2024-03-14T20:48:22.044 INFO:teuthology.orchestra.run.smithi008.stdout:/usr/bin/ceph: stdout osd_map_max_advance = 10
2024-03-14T20:48:22.045 INFO:teuthology.orchestra.run.smithi008.stdout:/usr/bin/ceph: stdout osd_sloppy_crc = true
2024-03-14T20:48:22.045 INFO:teuthology.orchestra.run.smithi008.stdout:/usr/bin/ceph: stderr
2024-03-14T20:48:19.816+0000 7f4fba8fc700 1 Processor -- start
2024-03-14T20:48:22.045 INFO:teuthology.orchestra.run.smithi008.stdout:/usr/bin/ceph: stderr
2024-03-14T20:48:19.816+0000 7f4fba8fc700 1 -- start start
2024-03-14T20:48:22.045 INFO:teuthology.orchestra.run.smithi008.stdout:/usr/bin/ceph: stderr
2024-03-14T20:48:19.817+0000 7f4fba8fc700 1 --2- >> [v2:172.21.15.8:3300/0,v1:172.21.15.8:6789/0] conn(0x7f4fb4106230 0x7f4fb4106650 unknown :-1 s=NONE pgs=0 cs=0 l=0 rev1=0 crypto rx=0 tx=0 comp rx=0 tx=0).connect
2024-03-14T20:48:22.045 INFO:teuthology.orchestra.run.smithi008.stdout:/usr/bin/ceph: stderr
2024-03-14T20:48:19.817+0000 7f4fba8fc700 1 -- --> [v2:172.21.15.8:3300/0,v1:172.21.15.8:6789/0] -- mon_getmap magic: 0 v1 -- 0x7f4fb4106c20 con 0x7f4fb4106230
2024-03-14T20:48:22.045 INFO:teuthology.orchestra.run.smithi008.stdout:/usr/bin/ceph: stderr
2024-03-14T20:48:19.817+0000 7f4fb3fff700 1 --2- >> [v2:172.21.15.8:3300/0,v1:172.21.15.8:6789/0] conn(0x7f4fb4106230 0x7f4fb4106650 unknown :-1 s=BANNER_CONNECTING pgs=0 cs=0 l=0 rev1=0 crypto rx=0 tx=0 comp rx=0 tx=0)._handle_peer_banner_payload supported=3 required=0
2024-03-14T20:48:22.045 INFO:teuthology.orchestra.run.smithi008.stdout:/usr/bin/ceph: stderr
2024-03-14T20:48:19.817+0000 7f4fb3fff700 1 --2- >> [v2:172.21.15.8:3300/0,v1:172.21.15.8:6789/0] conn(0x7f4fb4106230 0x7f4fb4106650 unknown :-1 s=HELLO_CONNECTING pgs=0 cs=0 l=0 rev1=1 crypto rx=0 tx=0 comp rx=0 tx=0).handle_hello peer v2:172.21.15.8:3300/0 says I am v2:172.21.15.8:53838/0 (socket says 172.21.15.8:53838)
2024-03-14T20:48:22.045 INFO:teuthology.orchestra.run.smithi008.stdout:/usr/bin/ceph: stderr
2024-03-14T20:48:19.817+0000 7f4fb3fff700 1 -- 172.21.15.8:0/611590133 learned_addr learned my addr 172.21.15.8:0/611590133 (peer_addr_for_me v2:172.21.15.8:0/0)
2024-03-14T20:48:22.045 INFO:teuthology.orchestra.run.smithi008.stdout:/usr/bin/ceph: stderr
2024-03-14T20:48:19.817+0000 7f4fb3fff700 1 -- 172.21.15.8:0/611590133 --> [v2:172.21.15.8:3300/0,v1:172.21.15.8:6789/0] -- mon_subscribe({config=0+,monmap=0+}) v3 -- 0x7f4fb4107430 con 0x7f4fb4106230
2024-03-14T20:48:22.045 INFO:teuthology.orchestra.run.smithi008.stdout:/usr/bin/ceph: stderr
2024-03-14T20:48:19.817+0000 7f4fb3fff700 1 --2- 172.21.15.8:0/611590133 >> [v2:172.21.15.8:3300/0,v1:172.21.15.8:6789/0] conn(0x7f4fb4106230 0x7f4fb4106650 secure :-1 s=READY pgs=20 cs=0 l=1 rev1=1 crypto rx=0x7f4fa40098a0 tx=0x7f4fa4009bb0 comp rx=0 tx=0).ready entity=mon.0 client_cookie=9b51645d8be54663 server_cookie=0 in_seq=0 out_seq=0
2024-03-14T20:48:22.045 INFO:teuthology.orchestra.run.smithi008.stdout:/usr/bin/ceph: stderr
2024-03-14T20:48:19.817+0000 7f4fb2ffd700 1 -- 172.21.15.8:0/611590133 <== mon.0 v2:172.21.15.8:3300/0 1 ==== mon_map magic: 0 v1 ==== 205+0+0 (secure 0 0 0) 0x7f4fa4004160 con 0x7f4fb4106230
2024-03-14T20:48:22.045 INFO:teuthology.orchestra.run.smithi008.stdout:/usr/bin/ceph: stderr
2024-03-14T20:48:19.817+0000 7f4fb2ffd700 1 -- 172.21.15.8:0/611590133 <== mon.0 v2:172.21.15.8:3300/0 2 ==== config(25 keys) v1 ==== 1036+0+0 (secure 0 0 0) 0x7f4fa40042c0 con 0x7f4fb4106230
2024-03-14T20:48:22.045 INFO:teuthology.orchestra.run.smithi008.stdout:/usr/bin/ceph: stderr
2024-03-14T20:48:19.817+0000 7f4fb2ffd700 1 -- 172.21.15.8:0/611590133 <== mon.0 v2:172.21.15.8:3300/0 3 ==== mon_map magic: 0 v1 ==== 205+0+0 (secure 0 0 0) 0x7f4fa4011940 con 0x7f4fb4106230
2024-03-14T20:48:22.046 INFO:teuthology.orchestra.run.smithi008.stdout:/usr/bin/ceph: stderr
2024-03-14T20:48:19.818+0000 7f4fba8fc700 1 -- 172.21.15.8:0/611590133 >> [v2:172.21.15.8:3300/0,v1:172.21.15.8:6789/0] conn(0x7f4fb4106230 msgr2=0x7f4fb4106650 secure :-1 s=STATE_CONNECTION_ESTABLISHED l=1).mark_down
2024-03-14T20:48:22.046 INFO:teuthology.orchestra.run.smithi008.stdout:/usr/bin/ceph: stderr
2024-03-14T20:48:19.818+0000 7f4fba8fc700 1 --2- 172.21.15.8:0/611590133 >> [v2:172.21.15.8:3300/0,v1:172.21.15.8:6789/0] conn(0x7f4fb4106230 0x7f4fb4106650 secure :-1 s=READY pgs=20 cs=0 l=1 rev1=1 crypto rx=0x7f4fa40098a0 tx=0x7f4fa4009bb0 comp rx=0 tx=0).stop
2024-03-14T20:48:22.046 INFO:teuthology.orchestra.run.smithi008.stdout:/usr/bin/ceph: stderr
2024-03-14T20:48:19.818+0000 7f4fba8fc700 1 -- 172.21.15.8:0/611590133 shutdown_connections
2024-03-14T20:48:22.046 INFO:teuthology.orchestra.run.smithi008.stdout:/usr/bin/ceph: stderr
2024-03-14T20:48:19.818+0000 7f4fba8fc700 1 --2- 172.21.15.8:0/611590133 >> [v2:172.21.15.8:3300/0,v1:172.21.15.8:6789/0] conn(0x7f4fb4106230 0x7f4fb4106650 unknown :-1 s=CLOSED pgs=20 cs=0 l=1 rev1=1 crypto rx=0 tx=0 comp rx=0 tx=0).stop
2024-03-14T20:48:22.046 INFO:teuthology.orchestra.run.smithi008.stdout:/usr/bin/ceph: stderr
2024-03-14T20:48:19.818+0000 7f4fba8fc700 1 -- 172.21.15.8:0/611590133 >> 172.21.15.8:0/611590133 conn(0x7f4fb41017d0 msgr2=0x7f4fb4103c10 unknown :-1 s=STATE_NONE l=0).mark_down
2024-03-14T20:48:22.046 INFO:teuthology.orchestra.run.smithi008.stdout:/usr/bin/ceph: stderr
2024-03-14T20:48:19.818+0000 7f4fba8fc700 1 -- 172.21.15.8:0/611590133 shutdown_connections
2024-03-14T20:48:22.046 INFO:teuthology.orchestra.run.smithi008.stdout:/usr/bin/ceph: stderr
2024-03-14T20:48:19.818+0000 7f4fba8fc700 1 -- 172.21.15.8:0/611590133 wait complete.
2024-03-14T20:48:22.046 INFO:teuthology.orchestra.run.smithi008.stdout:/usr/bin/ceph: stderr
2024-03-14T20:48:19.819+0000 7f4fba8fc700 1 Processor -- start
2024-03-14T20:48:22.046 INFO:teuthology.orchestra.run.smithi008.stdout:/usr/bin/ceph: stderr
2024-03-14T20:48:19.819+0000 7f4fba8fc700 1 -- start start
2024-03-14T20:48:22.046 INFO:teuthology.orchestra.run.smithi008.stdout:/usr/bin/ceph: stderr
2024-03-14T20:48:19.819+0000 7f4fba8fc700 1 --2- >> [v2:172.21.15.8:3300/0,v1:172.21.15.8:6789/0] conn(0x7f4fb4106230 0x7f4fb4199f10 unknown :-1 s=NONE pgs=0 cs=0 l=1 rev1=0 crypto rx=0 tx=0 comp rx=0 tx=0).connect
2024-03-14T20:48:22.046 INFO:teuthology.orchestra.run.smithi008.stdout:/usr/bin/ceph: stderr
2024-03-14T20:48:19.819+0000 7f4fba8fc700 1 -- --> [v2:172.21.15.8:3300/0,v1:172.21.15.8:6789/0] -- mon_getmap magic: 0 v1 -- 0x7f4fb419a450 con 0x7f4fb4106230
2024-03-14T20:48:22.046 INFO:teuthology.orchestra.run.smithi008.stdout:/usr/bin/ceph: stderr
2024-03-14T20:48:19.819+0000 7f4fb3fff700 1 --2- >> [v2:172.21.15.8:3300/0,v1:172.21.15.8:6789/0] conn(0x7f4fb4106230 0x7f4fb4199f10 unknown :-1 s=BANNER_CONNECTING pgs=0 cs=0 l=1 rev1=0 crypto rx=0 tx=0 comp rx=0 tx=0)._handle_peer_banner_payload supported=3 required=0
2024-03-14T20:48:22.046 INFO:teuthology.orchestra.run.smithi008.stdout:/usr/bin/ceph: stderr
2024-03-14T20:48:19.819+0000 7f4fb3fff700 1 --2- >> [v2:172.21.15.8:3300/0,v1:172.21.15.8:6789/0] conn(0x7f4fb4106230 0x7f4fb4199f10 unknown :-1 s=HELLO_CONNECTING pgs=0 cs=0 l=1 rev1=1 crypto rx=0 tx=0 comp rx=0 tx=0).handle_hello peer v2:172.21.15.8:3300/0 says I am v2:172.21.15.8:53840/0 (socket says 172.21.15.8:53840)
2024-03-14T20:48:22.046 INFO:teuthology.orchestra.run.smithi008.stdout:/usr/bin/ceph: stderr
2024-03-14T20:48:19.819+0000 7f4fb3fff700 1 -- 172.21.15.8:0/4119504386 learned_addr learned my addr 172.21.15.8:0/4119504386 (peer_addr_for_me v2:172.21.15.8:0/0)
2024-03-14T20:48:22.047 INFO:teuthology.orchestra.run.smithi008.stdout:/usr/bin/ceph: stderr
2024-03-14T20:48:19.820+0000 7f4fb3fff700 1 -- 172.21.15.8:0/4119504386 --> [v2:172.21.15.8:3300/0,v1:172.21.15.8:6789/0] -- mon_subscribe({config=0+,monmap=0+}) v3 -- 0x7f4fa4009550 con 0x7f4fb4106230
2024-03-14T20:48:22.047 INFO:teuthology.orchestra.run.smithi008.stdout:/usr/bin/ceph: stderr
2024-03-14T20:48:19.820+0000 7f4fb3fff700 1 --2- 172.21.15.8:0/4119504386 >> [v2:172.21.15.8:3300/0,v1:172.21.15.8:6789/0] conn(0x7f4fb4106230 0x7f4fb4199f10 secure :-1 s=READY pgs=21 cs=0 l=1 rev1=1 crypto rx=0x7f4fa4006af0 tx=0x7f4fa4011a50 comp rx=0 tx=0).ready entity=mon.0 client_cookie=0 server_cookie=0 in_seq=0 out_seq=0
2024-03-14T20:48:22.047 INFO:teuthology.orchestra.run.smithi008.stdout:/usr/bin/ceph: stderr
2024-03-14T20:48:19.820+0000 7f4fb17fa700 1 -- 172.21.15.8:0/4119504386 <== mon.0 v2:172.21.15.8:3300/0 1 ==== mon_map magic: 0 v1 ==== 205+0+0 (secure 0 0 0) 0x7f4fa4003bf0 con 0x7f4fb4106230
2024-03-14T20:48:22.047 INFO:teuthology.orchestra.run.smithi008.stdout:/usr/bin/ceph: stderr
2024-03-14T20:48:19.820+0000 7f4fb17fa700 1 -- 172.21.15.8:0/4119504386 <== mon.0 v2:172.21.15.8:3300/0 2 ==== config(25 keys) v1 ==== 1036+0+0 (secure 0 0 0) 0x7f4fa401b8b0 con 0x7f4fb4106230
2024-03-14T20:48:22.047 INFO:teuthology.orchestra.run.smithi008.stdout:/usr/bin/ceph: stderr
2024-03-14T20:48:19.820+0000 7f4fba8fc700 1 -- 172.21.15.8:0/4119504386 --> [v2:172.21.15.8:3300/0,v1:172.21.15.8:6789/0] -- mon_subscribe({mgrmap=0+}) v3 -- 0x7f4fb419a650 con 0x7f4fb4106230
2024-03-14T20:48:22.047 INFO:teuthology.orchestra.run.smithi008.stdout:/usr/bin/ceph: stderr
2024-03-14T20:48:19.820+0000 7f4fb17fa700 1 -- 172.21.15.8:0/4119504386 <== mon.0 v2:172.21.15.8:3300/0 3 ==== mon_map magic: 0 v1 ==== 205+0+0 (secure 0 0 0) 0x7f4fa4023830 con 0x7f4fb4106230
2024-03-14T20:48:22.047 INFO:teuthology.orchestra.run.smithi008.stdout:/usr/bin/ceph: stderr
2024-03-14T20:48:19.820+0000 7f4fba8fc700 1 -- 172.21.15.8:0/4119504386 --> [v2:172.21.15.8:3300/0,v1:172.21.15.8:6789/0] -- mon_subscribe({osdmap=0}) v3 -- 0x7f4fb419aaf0 con 0x7f4fb4106230
2024-03-14T20:48:22.047 INFO:teuthology.orchestra.run.smithi008.stdout:/usr/bin/ceph: stderr
2024-03-14T20:48:19.821+0000 7f4fba8fc700 1 -- 172.21.15.8:0/4119504386 --> [v2:172.21.15.8:3300/0,v1:172.21.15.8:6789/0] -- mon_command({"prefix": "get_command_descriptions"} v 0) v1 -- 0x7f4fb410a660 con 0x7f4fb4106230
2024-03-14T20:48:22.047 INFO:teuthology.orchestra.run.smithi008.stdout:/usr/bin/ceph: stderr
2024-03-14T20:48:19.821+0000 7f4fb17fa700 1 -- 172.21.15.8:0/4119504386 <== mon.0 v2:172.21.15.8:3300/0 4 ==== mgrmap(e 4) v1 ==== 45363+0+0 (secure 0 0 0) 0x7f4fa401ba20 con 0x7f4fb4106230
2024-03-14T20:48:22.047 INFO:teuthology.orchestra.run.smithi008.stdout:/usr/bin/ceph: stderr
2024-03-14T20:48:19.821+0000 7f4fb17fa700 1 --2- 172.21.15.8:0/4119504386 >> [v2:172.21.15.8:6800/4216162118,v1:172.21.15.8:6801/4216162118] conn(0x7f4f9c038480 0x7f4f9c03a940 unknown :-1 s=NONE pgs=0 cs=0 l=1 rev1=0 crypto rx=0 tx=0 comp rx=0 tx=0).connect
2024-03-14T20:48:22.047 INFO:teuthology.orchestra.run.smithi008.stdout:/usr/bin/ceph: stderr
2024-03-14T20:48:19.821+0000 7f4fb17fa700 1 -- 172.21.15.8:0/4119504386 <== mon.0 v2:172.21.15.8:3300/0 5 ==== osd_map(1..1 src has 1..1) v4 ==== 725+0+0 (secure 0 0 0) 0x7f4fa404c7f0 con 0x7f4fb4106230
2024-03-14T20:48:22.047 INFO:teuthology.orchestra.run.smithi008.stdout:/usr/bin/ceph: stderr
2024-03-14T20:48:19.822+0000 7f4fb37fe700 1 --2- 172.21.15.8:0/4119504386 >> [v2:172.21.15.8:6800/4216162118,v1:172.21.15.8:6801/4216162118] conn(0x7f4f9c038480 0x7f4f9c03a940 unknown :-1 s=BANNER_CONNECTING pgs=0 cs=0 l=1 rev1=0 crypto rx=0 tx=0 comp rx=0 tx=0)._handle_peer_banner_payload supported=3 required=0
2024-03-14T20:48:22.047 INFO:teuthology.orchestra.run.smithi008.stdout:/usr/bin/ceph: stderr
2024-03-14T20:48:19.822+0000 7f4fb37fe700 1 --2- 172.21.15.8:0/4119504386 >> [v2:172.21.15.8:6800/4216162118,v1:172.21.15.8:6801/4216162118] conn(0x7f4f9c038480 0x7f4f9c03a940 secure :-1 s=READY pgs=7 cs=0 l=1 rev1=1 crypto rx=0x7f4fa8006fd0 tx=0x7f4fa8006e40 comp rx=0 tx=0).ready entity=mgr.14100 client_cookie=0 server_cookie=0 in_seq=0 out_seq=0
2024-03-14T20:48:22.047 INFO:teuthology.orchestra.run.smithi008.stdout:/usr/bin/ceph: stderr
2024-03-14T20:48:19.826+0000 7f4fb17fa700 1 -- 172.21.15.8:0/4119504386 <== mon.0 v2:172.21.15.8:3300/0 6 ==== mon_command_ack([{"prefix": "get_command_descriptions"}]=0 v0) v1 ==== 72+0+182738 (secure 0 0 0) 0x7f4fa402b530 con 0x7f4fb4106230
2024-03-14T20:48:22.048 INFO:teuthology.orchestra.run.smithi008.stdout:/usr/bin/ceph: stderr
2024-03-14T20:48:20.035+0000 7f4fba8fc700 1 -- 172.21.15.8:0/4119504386 --> [v2:172.21.15.8:3300/0,v1:172.21.15.8:6789/0] -- mon_command({"prefix": "config assimilate-conf"} v 0) v1 -- 0x7f4fb419d7a0 con 0x7f4fb4106230
2024-03-14T20:48:22.048 INFO:teuthology.orchestra.run.smithi008.stdout:/usr/bin/ceph: stderr
2024-03-14T20:48:20.036+0000 7f4fb17fa700 1 -- 172.21.15.8:0/4119504386 <== mon.0 v2:172.21.15.8:3300/0 7 ==== mon_command_ack([{"prefix": "config assimilate-conf"}]=0 v3) v1 ==== 70+0+373 (secure 0 0 0) 0x7f4fa402b350 con 0x7f4fb4106230
2024-03-14T20:48:22.048 INFO:teuthology.orchestra.run.smithi008.stdout:/usr/bin/ceph: stderr
2024-03-14T20:48:20.038+0000 7f4fba8fc700 1 -- 172.21.15.8:0/4119504386 >> [v2:172.21.15.8:6800/4216162118,v1:172.21.15.8:6801/4216162118] conn(0x7f4f9c038480 msgr2=0x7f4f9c03a940 secure :-1 s=STATE_CONNECTION_ESTABLISHED l=1).mark_down
2024-03-14T20:48:22.048 INFO:teuthology.orchestra.run.smithi008.stdout:/usr/bin/ceph: stderr
2024-03-14T20:48:20.038+0000 7f4fba8fc700 1 --2- 172.21.15.8:0/4119504386 >> [v2:172.21.15.8:6800/4216162118,v1:172.21.15.8:6801/4216162118] conn(0x7f4f9c038480 0x7f4f9c03a940 secure :-1 s=READY pgs=7 cs=0 l=1 rev1=1 crypto rx=0x7f4fa8006fd0 tx=0x7f4fa8006e40 comp rx=0 tx=0).stop
2024-03-14T20:48:22.048 INFO:teuthology.orchestra.run.smithi008.stdout:/usr/bin/ceph: stderr
2024-03-14T20:48:20.038+0000 7f4fba8fc700 1 -- 172.21.15.8:0/4119504386 >> [v2:172.21.15.8:3300/0,v1:172.21.15.8:6789/0] conn(0x7f4fb4106230 msgr2=0x7f4fb4199f10 secure :-1 s=STATE_CONNECTION_ESTABLISHED l=1).mark_down
2024-03-14T20:48:22.048 INFO:teuthology.orchestra.run.smithi008.stdout:/usr/bin/ceph: stderr
2024-03-14T20:48:20.038+0000 7f4fba8fc700 1 --2- 172.21.15.8:0/4119504386 >> [v2:172.21.15.8:3300/0,v1:172.21.15.8:6789/0] conn(0x7f4fb4106230 0x7f4fb4199f10 secure :-1 s=READY pgs=21 cs=0 l=1 rev1=1 crypto rx=0x7f4fa4006af0 tx=0x7f4fa4011a50 comp rx=0 tx=0).stop
2024-03-14T20:48:22.048 INFO:teuthology.orchestra.run.smithi008.stdout:/usr/bin/ceph: stderr
2024-03-14T20:48:20.038+0000 7f4fba8fc700 1 -- 172.21.15.8:0/4119504386 shutdown_connections
2024-03-14T20:48:22.048 INFO:teuthology.orchestra.run.smithi008.stdout:/usr/bin/ceph: stderr
2024-03-14T20:48:20.038+0000 7f4fba8fc700 1 --2- 172.21.15.8:0/4119504386 >> [v2:172.21.15.8:6800/4216162118,v1:172.21.15.8:6801/4216162118] conn(0x7f4f9c038480 0x7f4f9c03a940 unknown :-1 s=CLOSED pgs=7 cs=0 l=1 rev1=1 crypto rx=0 tx=0 comp rx=0 tx=0).stop
2024-03-14T20:48:22.048 INFO:teuthology.orchestra.run.smithi008.stdout:/usr/bin/ceph: stderr
2024-03-14T20:48:20.038+0000 7f4fba8fc700 1 --2- 172.21.15.8:0/4119504386 >> [v2:172.21.15.8:3300/0,v1:172.21.15.8:6789/0] conn(0x7f4fb4106230 0x7f4fb4199f10 unknown :-1 s=CLOSED pgs=21 cs=0 l=1 rev1=1 crypto rx=0 tx=0 comp rx=0 tx=0).stop
2024-03-14T20:48:22.048 INFO:teuthology.orchestra.run.smithi008.stdout:/usr/bin/ceph: stderr
2024-03-14T20:48:20.038+0000 7f4fba8fc700 1 -- 172.21.15.8:0/4119504386 >> 172.21.15.8:0/4119504386 conn(0x7f4fb41017d0 msgr2=0x7f4fb41023b0 unknown :-1 s=STATE_NONE l=0).mark_down
2024-03-14T20:48:22.048 INFO:teuthology.orchestra.run.smithi008.stdout:/usr/bin/ceph: stderr
2024-03-14T20:48:20.038+0000 7f4fba8fc700 1 -- 172.21.15.8:0/4119504386 shutdown_connections
2024-03-14T20:48:22.048 INFO:teuthology.orchestra.run.smithi008.stdout:/usr/bin/ceph: stderr
2024-03-14T20:48:20.038+0000 7f4fba8fc700 1 -- 172.21.15.8:0/4119504386 wait complete.
2024-03-14T20:48:22.048 INFO:teuthology.orchestra.run.smithi008.stdout:Enabling cephadm module...
2024-03-14T20:48:23.686 INFO:journalctl@ceph.mon.a.smithi008.stdout:Mar 14 20:48:23 smithi008 ceph-mon[43434]: from='client.? 172.21.15.8:0/3808685449' entity='client.admin' cmd=[{"prefix": "mgr module enable", "module": "cephadm"}]: dispatch
2024-03-14T20:48:23.687 INFO:journalctl@ceph.mgr.x.smithi008.stdout:Mar 14 20:48:23 smithi008 ceph-0a659f16-e244-11ee-95c9-87774f69a715-mgr-x[43688]: ignoring --setuser ceph since I am not root
2024-03-14T20:48:23.687 INFO:journalctl@ceph.mgr.x.smithi008.stdout:Mar 14 20:48:23 smithi008 ceph-0a659f16-e244-11ee-95c9-87774f69a715-mgr-x[43688]: ignoring --setgroup ceph since I am not root
2024-03-14T20:48:23.746 INFO:teuthology.orchestra.run.smithi008.stdout:/usr/bin/ceph: stderr
2024-03-14T20:48:23.007+0000 7f1445b6a700 1 Processor -- start
2024-03-14T20:48:23.746 INFO:teuthology.orchestra.run.smithi008.stdout:/usr/bin/ceph: stderr
2024-03-14T20:48:23.007+0000 7f1445b6a700 1 -- start start
2024-03-14T20:48:23.746 INFO:teuthology.orchestra.run.smithi008.stdout:/usr/bin/ceph: stderr
2024-03-14T20:48:23.007+0000 7f1445b6a700 1 --2- >> [v2:172.21.15.8:3300/0,v1:172.21.15.8:6789/0] conn(0x7f1440104520 0x7f1440104940 unknown :-1 s=NONE pgs=0 cs=0 l=0 rev1=0 crypto rx=0 tx=0 comp rx=0 tx=0).connect
2024-03-14T20:48:23.746 INFO:teuthology.orchestra.run.smithi008.stdout:/usr/bin/ceph: stderr
2024-03-14T20:48:23.007+0000 7f1445b6a700 1 -- --> [v2:172.21.15.8:3300/0,v1:172.21.15.8:6789/0] -- mon_getmap magic: 0 v1 -- 0x7f1440104f10 con 0x7f1440104520
2024-03-14T20:48:23.746 INFO:teuthology.orchestra.run.smithi008.stdout:/usr/bin/ceph: stderr
2024-03-14T20:48:23.007+0000 7f143f7fe700 1 --2- >> [v2:172.21.15.8:3300/0,v1:172.21.15.8:6789/0] conn(0x7f1440104520 0x7f1440104940 unknown :-1 s=BANNER_CONNECTING pgs=0 cs=0 l=0 rev1=0 crypto rx=0 tx=0 comp rx=0 tx=0)._handle_peer_banner_payload supported=3 required=0
2024-03-14T20:48:23.746 INFO:teuthology.orchestra.run.smithi008.stdout:/usr/bin/ceph: stderr
2024-03-14T20:48:23.007+0000 7f143f7fe700 1 --2- >> [v2:172.21.15.8:3300/0,v1:172.21.15.8:6789/0] conn(0x7f1440104520 0x7f1440104940 unknown :-1 s=HELLO_CONNECTING pgs=0 cs=0 l=0 rev1=1 crypto rx=0 tx=0 comp rx=0 tx=0).handle_hello peer v2:172.21.15.8:3300/0 says I am v2:172.21.15.8:45160/0 (socket says 172.21.15.8:45160)
2024-03-14T20:48:23.746 INFO:teuthology.orchestra.run.smithi008.stdout:/usr/bin/ceph: stderr
2024-03-14T20:48:23.007+0000 7f143f7fe700 1 -- 172.21.15.8:0/3239722620 learned_addr learned my addr 172.21.15.8:0/3239722620 (peer_addr_for_me v2:172.21.15.8:0/0)
2024-03-14T20:48:23.746 INFO:teuthology.orchestra.run.smithi008.stdout:/usr/bin/ceph: stderr
2024-03-14T20:48:23.008+0000 7f143f7fe700 1 -- 172.21.15.8:0/3239722620 --> [v2:172.21.15.8:3300/0,v1:172.21.15.8:6789/0] -- mon_subscribe({config=0+,monmap=0+}) v3 -- 0x7f14401074b0 con 0x7f1440104520
2024-03-14T20:48:23.746 INFO:teuthology.orchestra.run.smithi008.stdout:/usr/bin/ceph: stderr
2024-03-14T20:48:23.008+0000 7f143f7fe700 1 --2- 172.21.15.8:0/3239722620 >> [v2:172.21.15.8:3300/0,v1:172.21.15.8:6789/0] conn(0x7f1440104520 0x7f1440104940 secure :-1 s=READY pgs=22 cs=0 l=1 rev1=1 crypto rx=0x7f14300098a0 tx=0x7f1430009bb0 comp rx=0 tx=0).ready entity=mon.0 client_cookie=6d2e077e1d251b1 server_cookie=0 in_seq=0 out_seq=0
2024-03-14T20:48:23.746 INFO:teuthology.orchestra.run.smithi008.stdout:/usr/bin/ceph: stderr
2024-03-14T20:48:23.008+0000 7f143e7fc700 1 -- 172.21.15.8:0/3239722620 <== mon.0 v2:172.21.15.8:3300/0 1 ==== mon_map magic: 0 v1 ==== 205+0+0 (secure 0 0 0) 0x7f1430004160 con 0x7f1440104520
2024-03-14T20:48:23.746 INFO:teuthology.orchestra.run.smithi008.stdout:/usr/bin/ceph: stderr
2024-03-14T20:48:23.008+0000 7f143e7fc700 1 -- 172.21.15.8:0/3239722620 <== mon.0 v2:172.21.15.8:3300/0 2 ==== config(25 keys) v1 ==== 1036+0+0 (secure 0 0 0) 0x7f14300042c0 con 0x7f1440104520
2024-03-14T20:48:23.746 INFO:teuthology.orchestra.run.smithi008.stdout:/usr/bin/ceph: stderr
2024-03-14T20:48:23.008+0000 7f143e7fc700 1 -- 172.21.15.8:0/3239722620 <== mon.0 v2:172.21.15.8:3300/0 3 ==== mon_map magic: 0 v1 ==== 205+0+0 (secure 0 0 0) 0x7f1430011940 con 0x7f1440104520
2024-03-14T20:48:23.747 INFO:teuthology.orchestra.run.smithi008.stdout:/usr/bin/ceph: stderr
2024-03-14T20:48:23.009+0000 7f1445b6a700 1 -- 172.21.15.8:0/3239722620 >> [v2:172.21.15.8:3300/0,v1:172.21.15.8:6789/0] conn(0x7f1440104520 msgr2=0x7f1440104940 secure :-1 s=STATE_CONNECTION_ESTABLISHED l=1).mark_down
2024-03-14T20:48:23.747 INFO:teuthology.orchestra.run.smithi008.stdout:/usr/bin/ceph: stderr
2024-03-14T20:48:23.009+0000 7f1445b6a700 1 --2- 172.21.15.8:0/3239722620 >> [v2:172.21.15.8:3300/0,v1:172.21.15.8:6789/0] conn(0x7f1440104520 0x7f1440104940 secure :-1 s=READY pgs=22 cs=0 l=1 rev1=1 crypto rx=0x7f14300098a0 tx=0x7f1430009bb0 comp rx=0 tx=0).stop
2024-03-14T20:48:23.747 INFO:teuthology.orchestra.run.smithi008.stdout:/usr/bin/ceph: stderr
2024-03-14T20:48:23.009+0000 7f1445b6a700 1 -- 172.21.15.8:0/3239722620 shutdown_connections
2024-03-14T20:48:23.747 INFO:teuthology.orchestra.run.smithi008.stdout:/usr/bin/ceph: stderr
2024-03-14T20:48:23.009+0000 7f1445b6a700 1 --2- 172.21.15.8:0/3239722620 >> [v2:172.21.15.8:3300/0,v1:172.21.15.8:6789/0] conn(0x7f1440104520 0x7f1440104940 unknown :-1 s=CLOSED pgs=22 cs=0 l=1 rev1=1 crypto rx=0 tx=0 comp rx=0 tx=0).stop
2024-03-14T20:48:23.747 INFO:teuthology.orchestra.run.smithi008.stdout:/usr/bin/ceph: stderr
2024-03-14T20:48:23.009+0000 7f1445b6a700 1 -- 172.21.15.8:0/3239722620 >> 172.21.15.8:0/3239722620 conn(0x7f14400ffe70 msgr2=0x7f1440102290 unknown :-1 s=STATE_NONE l=0).mark_down
2024-03-14T20:48:23.747 INFO:teuthology.orchestra.run.smithi008.stdout:/usr/bin/ceph: stderr
2024-03-14T20:48:23.009+0000 7f1445b6a700 1 -- 172.21.15.8:0/3239722620 shutdown_connections
2024-03-14T20:48:23.747 INFO:teuthology.orchestra.run.smithi008.stdout:/usr/bin/ceph: stderr
2024-03-14T20:48:23.009+0000 7f1445b6a700 1 -- 172.21.15.8:0/3239722620 wait complete.
2024-03-14T20:48:23.747 INFO:teuthology.orchestra.run.smithi008.stdout:/usr/bin/ceph: stderr
2024-03-14T20:48:23.010+0000 7f1445b6a700 1 Processor -- start
2024-03-14T20:48:23.747 INFO:teuthology.orchestra.run.smithi008.stdout:/usr/bin/ceph: stderr
2024-03-14T20:48:23.010+0000 7f1445b6a700 1 -- start start
2024-03-14T20:48:23.747 INFO:teuthology.orchestra.run.smithi008.stdout:/usr/bin/ceph: stderr
2024-03-14T20:48:23.010+0000 7f1445b6a700 1 --2- >> [v2:172.21.15.8:3300/0,v1:172.21.15.8:6789/0] conn(0x7f1440104520 0x7f1440199f00 unknown :-1 s=NONE pgs=0 cs=0 l=1 rev1=0 crypto rx=0 tx=0 comp rx=0 tx=0).connect
2024-03-14T20:48:23.747 INFO:teuthology.orchestra.run.smithi008.stdout:/usr/bin/ceph: stderr
2024-03-14T20:48:23.010+0000 7f1445b6a700 1 -- --> [v2:172.21.15.8:3300/0,v1:172.21.15.8:6789/0] -- mon_getmap magic: 0 v1 -- 0x7f144019a440 con 0x7f1440104520
2024-03-14T20:48:23.747 INFO:teuthology.orchestra.run.smithi008.stdout:/usr/bin/ceph: stderr
2024-03-14T20:48:23.010+0000 7f143f7fe700 1 --2- >> [v2:172.21.15.8:3300/0,v1:172.21.15.8:6789/0] conn(0x7f1440104520 0x7f1440199f00 unknown :-1 s=BANNER_CONNECTING pgs=0 cs=0 l=1 rev1=0 crypto rx=0 tx=0 comp rx=0 tx=0)._handle_peer_banner_payload supported=3 required=0
2024-03-14T20:48:23.747 INFO:teuthology.orchestra.run.smithi008.stdout:/usr/bin/ceph: stderr
2024-03-14T20:48:23.010+0000 7f143f7fe700 1 --2- >> [v2:172.21.15.8:3300/0,v1:172.21.15.8:6789/0] conn(0x7f1440104520 0x7f1440199f00 unknown :-1 s=HELLO_CONNECTING pgs=0 cs=0 l=1 rev1=1 crypto rx=0 tx=0 comp rx=0 tx=0).handle_hello peer v2:172.21.15.8:3300/0 says I am v2:172.21.15.8:45172/0 (socket says 172.21.15.8:45172)
2024-03-14T20:48:23.748 INFO:teuthology.orchestra.run.smithi008.stdout:/usr/bin/ceph: stderr
2024-03-14T20:48:23.010+0000 7f143f7fe700 1 -- 172.21.15.8:0/3808685449 learned_addr learned my addr 172.21.15.8:0/3808685449 (peer_addr_for_me v2:172.21.15.8:0/0)
2024-03-14T20:48:23.748 INFO:teuthology.orchestra.run.smithi008.stdout:/usr/bin/ceph: stderr
2024-03-14T20:48:23.010+0000 7f143f7fe700 1 -- 172.21.15.8:0/3808685449 --> [v2:172.21.15.8:3300/0,v1:172.21.15.8:6789/0] -- mon_subscribe({config=0+,monmap=0+}) v3 -- 0x7f1430009550 con 0x7f1440104520
2024-03-14T20:48:23.748 INFO:teuthology.orchestra.run.smithi008.stdout:/usr/bin/ceph: stderr
2024-03-14T20:48:23.011+0000 7f143f7fe700 1 --2- 172.21.15.8:0/3808685449 >> [v2:172.21.15.8:3300/0,v1:172.21.15.8:6789/0] conn(0x7f1440104520 0x7f1440199f00 secure :-1 s=READY pgs=23 cs=0 l=1 rev1=1 crypto rx=0x7f1430003f20 tx=0x7f1430011e90 comp rx=0 tx=0).ready entity=mon.0 client_cookie=0 server_cookie=0 in_seq=0 out_seq=0
2024-03-14T20:48:23.748 INFO:teuthology.orchestra.run.smithi008.stdout:/usr/bin/ceph: stderr
2024-03-14T20:48:23.011+0000 7f143cff9700 1 -- 172.21.15.8:0/3808685449 <== mon.0 v2:172.21.15.8:3300/0 1 ==== mon_map magic: 0 v1 ==== 205+0+0 (secure 0 0 0) 0x7f14300036a0 con 0x7f1440104520
2024-03-14T20:48:23.748 INFO:teuthology.orchestra.run.smithi008.stdout:/usr/bin/ceph: stderr
2024-03-14T20:48:23.011+0000 7f143cff9700 1 -- 172.21.15.8:0/3808685449 <== mon.0 v2:172.21.15.8:3300/0 2 ==== config(25 keys) v1 ==== 1036+0+0 (secure 0 0 0) 0x7f143001b440 con 0x7f1440104520
2024-03-14T20:48:23.748 INFO:teuthology.orchestra.run.smithi008.stdout:/usr/bin/ceph: stderr
2024-03-14T20:48:23.011+0000 7f1445b6a700 1 -- 172.21.15.8:0/3808685449 --> [v2:172.21.15.8:3300/0,v1:172.21.15.8:6789/0] -- mon_subscribe({mgrmap=0+}) v3 -- 0x7f144019a640 con 0x7f1440104520
2024-03-14T20:48:23.748 INFO:teuthology.orchestra.run.smithi008.stdout:/usr/bin/ceph: stderr
2024-03-14T20:48:23.011+0000 7f143cff9700 1 -- 172.21.15.8:0/3808685449 <== mon.0 v2:172.21.15.8:3300/0 3 ==== mon_map magic: 0 v1 ==== 205+0+0 (secure 0 0 0) 0x7f1430023400 con 0x7f1440104520
2024-03-14T20:48:23.748 INFO:teuthology.orchestra.run.smithi008.stdout:/usr/bin/ceph: stderr
2024-03-14T20:48:23.011+0000 7f1445b6a700 1 -- 172.21.15.8:0/3808685449 --> [v2:172.21.15.8:3300/0,v1:172.21.15.8:6789/0] -- mon_subscribe({osdmap=0}) v3 -- 0x7f144019aae0 con 0x7f1440104520
2024-03-14T20:48:23.748 INFO:teuthology.orchestra.run.smithi008.stdout:/usr/bin/ceph: stderr
2024-03-14T20:48:23.012+0000 7f143cff9700 1 -- 172.21.15.8:0/3808685449 <== mon.0 v2:172.21.15.8:3300/0 4 ==== mgrmap(e 4) v1 ==== 45363+0+0 (secure 0 0 0) 0x7f1430003800 con 0x7f1440104520
2024-03-14T20:48:23.748 INFO:teuthology.orchestra.run.smithi008.stdout:/usr/bin/ceph: stderr
2024-03-14T20:48:23.012+0000 7f1445b6a700 1 -- 172.21.15.8:0/3808685449 --> [v2:172.21.15.8:3300/0,v1:172.21.15.8:6789/0] -- mon_command({"prefix": "get_command_descriptions"} v 0) v1 -- 0x7f144010a6e0 con 0x7f1440104520
2024-03-14T20:48:23.748 INFO:teuthology.orchestra.run.smithi008.stdout:/usr/bin/ceph: stderr
2024-03-14T20:48:23.012+0000 7f143cff9700 1 --2- 172.21.15.8:0/3808685449 >> [v2:172.21.15.8:6800/4216162118,v1:172.21.15.8:6801/4216162118] conn(0x7f14280384d0 0x7f142803a990 unknown :-1 s=NONE pgs=0 cs=0 l=1 rev1=0 crypto rx=0 tx=0 comp rx=0 tx=0).connect
2024-03-14T20:48:23.748 INFO:teuthology.orchestra.run.smithi008.stdout:/usr/bin/ceph: stderr
2024-03-14T20:48:23.012+0000 7f143cff9700 1 -- 172.21.15.8:0/3808685449 <== mon.0 v2:172.21.15.8:3300/0 5 ==== osd_map(1..1 src has 1..1) v4 ==== 725+0+0 (secure 0 0 0) 0x7f143004c0f0 con 0x7f1440104520
2024-03-14T20:48:23.748 INFO:teuthology.orchestra.run.smithi008.stdout:/usr/bin/ceph: stderr
2024-03-14T20:48:23.012+0000 7f143effd700 1 --2- 172.21.15.8:0/3808685449 >> [v2:172.21.15.8:6800/4216162118,v1:172.21.15.8:6801/4216162118] conn(0x7f14280384d0 0x7f142803a990 unknown :-1 s=BANNER_CONNECTING pgs=0 cs=0 l=1 rev1=0 crypto rx=0 tx=0 comp rx=0 tx=0)._handle_peer_banner_payload supported=3 required=0
2024-03-14T20:48:23.748 INFO:teuthology.orchestra.run.smithi008.stdout:/usr/bin/ceph: stderr
2024-03-14T20:48:23.012+0000 7f143effd700 1 --2- 172.21.15.8:0/3808685449 >> [v2:172.21.15.8:6800/4216162118,v1:172.21.15.8:6801/4216162118] conn(0x7f14280384d0 0x7f142803a990 secure :-1 s=READY pgs=8 cs=0 l=1 rev1=1 crypto rx=0x7f1434006fd0 tx=0x7f1434006e40 comp rx=0 tx=0).ready entity=mgr.14100 client_cookie=0 server_cookie=0 in_seq=0 out_seq=0
2024-03-14T20:48:23.748 INFO:teuthology.orchestra.run.smithi008.stdout:/usr/bin/ceph: stderr
2024-03-14T20:48:23.017+0000 7f143cff9700 1 -- 172.21.15.8:0/3808685449 <== mon.0 v2:172.21.15.8:3300/0 6 ==== mon_command_ack([{"prefix": "get_command_descriptions"}]=0 v0) v1 ==== 72+0+182738 (secure 0 0 0) 0x7f143000b9b0 con 0x7f1440104520
2024-03-14T20:48:23.749 INFO:teuthology.orchestra.run.smithi008.stdout:/usr/bin/ceph: stderr
2024-03-14T20:48:23.293+0000 7f1445b6a700 1 -- 172.21.15.8:0/3808685449 --> [v2:172.21.15.8:3300/0,v1:172.21.15.8:6789/0] -- mon_command({"prefix": "mgr module enable", "module": "cephadm"} v 0) v1 -- 0x7f144019d790 con 0x7f1440104520
2024-03-14T20:48:23.749 INFO:teuthology.orchestra.run.smithi008.stdout:/usr/bin/ceph: stderr
2024-03-14T20:48:23.347+0000 7f143cff9700 1 -- 172.21.15.8:0/3808685449 <== mon.0 v2:172.21.15.8:3300/0 7 ==== mgrmap(e 5) v1 ==== 45374+0+0 (secure 0 0 0) 0x7f1430021d70 con 0x7f1440104520
2024-03-14T20:48:23.749 INFO:teuthology.orchestra.run.smithi008.stdout:/usr/bin/ceph: stderr
2024-03-14T20:48:23.348+0000 7f143cff9700 1 -- 172.21.15.8:0/3808685449 <== mon.0 v2:172.21.15.8:3300/0 8 ==== mon_command_ack([{"prefix": "mgr module enable", "module": "cephadm"}]=0 v5) v1 ==== 86+0+0 (secure 0 0 0) 0x7f143002bc20 con 0x7f1440104520
2024-03-14T20:48:23.749 INFO:teuthology.orchestra.run.smithi008.stdout:/usr/bin/ceph: stderr
2024-03-14T20:48:23.351+0000 7f1445b6a700 1 -- 172.21.15.8:0/3808685449 >> [v2:172.21.15.8:6800/4216162118,v1:172.21.15.8:6801/4216162118] conn(0x7f14280384d0 msgr2=0x7f142803a990 secure :-1 s=STATE_CONNECTION_ESTABLISHED l=1).mark_down
2024-03-14T20:48:23.749 INFO:teuthology.orchestra.run.smithi008.stdout:/usr/bin/ceph: stderr
2024-03-14T20:48:23.351+0000 7f1445b6a700 1 --2- 172.21.15.8:0/3808685449 >> [v2:172.21.15.8:6800/4216162118,v1:172.21.15.8:6801/4216162118] conn(0x7f14280384d0 0x7f142803a990 secure :-1 s=READY pgs=8 cs=0 l=1 rev1=1 crypto rx=0x7f1434006fd0 tx=0x7f1434006e40 comp rx=0 tx=0).stop
2024-03-14T20:48:23.749 INFO:teuthology.orchestra.run.smithi008.stdout:/usr/bin/ceph: stderr
2024-03-14T20:48:23.351+0000 7f1445b6a700 1 -- 172.21.15.8:0/3808685449 >> [v2:172.21.15.8:3300/0,v1:172.21.15.8:6789/0] conn(0x7f1440104520 msgr2=0x7f1440199f00 secure :-1 s=STATE_CONNECTION_ESTABLISHED l=1).mark_down
2024-03-14T20:48:23.749 INFO:teuthology.orchestra.run.smithi008.stdout:/usr/bin/ceph: stderr
2024-03-14T20:48:23.351+0000 7f1445b6a700 1 --2- 172.21.15.8:0/3808685449 >> [v2:172.21.15.8:3300/0,v1:172.21.15.8:6789/0] conn(0x7f1440104520 0x7f1440199f00 secure :-1 s=READY pgs=23 cs=0 l=1 rev1=1 crypto rx=0x7f1430003f20 tx=0x7f1430011e90 comp rx=0 tx=0).stop
2024-03-14T20:48:23.749 INFO:teuthology.orchestra.run.smithi008.stdout:/usr/bin/ceph: stderr
2024-03-14T20:48:23.351+0000 7f1445b6a700 1 -- 172.21.15.8:0/3808685449 shutdown_connections
2024-03-14T20:48:23.749 INFO:teuthology.orchestra.run.smithi008.stdout:/usr/bin/ceph: stderr
2024-03-14T20:48:23.351+0000 7f1445b6a700 1 --2- 172.21.15.8:0/3808685449 >> [v2:172.21.15.8:6800/4216162118,v1:172.21.15.8:6801/4216162118] conn(0x7f14280384d0 0x7f142803a990 unknown :-1 s=CLOSED pgs=8 cs=0 l=1 rev1=1 crypto rx=0 tx=0 comp rx=0 tx=0).stop
2024-03-14T20:48:23.749 INFO:teuthology.orchestra.run.smithi008.stdout:/usr/bin/ceph: stderr
2024-03-14T20:48:23.351+0000 7f1445b6a700 1 --2- 172.21.15.8:0/3808685449 >> [v2:172.21.15.8:3300/0,v1:172.21.15.8:6789/0] conn(0x7f1440104520 0x7f1440199f00 unknown :-1 s=CLOSED pgs=23 cs=0 l=1 rev1=1 crypto rx=0 tx=0 comp rx=0 tx=0).stop
2024-03-14T20:48:23.749 INFO:teuthology.orchestra.run.smithi008.stdout:/usr/bin/ceph: stderr
2024-03-14T20:48:23.351+0000 7f1445b6a700 1 -- 172.21.15.8:0/3808685449 >> 172.21.15.8:0/3808685449 conn(0x7f14400ffe70 msgr2=0x7f1440100960 unknown :-1 s=STATE_NONE l=0).mark_down
2024-03-14T20:48:23.749 INFO:teuthology.orchestra.run.smithi008.stdout:/usr/bin/ceph: stderr
2024-03-14T20:48:23.352+0000 7f1445b6a700 1 -- 172.21.15.8:0/3808685449 shutdown_connections
2024-03-14T20:48:23.749 INFO:teuthology.orchestra.run.smithi008.stdout:/usr/bin/ceph: stderr
2024-03-14T20:48:23.352+0000 7f1445b6a700 1 -- 172.21.15.8:0/3808685449 wait complete.
2024-03-14T20:48:23.934 INFO:journalctl@ceph.mgr.x.smithi008.stdout:Mar 14 20:48:23 smithi008 ceph-0a659f16-e244-11ee-95c9-87774f69a715-mgr-x[43688]:
2024-03-14T20:48:23.834+0000 7f4a14f61200 -1 mgr[py] Module prometheus has missing NOTIFY_TYPES member
2024-03-14T20:48:24.347 INFO:journalctl@ceph.mgr.x.smithi008.stdout:Mar 14 20:48:23 smithi008 ceph-0a659f16-e244-11ee-95c9-87774f69a715-mgr-x[43688]:
2024-03-14T20:48:23.953+0000 7f4a14f61200 -1 mgr[py] Module alerts has missing NOTIFY_TYPES member
2024-03-14T20:48:24.347 INFO:journalctl@ceph.mgr.x.smithi008.stdout:Mar 14 20:48:24 smithi008 ceph-0a659f16-e244-11ee-95c9-87774f69a715-mgr-x[43688]:
2024-03-14T20:48:24.054+0000 7f4a14f61200 -1 mgr[py] Module osd_perf_query has missing NOTIFY_TYPES member
2024-03-14T20:48:24.347 INFO:journalctl@ceph.mgr.x.smithi008.stdout:Mar 14 20:48:24 smithi008 ceph-0a659f16-e244-11ee-95c9-87774f69a715-mgr-x[43688]:
2024-03-14T20:48:24.153+0000 7f4a14f61200 -1 mgr[py] Module progress has missing NOTIFY_TYPES member
2024-03-14T20:48:24.675 INFO:journalctl@ceph.mon.a.smithi008.stdout:Mar 14 20:48:24 smithi008 ceph-mon[43434]: from='client.? 172.21.15.8:0/3808685449' entity='client.admin' cmd='[{"prefix": "mgr module enable", "module": "cephadm"}]': finished
2024-03-14T20:48:24.675 INFO:journalctl@ceph.mon.a.smithi008.stdout:Mar 14 20:48:24 smithi008 ceph-mon[43434]: mgrmap e5: x(active, since 10s)
2024-03-14T20:48:24.762 INFO:teuthology.orchestra.run.smithi008.stdout:/usr/bin/ceph: stdout {
2024-03-14T20:48:24.763 INFO:teuthology.orchestra.run.smithi008.stdout:/usr/bin/ceph: stdout "epoch": 5,
2024-03-14T20:48:24.763 INFO:teuthology.orchestra.run.smithi008.stdout:/usr/bin/ceph: stdout "available": true,
2024-03-14T20:48:24.763 INFO:teuthology.orchestra.run.smithi008.stdout:/usr/bin/ceph: stdout "active_name": "x",
2024-03-14T20:48:24.763 INFO:teuthology.orchestra.run.smithi008.stdout:/usr/bin/ceph: stdout "num_standby": 0
2024-03-14T20:48:24.763 INFO:teuthology.orchestra.run.smithi008.stdout:/usr/bin/ceph: stdout }
2024-03-14T20:48:24.763 INFO:teuthology.orchestra.run.smithi008.stdout:/usr/bin/ceph: stderr
2024-03-14T20:48:24.101+0000 7f1f4b8cb700 1 Processor -- start
2024-03-14T20:48:24.763 INFO:teuthology.orchestra.run.smithi008.stdout:/usr/bin/ceph: stderr
2024-03-14T20:48:24.101+0000 7f1f4b8cb700 1 -- start start
2024-03-14T20:48:24.763 INFO:teuthology.orchestra.run.smithi008.stdout:/usr/bin/ceph: stderr
2024-03-14T20:48:24.101+0000 7f1f4b8cb700 1 --2- >> [v2:172.21.15.8:3300/0,v1:172.21.15.8:6789/0] conn(0x7f1f44105160 0x7f1f44105580 unknown :-1 s=NONE pgs=0 cs=0 l=0 rev1=0 crypto rx=0 tx=0 comp rx=0 tx=0).connect
2024-03-14T20:48:24.763 INFO:teuthology.orchestra.run.smithi008.stdout:/usr/bin/ceph: stderr
2024-03-14T20:48:24.101+0000 7f1f4b8cb700 1 -- --> [v2:172.21.15.8:3300/0,v1:172.21.15.8:6789/0] -- mon_getmap magic: 0 v1 -- 0x7f1f44105b50 con 0x7f1f44105160
2024-03-14T20:48:24.763 INFO:teuthology.orchestra.run.smithi008.stdout:/usr/bin/ceph: stderr
2024-03-14T20:48:24.102+0000 7f1f49667700 1 --2- >> [v2:172.21.15.8:3300/0,v1:172.21.15.8:6789/0] conn(0x7f1f44105160 0x7f1f44105580 unknown :-1 s=BANNER_CONNECTING pgs=0 cs=0 l=0 rev1=0 crypto rx=0 tx=0 comp rx=0 tx=0)._handle_peer_banner_payload supported=3 required=0
2024-03-14T20:48:24.763 INFO:teuthology.orchestra.run.smithi008.stdout:/usr/bin/ceph: stderr
2024-03-14T20:48:24.102+0000 7f1f49667700 1 --2- >> [v2:172.21.15.8:3300/0,v1:172.21.15.8:6789/0] conn(0x7f1f44105160 0x7f1f44105580 unknown :-1 s=HELLO_CONNECTING pgs=0 cs=0 l=0 rev1=1 crypto rx=0 tx=0 comp rx=0 tx=0).handle_hello peer v2:172.21.15.8:3300/0 says I am v2:172.21.15.8:45204/0 (socket says 172.21.15.8:45204)
