2024-03-18T20:19:14.954+0000 7fbbc659c700 1 -- 172.21.15.98:0/1408351873 learned_addr learned my addr 172.21.15.98:0/1408351873 (peer_addr_for_me v2:172.21.15.98:0/0)
2024-03-18T20:19:17.321 INFO:teuthology.orchestra.run.smithi098.stdout:/usr/bin/ceph: stderr
2024-03-18T20:19:14.955+0000 7fbbc659c700 1 -- 172.21.15.98:0/1408351873 --> [v2:172.21.15.98:3300/0,v1:172.21.15.98:6789/0] -- mon_subscribe({config=0+,monmap=0+}) v3 -- 0x7fbbc8109750 con 0x7fbbc8106e20
2024-03-18T20:19:17.321 INFO:teuthology.orchestra.run.smithi098.stdout:/usr/bin/ceph: stderr
2024-03-18T20:19:14.955+0000 7fbbc659c700 1 --2- 172.21.15.98:0/1408351873 >> [v2:172.21.15.98:3300/0,v1:172.21.15.98:6789/0] conn(0x7fbbc8106e20 0x7fbbc8109210 secure :-1 s=READY pgs=18 cs=0 l=1 rev1=1 crypto rx=0x7fbbb80098a0 tx=0x7fbbb8009bb0 comp rx=0 tx=0).ready entity=mon.0 client_cookie=632b63435e57a855 server_cookie=0 in_seq=0 out_seq=0
2024-03-18T20:19:17.321 INFO:teuthology.orchestra.run.smithi098.stdout:/usr/bin/ceph: stderr
2024-03-18T20:19:14.955+0000 7fbbc559a700 1 -- 172.21.15.98:0/1408351873 <== mon.0 v2:172.21.15.98:3300/0 1 ==== mon_map magic: 0 v1 ==== 205+0+0 (secure 0 0 0) 0x7fbbb8004160 con 0x7fbbc8106e20
2024-03-18T20:19:17.321 INFO:teuthology.orchestra.run.smithi098.stdout:/usr/bin/ceph: stderr
2024-03-18T20:19:14.955+0000 7fbbc559a700 1 -- 172.21.15.98:0/1408351873 <== mon.0 v2:172.21.15.98:3300/0 2 ==== config(25 keys) v1 ==== 1036+0+0 (secure 0 0 0) 0x7fbbb80042c0 con 0x7fbbc8106e20
2024-03-18T20:19:17.322 INFO:teuthology.orchestra.run.smithi098.stdout:/usr/bin/ceph: stderr
2024-03-18T20:19:14.955+0000 7fbbc559a700 1 -- 172.21.15.98:0/1408351873 <== mon.0 v2:172.21.15.98:3300/0 3 ==== mon_map magic: 0 v1 ==== 205+0+0 (secure 0 0 0) 0x7fbbb8011940 con 0x7fbbc8106e20
2024-03-18T20:19:17.322 INFO:teuthology.orchestra.run.smithi098.stdout:/usr/bin/ceph: stderr
2024-03-18T20:19:14.955+0000 7fbbccc5d700 1 -- 172.21.15.98:0/1408351873 >> [v2:172.21.15.98:3300/0,v1:172.21.15.98:6789/0] conn(0x7fbbc8106e20 msgr2=0x7fbbc8109210 secure :-1 s=STATE_CONNECTION_ESTABLISHED l=1).mark_down
2024-03-18T20:19:17.322 INFO:teuthology.orchestra.run.smithi098.stdout:/usr/bin/ceph: stderr
2024-03-18T20:19:14.955+0000 7fbbccc5d700 1 --2- 172.21.15.98:0/1408351873 >> [v2:172.21.15.98:3300/0,v1:172.21.15.98:6789/0] conn(0x7fbbc8106e20 0x7fbbc8109210 secure :-1 s=READY pgs=18 cs=0 l=1 rev1=1 crypto rx=0x7fbbb80098a0 tx=0x7fbbb8009bb0 comp rx=0 tx=0).stop
2024-03-18T20:19:17.322 INFO:teuthology.orchestra.run.smithi098.stdout:/usr/bin/ceph: stderr
2024-03-18T20:19:14.955+0000 7fbbccc5d700 1 -- 172.21.15.98:0/1408351873 shutdown_connections
2024-03-18T20:19:17.322 INFO:teuthology.orchestra.run.smithi098.stdout:/usr/bin/ceph: stderr
2024-03-18T20:19:14.955+0000 7fbbccc5d700 1 --2- 172.21.15.98:0/1408351873 >> [v2:172.21.15.98:3300/0,v1:172.21.15.98:6789/0] conn(0x7fbbc8106e20 0x7fbbc8109210 unknown :-1 s=CLOSED pgs=18 cs=0 l=1 rev1=1 crypto rx=0 tx=0 comp rx=0 tx=0).stop
2024-03-18T20:19:17.322 INFO:teuthology.orchestra.run.smithi098.stdout:/usr/bin/ceph: stderr
2024-03-18T20:19:14.955+0000 7fbbccc5d700 1 -- 172.21.15.98:0/1408351873 >> 172.21.15.98:0/1408351873 conn(0x7fbbc8100870 msgr2=0x7fbbc8102c90 unknown :-1 s=STATE_NONE l=0).mark_down
2024-03-18T20:19:17.322 INFO:teuthology.orchestra.run.smithi098.stdout:/usr/bin/ceph: stderr
2024-03-18T20:19:14.955+0000 7fbbccc5d700 1 -- 172.21.15.98:0/1408351873 shutdown_connections
2024-03-18T20:19:17.322 INFO:teuthology.orchestra.run.smithi098.stdout:/usr/bin/ceph: stderr
2024-03-18T20:19:14.955+0000 7fbbccc5d700 1 -- 172.21.15.98:0/1408351873 wait complete.
2024-03-18T20:19:17.322 INFO:teuthology.orchestra.run.smithi098.stdout:/usr/bin/ceph: stderr
2024-03-18T20:19:14.956+0000 7fbbccc5d700 1 Processor -- start
2024-03-18T20:19:17.322 INFO:teuthology.orchestra.run.smithi098.stdout:/usr/bin/ceph: stderr
2024-03-18T20:19:14.956+0000 7fbbccc5d700 1 -- start start
2024-03-18T20:19:17.322 INFO:teuthology.orchestra.run.smithi098.stdout:/usr/bin/ceph: stderr
2024-03-18T20:19:14.956+0000 7fbbccc5d700 1 --2- >> [v2:172.21.15.98:3300/0,v1:172.21.15.98:6789/0] conn(0x7fbbc8106e20 0x7fbbc819a030 unknown :-1 s=NONE pgs=0 cs=0 l=1 rev1=0 crypto rx=0 tx=0 comp rx=0 tx=0).connect
2024-03-18T20:19:17.322 INFO:teuthology.orchestra.run.smithi098.stdout:/usr/bin/ceph: stderr
2024-03-18T20:19:14.956+0000 7fbbccc5d700 1 -- --> [v2:172.21.15.98:3300/0,v1:172.21.15.98:6789/0] -- mon_getmap magic: 0 v1 -- 0x7fbbc819a570 con 0x7fbbc8106e20
2024-03-18T20:19:17.322 INFO:teuthology.orchestra.run.smithi098.stdout:/usr/bin/ceph: stderr
2024-03-18T20:19:14.956+0000 7fbbc659c700 1 --2- >> [v2:172.21.15.98:3300/0,v1:172.21.15.98:6789/0] conn(0x7fbbc8106e20 0x7fbbc819a030 unknown :-1 s=BANNER_CONNECTING pgs=0 cs=0 l=1 rev1=0 crypto rx=0 tx=0 comp rx=0 tx=0)._handle_peer_banner_payload supported=3 required=0
2024-03-18T20:19:17.323 INFO:teuthology.orchestra.run.smithi098.stdout:/usr/bin/ceph: stderr
2024-03-18T20:19:14.957+0000 7fbbc659c700 1 --2- >> [v2:172.21.15.98:3300/0,v1:172.21.15.98:6789/0] conn(0x7fbbc8106e20 0x7fbbc819a030 unknown :-1 s=HELLO_CONNECTING pgs=0 cs=0 l=1 rev1=1 crypto rx=0 tx=0 comp rx=0 tx=0).handle_hello peer v2:172.21.15.98:3300/0 says I am v2:172.21.15.98:57558/0 (socket says 172.21.15.98:57558)
2024-03-18T20:19:17.323 INFO:teuthology.orchestra.run.smithi098.stdout:/usr/bin/ceph: stderr
2024-03-18T20:19:14.957+0000 7fbbc659c700 1 -- 172.21.15.98:0/3066743419 learned_addr learned my addr 172.21.15.98:0/3066743419 (peer_addr_for_me v2:172.21.15.98:0/0)
2024-03-18T20:19:17.323 INFO:teuthology.orchestra.run.smithi098.stdout:/usr/bin/ceph: stderr
2024-03-18T20:19:14.957+0000 7fbbc659c700 1 -- 172.21.15.98:0/3066743419 --> [v2:172.21.15.98:3300/0,v1:172.21.15.98:6789/0] -- mon_subscribe({config=0+,monmap=0+}) v3 -- 0x7fbbb8009550 con 0x7fbbc8106e20
2024-03-18T20:19:17.323 INFO:teuthology.orchestra.run.smithi098.stdout:/usr/bin/ceph: stderr
2024-03-18T20:19:14.957+0000 7fbbc659c700 1 --2- 172.21.15.98:0/3066743419 >> [v2:172.21.15.98:3300/0,v1:172.21.15.98:6789/0] conn(0x7fbbc8106e20 0x7fbbc819a030 secure :-1 s=READY pgs=19 cs=0 l=1 rev1=1 crypto rx=0x7fbbb8006af0 tx=0x7fbbb8011a50 comp rx=0 tx=0).ready entity=mon.0 client_cookie=0 server_cookie=0 in_seq=0 out_seq=0
2024-03-18T20:19:17.323 INFO:teuthology.orchestra.run.smithi098.stdout:/usr/bin/ceph: stderr
2024-03-18T20:19:14.957+0000 7fbbb77fe700 1 -- 172.21.15.98:0/3066743419 <== mon.0 v2:172.21.15.98:3300/0 1 ==== mon_map magic: 0 v1 ==== 205+0+0 (secure 0 0 0) 0x7fbbb8003bf0 con 0x7fbbc8106e20
2024-03-18T20:19:17.323 INFO:teuthology.orchestra.run.smithi098.stdout:/usr/bin/ceph: stderr
2024-03-18T20:19:14.957+0000 7fbbb77fe700 1 -- 172.21.15.98:0/3066743419 <== mon.0 v2:172.21.15.98:3300/0 2 ==== config(25 keys) v1 ==== 1036+0+0 (secure 0 0 0) 0x7fbbb801b8b0 con 0x7fbbc8106e20
2024-03-18T20:19:17.323 INFO:teuthology.orchestra.run.smithi098.stdout:/usr/bin/ceph: stderr
2024-03-18T20:19:14.957+0000 7fbbccc5d700 1 -- 172.21.15.98:0/3066743419 --> [v2:172.21.15.98:3300/0,v1:172.21.15.98:6789/0] -- mon_subscribe({mgrmap=0+}) v3 -- 0x7fbbc819a770 con 0x7fbbc8106e20
2024-03-18T20:19:17.323 INFO:teuthology.orchestra.run.smithi098.stdout:/usr/bin/ceph: stderr
2024-03-18T20:19:14.957+0000 7fbbb77fe700 1 -- 172.21.15.98:0/3066743419 <== mon.0 v2:172.21.15.98:3300/0 3 ==== mon_map magic: 0 v1 ==== 205+0+0 (secure 0 0 0) 0x7fbbb8023800 con 0x7fbbc8106e20
2024-03-18T20:19:17.323 INFO:teuthology.orchestra.run.smithi098.stdout:/usr/bin/ceph: stderr
2024-03-18T20:19:14.957+0000 7fbbccc5d700 1 -- 172.21.15.98:0/3066743419 --> [v2:172.21.15.98:3300/0,v1:172.21.15.98:6789/0] -- mon_subscribe({osdmap=0}) v3 -- 0x7fbbc819ac10 con 0x7fbbc8106e20
2024-03-18T20:19:17.323 INFO:teuthology.orchestra.run.smithi098.stdout:/usr/bin/ceph: stderr
2024-03-18T20:19:14.958+0000 7fbbb77fe700 1 -- 172.21.15.98:0/3066743419 <== mon.0 v2:172.21.15.98:3300/0 4 ==== mgrmap(e 4) v1 ==== 45522+0+0 (secure 0 0 0) 0x7fbbb8023a70 con 0x7fbbc8106e20
2024-03-18T20:19:17.323 INFO:teuthology.orchestra.run.smithi098.stdout:/usr/bin/ceph: stderr
2024-03-18T20:19:14.958+0000 7fbbccc5d700 1 -- 172.21.15.98:0/3066743419 --> [v2:172.21.15.98:3300/0,v1:172.21.15.98:6789/0] -- mon_command({"prefix": "get_command_descriptions"} v 0) v1 -- 0x7fbbc810a4f0 con 0x7fbbc8106e20
2024-03-18T20:19:17.323 INFO:teuthology.orchestra.run.smithi098.stdout:/usr/bin/ceph: stderr
2024-03-18T20:19:14.958+0000 7fbbb77fe700 1 --2- 172.21.15.98:0/3066743419 >> [v2:172.21.15.98:6800/479479747,v1:172.21.15.98:6801/479479747] conn(0x7fbbb0038660 0x7fbbb003ab20 unknown :-1 s=NONE pgs=0 cs=0 l=1 rev1=0 crypto rx=0 tx=0 comp rx=0 tx=0).connect
2024-03-18T20:19:17.323 INFO:teuthology.orchestra.run.smithi098.stdout:/usr/bin/ceph: stderr
2024-03-18T20:19:14.958+0000 7fbbb77fe700 1 -- 172.21.15.98:0/3066743419 <== mon.0 v2:172.21.15.98:3300/0 5 ==== osd_map(1..1 src has 1..1) v4 ==== 725+0+0 (secure 0 0 0) 0x7fbbb804cb20 con 0x7fbbc8106e20
2024-03-18T20:19:17.324 INFO:teuthology.orchestra.run.smithi098.stdout:/usr/bin/ceph: stderr
2024-03-18T20:19:14.958+0000 7fbbc5d9b700 1 --2- 172.21.15.98:0/3066743419 >> [v2:172.21.15.98:6800/479479747,v1:172.21.15.98:6801/479479747] conn(0x7fbbb0038660 0x7fbbb003ab20 unknown :-1 s=BANNER_CONNECTING pgs=0 cs=0 l=1 rev1=0 crypto rx=0 tx=0 comp rx=0 tx=0)._handle_peer_banner_payload supported=3 required=0
2024-03-18T20:19:17.324 INFO:teuthology.orchestra.run.smithi098.stdout:/usr/bin/ceph: stderr
2024-03-18T20:19:14.959+0000 7fbbc5d9b700 1 --2- 172.21.15.98:0/3066743419 >> [v2:172.21.15.98:6800/479479747,v1:172.21.15.98:6801/479479747] conn(0x7fbbb0038660 0x7fbbb003ab20 secure :-1 s=READY pgs=6 cs=0 l=1 rev1=1 crypto rx=0x7fbbbc006fd0 tx=0x7fbbbc006e40 comp rx=0 tx=0).ready entity=mgr.14100 client_cookie=0 server_cookie=0 in_seq=0 out_seq=0
2024-03-18T20:19:17.324 INFO:teuthology.orchestra.run.smithi098.stdout:/usr/bin/ceph: stderr
2024-03-18T20:19:14.963+0000 7fbbb77fe700 1 -- 172.21.15.98:0/3066743419 <== mon.0 v2:172.21.15.98:3300/0 6 ==== mon_command_ack([{"prefix": "get_command_descriptions"}]=0 v0) v1 ==== 72+0+182738 (secure 0 0 0) 0x7fbbb8023d20 con 0x7fbbc8106e20
2024-03-18T20:19:17.324 INFO:teuthology.orchestra.run.smithi098.stdout:/usr/bin/ceph: stderr
2024-03-18T20:19:15.234+0000 7fbbccc5d700 1 -- 172.21.15.98:0/3066743419 --> [v2:172.21.15.98:3300/0,v1:172.21.15.98:6789/0] -- mon_command({"prefix": "status", "format": "json-pretty"} v 0) v1 -- 0x7fbbc810a6e0 con 0x7fbbc8106e20
2024-03-18T20:19:17.324 INFO:teuthology.orchestra.run.smithi098.stdout:/usr/bin/ceph: stderr
2024-03-18T20:19:15.234+0000 7fbbb77fe700 1 -- 172.21.15.98:0/3066743419 <== mon.0 v2:172.21.15.98:3300/0 7 ==== mon_command_ack([{"prefix": "status", "format": "json-pretty"}]=0 v0) v1 ==== 79+0+1238 (secure 0 0 0) 0x7fbbb800b3e0 con 0x7fbbc8106e20
2024-03-18T20:19:17.324 INFO:teuthology.orchestra.run.smithi098.stdout:/usr/bin/ceph: stderr
2024-03-18T20:19:15.236+0000 7fbbccc5d700 1 -- 172.21.15.98:0/3066743419 >> [v2:172.21.15.98:6800/479479747,v1:172.21.15.98:6801/479479747] conn(0x7fbbb0038660 msgr2=0x7fbbb003ab20 secure :-1 s=STATE_CONNECTION_ESTABLISHED l=1).mark_down
2024-03-18T20:19:17.324 INFO:teuthology.orchestra.run.smithi098.stdout:/usr/bin/ceph: stderr
2024-03-18T20:19:15.236+0000 7fbbccc5d700 1 --2- 172.21.15.98:0/3066743419 >> [v2:172.21.15.98:6800/479479747,v1:172.21.15.98:6801/479479747] conn(0x7fbbb0038660 0x7fbbb003ab20 secure :-1 s=READY pgs=6 cs=0 l=1 rev1=1 crypto rx=0x7fbbbc006fd0 tx=0x7fbbbc006e40 comp rx=0 tx=0).stop
2024-03-18T20:19:17.324 INFO:teuthology.orchestra.run.smithi098.stdout:/usr/bin/ceph: stderr
2024-03-18T20:19:15.236+0000 7fbbccc5d700 1 -- 172.21.15.98:0/3066743419 >> [v2:172.21.15.98:3300/0,v1:172.21.15.98:6789/0] conn(0x7fbbc8106e20 msgr2=0x7fbbc819a030 secure :-1 s=STATE_CONNECTION_ESTABLISHED l=1).mark_down
2024-03-18T20:19:17.324 INFO:teuthology.orchestra.run.smithi098.stdout:/usr/bin/ceph: stderr
2024-03-18T20:19:15.236+0000 7fbbccc5d700 1 --2- 172.21.15.98:0/3066743419 >> [v2:172.21.15.98:3300/0,v1:172.21.15.98:6789/0] conn(0x7fbbc8106e20 0x7fbbc819a030 secure :-1 s=READY pgs=19 cs=0 l=1 rev1=1 crypto rx=0x7fbbb8006af0 tx=0x7fbbb8011a50 comp rx=0 tx=0).stop
2024-03-18T20:19:17.324 INFO:teuthology.orchestra.run.smithi098.stdout:/usr/bin/ceph: stderr
2024-03-18T20:19:15.236+0000 7fbbccc5d700 1 -- 172.21.15.98:0/3066743419 shutdown_connections
2024-03-18T20:19:17.324 INFO:teuthology.orchestra.run.smithi098.stdout:/usr/bin/ceph: stderr
2024-03-18T20:19:15.236+0000 7fbbccc5d700 1 --2- 172.21.15.98:0/3066743419 >> [v2:172.21.15.98:6800/479479747,v1:172.21.15.98:6801/479479747] conn(0x7fbbb0038660 0x7fbbb003ab20 unknown :-1 s=CLOSED pgs=6 cs=0 l=1 rev1=1 crypto rx=0 tx=0 comp rx=0 tx=0).stop
2024-03-18T20:19:17.324 INFO:teuthology.orchestra.run.smithi098.stdout:/usr/bin/ceph: stderr
2024-03-18T20:19:15.236+0000 7fbbccc5d700 1 --2- 172.21.15.98:0/3066743419 >> [v2:172.21.15.98:3300/0,v1:172.21.15.98:6789/0] conn(0x7fbbc8106e20 0x7fbbc819a030 unknown :-1 s=CLOSED pgs=19 cs=0 l=1 rev1=1 crypto rx=0 tx=0 comp rx=0 tx=0).stop
2024-03-18T20:19:17.324 INFO:teuthology.orchestra.run.smithi098.stdout:/usr/bin/ceph: stderr
2024-03-18T20:19:15.236+0000 7fbbccc5d700 1 -- 172.21.15.98:0/3066743419 >> 172.21.15.98:0/3066743419 conn(0x7fbbc8100870 msgr2=0x7fbbc81013a0 unknown :-1 s=STATE_NONE l=0).mark_down
2024-03-18T20:19:17.324 INFO:teuthology.orchestra.run.smithi098.stdout:/usr/bin/ceph: stderr
2024-03-18T20:19:15.237+0000 7fbbccc5d700 1 -- 172.21.15.98:0/3066743419 shutdown_connections
2024-03-18T20:19:17.325 INFO:teuthology.orchestra.run.smithi098.stdout:/usr/bin/ceph: stderr
2024-03-18T20:19:15.237+0000 7fbbccc5d700 1 -- 172.21.15.98:0/3066743419 wait complete.
2024-03-18T20:19:17.325 INFO:teuthology.orchestra.run.smithi098.stdout:mgr is available
2024-03-18T20:19:18.144 INFO:journalctl@ceph.mon.a.smithi098.stdout:Mar 18 20:19:17 smithi098 ceph-mon[43462]: from='client.? 172.21.15.98:0/864108632' entity='client.admin' cmd=[{"prefix": "config assimilate-conf"}]: dispatch
2024-03-18T20:19:18.224 INFO:teuthology.orchestra.run.smithi098.stdout:/usr/bin/ceph: stdout
2024-03-18T20:19:18.224 INFO:teuthology.orchestra.run.smithi098.stdout:/usr/bin/ceph: stdout [global]
2024-03-18T20:19:18.224 INFO:teuthology.orchestra.run.smithi098.stdout:/usr/bin/ceph: stdout fsid = a6e2b072-e564-11ee-95c9-87774f69a715
2024-03-18T20:19:18.224 INFO:teuthology.orchestra.run.smithi098.stdout:/usr/bin/ceph: stdout mon_osd_allow_pg_remap = true
2024-03-18T20:19:18.224 INFO:teuthology.orchestra.run.smithi098.stdout:/usr/bin/ceph: stdout mon_osd_allow_primary_affinity = true
2024-03-18T20:19:18.224 INFO:teuthology.orchestra.run.smithi098.stdout:/usr/bin/ceph: stdout mon_warn_on_no_sortbitwise = false
2024-03-18T20:19:18.224 INFO:teuthology.orchestra.run.smithi098.stdout:/usr/bin/ceph: stdout osd_crush_chooseleaf_type = 0
2024-03-18T20:19:18.224 INFO:teuthology.orchestra.run.smithi098.stdout:/usr/bin/ceph: stdout
2024-03-18T20:19:18.224 INFO:teuthology.orchestra.run.smithi098.stdout:/usr/bin/ceph: stdout [mgr]
2024-03-18T20:19:18.224 INFO:teuthology.orchestra.run.smithi098.stdout:/usr/bin/ceph: stdout mgr/telemetry/nag = false
2024-03-18T20:19:18.225 INFO:teuthology.orchestra.run.smithi098.stdout:/usr/bin/ceph: stdout
2024-03-18T20:19:18.225 INFO:teuthology.orchestra.run.smithi098.stdout:/usr/bin/ceph: stdout [osd]
2024-03-18T20:19:18.225 INFO:teuthology.orchestra.run.smithi098.stdout:/usr/bin/ceph: stdout mon_osd_backfillfull_ratio = 0.85
2024-03-18T20:19:18.225 INFO:teuthology.orchestra.run.smithi098.stdout:/usr/bin/ceph: stdout mon_osd_full_ratio = 0.9
2024-03-18T20:19:18.225 INFO:teuthology.orchestra.run.smithi098.stdout:/usr/bin/ceph: stdout mon_osd_nearfull_ratio = 0.8
2024-03-18T20:19:18.225 INFO:teuthology.orchestra.run.smithi098.stdout:/usr/bin/ceph: stdout osd_map_max_advance = 10
2024-03-18T20:19:18.225 INFO:teuthology.orchestra.run.smithi098.stdout:/usr/bin/ceph: stdout osd_sloppy_crc = true
2024-03-18T20:19:18.225 INFO:teuthology.orchestra.run.smithi098.stdout:/usr/bin/ceph: stderr
2024-03-18T20:19:17.629+0000 7f332750b700 1 Processor -- start
2024-03-18T20:19:18.225 INFO:teuthology.orchestra.run.smithi098.stdout:/usr/bin/ceph: stderr
2024-03-18T20:19:17.629+0000 7f332750b700 1 -- start start
2024-03-18T20:19:18.225 INFO:teuthology.orchestra.run.smithi098.stdout:/usr/bin/ceph: stderr
2024-03-18T20:19:17.629+0000 7f332750b700 1 --2- >> [v2:172.21.15.98:3300/0,v1:172.21.15.98:6789/0] conn(0x7f3320106e60 0x7f3320109250 unknown :-1 s=NONE pgs=0 cs=0 l=0 rev1=0 crypto rx=0 tx=0 comp rx=0 tx=0).connect
2024-03-18T20:19:18.225 INFO:teuthology.orchestra.run.smithi098.stdout:/usr/bin/ceph: stderr
2024-03-18T20:19:17.629+0000 7f332750b700 1 -- --> [v2:172.21.15.98:3300/0,v1:172.21.15.98:6789/0] -- mon_getmap magic: 0 v1 -- 0x7f3320079e50 con 0x7f3320106e60
2024-03-18T20:19:18.225 INFO:teuthology.orchestra.run.smithi098.stdout:/usr/bin/ceph: stderr
2024-03-18T20:19:17.629+0000 7f33252a7700 1 --2- >> [v2:172.21.15.98:3300/0,v1:172.21.15.98:6789/0] conn(0x7f3320106e60 0x7f3320109250 unknown :-1 s=BANNER_CONNECTING pgs=0 cs=0 l=0 rev1=0 crypto rx=0 tx=0 comp rx=0 tx=0)._handle_peer_banner_payload supported=3 required=0
2024-03-18T20:19:18.225 INFO:teuthology.orchestra.run.smithi098.stdout:/usr/bin/ceph: stderr
2024-03-18T20:19:17.629+0000 7f33252a7700 1 --2- >> [v2:172.21.15.98:3300/0,v1:172.21.15.98:6789/0] conn(0x7f3320106e60 0x7f3320109250 unknown :-1 s=HELLO_CONNECTING pgs=0 cs=0 l=0 rev1=1 crypto rx=0 tx=0 comp rx=0 tx=0).handle_hello peer v2:172.21.15.98:3300/0 says I am v2:172.21.15.98:57562/0 (socket says 172.21.15.98:57562)
2024-03-18T20:19:18.225 INFO:teuthology.orchestra.run.smithi098.stdout:/usr/bin/ceph: stderr
2024-03-18T20:19:17.629+0000 7f33252a7700 1 -- 172.21.15.98:0/2885992700 learned_addr learned my addr 172.21.15.98:0/2885992700 (peer_addr_for_me v2:172.21.15.98:0/0)
2024-03-18T20:19:18.225 INFO:teuthology.orchestra.run.smithi098.stdout:/usr/bin/ceph: stderr
2024-03-18T20:19:17.629+0000 7f33252a7700 1 -- 172.21.15.98:0/2885992700 --> [v2:172.21.15.98:3300/0,v1:172.21.15.98:6789/0] -- mon_subscribe({config=0+,monmap=0+}) v3 -- 0x7f3320109790 con 0x7f3320106e60
2024-03-18T20:19:18.226 INFO:teuthology.orchestra.run.smithi098.stdout:/usr/bin/ceph: stderr
2024-03-18T20:19:17.630+0000 7f33252a7700 1 --2- 172.21.15.98:0/2885992700 >> [v2:172.21.15.98:3300/0,v1:172.21.15.98:6789/0] conn(0x7f3320106e60 0x7f3320109250 secure :-1 s=READY pgs=20 cs=0 l=1 rev1=1 crypto rx=0x7f331c0098a0 tx=0x7f331c009bb0 comp rx=0 tx=0).ready entity=mon.0 client_cookie=233ea8b1c0703f42 server_cookie=0 in_seq=0 out_seq=0
2024-03-18T20:19:18.226 INFO:teuthology.orchestra.run.smithi098.stdout:/usr/bin/ceph: stderr
2024-03-18T20:19:17.630+0000 7f3317fff700 1 -- 172.21.15.98:0/2885992700 <== mon.0 v2:172.21.15.98:3300/0 1 ==== mon_map magic: 0 v1 ==== 205+0+0 (secure 0 0 0) 0x7f331c004160 con 0x7f3320106e60
2024-03-18T20:19:18.226 INFO:teuthology.orchestra.run.smithi098.stdout:/usr/bin/ceph: stderr
2024-03-18T20:19:17.630+0000 7f3317fff700 1 -- 172.21.15.98:0/2885992700 <== mon.0 v2:172.21.15.98:3300/0 2 ==== config(25 keys) v1 ==== 1036+0+0 (secure 0 0 0) 0x7f331c0042c0 con 0x7f3320106e60
2024-03-18T20:19:18.226 INFO:teuthology.orchestra.run.smithi098.stdout:/usr/bin/ceph: stderr
2024-03-18T20:19:17.630+0000 7f3317fff700 1 -- 172.21.15.98:0/2885992700 <== mon.0 v2:172.21.15.98:3300/0 3 ==== mon_map magic: 0 v1 ==== 205+0+0 (secure 0 0 0) 0x7f331c011940 con 0x7f3320106e60
2024-03-18T20:19:18.226 INFO:teuthology.orchestra.run.smithi098.stdout:/usr/bin/ceph: stderr
2024-03-18T20:19:17.630+0000 7f332750b700 1 -- 172.21.15.98:0/2885992700 >> [v2:172.21.15.98:3300/0,v1:172.21.15.98:6789/0] conn(0x7f3320106e60 msgr2=0x7f3320109250 secure :-1 s=STATE_CONNECTION_ESTABLISHED l=1).mark_down
2024-03-18T20:19:18.226 INFO:teuthology.orchestra.run.smithi098.stdout:/usr/bin/ceph: stderr
2024-03-18T20:19:17.630+0000 7f332750b700 1 --2- 172.21.15.98:0/2885992700 >> [v2:172.21.15.98:3300/0,v1:172.21.15.98:6789/0] conn(0x7f3320106e60 0x7f3320109250 secure :-1 s=READY pgs=20 cs=0 l=1 rev1=1 crypto rx=0x7f331c0098a0 tx=0x7f331c009bb0 comp rx=0 tx=0).stop
2024-03-18T20:19:18.226 INFO:teuthology.orchestra.run.smithi098.stdout:/usr/bin/ceph: stderr
2024-03-18T20:19:17.630+0000 7f332750b700 1 -- 172.21.15.98:0/2885992700 shutdown_connections
2024-03-18T20:19:18.226 INFO:teuthology.orchestra.run.smithi098.stdout:/usr/bin/ceph: stderr
2024-03-18T20:19:17.630+0000 7f332750b700 1 --2- 172.21.15.98:0/2885992700 >> [v2:172.21.15.98:3300/0,v1:172.21.15.98:6789/0] conn(0x7f3320106e60 0x7f3320109250 unknown :-1 s=CLOSED pgs=20 cs=0 l=1 rev1=1 crypto rx=0 tx=0 comp rx=0 tx=0).stop
2024-03-18T20:19:18.226 INFO:teuthology.orchestra.run.smithi098.stdout:/usr/bin/ceph: stderr
2024-03-18T20:19:17.630+0000 7f332750b700 1 -- 172.21.15.98:0/2885992700 >> 172.21.15.98:0/2885992700 conn(0x7f33201008b0 msgr2=0x7f3320102cd0 unknown :-1 s=STATE_NONE l=0).mark_down
2024-03-18T20:19:18.226 INFO:teuthology.orchestra.run.smithi098.stdout:/usr/bin/ceph: stderr
2024-03-18T20:19:17.630+0000 7f332750b700 1 -- 172.21.15.98:0/2885992700 shutdown_connections
2024-03-18T20:19:18.226 INFO:teuthology.orchestra.run.smithi098.stdout:/usr/bin/ceph: stderr
2024-03-18T20:19:17.630+0000 7f332750b700 1 -- 172.21.15.98:0/2885992700 wait complete.
2024-03-18T20:19:18.226 INFO:teuthology.orchestra.run.smithi098.stdout:/usr/bin/ceph: stderr
2024-03-18T20:19:17.631+0000 7f332750b700 1 Processor -- start
2024-03-18T20:19:18.226 INFO:teuthology.orchestra.run.smithi098.stdout:/usr/bin/ceph: stderr
2024-03-18T20:19:17.631+0000 7f332750b700 1 -- start start
2024-03-18T20:19:18.227 INFO:teuthology.orchestra.run.smithi098.stdout:/usr/bin/ceph: stderr
2024-03-18T20:19:17.631+0000 7f332750b700 1 --2- >> [v2:172.21.15.98:3300/0,v1:172.21.15.98:6789/0] conn(0x7f3320106e60 0x7f3320199ff0 unknown :-1 s=NONE pgs=0 cs=0 l=1 rev1=0 crypto rx=0 tx=0 comp rx=0 tx=0).connect
2024-03-18T20:19:18.227 INFO:teuthology.orchestra.run.smithi098.stdout:/usr/bin/ceph: stderr
2024-03-18T20:19:17.631+0000 7f332750b700 1 -- --> [v2:172.21.15.98:3300/0,v1:172.21.15.98:6789/0] -- mon_getmap magic: 0 v1 -- 0x7f332019a530 con 0x7f3320106e60
2024-03-18T20:19:18.227 INFO:teuthology.orchestra.run.smithi098.stdout:/usr/bin/ceph: stderr
2024-03-18T20:19:17.631+0000 7f33252a7700 1 --2- >> [v2:172.21.15.98:3300/0,v1:172.21.15.98:6789/0] conn(0x7f3320106e60 0x7f3320199ff0 unknown :-1 s=BANNER_CONNECTING pgs=0 cs=0 l=1 rev1=0 crypto rx=0 tx=0 comp rx=0 tx=0)._handle_peer_banner_payload supported=3 required=0
2024-03-18T20:19:18.227 INFO:teuthology.orchestra.run.smithi098.stdout:/usr/bin/ceph: stderr
2024-03-18T20:19:17.631+0000 7f33252a7700 1 --2- >> [v2:172.21.15.98:3300/0,v1:172.21.15.98:6789/0] conn(0x7f3320106e60 0x7f3320199ff0 unknown :-1 s=HELLO_CONNECTING pgs=0 cs=0 l=1 rev1=1 crypto rx=0 tx=0 comp rx=0 tx=0).handle_hello peer v2:172.21.15.98:3300/0 says I am v2:172.21.15.98:57572/0 (socket says 172.21.15.98:57572)
2024-03-18T20:19:18.227 INFO:teuthology.orchestra.run.smithi098.stdout:/usr/bin/ceph: stderr
2024-03-18T20:19:17.631+0000 7f33252a7700 1 -- 172.21.15.98:0/864108632 learned_addr learned my addr 172.21.15.98:0/864108632 (peer_addr_for_me v2:172.21.15.98:0/0)
2024-03-18T20:19:18.227 INFO:teuthology.orchestra.run.smithi098.stdout:/usr/bin/ceph: stderr
2024-03-18T20:19:17.631+0000 7f33252a7700 1 -- 172.21.15.98:0/864108632 --> [v2:172.21.15.98:3300/0,v1:172.21.15.98:6789/0] -- mon_subscribe({config=0+,monmap=0+}) v3 -- 0x7f331c009550 con 0x7f3320106e60
2024-03-18T20:19:18.227 INFO:teuthology.orchestra.run.smithi098.stdout:/usr/bin/ceph: stderr
2024-03-18T20:19:17.632+0000 7f33252a7700 1 --2- 172.21.15.98:0/864108632 >> [v2:172.21.15.98:3300/0,v1:172.21.15.98:6789/0] conn(0x7f3320106e60 0x7f3320199ff0 secure :-1 s=READY pgs=21 cs=0 l=1 rev1=1 crypto rx=0x7f331c006af0 tx=0x7f331c011a50 comp rx=0 tx=0).ready entity=mon.0 client_cookie=0 server_cookie=0 in_seq=0 out_seq=0
2024-03-18T20:19:18.227 INFO:teuthology.orchestra.run.smithi098.stdout:/usr/bin/ceph: stderr
2024-03-18T20:19:17.632+0000 7f33167fc700 1 -- 172.21.15.98:0/864108632 <== mon.0 v2:172.21.15.98:3300/0 1 ==== mon_map magic: 0 v1 ==== 205+0+0 (secure 0 0 0) 0x7f331c003bf0 con 0x7f3320106e60
2024-03-18T20:19:18.227 INFO:teuthology.orchestra.run.smithi098.stdout:/usr/bin/ceph: stderr
2024-03-18T20:19:17.632+0000 7f33167fc700 1 -- 172.21.15.98:0/864108632 <== mon.0 v2:172.21.15.98:3300/0 2 ==== config(25 keys) v1 ==== 1036+0+0 (secure 0 0 0) 0x7f331c01b8b0 con 0x7f3320106e60
2024-03-18T20:19:18.227 INFO:teuthology.orchestra.run.smithi098.stdout:/usr/bin/ceph: stderr
2024-03-18T20:19:17.632+0000 7f33167fc700 1 -- 172.21.15.98:0/864108632 <== mon.0 v2:172.21.15.98:3300/0 3 ==== mon_map magic: 0 v1 ==== 205+0+0 (secure 0 0 0) 0x7f331c023830 con 0x7f3320106e60
2024-03-18T20:19:18.227 INFO:teuthology.orchestra.run.smithi098.stdout:/usr/bin/ceph: stderr
2024-03-18T20:19:17.632+0000 7f332750b700 1 -- 172.21.15.98:0/864108632 --> [v2:172.21.15.98:3300/0,v1:172.21.15.98:6789/0] -- mon_subscribe({mgrmap=0+}) v3 -- 0x7f332019a730 con 0x7f3320106e60
2024-03-18T20:19:18.227 INFO:teuthology.orchestra.run.smithi098.stdout:/usr/bin/ceph: stderr
2024-03-18T20:19:17.632+0000 7f332750b700 1 -- 172.21.15.98:0/864108632 --> [v2:172.21.15.98:3300/0,v1:172.21.15.98:6789/0] -- mon_subscribe({osdmap=0}) v3 -- 0x7f332019abd0 con 0x7f3320106e60
2024-03-18T20:19:18.227 INFO:teuthology.orchestra.run.smithi098.stdout:/usr/bin/ceph: stderr
2024-03-18T20:19:17.633+0000 7f33167fc700 1 -- 172.21.15.98:0/864108632 <== mon.0 v2:172.21.15.98:3300/0 4 ==== mgrmap(e 4) v1 ==== 45522+0+0 (secure 0 0 0) 0x7f331c01b440 con 0x7f3320106e60
2024-03-18T20:19:18.227 INFO:teuthology.orchestra.run.smithi098.stdout:/usr/bin/ceph: stderr
2024-03-18T20:19:17.633+0000 7f332750b700 1 -- 172.21.15.98:0/864108632 --> [v2:172.21.15.98:3300/0,v1:172.21.15.98:6789/0] -- mon_command({"prefix": "get_command_descriptions"} v 0) v1 -- 0x7f332010a4d0 con 0x7f3320106e60
2024-03-18T20:19:18.227 INFO:teuthology.orchestra.run.smithi098.stdout:/usr/bin/ceph: stderr
2024-03-18T20:19:17.633+0000 7f33167fc700 1 --2- 172.21.15.98:0/864108632 >> [v2:172.21.15.98:6800/479479747,v1:172.21.15.98:6801/479479747] conn(0x7f330c0386b0 0x7f330c03ab70 unknown :-1 s=NONE pgs=0 cs=0 l=1 rev1=0 crypto rx=0 tx=0 comp rx=0 tx=0).connect
2024-03-18T20:19:18.228 INFO:teuthology.orchestra.run.smithi098.stdout:/usr/bin/ceph: stderr
2024-03-18T20:19:17.633+0000 7f33167fc700 1 -- 172.21.15.98:0/864108632 <== mon.0 v2:172.21.15.98:3300/0 5 ==== osd_map(1..1 src has 1..1) v4 ==== 725+0+0 (secure 0 0 0) 0x7f331c04cb60 con 0x7f3320106e60
2024-03-18T20:19:18.228 INFO:teuthology.orchestra.run.smithi098.stdout:/usr/bin/ceph: stderr
2024-03-18T20:19:17.633+0000 7f3324aa6700 1 --2- 172.21.15.98:0/864108632 >> [v2:172.21.15.98:6800/479479747,v1:172.21.15.98:6801/479479747] conn(0x7f330c0386b0 0x7f330c03ab70 unknown :-1 s=BANNER_CONNECTING pgs=0 cs=0 l=1 rev1=0 crypto rx=0 tx=0 comp rx=0 tx=0)._handle_peer_banner_payload supported=3 required=0
2024-03-18T20:19:18.228 INFO:teuthology.orchestra.run.smithi098.stdout:/usr/bin/ceph: stderr
2024-03-18T20:19:17.633+0000 7f3324aa6700 1 --2- 172.21.15.98:0/864108632 >> [v2:172.21.15.98:6800/479479747,v1:172.21.15.98:6801/479479747] conn(0x7f330c0386b0 0x7f330c03ab70 secure :-1 s=READY pgs=7 cs=0 l=1 rev1=1 crypto rx=0x7f3310006fd0 tx=0x7f3310006e40 comp rx=0 tx=0).ready entity=mgr.14100 client_cookie=0 server_cookie=0 in_seq=0 out_seq=0
2024-03-18T20:19:18.228 INFO:teuthology.orchestra.run.smithi098.stdout:/usr/bin/ceph: stderr
2024-03-18T20:19:17.638+0000 7f33167fc700 1 -- 172.21.15.98:0/864108632 <== mon.0 v2:172.21.15.98:3300/0 6 ==== mon_command_ack([{"prefix": "get_command_descriptions"}]=0 v0) v1 ==== 72+0+182738 (secure 0 0 0) 0x7f331c01b6f0 con 0x7f3320106e60
2024-03-18T20:19:18.228 INFO:teuthology.orchestra.run.smithi098.stdout:/usr/bin/ceph: stderr
2024-03-18T20:19:17.827+0000 7f332750b700 1 -- 172.21.15.98:0/864108632 --> [v2:172.21.15.98:3300/0,v1:172.21.15.98:6789/0] -- mon_command({"prefix": "config assimilate-conf"} v 0) v1 -- 0x7f332010a6c0 con 0x7f3320106e60
2024-03-18T20:19:18.228 INFO:teuthology.orchestra.run.smithi098.stdout:/usr/bin/ceph: stderr
2024-03-18T20:19:17.828+0000 7f33167fc700 1 -- 172.21.15.98:0/864108632 <== mon.0 v2:172.21.15.98:3300/0 7 ==== mon_command_ack([{"prefix": "config assimilate-conf"}]=0 v3) v1 ==== 70+0+373 (secure 0 0 0) 0x7f331c02b350 con 0x7f3320106e60
2024-03-18T20:19:18.228 INFO:teuthology.orchestra.run.smithi098.stdout:/usr/bin/ceph: stderr
2024-03-18T20:19:17.829+0000 7f332750b700 1 -- 172.21.15.98:0/864108632 >> [v2:172.21.15.98:6800/479479747,v1:172.21.15.98:6801/479479747] conn(0x7f330c0386b0 msgr2=0x7f330c03ab70 secure :-1 s=STATE_CONNECTION_ESTABLISHED l=1).mark_down
2024-03-18T20:19:18.228 INFO:teuthology.orchestra.run.smithi098.stdout:/usr/bin/ceph: stderr
2024-03-18T20:19:17.829+0000 7f332750b700 1 --2- 172.21.15.98:0/864108632 >> [v2:172.21.15.98:6800/479479747,v1:172.21.15.98:6801/479479747] conn(0x7f330c0386b0 0x7f330c03ab70 secure :-1 s=READY pgs=7 cs=0 l=1 rev1=1 crypto rx=0x7f3310006fd0 tx=0x7f3310006e40 comp rx=0 tx=0).stop
2024-03-18T20:19:18.228 INFO:teuthology.orchestra.run.smithi098.stdout:/usr/bin/ceph: stderr
2024-03-18T20:19:17.829+0000 7f332750b700 1 -- 172.21.15.98:0/864108632 >> [v2:172.21.15.98:3300/0,v1:172.21.15.98:6789/0] conn(0x7f3320106e60 msgr2=0x7f3320199ff0 secure :-1 s=STATE_CONNECTION_ESTABLISHED l=1).mark_down
2024-03-18T20:19:18.228 INFO:teuthology.orchestra.run.smithi098.stdout:/usr/bin/ceph: stderr
2024-03-18T20:19:17.830+0000 7f332750b700 1 --2- 172.21.15.98:0/864108632 >> [v2:172.21.15.98:3300/0,v1:172.21.15.98:6789/0] conn(0x7f3320106e60 0x7f3320199ff0 secure :-1 s=READY pgs=21 cs=0 l=1 rev1=1 crypto rx=0x7f331c006af0 tx=0x7f331c011a50 comp rx=0 tx=0).stop
2024-03-18T20:19:18.228 INFO:teuthology.orchestra.run.smithi098.stdout:/usr/bin/ceph: stderr
2024-03-18T20:19:17.830+0000 7f332750b700 1 -- 172.21.15.98:0/864108632 shutdown_connections
2024-03-18T20:19:18.228 INFO:teuthology.orchestra.run.smithi098.stdout:/usr/bin/ceph: stderr
2024-03-18T20:19:17.830+0000 7f332750b700 1 --2- 172.21.15.98:0/864108632 >> [v2:172.21.15.98:6800/479479747,v1:172.21.15.98:6801/479479747] conn(0x7f330c0386b0 0x7f330c03ab70 unknown :-1 s=CLOSED pgs=7 cs=0 l=1 rev1=1 crypto rx=0 tx=0 comp rx=0 tx=0).stop
2024-03-18T20:19:18.228 INFO:teuthology.orchestra.run.smithi098.stdout:/usr/bin/ceph: stderr
2024-03-18T20:19:17.830+0000 7f332750b700 1 --2- 172.21.15.98:0/864108632 >> [v2:172.21.15.98:3300/0,v1:172.21.15.98:6789/0] conn(0x7f3320106e60 0x7f3320199ff0 unknown :-1 s=CLOSED pgs=21 cs=0 l=1 rev1=1 crypto rx=0 tx=0 comp rx=0 tx=0).stop
2024-03-18T20:19:18.228 INFO:teuthology.orchestra.run.smithi098.stdout:/usr/bin/ceph: stderr
2024-03-18T20:19:17.830+0000 7f332750b700 1 -- 172.21.15.98:0/864108632 >> 172.21.15.98:0/864108632 conn(0x7f33201008b0 msgr2=0x7f33201013a0 unknown :-1 s=STATE_NONE l=0).mark_down
2024-03-18T20:19:18.229 INFO:teuthology.orchestra.run.smithi098.stdout:/usr/bin/ceph: stderr
2024-03-18T20:19:17.830+0000 7f332750b700 1 -- 172.21.15.98:0/864108632 shutdown_connections
2024-03-18T20:19:18.229 INFO:teuthology.orchestra.run.smithi098.stdout:/usr/bin/ceph: stderr
2024-03-18T20:19:17.830+0000 7f332750b700 1 -- 172.21.15.98:0/864108632 wait complete.
2024-03-18T20:19:18.229 INFO:teuthology.orchestra.run.smithi098.stdout:Enabling cephadm module...
2024-03-18T20:19:19.161 INFO:journalctl@ceph.mon.a.smithi098.stdout:Mar 18 20:19:18 smithi098 ceph-mon[43462]: from='client.? 172.21.15.98:0/2523259312' entity='client.admin' cmd=[{"prefix": "mgr module enable", "module": "cephadm"}]: dispatch
2024-03-18T20:19:19.161 INFO:journalctl@ceph.mgr.x.smithi098.stdout:Mar 18 20:19:18 smithi098 ceph-a6e2b072-e564-11ee-95c9-87774f69a715-mgr-x[43714]: ignoring --setuser ceph since I am not root
2024-03-18T20:19:19.162 INFO:journalctl@ceph.mgr.x.smithi098.stdout:Mar 18 20:19:18 smithi098 ceph-a6e2b072-e564-11ee-95c9-87774f69a715-mgr-x[43714]: ignoring --setgroup ceph since I am not root
2024-03-18T20:19:19.255 INFO:teuthology.orchestra.run.smithi098.stdout:/usr/bin/ceph: stderr
2024-03-18T20:19:18.552+0000 7f11b24f4700 1 Processor -- start
2024-03-18T20:19:19.255 INFO:teuthology.orchestra.run.smithi098.stdout:/usr/bin/ceph: stderr
2024-03-18T20:19:18.552+0000 7f11b24f4700 1 -- start start
2024-03-18T20:19:19.255 INFO:teuthology.orchestra.run.smithi098.stdout:/usr/bin/ceph: stderr
2024-03-18T20:19:18.552+0000 7f11b24f4700 1 --2- >> [v2:172.21.15.98:3300/0,v1:172.21.15.98:6789/0] conn(0x7f11ac106eb0 0x7f11ac1092a0 unknown :-1 s=NONE pgs=0 cs=0 l=0 rev1=0 crypto rx=0 tx=0 comp rx=0 tx=0).connect
2024-03-18T20:19:19.256 INFO:teuthology.orchestra.run.smithi098.stdout:/usr/bin/ceph: stderr
2024-03-18T20:19:18.552+0000 7f11b24f4700 1 -- --> [v2:172.21.15.98:3300/0,v1:172.21.15.98:6789/0] -- mon_getmap magic: 0 v1 -- 0x7f11ac079e10 con 0x7f11ac106eb0
2024-03-18T20:19:19.256 INFO:teuthology.orchestra.run.smithi098.stdout:/usr/bin/ceph: stderr
2024-03-18T20:19:18.552+0000 7f11abfff700 1 --2- >> [v2:172.21.15.98:3300/0,v1:172.21.15.98:6789/0] conn(0x7f11ac106eb0 0x7f11ac1092a0 unknown :-1 s=BANNER_CONNECTING pgs=0 cs=0 l=0 rev1=0 crypto rx=0 tx=0 comp rx=0 tx=0)._handle_peer_banner_payload supported=3 required=0
2024-03-18T20:19:19.256 INFO:teuthology.orchestra.run.smithi098.stdout:/usr/bin/ceph: stderr
2024-03-18T20:19:18.552+0000 7f11abfff700 1 --2- >> [v2:172.21.15.98:3300/0,v1:172.21.15.98:6789/0] conn(0x7f11ac106eb0 0x7f11ac1092a0 unknown :-1 s=HELLO_CONNECTING pgs=0 cs=0 l=0 rev1=1 crypto rx=0 tx=0 comp rx=0 tx=0).handle_hello peer v2:172.21.15.98:3300/0 says I am v2:172.21.15.98:57578/0 (socket says 172.21.15.98:57578)
2024-03-18T20:19:19.256 INFO:teuthology.orchestra.run.smithi098.stdout:/usr/bin/ceph: stderr
2024-03-18T20:19:18.552+0000 7f11abfff700 1 -- 172.21.15.98:0/3459826801 learned_addr learned my addr 172.21.15.98:0/3459826801 (peer_addr_for_me v2:172.21.15.98:0/0)
2024-03-18T20:19:19.256 INFO:teuthology.orchestra.run.smithi098.stdout:/usr/bin/ceph: stderr
2024-03-18T20:19:18.553+0000 7f11abfff700 1 -- 172.21.15.98:0/3459826801 --> [v2:172.21.15.98:3300/0,v1:172.21.15.98:6789/0] -- mon_subscribe({config=0+,monmap=0+}) v3 -- 0x7f11ac1097e0 con 0x7f11ac106eb0
2024-03-18T20:19:19.256 INFO:teuthology.orchestra.run.smithi098.stdout:/usr/bin/ceph: stderr
2024-03-18T20:19:18.553+0000 7f11abfff700 1 --2- 172.21.15.98:0/3459826801 >> [v2:172.21.15.98:3300/0,v1:172.21.15.98:6789/0] conn(0x7f11ac106eb0 0x7f11ac1092a0 secure :-1 s=READY pgs=22 cs=0 l=1 rev1=1 crypto rx=0x7f119c0098a0 tx=0x7f119c009bb0 comp rx=0 tx=0).ready entity=mon.0 client_cookie=36d6f56c59ba326a server_cookie=0 in_seq=0 out_seq=0
2024-03-18T20:19:19.256 INFO:teuthology.orchestra.run.smithi098.stdout:/usr/bin/ceph: stderr
2024-03-18T20:19:18.553+0000 7f11aaffd700 1 -- 172.21.15.98:0/3459826801 <== mon.0 v2:172.21.15.98:3300/0 1 ==== mon_map magic: 0 v1 ==== 205+0+0 (secure 0 0 0) 0x7f119c004160 con 0x7f11ac106eb0
2024-03-18T20:19:19.256 INFO:teuthology.orchestra.run.smithi098.stdout:/usr/bin/ceph: stderr
2024-03-18T20:19:18.553+0000 7f11aaffd700 1 -- 172.21.15.98:0/3459826801 <== mon.0 v2:172.21.15.98:3300/0 2 ==== config(25 keys) v1 ==== 1036+0+0 (secure 0 0 0) 0x7f119c0042c0 con 0x7f11ac106eb0
2024-03-18T20:19:19.256 INFO:teuthology.orchestra.run.smithi098.stdout:/usr/bin/ceph: stderr
2024-03-18T20:19:18.553+0000 7f11aaffd700 1 -- 172.21.15.98:0/3459826801 <== mon.0 v2:172.21.15.98:3300/0 3 ==== mon_map magic: 0 v1 ==== 205+0+0 (secure 0 0 0) 0x7f119c011940 con 0x7f11ac106eb0
2024-03-18T20:19:19.256 INFO:teuthology.orchestra.run.smithi098.stdout:/usr/bin/ceph: stderr
2024-03-18T20:19:18.553+0000 7f11b24f4700 1 -- 172.21.15.98:0/3459826801 >> [v2:172.21.15.98:3300/0,v1:172.21.15.98:6789/0] conn(0x7f11ac106eb0 msgr2=0x7f11ac1092a0 secure :-1 s=STATE_CONNECTION_ESTABLISHED l=1).mark_down
2024-03-18T20:19:19.256 INFO:teuthology.orchestra.run.smithi098.stdout:/usr/bin/ceph: stderr
2024-03-18T20:19:18.553+0000 7f11b24f4700 1 --2- 172.21.15.98:0/3459826801 >> [v2:172.21.15.98:3300/0,v1:172.21.15.98:6789/0] conn(0x7f11ac106eb0 0x7f11ac1092a0 secure :-1 s=READY pgs=22 cs=0 l=1 rev1=1 crypto rx=0x7f119c0098a0 tx=0x7f119c009bb0 comp rx=0 tx=0).stop
2024-03-18T20:19:19.256 INFO:teuthology.orchestra.run.smithi098.stdout:/usr/bin/ceph: stderr
2024-03-18T20:19:18.553+0000 7f11b24f4700 1 -- 172.21.15.98:0/3459826801 shutdown_connections
2024-03-18T20:19:19.256 INFO:teuthology.orchestra.run.smithi098.stdout:/usr/bin/ceph: stderr
2024-03-18T20:19:18.553+0000 7f11b24f4700 1 --2- 172.21.15.98:0/3459826801 >> [v2:172.21.15.98:3300/0,v1:172.21.15.98:6789/0] conn(0x7f11ac106eb0 0x7f11ac1092a0 unknown :-1 s=CLOSED pgs=22 cs=0 l=1 rev1=1 crypto rx=0 tx=0 comp rx=0 tx=0).stop
2024-03-18T20:19:19.256 INFO:teuthology.orchestra.run.smithi098.stdout:/usr/bin/ceph: stderr
2024-03-18T20:19:18.553+0000 7f11b24f4700 1 -- 172.21.15.98:0/3459826801 >> 172.21.15.98:0/3459826801 conn(0x7f11ac1008a0 msgr2=0x7f11ac102cc0 unknown :-1 s=STATE_NONE l=0).mark_down
2024-03-18T20:19:19.257 INFO:teuthology.orchestra.run.smithi098.stdout:/usr/bin/ceph: stderr
2024-03-18T20:19:18.553+0000 7f11b24f4700 1 -- 172.21.15.98:0/3459826801 shutdown_connections
2024-03-18T20:19:19.257 INFO:teuthology.orchestra.run.smithi098.stdout:/usr/bin/ceph: stderr
2024-03-18T20:19:18.554+0000 7f11b24f4700 1 -- 172.21.15.98:0/3459826801 wait complete.
2024-03-18T20:19:19.257 INFO:teuthology.orchestra.run.smithi098.stdout:/usr/bin/ceph: stderr
2024-03-18T20:19:18.554+0000 7f11b24f4700 1 Processor -- start
2024-03-18T20:19:19.257 INFO:teuthology.orchestra.run.smithi098.stdout:/usr/bin/ceph: stderr
2024-03-18T20:19:18.554+0000 7f11b24f4700 1 -- start start
2024-03-18T20:19:19.257 INFO:teuthology.orchestra.run.smithi098.stdout:/usr/bin/ceph: stderr
2024-03-18T20:19:18.554+0000 7f11b24f4700 1 --2- >> [v2:172.21.15.98:3300/0,v1:172.21.15.98:6789/0] conn(0x7f11ac106eb0 0x7f11ac1066e0 unknown :-1 s=NONE pgs=0 cs=0 l=1 rev1=0 crypto rx=0 tx=0 comp rx=0 tx=0).connect
2024-03-18T20:19:19.257 INFO:teuthology.orchestra.run.smithi098.stdout:/usr/bin/ceph: stderr
2024-03-18T20:19:18.554+0000 7f11b24f4700 1 -- --> [v2:172.21.15.98:3300/0,v1:172.21.15.98:6789/0] -- mon_getmap magic: 0 v1 -- 0x7f11ac106c20 con 0x7f11ac106eb0
2024-03-18T20:19:19.257 INFO:teuthology.orchestra.run.smithi098.stdout:/usr/bin/ceph: stderr
2024-03-18T20:19:18.554+0000 7f11abfff700 1 --2- >> [v2:172.21.15.98:3300/0,v1:172.21.15.98:6789/0] conn(0x7f11ac106eb0 0x7f11ac1066e0 unknown :-1 s=BANNER_CONNECTING pgs=0 cs=0 l=1 rev1=0 crypto rx=0 tx=0 comp rx=0 tx=0)._handle_peer_banner_payload supported=3 required=0
2024-03-18T20:19:19.257 INFO:teuthology.orchestra.run.smithi098.stdout:/usr/bin/ceph: stderr
2024-03-18T20:19:18.555+0000 7f11abfff700 1 --2- >> [v2:172.21.15.98:3300/0,v1:172.21.15.98:6789/0] conn(0x7f11ac106eb0 0x7f11ac1066e0 unknown :-1 s=HELLO_CONNECTING pgs=0 cs=0 l=1 rev1=1 crypto rx=0 tx=0 comp rx=0 tx=0).handle_hello peer v2:172.21.15.98:3300/0 says I am v2:172.21.15.98:57592/0 (socket says 172.21.15.98:57592)
2024-03-18T20:19:19.257 INFO:teuthology.orchestra.run.smithi098.stdout:/usr/bin/ceph: stderr
2024-03-18T20:19:18.555+0000 7f11abfff700 1 -- 172.21.15.98:0/2523259312 learned_addr learned my addr 172.21.15.98:0/2523259312 (peer_addr_for_me v2:172.21.15.98:0/0)
2024-03-18T20:19:19.257 INFO:teuthology.orchestra.run.smithi098.stdout:/usr/bin/ceph: stderr
2024-03-18T20:19:18.555+0000 7f11abfff700 1 -- 172.21.15.98:0/2523259312 --> [v2:172.21.15.98:3300/0,v1:172.21.15.98:6789/0] -- mon_subscribe({config=0+,monmap=0+}) v3 -- 0x7f119c009550 con 0x7f11ac106eb0
2024-03-18T20:19:19.257 INFO:teuthology.orchestra.run.smithi098.stdout:/usr/bin/ceph: stderr
2024-03-18T20:19:18.555+0000 7f11abfff700 1 --2- 172.21.15.98:0/2523259312 >> [v2:172.21.15.98:3300/0,v1:172.21.15.98:6789/0] conn(0x7f11ac106eb0 0x7f11ac1066e0 secure :-1 s=READY pgs=23 cs=0 l=1 rev1=1 crypto rx=0x7f119c003f20 tx=0x7f119c011f00 comp rx=0 tx=0).ready entity=mon.0 client_cookie=0 server_cookie=0 in_seq=0 out_seq=0
2024-03-18T20:19:19.257 INFO:teuthology.orchestra.run.smithi098.stdout:/usr/bin/ceph: stderr
2024-03-18T20:19:18.555+0000 7f11a97fa700 1 -- 172.21.15.98:0/2523259312 <== mon.0 v2:172.21.15.98:3300/0 1 ==== mon_map magic: 0 v1 ==== 205+0+0 (secure 0 0 0) 0x7f119c0037d0 con 0x7f11ac106eb0
2024-03-18T20:19:19.257 INFO:teuthology.orchestra.run.smithi098.stdout:/usr/bin/ceph: stderr
2024-03-18T20:19:18.555+0000 7f11a97fa700 1 -- 172.21.15.98:0/2523259312 <== mon.0 v2:172.21.15.98:3300/0 2 ==== config(25 keys) v1 ==== 1036+0+0 (secure 0 0 0) 0x7f119c01b440 con 0x7f11ac106eb0
2024-03-18T20:19:19.258 INFO:teuthology.orchestra.run.smithi098.stdout:/usr/bin/ceph: stderr
2024-03-18T20:19:18.555+0000 7f11a97fa700 1 -- 172.21.15.98:0/2523259312 <== mon.0 v2:172.21.15.98:3300/0 3 ==== mon_map magic: 0 v1 ==== 205+0+0 (secure 0 0 0) 0x7f119c023590 con 0x7f11ac106eb0
2024-03-18T20:19:19.258 INFO:teuthology.orchestra.run.smithi098.stdout:/usr/bin/ceph: stderr
2024-03-18T20:19:18.555+0000 7f11b24f4700 1 -- 172.21.15.98:0/2523259312 --> [v2:172.21.15.98:3300/0,v1:172.21.15.98:6789/0] -- mon_subscribe({mgrmap=0+}) v3 -- 0x7f11ac104e60 con 0x7f11ac106eb0
2024-03-18T20:19:19.258 INFO:teuthology.orchestra.run.smithi098.stdout:/usr/bin/ceph: stderr
2024-03-18T20:19:18.555+0000 7f11b24f4700 1 -- 172.21.15.98:0/2523259312 --> [v2:172.21.15.98:3300/0,v1:172.21.15.98:6789/0] -- mon_subscribe({osdmap=0}) v3 -- 0x7f11ac105300 con 0x7f11ac106eb0
2024-03-18T20:19:19.258 INFO:teuthology.orchestra.run.smithi098.stdout:/usr/bin/ceph: stderr
2024-03-18T20:19:18.556+0000 7f11a97fa700 1 -- 172.21.15.98:0/2523259312 <== mon.0 v2:172.21.15.98:3300/0 4 ==== mgrmap(e 4) v1 ==== 45522+0+0 (secure 0 0 0) 0x7f119c023800 con 0x7f11ac106eb0
2024-03-18T20:19:19.258 INFO:teuthology.orchestra.run.smithi098.stdout:/usr/bin/ceph: stderr
2024-03-18T20:19:18.556+0000 7f11a97fa700 1 --2- 172.21.15.98:0/2523259312 >> [v2:172.21.15.98:6800/479479747,v1:172.21.15.98:6801/479479747] conn(0x7f1194038700 0x7f119403abc0 unknown :-1 s=NONE pgs=0 cs=0 l=1 rev1=0 crypto rx=0 tx=0 comp rx=0 tx=0).connect
2024-03-18T20:19:19.258 INFO:teuthology.orchestra.run.smithi098.stdout:/usr/bin/ceph: stderr
2024-03-18T20:19:18.556+0000 7f11a97fa700 1 -- 172.21.15.98:0/2523259312 <== mon.0 v2:172.21.15.98:3300/0 5 ==== osd_map(1..1 src has 1..1) v4 ==== 725+0+0 (secure 0 0 0) 0x7f119c04c620 con 0x7f11ac106eb0
2024-03-18T20:19:19.258 INFO:teuthology.orchestra.run.smithi098.stdout:/usr/bin/ceph: stderr
2024-03-18T20:19:18.556+0000 7f11b24f4700 1 -- 172.21.15.98:0/2523259312 --> [v2:172.21.15.98:3300/0,v1:172.21.15.98:6789/0] -- mon_command({"prefix": "get_command_descriptions"} v 0) v1 -- 0x7f11ac10a4d0 con 0x7f11ac106eb0
2024-03-18T20:19:19.258 INFO:teuthology.orchestra.run.smithi098.stdout:/usr/bin/ceph: stderr
2024-03-18T20:19:18.556+0000 7f11ab7fe700 1 --2- 172.21.15.98:0/2523259312 >> [v2:172.21.15.98:6800/479479747,v1:172.21.15.98:6801/479479747] conn(0x7f1194038700 0x7f119403abc0 unknown :-1 s=BANNER_CONNECTING pgs=0 cs=0 l=1 rev1=0 crypto rx=0 tx=0 comp rx=0 tx=0)._handle_peer_banner_payload supported=3 required=0
2024-03-18T20:19:19.258 INFO:teuthology.orchestra.run.smithi098.stdout:/usr/bin/ceph: stderr
2024-03-18T20:19:18.556+0000 7f11ab7fe700 1 --2- 172.21.15.98:0/2523259312 >> [v2:172.21.15.98:6800/479479747,v1:172.21.15.98:6801/479479747] conn(0x7f1194038700 0x7f119403abc0 secure :-1 s=READY pgs=8 cs=0 l=1 rev1=1 crypto rx=0x7f11a0006fd0 tx=0x7f11a0006e40 comp rx=0 tx=0).ready entity=mgr.14100 client_cookie=0 server_cookie=0 in_seq=0 out_seq=0
2024-03-18T20:19:19.258 INFO:teuthology.orchestra.run.smithi098.stdout:/usr/bin/ceph: stderr
2024-03-18T20:19:18.561+0000 7f11a97fa700 1 -- 172.21.15.98:0/2523259312 <== mon.0 v2:172.21.15.98:3300/0 6 ==== mon_command_ack([{"prefix": "get_command_descriptions"}]=0 v0) v1 ==== 72+0+182738 (secure 0 0 0) 0x7f119c023ab0 con 0x7f11ac106eb0
2024-03-18T20:19:19.258 INFO:teuthology.orchestra.run.smithi098.stdout:/usr/bin/ceph: stderr
2024-03-18T20:19:18.804+0000 7f11b24f4700 1 -- 172.21.15.98:0/2523259312 --> [v2:172.21.15.98:3300/0,v1:172.21.15.98:6789/0] -- mon_command({"prefix": "mgr module enable", "module": "cephadm"} v 0) v1 -- 0x7f11ac10a6c0 con 0x7f11ac106eb0
2024-03-18T20:19:19.258 INFO:teuthology.orchestra.run.smithi098.stdout:/usr/bin/ceph: stderr
2024-03-18T20:19:18.882+0000 7f11a97fa700 1 -- 172.21.15.98:0/2523259312 <== mon.0 v2:172.21.15.98:3300/0 7 ==== mgrmap(e 5) v1 ==== 45533+0+0 (secure 0 0 0) 0x7f119c02c910 con 0x7f11ac106eb0
2024-03-18T20:19:19.259 INFO:teuthology.orchestra.run.smithi098.stdout:/usr/bin/ceph: stderr
2024-03-18T20:19:18.883+0000 7f11a97fa700 1 -- 172.21.15.98:0/2523259312 <== mon.0 v2:172.21.15.98:3300/0 8 ==== mon_command_ack([{"prefix": "mgr module enable", "module": "cephadm"}]=0 v5) v1 ==== 86+0+0 (secure 0 0 0) 0x7f119c04c040 con 0x7f11ac106eb0
2024-03-18T20:19:19.259 INFO:teuthology.orchestra.run.smithi098.stdout:/usr/bin/ceph: stderr
2024-03-18T20:19:18.886+0000 7f11b24f4700 1 -- 172.21.15.98:0/2523259312 >> [v2:172.21.15.98:6800/479479747,v1:172.21.15.98:6801/479479747] conn(0x7f1194038700 msgr2=0x7f119403abc0 secure :-1 s=STATE_CONNECTION_ESTABLISHED l=1).mark_down
2024-03-18T20:19:19.259 INFO:teuthology.orchestra.run.smithi098.stdout:/usr/bin/ceph: stderr
2024-03-18T20:19:18.886+0000 7f11b24f4700 1 --2- 172.21.15.98:0/2523259312 >> [v2:172.21.15.98:6800/479479747,v1:172.21.15.98:6801/479479747] conn(0x7f1194038700 0x7f119403abc0 secure :-1 s=READY pgs=8 cs=0 l=1 rev1=1 crypto rx=0x7f11a0006fd0 tx=0x7f11a0006e40 comp rx=0 tx=0).stop
2024-03-18T20:19:19.259 INFO:teuthology.orchestra.run.smithi098.stdout:/usr/bin/ceph: stderr
2024-03-18T20:19:18.886+0000 7f11b24f4700 1 -- 172.21.15.98:0/2523259312 >> [v2:172.21.15.98:3300/0,v1:172.21.15.98:6789/0] conn(0x7f11ac106eb0 msgr2=0x7f11ac1066e0 secure :-1 s=STATE_CONNECTION_ESTABLISHED l=1).mark_down
2024-03-18T20:19:19.259 INFO:teuthology.orchestra.run.smithi098.stdout:/usr/bin/ceph: stderr
2024-03-18T20:19:18.886+0000 7f11b24f4700 1 --2- 172.21.15.98:0/2523259312 >> [v2:172.21.15.98:3300/0,v1:172.21.15.98:6789/0] conn(0x7f11ac106eb0 0x7f11ac1066e0 secure :-1 s=READY pgs=23 cs=0 l=1 rev1=1 crypto rx=0x7f119c003f20 tx=0x7f119c011f00 comp rx=0 tx=0).stop
2024-03-18T20:19:19.259 INFO:teuthology.orchestra.run.smithi098.stdout:/usr/bin/ceph: stderr
2024-03-18T20:19:18.886+0000 7f11b24f4700 1 -- 172.21.15.98:0/2523259312 shutdown_connections
2024-03-18T20:19:19.259 INFO:teuthology.orchestra.run.smithi098.stdout:/usr/bin/ceph: stderr
2024-03-18T20:19:18.886+0000 7f11b24f4700 1 --2- 172.21.15.98:0/2523259312 >> [v2:172.21.15.98:6800/479479747,v1:172.21.15.98:6801/479479747] conn(0x7f1194038700 0x7f119403abc0 unknown :-1 s=CLOSED pgs=8 cs=0 l=1 rev1=1 crypto rx=0 tx=0 comp rx=0 tx=0).stop
2024-03-18T20:19:19.259 INFO:teuthology.orchestra.run.smithi098.stdout:/usr/bin/ceph: stderr
2024-03-18T20:19:18.887+0000 7f11b24f4700 1 --2- 172.21.15.98:0/2523259312 >> [v2:172.21.15.98:3300/0,v1:172.21.15.98:6789/0] conn(0x7f11ac106eb0 0x7f11ac1066e0 unknown :-1 s=CLOSED pgs=23 cs=0 l=1 rev1=1 crypto rx=0 tx=0 comp rx=0 tx=0).stop
2024-03-18T20:19:19.259 INFO:teuthology.orchestra.run.smithi098.stdout:/usr/bin/ceph: stderr
2024-03-18T20:19:18.887+0000 7f11b24f4700 1 -- 172.21.15.98:0/2523259312 >> 172.21.15.98:0/2523259312 conn(0x7f11ac1008a0 msgr2=0x7f11ac101370 unknown :-1 s=STATE_NONE l=0).mark_down
2024-03-18T20:19:19.259 INFO:teuthology.orchestra.run.smithi098.stdout:/usr/bin/ceph: stderr
2024-03-18T20:19:18.887+0000 7f11b24f4700 1 -- 172.21.15.98:0/2523259312 shutdown_connections
2024-03-18T20:19:19.259 INFO:teuthology.orchestra.run.smithi098.stdout:/usr/bin/ceph: stderr
2024-03-18T20:19:18.887+0000 7f11b24f4700 1 -- 172.21.15.98:0/2523259312 wait complete.
2024-03-18T20:19:19.425 INFO:journalctl@ceph.mgr.x.smithi098.stdout:Mar 18 20:19:19 smithi098 ceph-a6e2b072-e564-11ee-95c9-87774f69a715-mgr-x[43714]:
2024-03-18T20:19:19.321+0000 7f573e407200 -1 mgr[py] Module prometheus has missing NOTIFY_TYPES member
2024-03-18T20:19:19.842 INFO:journalctl@ceph.mgr.x.smithi098.stdout:Mar 18 20:19:19 smithi098 ceph-a6e2b072-e564-11ee-95c9-87774f69a715-mgr-x[43714]:
2024-03-18T20:19:19.421+0000 7f573e407200 -1 mgr[py] Module alerts has missing NOTIFY_TYPES member
2024-03-18T20:19:19.843 INFO:journalctl@ceph.mgr.x.smithi098.stdout:Mar 18 20:19:19 smithi098 ceph-a6e2b072-e564-11ee-95c9-87774f69a715-mgr-x[43714]:
2024-03-18T20:19:19.512+0000 7f573e407200 -1 mgr[py] Module osd_perf_query has missing NOTIFY_TYPES member
2024-03-18T20:19:19.843 INFO:journalctl@ceph.mgr.x.smithi098.stdout:Mar 18 20:19:19 smithi098 ceph-a6e2b072-e564-11ee-95c9-87774f69a715-mgr-x[43714]:
2024-03-18T20:19:19.601+0000 7f573e407200 -1 mgr[py] Module progress has missing NOTIFY_TYPES member
2024-03-18T20:19:20.152 INFO:journalctl@ceph.mon.a.smithi098.stdout:Mar 18 20:19:19 smithi098 ceph-mon[43462]: from='client.? 172.21.15.98:0/2523259312' entity='client.admin' cmd='[{"prefix": "mgr module enable", "module": "cephadm"}]': finished
2024-03-18T20:19:20.152 INFO:journalctl@ceph.mon.a.smithi098.stdout:Mar 18 20:19:19 smithi098 ceph-mon[43462]: mgrmap e5: x(active, since 9s)
2024-03-18T20:19:20.152 INFO:journalctl@ceph.mon.a.smithi098.stdout:Mar 18 20:19:19 smithi098 ceph-mon[43462]: from='client.? 172.21.15.98:0/3476140091' entity='client.admin' cmd=[{"prefix": "mgr stat"}]: dispatch
2024-03-18T20:19:20.206 INFO:teuthology.orchestra.run.smithi098.stdout:/usr/bin/ceph: stdout {
2024-03-18T20:19:20.206 INFO:teuthology.orchestra.run.smithi098.stdout:/usr/bin/ceph: stdout "epoch": 5,
2024-03-18T20:19:20.206 INFO:teuthology.orchestra.run.smithi098.stdout:/usr/bin/ceph: stdout "available": true,
2024-03-18T20:19:20.206 INFO:teuthology.orchestra.run.smithi098.stdout:/usr/bin/ceph: stdout "active_name": "x",
2024-03-18T20:19:20.207 INFO:teuthology.orchestra.run.smithi098.stdout:/usr/bin/ceph: stdout "num_standby": 0
