2024-03-18T20:29:07.406+0000 7f74e959a700 1 -- 172.21.15.46:0/3898283024 <== mon.0 v2:172.21.15.46:3300/0 3 ==== mon_map magic: 0 v1 ==== 205+0+0 (secure 0 0 0) 0x7f74dc011a00 con 0x7f74ec107090
2024-03-18T20:29:08.049 INFO:teuthology.orchestra.run.smithi046.stdout:/usr/bin/ceph: stderr
2024-03-18T20:29:07.406+0000 7f74f0fdd700 1 -- 172.21.15.46:0/3898283024 >> [v2:172.21.15.46:3300/0,v1:172.21.15.46:6789/0] conn(0x7f74ec107090 msgr2=0x7f74ec109480 secure :-1 s=STATE_CONNECTION_ESTABLISHED l=1).mark_down
2024-03-18T20:29:08.049 INFO:teuthology.orchestra.run.smithi046.stdout:/usr/bin/ceph: stderr
2024-03-18T20:29:07.406+0000 7f74f0fdd700 1 --2- 172.21.15.46:0/3898283024 >> [v2:172.21.15.46:3300/0,v1:172.21.15.46:6789/0] conn(0x7f74ec107090 0x7f74ec109480 secure :-1 s=READY pgs=26 cs=0 l=1 rev1=1 crypto rx=0x7f74dc0098a0 tx=0x7f74dc009bb0 comp rx=0 tx=0).stop
2024-03-18T20:29:08.049 INFO:teuthology.orchestra.run.smithi046.stdout:/usr/bin/ceph: stderr
2024-03-18T20:29:07.406+0000 7f74f0fdd700 1 -- 172.21.15.46:0/3898283024 shutdown_connections
2024-03-18T20:29:08.049 INFO:teuthology.orchestra.run.smithi046.stdout:/usr/bin/ceph: stderr
2024-03-18T20:29:07.406+0000 7f74f0fdd700 1 --2- 172.21.15.46:0/3898283024 >> [v2:172.21.15.46:3300/0,v1:172.21.15.46:6789/0] conn(0x7f74ec107090 0x7f74ec109480 unknown :-1 s=CLOSED pgs=26 cs=0 l=1 rev1=1 crypto rx=0 tx=0 comp rx=0 tx=0).stop
2024-03-18T20:29:08.049 INFO:teuthology.orchestra.run.smithi046.stdout:/usr/bin/ceph: stderr
2024-03-18T20:29:07.406+0000 7f74f0fdd700 1 -- 172.21.15.46:0/3898283024 >> 172.21.15.46:0/3898283024 conn(0x7f74ec100aa0 msgr2=0x7f74ec102ec0 unknown :-1 s=STATE_NONE l=0).mark_down
2024-03-18T20:29:08.049 INFO:teuthology.orchestra.run.smithi046.stdout:/usr/bin/ceph: stderr
2024-03-18T20:29:07.407+0000 7f74f0fdd700 1 -- 172.21.15.46:0/3898283024 shutdown_connections
2024-03-18T20:29:08.049 INFO:teuthology.orchestra.run.smithi046.stdout:/usr/bin/ceph: stderr
2024-03-18T20:29:07.407+0000 7f74f0fdd700 1 -- 172.21.15.46:0/3898283024 wait complete.
2024-03-18T20:29:08.049 INFO:teuthology.orchestra.run.smithi046.stdout:/usr/bin/ceph: stderr
2024-03-18T20:29:07.407+0000 7f74f0fdd700 1 Processor -- start
2024-03-18T20:29:08.049 INFO:teuthology.orchestra.run.smithi046.stdout:/usr/bin/ceph: stderr
2024-03-18T20:29:07.407+0000 7f74f0fdd700 1 -- start start
2024-03-18T20:29:08.049 INFO:teuthology.orchestra.run.smithi046.stdout:/usr/bin/ceph: stderr
2024-03-18T20:29:07.408+0000 7f74f0fdd700 1 --2- >> [v2:172.21.15.46:3300/0,v1:172.21.15.46:6789/0] conn(0x7f74ec107090 0x7f74ec19c540 unknown :-1 s=NONE pgs=0 cs=0 l=1 rev1=0 crypto rx=0 tx=0 comp rx=0 tx=0).connect
2024-03-18T20:29:08.049 INFO:teuthology.orchestra.run.smithi046.stdout:/usr/bin/ceph: stderr
2024-03-18T20:29:07.408+0000 7f74f0fdd700 1 -- --> [v2:172.21.15.46:3300/0,v1:172.21.15.46:6789/0] -- mon_getmap magic: 0 v1 -- 0x7f74ec19ca80 con 0x7f74ec107090
2024-03-18T20:29:08.049 INFO:teuthology.orchestra.run.smithi046.stdout:/usr/bin/ceph: stderr
2024-03-18T20:29:07.408+0000 7f74ea59c700 1 --2- >> [v2:172.21.15.46:3300/0,v1:172.21.15.46:6789/0] conn(0x7f74ec107090 0x7f74ec19c540 unknown :-1 s=BANNER_CONNECTING pgs=0 cs=0 l=1 rev1=0 crypto rx=0 tx=0 comp rx=0 tx=0)._handle_peer_banner_payload supported=3 required=0
2024-03-18T20:29:08.049 INFO:teuthology.orchestra.run.smithi046.stdout:/usr/bin/ceph: stderr
2024-03-18T20:29:07.408+0000 7f74ea59c700 1 --2- >> [v2:172.21.15.46:3300/0,v1:172.21.15.46:6789/0] conn(0x7f74ec107090 0x7f74ec19c540 unknown :-1 s=HELLO_CONNECTING pgs=0 cs=0 l=1 rev1=1 crypto rx=0 tx=0 comp rx=0 tx=0).handle_hello peer v2:172.21.15.46:3300/0 says I am v2:172.21.15.46:42738/0 (socket says 172.21.15.46:42738)
2024-03-18T20:29:08.050 INFO:teuthology.orchestra.run.smithi046.stdout:/usr/bin/ceph: stderr
2024-03-18T20:29:07.408+0000 7f74ea59c700 1 -- 172.21.15.46:0/1045389368 learned_addr learned my addr 172.21.15.46:0/1045389368 (peer_addr_for_me v2:172.21.15.46:0/0)
2024-03-18T20:29:08.050 INFO:teuthology.orchestra.run.smithi046.stdout:/usr/bin/ceph: stderr
2024-03-18T20:29:07.408+0000 7f74ea59c700 1 -- 172.21.15.46:0/1045389368 --> [v2:172.21.15.46:3300/0,v1:172.21.15.46:6789/0] -- mon_subscribe({config=0+,monmap=0+}) v3 -- 0x7f74dc009550 con 0x7f74ec107090
2024-03-18T20:29:08.050 INFO:teuthology.orchestra.run.smithi046.stdout:/usr/bin/ceph: stderr
2024-03-18T20:29:07.408+0000 7f74ea59c700 1 --2- 172.21.15.46:0/1045389368 >> [v2:172.21.15.46:3300/0,v1:172.21.15.46:6789/0] conn(0x7f74ec107090 0x7f74ec19c540 secure :-1 s=READY pgs=27 cs=0 l=1 rev1=1 crypto rx=0x7f74dc009fb0 tx=0x7f74dc011ad0 comp rx=0 tx=0).ready entity=mon.0 client_cookie=0 server_cookie=0 in_seq=0 out_seq=0
2024-03-18T20:29:08.050 INFO:teuthology.orchestra.run.smithi046.stdout:/usr/bin/ceph: stderr
2024-03-18T20:29:07.408+0000 7f74db7fe700 1 -- 172.21.15.46:0/1045389368 <== mon.0 v2:172.21.15.46:3300/0 1 ==== mon_map magic: 0 v1 ==== 205+0+0 (secure 0 0 0) 0x7f74dc003a40 con 0x7f74ec107090
2024-03-18T20:29:08.050 INFO:teuthology.orchestra.run.smithi046.stdout:/usr/bin/ceph: stderr
2024-03-18T20:29:07.409+0000 7f74db7fe700 1 -- 172.21.15.46:0/1045389368 <== mon.0 v2:172.21.15.46:3300/0 2 ==== config(26 keys) v1 ==== 1074+0+0 (secure 0 0 0) 0x7f74dc003ba0 con 0x7f74ec107090
2024-03-18T20:29:08.050 INFO:teuthology.orchestra.run.smithi046.stdout:/usr/bin/ceph: stderr
2024-03-18T20:29:07.409+0000 7f74f0fdd700 1 -- 172.21.15.46:0/1045389368 --> [v2:172.21.15.46:3300/0,v1:172.21.15.46:6789/0] -- mon_subscribe({mgrmap=0+}) v3 -- 0x7f74ec19cc80 con 0x7f74ec107090
2024-03-18T20:29:08.050 INFO:teuthology.orchestra.run.smithi046.stdout:/usr/bin/ceph: stderr
2024-03-18T20:29:07.409+0000 7f74db7fe700 1 -- 172.21.15.46:0/1045389368 <== mon.0 v2:172.21.15.46:3300/0 3 ==== mon_map magic: 0 v1 ==== 205+0+0 (secure 0 0 0) 0x7f74dc01a750 con 0x7f74ec107090
2024-03-18T20:29:08.050 INFO:teuthology.orchestra.run.smithi046.stdout:/usr/bin/ceph: stderr
2024-03-18T20:29:07.409+0000 7f74f0fdd700 1 -- 172.21.15.46:0/1045389368 --> [v2:172.21.15.46:3300/0,v1:172.21.15.46:6789/0] -- mon_subscribe({osdmap=0}) v3 -- 0x7f74ec19d120 con 0x7f74ec107090
2024-03-18T20:29:08.050 INFO:teuthology.orchestra.run.smithi046.stdout:/usr/bin/ceph: stderr
2024-03-18T20:29:07.409+0000 7f74db7fe700 1 -- 172.21.15.46:0/1045389368 <== mon.0 v2:172.21.15.46:3300/0 4 ==== mgrmap(e 5) v1 ==== 45533+0+0 (secure 0 0 0) 0x7f74dc01a9d0 con 0x7f74ec107090
2024-03-18T20:29:08.050 INFO:teuthology.orchestra.run.smithi046.stdout:/usr/bin/ceph: stderr
2024-03-18T20:29:07.410+0000 7f74db7fe700 1 --2- 172.21.15.46:0/1045389368 >> [v2:172.21.15.46:6800/1385957034,v1:172.21.15.46:6801/1385957034] conn(0x7f74d40386b0 0x7f74d403ab70 unknown :-1 s=NONE pgs=0 cs=0 l=1 rev1=0 crypto rx=0 tx=0 comp rx=0 tx=0).connect
2024-03-18T20:29:08.050 INFO:teuthology.orchestra.run.smithi046.stdout:/usr/bin/ceph: stderr
2024-03-18T20:29:07.410+0000 7f74f0fdd700 1 -- 172.21.15.46:0/1045389368 --> [v2:172.21.15.46:3300/0,v1:172.21.15.46:6789/0] -- mon_command({"prefix": "get_command_descriptions"} v 0) v1 -- 0x7f74ec10a710 con 0x7f74ec107090
2024-03-18T20:29:08.050 INFO:teuthology.orchestra.run.smithi046.stdout:/usr/bin/ceph: stderr
2024-03-18T20:29:07.410+0000 7f74e9d9b700 1 -- 172.21.15.46:0/1045389368 >> [v2:172.21.15.46:6800/1385957034,v1:172.21.15.46:6801/1385957034] conn(0x7f74d40386b0 msgr2=0x7f74d403ab70 unknown :-1 s=STATE_CONNECTING_RE l=1).process reconnect failed to v2:172.21.15.46:6800/1385957034
2024-03-18T20:29:08.050 INFO:teuthology.orchestra.run.smithi046.stdout:/usr/bin/ceph: stderr
2024-03-18T20:29:07.410+0000 7f74db7fe700 1 -- 172.21.15.46:0/1045389368 <== mon.0 v2:172.21.15.46:3300/0 5 ==== osd_map(1..1 src has 1..1) v4 ==== 725+0+0 (secure 0 0 0) 0x7f74dc04c3f0 con 0x7f74ec107090
2024-03-18T20:29:08.051 INFO:teuthology.orchestra.run.smithi046.stdout:/usr/bin/ceph: stderr
2024-03-18T20:29:07.410+0000 7f74e9d9b700 1 --2- 172.21.15.46:0/1045389368 >> [v2:172.21.15.46:6800/1385957034,v1:172.21.15.46:6801/1385957034] conn(0x7f74d40386b0 0x7f74d403ab70 unknown :-1 s=START_CONNECT pgs=0 cs=0 l=1 rev1=0 crypto rx=0 tx=0 comp rx=0 tx=0)._fault waiting 0.200000
2024-03-18T20:29:08.051 INFO:teuthology.orchestra.run.smithi046.stdout:/usr/bin/ceph: stderr
2024-03-18T20:29:07.415+0000 7f74db7fe700 1 -- 172.21.15.46:0/1045389368 <== mon.0 v2:172.21.15.46:3300/0 6 ==== mon_command_ack([{"prefix": "get_command_descriptions"}]=0 v0) v1 ==== 72+0+182738 (secure 0 0 0) 0x7f74dc018db0 con 0x7f74ec107090
2024-03-18T20:29:08.051 INFO:teuthology.orchestra.run.smithi046.stdout:/usr/bin/ceph: stderr
2024-03-18T20:29:07.611+0000 7f74e9d9b700 1 -- 172.21.15.46:0/1045389368 >> [v2:172.21.15.46:6800/1385957034,v1:172.21.15.46:6801/1385957034] conn(0x7f74d40386b0 msgr2=0x7f74d403ab70 unknown :-1 s=STATE_CONNECTING_RE l=1).process reconnect failed to v2:172.21.15.46:6800/1385957034
2024-03-18T20:29:08.051 INFO:teuthology.orchestra.run.smithi046.stdout:/usr/bin/ceph: stderr
2024-03-18T20:29:07.611+0000 7f74e9d9b700 1 --2- 172.21.15.46:0/1045389368 >> [v2:172.21.15.46:6800/1385957034,v1:172.21.15.46:6801/1385957034] conn(0x7f74d40386b0 0x7f74d403ab70 unknown :-1 s=START_CONNECT pgs=0 cs=0 l=1 rev1=0 crypto rx=0 tx=0 comp rx=0 tx=0)._fault waiting 0.400000
2024-03-18T20:29:08.051 INFO:teuthology.orchestra.run.smithi046.stdout:/usr/bin/ceph: stderr
2024-03-18T20:29:07.687+0000 7f74f0fdd700 1 -- 172.21.15.46:0/1045389368 --> [v2:172.21.15.46:3300/0,v1:172.21.15.46:6789/0] -- mon_command({"prefix": "mgr stat"} v 0) v1 -- 0x7f74ec19fdd0 con 0x7f74ec107090
2024-03-18T20:29:08.051 INFO:teuthology.orchestra.run.smithi046.stdout:/usr/bin/ceph: stderr
2024-03-18T20:29:07.687+0000 7f74db7fe700 1 -- 172.21.15.46:0/1045389368 <== mon.0 v2:172.21.15.46:3300/0 7 ==== mon_command_ack([{"prefix": "mgr stat"}]=0 v5) v1 ==== 56+0+88 (secure 0 0 0) 0x7f74dc018350 con 0x7f74ec107090
2024-03-18T20:29:08.051 INFO:teuthology.orchestra.run.smithi046.stdout:/usr/bin/ceph: stderr
2024-03-18T20:29:07.689+0000 7f74f0fdd700 1 -- 172.21.15.46:0/1045389368 >> [v2:172.21.15.46:6800/1385957034,v1:172.21.15.46:6801/1385957034] conn(0x7f74d40386b0 msgr2=0x7f74d403ab70 unknown :-1 s=STATE_CONNECTING l=1).mark_down
2024-03-18T20:29:08.051 INFO:teuthology.orchestra.run.smithi046.stdout:/usr/bin/ceph: stderr
2024-03-18T20:29:07.689+0000 7f74f0fdd700 1 --2- 172.21.15.46:0/1045389368 >> [v2:172.21.15.46:6800/1385957034,v1:172.21.15.46:6801/1385957034] conn(0x7f74d40386b0 0x7f74d403ab70 unknown :-1 s=START_CONNECT pgs=0 cs=0 l=1 rev1=0 crypto rx=0 tx=0 comp rx=0 tx=0).stop
2024-03-18T20:29:08.051 INFO:teuthology.orchestra.run.smithi046.stdout:/usr/bin/ceph: stderr
2024-03-18T20:29:07.689+0000 7f74f0fdd700 1 -- 172.21.15.46:0/1045389368 >> [v2:172.21.15.46:3300/0,v1:172.21.15.46:6789/0] conn(0x7f74ec107090 msgr2=0x7f74ec19c540 secure :-1 s=STATE_CONNECTION_ESTABLISHED l=1).mark_down
2024-03-18T20:29:08.051 INFO:teuthology.orchestra.run.smithi046.stdout:/usr/bin/ceph: stderr
2024-03-18T20:29:07.689+0000 7f74f0fdd700 1 --2- 172.21.15.46:0/1045389368 >> [v2:172.21.15.46:3300/0,v1:172.21.15.46:6789/0] conn(0x7f74ec107090 0x7f74ec19c540 secure :-1 s=READY pgs=27 cs=0 l=1 rev1=1 crypto rx=0x7f74dc009fb0 tx=0x7f74dc011ad0 comp rx=0 tx=0).stop
2024-03-18T20:29:08.051 INFO:teuthology.orchestra.run.smithi046.stdout:/usr/bin/ceph: stderr
2024-03-18T20:29:07.690+0000 7f74f0fdd700 1 -- 172.21.15.46:0/1045389368 shutdown_connections
2024-03-18T20:29:08.051 INFO:teuthology.orchestra.run.smithi046.stdout:/usr/bin/ceph: stderr
2024-03-18T20:29:07.690+0000 7f74f0fdd700 1 --2- 172.21.15.46:0/1045389368 >> [v2:172.21.15.46:6800/1385957034,v1:172.21.15.46:6801/1385957034] conn(0x7f74d40386b0 0x7f74d403ab70 unknown :-1 s=CLOSED pgs=0 cs=0 l=1 rev1=0 crypto rx=0 tx=0 comp rx=0 tx=0).stop
2024-03-18T20:29:08.051 INFO:teuthology.orchestra.run.smithi046.stdout:/usr/bin/ceph: stderr
2024-03-18T20:29:07.690+0000 7f74f0fdd700 1 --2- 172.21.15.46:0/1045389368 >> [v2:172.21.15.46:3300/0,v1:172.21.15.46:6789/0] conn(0x7f74ec107090 0x7f74ec19c540 unknown :-1 s=CLOSED pgs=27 cs=0 l=1 rev1=1 crypto rx=0 tx=0 comp rx=0 tx=0).stop
2024-03-18T20:29:08.051 INFO:teuthology.orchestra.run.smithi046.stdout:/usr/bin/ceph: stderr
2024-03-18T20:29:07.690+0000 7f74f0fdd700 1 -- 172.21.15.46:0/1045389368 >> 172.21.15.46:0/1045389368 conn(0x7f74ec100aa0 msgr2=0x7f74ec1015e0 unknown :-1 s=STATE_NONE l=0).mark_down
2024-03-18T20:29:08.052 INFO:teuthology.orchestra.run.smithi046.stdout:/usr/bin/ceph: stderr
2024-03-18T20:29:07.690+0000 7f74f0fdd700 1 -- 172.21.15.46:0/1045389368 shutdown_connections
2024-03-18T20:29:08.052 INFO:teuthology.orchestra.run.smithi046.stdout:/usr/bin/ceph: stderr
2024-03-18T20:29:07.690+0000 7f74f0fdd700 1 -- 172.21.15.46:0/1045389368 wait complete.
2024-03-18T20:29:08.052 INFO:teuthology.orchestra.run.smithi046.stdout:Waiting for the mgr to restart...
2024-03-18T20:29:08.052 INFO:teuthology.orchestra.run.smithi046.stdout:Waiting for mgr epoch 5...
2024-03-18T20:29:08.297 INFO:journalctl@ceph.mgr.x.smithi046.stdout:Mar 18 20:29:08 smithi046 ceph-04a8ae18-e566-11ee-95c9-87774f69a715-mgr-x[43744]:
2024-03-18T20:29:08.233+0000 7f24ff5d2200 -1 mgr[py] Module orchestrator has missing NOTIFY_TYPES member
2024-03-18T20:29:08.797 INFO:journalctl@ceph.mgr.x.smithi046.stdout:Mar 18 20:29:08 smithi046 ceph-04a8ae18-e566-11ee-95c9-87774f69a715-mgr-x[43744]:
2024-03-18T20:29:08.524+0000 7f24ff5d2200 -1 mgr[py] Module nfs has missing NOTIFY_TYPES member
2024-03-18T20:29:08.797 INFO:journalctl@ceph.mgr.x.smithi046.stdout:Mar 18 20:29:08 smithi046 ceph-04a8ae18-e566-11ee-95c9-87774f69a715-mgr-x[43744]:
2024-03-18T20:29:08.620+0000 7f24ff5d2200 -1 mgr[py] Module zabbix has missing NOTIFY_TYPES member
2024-03-18T20:29:08.797 INFO:journalctl@ceph.mgr.x.smithi046.stdout:Mar 18 20:29:08 smithi046 ceph-04a8ae18-e566-11ee-95c9-87774f69a715-mgr-x[43744]:
2024-03-18T20:29:08.742+0000 7f24ff5d2200 -1 mgr[py] Module rbd_support has missing NOTIFY_TYPES member
2024-03-18T20:29:09.297 INFO:journalctl@ceph.mgr.x.smithi046.stdout:Mar 18 20:29:08 smithi046 ceph-04a8ae18-e566-11ee-95c9-87774f69a715-mgr-x[43744]:
2024-03-18T20:29:08.924+0000 7f24ff5d2200 -1 mgr[py] Module status has missing NOTIFY_TYPES member
2024-03-18T20:29:09.297 INFO:journalctl@ceph.mgr.x.smithi046.stdout:Mar 18 20:29:09 smithi046 ceph-04a8ae18-e566-11ee-95c9-87774f69a715-mgr-x[43744]:
2024-03-18T20:29:09.069+0000 7f24ff5d2200 -1 mgr[py] Module diskprediction_local has missing NOTIFY_TYPES member
2024-03-18T20:29:09.297 INFO:journalctl@ceph.mgr.x.smithi046.stdout:Mar 18 20:29:09 smithi046 ceph-04a8ae18-e566-11ee-95c9-87774f69a715-mgr-x[43744]:
2024-03-18T20:29:09.166+0000 7f24ff5d2200 -1 mgr[py] Module telegraf has missing NOTIFY_TYPES member
2024-03-18T20:29:10.032 INFO:journalctl@ceph.mgr.x.smithi046.stdout:Mar 18 20:29:09 smithi046 ceph-04a8ae18-e566-11ee-95c9-87774f69a715-mgr-x[43744]:
2024-03-18T20:29:09.587+0000 7f24ff5d2200 -1 mgr[py] Module influx has missing NOTIFY_TYPES member
2024-03-18T20:29:10.297 INFO:journalctl@ceph.mgr.x.smithi046.stdout:Mar 18 20:29:10 smithi046 ceph-04a8ae18-e566-11ee-95c9-87774f69a715-mgr-x[43744]:
2024-03-18T20:29:10.028+0000 7f24ff5d2200 -1 mgr[py] Module pg_autoscaler has missing NOTIFY_TYPES member
2024-03-18T20:29:10.297 INFO:journalctl@ceph.mgr.x.smithi046.stdout:Mar 18 20:29:10 smithi046 ceph-04a8ae18-e566-11ee-95c9-87774f69a715-mgr-x[43744]:
2024-03-18T20:29:10.247+0000 7f24ff5d2200 -1 mgr[py] Module rgw has missing NOTIFY_TYPES member
2024-03-18T20:29:10.797 INFO:journalctl@ceph.mgr.x.smithi046.stdout:Mar 18 20:29:10 smithi046 ceph-04a8ae18-e566-11ee-95c9-87774f69a715-mgr-x[43744]:
2024-03-18T20:29:10.352+0000 7f24ff5d2200 -1 mgr[py] Module balancer has missing NOTIFY_TYPES member
2024-03-18T20:29:11.501 INFO:journalctl@ceph.mgr.x.smithi046.stdout:Mar 18 20:29:11 smithi046 ceph-04a8ae18-e566-11ee-95c9-87774f69a715-mgr-x[43744]:
2024-03-18T20:29:11.221+0000 7f24ff5d2200 -1 mgr[py] Module iostat has missing NOTIFY_TYPES member
2024-03-18T20:29:11.501 INFO:journalctl@ceph.mgr.x.smithi046.stdout:Mar 18 20:29:11 smithi046 ceph-04a8ae18-e566-11ee-95c9-87774f69a715-mgr-x[43744]:
2024-03-18T20:29:11.329+0000 7f24ff5d2200 -1 mgr[py] Module snap_schedule has missing NOTIFY_TYPES member
2024-03-18T20:29:11.797 INFO:journalctl@ceph.mgr.x.smithi046.stdout:Mar 18 20:29:11 smithi046 ceph-04a8ae18-e566-11ee-95c9-87774f69a715-mgr-x[43744]:
2024-03-18T20:29:11.497+0000 7f24ff5d2200 -1 mgr[py] Module telemetry has missing NOTIFY_TYPES member
2024-03-18T20:29:12.547 INFO:journalctl@ceph.mgr.x.smithi046.stdout:Mar 18 20:29:12 smithi046 ceph-04a8ae18-e566-11ee-95c9-87774f69a715-mgr-x[43744]:
2024-03-18T20:29:12.213+0000 7f24ff5d2200 -1 mgr[py] Module rook has missing NOTIFY_TYPES member
2024-03-18T20:29:12.547 INFO:journalctl@ceph.mgr.x.smithi046.stdout:Mar 18 20:29:12 smithi046 ceph-04a8ae18-e566-11ee-95c9-87774f69a715-mgr-x[43744]:
2024-03-18T20:29:12.419+0000 7f24ff5d2200 -1 mgr[py] Module selftest has missing NOTIFY_TYPES member
2024-03-18T20:29:13.047 INFO:journalctl@ceph.mgr.x.smithi046.stdout:Mar 18 20:29:12 smithi046 ceph-04a8ae18-e566-11ee-95c9-87774f69a715-mgr-x[43744]:
2024-03-18T20:29:12.638+0000 7f24ff5d2200 -1 mgr[py] Module devicehealth has missing NOTIFY_TYPES member
2024-03-18T20:29:14.019 INFO:journalctl@ceph.mgr.x.smithi046.stdout:Mar 18 20:29:13 smithi046 ceph-04a8ae18-e566-11ee-95c9-87774f69a715-mgr-x[43744]:
2024-03-18T20:29:13.693+0000 7f24ff5d2200 -1 mgr[py] Module volumes has missing NOTIFY_TYPES member
2024-03-18T20:29:14.297 INFO:journalctl@ceph.mgr.x.smithi046.stdout:Mar 18 20:29:14 smithi046 ceph-04a8ae18-e566-11ee-95c9-87774f69a715-mgr-x[43744]:
2024-03-18T20:29:14.015+0000 7f24ff5d2200 -1 mgr[py] Module test_orchestrator has missing NOTIFY_TYPES member
2024-03-18T20:29:14.297 INFO:journalctl@ceph.mgr.x.smithi046.stdout:Mar 18 20:29:14 smithi046 ceph-04a8ae18-e566-11ee-95c9-87774f69a715-mgr-x[43744]:
2024-03-18T20:29:14.115+0000 7f24ff5d2200 -1 mgr[py] Module osd_support has missing NOTIFY_TYPES member
2024-03-18T20:29:14.797 INFO:journalctl@ceph.mgr.x.smithi046.stdout:Mar 18 20:29:14 smithi046 ceph-04a8ae18-e566-11ee-95c9-87774f69a715-mgr-x[43744]:
2024-03-18T20:29:14.331+0000 7f24ff5d2200 -1 mgr[py] Module crash has missing NOTIFY_TYPES member
2024-03-18T20:29:14.797 INFO:journalctl@ceph.mon.a.smithi046.stdout:Mar 18 20:29:14 smithi046 ceph-mon[43495]: Active manager daemon x restarted
2024-03-18T20:29:14.797 INFO:journalctl@ceph.mon.a.smithi046.stdout:Mar 18 20:29:14 smithi046 ceph-mon[43495]: Activating manager daemon x
2024-03-18T20:29:14.797 INFO:journalctl@ceph.mon.a.smithi046.stdout:Mar 18 20:29:14 smithi046 ceph-mon[43495]: osdmap e2: 0 total, 0 up, 0 in
2024-03-18T20:29:14.797 INFO:journalctl@ceph.mon.a.smithi046.stdout:Mar 18 20:29:14 smithi046 ceph-mon[43495]: mgrmap e6: x(active, starting, since 0.0034971s)
2024-03-18T20:29:14.797 INFO:journalctl@ceph.mon.a.smithi046.stdout:Mar 18 20:29:14 smithi046 ceph-mon[43495]: from='mgr.14120 172.21.15.46:0/80292447' entity='mgr.x' cmd=[{"prefix": "mon metadata", "id": "a"}]: dispatch
2024-03-18T20:29:14.797 INFO:journalctl@ceph.mon.a.smithi046.stdout:Mar 18 20:29:14 smithi046 ceph-mon[43495]: from='mgr.14120 172.21.15.46:0/80292447' entity='mgr.x' cmd=[{"prefix": "mgr metadata", "who": "x", "id": "x"}]: dispatch
2024-03-18T20:29:14.798 INFO:journalctl@ceph.mon.a.smithi046.stdout:Mar 18 20:29:14 smithi046 ceph-mon[43495]: from='mgr.14120 172.21.15.46:0/80292447' entity='mgr.x' cmd=[{"prefix": "mds metadata"}]: dispatch
2024-03-18T20:29:14.798 INFO:journalctl@ceph.mon.a.smithi046.stdout:Mar 18 20:29:14 smithi046 ceph-mon[43495]: from='mgr.14120 172.21.15.46:0/80292447' entity='mgr.x' cmd=[{"prefix": "osd metadata"}]: dispatch
2024-03-18T20:29:14.798 INFO:journalctl@ceph.mon.a.smithi046.stdout:Mar 18 20:29:14 smithi046 ceph-mon[43495]: from='mgr.14120 172.21.15.46:0/80292447' entity='mgr.x' cmd=[{"prefix": "mon metadata"}]: dispatch
2024-03-18T20:29:14.798 INFO:journalctl@ceph.mon.a.smithi046.stdout:Mar 18 20:29:14 smithi046 ceph-mon[43495]: Manager daemon x is now available
2024-03-18T20:29:14.798 INFO:journalctl@ceph.mon.a.smithi046.stdout:Mar 18 20:29:14 smithi046 ceph-mon[43495]: from='mgr.14120 172.21.15.46:0/80292447' entity='mgr.x'
2024-03-18T20:29:14.798 INFO:journalctl@ceph.mon.a.smithi046.stdout:Mar 18 20:29:14 smithi046 ceph-mon[43495]: from='mgr.14120 172.21.15.46:0/80292447' entity='mgr.x'
2024-03-18T20:29:14.798 INFO:journalctl@ceph.mon.a.smithi046.stdout:Mar 18 20:29:14 smithi046 ceph-mon[43495]: from='mgr.14120 172.21.15.46:0/80292447' entity='mgr.x' cmd=[{"prefix": "config dump", "format": "json"}]: dispatch
2024-03-18T20:29:14.798 INFO:journalctl@ceph.mon.a.smithi046.stdout:Mar 18 20:29:14 smithi046 ceph-mon[43495]: from='mgr.14120 172.21.15.46:0/80292447' entity='mgr.x' cmd=[{"prefix": "config dump", "format": "json"}]: dispatch
2024-03-18T20:29:15.651 INFO:journalctl@ceph.mon.a.smithi046.stdout:Mar 18 20:29:15 smithi046 ceph-mon[43495]: Found migration_current of "None". Setting to last migration.
2024-03-18T20:29:15.651 INFO:journalctl@ceph.mon.a.smithi046.stdout:Mar 18 20:29:15 smithi046 ceph-mon[43495]: from='mgr.14120 172.21.15.46:0/80292447' entity='mgr.x' cmd=[{"prefix": "config dump", "format": "json"}]: dispatch
2024-03-18T20:29:15.651 INFO:journalctl@ceph.mon.a.smithi046.stdout:Mar 18 20:29:15 smithi046 ceph-mon[43495]: from='mgr.14120 172.21.15.46:0/80292447' entity='mgr.x' cmd=[{"prefix":"config rm","who":"mgr","name":"mgr/rbd_support/x/mirror_snapshot_schedule"}]: dispatch
2024-03-18T20:29:15.651 INFO:journalctl@ceph.mon.a.smithi046.stdout:Mar 18 20:29:15 smithi046 ceph-mon[43495]: from='mgr.14120 172.21.15.46:0/80292447' entity='mgr.x' cmd=[{"prefix":"config rm","who":"mgr","name":"mgr/rbd_support/x/trash_purge_schedule"}]: dispatch
2024-03-18T20:29:15.651 INFO:journalctl@ceph.mon.a.smithi046.stdout:Mar 18 20:29:15 smithi046 ceph-mon[43495]: from='mgr.14120 172.21.15.46:0/80292447' entity='mgr.x'
2024-03-18T20:29:15.651 INFO:journalctl@ceph.mon.a.smithi046.stdout:Mar 18 20:29:15 smithi046 ceph-mon[43495]: from='mgr.14120 172.21.15.46:0/80292447' entity='mgr.x'
2024-03-18T20:29:15.651 INFO:journalctl@ceph.mon.a.smithi046.stdout:Mar 18 20:29:15 smithi046 ceph-mon[43495]: mgrmap e7: x(active, since 1.00559s)
2024-03-18T20:29:15.723 INFO:teuthology.orchestra.run.smithi046.stdout:/usr/bin/ceph: stdout {
2024-03-18T20:29:15.723 INFO:teuthology.orchestra.run.smithi046.stdout:/usr/bin/ceph: stdout "mgrmap_epoch": 7,
2024-03-18T20:29:15.724 INFO:teuthology.orchestra.run.smithi046.stdout:/usr/bin/ceph: stdout "initialized": true
2024-03-18T20:29:15.724 INFO:teuthology.orchestra.run.smithi046.stdout:/usr/bin/ceph: stdout }
2024-03-18T20:29:15.724 INFO:teuthology.orchestra.run.smithi046.stdout:/usr/bin/ceph: stderr
2024-03-18T20:29:08.424+0000 7fbe81865700 1 Processor -- start
2024-03-18T20:29:15.724 INFO:teuthology.orchestra.run.smithi046.stdout:/usr/bin/ceph: stderr
2024-03-18T20:29:08.424+0000 7fbe81865700 1 -- start start
2024-03-18T20:29:15.724 INFO:teuthology.orchestra.run.smithi046.stdout:/usr/bin/ceph: stderr
2024-03-18T20:29:08.424+0000 7fbe81865700 1 --2- >> [v2:172.21.15.46:3300/0,v1:172.21.15.46:6789/0] conn(0x7fbe7c106600 0x7fbe7c106a20 unknown :-1 s=NONE pgs=0 cs=0 l=0 rev1=0 crypto rx=0 tx=0 comp rx=0 tx=0).connect
2024-03-18T20:29:15.724 INFO:teuthology.orchestra.run.smithi046.stdout:/usr/bin/ceph: stderr
2024-03-18T20:29:08.424+0000 7fbe81865700 1 -- --> [v2:172.21.15.46:3300/0,v1:172.21.15.46:6789/0] -- mon_getmap magic: 0 v1 -- 0x7fbe7c106ff0 con 0x7fbe7c106600
2024-03-18T20:29:15.724 INFO:teuthology.orchestra.run.smithi046.stdout:/usr/bin/ceph: stderr
2024-03-18T20:29:08.424+0000 7fbe7affd700 1 --2- >> [v2:172.21.15.46:3300/0,v1:172.21.15.46:6789/0] conn(0x7fbe7c106600 0x7fbe7c106a20 unknown :-1 s=BANNER_CONNECTING pgs=0 cs=0 l=0 rev1=0 crypto rx=0 tx=0 comp rx=0 tx=0)._handle_peer_banner_payload supported=3 required=0
2024-03-18T20:29:15.724 INFO:teuthology.orchestra.run.smithi046.stdout:/usr/bin/ceph: stderr
2024-03-18T20:29:08.424+0000 7fbe7affd700 1 --2- >> [v2:172.21.15.46:3300/0,v1:172.21.15.46:6789/0] conn(0x7fbe7c106600 0x7fbe7c106a20 unknown :-1 s=HELLO_CONNECTING pgs=0 cs=0 l=0 rev1=1 crypto rx=0 tx=0 comp rx=0 tx=0).handle_hello peer v2:172.21.15.46:3300/0 says I am v2:172.21.15.46:42754/0 (socket says 172.21.15.46:42754)
2024-03-18T20:29:15.724 INFO:teuthology.orchestra.run.smithi046.stdout:/usr/bin/ceph: stderr
2024-03-18T20:29:08.424+0000 7fbe7affd700 1 -- 172.21.15.46:0/1559846923 learned_addr learned my addr 172.21.15.46:0/1559846923 (peer_addr_for_me v2:172.21.15.46:0/0)
2024-03-18T20:29:15.724 INFO:teuthology.orchestra.run.smithi046.stdout:/usr/bin/ceph: stderr
2024-03-18T20:29:08.425+0000 7fbe7affd700 1 -- 172.21.15.46:0/1559846923 --> [v2:172.21.15.46:3300/0,v1:172.21.15.46:6789/0] -- mon_subscribe({config=0+,monmap=0+}) v3 -- 0x7fbe7c1077b0 con 0x7fbe7c106600
2024-03-18T20:29:15.725 INFO:teuthology.orchestra.run.smithi046.stdout:/usr/bin/ceph: stderr
2024-03-18T20:29:08.425+0000 7fbe7affd700 1 --2- 172.21.15.46:0/1559846923 >> [v2:172.21.15.46:3300/0,v1:172.21.15.46:6789/0] conn(0x7fbe7c106600 0x7fbe7c106a20 secure :-1 s=READY pgs=28 cs=0 l=1 rev1=1 crypto rx=0x7fbe640098a0 tx=0x7fbe64009bb0 comp rx=0 tx=0).ready entity=mon.0 client_cookie=245c600cc7dad1b5 server_cookie=0 in_seq=0 out_seq=0
2024-03-18T20:29:15.725 INFO:teuthology.orchestra.run.smithi046.stdout:/usr/bin/ceph: stderr
2024-03-18T20:29:08.425+0000 7fbe79ffb700 1 -- 172.21.15.46:0/1559846923 <== mon.0 v2:172.21.15.46:3300/0 1 ==== mon_map magic: 0 v1 ==== 205+0+0 (secure 0 0 0) 0x7fbe64004160 con 0x7fbe7c106600
2024-03-18T20:29:15.725 INFO:teuthology.orchestra.run.smithi046.stdout:/usr/bin/ceph: stderr
2024-03-18T20:29:08.425+0000 7fbe79ffb700 1 -- 172.21.15.46:0/1559846923 <== mon.0 v2:172.21.15.46:3300/0 2 ==== config(26 keys) v1 ==== 1074+0+0 (secure 0 0 0) 0x7fbe640042c0 con 0x7fbe7c106600
2024-03-18T20:29:15.725 INFO:teuthology.orchestra.run.smithi046.stdout:/usr/bin/ceph: stderr
2024-03-18T20:29:08.425+0000 7fbe79ffb700 1 -- 172.21.15.46:0/1559846923 <== mon.0 v2:172.21.15.46:3300/0 3 ==== mon_map magic: 0 v1 ==== 205+0+0 (secure 0 0 0) 0x7fbe64011a00 con 0x7fbe7c106600
2024-03-18T20:29:15.725 INFO:teuthology.orchestra.run.smithi046.stdout:/usr/bin/ceph: stderr
2024-03-18T20:29:08.426+0000 7fbe81865700 1 -- 172.21.15.46:0/1559846923 >> [v2:172.21.15.46:3300/0,v1:172.21.15.46:6789/0] conn(0x7fbe7c106600 msgr2=0x7fbe7c106a20 secure :-1 s=STATE_CONNECTION_ESTABLISHED l=1).mark_down
2024-03-18T20:29:15.725 INFO:teuthology.orchestra.run.smithi046.stdout:/usr/bin/ceph: stderr
2024-03-18T20:29:08.426+0000 7fbe81865700 1 --2- 172.21.15.46:0/1559846923 >> [v2:172.21.15.46:3300/0,v1:172.21.15.46:6789/0] conn(0x7fbe7c106600 0x7fbe7c106a20 secure :-1 s=READY pgs=28 cs=0 l=1 rev1=1 crypto rx=0x7fbe640098a0 tx=0x7fbe64009bb0 comp rx=0 tx=0).stop
2024-03-18T20:29:15.725 INFO:teuthology.orchestra.run.smithi046.stdout:/usr/bin/ceph: stderr
2024-03-18T20:29:08.426+0000 7fbe81865700 1 -- 172.21.15.46:0/1559846923 shutdown_connections
2024-03-18T20:29:15.725 INFO:teuthology.orchestra.run.smithi046.stdout:/usr/bin/ceph: stderr
2024-03-18T20:29:08.426+0000 7fbe81865700 1 --2- 172.21.15.46:0/1559846923 >> [v2:172.21.15.46:3300/0,v1:172.21.15.46:6789/0] conn(0x7fbe7c106600 0x7fbe7c106a20 unknown :-1 s=CLOSED pgs=28 cs=0 l=1 rev1=1 crypto rx=0 tx=0 comp rx=0 tx=0).stop
2024-03-18T20:29:15.725 INFO:teuthology.orchestra.run.smithi046.stdout:/usr/bin/ceph: stderr
2024-03-18T20:29:08.426+0000 7fbe81865700 1 -- 172.21.15.46:0/1559846923 >> 172.21.15.46:0/1559846923 conn(0x7fbe7c101be0 msgr2=0x7fbe7c104000 unknown :-1 s=STATE_NONE l=0).mark_down
2024-03-18T20:29:15.725 INFO:teuthology.orchestra.run.smithi046.stdout:/usr/bin/ceph: stderr
2024-03-18T20:29:08.426+0000 7fbe81865700 1 -- 172.21.15.46:0/1559846923 shutdown_connections
2024-03-18T20:29:15.725 INFO:teuthology.orchestra.run.smithi046.stdout:/usr/bin/ceph: stderr
2024-03-18T20:29:08.426+0000 7fbe81865700 1 -- 172.21.15.46:0/1559846923 wait complete.
2024-03-18T20:29:15.725 INFO:teuthology.orchestra.run.smithi046.stdout:/usr/bin/ceph: stderr
2024-03-18T20:29:08.427+0000 7fbe81865700 1 Processor -- start
2024-03-18T20:29:15.726 INFO:teuthology.orchestra.run.smithi046.stdout:/usr/bin/ceph: stderr
2024-03-18T20:29:08.427+0000 7fbe81865700 1 -- start start
2024-03-18T20:29:15.726 INFO:teuthology.orchestra.run.smithi046.stdout:/usr/bin/ceph: stderr
2024-03-18T20:29:08.427+0000 7fbe81865700 1 --2- >> [v2:172.21.15.46:3300/0,v1:172.21.15.46:6789/0] conn(0x7fbe7c106600 0x7fbe7c19a350 unknown :-1 s=NONE pgs=0 cs=0 l=1 rev1=0 crypto rx=0 tx=0 comp rx=0 tx=0).connect
2024-03-18T20:29:15.726 INFO:teuthology.orchestra.run.smithi046.stdout:/usr/bin/ceph: stderr
2024-03-18T20:29:08.427+0000 7fbe81865700 1 -- --> [v2:172.21.15.46:3300/0,v1:172.21.15.46:6789/0] -- mon_getmap magic: 0 v1 -- 0x7fbe7c19a890 con 0x7fbe7c106600
2024-03-18T20:29:15.726 INFO:teuthology.orchestra.run.smithi046.stdout:/usr/bin/ceph: stderr
2024-03-18T20:29:08.428+0000 7fbe7affd700 1 --2- >> [v2:172.21.15.46:3300/0,v1:172.21.15.46:6789/0] conn(0x7fbe7c106600 0x7fbe7c19a350 unknown :-1 s=BANNER_CONNECTING pgs=0 cs=0 l=1 rev1=0 crypto rx=0 tx=0 comp rx=0 tx=0)._handle_peer_banner_payload supported=3 required=0
2024-03-18T20:29:15.726 INFO:teuthology.orchestra.run.smithi046.stdout:/usr/bin/ceph: stderr
2024-03-18T20:29:08.428+0000 7fbe7affd700 1 --2- >> [v2:172.21.15.46:3300/0,v1:172.21.15.46:6789/0] conn(0x7fbe7c106600 0x7fbe7c19a350 unknown :-1 s=HELLO_CONNECTING pgs=0 cs=0 l=1 rev1=1 crypto rx=0 tx=0 comp rx=0 tx=0).handle_hello peer v2:172.21.15.46:3300/0 says I am v2:172.21.15.46:42766/0 (socket says 172.21.15.46:42766)
2024-03-18T20:29:15.726 INFO:teuthology.orchestra.run.smithi046.stdout:/usr/bin/ceph: stderr
2024-03-18T20:29:08.428+0000 7fbe7affd700 1 -- 172.21.15.46:0/2828527049 learned_addr learned my addr 172.21.15.46:0/2828527049 (peer_addr_for_me v2:172.21.15.46:0/0)
2024-03-18T20:29:15.726 INFO:teuthology.orchestra.run.smithi046.stdout:/usr/bin/ceph: stderr
2024-03-18T20:29:08.428+0000 7fbe7affd700 1 -- 172.21.15.46:0/2828527049 --> [v2:172.21.15.46:3300/0,v1:172.21.15.46:6789/0] -- mon_subscribe({config=0+,monmap=0+}) v3 -- 0x7fbe64009550 con 0x7fbe7c106600
2024-03-18T20:29:15.726 INFO:teuthology.orchestra.run.smithi046.stdout:/usr/bin/ceph: stderr
2024-03-18T20:29:08.428+0000 7fbe7affd700 1 --2- 172.21.15.46:0/2828527049 >> [v2:172.21.15.46:3300/0,v1:172.21.15.46:6789/0] conn(0x7fbe7c106600 0x7fbe7c19a350 secure :-1 s=READY pgs=29 cs=0 l=1 rev1=1 crypto rx=0x7fbe64011710 tx=0x7fbe64011ad0 comp rx=0 tx=0).ready entity=mon.0 client_cookie=0 server_cookie=0 in_seq=0 out_seq=0
2024-03-18T20:29:15.726 INFO:teuthology.orchestra.run.smithi046.stdout:/usr/bin/ceph: stderr
2024-03-18T20:29:08.428+0000 7fbe80863700 1 -- 172.21.15.46:0/2828527049 <== mon.0 v2:172.21.15.46:3300/0 1 ==== mon_map magic: 0 v1 ==== 205+0+0 (secure 0 0 0) 0x7fbe64003aa0 con 0x7fbe7c106600
2024-03-18T20:29:15.726 INFO:teuthology.orchestra.run.smithi046.stdout:/usr/bin/ceph: stderr
2024-03-18T20:29:08.428+0000 7fbe80863700 1 -- 172.21.15.46:0/2828527049 <== mon.0 v2:172.21.15.46:3300/0 2 ==== config(26 keys) v1 ==== 1074+0+0 (secure 0 0 0) 0x7fbe64003c00 con 0x7fbe7c106600
2024-03-18T20:29:15.727 INFO:teuthology.orchestra.run.smithi046.stdout:/usr/bin/ceph: stderr
2024-03-18T20:29:08.428+0000 7fbe81865700 1 -- 172.21.15.46:0/2828527049 --> [v2:172.21.15.46:3300/0,v1:172.21.15.46:6789/0] -- mon_subscribe({mgrmap=0+}) v3 -- 0x7fbe7c19aa90 con 0x7fbe7c106600
2024-03-18T20:29:15.727 INFO:teuthology.orchestra.run.smithi046.stdout:/usr/bin/ceph: stderr
2024-03-18T20:29:08.428+0000 7fbe80863700 1 -- 172.21.15.46:0/2828527049 <== mon.0 v2:172.21.15.46:3300/0 3 ==== mon_map magic: 0 v1 ==== 205+0+0 (secure 0 0 0) 0x7fbe64024800 con 0x7fbe7c106600
2024-03-18T20:29:15.727 INFO:teuthology.orchestra.run.smithi046.stdout:/usr/bin/ceph: stderr
2024-03-18T20:29:08.428+0000 7fbe81865700 1 -- 172.21.15.46:0/2828527049 --> [v2:172.21.15.46:3300/0,v1:172.21.15.46:6789/0] -- mon_subscribe({osdmap=0}) v3 -- 0x7fbe7c19af30 con 0x7fbe7c106600
2024-03-18T20:29:15.727 INFO:teuthology.orchestra.run.smithi046.stdout:/usr/bin/ceph: stderr
2024-03-18T20:29:08.429+0000 7fbe80863700 1 -- 172.21.15.46:0/2828527049 <== mon.0 v2:172.21.15.46:3300/0 4 ==== mgrmap(e 5) v1 ==== 45533+0+0 (secure 0 0 0) 0x7fbe64024960 con 0x7fbe7c106600
2024-03-18T20:29:15.727 INFO:teuthology.orchestra.run.smithi046.stdout:/usr/bin/ceph: stderr
2024-03-18T20:29:08.429+0000 7fbe80863700 1 --2- 172.21.15.46:0/2828527049 >> [v2:172.21.15.46:6800/1385957034,v1:172.21.15.46:6801/1385957034] conn(0x7fbe68038750 0x7fbe6803ac10 unknown :-1 s=NONE pgs=0 cs=0 l=1 rev1=0 crypto rx=0 tx=0 comp rx=0 tx=0).connect
2024-03-18T20:29:15.727 INFO:teuthology.orchestra.run.smithi046.stdout:/usr/bin/ceph: stderr
2024-03-18T20:29:08.429+0000 7fbe81865700 1 -- 172.21.15.46:0/2828527049 --> [v2:172.21.15.46:6800/1385957034,v1:172.21.15.46:6801/1385957034] -- command(tid 0: {"prefix": "get_command_descriptions"}) v1 -- 0x7fbe7c0623e0 con 0x7fbe68038750
2024-03-18T20:29:15.727 INFO:teuthology.orchestra.run.smithi046.stdout:/usr/bin/ceph: stderr
2024-03-18T20:29:08.429+0000 7fbe80863700 1 -- 172.21.15.46:0/2828527049 <== mon.0 v2:172.21.15.46:3300/0 5 ==== osd_map(1..1 src has 1..1) v4 ==== 725+0+0 (secure 0 0 0) 0x7fbe6404c370 con 0x7fbe7c106600
2024-03-18T20:29:15.727 INFO:teuthology.orchestra.run.smithi046.stdout:/usr/bin/ceph: stderr
2024-03-18T20:29:08.429+0000 7fbe7a7fc700 1 -- 172.21.15.46:0/2828527049 >> [v2:172.21.15.46:6800/1385957034,v1:172.21.15.46:6801/1385957034] conn(0x7fbe68038750 msgr2=0x7fbe6803ac10 unknown :-1 s=STATE_CONNECTING_RE l=1).process reconnect failed to v2:172.21.15.46:6800/1385957034
2024-03-18T20:29:15.727 INFO:teuthology.orchestra.run.smithi046.stdout:/usr/bin/ceph: stderr
2024-03-18T20:29:08.429+0000 7fbe7a7fc700 1 --2- 172.21.15.46:0/2828527049 >> [v2:172.21.15.46:6800/1385957034,v1:172.21.15.46:6801/1385957034] conn(0x7fbe68038750 0x7fbe6803ac10 unknown :-1 s=START_CONNECT pgs=0 cs=0 l=1 rev1=0 crypto rx=0 tx=0 comp rx=0 tx=0)._fault waiting 0.200000
2024-03-18T20:29:15.727 INFO:teuthology.orchestra.run.smithi046.stdout:/usr/bin/ceph: stderr
2024-03-18T20:29:08.630+0000 7fbe7a7fc700 1 -- 172.21.15.46:0/2828527049 >> [v2:172.21.15.46:6800/1385957034,v1:172.21.15.46:6801/1385957034] conn(0x7fbe68038750 msgr2=0x7fbe6803ac10 unknown :-1 s=STATE_CONNECTING_RE l=1).process reconnect failed to v2:172.21.15.46:6800/1385957034
2024-03-18T20:29:15.727 INFO:teuthology.orchestra.run.smithi046.stdout:/usr/bin/ceph: stderr
2024-03-18T20:29:08.630+0000 7fbe7a7fc700 1 --2- 172.21.15.46:0/2828527049 >> [v2:172.21.15.46:6800/1385957034,v1:172.21.15.46:6801/1385957034] conn(0x7fbe68038750 0x7fbe6803ac10 unknown :-1 s=START_CONNECT pgs=0 cs=0 l=1 rev1=0 crypto rx=0 tx=0 comp rx=0 tx=0)._fault waiting 0.400000
2024-03-18T20:29:15.728 INFO:teuthology.orchestra.run.smithi046.stdout:/usr/bin/ceph: stderr
2024-03-18T20:29:09.031+0000 7fbe7a7fc700 1 -- 172.21.15.46:0/2828527049 >> [v2:172.21.15.46:6800/1385957034,v1:172.21.15.46:6801/1385957034] conn(0x7fbe68038750 msgr2=0x7fbe6803ac10 unknown :-1 s=STATE_CONNECTING_RE l=1).process reconnect failed to v2:172.21.15.46:6800/1385957034
2024-03-18T20:29:15.728 INFO:teuthology.orchestra.run.smithi046.stdout:/usr/bin/ceph: stderr
2024-03-18T20:29:09.031+0000 7fbe7a7fc700 1 --2- 172.21.15.46:0/2828527049 >> [v2:172.21.15.46:6800/1385957034,v1:172.21.15.46:6801/1385957034] conn(0x7fbe68038750 0x7fbe6803ac10 unknown :-1 s=START_CONNECT pgs=0 cs=0 l=1 rev1=0 crypto rx=0 tx=0 comp rx=0 tx=0)._fault waiting 0.800000
2024-03-18T20:29:15.728 INFO:teuthology.orchestra.run.smithi046.stdout:/usr/bin/ceph: stderr
2024-03-18T20:29:09.832+0000 7fbe7a7fc700 1 -- 172.21.15.46:0/2828527049 >> [v2:172.21.15.46:6800/1385957034,v1:172.21.15.46:6801/1385957034] conn(0x7fbe68038750 msgr2=0x7fbe6803ac10 unknown :-1 s=STATE_CONNECTING_RE l=1).process reconnect failed to v2:172.21.15.46:6800/1385957034
2024-03-18T20:29:15.728 INFO:teuthology.orchestra.run.smithi046.stdout:/usr/bin/ceph: stderr
2024-03-18T20:29:09.832+0000 7fbe7a7fc700 1 --2- 172.21.15.46:0/2828527049 >> [v2:172.21.15.46:6800/1385957034,v1:172.21.15.46:6801/1385957034] conn(0x7fbe68038750 0x7fbe6803ac10 unknown :-1 s=START_CONNECT pgs=0 cs=0 l=1 rev1=0 crypto rx=0 tx=0 comp rx=0 tx=0)._fault waiting 1.600000
2024-03-18T20:29:15.728 INFO:teuthology.orchestra.run.smithi046.stdout:/usr/bin/ceph: stderr
2024-03-18T20:29:11.433+0000 7fbe7a7fc700 1 -- 172.21.15.46:0/2828527049 >> [v2:172.21.15.46:6800/1385957034,v1:172.21.15.46:6801/1385957034] conn(0x7fbe68038750 msgr2=0x7fbe6803ac10 unknown :-1 s=STATE_CONNECTING_RE l=1).process reconnect failed to v2:172.21.15.46:6800/1385957034
2024-03-18T20:29:15.728 INFO:teuthology.orchestra.run.smithi046.stdout:/usr/bin/ceph: stderr
2024-03-18T20:29:11.433+0000 7fbe7a7fc700 1 --2- 172.21.15.46:0/2828527049 >> [v2:172.21.15.46:6800/1385957034,v1:172.21.15.46:6801/1385957034] conn(0x7fbe68038750 0x7fbe6803ac10 unknown :-1 s=START_CONNECT pgs=0 cs=0 l=1 rev1=0 crypto rx=0 tx=0 comp rx=0 tx=0)._fault waiting 3.200000
2024-03-18T20:29:15.728 INFO:teuthology.orchestra.run.smithi046.stdout:/usr/bin/ceph: stderr
2024-03-18T20:29:14.347+0000 7fbe80863700 1 -- 172.21.15.46:0/2828527049 <== mon.0 v2:172.21.15.46:3300/0 6 ==== mgrmap(e 6) v1 ==== 45300+0+0 (secure 0 0 0) 0x7fbe6402d9b0 con 0x7fbe7c106600
2024-03-18T20:29:15.728 INFO:teuthology.orchestra.run.smithi046.stdout:/usr/bin/ceph: stderr
2024-03-18T20:29:14.347+0000 7fbe80863700 1 -- 172.21.15.46:0/2828527049 >> [v2:172.21.15.46:6800/1385957034,v1:172.21.15.46:6801/1385957034] conn(0x7fbe68038750 msgr2=0x7fbe6803ac10 unknown :-1 s=STATE_CONNECTING l=1).mark_down
2024-03-18T20:29:15.728 INFO:teuthology.orchestra.run.smithi046.stdout:/usr/bin/ceph: stderr
2024-03-18T20:29:14.347+0000 7fbe80863700 1 --2- 172.21.15.46:0/2828527049 >> [v2:172.21.15.46:6800/1385957034,v1:172.21.15.46:6801/1385957034] conn(0x7fbe68038750 0x7fbe6803ac10 unknown :-1 s=START_CONNECT pgs=0 cs=0 l=1 rev1=0 crypto rx=0 tx=0 comp rx=0 tx=0).stop
2024-03-18T20:29:15.728 INFO:teuthology.orchestra.run.smithi046.stdout:/usr/bin/ceph: stderr
2024-03-18T20:29:15.349+0000 7fbe80863700 1 -- 172.21.15.46:0/2828527049 <== mon.0 v2:172.21.15.46:3300/0 7 ==== mgrmap(e 7) v1 ==== 45427+0+0 (secure 0 0 0) 0x7fbe6404df70 con 0x7fbe7c106600
2024-03-18T20:29:15.728 INFO:teuthology.orchestra.run.smithi046.stdout:/usr/bin/ceph: stderr
2024-03-18T20:29:15.349+0000 7fbe80863700 1 --2- 172.21.15.46:0/2828527049 >> [v2:172.21.15.46:6800/2753187643,v1:172.21.15.46:6801/2753187643] conn(0x7fbe6803be80 0x7fbe6803e270 unknown :-1 s=NONE pgs=0 cs=0 l=1 rev1=0 crypto rx=0 tx=0 comp rx=0 tx=0).connect
2024-03-18T20:29:15.729 INFO:teuthology.orchestra.run.smithi046.stdout:/usr/bin/ceph: stderr
2024-03-18T20:29:15.349+0000 7fbe80863700 1 -- 172.21.15.46:0/2828527049 --> [v2:172.21.15.46:6800/2753187643,v1:172.21.15.46:6801/2753187643] -- command(tid 0: {"prefix": "get_command_descriptions"}) v1 -- 0x7fbe7c0623e0 con 0x7fbe6803be80
2024-03-18T20:29:15.729 INFO:teuthology.orchestra.run.smithi046.stdout:/usr/bin/ceph: stderr
2024-03-18T20:29:15.349+0000 7fbe7a7fc700 1 --2- 172.21.15.46:0/2828527049 >> [v2:172.21.15.46:6800/2753187643,v1:172.21.15.46:6801/2753187643] conn(0x7fbe6803be80 0x7fbe6803e270 unknown :-1 s=BANNER_CONNECTING pgs=0 cs=0 l=1 rev1=0 crypto rx=0 tx=0 comp rx=0 tx=0)._handle_peer_banner_payload supported=3 required=0
2024-03-18T20:29:15.729 INFO:teuthology.orchestra.run.smithi046.stdout:/usr/bin/ceph: stderr
2024-03-18T20:29:15.350+0000 7fbe7a7fc700 1 --2- 172.21.15.46:0/2828527049 >> [v2:172.21.15.46:6800/2753187643,v1:172.21.15.46:6801/2753187643] conn(0x7fbe6803be80 0x7fbe6803e270 secure :-1 s=READY pgs=3 cs=0 l=1 rev1=1 crypto rx=0x7fbe6c003a10 tx=0x7fbe6c0092b0 comp rx=0 tx=0).ready entity=mgr.14120 client_cookie=0 server_cookie=0 in_seq=0 out_seq=0
2024-03-18T20:29:15.729 INFO:teuthology.orchestra.run.smithi046.stdout:/usr/bin/ceph: stderr
2024-03-18T20:29:15.351+0000 7fbe80863700 1 -- 172.21.15.46:0/2828527049 <== mgr.14120 v2:172.21.15.46:6800/2753187643 1 ==== command_reply(tid 0: 0 ) v1 ==== 8+0+6910 (secure 0 0 0) 0x7fbe7c0623e0 con 0x7fbe6803be80
2024-03-18T20:29:15.729 INFO:teuthology.orchestra.run.smithi046.stdout:/usr/bin/ceph: stderr
2024-03-18T20:29:15.357+0000 7fbe81865700 1 -- 172.21.15.46:0/2828527049 --> [v2:172.21.15.46:6800/2753187643,v1:172.21.15.46:6801/2753187643] -- command(tid 1: {"prefix": "mgr_status"}) v1 -- 0x7fbe7c10a9e0 con 0x7fbe6803be80
2024-03-18T20:29:15.729 INFO:teuthology.orchestra.run.smithi046.stdout:/usr/bin/ceph: stderr
2024-03-18T20:29:15.357+0000 7fbe80863700 1 -- 172.21.15.46:0/2828527049 <== mgr.14120 v2:172.21.15.46:6800/2753187643 2 ==== command_reply(tid 1: 0 ) v1 ==== 8+0+51 (secure 0 0 0) 0x7fbe7c10a9e0 con 0x7fbe6803be80
2024-03-18T20:29:15.729 INFO:teuthology.orchestra.run.smithi046.stdout:/usr/bin/ceph: stderr
2024-03-18T20:29:15.358+0000 7fbe81865700 1 -- 172.21.15.46:0/2828527049 >> [v2:172.21.15.46:6800/2753187643,v1:172.21.15.46:6801/2753187643] conn(0x7fbe6803be80 msgr2=0x7fbe6803e270 secure :-1 s=STATE_CONNECTION_ESTABLISHED l=1).mark_down
2024-03-18T20:29:15.729 INFO:teuthology.orchestra.run.smithi046.stdout:/usr/bin/ceph: stderr
2024-03-18T20:29:15.358+0000 7fbe81865700 1 --2- 172.21.15.46:0/2828527049 >> [v2:172.21.15.46:6800/2753187643,v1:172.21.15.46:6801/2753187643] conn(0x7fbe6803be80 0x7fbe6803e270 secure :-1 s=READY pgs=3 cs=0 l=1 rev1=1 crypto rx=0x7fbe6c003a10 tx=0x7fbe6c0092b0 comp rx=0 tx=0).stop
2024-03-18T20:29:15.729 INFO:teuthology.orchestra.run.smithi046.stdout:/usr/bin/ceph: stderr
2024-03-18T20:29:15.358+0000 7fbe81865700 1 -- 172.21.15.46:0/2828527049 >> [v2:172.21.15.46:3300/0,v1:172.21.15.46:6789/0] conn(0x7fbe7c106600 msgr2=0x7fbe7c19a350 secure :-1 s=STATE_CONNECTION_ESTABLISHED l=1).mark_down
2024-03-18T20:29:15.729 INFO:teuthology.orchestra.run.smithi046.stdout:/usr/bin/ceph: stderr
2024-03-18T20:29:15.358+0000 7fbe81865700 1 --2- 172.21.15.46:0/2828527049 >> [v2:172.21.15.46:3300/0,v1:172.21.15.46:6789/0] conn(0x7fbe7c106600 0x7fbe7c19a350 secure :-1 s=READY pgs=29 cs=0 l=1 rev1=1 crypto rx=0x7fbe64011710 tx=0x7fbe64011ad0 comp rx=0 tx=0).stop
2024-03-18T20:29:15.729 INFO:teuthology.orchestra.run.smithi046.stdout:/usr/bin/ceph: stderr
2024-03-18T20:29:15.358+0000 7fbe81865700 1 -- 172.21.15.46:0/2828527049 shutdown_connections
2024-03-18T20:29:15.729 INFO:teuthology.orchestra.run.smithi046.stdout:/usr/bin/ceph: stderr
2024-03-18T20:29:15.358+0000 7fbe81865700 1 --2- 172.21.15.46:0/2828527049 >> [v2:172.21.15.46:6800/2753187643,v1:172.21.15.46:6801/2753187643] conn(0x7fbe6803be80 0x7fbe6803e270 unknown :-1 s=CLOSED pgs=3 cs=0 l=1 rev1=1 crypto rx=0 tx=0 comp rx=0 tx=0).stop
2024-03-18T20:29:15.730 INFO:teuthology.orchestra.run.smithi046.stdout:/usr/bin/ceph: stderr
2024-03-18T20:29:15.358+0000 7fbe81865700 1 --2- 172.21.15.46:0/2828527049 >> [v2:172.21.15.46:3300/0,v1:172.21.15.46:6789/0] conn(0x7fbe7c106600 0x7fbe7c19a350 unknown :-1 s=CLOSED pgs=29 cs=0 l=1 rev1=1 crypto rx=0 tx=0 comp rx=0 tx=0).stop
2024-03-18T20:29:15.730 INFO:teuthology.orchestra.run.smithi046.stdout:/usr/bin/ceph: stderr
2024-03-18T20:29:15.358+0000 7fbe81865700 1 --2- 172.21.15.46:0/2828527049 >> [v2:172.21.15.46:6800/1385957034,v1:172.21.15.46:6801/1385957034] conn(0x7fbe68038750 0x7fbe6803ac10 unknown :-1 s=CLOSED pgs=0 cs=0 l=1 rev1=0 crypto rx=0 tx=0 comp rx=0 tx=0).stop
2024-03-18T20:29:15.730 INFO:teuthology.orchestra.run.smithi046.stdout:/usr/bin/ceph: stderr
2024-03-18T20:29:15.358+0000 7fbe81865700 1 -- 172.21.15.46:0/2828527049 >> 172.21.15.46:0/2828527049 conn(0x7fbe7c101be0 msgr2=0x7fbe7c1027f0 unknown :-1 s=STATE_NONE l=0).mark_down
2024-03-18T20:29:15.730 INFO:teuthology.orchestra.run.smithi046.stdout:/usr/bin/ceph: stderr
2024-03-18T20:29:15.358+0000 7fbe81865700 1 -- 172.21.15.46:0/2828527049 shutdown_connections
2024-03-18T20:29:15.730 INFO:teuthology.orchestra.run.smithi046.stdout:/usr/bin/ceph: stderr
2024-03-18T20:29:15.358+0000 7fbe81865700 1 -- 172.21.15.46:0/2828527049 wait complete.
2024-03-18T20:29:15.730 INFO:teuthology.orchestra.run.smithi046.stdout:mgr epoch 5 is available
2024-03-18T20:29:15.730 INFO:teuthology.orchestra.run.smithi046.stdout:Setting orchestrator backend to cephadm...
2024-03-18T20:29:16.610 INFO:journalctl@ceph.mon.a.smithi046.stdout:Mar 18 20:29:16 smithi046 ceph-mon[43495]: from='client.14124 -' entity='client.admin' cmd=[{"prefix": "get_command_descriptions"}]: dispatch
2024-03-18T20:29:16.610 INFO:journalctl@ceph.mon.a.smithi046.stdout:Mar 18 20:29:16 smithi046 ceph-mon[43495]: from='client.14124 -' entity='client.admin' cmd=[{"prefix": "mgr_status"}]: dispatch
2024-03-18T20:29:16.610 INFO:journalctl@ceph.mon.a.smithi046.stdout:Mar 18 20:29:16 smithi046 ceph-mon[43495]: [18/Mar/2024:20:29:15] ENGINE Bus STARTING
2024-03-18T20:29:16.610 INFO:journalctl@ceph.mon.a.smithi046.stdout:Mar 18 20:29:16 smithi046 ceph-mon[43495]: from='mgr.14120 172.21.15.46:0/80292447' entity='mgr.x' cmd=[{"prefix": "config dump", "format": "json"}]: dispatch
2024-03-18T20:29:16.610 INFO:journalctl@ceph.mon.a.smithi046.stdout:Mar 18 20:29:16 smithi046 ceph-mon[43495]: from='mgr.14120 172.21.15.46:0/80292447' entity='mgr.x'
2024-03-18T20:29:16.610 INFO:journalctl@ceph.mon.a.smithi046.stdout:Mar 18 20:29:16 smithi046 ceph-mon[43495]: from='mgr.14120 172.21.15.46:0/80292447' entity='mgr.x' cmd=[{"prefix": "config dump", "format": "json"}]: dispatch
2024-03-18T20:29:16.678 INFO:teuthology.orchestra.run.smithi046.stdout:/usr/bin/ceph: stderr
2024-03-18T20:29:16.059+0000 7f092ddf5700 1 Processor -- start
2024-03-18T20:29:16.679 INFO:teuthology.orchestra.run.smithi046.stdout:/usr/bin/ceph: stderr
2024-03-18T20:29:16.059+0000 7f092ddf5700 1 -- start start
2024-03-18T20:29:16.679 INFO:teuthology.orchestra.run.smithi046.stdout:/usr/bin/ceph: stderr
2024-03-18T20:29:16.060+0000 7f092ddf5700 1 --2- >> [v2:172.21.15.46:3300/0,v1:172.21.15.46:6789/0] conn(0x7f09281054d0 0x7f09281058f0 unknown :-1 s=NONE pgs=0 cs=0 l=0 rev1=0 crypto rx=0 tx=0 comp rx=0 tx=0).connect
2024-03-18T20:29:16.679 INFO:teuthology.orchestra.run.smithi046.stdout:/usr/bin/ceph: stderr
2024-03-18T20:29:16.060+0000 7f092ddf5700 1 -- --> [v2:172.21.15.46:3300/0,v1:172.21.15.46:6789/0] -- mon_getmap magic: 0 v1 -- 0x7f0928105ec0 con 0x7f09281054d0
2024-03-18T20:29:16.679 INFO:teuthology.orchestra.run.smithi046.stdout:/usr/bin/ceph: stderr
2024-03-18T20:29:16.060+0000 7f09277fe700 1 --2- >> [v2:172.21.15.46:3300/0,v1:172.21.15.46:6789/0] conn(0x7f09281054d0 0x7f09281058f0 unknown :-1 s=BANNER_CONNECTING pgs=0 cs=0 l=0 rev1=0 crypto rx=0 tx=0 comp rx=0 tx=0)._handle_peer_banner_payload supported=3 required=0
2024-03-18T20:29:16.679 INFO:teuthology.orchestra.run.smithi046.stdout:/usr/bin/ceph: stderr
2024-03-18T20:29:16.060+0000 7f09277fe700 1 --2- >> [v2:172.21.15.46:3300/0,v1:172.21.15.46:6789/0] conn(0x7f09281054d0 0x7f09281058f0 unknown :-1 s=HELLO_CONNECTING pgs=0 cs=0 l=0 rev1=1 crypto rx=0 tx=0 comp rx=0 tx=0).handle_hello peer v2:172.21.15.46:3300/0 says I am v2:172.21.15.46:38142/0 (socket says 172.21.15.46:38142)
2024-03-18T20:29:16.679 INFO:teuthology.orchestra.run.smithi046.stdout:/usr/bin/ceph: stderr
2024-03-18T20:29:16.060+0000 7f09277fe700 1 -- 172.21.15.46:0/36431401 learned_addr learned my addr 172.21.15.46:0/36431401 (peer_addr_for_me v2:172.21.15.46:0/0)
2024-03-18T20:29:16.679 INFO:teuthology.orchestra.run.smithi046.stdout:/usr/bin/ceph: stderr
2024-03-18T20:29:16.060+0000 7f09277fe700 1 -- 172.21.15.46:0/36431401 --> [v2:172.21.15.46:3300/0,v1:172.21.15.46:6789/0] -- mon_subscribe({config=0+,monmap=0+}) v3 -- 0x7f09281066d0 con 0x7f09281054d0
2024-03-18T20:29:16.679 INFO:teuthology.orchestra.run.smithi046.stdout:/usr/bin/ceph: stderr
2024-03-18T20:29:16.060+0000 7f09277fe700 1 --2- 172.21.15.46:0/36431401 >> [v2:172.21.15.46:3300/0,v1:172.21.15.46:6789/0] conn(0x7f09281054d0 0x7f09281058f0 secure :-1 s=READY pgs=37 cs=0 l=1 rev1=1 crypto rx=0x7f09100098a0 tx=0x7f0910009bb0 comp rx=0 tx=0).ready entity=mon.0 client_cookie=a2a1b868441f3a12 server_cookie=0 in_seq=0 out_seq=0
2024-03-18T20:29:16.679 INFO:teuthology.orchestra.run.smithi046.stdout:/usr/bin/ceph: stderr
2024-03-18T20:29:16.060+0000 7f09267fc700 1 -- 172.21.15.46:0/36431401 <== mon.0 v2:172.21.15.46:3300/0 1 ==== mon_map magic: 0 v1 ==== 205+0+0 (secure 0 0 0) 0x7f0910004160 con 0x7f09281054d0
2024-03-18T20:29:16.679 INFO:teuthology.orchestra.run.smithi046.stdout:/usr/bin/ceph: stderr
2024-03-18T20:29:16.061+0000 7f09267fc700 1 -- 172.21.15.46:0/36431401 <== mon.0 v2:172.21.15.46:3300/0 2 ==== config(26 keys) v1 ==== 1074+0+0 (secure 0 0 0) 0x7f09100042c0 con 0x7f09281054d0
2024-03-18T20:29:16.679 INFO:teuthology.orchestra.run.smithi046.stdout:/usr/bin/ceph: stderr
2024-03-18T20:29:16.061+0000 7f09267fc700 1 -- 172.21.15.46:0/36431401 <== mon.0 v2:172.21.15.46:3300/0 3 ==== mon_map magic: 0 v1 ==== 205+0+0 (secure 0 0 0) 0x7f0910011a00 con 0x7f09281054d0
2024-03-18T20:29:16.679 INFO:teuthology.orchestra.run.smithi046.stdout:/usr/bin/ceph: stderr
2024-03-18T20:29:16.061+0000 7f092ddf5700 1 -- 172.21.15.46:0/36431401 >> [v2:172.21.15.46:3300/0,v1:172.21.15.46:6789/0] conn(0x7f09281054d0 msgr2=0x7f09281058f0 secure :-1 s=STATE_CONNECTION_ESTABLISHED l=1).mark_down
2024-03-18T20:29:16.679 INFO:teuthology.orchestra.run.smithi046.stdout:/usr/bin/ceph: stderr
2024-03-18T20:29:16.061+0000 7f092ddf5700 1 --2- 172.21.15.46:0/36431401 >> [v2:172.21.15.46:3300/0,v1:172.21.15.46:6789/0] conn(0x7f09281054d0 0x7f09281058f0 secure :-1 s=READY pgs=37 cs=0 l=1 rev1=1 crypto rx=0x7f09100098a0 tx=0x7f0910009bb0 comp rx=0 tx=0).stop
2024-03-18T20:29:16.680 INFO:teuthology.orchestra.run.smithi046.stdout:/usr/bin/ceph: stderr
2024-03-18T20:29:16.061+0000 7f092ddf5700 1 -- 172.21.15.46:0/36431401 shutdown_connections
2024-03-18T20:29:16.680 INFO:teuthology.orchestra.run.smithi046.stdout:/usr/bin/ceph: stderr
