2024-03-18T20:29:30.153 INFO:teuthology.orchestra.run.smithi046.stdout:/usr/bin/ceph: stderr
2024-03-18T20:29:28.285+0000 7f2c3959a700 1 -- 172.21.15.46:0/1591038351 <== mon.0 v2:172.21.15.46:3300/0 3 ==== mon_map magic: 0 v1 ==== 205+0+0 (secure 0 0 0) 0x7f2c240119b0 con 0x7f2c3c1065e0
2024-03-18T20:29:30.153 INFO:teuthology.orchestra.run.smithi046.stdout:/usr/bin/ceph: stderr
2024-03-18T20:29:28.286+0000 7f2c409cf700 1 -- 172.21.15.46:0/1591038351 >> [v2:172.21.15.46:3300/0,v1:172.21.15.46:6789/0] conn(0x7f2c3c1065e0 msgr2=0x7f2c3c106a00 secure :-1 s=STATE_CONNECTION_ESTABLISHED l=1).mark_down
2024-03-18T20:29:30.153 INFO:teuthology.orchestra.run.smithi046.stdout:/usr/bin/ceph: stderr
2024-03-18T20:29:28.286+0000 7f2c409cf700 1 --2- 172.21.15.46:0/1591038351 >> [v2:172.21.15.46:3300/0,v1:172.21.15.46:6789/0] conn(0x7f2c3c1065e0 0x7f2c3c106a00 secure :-1 s=READY pgs=55 cs=0 l=1 rev1=1 crypto rx=0x7f2c240098a0 tx=0x7f2c24009bb0 comp rx=0 tx=0).stop
2024-03-18T20:29:30.153 INFO:teuthology.orchestra.run.smithi046.stdout:/usr/bin/ceph: stderr
2024-03-18T20:29:28.286+0000 7f2c409cf700 1 -- 172.21.15.46:0/1591038351 shutdown_connections
2024-03-18T20:29:30.153 INFO:teuthology.orchestra.run.smithi046.stdout:/usr/bin/ceph: stderr
2024-03-18T20:29:28.286+0000 7f2c409cf700 1 --2- 172.21.15.46:0/1591038351 >> [v2:172.21.15.46:3300/0,v1:172.21.15.46:6789/0] conn(0x7f2c3c1065e0 0x7f2c3c106a00 unknown :-1 s=CLOSED pgs=55 cs=0 l=1 rev1=1 crypto rx=0 tx=0 comp rx=0 tx=0).stop
2024-03-18T20:29:30.153 INFO:teuthology.orchestra.run.smithi046.stdout:/usr/bin/ceph: stderr
2024-03-18T20:29:28.286+0000 7f2c409cf700 1 -- 172.21.15.46:0/1591038351 >> 172.21.15.46:0/1591038351 conn(0x7f2c3c101be0 msgr2=0x7f2c3c104000 unknown :-1 s=STATE_NONE l=0).mark_down
2024-03-18T20:29:30.153 INFO:teuthology.orchestra.run.smithi046.stdout:/usr/bin/ceph: stderr
2024-03-18T20:29:28.286+0000 7f2c409cf700 1 -- 172.21.15.46:0/1591038351 shutdown_connections
2024-03-18T20:29:30.153 INFO:teuthology.orchestra.run.smithi046.stdout:/usr/bin/ceph: stderr
2024-03-18T20:29:28.286+0000 7f2c409cf700 1 -- 172.21.15.46:0/1591038351 wait complete.
2024-03-18T20:29:30.153 INFO:teuthology.orchestra.run.smithi046.stdout:/usr/bin/ceph: stderr
2024-03-18T20:29:28.287+0000 7f2c409cf700 1 Processor -- start
2024-03-18T20:29:30.153 INFO:teuthology.orchestra.run.smithi046.stdout:/usr/bin/ceph: stderr
2024-03-18T20:29:28.287+0000 7f2c409cf700 1 -- start start
2024-03-18T20:29:30.153 INFO:teuthology.orchestra.run.smithi046.stdout:/usr/bin/ceph: stderr
2024-03-18T20:29:28.287+0000 7f2c409cf700 1 --2- >> [v2:172.21.15.46:3300/0,v1:172.21.15.46:6789/0] conn(0x7f2c3c1065e0 0x7f2c3c19c520 unknown :-1 s=NONE pgs=0 cs=0 l=1 rev1=0 crypto rx=0 tx=0 comp rx=0 tx=0).connect
2024-03-18T20:29:30.154 INFO:teuthology.orchestra.run.smithi046.stdout:/usr/bin/ceph: stderr
2024-03-18T20:29:28.287+0000 7f2c409cf700 1 -- --> [v2:172.21.15.46:3300/0,v1:172.21.15.46:6789/0] -- mon_getmap magic: 0 v1 -- 0x7f2c3c19ca60 con 0x7f2c3c1065e0
2024-03-18T20:29:30.154 INFO:teuthology.orchestra.run.smithi046.stdout:/usr/bin/ceph: stderr
2024-03-18T20:29:28.287+0000 7f2c3a59c700 1 --2- >> [v2:172.21.15.46:3300/0,v1:172.21.15.46:6789/0] conn(0x7f2c3c1065e0 0x7f2c3c19c520 unknown :-1 s=BANNER_CONNECTING pgs=0 cs=0 l=1 rev1=0 crypto rx=0 tx=0 comp rx=0 tx=0)._handle_peer_banner_payload supported=3 required=0
2024-03-18T20:29:30.154 INFO:teuthology.orchestra.run.smithi046.stdout:/usr/bin/ceph: stderr
2024-03-18T20:29:28.287+0000 7f2c3a59c700 1 --2- >> [v2:172.21.15.46:3300/0,v1:172.21.15.46:6789/0] conn(0x7f2c3c1065e0 0x7f2c3c19c520 unknown :-1 s=HELLO_CONNECTING pgs=0 cs=0 l=1 rev1=1 crypto rx=0 tx=0 comp rx=0 tx=0).handle_hello peer v2:172.21.15.46:3300/0 says I am v2:172.21.15.46:52974/0 (socket says 172.21.15.46:52974)
2024-03-18T20:29:30.154 INFO:teuthology.orchestra.run.smithi046.stdout:/usr/bin/ceph: stderr
2024-03-18T20:29:28.287+0000 7f2c3a59c700 1 -- 172.21.15.46:0/2788244321 learned_addr learned my addr 172.21.15.46:0/2788244321 (peer_addr_for_me v2:172.21.15.46:0/0)
2024-03-18T20:29:30.154 INFO:teuthology.orchestra.run.smithi046.stdout:/usr/bin/ceph: stderr
2024-03-18T20:29:28.288+0000 7f2c3a59c700 1 -- 172.21.15.46:0/2788244321 --> [v2:172.21.15.46:3300/0,v1:172.21.15.46:6789/0] -- mon_subscribe({config=0+,monmap=0+}) v3 -- 0x7f2c24009550 con 0x7f2c3c1065e0
2024-03-18T20:29:30.154 INFO:teuthology.orchestra.run.smithi046.stdout:/usr/bin/ceph: stderr
2024-03-18T20:29:28.288+0000 7f2c3a59c700 1 --2- 172.21.15.46:0/2788244321 >> [v2:172.21.15.46:3300/0,v1:172.21.15.46:6789/0] conn(0x7f2c3c1065e0 0x7f2c3c19c520 secure :-1 s=READY pgs=56 cs=0 l=1 rev1=1 crypto rx=0x7f2c24003e60 tx=0x7f2c24011a30 comp rx=0 tx=0).ready entity=mon.0 client_cookie=0 server_cookie=0 in_seq=0 out_seq=0
2024-03-18T20:29:30.154 INFO:teuthology.orchestra.run.smithi046.stdout:/usr/bin/ceph: stderr
2024-03-18T20:29:28.288+0000 7f2c337fe700 1 -- 172.21.15.46:0/2788244321 <== mon.0 v2:172.21.15.46:3300/0 1 ==== mon_map magic: 0 v1 ==== 205+0+0 (secure 0 0 0) 0x7f2c24003a60 con 0x7f2c3c1065e0
2024-03-18T20:29:30.154 INFO:teuthology.orchestra.run.smithi046.stdout:/usr/bin/ceph: stderr
2024-03-18T20:29:28.288+0000 7f2c409cf700 1 -- 172.21.15.46:0/2788244321 --> [v2:172.21.15.46:3300/0,v1:172.21.15.46:6789/0] -- mon_subscribe({mgrmap=0+}) v3 -- 0x7f2c3c19cc60 con 0x7f2c3c1065e0
2024-03-18T20:29:30.154 INFO:teuthology.orchestra.run.smithi046.stdout:/usr/bin/ceph: stderr
2024-03-18T20:29:28.288+0000 7f2c337fe700 1 -- 172.21.15.46:0/2788244321 <== mon.0 v2:172.21.15.46:3300/0 2 ==== config(26 keys) v1 ==== 1105+0+0 (secure 0 0 0) 0x7f2c24003bc0 con 0x7f2c3c1065e0
2024-03-18T20:29:30.154 INFO:teuthology.orchestra.run.smithi046.stdout:/usr/bin/ceph: stderr
2024-03-18T20:29:28.288+0000 7f2c337fe700 1 -- 172.21.15.46:0/2788244321 <== mon.0 v2:172.21.15.46:3300/0 3 ==== mon_map magic: 0 v1 ==== 205+0+0 (secure 0 0 0) 0x7f2c240196c0 con 0x7f2c3c1065e0
2024-03-18T20:29:30.154 INFO:teuthology.orchestra.run.smithi046.stdout:/usr/bin/ceph: stderr
2024-03-18T20:29:28.288+0000 7f2c409cf700 1 -- 172.21.15.46:0/2788244321 --> [v2:172.21.15.46:3300/0,v1:172.21.15.46:6789/0] -- mon_subscribe({osdmap=0}) v3 -- 0x7f2c3c19d100 con 0x7f2c3c1065e0
2024-03-18T20:29:30.154 INFO:teuthology.orchestra.run.smithi046.stdout:/usr/bin/ceph: stderr
2024-03-18T20:29:28.289+0000 7f2c337fe700 1 -- 172.21.15.46:0/2788244321 <== mon.0 v2:172.21.15.46:3300/0 4 ==== mgrmap(e 8) v1 ==== 45533+0+0 (secure 0 0 0) 0x7f2c24019930 con 0x7f2c3c1065e0
2024-03-18T20:29:30.154 INFO:teuthology.orchestra.run.smithi046.stdout:/usr/bin/ceph: stderr
2024-03-18T20:29:28.289+0000 7f2c409cf700 1 -- 172.21.15.46:0/2788244321 --> [v2:172.21.15.46:3300/0,v1:172.21.15.46:6789/0] -- mon_command({"prefix": "get_command_descriptions"} v 0) v1 -- 0x7f2c3c10a9c0 con 0x7f2c3c1065e0
2024-03-18T20:29:30.154 INFO:teuthology.orchestra.run.smithi046.stdout:/usr/bin/ceph: stderr
2024-03-18T20:29:28.289+0000 7f2c337fe700 1 --2- 172.21.15.46:0/2788244321 >> [v2:172.21.15.46:6800/2753187643,v1:172.21.15.46:6801/2753187643] conn(0x7f2c28038730 0x7f2c2803abf0 unknown :-1 s=NONE pgs=0 cs=0 l=1 rev1=0 crypto rx=0 tx=0 comp rx=0 tx=0).connect
2024-03-18T20:29:30.155 INFO:teuthology.orchestra.run.smithi046.stdout:/usr/bin/ceph: stderr
2024-03-18T20:29:28.289+0000 7f2c337fe700 1 -- 172.21.15.46:0/2788244321 <== mon.0 v2:172.21.15.46:3300/0 5 ==== osd_map(2..2 src has 1..2) v4 ==== 940+0+0 (secure 0 0 0) 0x7f2c2404cb70 con 0x7f2c3c1065e0
2024-03-18T20:29:30.155 INFO:teuthology.orchestra.run.smithi046.stdout:/usr/bin/ceph: stderr
2024-03-18T20:29:28.289+0000 7f2c39d9b700 1 --2- 172.21.15.46:0/2788244321 >> [v2:172.21.15.46:6800/2753187643,v1:172.21.15.46:6801/2753187643] conn(0x7f2c28038730 0x7f2c2803abf0 unknown :-1 s=BANNER_CONNECTING pgs=0 cs=0 l=1 rev1=0 crypto rx=0 tx=0 comp rx=0 tx=0)._handle_peer_banner_payload supported=3 required=0
2024-03-18T20:29:30.155 INFO:teuthology.orchestra.run.smithi046.stdout:/usr/bin/ceph: stderr
2024-03-18T20:29:28.290+0000 7f2c39d9b700 1 --2- 172.21.15.46:0/2788244321 >> [v2:172.21.15.46:6800/2753187643,v1:172.21.15.46:6801/2753187643] conn(0x7f2c28038730 0x7f2c2803abf0 secure :-1 s=READY pgs=16 cs=0 l=1 rev1=1 crypto rx=0x7f2c2c006fd0 tx=0x7f2c2c006e40 comp rx=0 tx=0).ready entity=mgr.14120 client_cookie=0 server_cookie=0 in_seq=0 out_seq=0
2024-03-18T20:29:30.155 INFO:teuthology.orchestra.run.smithi046.stdout:/usr/bin/ceph: stderr
2024-03-18T20:29:28.294+0000 7f2c337fe700 1 -- 172.21.15.46:0/2788244321 <== mon.0 v2:172.21.15.46:3300/0 6 ==== mon_command_ack([{"prefix": "get_command_descriptions"}]=0 v0) v1 ==== 72+0+182738 (secure 0 0 0) 0x7f2c24010de0 con 0x7f2c3c1065e0
2024-03-18T20:29:30.155 INFO:teuthology.orchestra.run.smithi046.stdout:/usr/bin/ceph: stderr
2024-03-18T20:29:28.564+0000 7f2c409cf700 1 -- 172.21.15.46:0/2788244321 --> [v2:172.21.15.46:3300/0,v1:172.21.15.46:6789/0] -- mon_command({"prefix": "mgr module enable", "module": "dashboard"} v 0) v1 -- 0x7f2c3c10abe0 con 0x7f2c3c1065e0
2024-03-18T20:29:30.155 INFO:teuthology.orchestra.run.smithi046.stdout:/usr/bin/ceph: stderr
2024-03-18T20:29:29.284+0000 7f2c337fe700 1 -- 172.21.15.46:0/2788244321 <== mon.0 v2:172.21.15.46:3300/0 7 ==== mgrmap(e 9) v1 ==== 45546+0+0 (secure 0 0 0) 0x7f2c2400fd80 con 0x7f2c3c1065e0
2024-03-18T20:29:30.155 INFO:teuthology.orchestra.run.smithi046.stdout:/usr/bin/ceph: stderr
2024-03-18T20:29:29.286+0000 7f2c337fe700 1 -- 172.21.15.46:0/2788244321 <== mon.0 v2:172.21.15.46:3300/0 8 ==== mon_command_ack([{"prefix": "mgr module enable", "module": "dashboard"}]=0 v9) v1 ==== 88+0+0 (secure 0 0 0) 0x7f2c2402bbf0 con 0x7f2c3c1065e0
2024-03-18T20:29:30.155 INFO:teuthology.orchestra.run.smithi046.stdout:/usr/bin/ceph: stderr
2024-03-18T20:29:29.289+0000 7f2c409cf700 1 -- 172.21.15.46:0/2788244321 >> [v2:172.21.15.46:6800/2753187643,v1:172.21.15.46:6801/2753187643] conn(0x7f2c28038730 msgr2=0x7f2c2803abf0 secure :-1 s=STATE_CONNECTION_ESTABLISHED l=1).mark_down
2024-03-18T20:29:30.155 INFO:teuthology.orchestra.run.smithi046.stdout:/usr/bin/ceph: stderr
2024-03-18T20:29:29.289+0000 7f2c409cf700 1 --2- 172.21.15.46:0/2788244321 >> [v2:172.21.15.46:6800/2753187643,v1:172.21.15.46:6801/2753187643] conn(0x7f2c28038730 0x7f2c2803abf0 secure :-1 s=READY pgs=16 cs=0 l=1 rev1=1 crypto rx=0x7f2c2c006fd0 tx=0x7f2c2c006e40 comp rx=0 tx=0).stop
2024-03-18T20:29:30.155 INFO:teuthology.orchestra.run.smithi046.stdout:/usr/bin/ceph: stderr
2024-03-18T20:29:29.289+0000 7f2c409cf700 1 -- 172.21.15.46:0/2788244321 >> [v2:172.21.15.46:3300/0,v1:172.21.15.46:6789/0] conn(0x7f2c3c1065e0 msgr2=0x7f2c3c19c520 secure :-1 s=STATE_CONNECTION_ESTABLISHED l=1).mark_down
2024-03-18T20:29:30.155 INFO:teuthology.orchestra.run.smithi046.stdout:/usr/bin/ceph: stderr
2024-03-18T20:29:29.289+0000 7f2c409cf700 1 --2- 172.21.15.46:0/2788244321 >> [v2:172.21.15.46:3300/0,v1:172.21.15.46:6789/0] conn(0x7f2c3c1065e0 0x7f2c3c19c520 secure :-1 s=READY pgs=56 cs=0 l=1 rev1=1 crypto rx=0x7f2c24003e60 tx=0x7f2c24011a30 comp rx=0 tx=0).stop
2024-03-18T20:29:30.155 INFO:teuthology.orchestra.run.smithi046.stdout:/usr/bin/ceph: stderr
2024-03-18T20:29:29.289+0000 7f2c409cf700 1 -- 172.21.15.46:0/2788244321 shutdown_connections
2024-03-18T20:29:30.155 INFO:teuthology.orchestra.run.smithi046.stdout:/usr/bin/ceph: stderr
2024-03-18T20:29:29.289+0000 7f2c409cf700 1 --2- 172.21.15.46:0/2788244321 >> [v2:172.21.15.46:6800/2753187643,v1:172.21.15.46:6801/2753187643] conn(0x7f2c28038730 0x7f2c2803abf0 unknown :-1 s=CLOSED pgs=16 cs=0 l=1 rev1=1 crypto rx=0 tx=0 comp rx=0 tx=0).stop
2024-03-18T20:29:30.155 INFO:teuthology.orchestra.run.smithi046.stdout:/usr/bin/ceph: stderr
2024-03-18T20:29:29.289+0000 7f2c409cf700 1 --2- 172.21.15.46:0/2788244321 >> [v2:172.21.15.46:3300/0,v1:172.21.15.46:6789/0] conn(0x7f2c3c1065e0 0x7f2c3c19c520 unknown :-1 s=CLOSED pgs=56 cs=0 l=1 rev1=1 crypto rx=0 tx=0 comp rx=0 tx=0).stop
2024-03-18T20:29:30.156 INFO:teuthology.orchestra.run.smithi046.stdout:/usr/bin/ceph: stderr
2024-03-18T20:29:29.289+0000 7f2c409cf700 1 -- 172.21.15.46:0/2788244321 >> 172.21.15.46:0/2788244321 conn(0x7f2c3c101be0 msgr2=0x7f2c3c102720 unknown :-1 s=STATE_NONE l=0).mark_down
2024-03-18T20:29:30.156 INFO:teuthology.orchestra.run.smithi046.stdout:/usr/bin/ceph: stderr
2024-03-18T20:29:29.289+0000 7f2c409cf700 1 -- 172.21.15.46:0/2788244321 shutdown_connections
2024-03-18T20:29:30.156 INFO:teuthology.orchestra.run.smithi046.stdout:/usr/bin/ceph: stderr
2024-03-18T20:29:29.289+0000 7f2c409cf700 1 -- 172.21.15.46:0/2788244321 wait complete.
2024-03-18T20:29:30.554 INFO:journalctl@ceph.mon.a.smithi046.stdout:Mar 18 20:29:30 smithi046 ceph-mon[43495]: from='client.? 172.21.15.46:0/2788244321' entity='client.admin' cmd='[{"prefix": "mgr module enable", "module": "dashboard"}]': finished
2024-03-18T20:29:30.554 INFO:journalctl@ceph.mon.a.smithi046.stdout:Mar 18 20:29:30 smithi046 ceph-mon[43495]: mgrmap e9: x(active, since 14s)
2024-03-18T20:29:30.555 INFO:journalctl@ceph.mgr.x.smithi046.stdout:Mar 18 20:29:30 smithi046 ceph-04a8ae18-e566-11ee-95c9-87774f69a715-mgr-x[43744]:
2024-03-18T20:29:30.075+0000 7f80f795a200 -1 mgr[py] Module progress has missing NOTIFY_TYPES member
2024-03-18T20:29:31.114 INFO:journalctl@ceph.mgr.x.smithi046.stdout:Mar 18 20:29:30 smithi046 ceph-04a8ae18-e566-11ee-95c9-87774f69a715-mgr-x[43744]:
2024-03-18T20:29:30.815+0000 7f80f795a200 -1 mgr[py] Module orchestrator has missing NOTIFY_TYPES member
2024-03-18T20:29:31.194 INFO:teuthology.orchestra.run.smithi046.stdout:/usr/bin/ceph: stdout {
2024-03-18T20:29:31.194 INFO:teuthology.orchestra.run.smithi046.stdout:/usr/bin/ceph: stdout "epoch": 9,
2024-03-18T20:29:31.194 INFO:teuthology.orchestra.run.smithi046.stdout:/usr/bin/ceph: stdout "available": true,
2024-03-18T20:29:31.194 INFO:teuthology.orchestra.run.smithi046.stdout:/usr/bin/ceph: stdout "active_name": "x",
2024-03-18T20:29:31.194 INFO:teuthology.orchestra.run.smithi046.stdout:/usr/bin/ceph: stdout "num_standby": 0
2024-03-18T20:29:31.194 INFO:teuthology.orchestra.run.smithi046.stdout:/usr/bin/ceph: stdout }
2024-03-18T20:29:31.194 INFO:teuthology.orchestra.run.smithi046.stdout:/usr/bin/ceph: stderr
2024-03-18T20:29:30.499+0000 7fdef5722700 1 Processor -- start
2024-03-18T20:29:31.194 INFO:teuthology.orchestra.run.smithi046.stdout:/usr/bin/ceph: stderr
2024-03-18T20:29:30.499+0000 7fdef5722700 1 -- start start
2024-03-18T20:29:31.194 INFO:teuthology.orchestra.run.smithi046.stdout:/usr/bin/ceph: stderr
2024-03-18T20:29:30.499+0000 7fdef5722700 1 --2- >> [v2:172.21.15.46:3300/0,v1:172.21.15.46:6789/0] conn(0x7fdef0106600 0x7fdef0106a20 unknown :-1 s=NONE pgs=0 cs=0 l=0 rev1=0 crypto rx=0 tx=0 comp rx=0 tx=0).connect
2024-03-18T20:29:31.194 INFO:teuthology.orchestra.run.smithi046.stdout:/usr/bin/ceph: stderr
2024-03-18T20:29:30.499+0000 7fdef5722700 1 -- --> [v2:172.21.15.46:3300/0,v1:172.21.15.46:6789/0] -- mon_getmap magic: 0 v1 -- 0x7fdef0106ff0 con 0x7fdef0106600
2024-03-18T20:29:31.195 INFO:teuthology.orchestra.run.smithi046.stdout:/usr/bin/ceph: stderr
2024-03-18T20:29:30.499+0000 7fdeeeffd700 1 --2- >> [v2:172.21.15.46:3300/0,v1:172.21.15.46:6789/0] conn(0x7fdef0106600 0x7fdef0106a20 unknown :-1 s=BANNER_CONNECTING pgs=0 cs=0 l=0 rev1=0 crypto rx=0 tx=0 comp rx=0 tx=0)._handle_peer_banner_payload supported=3 required=0
2024-03-18T20:29:31.195 INFO:teuthology.orchestra.run.smithi046.stdout:/usr/bin/ceph: stderr
2024-03-18T20:29:30.500+0000 7fdeeeffd700 1 --2- >> [v2:172.21.15.46:3300/0,v1:172.21.15.46:6789/0] conn(0x7fdef0106600 0x7fdef0106a20 unknown :-1 s=HELLO_CONNECTING pgs=0 cs=0 l=0 rev1=1 crypto rx=0 tx=0 comp rx=0 tx=0).handle_hello peer v2:172.21.15.46:3300/0 says I am v2:172.21.15.46:52990/0 (socket says 172.21.15.46:52990)
2024-03-18T20:29:31.195 INFO:teuthology.orchestra.run.smithi046.stdout:/usr/bin/ceph: stderr
2024-03-18T20:29:30.500+0000 7fdeeeffd700 1 -- 172.21.15.46:0/3991588690 learned_addr learned my addr 172.21.15.46:0/3991588690 (peer_addr_for_me v2:172.21.15.46:0/0)
2024-03-18T20:29:31.195 INFO:teuthology.orchestra.run.smithi046.stdout:/usr/bin/ceph: stderr
2024-03-18T20:29:30.500+0000 7fdeeeffd700 1 -- 172.21.15.46:0/3991588690 --> [v2:172.21.15.46:3300/0,v1:172.21.15.46:6789/0] -- mon_subscribe({config=0+,monmap=0+}) v3 -- 0x7fdef01077b0 con 0x7fdef0106600
2024-03-18T20:29:31.195 INFO:teuthology.orchestra.run.smithi046.stdout:/usr/bin/ceph: stderr
2024-03-18T20:29:30.500+0000 7fdeeeffd700 1 --2- 172.21.15.46:0/3991588690 >> [v2:172.21.15.46:3300/0,v1:172.21.15.46:6789/0] conn(0x7fdef0106600 0x7fdef0106a20 secure :-1 s=READY pgs=59 cs=0 l=1 rev1=1 crypto rx=0x7fdee00098a0 tx=0x7fdee0009bb0 comp rx=0 tx=0).ready entity=mon.0 client_cookie=f553d90f52537ac3 server_cookie=0 in_seq=0 out_seq=0
2024-03-18T20:29:31.195 INFO:teuthology.orchestra.run.smithi046.stdout:/usr/bin/ceph: stderr
2024-03-18T20:29:30.500+0000 7fdeedffb700 1 -- 172.21.15.46:0/3991588690 <== mon.0 v2:172.21.15.46:3300/0 1 ==== mon_map magic: 0 v1 ==== 205+0+0 (secure 0 0 0) 0x7fdee0004160 con 0x7fdef0106600
2024-03-18T20:29:31.195 INFO:teuthology.orchestra.run.smithi046.stdout:/usr/bin/ceph: stderr
2024-03-18T20:29:30.500+0000 7fdeedffb700 1 -- 172.21.15.46:0/3991588690 <== mon.0 v2:172.21.15.46:3300/0 2 ==== config(26 keys) v1 ==== 1105+0+0 (secure 0 0 0) 0x7fdee00042c0 con 0x7fdef0106600
2024-03-18T20:29:31.195 INFO:teuthology.orchestra.run.smithi046.stdout:/usr/bin/ceph: stderr
2024-03-18T20:29:30.500+0000 7fdeedffb700 1 -- 172.21.15.46:0/3991588690 <== mon.0 v2:172.21.15.46:3300/0 3 ==== mon_map magic: 0 v1 ==== 205+0+0 (secure 0 0 0) 0x7fdee00119b0 con 0x7fdef0106600
2024-03-18T20:29:31.195 INFO:teuthology.orchestra.run.smithi046.stdout:/usr/bin/ceph: stderr
2024-03-18T20:29:30.501+0000 7fdef5722700 1 -- 172.21.15.46:0/3991588690 >> [v2:172.21.15.46:3300/0,v1:172.21.15.46:6789/0] conn(0x7fdef0106600 msgr2=0x7fdef0106a20 secure :-1 s=STATE_CONNECTION_ESTABLISHED l=1).mark_down
2024-03-18T20:29:31.195 INFO:teuthology.orchestra.run.smithi046.stdout:/usr/bin/ceph: stderr
2024-03-18T20:29:30.501+0000 7fdef5722700 1 --2- 172.21.15.46:0/3991588690 >> [v2:172.21.15.46:3300/0,v1:172.21.15.46:6789/0] conn(0x7fdef0106600 0x7fdef0106a20 secure :-1 s=READY pgs=59 cs=0 l=1 rev1=1 crypto rx=0x7fdee00098a0 tx=0x7fdee0009bb0 comp rx=0 tx=0).stop
2024-03-18T20:29:31.195 INFO:teuthology.orchestra.run.smithi046.stdout:/usr/bin/ceph: stderr
2024-03-18T20:29:30.501+0000 7fdef5722700 1 -- 172.21.15.46:0/3991588690 shutdown_connections
2024-03-18T20:29:31.195 INFO:teuthology.orchestra.run.smithi046.stdout:/usr/bin/ceph: stderr
2024-03-18T20:29:30.501+0000 7fdef5722700 1 --2- 172.21.15.46:0/3991588690 >> [v2:172.21.15.46:3300/0,v1:172.21.15.46:6789/0] conn(0x7fdef0106600 0x7fdef0106a20 unknown :-1 s=CLOSED pgs=59 cs=0 l=1 rev1=1 crypto rx=0 tx=0 comp rx=0 tx=0).stop
2024-03-18T20:29:31.195 INFO:teuthology.orchestra.run.smithi046.stdout:/usr/bin/ceph: stderr
2024-03-18T20:29:30.501+0000 7fdef5722700 1 -- 172.21.15.46:0/3991588690 >> 172.21.15.46:0/3991588690 conn(0x7fdef0101be0 msgr2=0x7fdef0104000 unknown :-1 s=STATE_NONE l=0).mark_down
2024-03-18T20:29:31.195 INFO:teuthology.orchestra.run.smithi046.stdout:/usr/bin/ceph: stderr
2024-03-18T20:29:30.501+0000 7fdef5722700 1 -- 172.21.15.46:0/3991588690 shutdown_connections
2024-03-18T20:29:31.196 INFO:teuthology.orchestra.run.smithi046.stdout:/usr/bin/ceph: stderr
2024-03-18T20:29:30.501+0000 7fdef5722700 1 -- 172.21.15.46:0/3991588690 wait complete.
2024-03-18T20:29:31.196 INFO:teuthology.orchestra.run.smithi046.stdout:/usr/bin/ceph: stderr
2024-03-18T20:29:30.502+0000 7fdef5722700 1 Processor -- start
2024-03-18T20:29:31.196 INFO:teuthology.orchestra.run.smithi046.stdout:/usr/bin/ceph: stderr
2024-03-18T20:29:30.502+0000 7fdef5722700 1 -- start start
2024-03-18T20:29:31.196 INFO:teuthology.orchestra.run.smithi046.stdout:/usr/bin/ceph: stderr
2024-03-18T20:29:30.502+0000 7fdef5722700 1 --2- >> [v2:172.21.15.46:3300/0,v1:172.21.15.46:6789/0] conn(0x7fdef0106600 0x7fdef019a370 unknown :-1 s=NONE pgs=0 cs=0 l=1 rev1=0 crypto rx=0 tx=0 comp rx=0 tx=0).connect
2024-03-18T20:29:31.197 INFO:teuthology.orchestra.run.smithi046.stdout:/usr/bin/ceph: stderr
2024-03-18T20:29:30.502+0000 7fdef5722700 1 -- --> [v2:172.21.15.46:3300/0,v1:172.21.15.46:6789/0] -- mon_getmap magic: 0 v1 -- 0x7fdef019a8b0 con 0x7fdef0106600
2024-03-18T20:29:31.197 INFO:teuthology.orchestra.run.smithi046.stdout:/usr/bin/ceph: stderr
2024-03-18T20:29:30.502+0000 7fdeeeffd700 1 --2- >> [v2:172.21.15.46:3300/0,v1:172.21.15.46:6789/0] conn(0x7fdef0106600 0x7fdef019a370 unknown :-1 s=BANNER_CONNECTING pgs=0 cs=0 l=1 rev1=0 crypto rx=0 tx=0 comp rx=0 tx=0)._handle_peer_banner_payload supported=3 required=0
2024-03-18T20:29:31.197 INFO:teuthology.orchestra.run.smithi046.stdout:/usr/bin/ceph: stderr
2024-03-18T20:29:30.503+0000 7fdeeeffd700 1 --2- >> [v2:172.21.15.46:3300/0,v1:172.21.15.46:6789/0] conn(0x7fdef0106600 0x7fdef019a370 unknown :-1 s=HELLO_CONNECTING pgs=0 cs=0 l=1 rev1=1 crypto rx=0 tx=0 comp rx=0 tx=0).handle_hello peer v2:172.21.15.46:3300/0 says I am v2:172.21.15.46:53006/0 (socket says 172.21.15.46:53006)
2024-03-18T20:29:31.197 INFO:teuthology.orchestra.run.smithi046.stdout:/usr/bin/ceph: stderr
2024-03-18T20:29:30.503+0000 7fdeeeffd700 1 -- 172.21.15.46:0/2432364591 learned_addr learned my addr 172.21.15.46:0/2432364591 (peer_addr_for_me v2:172.21.15.46:0/0)
2024-03-18T20:29:31.197 INFO:teuthology.orchestra.run.smithi046.stdout:/usr/bin/ceph: stderr
2024-03-18T20:29:30.503+0000 7fdeeeffd700 1 -- 172.21.15.46:0/2432364591 --> [v2:172.21.15.46:3300/0,v1:172.21.15.46:6789/0] -- mon_subscribe({config=0+,monmap=0+}) v3 -- 0x7fdee0009550 con 0x7fdef0106600
2024-03-18T20:29:31.197 INFO:teuthology.orchestra.run.smithi046.stdout:/usr/bin/ceph: stderr
2024-03-18T20:29:30.503+0000 7fdeeeffd700 1 --2- 172.21.15.46:0/2432364591 >> [v2:172.21.15.46:3300/0,v1:172.21.15.46:6789/0] conn(0x7fdef0106600 0x7fdef019a370 secure :-1 s=READY pgs=60 cs=0 l=1 rev1=1 crypto rx=0x7fdee0003e60 tx=0x7fdee0011a30 comp rx=0 tx=0).ready entity=mon.0 client_cookie=0 server_cookie=0 in_seq=0 out_seq=0
2024-03-18T20:29:31.197 INFO:teuthology.orchestra.run.smithi046.stdout:/usr/bin/ceph: stderr
2024-03-18T20:29:30.503+0000 7fded7fff700 1 -- 172.21.15.46:0/2432364591 <== mon.0 v2:172.21.15.46:3300/0 1 ==== mon_map magic: 0 v1 ==== 205+0+0 (secure 0 0 0) 0x7fdee00038b0 con 0x7fdef0106600
2024-03-18T20:29:31.197 INFO:teuthology.orchestra.run.smithi046.stdout:/usr/bin/ceph: stderr
2024-03-18T20:29:30.503+0000 7fded7fff700 1 -- 172.21.15.46:0/2432364591 <== mon.0 v2:172.21.15.46:3300/0 2 ==== config(26 keys) v1 ==== 1105+0+0 (secure 0 0 0) 0x7fdee0003a10 con 0x7fdef0106600
2024-03-18T20:29:31.197 INFO:teuthology.orchestra.run.smithi046.stdout:/usr/bin/ceph: stderr
2024-03-18T20:29:30.503+0000 7fdef5722700 1 -- 172.21.15.46:0/2432364591 --> [v2:172.21.15.46:3300/0,v1:172.21.15.46:6789/0] -- mon_subscribe({mgrmap=0+}) v3 -- 0x7fdef019aab0 con 0x7fdef0106600
2024-03-18T20:29:31.197 INFO:teuthology.orchestra.run.smithi046.stdout:/usr/bin/ceph: stderr
2024-03-18T20:29:30.503+0000 7fded7fff700 1 -- 172.21.15.46:0/2432364591 <== mon.0 v2:172.21.15.46:3300/0 3 ==== mon_map magic: 0 v1 ==== 205+0+0 (secure 0 0 0) 0x7fdee0019530 con 0x7fdef0106600
2024-03-18T20:29:31.197 INFO:teuthology.orchestra.run.smithi046.stdout:/usr/bin/ceph: stderr
2024-03-18T20:29:30.503+0000 7fdef5722700 1 -- 172.21.15.46:0/2432364591 --> [v2:172.21.15.46:3300/0,v1:172.21.15.46:6789/0] -- mon_subscribe({osdmap=0}) v3 -- 0x7fdef019af50 con 0x7fdef0106600
2024-03-18T20:29:31.197 INFO:teuthology.orchestra.run.smithi046.stdout:/usr/bin/ceph: stderr
2024-03-18T20:29:30.504+0000 7fded7fff700 1 -- 172.21.15.46:0/2432364591 <== mon.0 v2:172.21.15.46:3300/0 4 ==== mgrmap(e 9) v1 ==== 45546+0+0 (secure 0 0 0) 0x7fdee00197f0 con 0x7fdef0106600
2024-03-18T20:29:31.197 INFO:teuthology.orchestra.run.smithi046.stdout:/usr/bin/ceph: stderr
2024-03-18T20:29:30.504+0000 7fdef5722700 1 -- 172.21.15.46:0/2432364591 --> [v2:172.21.15.46:3300/0,v1:172.21.15.46:6789/0] -- mon_command({"prefix": "get_command_descriptions"} v 0) v1 -- 0x7fdef010a9e0 con 0x7fdef0106600
2024-03-18T20:29:31.197 INFO:teuthology.orchestra.run.smithi046.stdout:/usr/bin/ceph: stderr
2024-03-18T20:29:30.504+0000 7fded7fff700 1 --2- 172.21.15.46:0/2432364591 >> [v2:172.21.15.46:6800/2753187643,v1:172.21.15.46:6801/2753187643] conn(0x7fded8038700 0x7fded803abc0 unknown :-1 s=NONE pgs=0 cs=0 l=1 rev1=0 crypto rx=0 tx=0 comp rx=0 tx=0).connect
2024-03-18T20:29:31.198 INFO:teuthology.orchestra.run.smithi046.stdout:/usr/bin/ceph: stderr
2024-03-18T20:29:30.505+0000 7fded7fff700 1 -- 172.21.15.46:0/2432364591 <== mon.0 v2:172.21.15.46:3300/0 5 ==== osd_map(2..2 src has 1..2) v4 ==== 940+0+0 (secure 0 0 0) 0x7fdee004c850 con 0x7fdef0106600
2024-03-18T20:29:31.198 INFO:teuthology.orchestra.run.smithi046.stdout:/usr/bin/ceph: stderr
2024-03-18T20:29:30.505+0000 7fdeee7fc700 1 -- 172.21.15.46:0/2432364591 >> [v2:172.21.15.46:6800/2753187643,v1:172.21.15.46:6801/2753187643] conn(0x7fded8038700 msgr2=0x7fded803abc0 unknown :-1 s=STATE_CONNECTING_RE l=1).process reconnect failed to v2:172.21.15.46:6800/2753187643
2024-03-18T20:29:31.198 INFO:teuthology.orchestra.run.smithi046.stdout:/usr/bin/ceph: stderr
2024-03-18T20:29:30.505+0000 7fdeee7fc700 1 --2- 172.21.15.46:0/2432364591 >> [v2:172.21.15.46:6800/2753187643,v1:172.21.15.46:6801/2753187643] conn(0x7fded8038700 0x7fded803abc0 unknown :-1 s=START_CONNECT pgs=0 cs=0 l=1 rev1=0 crypto rx=0 tx=0 comp rx=0 tx=0)._fault waiting 0.200000
2024-03-18T20:29:31.198 INFO:teuthology.orchestra.run.smithi046.stdout:/usr/bin/ceph: stderr
2024-03-18T20:29:30.510+0000 7fded7fff700 1 -- 172.21.15.46:0/2432364591 <== mon.0 v2:172.21.15.46:3300/0 6 ==== mon_command_ack([{"prefix": "get_command_descriptions"}]=0 v0) v1 ==== 72+0+182738 (secure 0 0 0) 0x7fdee002b340 con 0x7fdef0106600
2024-03-18T20:29:31.198 INFO:teuthology.orchestra.run.smithi046.stdout:/usr/bin/ceph: stderr
2024-03-18T20:29:30.706+0000 7fdeee7fc700 1 -- 172.21.15.46:0/2432364591 >> [v2:172.21.15.46:6800/2753187643,v1:172.21.15.46:6801/2753187643] conn(0x7fded8038700 msgr2=0x7fded803abc0 unknown :-1 s=STATE_CONNECTING_RE l=1).process reconnect failed to v2:172.21.15.46:6800/2753187643
2024-03-18T20:29:31.198 INFO:teuthology.orchestra.run.smithi046.stdout:/usr/bin/ceph: stderr
2024-03-18T20:29:30.706+0000 7fdeee7fc700 1 --2- 172.21.15.46:0/2432364591 >> [v2:172.21.15.46:6800/2753187643,v1:172.21.15.46:6801/2753187643] conn(0x7fded8038700 0x7fded803abc0 unknown :-1 s=START_CONNECT pgs=0 cs=0 l=1 rev1=0 crypto rx=0 tx=0 comp rx=0 tx=0)._fault waiting 0.400000
2024-03-18T20:29:31.198 INFO:teuthology.orchestra.run.smithi046.stdout:/usr/bin/ceph: stderr
2024-03-18T20:29:30.824+0000 7fdef5722700 1 -- 172.21.15.46:0/2432364591 --> [v2:172.21.15.46:3300/0,v1:172.21.15.46:6789/0] -- mon_command({"prefix": "mgr stat"} v 0) v1 -- 0x7fdef019dc00 con 0x7fdef0106600
2024-03-18T20:29:31.198 INFO:teuthology.orchestra.run.smithi046.stdout:/usr/bin/ceph: stderr
2024-03-18T20:29:30.825+0000 7fded7fff700 1 -- 172.21.15.46:0/2432364591 <== mon.0 v2:172.21.15.46:3300/0 7 ==== mon_command_ack([{"prefix": "mgr stat"}]=0 v9) v1 ==== 56+0+88 (secure 0 0 0) 0x7fdee004c1c0 con 0x7fdef0106600
2024-03-18T20:29:31.198 INFO:teuthology.orchestra.run.smithi046.stdout:/usr/bin/ceph: stderr
2024-03-18T20:29:30.827+0000 7fdef5722700 1 -- 172.21.15.46:0/2432364591 >> [v2:172.21.15.46:6800/2753187643,v1:172.21.15.46:6801/2753187643] conn(0x7fded8038700 msgr2=0x7fded803abc0 unknown :-1 s=STATE_CONNECTING l=1).mark_down
2024-03-18T20:29:31.198 INFO:teuthology.orchestra.run.smithi046.stdout:/usr/bin/ceph: stderr
2024-03-18T20:29:30.827+0000 7fdef5722700 1 --2- 172.21.15.46:0/2432364591 >> [v2:172.21.15.46:6800/2753187643,v1:172.21.15.46:6801/2753187643] conn(0x7fded8038700 0x7fded803abc0 unknown :-1 s=START_CONNECT pgs=0 cs=0 l=1 rev1=0 crypto rx=0 tx=0 comp rx=0 tx=0).stop
2024-03-18T20:29:31.198 INFO:teuthology.orchestra.run.smithi046.stdout:/usr/bin/ceph: stderr
2024-03-18T20:29:30.827+0000 7fdef5722700 1 -- 172.21.15.46:0/2432364591 >> [v2:172.21.15.46:3300/0,v1:172.21.15.46:6789/0] conn(0x7fdef0106600 msgr2=0x7fdef019a370 secure :-1 s=STATE_CONNECTION_ESTABLISHED l=1).mark_down
2024-03-18T20:29:31.198 INFO:teuthology.orchestra.run.smithi046.stdout:/usr/bin/ceph: stderr
2024-03-18T20:29:30.827+0000 7fdef5722700 1 --2- 172.21.15.46:0/2432364591 >> [v2:172.21.15.46:3300/0,v1:172.21.15.46:6789/0] conn(0x7fdef0106600 0x7fdef019a370 secure :-1 s=READY pgs=60 cs=0 l=1 rev1=1 crypto rx=0x7fdee0003e60 tx=0x7fdee0011a30 comp rx=0 tx=0).stop
2024-03-18T20:29:31.199 INFO:teuthology.orchestra.run.smithi046.stdout:/usr/bin/ceph: stderr
2024-03-18T20:29:30.827+0000 7fdef5722700 1 -- 172.21.15.46:0/2432364591 shutdown_connections
2024-03-18T20:29:31.199 INFO:teuthology.orchestra.run.smithi046.stdout:/usr/bin/ceph: stderr
2024-03-18T20:29:30.827+0000 7fdef5722700 1 --2- 172.21.15.46:0/2432364591 >> [v2:172.21.15.46:6800/2753187643,v1:172.21.15.46:6801/2753187643] conn(0x7fded8038700 0x7fded803abc0 unknown :-1 s=CLOSED pgs=0 cs=0 l=1 rev1=0 crypto rx=0 tx=0 comp rx=0 tx=0).stop
2024-03-18T20:29:31.199 INFO:teuthology.orchestra.run.smithi046.stdout:/usr/bin/ceph: stderr
2024-03-18T20:29:30.827+0000 7fdef5722700 1 --2- 172.21.15.46:0/2432364591 >> [v2:172.21.15.46:3300/0,v1:172.21.15.46:6789/0] conn(0x7fdef0106600 0x7fdef019a370 unknown :-1 s=CLOSED pgs=60 cs=0 l=1 rev1=1 crypto rx=0 tx=0 comp rx=0 tx=0).stop
2024-03-18T20:29:31.199 INFO:teuthology.orchestra.run.smithi046.stdout:/usr/bin/ceph: stderr
2024-03-18T20:29:30.827+0000 7fdef5722700 1 -- 172.21.15.46:0/2432364591 >> 172.21.15.46:0/2432364591 conn(0x7fdef0101be0 msgr2=0x7fdef01027f0 unknown :-1 s=STATE_NONE l=0).mark_down
2024-03-18T20:29:31.199 INFO:teuthology.orchestra.run.smithi046.stdout:/usr/bin/ceph: stderr
2024-03-18T20:29:30.828+0000 7fdef5722700 1 -- 172.21.15.46:0/2432364591 shutdown_connections
2024-03-18T20:29:31.199 INFO:teuthology.orchestra.run.smithi046.stdout:/usr/bin/ceph: stderr
2024-03-18T20:29:30.828+0000 7fdef5722700 1 -- 172.21.15.46:0/2432364591 wait complete.
2024-03-18T20:29:31.199 INFO:teuthology.orchestra.run.smithi046.stdout:Waiting for the mgr to restart...
2024-03-18T20:29:31.199 INFO:teuthology.orchestra.run.smithi046.stdout:Waiting for mgr epoch 9...
2024-03-18T20:29:31.537 INFO:journalctl@ceph.mon.a.smithi046.stdout:Mar 18 20:29:31 smithi046 ceph-mon[43495]: from='client.? 172.21.15.46:0/2432364591' entity='client.admin' cmd=[{"prefix": "mgr stat"}]: dispatch
2024-03-18T20:29:31.537 INFO:journalctl@ceph.mgr.x.smithi046.stdout:Mar 18 20:29:31 smithi046 ceph-04a8ae18-e566-11ee-95c9-87774f69a715-mgr-x[43744]:
2024-03-18T20:29:31.110+0000 7f80f795a200 -1 mgr[py] Module nfs has missing NOTIFY_TYPES member
2024-03-18T20:29:31.537 INFO:journalctl@ceph.mgr.x.smithi046.stdout:Mar 18 20:29:31 smithi046 ceph-04a8ae18-e566-11ee-95c9-87774f69a715-mgr-x[43744]:
2024-03-18T20:29:31.209+0000 7f80f795a200 -1 mgr[py] Module zabbix has missing NOTIFY_TYPES member
2024-03-18T20:29:31.537 INFO:journalctl@ceph.mgr.x.smithi046.stdout:Mar 18 20:29:31 smithi046 ceph-04a8ae18-e566-11ee-95c9-87774f69a715-mgr-x[43744]:
2024-03-18T20:29:31.347+0000 7f80f795a200 -1 mgr[py] Module rbd_support has missing NOTIFY_TYPES member
2024-03-18T20:29:31.797 INFO:journalctl@ceph.mgr.x.smithi046.stdout:Mar 18 20:29:31 smithi046 ceph-04a8ae18-e566-11ee-95c9-87774f69a715-mgr-x[43744]:
2024-03-18T20:29:31.532+0000 7f80f795a200 -1 mgr[py] Module status has missing NOTIFY_TYPES member
2024-03-18T20:29:31.797 INFO:journalctl@ceph.mgr.x.smithi046.stdout:Mar 18 20:29:31 smithi046 ceph-04a8ae18-e566-11ee-95c9-87774f69a715-mgr-x[43744]:
2024-03-18T20:29:31.678+0000 7f80f795a200 -1 mgr[py] Module diskprediction_local has missing NOTIFY_TYPES member
2024-03-18T20:29:31.797 INFO:journalctl@ceph.mgr.x.smithi046.stdout:Mar 18 20:29:31 smithi046 ceph-04a8ae18-e566-11ee-95c9-87774f69a715-mgr-x[43744]:
2024-03-18T20:29:31.775+0000 7f80f795a200 -1 mgr[py] Module telegraf has missing NOTIFY_TYPES member
2024-03-18T20:29:32.547 INFO:journalctl@ceph.mgr.x.smithi046.stdout:Mar 18 20:29:32 smithi046 ceph-04a8ae18-e566-11ee-95c9-87774f69a715-mgr-x[43744]:
2024-03-18T20:29:32.196+0000 7f80f795a200 -1 mgr[py] Module influx has missing NOTIFY_TYPES member
2024-03-18T20:29:32.963 INFO:journalctl@ceph.mgr.x.smithi046.stdout:Mar 18 20:29:32 smithi046 ceph-04a8ae18-e566-11ee-95c9-87774f69a715-mgr-x[43744]:
2024-03-18T20:29:32.636+0000 7f80f795a200 -1 mgr[py] Module pg_autoscaler has missing NOTIFY_TYPES member
2024-03-18T20:29:32.963 INFO:journalctl@ceph.mgr.x.smithi046.stdout:Mar 18 20:29:32 smithi046 ceph-04a8ae18-e566-11ee-95c9-87774f69a715-mgr-x[43744]:
2024-03-18T20:29:32.853+0000 7f80f795a200 -1 mgr[py] Module rgw has missing NOTIFY_TYPES member
2024-03-18T20:29:33.297 INFO:journalctl@ceph.mgr.x.smithi046.stdout:Mar 18 20:29:32 smithi046 ceph-04a8ae18-e566-11ee-95c9-87774f69a715-mgr-x[43744]:
2024-03-18T20:29:32.959+0000 7f80f795a200 -1 mgr[py] Module balancer has missing NOTIFY_TYPES member
2024-03-18T20:29:34.106 INFO:journalctl@ceph.mgr.x.smithi046.stdout:Mar 18 20:29:33 smithi046 ceph-04a8ae18-e566-11ee-95c9-87774f69a715-mgr-x[43744]:
2024-03-18T20:29:33.825+0000 7f80f795a200 -1 mgr[py] Module iostat has missing NOTIFY_TYPES member
2024-03-18T20:29:34.107 INFO:journalctl@ceph.mgr.x.smithi046.stdout:Mar 18 20:29:33 smithi046 ceph-04a8ae18-e566-11ee-95c9-87774f69a715-mgr-x[43744]:
2024-03-18T20:29:33.934+0000 7f80f795a200 -1 mgr[py] Module snap_schedule has missing NOTIFY_TYPES member
2024-03-18T20:29:34.547 INFO:journalctl@ceph.mgr.x.smithi046.stdout:Mar 18 20:29:34 smithi046 ceph-04a8ae18-e566-11ee-95c9-87774f69a715-mgr-x[43744]:
2024-03-18T20:29:34.102+0000 7f80f795a200 -1 mgr[py] Module telemetry has missing NOTIFY_TYPES member
2024-03-18T20:29:35.248 INFO:journalctl@ceph.mgr.x.smithi046.stdout:Mar 18 20:29:34 smithi046 ceph-04a8ae18-e566-11ee-95c9-87774f69a715-mgr-x[43744]:
2024-03-18T20:29:34.817+0000 7f80f795a200 -1 mgr[py] Module rook has missing NOTIFY_TYPES member
2024-03-18T20:29:35.248 INFO:journalctl@ceph.mgr.x.smithi046.stdout:Mar 18 20:29:35 smithi046 ceph-04a8ae18-e566-11ee-95c9-87774f69a715-mgr-x[43744]:
2024-03-18T20:29:35.023+0000 7f80f795a200 -1 mgr[py] Module selftest has missing NOTIFY_TYPES member
2024-03-18T20:29:35.547 INFO:journalctl@ceph.mgr.x.smithi046.stdout:Mar 18 20:29:35 smithi046 ceph-04a8ae18-e566-11ee-95c9-87774f69a715-mgr-x[43744]:
2024-03-18T20:29:35.244+0000 7f80f795a200 -1 mgr[py] Module devicehealth has missing NOTIFY_TYPES member
2024-03-18T20:29:36.626 INFO:journalctl@ceph.mgr.x.smithi046.stdout:Mar 18 20:29:36 smithi046 ceph-04a8ae18-e566-11ee-95c9-87774f69a715-mgr-x[43744]:
2024-03-18T20:29:36.300+0000 7f80f795a200 -1 mgr[py] Module volumes has missing NOTIFY_TYPES member
2024-03-18T20:29:36.942 INFO:journalctl@ceph.mgr.x.smithi046.stdout:Mar 18 20:29:36 smithi046 ceph-04a8ae18-e566-11ee-95c9-87774f69a715-mgr-x[43744]:
2024-03-18T20:29:36.622+0000 7f80f795a200 -1 mgr[py] Module test_orchestrator has missing NOTIFY_TYPES member
2024-03-18T20:29:36.942 INFO:journalctl@ceph.mgr.x.smithi046.stdout:Mar 18 20:29:36 smithi046 ceph-04a8ae18-e566-11ee-95c9-87774f69a715-mgr-x[43744]:
2024-03-18T20:29:36.723+0000 7f80f795a200 -1 mgr[py] Module osd_support has missing NOTIFY_TYPES member
2024-03-18T20:29:37.297 INFO:journalctl@ceph.mgr.x.smithi046.stdout:Mar 18 20:29:36 smithi046 ceph-04a8ae18-e566-11ee-95c9-87774f69a715-mgr-x[43744]:
2024-03-18T20:29:36.938+0000 7f80f795a200 -1 mgr[py] Module crash has missing NOTIFY_TYPES member
2024-03-18T20:29:37.297 INFO:journalctl@ceph.mon.a.smithi046.stdout:Mar 18 20:29:37 smithi046 ceph-mon[43495]: Active manager daemon x restarted
2024-03-18T20:29:37.298 INFO:journalctl@ceph.mon.a.smithi046.stdout:Mar 18 20:29:37 smithi046 ceph-mon[43495]: Activating manager daemon x
2024-03-18T20:29:37.298 INFO:journalctl@ceph.mon.a.smithi046.stdout:Mar 18 20:29:37 smithi046 ceph-mon[43495]: osdmap e3: 0 total, 0 up, 0 in
2024-03-18T20:29:37.298 INFO:journalctl@ceph.mon.a.smithi046.stdout:Mar 18 20:29:37 smithi046 ceph-mon[43495]: mgrmap e10: x(active, starting, since 0.0033806s)
2024-03-18T20:29:37.298 INFO:journalctl@ceph.mon.a.smithi046.stdout:Mar 18 20:29:37 smithi046 ceph-mon[43495]: from='mgr.14152 172.21.15.46:0/129926516' entity='mgr.x' cmd=[{"prefix": "mon metadata", "id": "a"}]: dispatch
2024-03-18T20:29:37.298 INFO:journalctl@ceph.mon.a.smithi046.stdout:Mar 18 20:29:37 smithi046 ceph-mon[43495]: from='mgr.14152 172.21.15.46:0/129926516' entity='mgr.x' cmd=[{"prefix": "mgr metadata", "who": "x", "id": "x"}]: dispatch
2024-03-18T20:29:37.298 INFO:journalctl@ceph.mon.a.smithi046.stdout:Mar 18 20:29:37 smithi046 ceph-mon[43495]: from='mgr.14152 172.21.15.46:0/129926516' entity='mgr.x' cmd=[{"prefix": "mds metadata"}]: dispatch
2024-03-18T20:29:37.298 INFO:journalctl@ceph.mon.a.smithi046.stdout:Mar 18 20:29:37 smithi046 ceph-mon[43495]: from='mgr.14152 172.21.15.46:0/129926516' entity='mgr.x' cmd=[{"prefix": "osd metadata"}]: dispatch
2024-03-18T20:29:37.298 INFO:journalctl@ceph.mon.a.smithi046.stdout:Mar 18 20:29:37 smithi046 ceph-mon[43495]: from='mgr.14152 172.21.15.46:0/129926516' entity='mgr.x' cmd=[{"prefix": "mon metadata"}]: dispatch
2024-03-18T20:29:37.298 INFO:journalctl@ceph.mon.a.smithi046.stdout:Mar 18 20:29:37 smithi046 ceph-mon[43495]: Manager daemon x is now available
2024-03-18T20:29:37.298 INFO:journalctl@ceph.mon.a.smithi046.stdout:Mar 18 20:29:37 smithi046 ceph-mon[43495]: from='mgr.14152 172.21.15.46:0/129926516' entity='mgr.x' cmd=[{"prefix": "config dump", "format": "json"}]: dispatch
2024-03-18T20:29:37.299 INFO:journalctl@ceph.mon.a.smithi046.stdout:Mar 18 20:29:37 smithi046 ceph-mon[43495]: from='mgr.14152 172.21.15.46:0/129926516' entity='mgr.x' cmd=[{"prefix": "config dump", "format": "json"}]: dispatch
2024-03-18T20:29:38.297 INFO:journalctl@ceph.mon.a.smithi046.stdout:Mar 18 20:29:38 smithi046 ceph-mon[43495]: from='mgr.14152 172.21.15.46:0/129926516' entity='mgr.x' cmd=[{"prefix":"config rm","who":"mgr","name":"mgr/rbd_support/x/mirror_snapshot_schedule"}]: dispatch
2024-03-18T20:29:38.297 INFO:journalctl@ceph.mon.a.smithi046.stdout:Mar 18 20:29:38 smithi046 ceph-mon[43495]: from='mgr.14152 172.21.15.46:0/129926516' entity='mgr.x' cmd=[{"prefix":"config rm","who":"mgr","name":"mgr/rbd_support/x/trash_purge_schedule"}]: dispatch
2024-03-18T20:29:38.297 INFO:journalctl@ceph.mon.a.smithi046.stdout:Mar 18 20:29:38 smithi046 ceph-mon[43495]: from='mgr.14152 172.21.15.46:0/129926516' entity='mgr.x'
2024-03-18T20:29:38.297 INFO:journalctl@ceph.mon.a.smithi046.stdout:Mar 18 20:29:38 smithi046 ceph-mon[43495]: mgrmap e11: x(active, since 1.00662s)
2024-03-18T20:29:38.311 INFO:teuthology.orchestra.run.smithi046.stdout:/usr/bin/ceph: stdout {
2024-03-18T20:29:38.311 INFO:teuthology.orchestra.run.smithi046.stdout:/usr/bin/ceph: stdout "mgrmap_epoch": 11,
2024-03-18T20:29:38.311 INFO:teuthology.orchestra.run.smithi046.stdout:/usr/bin/ceph: stdout "initialized": true
2024-03-18T20:29:38.311 INFO:teuthology.orchestra.run.smithi046.stdout:/usr/bin/ceph: stdout }
2024-03-18T20:29:38.311 INFO:teuthology.orchestra.run.smithi046.stdout:/usr/bin/ceph: stderr
2024-03-18T20:29:31.545+0000 7fde846da700 1 Processor -- start
2024-03-18T20:29:38.311 INFO:teuthology.orchestra.run.smithi046.stdout:/usr/bin/ceph: stderr
2024-03-18T20:29:31.545+0000 7fde846da700 1 -- start start
2024-03-18T20:29:38.312 INFO:teuthology.orchestra.run.smithi046.stdout:/usr/bin/ceph: stderr
2024-03-18T20:29:31.545+0000 7fde846da700 1 --2- >> [v2:172.21.15.46:3300/0,v1:172.21.15.46:6789/0] conn(0x7fde7c07adb0 0x7fde7c079210 unknown :-1 s=NONE pgs=0 cs=0 l=0 rev1=0 crypto rx=0 tx=0 comp rx=0 tx=0).connect
2024-03-18T20:29:38.312 INFO:teuthology.orchestra.run.smithi046.stdout:/usr/bin/ceph: stderr
2024-03-18T20:29:31.545+0000 7fde846da700 1 -- --> [v2:172.21.15.46:3300/0,v1:172.21.15.46:6789/0] -- mon_getmap magic: 0 v1 -- 0x7fde7c0797e0 con 0x7fde7c07adb0
2024-03-18T20:29:38.312 INFO:teuthology.orchestra.run.smithi046.stdout:/usr/bin/ceph: stderr
2024-03-18T20:29:31.545+0000 7fde82476700 1 --2- >> [v2:172.21.15.46:3300/0,v1:172.21.15.46:6789/0] conn(0x7fde7c07adb0 0x7fde7c079210 unknown :-1 s=BANNER_CONNECTING pgs=0 cs=0 l=0 rev1=0 crypto rx=0 tx=0 comp rx=0 tx=0)._handle_peer_banner_payload supported=3 required=0
2024-03-18T20:29:38.312 INFO:teuthology.orchestra.run.smithi046.stdout:/usr/bin/ceph: stderr
2024-03-18T20:29:31.546+0000 7fde82476700 1 --2- >> [v2:172.21.15.46:3300/0,v1:172.21.15.46:6789/0] conn(0x7fde7c07adb0 0x7fde7c079210 unknown :-1 s=HELLO_CONNECTING pgs=0 cs=0 l=0 rev1=1 crypto rx=0 tx=0 comp rx=0 tx=0).handle_hello peer v2:172.21.15.46:3300/0 says I am v2:172.21.15.46:53010/0 (socket says 172.21.15.46:53010)
2024-03-18T20:29:38.312 INFO:teuthology.orchestra.run.smithi046.stdout:/usr/bin/ceph: stderr
2024-03-18T20:29:31.546+0000 7fde82476700 1 -- 172.21.15.46:0/2762837588 learned_addr learned my addr 172.21.15.46:0/2762837588 (peer_addr_for_me v2:172.21.15.46:0/0)
2024-03-18T20:29:38.312 INFO:teuthology.orchestra.run.smithi046.stdout:/usr/bin/ceph: stderr
2024-03-18T20:29:31.546+0000 7fde82476700 1 -- 172.21.15.46:0/2762837588 --> [v2:172.21.15.46:3300/0,v1:172.21.15.46:6789/0] -- mon_subscribe({config=0+,monmap=0+}) v3 -- 0x7fde7c079920 con 0x7fde7c07adb0
2024-03-18T20:29:38.312 INFO:teuthology.orchestra.run.smithi046.stdout:/usr/bin/ceph: stderr
2024-03-18T20:29:31.546+0000 7fde82476700 1 --2- 172.21.15.46:0/2762837588 >> [v2:172.21.15.46:3300/0,v1:172.21.15.46:6789/0] conn(0x7fde7c07adb0 0x7fde7c079210 secure :-1 s=READY pgs=61 cs=0 l=1 rev1=1 crypto rx=0x7fde780098a0 tx=0x7fde78009bb0 comp rx=0 tx=0).ready entity=mon.0 client_cookie=28abef0c3d06ea7c server_cookie=0 in_seq=0 out_seq=0
2024-03-18T20:29:38.312 INFO:teuthology.orchestra.run.smithi046.stdout:/usr/bin/ceph: stderr
2024-03-18T20:29:31.546+0000 7fde81474700 1 -- 172.21.15.46:0/2762837588 <== mon.0 v2:172.21.15.46:3300/0 1 ==== mon_map magic: 0 v1 ==== 205+0+0 (secure 0 0 0) 0x7fde78004160 con 0x7fde7c07adb0
2024-03-18T20:29:38.312 INFO:teuthology.orchestra.run.smithi046.stdout:/usr/bin/ceph: stderr
2024-03-18T20:29:31.546+0000 7fde81474700 1 -- 172.21.15.46:0/2762837588 <== mon.0 v2:172.21.15.46:3300/0 2 ==== config(26 keys) v1 ==== 1105+0+0 (secure 0 0 0) 0x7fde780042c0 con 0x7fde7c07adb0
2024-03-18T20:29:38.312 INFO:teuthology.orchestra.run.smithi046.stdout:/usr/bin/ceph: stderr
2024-03-18T20:29:31.546+0000 7fde81474700 1 -- 172.21.15.46:0/2762837588 <== mon.0 v2:172.21.15.46:3300/0 3 ==== mon_map magic: 0 v1 ==== 205+0+0 (secure 0 0 0) 0x7fde780119b0 con 0x7fde7c07adb0
2024-03-18T20:29:38.312 INFO:teuthology.orchestra.run.smithi046.stdout:/usr/bin/ceph: stderr
2024-03-18T20:29:31.547+0000 7fde846da700 1 -- 172.21.15.46:0/2762837588 >> [v2:172.21.15.46:3300/0,v1:172.21.15.46:6789/0] conn(0x7fde7c07adb0 msgr2=0x7fde7c079210 secure :-1 s=STATE_CONNECTION_ESTABLISHED l=1).mark_down
2024-03-18T20:29:38.312 INFO:teuthology.orchestra.run.smithi046.stdout:/usr/bin/ceph: stderr
2024-03-18T20:29:31.547+0000 7fde846da700 1 --2- 172.21.15.46:0/2762837588 >> [v2:172.21.15.46:3300/0,v1:172.21.15.46:6789/0] conn(0x7fde7c07adb0 0x7fde7c079210 secure :-1 s=READY pgs=61 cs=0 l=1 rev1=1 crypto rx=0x7fde780098a0 tx=0x7fde78009bb0 comp rx=0 tx=0).stop
2024-03-18T20:29:38.312 INFO:teuthology.orchestra.run.smithi046.stdout:/usr/bin/ceph: stderr
2024-03-18T20:29:31.547+0000 7fde846da700 1 -- 172.21.15.46:0/2762837588 shutdown_connections
2024-03-18T20:29:38.313 INFO:teuthology.orchestra.run.smithi046.stdout:/usr/bin/ceph: stderr
2024-03-18T20:29:31.547+0000 7fde846da700 1 --2- 172.21.15.46:0/2762837588 >> [v2:172.21.15.46:3300/0,v1:172.21.15.46:6789/0] conn(0x7fde7c07adb0 0x7fde7c079210 unknown :-1 s=CLOSED pgs=61 cs=0 l=1 rev1=1 crypto rx=0 tx=0 comp rx=0 tx=0).stop
2024-03-18T20:29:38.313 INFO:teuthology.orchestra.run.smithi046.stdout:/usr/bin/ceph: stderr
2024-03-18T20:29:31.547+0000 7fde846da700 1 -- 172.21.15.46:0/2762837588 >> 172.21.15.46:0/2762837588 conn(0x7fde7c101b70 msgr2=0x7fde7c103f90 unknown :-1 s=STATE_NONE l=0).mark_down
2024-03-18T20:29:38.313 INFO:teuthology.orchestra.run.smithi046.stdout:/usr/bin/ceph: stderr
2024-03-18T20:29:31.547+0000 7fde846da700 1 -- 172.21.15.46:0/2762837588 shutdown_connections
2024-03-18T20:29:38.313 INFO:teuthology.orchestra.run.smithi046.stdout:/usr/bin/ceph: stderr
2024-03-18T20:29:31.547+0000 7fde846da700 1 -- 172.21.15.46:0/2762837588 wait complete.
2024-03-18T20:29:38.313 INFO:teuthology.orchestra.run.smithi046.stdout:/usr/bin/ceph: stderr
2024-03-18T20:29:31.548+0000 7fde846da700 1 Processor -- start
2024-03-18T20:29:38.313 INFO:teuthology.orchestra.run.smithi046.stdout:/usr/bin/ceph: stderr
2024-03-18T20:29:31.548+0000 7fde846da700 1 -- start start
2024-03-18T20:29:38.313 INFO:teuthology.orchestra.run.smithi046.stdout:/usr/bin/ceph: stderr
2024-03-18T20:29:31.548+0000 7fde846da700 1 --2- >> [v2:172.21.15.46:3300/0,v1:172.21.15.46:6789/0] conn(0x7fde7c07adb0 0x7fde7c19c560 unknown :-1 s=NONE pgs=0 cs=0 l=1 rev1=0 crypto rx=0 tx=0 comp rx=0 tx=0).connect
2024-03-18T20:29:38.313 INFO:teuthology.orchestra.run.smithi046.stdout:/usr/bin/ceph: stderr
2024-03-18T20:29:31.548+0000 7fde846da700 1 -- --> [v2:172.21.15.46:3300/0,v1:172.21.15.46:6789/0] -- mon_getmap magic: 0 v1 -- 0x7fde7c19caa0 con 0x7fde7c07adb0
2024-03-18T20:29:38.313 INFO:teuthology.orchestra.run.smithi046.stdout:/usr/bin/ceph: stderr
2024-03-18T20:29:31.548+0000 7fde82476700 1 --2- >> [v2:172.21.15.46:3300/0,v1:172.21.15.46:6789/0] conn(0x7fde7c07adb0 0x7fde7c19c560 unknown :-1 s=BANNER_CONNECTING pgs=0 cs=0 l=1 rev1=0 crypto rx=0 tx=0 comp rx=0 tx=0)._handle_peer_banner_payload supported=3 required=0
2024-03-18T20:29:38.313 INFO:teuthology.orchestra.run.smithi046.stdout:/usr/bin/ceph: stderr
2024-03-18T20:29:31.548+0000 7fde82476700 1 --2- >> [v2:172.21.15.46:3300/0,v1:172.21.15.46:6789/0] conn(0x7fde7c07adb0 0x7fde7c19c560 unknown :-1 s=HELLO_CONNECTING pgs=0 cs=0 l=1 rev1=1 crypto rx=0 tx=0 comp rx=0 tx=0).handle_hello peer v2:172.21.15.46:3300/0 says I am v2:172.21.15.46:53026/0 (socket says 172.21.15.46:53026)
2024-03-18T20:29:38.313 INFO:teuthology.orchestra.run.smithi046.stdout:/usr/bin/ceph: stderr
2024-03-18T20:29:31.548+0000 7fde82476700 1 -- 172.21.15.46:0/4253429708 learned_addr learned my addr 172.21.15.46:0/4253429708 (peer_addr_for_me v2:172.21.15.46:0/0)
2024-03-18T20:29:38.313 INFO:teuthology.orchestra.run.smithi046.stdout:/usr/bin/ceph: stderr
2024-03-18T20:29:31.548+0000 7fde82476700 1 -- 172.21.15.46:0/4253429708 --> [v2:172.21.15.46:3300/0,v1:172.21.15.46:6789/0] -- mon_subscribe({config=0+,monmap=0+}) v3 -- 0x7fde78009550 con 0x7fde7c07adb0
2024-03-18T20:29:38.313 INFO:teuthology.orchestra.run.smithi046.stdout:/usr/bin/ceph: stderr
2024-03-18T20:29:31.549+0000 7fde82476700 1 --2- 172.21.15.46:0/4253429708 >> [v2:172.21.15.46:3300/0,v1:172.21.15.46:6789/0] conn(0x7fde7c07adb0 0x7fde7c19c560 secure :-1 s=READY pgs=62 cs=0 l=1 rev1=1 crypto rx=0x7fde78006af0 tx=0x7fde78011a10 comp rx=0 tx=0).ready entity=mon.0 client_cookie=0 server_cookie=0 in_seq=0 out_seq=0
2024-03-18T20:29:38.313 INFO:teuthology.orchestra.run.smithi046.stdout:/usr/bin/ceph: stderr
2024-03-18T20:29:31.549+0000 7fde737fe700 1 -- 172.21.15.46:0/4253429708 <== mon.0 v2:172.21.15.46:3300/0 1 ==== mon_map magic: 0 v1 ==== 205+0+0 (secure 0 0 0) 0x7fde78003a40 con 0x7fde7c07adb0
2024-03-18T20:29:38.314 INFO:teuthology.orchestra.run.smithi046.stdout:/usr/bin/ceph: stderr
2024-03-18T20:29:31.549+0000 7fde737fe700 1 -- 172.21.15.46:0/4253429708 <== mon.0 v2:172.21.15.46:3300/0 2 ==== config(26 keys) v1 ==== 1105+0+0 (secure 0 0 0) 0x7fde78003ba0 con 0x7fde7c07adb0
2024-03-18T20:29:38.314 INFO:teuthology.orchestra.run.smithi046.stdout:/usr/bin/ceph: stderr
2024-03-18T20:29:31.549+0000 7fde846da700 1 -- 172.21.15.46:0/4253429708 --> [v2:172.21.15.46:3300/0,v1:172.21.15.46:6789/0] -- mon_subscribe({mgrmap=0+}) v3 -- 0x7fde7c19cca0 con 0x7fde7c07adb0
2024-03-18T20:29:38.314 INFO:teuthology.orchestra.run.smithi046.stdout:/usr/bin/ceph: stderr
2024-03-18T20:29:31.549+0000 7fde737fe700 1 -- 172.21.15.46:0/4253429708 <== mon.0 v2:172.21.15.46:3300/0 3 ==== mon_map magic: 0 v1 ==== 205+0+0 (secure 0 0 0) 0x7fde78019690 con 0x7fde7c07adb0
2024-03-18T20:29:38.314 INFO:teuthology.orchestra.run.smithi046.stdout:/usr/bin/ceph: stderr
2024-03-18T20:29:31.549+0000 7fde846da700 1 -- 172.21.15.46:0/4253429708 --> [v2:172.21.15.46:3300/0,v1:172.21.15.46:6789/0] -- mon_subscribe({osdmap=0}) v3 -- 0x7fde7c19d140 con 0x7fde7c07adb0
2024-03-18T20:29:38.314 INFO:teuthology.orchestra.run.smithi046.stdout:/usr/bin/ceph: stderr
2024-03-18T20:29:31.550+0000 7fde737fe700 1 -- 172.21.15.46:0/4253429708 <== mon.0 v2:172.21.15.46:3300/0 4 ==== mgrmap(e 9) v1 ==== 45546+0+0 (secure 0 0 0) 0x7fde78019950 con 0x7fde7c07adb0
2024-03-18T20:29:38.314 INFO:teuthology.orchestra.run.smithi046.stdout:/usr/bin/ceph: stderr
2024-03-18T20:29:31.550+0000 7fde737fe700 1 --2- 172.21.15.46:0/4253429708 >> [v2:172.21.15.46:6800/2753187643,v1:172.21.15.46:6801/2753187643] conn(0x7fde68038700 0x7fde6803abc0 unknown :-1 s=NONE pgs=0 cs=0 l=1 rev1=0 crypto rx=0 tx=0 comp rx=0 tx=0).connect
2024-03-18T20:29:38.314 INFO:teuthology.orchestra.run.smithi046.stdout:/usr/bin/ceph: stderr
2024-03-18T20:29:31.550+0000 7fde846da700 1 -- 172.21.15.46:0/4253429708 --> [v2:172.21.15.46:6800/2753187643,v1:172.21.15.46:6801/2753187643] -- command(tid 0: {"prefix": "get_command_descriptions"}) v1 -- 0x7fde7c10c9d0 con 0x7fde68038700
2024-03-18T20:29:38.314 INFO:teuthology.orchestra.run.smithi046.stdout:/usr/bin/ceph: stderr
2024-03-18T20:29:31.550+0000 7fde737fe700 1 -- 172.21.15.46:0/4253429708 <== mon.0 v2:172.21.15.46:3300/0 5 ==== osd_map(2..2 src has 1..2) v4 ==== 940+0+0 (secure 0 0 0) 0x7fde7804c680 con 0x7fde7c07adb0
2024-03-18T20:29:38.314 INFO:teuthology.orchestra.run.smithi046.stdout:/usr/bin/ceph: stderr
