2024-03-23T08:14:46.241+0000 7f893e59c700 1 -- 172.21.15.70:0/1952224464 --> [v2:172.21.15.70:3300/0,v1:172.21.15.70:6789/0] -- mon_subscribe({config=0+,monmap=0+}) v3 -- 0x7f893000b790 con 0x7f89401014e0
2024-03-23T08:14:47.898 INFO:teuthology.orchestra.run.smithi070.stdout:/usr/bin/ceph: stderr
2024-03-23T08:14:46.241+0000 7f893e59c700 1 --2- 172.21.15.70:0/1952224464 >> [v2:172.21.15.70:3300/0,v1:172.21.15.70:6789/0] conn(0x7f89401014e0 0x7f8940113530 secure :-1 s=READY pgs=81 cs=0 l=1 rev1=1 crypto rx=0x7f8930006b00 tx=0x7f893000b4f0 comp rx=0 tx=0).ready entity=mon.0 client_cookie=0 server_cookie=0 in_seq=0 out_seq=0
2024-03-23T08:14:47.898 INFO:teuthology.orchestra.run.smithi070.stdout:/usr/bin/ceph: stderr
2024-03-23T08:14:46.241+0000 7f8936ffd700 1 -- 172.21.15.70:0/1952224464 <== mon.0 v2:172.21.15.70:3300/0 1 ==== mon_map magic: 0 v1 ==== 229+0+0 (secure 0 0 0) 0x7f8930018e40 con 0x7f89401014e0
2024-03-23T08:14:47.898 INFO:teuthology.orchestra.run.smithi070.stdout:/usr/bin/ceph: stderr
2024-03-23T08:14:46.241+0000 7f8936ffd700 1 -- 172.21.15.70:0/1952224464 <== mon.0 v2:172.21.15.70:3300/0 2 ==== config(26 keys) v1 ==== 1074+0+0 (secure 0 0 0) 0x7f8930010c00 con 0x7f89401014e0
2024-03-23T08:14:47.898 INFO:teuthology.orchestra.run.smithi070.stdout:/usr/bin/ceph: stderr
2024-03-23T08:14:46.241+0000 7f8944d35700 1 -- 172.21.15.70:0/1952224464 --> [v2:172.21.15.70:3300/0,v1:172.21.15.70:6789/0] -- mon_subscribe({mgrmap=0+}) v3 -- 0x7f8940113c70 con 0x7f89401014e0
2024-03-23T08:14:47.898 INFO:teuthology.orchestra.run.smithi070.stdout:/usr/bin/ceph: stderr
2024-03-23T08:14:46.241+0000 7f8936ffd700 1 -- 172.21.15.70:0/1952224464 <== mon.0 v2:172.21.15.70:3300/0 3 ==== mon_map magic: 0 v1 ==== 229+0+0 (secure 0 0 0) 0x7f8930021550 con 0x7f89401014e0
2024-03-23T08:14:47.898 INFO:teuthology.orchestra.run.smithi070.stdout:/usr/bin/ceph: stderr
2024-03-23T08:14:46.241+0000 7f8944d35700 1 -- 172.21.15.70:0/1952224464 --> [v2:172.21.15.70:3300/0,v1:172.21.15.70:6789/0] -- mon_subscribe({osdmap=0}) v3 -- 0x7f89401147e0 con 0x7f89401014e0
2024-03-23T08:14:47.899 INFO:teuthology.orchestra.run.smithi070.stdout:/usr/bin/ceph: stderr
2024-03-23T08:14:46.242+0000 7f8936ffd700 1 -- 172.21.15.70:0/1952224464 <== mon.0 v2:172.21.15.70:3300/0 4 ==== mgrmap(e 12) v1 ==== 43381+0+0 (secure 0 0 0) 0x7f89300217c0 con 0x7f89401014e0
2024-03-23T08:14:47.899 INFO:teuthology.orchestra.run.smithi070.stdout:/usr/bin/ceph: stderr
2024-03-23T08:14:46.242+0000 7f8944d35700 1 -- 172.21.15.70:0/1952224464 --> [v2:172.21.15.70:3300/0,v1:172.21.15.70:6789/0] -- mon_command({"prefix": "get_command_descriptions"} v 0) v1 -- 0x7f894005f5f0 con 0x7f89401014e0
2024-03-23T08:14:47.899 INFO:teuthology.orchestra.run.smithi070.stdout:/usr/bin/ceph: stderr
2024-03-23T08:14:46.242+0000 7f8936ffd700 1 --2- 172.21.15.70:0/1952224464 >> [v2:172.21.15.70:6800/2732684403,v1:172.21.15.70:6801/2732684403] conn(0x7f892c036830 0x7f892c038ce0 unknown :-1 s=NONE pgs=0 cs=0 l=1 rev1=0 crypto rx=0 tx=0 comp rx=0 tx=0).connect
2024-03-23T08:14:47.899 INFO:teuthology.orchestra.run.smithi070.stdout:/usr/bin/ceph: stderr
2024-03-23T08:14:46.242+0000 7f8936ffd700 1 -- 172.21.15.70:0/1952224464 <== mon.0 v2:172.21.15.70:3300/0 5 ==== osd_map(3..3 src has 1..3) v4 ==== 1151+0+0 (secure 0 0 0) 0x7f8930014070 con 0x7f89401014e0
2024-03-23T08:14:47.899 INFO:journalctl@ceph.mon.smithi070.smithi070.stdout:Mar 23 08:14:47 smithi070 ceph-mon[39699]: from='client.14174 -' entity='client.admin' cmd=[{"prefix": "dashboard ac-user-create", "username": "admin", "rolename": "administrator", "force_password": true, "pwd_update_required": true, "target": ["mon-mgr", ""]}]: dispatch
2024-03-23T08:14:47.899 INFO:journalctl@ceph.mon.smithi070.smithi070.stdout:Mar 23 08:14:47 smithi070 ceph-mon[39699]: from='mgr.14160 172.21.15.70:0/1841040323' entity='mgr.smithi070.jhsbch'
2024-03-23T08:14:47.901 INFO:teuthology.orchestra.run.smithi070.stdout:/usr/bin/ceph: stderr
2024-03-23T08:14:46.242+0000 7f8937fff700 1 --2- 172.21.15.70:0/1952224464 >> [v2:172.21.15.70:6800/2732684403,v1:172.21.15.70:6801/2732684403] conn(0x7f892c036830 0x7f892c038ce0 unknown :-1 s=BANNER_CONNECTING pgs=0 cs=0 l=1 rev1=0 crypto rx=0 tx=0 comp rx=0 tx=0)._handle_peer_banner_payload supported=3 required=0
2024-03-23T08:14:47.901 INFO:teuthology.orchestra.run.smithi070.stdout:/usr/bin/ceph: stderr
2024-03-23T08:14:46.243+0000 7f8937fff700 1 --2- 172.21.15.70:0/1952224464 >> [v2:172.21.15.70:6800/2732684403,v1:172.21.15.70:6801/2732684403] conn(0x7f892c036830 0x7f892c038ce0 secure :-1 s=READY pgs=8 cs=0 l=1 rev1=1 crypto rx=0x7f8928009990 tx=0x7f8928006e40 comp rx=0 tx=0).ready entity=mgr.14160 client_cookie=0 server_cookie=0 in_seq=0 out_seq=0
2024-03-23T08:14:47.901 INFO:teuthology.orchestra.run.smithi070.stdout:/usr/bin/ceph: stderr
2024-03-23T08:14:46.247+0000 7f8936ffd700 1 -- 172.21.15.70:0/1952224464 <== mon.0 v2:172.21.15.70:3300/0 6 ==== mon_command_ack([{"prefix": "get_command_descriptions"}]=0 v0) v1 ==== 72+0+176504 (secure 0 0 0) 0x7f893000edc0 con 0x7f89401014e0
2024-03-23T08:14:47.901 INFO:teuthology.orchestra.run.smithi070.stdout:/usr/bin/ceph: stderr
2024-03-23T08:14:46.457+0000 7f8944d35700 1 -- 172.21.15.70:0/1952224464 --> [v2:172.21.15.70:6800/2732684403,v1:172.21.15.70:6801/2732684403] -- mgr_command(tid 0: {"prefix": "dashboard ac-user-create", "username": "admin", "rolename": "administrator", "force_password": true, "pwd_update_required": true, "target": ["mon-mgr", ""]}) v1 -- 0x7f894005f410 con 0x7f892c036830
2024-03-23T08:14:47.901 INFO:teuthology.orchestra.run.smithi070.stdout:/usr/bin/ceph: stderr
2024-03-23T08:14:46.680+0000 7f8936ffd700 1 -- 172.21.15.70:0/1952224464 <== mgr.14160 v2:172.21.15.70:6800/2732684403 1 ==== mgr_command_reply(tid 0: 0 ) v1 ==== 8+0+252 (secure 0 0 0) 0x7f894005f410 con 0x7f892c036830
2024-03-23T08:14:47.901 INFO:teuthology.orchestra.run.smithi070.stdout:/usr/bin/ceph: stderr
2024-03-23T08:14:46.682+0000 7f8944d35700 1 -- 172.21.15.70:0/1952224464 >> [v2:172.21.15.70:6800/2732684403,v1:172.21.15.70:6801/2732684403] conn(0x7f892c036830 msgr2=0x7f892c038ce0 secure :-1 s=STATE_CONNECTION_ESTABLISHED l=1).mark_down
2024-03-23T08:14:47.901 INFO:teuthology.orchestra.run.smithi070.stdout:/usr/bin/ceph: stderr
2024-03-23T08:14:46.683+0000 7f8944d35700 1 --2- 172.21.15.70:0/1952224464 >> [v2:172.21.15.70:6800/2732684403,v1:172.21.15.70:6801/2732684403] conn(0x7f892c036830 0x7f892c038ce0 secure :-1 s=READY pgs=8 cs=0 l=1 rev1=1 crypto rx=0x7f8928009990 tx=0x7f8928006e40 comp rx=0 tx=0).stop
2024-03-23T08:14:47.901 INFO:teuthology.orchestra.run.smithi070.stdout:/usr/bin/ceph: stderr
2024-03-23T08:14:46.683+0000 7f8944d35700 1 -- 172.21.15.70:0/1952224464 >> [v2:172.21.15.70:3300/0,v1:172.21.15.70:6789/0] conn(0x7f89401014e0 msgr2=0x7f8940113530 secure :-1 s=STATE_CONNECTION_ESTABLISHED l=1).mark_down
2024-03-23T08:14:47.901 INFO:teuthology.orchestra.run.smithi070.stdout:/usr/bin/ceph: stderr
2024-03-23T08:14:46.683+0000 7f8944d35700 1 --2- 172.21.15.70:0/1952224464 >> [v2:172.21.15.70:3300/0,v1:172.21.15.70:6789/0] conn(0x7f89401014e0 0x7f8940113530 secure :-1 s=READY pgs=81 cs=0 l=1 rev1=1 crypto rx=0x7f8930006b00 tx=0x7f893000b4f0 comp rx=0 tx=0).stop
2024-03-23T08:14:47.901 INFO:teuthology.orchestra.run.smithi070.stdout:/usr/bin/ceph: stderr
2024-03-23T08:14:46.683+0000 7f8944d35700 1 -- 172.21.15.70:0/1952224464 shutdown_connections
2024-03-23T08:14:47.901 INFO:teuthology.orchestra.run.smithi070.stdout:/usr/bin/ceph: stderr
2024-03-23T08:14:46.683+0000 7f8944d35700 1 --2- 172.21.15.70:0/1952224464 >> [v2:172.21.15.70:6800/2732684403,v1:172.21.15.70:6801/2732684403] conn(0x7f892c036830 0x7f892c038ce0 unknown :-1 s=CLOSED pgs=8 cs=0 l=1 rev1=1 crypto rx=0 tx=0 comp rx=0 tx=0).stop
2024-03-23T08:14:47.901 INFO:teuthology.orchestra.run.smithi070.stdout:/usr/bin/ceph: stderr
2024-03-23T08:14:46.683+0000 7f8944d35700 1 --2- 172.21.15.70:0/1952224464 >> [v2:172.21.15.70:3300/0,v1:172.21.15.70:6789/0] conn(0x7f89401014e0 0x7f8940113530 unknown :-1 s=CLOSED pgs=81 cs=0 l=1 rev1=1 crypto rx=0 tx=0 comp rx=0 tx=0).stop
2024-03-23T08:14:47.902 INFO:teuthology.orchestra.run.smithi070.stdout:/usr/bin/ceph: stderr
2024-03-23T08:14:46.683+0000 7f8944d35700 1 -- 172.21.15.70:0/1952224464 >> 172.21.15.70:0/1952224464 conn(0x7f89400fcc60 msgr2=0x7f8940105970 unknown :-1 s=STATE_NONE l=0).mark_down
2024-03-23T08:14:47.902 INFO:teuthology.orchestra.run.smithi070.stdout:/usr/bin/ceph: stderr
2024-03-23T08:14:46.683+0000 7f8944d35700 1 -- 172.21.15.70:0/1952224464 shutdown_connections
2024-03-23T08:14:47.902 INFO:teuthology.orchestra.run.smithi070.stdout:/usr/bin/ceph: stderr
2024-03-23T08:14:46.683+0000 7f8944d35700 1 -- 172.21.15.70:0/1952224464 wait complete.
2024-03-23T08:14:47.902 INFO:teuthology.orchestra.run.smithi070.stdout:Fetching dashboard port number...
2024-03-23T08:14:48.946 INFO:journalctl@ceph.mon.smithi070.smithi070.stdout:Mar 23 08:14:48 smithi070 ceph-mon[39699]: from='client.? 172.21.15.70:0/2124056340' entity='client.admin' cmd=[{"prefix": "config get", "who": "mgr", "key": "mgr/dashboard/ssl_server_port"}]: dispatch
2024-03-23T08:14:49.179 INFO:teuthology.orchestra.run.smithi070.stdout:/usr/bin/ceph: stdout 8443
2024-03-23T08:14:49.179 INFO:teuthology.orchestra.run.smithi070.stdout:/usr/bin/ceph: stderr
2024-03-23T08:14:48.419+0000 7f5e2fcf2700 1 Processor -- start
2024-03-23T08:14:49.179 INFO:teuthology.orchestra.run.smithi070.stdout:/usr/bin/ceph: stderr
2024-03-23T08:14:48.420+0000 7f5e2fcf2700 1 -- start start
2024-03-23T08:14:49.179 INFO:teuthology.orchestra.run.smithi070.stdout:/usr/bin/ceph: stderr
2024-03-23T08:14:48.420+0000 7f5e2fcf2700 1 --2- >> [v2:172.21.15.70:3300/0,v1:172.21.15.70:6789/0] conn(0x7f5e28076d00 0x7f5e281050f0 unknown :-1 s=NONE pgs=0 cs=0 l=0 rev1=0 crypto rx=0 tx=0 comp rx=0 tx=0).connect
2024-03-23T08:14:49.179 INFO:teuthology.orchestra.run.smithi070.stdout:/usr/bin/ceph: stderr
2024-03-23T08:14:48.420+0000 7f5e2fcf2700 1 -- --> [v2:172.21.15.70:3300/0,v1:172.21.15.70:6789/0] -- mon_getmap magic: 0 v1 -- 0x7f5e28105630 con 0x7f5e28076d00
2024-03-23T08:14:49.179 INFO:teuthology.orchestra.run.smithi070.stdout:/usr/bin/ceph: stderr
2024-03-23T08:14:48.420+0000 7f5e2da8e700 1 --2- >> [v2:172.21.15.70:3300/0,v1:172.21.15.70:6789/0] conn(0x7f5e28076d00 0x7f5e281050f0 unknown :-1 s=BANNER_CONNECTING pgs=0 cs=0 l=0 rev1=0 crypto rx=0 tx=0 comp rx=0 tx=0)._handle_peer_banner_payload supported=3 required=0
2024-03-23T08:14:49.179 INFO:teuthology.orchestra.run.smithi070.stdout:/usr/bin/ceph: stderr
2024-03-23T08:14:48.420+0000 7f5e2da8e700 1 --2- >> [v2:172.21.15.70:3300/0,v1:172.21.15.70:6789/0] conn(0x7f5e28076d00 0x7f5e281050f0 unknown :-1 s=HELLO_CONNECTING pgs=0 cs=0 l=0 rev1=1 crypto rx=0 tx=0 comp rx=0 tx=0).handle_hello peer v2:172.21.15.70:3300/0 says I am v2:172.21.15.70:40304/0 (socket says 172.21.15.70:40304)
2024-03-23T08:14:49.179 INFO:teuthology.orchestra.run.smithi070.stdout:/usr/bin/ceph: stderr
2024-03-23T08:14:48.420+0000 7f5e2da8e700 1 -- 172.21.15.70:0/1565485795 learned_addr learned my addr 172.21.15.70:0/1565485795 (peer_addr_for_me v2:172.21.15.70:0/0)
2024-03-23T08:14:49.179 INFO:teuthology.orchestra.run.smithi070.stdout:/usr/bin/ceph: stderr
2024-03-23T08:14:48.420+0000 7f5e2da8e700 1 -- 172.21.15.70:0/1565485795 --> [v2:172.21.15.70:3300/0,v1:172.21.15.70:6789/0] -- mon_subscribe({config=0+,monmap=0+}) v3 -- 0x7f5e28105770 con 0x7f5e28076d00
2024-03-23T08:14:49.179 INFO:teuthology.orchestra.run.smithi070.stdout:/usr/bin/ceph: stderr
2024-03-23T08:14:48.420+0000 7f5e2da8e700 1 --2- 172.21.15.70:0/1565485795 >> [v2:172.21.15.70:3300/0,v1:172.21.15.70:6789/0] conn(0x7f5e28076d00 0x7f5e281050f0 secure :-1 s=READY pgs=82 cs=0 l=1 rev1=1 crypto rx=0x7f5e18009e50 tx=0x7f5e18009840 comp rx=0 tx=0).ready entity=mon.0 client_cookie=bc2f4618968bdc73 server_cookie=0 in_seq=0 out_seq=0
2024-03-23T08:14:49.179 INFO:teuthology.orchestra.run.smithi070.stdout:/usr/bin/ceph: stderr
2024-03-23T08:14:48.420+0000 7f5e2ca8c700 1 -- 172.21.15.70:0/1565485795 <== mon.0 v2:172.21.15.70:3300/0 1 ==== mon_map magic: 0 v1 ==== 229+0+0 (secure 0 0 0) 0x7f5e180092e0 con 0x7f5e28076d00
2024-03-23T08:14:49.180 INFO:teuthology.orchestra.run.smithi070.stdout:/usr/bin/ceph: stderr
2024-03-23T08:14:48.420+0000 7f5e2ca8c700 1 -- 172.21.15.70:0/1565485795 <== mon.0 v2:172.21.15.70:3300/0 2 ==== config(26 keys) v1 ==== 1074+0+0 (secure 0 0 0) 0x7f5e18012430 con 0x7f5e28076d00
2024-03-23T08:14:49.180 INFO:teuthology.orchestra.run.smithi070.stdout:/usr/bin/ceph: stderr
2024-03-23T08:14:48.420+0000 7f5e2ca8c700 1 -- 172.21.15.70:0/1565485795 <== mon.0 v2:172.21.15.70:3300/0 3 ==== mon_map magic: 0 v1 ==== 229+0+0 (secure 0 0 0) 0x7f5e180075c0 con 0x7f5e28076d00
2024-03-23T08:14:49.180 INFO:teuthology.orchestra.run.smithi070.stdout:/usr/bin/ceph: stderr
2024-03-23T08:14:48.421+0000 7f5e2fcf2700 1 -- 172.21.15.70:0/1565485795 >> [v2:172.21.15.70:3300/0,v1:172.21.15.70:6789/0] conn(0x7f5e28076d00 msgr2=0x7f5e281050f0 secure :-1 s=STATE_CONNECTION_ESTABLISHED l=1).mark_down
2024-03-23T08:14:49.180 INFO:teuthology.orchestra.run.smithi070.stdout:/usr/bin/ceph: stderr
2024-03-23T08:14:48.421+0000 7f5e2fcf2700 1 --2- 172.21.15.70:0/1565485795 >> [v2:172.21.15.70:3300/0,v1:172.21.15.70:6789/0] conn(0x7f5e28076d00 0x7f5e281050f0 secure :-1 s=READY pgs=82 cs=0 l=1 rev1=1 crypto rx=0x7f5e18009e50 tx=0x7f5e18009840 comp rx=0 tx=0).stop
2024-03-23T08:14:49.180 INFO:teuthology.orchestra.run.smithi070.stdout:/usr/bin/ceph: stderr
2024-03-23T08:14:48.421+0000 7f5e2fcf2700 1 -- 172.21.15.70:0/1565485795 shutdown_connections
2024-03-23T08:14:49.180 INFO:teuthology.orchestra.run.smithi070.stdout:/usr/bin/ceph: stderr
2024-03-23T08:14:48.421+0000 7f5e2fcf2700 1 --2- 172.21.15.70:0/1565485795 >> [v2:172.21.15.70:3300/0,v1:172.21.15.70:6789/0] conn(0x7f5e28076d00 0x7f5e281050f0 unknown :-1 s=CLOSED pgs=82 cs=0 l=1 rev1=1 crypto rx=0 tx=0 comp rx=0 tx=0).stop
2024-03-23T08:14:49.180 INFO:teuthology.orchestra.run.smithi070.stdout:/usr/bin/ceph: stderr
2024-03-23T08:14:48.421+0000 7f5e2fcf2700 1 -- 172.21.15.70:0/1565485795 >> 172.21.15.70:0/1565485795 conn(0x7f5e280fcb20 msgr2=0x7f5e280fef70 unknown :-1 s=STATE_NONE l=0).mark_down
2024-03-23T08:14:49.180 INFO:teuthology.orchestra.run.smithi070.stdout:/usr/bin/ceph: stderr
2024-03-23T08:14:48.421+0000 7f5e2fcf2700 1 -- 172.21.15.70:0/1565485795 shutdown_connections
2024-03-23T08:14:49.180 INFO:teuthology.orchestra.run.smithi070.stdout:/usr/bin/ceph: stderr
2024-03-23T08:14:48.421+0000 7f5e2fcf2700 1 -- 172.21.15.70:0/1565485795 wait complete.
2024-03-23T08:14:49.180 INFO:teuthology.orchestra.run.smithi070.stdout:/usr/bin/ceph: stderr
2024-03-23T08:14:48.421+0000 7f5e2fcf2700 1 Processor -- start
2024-03-23T08:14:49.180 INFO:teuthology.orchestra.run.smithi070.stdout:/usr/bin/ceph: stderr
2024-03-23T08:14:48.421+0000 7f5e2fcf2700 1 -- start start
2024-03-23T08:14:49.180 INFO:teuthology.orchestra.run.smithi070.stdout:/usr/bin/ceph: stderr
2024-03-23T08:14:48.422+0000 7f5e2fcf2700 1 --2- >> [v2:172.21.15.70:3300/0,v1:172.21.15.70:6789/0] conn(0x7f5e281113c0 0x7f5e281117d0 unknown :-1 s=NONE pgs=0 cs=0 l=1 rev1=0 crypto rx=0 tx=0 comp rx=0 tx=0).connect
2024-03-23T08:14:49.180 INFO:teuthology.orchestra.run.smithi070.stdout:/usr/bin/ceph: stderr
2024-03-23T08:14:48.422+0000 7f5e2fcf2700 1 -- --> [v2:172.21.15.70:3300/0,v1:172.21.15.70:6789/0] -- mon_getmap magic: 0 v1 -- 0x7f5e28111d10 con 0x7f5e281113c0
2024-03-23T08:14:49.180 INFO:teuthology.orchestra.run.smithi070.stdout:/usr/bin/ceph: stderr
2024-03-23T08:14:48.422+0000 7f5e2da8e700 1 --2- >> [v2:172.21.15.70:3300/0,v1:172.21.15.70:6789/0] conn(0x7f5e281113c0 0x7f5e281117d0 unknown :-1 s=BANNER_CONNECTING pgs=0 cs=0 l=1 rev1=0 crypto rx=0 tx=0 comp rx=0 tx=0)._handle_peer_banner_payload supported=3 required=0
2024-03-23T08:14:49.181 INFO:teuthology.orchestra.run.smithi070.stdout:/usr/bin/ceph: stderr
2024-03-23T08:14:48.422+0000 7f5e2da8e700 1 --2- >> [v2:172.21.15.70:3300/0,v1:172.21.15.70:6789/0] conn(0x7f5e281113c0 0x7f5e281117d0 unknown :-1 s=HELLO_CONNECTING pgs=0 cs=0 l=1 rev1=1 crypto rx=0 tx=0 comp rx=0 tx=0).handle_hello peer v2:172.21.15.70:3300/0 says I am v2:172.21.15.70:40318/0 (socket says 172.21.15.70:40318)
2024-03-23T08:14:49.181 INFO:teuthology.orchestra.run.smithi070.stdout:/usr/bin/ceph: stderr
2024-03-23T08:14:48.422+0000 7f5e2da8e700 1 -- 172.21.15.70:0/2124056340 learned_addr learned my addr 172.21.15.70:0/2124056340 (peer_addr_for_me v2:172.21.15.70:0/0)
2024-03-23T08:14:49.181 INFO:teuthology.orchestra.run.smithi070.stdout:/usr/bin/ceph: stderr
2024-03-23T08:14:48.422+0000 7f5e2da8e700 1 -- 172.21.15.70:0/2124056340 --> [v2:172.21.15.70:3300/0,v1:172.21.15.70:6789/0] -- mon_subscribe({config=0+,monmap=0+}) v3 -- 0x7f5e18009ae0 con 0x7f5e281113c0
2024-03-23T08:14:49.181 INFO:teuthology.orchestra.run.smithi070.stdout:/usr/bin/ceph: stderr
2024-03-23T08:14:48.422+0000 7f5e2da8e700 1 --2- 172.21.15.70:0/2124056340 >> [v2:172.21.15.70:3300/0,v1:172.21.15.70:6789/0] conn(0x7f5e281113c0 0x7f5e281117d0 secure :-1 s=READY pgs=83 cs=0 l=1 rev1=1 crypto rx=0x7f5e18009fd0 tx=0x7f5e18009840 comp rx=0 tx=0).ready entity=mon.0 client_cookie=0 server_cookie=0 in_seq=0 out_seq=0
2024-03-23T08:14:49.181 INFO:teuthology.orchestra.run.smithi070.stdout:/usr/bin/ceph: stderr
2024-03-23T08:14:48.422+0000 7f5e267fc700 1 -- 172.21.15.70:0/2124056340 <== mon.0 v2:172.21.15.70:3300/0 1 ==== mon_map magic: 0 v1 ==== 229+0+0 (secure 0 0 0) 0x7f5e180092e0 con 0x7f5e281113c0
2024-03-23T08:14:49.181 INFO:teuthology.orchestra.run.smithi070.stdout:/usr/bin/ceph: stderr
2024-03-23T08:14:48.422+0000 7f5e2fcf2700 1 -- 172.21.15.70:0/2124056340 --> [v2:172.21.15.70:3300/0,v1:172.21.15.70:6789/0] -- mon_subscribe({mgrmap=0+}) v3 -- 0x7f5e28111f10 con 0x7f5e281113c0
2024-03-23T08:14:49.181 INFO:teuthology.orchestra.run.smithi070.stdout:/usr/bin/ceph: stderr
2024-03-23T08:14:48.422+0000 7f5e267fc700 1 -- 172.21.15.70:0/2124056340 <== mon.0 v2:172.21.15.70:3300/0 2 ==== config(26 keys) v1 ==== 1074+0+0 (secure 0 0 0) 0x7f5e18012920 con 0x7f5e281113c0
2024-03-23T08:14:49.181 INFO:teuthology.orchestra.run.smithi070.stdout:/usr/bin/ceph: stderr
2024-03-23T08:14:48.422+0000 7f5e267fc700 1 -- 172.21.15.70:0/2124056340 <== mon.0 v2:172.21.15.70:3300/0 3 ==== mon_map magic: 0 v1 ==== 229+0+0 (secure 0 0 0) 0x7f5e180258e0 con 0x7f5e281113c0
2024-03-23T08:14:49.181 INFO:teuthology.orchestra.run.smithi070.stdout:/usr/bin/ceph: stderr
2024-03-23T08:14:48.422+0000 7f5e2fcf2700 1 -- 172.21.15.70:0/2124056340 --> [v2:172.21.15.70:3300/0,v1:172.21.15.70:6789/0] -- mon_subscribe({osdmap=0}) v3 -- 0x7f5e281128f0 con 0x7f5e281113c0
2024-03-23T08:14:49.181 INFO:teuthology.orchestra.run.smithi070.stdout:/usr/bin/ceph: stderr
2024-03-23T08:14:48.423+0000 7f5e267fc700 1 -- 172.21.15.70:0/2124056340 <== mon.0 v2:172.21.15.70:3300/0 4 ==== mgrmap(e 12) v1 ==== 43381+0+0 (secure 0 0 0) 0x7f5e18019050 con 0x7f5e281113c0
2024-03-23T08:14:49.181 INFO:teuthology.orchestra.run.smithi070.stdout:/usr/bin/ceph: stderr
2024-03-23T08:14:48.423+0000 7f5e2fcf2700 1 -- 172.21.15.70:0/2124056340 --> [v2:172.21.15.70:3300/0,v1:172.21.15.70:6789/0] -- mon_command({"prefix": "get_command_descriptions"} v 0) v1 -- 0x7f5e2804bed0 con 0x7f5e281113c0
2024-03-23T08:14:49.181 INFO:teuthology.orchestra.run.smithi070.stdout:/usr/bin/ceph: stderr
2024-03-23T08:14:48.423+0000 7f5e267fc700 1 --2- 172.21.15.70:0/2124056340 >> [v2:172.21.15.70:6800/2732684403,v1:172.21.15.70:6801/2732684403] conn(0x7f5e100367e0 0x7f5e10038c90 unknown :-1 s=NONE pgs=0 cs=0 l=1 rev1=0 crypto rx=0 tx=0 comp rx=0 tx=0).connect
2024-03-23T08:14:49.181 INFO:teuthology.orchestra.run.smithi070.stdout:/usr/bin/ceph: stderr
2024-03-23T08:14:48.423+0000 7f5e267fc700 1 -- 172.21.15.70:0/2124056340 <== mon.0 v2:172.21.15.70:3300/0 5 ==== osd_map(3..3 src has 1..3) v4 ==== 1151+0+0 (secure 0 0 0) 0x7f5e1804a200 con 0x7f5e281113c0
2024-03-23T08:14:49.181 INFO:teuthology.orchestra.run.smithi070.stdout:/usr/bin/ceph: stderr
2024-03-23T08:14:48.423+0000 7f5e2d28d700 1 --2- 172.21.15.70:0/2124056340 >> [v2:172.21.15.70:6800/2732684403,v1:172.21.15.70:6801/2732684403] conn(0x7f5e100367e0 0x7f5e10038c90 unknown :-1 s=BANNER_CONNECTING pgs=0 cs=0 l=1 rev1=0 crypto rx=0 tx=0 comp rx=0 tx=0)._handle_peer_banner_payload supported=3 required=0
2024-03-23T08:14:49.181 INFO:teuthology.orchestra.run.smithi070.stdout:/usr/bin/ceph: stderr
2024-03-23T08:14:48.424+0000 7f5e2d28d700 1 --2- 172.21.15.70:0/2124056340 >> [v2:172.21.15.70:6800/2732684403,v1:172.21.15.70:6801/2732684403] conn(0x7f5e100367e0 0x7f5e10038c90 secure :-1 s=READY pgs=9 cs=0 l=1 rev1=1 crypto rx=0x7f5e1c009990 tx=0x7f5e1c006e40 comp rx=0 tx=0).ready entity=mgr.14160 client_cookie=0 server_cookie=0 in_seq=0 out_seq=0
2024-03-23T08:14:49.182 INFO:teuthology.orchestra.run.smithi070.stdout:/usr/bin/ceph: stderr
2024-03-23T08:14:48.428+0000 7f5e267fc700 1 -- 172.21.15.70:0/2124056340 <== mon.0 v2:172.21.15.70:3300/0 6 ==== mon_command_ack([{"prefix": "get_command_descriptions"}]=0 v0) v1 ==== 72+0+176504 (secure 0 0 0) 0x7f5e180236e0 con 0x7f5e281113c0
2024-03-23T08:14:49.182 INFO:teuthology.orchestra.run.smithi070.stdout:/usr/bin/ceph: stderr
2024-03-23T08:14:48.611+0000 7f5e2fcf2700 1 -- 172.21.15.70:0/2124056340 --> [v2:172.21.15.70:3300/0,v1:172.21.15.70:6789/0] -- mon_command({"prefix": "config get", "who": "mgr", "key": "mgr/dashboard/ssl_server_port"} v 0) v1 -- 0x7f5e28106550 con 0x7f5e281113c0
2024-03-23T08:14:49.182 INFO:teuthology.orchestra.run.smithi070.stdout:/usr/bin/ceph: stderr
2024-03-23T08:14:48.611+0000 7f5e267fc700 1 -- 172.21.15.70:0/2124056340 <== mon.0 v2:172.21.15.70:3300/0 7 ==== mon_command_ack([{"prefix": "config get", "who": "mgr", "key": "mgr/dashboard/ssl_server_port"}]=0 v8) v1 ==== 112+0+5 (secure 0 0 0) 0x7f5e18020030 con 0x7f5e281113c0
2024-03-23T08:14:49.182 INFO:teuthology.orchestra.run.smithi070.stdout:/usr/bin/ceph: stderr
2024-03-23T08:14:48.613+0000 7f5e2fcf2700 1 -- 172.21.15.70:0/2124056340 >> [v2:172.21.15.70:6800/2732684403,v1:172.21.15.70:6801/2732684403] conn(0x7f5e100367e0 msgr2=0x7f5e10038c90 secure :-1 s=STATE_CONNECTION_ESTABLISHED l=1).mark_down
2024-03-23T08:14:49.182 INFO:teuthology.orchestra.run.smithi070.stdout:/usr/bin/ceph: stderr
2024-03-23T08:14:48.613+0000 7f5e2fcf2700 1 --2- 172.21.15.70:0/2124056340 >> [v2:172.21.15.70:6800/2732684403,v1:172.21.15.70:6801/2732684403] conn(0x7f5e100367e0 0x7f5e10038c90 secure :-1 s=READY pgs=9 cs=0 l=1 rev1=1 crypto rx=0x7f5e1c009990 tx=0x7f5e1c006e40 comp rx=0 tx=0).stop
2024-03-23T08:14:49.182 INFO:teuthology.orchestra.run.smithi070.stdout:/usr/bin/ceph: stderr
2024-03-23T08:14:48.613+0000 7f5e2fcf2700 1 -- 172.21.15.70:0/2124056340 >> [v2:172.21.15.70:3300/0,v1:172.21.15.70:6789/0] conn(0x7f5e281113c0 msgr2=0x7f5e281117d0 secure :-1 s=STATE_CONNECTION_ESTABLISHED l=1).mark_down
2024-03-23T08:14:49.182 INFO:teuthology.orchestra.run.smithi070.stdout:/usr/bin/ceph: stderr
2024-03-23T08:14:48.613+0000 7f5e2fcf2700 1 --2- 172.21.15.70:0/2124056340 >> [v2:172.21.15.70:3300/0,v1:172.21.15.70:6789/0] conn(0x7f5e281113c0 0x7f5e281117d0 secure :-1 s=READY pgs=83 cs=0 l=1 rev1=1 crypto rx=0x7f5e18009fd0 tx=0x7f5e18009840 comp rx=0 tx=0).stop
2024-03-23T08:14:49.182 INFO:teuthology.orchestra.run.smithi070.stdout:/usr/bin/ceph: stderr
2024-03-23T08:14:48.613+0000 7f5e2fcf2700 1 -- 172.21.15.70:0/2124056340 shutdown_connections
2024-03-23T08:14:49.182 INFO:teuthology.orchestra.run.smithi070.stdout:/usr/bin/ceph: stderr
2024-03-23T08:14:48.613+0000 7f5e2fcf2700 1 --2- 172.21.15.70:0/2124056340 >> [v2:172.21.15.70:6800/2732684403,v1:172.21.15.70:6801/2732684403] conn(0x7f5e100367e0 0x7f5e10038c90 unknown :-1 s=CLOSED pgs=9 cs=0 l=1 rev1=1 crypto rx=0 tx=0 comp rx=0 tx=0).stop
2024-03-23T08:14:49.182 INFO:teuthology.orchestra.run.smithi070.stdout:/usr/bin/ceph: stderr
2024-03-23T08:14:48.613+0000 7f5e2fcf2700 1 --2- 172.21.15.70:0/2124056340 >> [v2:172.21.15.70:3300/0,v1:172.21.15.70:6789/0] conn(0x7f5e281113c0 0x7f5e281117d0 unknown :-1 s=CLOSED pgs=83 cs=0 l=1 rev1=1 crypto rx=0 tx=0 comp rx=0 tx=0).stop
2024-03-23T08:14:49.182 INFO:teuthology.orchestra.run.smithi070.stdout:/usr/bin/ceph: stderr
2024-03-23T08:14:48.613+0000 7f5e2fcf2700 1 -- 172.21.15.70:0/2124056340 >> 172.21.15.70:0/2124056340 conn(0x7f5e280fcb20 msgr2=0x7f5e280fd6d0 unknown :-1 s=STATE_NONE l=0).mark_down
2024-03-23T08:14:49.182 INFO:teuthology.orchestra.run.smithi070.stdout:/usr/bin/ceph: stderr
2024-03-23T08:14:48.613+0000 7f5e2fcf2700 1 -- 172.21.15.70:0/2124056340 shutdown_connections
2024-03-23T08:14:49.182 INFO:teuthology.orchestra.run.smithi070.stdout:/usr/bin/ceph: stderr
2024-03-23T08:14:48.614+0000 7f5e2fcf2700 1 -- 172.21.15.70:0/2124056340 wait complete.
2024-03-23T08:14:49.185 INFO:teuthology.orchestra.run.smithi070.stdout:Non-zero exit code 1 from systemctl is-enabled firewalld.service
2024-03-23T08:14:49.185 INFO:teuthology.orchestra.run.smithi070.stdout:systemctl: stdout disabled
2024-03-23T08:14:49.193 INFO:teuthology.orchestra.run.smithi070.stdout:Non-zero exit code 3 from systemctl is-active firewalld.service
2024-03-23T08:14:49.193 INFO:teuthology.orchestra.run.smithi070.stdout:systemctl: stdout inactive
2024-03-23T08:14:49.193 INFO:teuthology.orchestra.run.smithi070.stdout:firewalld.service is not enabled
2024-03-23T08:14:49.193 INFO:teuthology.orchestra.run.smithi070.stdout:Not possible to open ports <[8443]>. firewalld.service is not available
2024-03-23T08:14:49.195 INFO:teuthology.orchestra.run.smithi070.stdout:Ceph Dashboard is now available at:
2024-03-23T08:14:49.195 INFO:teuthology.orchestra.run.smithi070.stdout:
2024-03-23T08:14:49.195 INFO:teuthology.orchestra.run.smithi070.stdout: URL: https://smithi070.front.sepia.ceph.com:8443/
2024-03-23T08:14:49.195 INFO:teuthology.orchestra.run.smithi070.stdout: User: admin
2024-03-23T08:14:49.195 INFO:teuthology.orchestra.run.smithi070.stdout: Password: toi6d084gw
2024-03-23T08:14:49.195 INFO:teuthology.orchestra.run.smithi070.stdout:
2024-03-23T08:14:49.196 INFO:teuthology.orchestra.run.smithi070.stdout:Saving cluster configuration to /var/lib/ceph/2762dd54-e8ed-11ee-95cd-87774f69a715/config directory
2024-03-23T08:14:49.196 INFO:teuthology.orchestra.run.smithi070.stdout:Enabling autotune for osd_memory_target
2024-03-23T08:14:49.939 INFO:journalctl@ceph.mon.smithi070.smithi070.stdout:Mar 23 08:14:49 smithi070 ceph-mon[39699]: mgrmap e13: smithi070.jhsbch(active, since 6s)
2024-03-23T08:14:50.560 INFO:teuthology.orchestra.run.smithi070.stdout:/usr/bin/ceph: stderr
2024-03-23T08:14:49.720+0000 7f46f3101700 1 Processor -- start
2024-03-23T08:14:50.560 INFO:teuthology.orchestra.run.smithi070.stdout:/usr/bin/ceph: stderr
2024-03-23T08:14:49.720+0000 7f46f3101700 1 -- start start
2024-03-23T08:14:50.561 INFO:teuthology.orchestra.run.smithi070.stdout:/usr/bin/ceph: stderr
2024-03-23T08:14:49.720+0000 7f46f3101700 1 --2- >> [v2:172.21.15.70:3300/0,v1:172.21.15.70:6789/0] conn(0x7f46ec1030c0 0x7f46ec1054a0 unknown :-1 s=NONE pgs=0 cs=0 l=0 rev1=0 crypto rx=0 tx=0 comp rx=0 tx=0).connect
2024-03-23T08:14:50.561 INFO:teuthology.orchestra.run.smithi070.stdout:/usr/bin/ceph: stderr
2024-03-23T08:14:49.720+0000 7f46f3101700 1 -- --> [v2:172.21.15.70:3300/0,v1:172.21.15.70:6789/0] -- mon_getmap magic: 0 v1 -- 0x7f46ec076d20 con 0x7f46ec1030c0
2024-03-23T08:14:50.561 INFO:teuthology.orchestra.run.smithi070.stdout:/usr/bin/ceph: stderr
2024-03-23T08:14:49.720+0000 7f46f0e9d700 1 --2- >> [v2:172.21.15.70:3300/0,v1:172.21.15.70:6789/0] conn(0x7f46ec1030c0 0x7f46ec1054a0 unknown :-1 s=BANNER_CONNECTING pgs=0 cs=0 l=0 rev1=0 crypto rx=0 tx=0 comp rx=0 tx=0)._handle_peer_banner_payload supported=3 required=0
2024-03-23T08:14:50.561 INFO:teuthology.orchestra.run.smithi070.stdout:/usr/bin/ceph: stderr
2024-03-23T08:14:49.720+0000 7f46f0e9d700 1 --2- >> [v2:172.21.15.70:3300/0,v1:172.21.15.70:6789/0] conn(0x7f46ec1030c0 0x7f46ec1054a0 unknown :-1 s=HELLO_CONNECTING pgs=0 cs=0 l=0 rev1=1 crypto rx=0 tx=0 comp rx=0 tx=0).handle_hello peer v2:172.21.15.70:3300/0 says I am v2:172.21.15.70:40330/0 (socket says 172.21.15.70:40330)
2024-03-23T08:14:50.561 INFO:teuthology.orchestra.run.smithi070.stdout:/usr/bin/ceph: stderr
2024-03-23T08:14:49.720+0000 7f46f0e9d700 1 -- 172.21.15.70:0/2359901630 learned_addr learned my addr 172.21.15.70:0/2359901630 (peer_addr_for_me v2:172.21.15.70:0/0)
2024-03-23T08:14:50.561 INFO:teuthology.orchestra.run.smithi070.stdout:/usr/bin/ceph: stderr
2024-03-23T08:14:49.721+0000 7f46f0e9d700 1 -- 172.21.15.70:0/2359901630 --> [v2:172.21.15.70:3300/0,v1:172.21.15.70:6789/0] -- mon_subscribe({config=0+,monmap=0+}) v3 -- 0x7f46ec076e60 con 0x7f46ec1030c0
2024-03-23T08:14:50.561 INFO:teuthology.orchestra.run.smithi070.stdout:/usr/bin/ceph: stderr
2024-03-23T08:14:49.721+0000 7f46f0e9d700 1 --2- 172.21.15.70:0/2359901630 >> [v2:172.21.15.70:3300/0,v1:172.21.15.70:6789/0] conn(0x7f46ec1030c0 0x7f46ec1054a0 secure :-1 s=READY pgs=84 cs=0 l=1 rev1=1 crypto rx=0x7f46e00098e0 tx=0x7f46e0009250 comp rx=0 tx=0).ready entity=mon.0 client_cookie=e041c226f95f8acb server_cookie=0 in_seq=0 out_seq=0
2024-03-23T08:14:50.561 INFO:teuthology.orchestra.run.smithi070.stdout:/usr/bin/ceph: stderr
2024-03-23T08:14:49.721+0000 7f46eb7fe700 1 -- 172.21.15.70:0/2359901630 <== mon.0 v2:172.21.15.70:3300/0 1 ==== mon_map magic: 0 v1 ==== 229+0+0 (secure 0 0 0) 0x7f46e000b860 con 0x7f46ec1030c0
2024-03-23T08:14:50.561 INFO:teuthology.orchestra.run.smithi070.stdout:/usr/bin/ceph: stderr
2024-03-23T08:14:49.721+0000 7f46eb7fe700 1 -- 172.21.15.70:0/2359901630 <== mon.0 v2:172.21.15.70:3300/0 2 ==== config(26 keys) v1 ==== 1074+0+0 (secure 0 0 0) 0x7f46e000be70 con 0x7f46ec1030c0
2024-03-23T08:14:50.561 INFO:teuthology.orchestra.run.smithi070.stdout:/usr/bin/ceph: stderr
2024-03-23T08:14:49.721+0000 7f46eb7fe700 1 -- 172.21.15.70:0/2359901630 <== mon.0 v2:172.21.15.70:3300/0 3 ==== mon_map magic: 0 v1 ==== 229+0+0 (secure 0 0 0) 0x7f46e0010380 con 0x7f46ec1030c0
2024-03-23T08:14:50.561 INFO:teuthology.orchestra.run.smithi070.stdout:/usr/bin/ceph: stderr
2024-03-23T08:14:49.722+0000 7f46f3101700 1 -- 172.21.15.70:0/2359901630 >> [v2:172.21.15.70:3300/0,v1:172.21.15.70:6789/0] conn(0x7f46ec1030c0 msgr2=0x7f46ec1054a0 secure :-1 s=STATE_CONNECTION_ESTABLISHED l=1).mark_down
2024-03-23T08:14:50.561 INFO:teuthology.orchestra.run.smithi070.stdout:/usr/bin/ceph: stderr
2024-03-23T08:14:49.722+0000 7f46f3101700 1 --2- 172.21.15.70:0/2359901630 >> [v2:172.21.15.70:3300/0,v1:172.21.15.70:6789/0] conn(0x7f46ec1030c0 0x7f46ec1054a0 secure :-1 s=READY pgs=84 cs=0 l=1 rev1=1 crypto rx=0x7f46e00098e0 tx=0x7f46e0009250 comp rx=0 tx=0).stop
2024-03-23T08:14:50.561 INFO:teuthology.orchestra.run.smithi070.stdout:/usr/bin/ceph: stderr
2024-03-23T08:14:49.722+0000 7f46f3101700 1 -- 172.21.15.70:0/2359901630 shutdown_connections
2024-03-23T08:14:50.561 INFO:teuthology.orchestra.run.smithi070.stdout:/usr/bin/ceph: stderr
2024-03-23T08:14:49.722+0000 7f46f3101700 1 --2- 172.21.15.70:0/2359901630 >> [v2:172.21.15.70:3300/0,v1:172.21.15.70:6789/0] conn(0x7f46ec1030c0 0x7f46ec1054a0 unknown :-1 s=CLOSED pgs=84 cs=0 l=1 rev1=1 crypto rx=0 tx=0 comp rx=0 tx=0).stop
2024-03-23T08:14:50.562 INFO:teuthology.orchestra.run.smithi070.stdout:/usr/bin/ceph: stderr
2024-03-23T08:14:49.722+0000 7f46f3101700 1 -- 172.21.15.70:0/2359901630 >> 172.21.15.70:0/2359901630 conn(0x7f46ec0fcb20 msgr2=0x7f46ec0fef70 unknown :-1 s=STATE_NONE l=0).mark_down
2024-03-23T08:14:50.562 INFO:teuthology.orchestra.run.smithi070.stdout:/usr/bin/ceph: stderr
2024-03-23T08:14:49.722+0000 7f46f3101700 1 -- 172.21.15.70:0/2359901630 shutdown_connections
2024-03-23T08:14:50.562 INFO:teuthology.orchestra.run.smithi070.stdout:/usr/bin/ceph: stderr
2024-03-23T08:14:49.722+0000 7f46f3101700 1 -- 172.21.15.70:0/2359901630 wait complete.
2024-03-23T08:14:50.562 INFO:teuthology.orchestra.run.smithi070.stdout:/usr/bin/ceph: stderr
2024-03-23T08:14:49.722+0000 7f46f3101700 1 Processor -- start
2024-03-23T08:14:50.562 INFO:teuthology.orchestra.run.smithi070.stdout:/usr/bin/ceph: stderr
2024-03-23T08:14:49.722+0000 7f46f3101700 1 -- start start
2024-03-23T08:14:50.562 INFO:teuthology.orchestra.run.smithi070.stdout:/usr/bin/ceph: stderr
2024-03-23T08:14:49.722+0000 7f46f3101700 1 --2- >> [v2:172.21.15.70:3300/0,v1:172.21.15.70:6789/0] conn(0x7f46ec1030c0 0x7f46ec1113d0 unknown :-1 s=NONE pgs=0 cs=0 l=1 rev1=0 crypto rx=0 tx=0 comp rx=0 tx=0).connect
2024-03-23T08:14:50.562 INFO:teuthology.orchestra.run.smithi070.stdout:/usr/bin/ceph: stderr
2024-03-23T08:14:49.722+0000 7f46f3101700 1 -- --> [v2:172.21.15.70:3300/0,v1:172.21.15.70:6789/0] -- mon_getmap magic: 0 v1 -- 0x7f46ec111910 con 0x7f46ec1030c0
2024-03-23T08:14:50.562 INFO:teuthology.orchestra.run.smithi070.stdout:/usr/bin/ceph: stderr
2024-03-23T08:14:49.723+0000 7f46f0e9d700 1 --2- >> [v2:172.21.15.70:3300/0,v1:172.21.15.70:6789/0] conn(0x7f46ec1030c0 0x7f46ec1113d0 unknown :-1 s=BANNER_CONNECTING pgs=0 cs=0 l=1 rev1=0 crypto rx=0 tx=0 comp rx=0 tx=0)._handle_peer_banner_payload supported=3 required=0
2024-03-23T08:14:50.562 INFO:teuthology.orchestra.run.smithi070.stdout:/usr/bin/ceph: stderr
2024-03-23T08:14:49.723+0000 7f46f0e9d700 1 --2- >> [v2:172.21.15.70:3300/0,v1:172.21.15.70:6789/0] conn(0x7f46ec1030c0 0x7f46ec1113d0 unknown :-1 s=HELLO_CONNECTING pgs=0 cs=0 l=1 rev1=1 crypto rx=0 tx=0 comp rx=0 tx=0).handle_hello peer v2:172.21.15.70:3300/0 says I am v2:172.21.15.70:40346/0 (socket says 172.21.15.70:40346)
2024-03-23T08:14:50.562 INFO:teuthology.orchestra.run.smithi070.stdout:/usr/bin/ceph: stderr
2024-03-23T08:14:49.723+0000 7f46f0e9d700 1 -- 172.21.15.70:0/467975618 learned_addr learned my addr 172.21.15.70:0/467975618 (peer_addr_for_me v2:172.21.15.70:0/0)
2024-03-23T08:14:50.562 INFO:teuthology.orchestra.run.smithi070.stdout:/usr/bin/ceph: stderr
2024-03-23T08:14:49.723+0000 7f46f0e9d700 1 -- 172.21.15.70:0/467975618 --> [v2:172.21.15.70:3300/0,v1:172.21.15.70:6789/0] -- mon_subscribe({config=0+,monmap=0+}) v3 -- 0x7f46e00094f0 con 0x7f46ec1030c0
2024-03-23T08:14:50.562 INFO:teuthology.orchestra.run.smithi070.stdout:/usr/bin/ceph: stderr
2024-03-23T08:14:49.723+0000 7f46f0e9d700 1 --2- 172.21.15.70:0/467975618 >> [v2:172.21.15.70:3300/0,v1:172.21.15.70:6789/0] conn(0x7f46ec1030c0 0x7f46ec1113d0 secure :-1 s=READY pgs=85 cs=0 l=1 rev1=1 crypto rx=0x7f46e00094c0 tx=0x7f46e0009250 comp rx=0 tx=0).ready entity=mon.0 client_cookie=0 server_cookie=0 in_seq=0 out_seq=0
2024-03-23T08:14:50.562 INFO:teuthology.orchestra.run.smithi070.stdout:/usr/bin/ceph: stderr
2024-03-23T08:14:49.723+0000 7f46e97fa700 1 -- 172.21.15.70:0/467975618 <== mon.0 v2:172.21.15.70:3300/0 1 ==== mon_map magic: 0 v1 ==== 229+0+0 (secure 0 0 0) 0x7f46e0010850 con 0x7f46ec1030c0
2024-03-23T08:14:50.562 INFO:teuthology.orchestra.run.smithi070.stdout:/usr/bin/ceph: stderr
2024-03-23T08:14:49.723+0000 7f46e97fa700 1 -- 172.21.15.70:0/467975618 <== mon.0 v2:172.21.15.70:3300/0 2 ==== config(26 keys) v1 ==== 1074+0+0 (secure 0 0 0) 0x7f46e0010e60 con 0x7f46ec1030c0
2024-03-23T08:14:50.562 INFO:teuthology.orchestra.run.smithi070.stdout:/usr/bin/ceph: stderr
2024-03-23T08:14:49.723+0000 7f46f3101700 1 -- 172.21.15.70:0/467975618 --> [v2:172.21.15.70:3300/0,v1:172.21.15.70:6789/0] -- mon_subscribe({mgrmap=0+}) v3 -- 0x7f46ec111b10 con 0x7f46ec1030c0
2024-03-23T08:14:50.563 INFO:teuthology.orchestra.run.smithi070.stdout:/usr/bin/ceph: stderr
2024-03-23T08:14:49.723+0000 7f46e97fa700 1 -- 172.21.15.70:0/467975618 <== mon.0 v2:172.21.15.70:3300/0 3 ==== mon_map magic: 0 v1 ==== 229+0+0 (secure 0 0 0) 0x7f46e001a430 con 0x7f46ec1030c0
2024-03-23T08:14:50.563 INFO:teuthology.orchestra.run.smithi070.stdout:/usr/bin/ceph: stderr
2024-03-23T08:14:49.723+0000 7f46f3101700 1 -- 172.21.15.70:0/467975618 --> [v2:172.21.15.70:3300/0,v1:172.21.15.70:6789/0] -- mon_subscribe({osdmap=0}) v3 -- 0x7f46ec112680 con 0x7f46ec1030c0
2024-03-23T08:14:50.563 INFO:teuthology.orchestra.run.smithi070.stdout:/usr/bin/ceph: stderr
2024-03-23T08:14:49.724+0000 7f46e97fa700 1 -- 172.21.15.70:0/467975618 <== mon.0 v2:172.21.15.70:3300/0 4 ==== mgrmap(e 13) v1 ==== 43424+0+0 (secure 0 0 0) 0x7f46e001a6b0 con 0x7f46ec1030c0
2024-03-23T08:14:50.563 INFO:teuthology.orchestra.run.smithi070.stdout:/usr/bin/ceph: stderr
2024-03-23T08:14:49.724+0000 7f46e97fa700 1 --2- 172.21.15.70:0/467975618 >> [v2:172.21.15.70:6800/2732684403,v1:172.21.15.70:6801/2732684403] conn(0x7f46dc036880 0x7f46dc038d30 unknown :-1 s=NONE pgs=0 cs=0 l=1 rev1=0 crypto rx=0 tx=0 comp rx=0 tx=0).connect
2024-03-23T08:14:50.563 INFO:teuthology.orchestra.run.smithi070.stdout:/usr/bin/ceph: stderr
2024-03-23T08:14:49.724+0000 7f46e97fa700 1 -- 172.21.15.70:0/467975618 <== mon.0 v2:172.21.15.70:3300/0 5 ==== osd_map(3..3 src has 1..3) v4 ==== 1151+0+0 (secure 0 0 0) 0x7f46e004a8d0 con 0x7f46ec1030c0
2024-03-23T08:14:50.563 INFO:teuthology.orchestra.run.smithi070.stdout:/usr/bin/ceph: stderr
2024-03-23T08:14:49.724+0000 7f46f3101700 1 -- 172.21.15.70:0/467975618 --> [v2:172.21.15.70:3300/0,v1:172.21.15.70:6789/0] -- mon_command({"prefix": "get_command_descriptions"} v 0) v1 -- 0x7f46ec05f5f0 con 0x7f46ec1030c0
2024-03-23T08:14:50.563 INFO:teuthology.orchestra.run.smithi070.stdout:/usr/bin/ceph: stderr
2024-03-23T08:14:49.724+0000 7f46ebfff700 1 --2- 172.21.15.70:0/467975618 >> [v2:172.21.15.70:6800/2732684403,v1:172.21.15.70:6801/2732684403] conn(0x7f46dc036880 0x7f46dc038d30 unknown :-1 s=BANNER_CONNECTING pgs=0 cs=0 l=1 rev1=0 crypto rx=0 tx=0 comp rx=0 tx=0)._handle_peer_banner_payload supported=3 required=0
2024-03-23T08:14:50.563 INFO:teuthology.orchestra.run.smithi070.stdout:/usr/bin/ceph: stderr
2024-03-23T08:14:49.724+0000 7f46ebfff700 1 --2- 172.21.15.70:0/467975618 >> [v2:172.21.15.70:6800/2732684403,v1:172.21.15.70:6801/2732684403] conn(0x7f46dc036880 0x7f46dc038d30 secure :-1 s=READY pgs=10 cs=0 l=1 rev1=1 crypto rx=0x7f46d8009990 tx=0x7f46d8006e40 comp rx=0 tx=0).ready entity=mgr.14160 client_cookie=0 server_cookie=0 in_seq=0 out_seq=0
2024-03-23T08:14:50.563 INFO:teuthology.orchestra.run.smithi070.stdout:/usr/bin/ceph: stderr
2024-03-23T08:14:49.729+0000 7f46e97fa700 1 -- 172.21.15.70:0/467975618 <== mon.0 v2:172.21.15.70:3300/0 6 ==== mon_command_ack([{"prefix": "get_command_descriptions"}]=0 v0) v1 ==== 72+0+176504 (secure 0 0 0) 0x7f46e00189a0 con 0x7f46ec1030c0
2024-03-23T08:14:50.563 INFO:teuthology.orchestra.run.smithi070.stdout:/usr/bin/ceph: stderr
2024-03-23T08:14:49.913+0000 7f46f3101700 1 -- 172.21.15.70:0/467975618 --> [v2:172.21.15.70:3300/0,v1:172.21.15.70:6789/0] -- mon_command([{prefix=config set, name=osd_memory_target_autotune}] v 0) v1 -- 0x7f46ec04bed0 con 0x7f46ec1030c0
2024-03-23T08:14:50.563 INFO:teuthology.orchestra.run.smithi070.stdout:/usr/bin/ceph: stderr
2024-03-23T08:14:49.914+0000 7f46e97fa700 1 -- 172.21.15.70:0/467975618 <== mon.0 v2:172.21.15.70:3300/0 7 ==== mon_command_ack([{prefix=config set, name=osd_memory_target_autotune}]=0 v8)=0 v8) v1 ==== 127+0+0 (secure 0 0 0) 0x7f46e0018350 con 0x7f46ec1030c0
2024-03-23T08:14:50.563 INFO:teuthology.orchestra.run.smithi070.stdout:/usr/bin/ceph: stderr
2024-03-23T08:14:49.916+0000 7f46f3101700 1 -- 172.21.15.70:0/467975618 >> [v2:172.21.15.70:6800/2732684403,v1:172.21.15.70:6801/2732684403] conn(0x7f46dc036880 msgr2=0x7f46dc038d30 secure :-1 s=STATE_CONNECTION_ESTABLISHED l=1).mark_down
2024-03-23T08:14:50.563 INFO:teuthology.orchestra.run.smithi070.stdout:/usr/bin/ceph: stderr
2024-03-23T08:14:49.916+0000 7f46f3101700 1 --2- 172.21.15.70:0/467975618 >> [v2:172.21.15.70:6800/2732684403,v1:172.21.15.70:6801/2732684403] conn(0x7f46dc036880 0x7f46dc038d30 secure :-1 s=READY pgs=10 cs=0 l=1 rev1=1 crypto rx=0x7f46d8009990 tx=0x7f46d8006e40 comp rx=0 tx=0).stop
2024-03-23T08:14:50.563 INFO:teuthology.orchestra.run.smithi070.stdout:/usr/bin/ceph: stderr
2024-03-23T08:14:49.916+0000 7f46f3101700 1 -- 172.21.15.70:0/467975618 >> [v2:172.21.15.70:3300/0,v1:172.21.15.70:6789/0] conn(0x7f46ec1030c0 msgr2=0x7f46ec1113d0 secure :-1 s=STATE_CONNECTION_ESTABLISHED l=1).mark_down
2024-03-23T08:14:50.563 INFO:teuthology.orchestra.run.smithi070.stdout:/usr/bin/ceph: stderr
2024-03-23T08:14:49.916+0000 7f46f3101700 1 --2- 172.21.15.70:0/467975618 >> [v2:172.21.15.70:3300/0,v1:172.21.15.70:6789/0] conn(0x7f46ec1030c0 0x7f46ec1113d0 secure :-1 s=READY pgs=85 cs=0 l=1 rev1=1 crypto rx=0x7f46e00094c0 tx=0x7f46e0009250 comp rx=0 tx=0).stop
2024-03-23T08:14:50.563 INFO:teuthology.orchestra.run.smithi070.stdout:/usr/bin/ceph: stderr
2024-03-23T08:14:49.916+0000 7f46f3101700 1 -- 172.21.15.70:0/467975618 shutdown_connections
2024-03-23T08:14:50.564 INFO:teuthology.orchestra.run.smithi070.stdout:/usr/bin/ceph: stderr
2024-03-23T08:14:49.916+0000 7f46f3101700 1 --2- 172.21.15.70:0/467975618 >> [v2:172.21.15.70:6800/2732684403,v1:172.21.15.70:6801/2732684403] conn(0x7f46dc036880 0x7f46dc038d30 unknown :-1 s=CLOSED pgs=10 cs=0 l=1 rev1=1 crypto rx=0 tx=0 comp rx=0 tx=0).stop
2024-03-23T08:14:50.564 INFO:teuthology.orchestra.run.smithi070.stdout:/usr/bin/ceph: stderr
2024-03-23T08:14:49.916+0000 7f46f3101700 1 --2- 172.21.15.70:0/467975618 >> [v2:172.21.15.70:3300/0,v1:172.21.15.70:6789/0] conn(0x7f46ec1030c0 0x7f46ec1113d0 unknown :-1 s=CLOSED pgs=85 cs=0 l=1 rev1=1 crypto rx=0 tx=0 comp rx=0 tx=0).stop
2024-03-23T08:14:50.564 INFO:teuthology.orchestra.run.smithi070.stdout:/usr/bin/ceph: stderr
2024-03-23T08:14:49.916+0000 7f46f3101700 1 -- 172.21.15.70:0/467975618 >> 172.21.15.70:0/467975618 conn(0x7f46ec0fcb20 msgr2=0x7f46ec0fd6b0 unknown :-1 s=STATE_NONE l=0).mark_down
2024-03-23T08:14:50.564 INFO:teuthology.orchestra.run.smithi070.stdout:/usr/bin/ceph: stderr
2024-03-23T08:14:49.916+0000 7f46f3101700 1 -- 172.21.15.70:0/467975618 shutdown_connections
2024-03-23T08:14:50.564 INFO:teuthology.orchestra.run.smithi070.stdout:/usr/bin/ceph: stderr
2024-03-23T08:14:49.916+0000 7f46f3101700 1 -- 172.21.15.70:0/467975618 wait complete.
2024-03-23T08:14:52.016 INFO:teuthology.orchestra.run.smithi070.stdout:/usr/bin/ceph: stderr
2024-03-23T08:14:51.066+0000 7f50af4eb700 1 Processor -- start
2024-03-23T08:14:52.016 INFO:teuthology.orchestra.run.smithi070.stdout:/usr/bin/ceph: stderr
2024-03-23T08:14:51.066+0000 7f50af4eb700 1 -- start start
2024-03-23T08:14:52.016 INFO:teuthology.orchestra.run.smithi070.stdout:/usr/bin/ceph: stderr
2024-03-23T08:14:51.066+0000 7f50af4eb700 1 --2- >> [v2:172.21.15.70:3300/0,v1:172.21.15.70:6789/0] conn(0x7f50a8076c30 0x7f50a81051a0 unknown :-1 s=NONE pgs=0 cs=0 l=0 rev1=0 crypto rx=0 tx=0 comp rx=0 tx=0).connect
2024-03-23T08:14:52.017 INFO:teuthology.orchestra.run.smithi070.stdout:/usr/bin/ceph: stderr
2024-03-23T08:14:51.066+0000 7f50af4eb700 1 -- --> [v2:172.21.15.70:3300/0,v1:172.21.15.70:6789/0] -- mon_getmap magic: 0 v1 -- 0x7f50a81056e0 con 0x7f50a8076c30
2024-03-23T08:14:52.017 INFO:teuthology.orchestra.run.smithi070.stdout:/usr/bin/ceph: stderr
2024-03-23T08:14:51.066+0000 7f50ad287700 1 --2- >> [v2:172.21.15.70:3300/0,v1:172.21.15.70:6789/0] conn(0x7f50a8076c30 0x7f50a81051a0 unknown :-1 s=BANNER_CONNECTING pgs=0 cs=0 l=0 rev1=0 crypto rx=0 tx=0 comp rx=0 tx=0)._handle_peer_banner_payload supported=3 required=0
2024-03-23T08:14:52.017 INFO:teuthology.orchestra.run.smithi070.stdout:/usr/bin/ceph: stderr
2024-03-23T08:14:51.067+0000 7f50ad287700 1 --2- >> [v2:172.21.15.70:3300/0,v1:172.21.15.70:6789/0] conn(0x7f50a8076c30 0x7f50a81051a0 unknown :-1 s=HELLO_CONNECTING pgs=0 cs=0 l=0 rev1=1 crypto rx=0 tx=0 comp rx=0 tx=0).handle_hello peer v2:172.21.15.70:3300/0 says I am v2:172.21.15.70:40362/0 (socket says 172.21.15.70:40362)
2024-03-23T08:14:52.017 INFO:teuthology.orchestra.run.smithi070.stdout:/usr/bin/ceph: stderr
2024-03-23T08:14:51.067+0000 7f50ad287700 1 -- 172.21.15.70:0/368572980 learned_addr learned my addr 172.21.15.70:0/368572980 (peer_addr_for_me v2:172.21.15.70:0/0)
2024-03-23T08:14:52.017 INFO:teuthology.orchestra.run.smithi070.stdout:/usr/bin/ceph: stderr
2024-03-23T08:14:51.067+0000 7f50ad287700 1 -- 172.21.15.70:0/368572980 --> [v2:172.21.15.70:3300/0,v1:172.21.15.70:6789/0] -- mon_subscribe({config=0+,monmap=0+}) v3 -- 0x7f50a8105820 con 0x7f50a8076c30
2024-03-23T08:14:52.017 INFO:teuthology.orchestra.run.smithi070.stdout:/usr/bin/ceph: stderr
2024-03-23T08:14:51.067+0000 7f50ad287700 1 --2- 172.21.15.70:0/368572980 >> [v2:172.21.15.70:3300/0,v1:172.21.15.70:6789/0] conn(0x7f50a8076c30 0x7f50a81051a0 secure :-1 s=READY pgs=86 cs=0 l=1 rev1=1 crypto rx=0x7f50980098e0 tx=0x7f5098009250 comp rx=0 tx=0).ready entity=mon.0 client_cookie=73f8dcbddee6c820 server_cookie=0 in_seq=0 out_seq=0
2024-03-23T08:14:52.017 INFO:teuthology.orchestra.run.smithi070.stdout:/usr/bin/ceph: stderr
2024-03-23T08:14:51.067+0000 7f509ffff700 1 -- 172.21.15.70:0/368572980 <== mon.0 v2:172.21.15.70:3300/0 1 ==== mon_map magic: 0 v1 ==== 229+0+0 (secure 0 0 0) 0x7f509800b860 con 0x7f50a8076c30
2024-03-23T08:14:52.017 INFO:teuthology.orchestra.run.smithi070.stdout:/usr/bin/ceph: stderr
2024-03-23T08:14:51.067+0000 7f509ffff700 1 -- 172.21.15.70:0/368572980 <== mon.0 v2:172.21.15.70:3300/0 2 ==== config(26 keys) v1 ==== 1074+0+0 (secure 0 0 0) 0x7f509800be70 con 0x7f50a8076c30
2024-03-23T08:14:52.017 INFO:teuthology.orchestra.run.smithi070.stdout:/usr/bin/ceph: stderr
2024-03-23T08:14:51.067+0000 7f509ffff700 1 -- 172.21.15.70:0/368572980 <== mon.0 v2:172.21.15.70:3300/0 3 ==== mon_map magic: 0 v1 ==== 229+0+0 (secure 0 0 0) 0x7f5098010380 con 0x7f50a8076c30
2024-03-23T08:14:52.017 INFO:teuthology.orchestra.run.smithi070.stdout:/usr/bin/ceph: stderr
2024-03-23T08:14:51.068+0000 7f50af4eb700 1 -- 172.21.15.70:0/368572980 >> [v2:172.21.15.70:3300/0,v1:172.21.15.70:6789/0] conn(0x7f50a8076c30 msgr2=0x7f50a81051a0 secure :-1 s=STATE_CONNECTION_ESTABLISHED l=1).mark_down
2024-03-23T08:14:52.017 INFO:teuthology.orchestra.run.smithi070.stdout:/usr/bin/ceph: stderr
2024-03-23T08:14:51.068+0000 7f50af4eb700 1 --2- 172.21.15.70:0/368572980 >> [v2:172.21.15.70:3300/0,v1:172.21.15.70:6789/0] conn(0x7f50a8076c30 0x7f50a81051a0 secure :-1 s=READY pgs=86 cs=0 l=1 rev1=1 crypto rx=0x7f50980098e0 tx=0x7f5098009250 comp rx=0 tx=0).stop
2024-03-23T08:14:52.017 INFO:teuthology.orchestra.run.smithi070.stdout:/usr/bin/ceph: stderr
2024-03-23T08:14:51.068+0000 7f50af4eb700 1 -- 172.21.15.70:0/368572980 shutdown_connections
2024-03-23T08:14:52.017 INFO:teuthology.orchestra.run.smithi070.stdout:/usr/bin/ceph: stderr
2024-03-23T08:14:51.068+0000 7f50af4eb700 1 --2- 172.21.15.70:0/368572980 >> [v2:172.21.15.70:3300/0,v1:172.21.15.70:6789/0] conn(0x7f50a8076c30 0x7f50a81051a0 unknown :-1 s=CLOSED pgs=86 cs=0 l=1 rev1=1 crypto rx=0 tx=0 comp rx=0 tx=0).stop
2024-03-23T08:14:52.017 INFO:teuthology.orchestra.run.smithi070.stdout:/usr/bin/ceph: stderr
2024-03-23T08:14:51.068+0000 7f50af4eb700 1 -- 172.21.15.70:0/368572980 >> 172.21.15.70:0/368572980 conn(0x7f50a80fcc30 msgr2=0x7f50a80ff060 unknown :-1 s=STATE_NONE l=0).mark_down
2024-03-23T08:14:52.017 INFO:teuthology.orchestra.run.smithi070.stdout:/usr/bin/ceph: stderr
2024-03-23T08:14:51.068+0000 7f50af4eb700 1 -- 172.21.15.70:0/368572980 shutdown_connections
2024-03-23T08:14:52.017 INFO:teuthology.orchestra.run.smithi070.stdout:/usr/bin/ceph: stderr
2024-03-23T08:14:51.068+0000 7f50af4eb700 1 -- 172.21.15.70:0/368572980 wait complete.
2024-03-23T08:14:52.018 INFO:teuthology.orchestra.run.smithi070.stdout:/usr/bin/ceph: stderr
2024-03-23T08:14:51.068+0000 7f50af4eb700 1 Processor -- start
2024-03-23T08:14:52.018 INFO:teuthology.orchestra.run.smithi070.stdout:/usr/bin/ceph: stderr
2024-03-23T08:14:51.068+0000 7f50af4eb700 1 -- start start
2024-03-23T08:14:52.018 INFO:teuthology.orchestra.run.smithi070.stdout:/usr/bin/ceph: stderr
2024-03-23T08:14:51.069+0000 7f50af4eb700 1 --2- >> [v2:172.21.15.70:3300/0,v1:172.21.15.70:6789/0] conn(0x7f50a8076c30 0x7f50a81113b0 unknown :-1 s=NONE pgs=0 cs=0 l=1 rev1=0 crypto rx=0 tx=0 comp rx=0 tx=0).connect
2024-03-23T08:14:52.018 INFO:teuthology.orchestra.run.smithi070.stdout:/usr/bin/ceph: stderr
2024-03-23T08:14:51.069+0000 7f50af4eb700 1 -- --> [v2:172.21.15.70:3300/0,v1:172.21.15.70:6789/0] -- mon_getmap magic: 0 v1 -- 0x7f50a81118f0 con 0x7f50a8076c30
2024-03-23T08:14:52.018 INFO:teuthology.orchestra.run.smithi070.stdout:/usr/bin/ceph: stderr
2024-03-23T08:14:51.069+0000 7f50ad287700 1 --2- >> [v2:172.21.15.70:3300/0,v1:172.21.15.70:6789/0] conn(0x7f50a8076c30 0x7f50a81113b0 unknown :-1 s=BANNER_CONNECTING pgs=0 cs=0 l=1 rev1=0 crypto rx=0 tx=0 comp rx=0 tx=0)._handle_peer_banner_payload supported=3 required=0
2024-03-23T08:14:52.018 INFO:teuthology.orchestra.run.smithi070.stdout:/usr/bin/ceph: stderr
2024-03-23T08:14:51.069+0000 7f50ad287700 1 --2- >> [v2:172.21.15.70:3300/0,v1:172.21.15.70:6789/0] conn(0x7f50a8076c30 0x7f50a81113b0 unknown :-1 s=HELLO_CONNECTING pgs=0 cs=0 l=1 rev1=1 crypto rx=0 tx=0 comp rx=0 tx=0).handle_hello peer v2:172.21.15.70:3300/0 says I am v2:172.21.15.70:40370/0 (socket says 172.21.15.70:40370)
2024-03-23T08:14:52.018 INFO:teuthology.orchestra.run.smithi070.stdout:/usr/bin/ceph: stderr
2024-03-23T08:14:51.069+0000 7f50ad287700 1 -- 172.21.15.70:0/3708294154 learned_addr learned my addr 172.21.15.70:0/3708294154 (peer_addr_for_me v2:172.21.15.70:0/0)
2024-03-23T08:14:52.018 INFO:teuthology.orchestra.run.smithi070.stdout:/usr/bin/ceph: stderr
2024-03-23T08:14:51.069+0000 7f50ad287700 1 -- 172.21.15.70:0/3708294154 --> [v2:172.21.15.70:3300/0,v1:172.21.15.70:6789/0] -- mon_subscribe({config=0+,monmap=0+}) v3 -- 0x7f50980094f0 con 0x7f50a8076c30
2024-03-23T08:14:52.018 INFO:teuthology.orchestra.run.smithi070.stdout:/usr/bin/ceph: stderr
2024-03-23T08:14:51.069+0000 7f50ad287700 1 --2- 172.21.15.70:0/3708294154 >> [v2:172.21.15.70:3300/0,v1:172.21.15.70:6789/0] conn(0x7f50a8076c30 0x7f50a81113b0 secure :-1 s=READY pgs=87 cs=0 l=1 rev1=1 crypto rx=0x7f5098006d40 tx=0x7f5098009250 comp rx=0 tx=0).ready entity=mon.0 client_cookie=0 server_cookie=0 in_seq=0 out_seq=0
