2024-03-23T08:14:29.233 INFO:journalctl@ceph.mon.smithi070.smithi070.stdout:Mar 23 08:14:28 smithi070 ceph-mon[39699]: from='client.14148 -' entity='client.admin' cmd=[{"prefix": "orch apply", "service_type": "grafana", "target": ["mon-mgr", ""]}]: dispatch
2024-03-23T08:14:29.233 INFO:journalctl@ceph.mon.smithi070.smithi070.stdout:Mar 23 08:14:28 smithi070 ceph-mon[39699]: Saving service grafana spec with placement count:1
2024-03-23T08:14:29.233 INFO:journalctl@ceph.mon.smithi070.smithi070.stdout:Mar 23 08:14:28 smithi070 ceph-mon[39699]: from='mgr.14118 172.21.15.70:0/3947576735' entity='mgr.smithi070.jhsbch'
2024-03-23T08:14:30.811 INFO:teuthology.orchestra.run.smithi070.stdout:/usr/bin/ceph: stdout Scheduled node-exporter update...
2024-03-23T08:14:30.811 INFO:teuthology.orchestra.run.smithi070.stdout:/usr/bin/ceph: stderr
2024-03-23T08:14:29.417+0000 7fd8dfbab700 1 Processor -- start
2024-03-23T08:14:30.811 INFO:teuthology.orchestra.run.smithi070.stdout:/usr/bin/ceph: stderr
2024-03-23T08:14:29.417+0000 7fd8dfbab700 1 -- start start
2024-03-23T08:14:30.811 INFO:teuthology.orchestra.run.smithi070.stdout:/usr/bin/ceph: stderr
2024-03-23T08:14:29.417+0000 7fd8dfbab700 1 --2- >> [v2:172.21.15.70:3300/0,v1:172.21.15.70:6789/0] conn(0x7fd8d81014e0 0x7fd8d81018f0 unknown :-1 s=NONE pgs=0 cs=0 l=0 rev1=0 crypto rx=0 tx=0 comp rx=0 tx=0).connect
2024-03-23T08:14:30.811 INFO:teuthology.orchestra.run.smithi070.stdout:/usr/bin/ceph: stderr
2024-03-23T08:14:29.417+0000 7fd8dfbab700 1 -- --> [v2:172.21.15.70:3300/0,v1:172.21.15.70:6789/0] -- mon_getmap magic: 0 v1 -- 0x7fd8d8101e30 con 0x7fd8d81014e0
2024-03-23T08:14:30.811 INFO:teuthology.orchestra.run.smithi070.stdout:/usr/bin/ceph: stderr
2024-03-23T08:14:29.418+0000 7fd8dd947700 1 --2- >> [v2:172.21.15.70:3300/0,v1:172.21.15.70:6789/0] conn(0x7fd8d81014e0 0x7fd8d81018f0 unknown :-1 s=BANNER_CONNECTING pgs=0 cs=0 l=0 rev1=0 crypto rx=0 tx=0 comp rx=0 tx=0)._handle_peer_banner_payload supported=3 required=0
2024-03-23T08:14:30.812 INFO:teuthology.orchestra.run.smithi070.stdout:/usr/bin/ceph: stderr
2024-03-23T08:14:29.418+0000 7fd8dd947700 1 --2- >> [v2:172.21.15.70:3300/0,v1:172.21.15.70:6789/0] conn(0x7fd8d81014e0 0x7fd8d81018f0 unknown :-1 s=HELLO_CONNECTING pgs=0 cs=0 l=0 rev1=1 crypto rx=0 tx=0 comp rx=0 tx=0).handle_hello peer v2:172.21.15.70:3300/0 says I am v2:172.21.15.70:42472/0 (socket says 172.21.15.70:42472)
2024-03-23T08:14:30.812 INFO:teuthology.orchestra.run.smithi070.stdout:/usr/bin/ceph: stderr
2024-03-23T08:14:29.418+0000 7fd8dd947700 1 -- 172.21.15.70:0/344376257 learned_addr learned my addr 172.21.15.70:0/344376257 (peer_addr_for_me v2:172.21.15.70:0/0)
2024-03-23T08:14:30.812 INFO:teuthology.orchestra.run.smithi070.stdout:/usr/bin/ceph: stderr
2024-03-23T08:14:29.418+0000 7fd8dd947700 1 -- 172.21.15.70:0/344376257 --> [v2:172.21.15.70:3300/0,v1:172.21.15.70:6789/0] -- mon_subscribe({config=0+,monmap=0+}) v3 -- 0x7fd8d8101f70 con 0x7fd8d81014e0
2024-03-23T08:14:30.812 INFO:teuthology.orchestra.run.smithi070.stdout:/usr/bin/ceph: stderr
2024-03-23T08:14:29.418+0000 7fd8dd947700 1 --2- 172.21.15.70:0/344376257 >> [v2:172.21.15.70:3300/0,v1:172.21.15.70:6789/0] conn(0x7fd8d81014e0 0x7fd8d81018f0 secure :-1 s=READY pgs=55 cs=0 l=1 rev1=1 crypto rx=0x7fd8c80098e0 tx=0x7fd8c8009250 comp rx=0 tx=0).ready entity=mon.0 client_cookie=8b4c8d40706b3093 server_cookie=0 in_seq=0 out_seq=0
2024-03-23T08:14:30.812 INFO:teuthology.orchestra.run.smithi070.stdout:/usr/bin/ceph: stderr
2024-03-23T08:14:29.418+0000 7fd8dc945700 1 -- 172.21.15.70:0/344376257 <== mon.0 v2:172.21.15.70:3300/0 1 ==== mon_map magic: 0 v1 ==== 229+0+0 (secure 0 0 0) 0x7fd8c800b860 con 0x7fd8d81014e0
2024-03-23T08:14:30.812 INFO:teuthology.orchestra.run.smithi070.stdout:/usr/bin/ceph: stderr
2024-03-23T08:14:29.418+0000 7fd8dc945700 1 -- 172.21.15.70:0/344376257 <== mon.0 v2:172.21.15.70:3300/0 2 ==== config(26 keys) v1 ==== 1074+0+0 (secure 0 0 0) 0x7fd8c800be70 con 0x7fd8d81014e0
2024-03-23T08:14:30.812 INFO:teuthology.orchestra.run.smithi070.stdout:/usr/bin/ceph: stderr
2024-03-23T08:14:29.418+0000 7fd8dc945700 1 -- 172.21.15.70:0/344376257 <== mon.0 v2:172.21.15.70:3300/0 3 ==== mon_map magic: 0 v1 ==== 229+0+0 (secure 0 0 0) 0x7fd8c8010380 con 0x7fd8d81014e0
2024-03-23T08:14:30.812 INFO:teuthology.orchestra.run.smithi070.stdout:/usr/bin/ceph: stderr
2024-03-23T08:14:29.419+0000 7fd8dfbab700 1 -- 172.21.15.70:0/344376257 >> [v2:172.21.15.70:3300/0,v1:172.21.15.70:6789/0] conn(0x7fd8d81014e0 msgr2=0x7fd8d81018f0 secure :-1 s=STATE_CONNECTION_ESTABLISHED l=1).mark_down
2024-03-23T08:14:30.812 INFO:teuthology.orchestra.run.smithi070.stdout:/usr/bin/ceph: stderr
2024-03-23T08:14:29.419+0000 7fd8dfbab700 1 --2- 172.21.15.70:0/344376257 >> [v2:172.21.15.70:3300/0,v1:172.21.15.70:6789/0] conn(0x7fd8d81014e0 0x7fd8d81018f0 secure :-1 s=READY pgs=55 cs=0 l=1 rev1=1 crypto rx=0x7fd8c80098e0 tx=0x7fd8c8009250 comp rx=0 tx=0).stop
2024-03-23T08:14:30.812 INFO:teuthology.orchestra.run.smithi070.stdout:/usr/bin/ceph: stderr
2024-03-23T08:14:29.419+0000 7fd8dfbab700 1 -- 172.21.15.70:0/344376257 shutdown_connections
2024-03-23T08:14:30.812 INFO:teuthology.orchestra.run.smithi070.stdout:/usr/bin/ceph: stderr
2024-03-23T08:14:29.419+0000 7fd8dfbab700 1 --2- 172.21.15.70:0/344376257 >> [v2:172.21.15.70:3300/0,v1:172.21.15.70:6789/0] conn(0x7fd8d81014e0 0x7fd8d81018f0 unknown :-1 s=CLOSED pgs=55 cs=0 l=1 rev1=1 crypto rx=0 tx=0 comp rx=0 tx=0).stop
2024-03-23T08:14:30.812 INFO:teuthology.orchestra.run.smithi070.stdout:/usr/bin/ceph: stderr
2024-03-23T08:14:29.419+0000 7fd8dfbab700 1 -- 172.21.15.70:0/344376257 >> 172.21.15.70:0/344376257 conn(0x7fd8d80fcc60 msgr2=0x7fd8d80ff070 unknown :-1 s=STATE_NONE l=0).mark_down
2024-03-23T08:14:30.812 INFO:teuthology.orchestra.run.smithi070.stdout:/usr/bin/ceph: stderr
2024-03-23T08:14:29.419+0000 7fd8dfbab700 1 -- 172.21.15.70:0/344376257 shutdown_connections
2024-03-23T08:14:30.812 INFO:teuthology.orchestra.run.smithi070.stdout:/usr/bin/ceph: stderr
2024-03-23T08:14:29.419+0000 7fd8dfbab700 1 -- 172.21.15.70:0/344376257 wait complete.
2024-03-23T08:14:30.812 INFO:teuthology.orchestra.run.smithi070.stdout:/usr/bin/ceph: stderr
2024-03-23T08:14:29.419+0000 7fd8dfbab700 1 Processor -- start
2024-03-23T08:14:30.812 INFO:teuthology.orchestra.run.smithi070.stdout:/usr/bin/ceph: stderr
2024-03-23T08:14:29.419+0000 7fd8dfbab700 1 -- start start
2024-03-23T08:14:30.813 INFO:teuthology.orchestra.run.smithi070.stdout:/usr/bin/ceph: stderr
2024-03-23T08:14:29.419+0000 7fd8dfbab700 1 --2- >> [v2:172.21.15.70:3300/0,v1:172.21.15.70:6789/0] conn(0x7fd8d81014e0 0x7fd8d8076b90 unknown :-1 s=NONE pgs=0 cs=0 l=1 rev1=0 crypto rx=0 tx=0 comp rx=0 tx=0).connect
2024-03-23T08:14:30.813 INFO:teuthology.orchestra.run.smithi070.stdout:/usr/bin/ceph: stderr
2024-03-23T08:14:29.419+0000 7fd8dfbab700 1 -- --> [v2:172.21.15.70:3300/0,v1:172.21.15.70:6789/0] -- mon_getmap magic: 0 v1 -- 0x7fd8d8114080 con 0x7fd8d81014e0
2024-03-23T08:14:30.813 INFO:teuthology.orchestra.run.smithi070.stdout:/usr/bin/ceph: stderr
2024-03-23T08:14:29.419+0000 7fd8dd947700 1 --2- >> [v2:172.21.15.70:3300/0,v1:172.21.15.70:6789/0] conn(0x7fd8d81014e0 0x7fd8d8076b90 unknown :-1 s=BANNER_CONNECTING pgs=0 cs=0 l=1 rev1=0 crypto rx=0 tx=0 comp rx=0 tx=0)._handle_peer_banner_payload supported=3 required=0
2024-03-23T08:14:30.813 INFO:teuthology.orchestra.run.smithi070.stdout:/usr/bin/ceph: stderr
2024-03-23T08:14:29.419+0000 7fd8dd947700 1 --2- >> [v2:172.21.15.70:3300/0,v1:172.21.15.70:6789/0] conn(0x7fd8d81014e0 0x7fd8d8076b90 unknown :-1 s=HELLO_CONNECTING pgs=0 cs=0 l=1 rev1=1 crypto rx=0 tx=0 comp rx=0 tx=0).handle_hello peer v2:172.21.15.70:3300/0 says I am v2:172.21.15.70:42478/0 (socket says 172.21.15.70:42478)
2024-03-23T08:14:30.813 INFO:teuthology.orchestra.run.smithi070.stdout:/usr/bin/ceph: stderr
2024-03-23T08:14:29.420+0000 7fd8dd947700 1 -- 172.21.15.70:0/1774587435 learned_addr learned my addr 172.21.15.70:0/1774587435 (peer_addr_for_me v2:172.21.15.70:0/0)
2024-03-23T08:14:30.813 INFO:teuthology.orchestra.run.smithi070.stdout:/usr/bin/ceph: stderr
2024-03-23T08:14:29.420+0000 7fd8dd947700 1 -- 172.21.15.70:0/1774587435 --> [v2:172.21.15.70:3300/0,v1:172.21.15.70:6789/0] -- mon_subscribe({config=0+,monmap=0+}) v3 -- 0x7fd8c80094f0 con 0x7fd8d81014e0
2024-03-23T08:14:30.813 INFO:teuthology.orchestra.run.smithi070.stdout:/usr/bin/ceph: stderr
2024-03-23T08:14:29.420+0000 7fd8dd947700 1 --2- 172.21.15.70:0/1774587435 >> [v2:172.21.15.70:3300/0,v1:172.21.15.70:6789/0] conn(0x7fd8d81014e0 0x7fd8d8076b90 secure :-1 s=READY pgs=56 cs=0 l=1 rev1=1 crypto rx=0x7fd8c8011ca0 tx=0x7fd8c8009250 comp rx=0 tx=0).ready entity=mon.0 client_cookie=0 server_cookie=0 in_seq=0 out_seq=0
2024-03-23T08:14:30.813 INFO:teuthology.orchestra.run.smithi070.stdout:/usr/bin/ceph: stderr
2024-03-23T08:14:29.420+0000 7fd8ce7fc700 1 -- 172.21.15.70:0/1774587435 <== mon.0 v2:172.21.15.70:3300/0 1 ==== mon_map magic: 0 v1 ==== 229+0+0 (secure 0 0 0) 0x7fd8c8010850 con 0x7fd8d81014e0
2024-03-23T08:14:30.813 INFO:teuthology.orchestra.run.smithi070.stdout:/usr/bin/ceph: stderr
2024-03-23T08:14:29.420+0000 7fd8ce7fc700 1 -- 172.21.15.70:0/1774587435 <== mon.0 v2:172.21.15.70:3300/0 2 ==== config(26 keys) v1 ==== 1074+0+0 (secure 0 0 0) 0x7fd8c8010e60 con 0x7fd8d81014e0
2024-03-23T08:14:30.813 INFO:teuthology.orchestra.run.smithi070.stdout:/usr/bin/ceph: stderr
2024-03-23T08:14:29.420+0000 7fd8dfbab700 1 -- 172.21.15.70:0/1774587435 --> [v2:172.21.15.70:3300/0,v1:172.21.15.70:6789/0] -- mon_subscribe({mgrmap=0+}) v3 -- 0x7fd8d81141c0 con 0x7fd8d81014e0
2024-03-23T08:14:30.813 INFO:teuthology.orchestra.run.smithi070.stdout:/usr/bin/ceph: stderr
2024-03-23T08:14:29.420+0000 7fd8ce7fc700 1 -- 172.21.15.70:0/1774587435 <== mon.0 v2:172.21.15.70:3300/0 3 ==== mon_map magic: 0 v1 ==== 229+0+0 (secure 0 0 0) 0x7fd8c801ae20 con 0x7fd8d81014e0
2024-03-23T08:14:30.813 INFO:teuthology.orchestra.run.smithi070.stdout:/usr/bin/ceph: stderr
2024-03-23T08:14:29.420+0000 7fd8dfbab700 1 -- 172.21.15.70:0/1774587435 --> [v2:172.21.15.70:3300/0,v1:172.21.15.70:6789/0] -- mon_subscribe({osdmap=0}) v3 -- 0x7fd8d81146b0 con 0x7fd8d81014e0
2024-03-23T08:14:30.813 INFO:teuthology.orchestra.run.smithi070.stdout:/usr/bin/ceph: stderr
2024-03-23T08:14:29.421+0000 7fd8ce7fc700 1 -- 172.21.15.70:0/1774587435 <== mon.0 v2:172.21.15.70:3300/0 4 ==== mgrmap(e 8) v1 ==== 43368+0+0 (secure 0 0 0) 0x7fd8c802d3f0 con 0x7fd8d81014e0
2024-03-23T08:14:30.813 INFO:teuthology.orchestra.run.smithi070.stdout:/usr/bin/ceph: stderr
2024-03-23T08:14:29.421+0000 7fd8ce7fc700 1 --2- 172.21.15.70:0/1774587435 >> [v2:172.21.15.70:6800/2149030412,v1:172.21.15.70:6801/2149030412] conn(0x7fd8c40367e0 0x7fd8c4038c90 unknown :-1 s=NONE pgs=0 cs=0 l=1 rev1=0 crypto rx=0 tx=0 comp rx=0 tx=0).connect
2024-03-23T08:14:30.814 INFO:journalctl@ceph.mon.smithi070.smithi070.stdout:Mar 23 08:14:30 smithi070 ceph-mon[39699]: from='client.14150 -' entity='client.admin' cmd=[{"prefix": "orch apply", "service_type": "node-exporter", "target": ["mon-mgr", ""]}]: dispatch
2024-03-23T08:14:30.814 INFO:journalctl@ceph.mon.smithi070.smithi070.stdout:Mar 23 08:14:30 smithi070 ceph-mon[39699]: Saving service node-exporter spec with placement *
2024-03-23T08:14:30.814 INFO:journalctl@ceph.mon.smithi070.smithi070.stdout:Mar 23 08:14:30 smithi070 ceph-mon[39699]: from='mgr.14118 172.21.15.70:0/3947576735' entity='mgr.smithi070.jhsbch'
2024-03-23T08:14:30.814 INFO:journalctl@ceph.mon.smithi070.smithi070.stdout:Mar 23 08:14:30 smithi070 ceph-mon[39699]: pgmap v3: 0 pgs: ; 0 B data, 0 B used, 0 B / 0 B avail
2024-03-23T08:14:30.815 INFO:teuthology.orchestra.run.smithi070.stdout:/usr/bin/ceph: stderr
2024-03-23T08:14:29.421+0000 7fd8dfbab700 1 -- 172.21.15.70:0/1774587435 --> [v2:172.21.15.70:3300/0,v1:172.21.15.70:6789/0] -- mon_command({"prefix": "get_command_descriptions"} v 0) v1 -- 0x7fd8d804bed0 con 0x7fd8d81014e0
2024-03-23T08:14:30.815 INFO:teuthology.orchestra.run.smithi070.stdout:/usr/bin/ceph: stderr
2024-03-23T08:14:29.421+0000 7fd8ce7fc700 1 -- 172.21.15.70:0/1774587435 <== mon.0 v2:172.21.15.70:3300/0 5 ==== osd_map(2..2 src has 1..2) v4 ==== 936+0+0 (secure 0 0 0) 0x7fd8c804a570 con 0x7fd8d81014e0
2024-03-23T08:14:30.815 INFO:teuthology.orchestra.run.smithi070.stdout:/usr/bin/ceph: stderr
2024-03-23T08:14:29.421+0000 7fd8dd146700 1 --2- 172.21.15.70:0/1774587435 >> [v2:172.21.15.70:6800/2149030412,v1:172.21.15.70:6801/2149030412] conn(0x7fd8c40367e0 0x7fd8c4038c90 unknown :-1 s=BANNER_CONNECTING pgs=0 cs=0 l=1 rev1=0 crypto rx=0 tx=0 comp rx=0 tx=0)._handle_peer_banner_payload supported=3 required=0
2024-03-23T08:14:30.815 INFO:teuthology.orchestra.run.smithi070.stdout:/usr/bin/ceph: stderr
2024-03-23T08:14:29.421+0000 7fd8dd146700 1 --2- 172.21.15.70:0/1774587435 >> [v2:172.21.15.70:6800/2149030412,v1:172.21.15.70:6801/2149030412] conn(0x7fd8c40367e0 0x7fd8c4038c90 secure :-1 s=READY pgs=17 cs=0 l=1 rev1=1 crypto rx=0x7fd8d4009990 tx=0x7fd8d4006e40 comp rx=0 tx=0).ready entity=mgr.14118 client_cookie=0 server_cookie=0 in_seq=0 out_seq=0
2024-03-23T08:14:30.815 INFO:teuthology.orchestra.run.smithi070.stdout:/usr/bin/ceph: stderr
2024-03-23T08:14:29.426+0000 7fd8ce7fc700 1 -- 172.21.15.70:0/1774587435 <== mon.0 v2:172.21.15.70:3300/0 6 ==== mon_command_ack([{"prefix": "get_command_descriptions"}]=0 v0) v1 ==== 72+0+176504 (secure 0 0 0) 0x7fd8c802b8e0 con 0x7fd8d81014e0
2024-03-23T08:14:30.815 INFO:teuthology.orchestra.run.smithi070.stdout:/usr/bin/ceph: stderr
2024-03-23T08:14:29.627+0000 7fd8dfbab700 1 -- 172.21.15.70:0/1774587435 --> [v2:172.21.15.70:6800/2149030412,v1:172.21.15.70:6801/2149030412] -- mgr_command(tid 0: {"prefix": "orch apply", "service_type": "node-exporter", "target": ["mon-mgr", ""]}) v1 -- 0x7fd8d81148f0 con 0x7fd8c40367e0
2024-03-23T08:14:30.815 INFO:teuthology.orchestra.run.smithi070.stdout:/usr/bin/ceph: stderr
2024-03-23T08:14:29.631+0000 7fd8ce7fc700 1 -- 172.21.15.70:0/1774587435 <== mgr.14118 v2:172.21.15.70:6800/2149030412 1 ==== mgr_command_reply(tid 0: 0 ) v1 ==== 8+0+34 (secure 0 0 0) 0x7fd8d81148f0 con 0x7fd8c40367e0
2024-03-23T08:14:30.815 INFO:teuthology.orchestra.run.smithi070.stdout:/usr/bin/ceph: stderr
2024-03-23T08:14:29.633+0000 7fd8dfbab700 1 -- 172.21.15.70:0/1774587435 >> [v2:172.21.15.70:6800/2149030412,v1:172.21.15.70:6801/2149030412] conn(0x7fd8c40367e0 msgr2=0x7fd8c4038c90 secure :-1 s=STATE_CONNECTION_ESTABLISHED l=1).mark_down
2024-03-23T08:14:30.815 INFO:teuthology.orchestra.run.smithi070.stdout:/usr/bin/ceph: stderr
2024-03-23T08:14:29.633+0000 7fd8dfbab700 1 --2- 172.21.15.70:0/1774587435 >> [v2:172.21.15.70:6800/2149030412,v1:172.21.15.70:6801/2149030412] conn(0x7fd8c40367e0 0x7fd8c4038c90 secure :-1 s=READY pgs=17 cs=0 l=1 rev1=1 crypto rx=0x7fd8d4009990 tx=0x7fd8d4006e40 comp rx=0 tx=0).stop
2024-03-23T08:14:30.816 INFO:teuthology.orchestra.run.smithi070.stdout:/usr/bin/ceph: stderr
2024-03-23T08:14:29.633+0000 7fd8dfbab700 1 -- 172.21.15.70:0/1774587435 >> [v2:172.21.15.70:3300/0,v1:172.21.15.70:6789/0] conn(0x7fd8d81014e0 msgr2=0x7fd8d8076b90 secure :-1 s=STATE_CONNECTION_ESTABLISHED l=1).mark_down
2024-03-23T08:14:30.816 INFO:teuthology.orchestra.run.smithi070.stdout:/usr/bin/ceph: stderr
2024-03-23T08:14:29.633+0000 7fd8dfbab700 1 --2- 172.21.15.70:0/1774587435 >> [v2:172.21.15.70:3300/0,v1:172.21.15.70:6789/0] conn(0x7fd8d81014e0 0x7fd8d8076b90 secure :-1 s=READY pgs=56 cs=0 l=1 rev1=1 crypto rx=0x7fd8c8011ca0 tx=0x7fd8c8009250 comp rx=0 tx=0).stop
2024-03-23T08:14:30.816 INFO:teuthology.orchestra.run.smithi070.stdout:/usr/bin/ceph: stderr
2024-03-23T08:14:29.633+0000 7fd8dfbab700 1 -- 172.21.15.70:0/1774587435 shutdown_connections
2024-03-23T08:14:30.816 INFO:teuthology.orchestra.run.smithi070.stdout:/usr/bin/ceph: stderr
2024-03-23T08:14:29.633+0000 7fd8dfbab700 1 --2- 172.21.15.70:0/1774587435 >> [v2:172.21.15.70:6800/2149030412,v1:172.21.15.70:6801/2149030412] conn(0x7fd8c40367e0 0x7fd8c4038c90 unknown :-1 s=CLOSED pgs=17 cs=0 l=1 rev1=1 crypto rx=0 tx=0 comp rx=0 tx=0).stop
2024-03-23T08:14:30.816 INFO:teuthology.orchestra.run.smithi070.stdout:/usr/bin/ceph: stderr
2024-03-23T08:14:29.633+0000 7fd8dfbab700 1 --2- 172.21.15.70:0/1774587435 >> [v2:172.21.15.70:3300/0,v1:172.21.15.70:6789/0] conn(0x7fd8d81014e0 0x7fd8d8076b90 unknown :-1 s=CLOSED pgs=56 cs=0 l=1 rev1=1 crypto rx=0 tx=0 comp rx=0 tx=0).stop
2024-03-23T08:14:30.816 INFO:teuthology.orchestra.run.smithi070.stdout:/usr/bin/ceph: stderr
2024-03-23T08:14:29.633+0000 7fd8dfbab700 1 -- 172.21.15.70:0/1774587435 >> 172.21.15.70:0/1774587435 conn(0x7fd8d80fcc60 msgr2=0x7fd8d80fd740 unknown :-1 s=STATE_NONE l=0).mark_down
2024-03-23T08:14:30.816 INFO:teuthology.orchestra.run.smithi070.stdout:/usr/bin/ceph: stderr
2024-03-23T08:14:29.633+0000 7fd8dfbab700 1 -- 172.21.15.70:0/1774587435 shutdown_connections
2024-03-23T08:14:30.816 INFO:teuthology.orchestra.run.smithi070.stdout:/usr/bin/ceph: stderr
2024-03-23T08:14:29.633+0000 7fd8dfbab700 1 -- 172.21.15.70:0/1774587435 wait complete.
2024-03-23T08:14:30.816 INFO:teuthology.orchestra.run.smithi070.stdout:Deploying alertmanager service with default placement...
2024-03-23T08:14:32.210 INFO:teuthology.orchestra.run.smithi070.stdout:/usr/bin/ceph: stdout Scheduled alertmanager update...
2024-03-23T08:14:32.210 INFO:teuthology.orchestra.run.smithi070.stdout:/usr/bin/ceph: stderr
2024-03-23T08:14:31.357+0000 7f931fac6700 1 Processor -- start
2024-03-23T08:14:32.210 INFO:teuthology.orchestra.run.smithi070.stdout:/usr/bin/ceph: stderr
2024-03-23T08:14:31.357+0000 7f931fac6700 1 -- start start
2024-03-23T08:14:32.210 INFO:teuthology.orchestra.run.smithi070.stdout:/usr/bin/ceph: stderr
2024-03-23T08:14:31.357+0000 7f931fac6700 1 --2- >> [v2:172.21.15.70:3300/0,v1:172.21.15.70:6789/0] conn(0x7f93181014e0 0x7f93181018f0 unknown :-1 s=NONE pgs=0 cs=0 l=0 rev1=0 crypto rx=0 tx=0 comp rx=0 tx=0).connect
2024-03-23T08:14:32.210 INFO:teuthology.orchestra.run.smithi070.stdout:/usr/bin/ceph: stderr
2024-03-23T08:14:31.357+0000 7f931fac6700 1 -- --> [v2:172.21.15.70:3300/0,v1:172.21.15.70:6789/0] -- mon_getmap magic: 0 v1 -- 0x7f9318101e30 con 0x7f93181014e0
2024-03-23T08:14:32.211 INFO:teuthology.orchestra.run.smithi070.stdout:/usr/bin/ceph: stderr
2024-03-23T08:14:31.357+0000 7f931d862700 1 --2- >> [v2:172.21.15.70:3300/0,v1:172.21.15.70:6789/0] conn(0x7f93181014e0 0x7f93181018f0 unknown :-1 s=BANNER_CONNECTING pgs=0 cs=0 l=0 rev1=0 crypto rx=0 tx=0 comp rx=0 tx=0)._handle_peer_banner_payload supported=3 required=0
2024-03-23T08:14:32.211 INFO:teuthology.orchestra.run.smithi070.stdout:/usr/bin/ceph: stderr
2024-03-23T08:14:31.357+0000 7f931d862700 1 --2- >> [v2:172.21.15.70:3300/0,v1:172.21.15.70:6789/0] conn(0x7f93181014e0 0x7f93181018f0 unknown :-1 s=HELLO_CONNECTING pgs=0 cs=0 l=0 rev1=1 crypto rx=0 tx=0 comp rx=0 tx=0).handle_hello peer v2:172.21.15.70:3300/0 says I am v2:172.21.15.70:42486/0 (socket says 172.21.15.70:42486)
2024-03-23T08:14:32.211 INFO:teuthology.orchestra.run.smithi070.stdout:/usr/bin/ceph: stderr
2024-03-23T08:14:31.357+0000 7f931d862700 1 -- 172.21.15.70:0/882713366 learned_addr learned my addr 172.21.15.70:0/882713366 (peer_addr_for_me v2:172.21.15.70:0/0)
2024-03-23T08:14:32.211 INFO:teuthology.orchestra.run.smithi070.stdout:/usr/bin/ceph: stderr
2024-03-23T08:14:31.357+0000 7f931d862700 1 -- 172.21.15.70:0/882713366 --> [v2:172.21.15.70:3300/0,v1:172.21.15.70:6789/0] -- mon_subscribe({config=0+,monmap=0+}) v3 -- 0x7f9318101f70 con 0x7f93181014e0
2024-03-23T08:14:32.211 INFO:teuthology.orchestra.run.smithi070.stdout:/usr/bin/ceph: stderr
2024-03-23T08:14:31.358+0000 7f931d862700 1 --2- 172.21.15.70:0/882713366 >> [v2:172.21.15.70:3300/0,v1:172.21.15.70:6789/0] conn(0x7f93181014e0 0x7f93181018f0 secure :-1 s=READY pgs=57 cs=0 l=1 rev1=1 crypto rx=0x7f93140098e0 tx=0x7f9314009250 comp rx=0 tx=0).ready entity=mon.0 client_cookie=8a2910d6737efac4 server_cookie=0 in_seq=0 out_seq=0
2024-03-23T08:14:32.211 INFO:teuthology.orchestra.run.smithi070.stdout:/usr/bin/ceph: stderr
2024-03-23T08:14:31.358+0000 7f931c860700 1 -- 172.21.15.70:0/882713366 <== mon.0 v2:172.21.15.70:3300/0 1 ==== mon_map magic: 0 v1 ==== 229+0+0 (secure 0 0 0) 0x7f931400b860 con 0x7f93181014e0
2024-03-23T08:14:32.211 INFO:teuthology.orchestra.run.smithi070.stdout:/usr/bin/ceph: stderr
2024-03-23T08:14:31.358+0000 7f931c860700 1 -- 172.21.15.70:0/882713366 <== mon.0 v2:172.21.15.70:3300/0 2 ==== config(26 keys) v1 ==== 1074+0+0 (secure 0 0 0) 0x7f931400be70 con 0x7f93181014e0
2024-03-23T08:14:32.211 INFO:teuthology.orchestra.run.smithi070.stdout:/usr/bin/ceph: stderr
2024-03-23T08:14:31.358+0000 7f931c860700 1 -- 172.21.15.70:0/882713366 <== mon.0 v2:172.21.15.70:3300/0 3 ==== mon_map magic: 0 v1 ==== 229+0+0 (secure 0 0 0) 0x7f9314010380 con 0x7f93181014e0
2024-03-23T08:14:32.211 INFO:teuthology.orchestra.run.smithi070.stdout:/usr/bin/ceph: stderr
2024-03-23T08:14:31.358+0000 7f931fac6700 1 -- 172.21.15.70:0/882713366 >> [v2:172.21.15.70:3300/0,v1:172.21.15.70:6789/0] conn(0x7f93181014e0 msgr2=0x7f93181018f0 secure :-1 s=STATE_CONNECTION_ESTABLISHED l=1).mark_down
2024-03-23T08:14:32.211 INFO:teuthology.orchestra.run.smithi070.stdout:/usr/bin/ceph: stderr
2024-03-23T08:14:31.358+0000 7f931fac6700 1 --2- 172.21.15.70:0/882713366 >> [v2:172.21.15.70:3300/0,v1:172.21.15.70:6789/0] conn(0x7f93181014e0 0x7f93181018f0 secure :-1 s=READY pgs=57 cs=0 l=1 rev1=1 crypto rx=0x7f93140098e0 tx=0x7f9314009250 comp rx=0 tx=0).stop
2024-03-23T08:14:32.211 INFO:teuthology.orchestra.run.smithi070.stdout:/usr/bin/ceph: stderr
2024-03-23T08:14:31.358+0000 7f931fac6700 1 -- 172.21.15.70:0/882713366 shutdown_connections
2024-03-23T08:14:32.211 INFO:teuthology.orchestra.run.smithi070.stdout:/usr/bin/ceph: stderr
2024-03-23T08:14:31.358+0000 7f931fac6700 1 --2- 172.21.15.70:0/882713366 >> [v2:172.21.15.70:3300/0,v1:172.21.15.70:6789/0] conn(0x7f93181014e0 0x7f93181018f0 unknown :-1 s=CLOSED pgs=57 cs=0 l=1 rev1=1 crypto rx=0 tx=0 comp rx=0 tx=0).stop
2024-03-23T08:14:32.211 INFO:teuthology.orchestra.run.smithi070.stdout:/usr/bin/ceph: stderr
2024-03-23T08:14:31.358+0000 7f931fac6700 1 -- 172.21.15.70:0/882713366 >> 172.21.15.70:0/882713366 conn(0x7f93180fcc60 msgr2=0x7f93180ff070 unknown :-1 s=STATE_NONE l=0).mark_down
2024-03-23T08:14:32.211 INFO:teuthology.orchestra.run.smithi070.stdout:/usr/bin/ceph: stderr
2024-03-23T08:14:31.358+0000 7f931fac6700 1 -- 172.21.15.70:0/882713366 shutdown_connections
2024-03-23T08:14:32.211 INFO:teuthology.orchestra.run.smithi070.stdout:/usr/bin/ceph: stderr
2024-03-23T08:14:31.358+0000 7f931fac6700 1 -- 172.21.15.70:0/882713366 wait complete.
2024-03-23T08:14:32.211 INFO:teuthology.orchestra.run.smithi070.stdout:/usr/bin/ceph: stderr
2024-03-23T08:14:31.359+0000 7f931fac6700 1 Processor -- start
2024-03-23T08:14:32.212 INFO:teuthology.orchestra.run.smithi070.stdout:/usr/bin/ceph: stderr
2024-03-23T08:14:31.359+0000 7f931fac6700 1 -- start start
2024-03-23T08:14:32.212 INFO:teuthology.orchestra.run.smithi070.stdout:/usr/bin/ceph: stderr
2024-03-23T08:14:31.359+0000 7f931fac6700 1 --2- >> [v2:172.21.15.70:3300/0,v1:172.21.15.70:6789/0] conn(0x7f93181014e0 0x7f9318107740 unknown :-1 s=NONE pgs=0 cs=0 l=1 rev1=0 crypto rx=0 tx=0 comp rx=0 tx=0).connect
2024-03-23T08:14:32.212 INFO:teuthology.orchestra.run.smithi070.stdout:/usr/bin/ceph: stderr
2024-03-23T08:14:31.359+0000 7f931fac6700 1 -- --> [v2:172.21.15.70:3300/0,v1:172.21.15.70:6789/0] -- mon_getmap magic: 0 v1 -- 0x7f9318107c80 con 0x7f93181014e0
2024-03-23T08:14:32.212 INFO:teuthology.orchestra.run.smithi070.stdout:/usr/bin/ceph: stderr
2024-03-23T08:14:31.359+0000 7f931d862700 1 --2- >> [v2:172.21.15.70:3300/0,v1:172.21.15.70:6789/0] conn(0x7f93181014e0 0x7f9318107740 unknown :-1 s=BANNER_CONNECTING pgs=0 cs=0 l=1 rev1=0 crypto rx=0 tx=0 comp rx=0 tx=0)._handle_peer_banner_payload supported=3 required=0
2024-03-23T08:14:32.212 INFO:teuthology.orchestra.run.smithi070.stdout:/usr/bin/ceph: stderr
2024-03-23T08:14:31.359+0000 7f931d862700 1 --2- >> [v2:172.21.15.70:3300/0,v1:172.21.15.70:6789/0] conn(0x7f93181014e0 0x7f9318107740 unknown :-1 s=HELLO_CONNECTING pgs=0 cs=0 l=1 rev1=1 crypto rx=0 tx=0 comp rx=0 tx=0).handle_hello peer v2:172.21.15.70:3300/0 says I am v2:172.21.15.70:42494/0 (socket says 172.21.15.70:42494)
2024-03-23T08:14:32.212 INFO:teuthology.orchestra.run.smithi070.stdout:/usr/bin/ceph: stderr
2024-03-23T08:14:31.359+0000 7f931d862700 1 -- 172.21.15.70:0/3364434647 learned_addr learned my addr 172.21.15.70:0/3364434647 (peer_addr_for_me v2:172.21.15.70:0/0)
2024-03-23T08:14:32.212 INFO:teuthology.orchestra.run.smithi070.stdout:/usr/bin/ceph: stderr
2024-03-23T08:14:31.359+0000 7f931d862700 1 -- 172.21.15.70:0/3364434647 --> [v2:172.21.15.70:3300/0,v1:172.21.15.70:6789/0] -- mon_subscribe({config=0+,monmap=0+}) v3 -- 0x7f93140094f0 con 0x7f93181014e0
2024-03-23T08:14:32.212 INFO:teuthology.orchestra.run.smithi070.stdout:/usr/bin/ceph: stderr
2024-03-23T08:14:31.360+0000 7f931d862700 1 --2- 172.21.15.70:0/3364434647 >> [v2:172.21.15.70:3300/0,v1:172.21.15.70:6789/0] conn(0x7f93181014e0 0x7f9318107740 secure :-1 s=READY pgs=58 cs=0 l=1 rev1=1 crypto rx=0x7f931400c010 tx=0x7f9314009250 comp rx=0 tx=0).ready entity=mon.0 client_cookie=0 server_cookie=0 in_seq=0 out_seq=0
2024-03-23T08:14:32.212 INFO:teuthology.orchestra.run.smithi070.stdout:/usr/bin/ceph: stderr
2024-03-23T08:14:31.360+0000 7f930e7fc700 1 -- 172.21.15.70:0/3364434647 <== mon.0 v2:172.21.15.70:3300/0 1 ==== mon_map magic: 0 v1 ==== 229+0+0 (secure 0 0 0) 0x7f9314010960 con 0x7f93181014e0
2024-03-23T08:14:32.212 INFO:teuthology.orchestra.run.smithi070.stdout:/usr/bin/ceph: stderr
2024-03-23T08:14:31.360+0000 7f930e7fc700 1 -- 172.21.15.70:0/3364434647 <== mon.0 v2:172.21.15.70:3300/0 2 ==== config(26 keys) v1 ==== 1074+0+0 (secure 0 0 0) 0x7f931401a430 con 0x7f93181014e0
2024-03-23T08:14:32.212 INFO:teuthology.orchestra.run.smithi070.stdout:/usr/bin/ceph: stderr
2024-03-23T08:14:31.360+0000 7f930e7fc700 1 -- 172.21.15.70:0/3364434647 <== mon.0 v2:172.21.15.70:3300/0 3 ==== mon_map magic: 0 v1 ==== 229+0+0 (secure 0 0 0) 0x7f9314019580 con 0x7f93181014e0
2024-03-23T08:14:32.212 INFO:teuthology.orchestra.run.smithi070.stdout:/usr/bin/ceph: stderr
2024-03-23T08:14:31.360+0000 7f931fac6700 1 -- 172.21.15.70:0/3364434647 --> [v2:172.21.15.70:3300/0,v1:172.21.15.70:6789/0] -- mon_subscribe({mgrmap=0+}) v3 -- 0x7f9318105cf0 con 0x7f93181014e0
2024-03-23T08:14:32.212 INFO:teuthology.orchestra.run.smithi070.stdout:/usr/bin/ceph: stderr
2024-03-23T08:14:31.360+0000 7f931fac6700 1 -- 172.21.15.70:0/3364434647 --> [v2:172.21.15.70:3300/0,v1:172.21.15.70:6789/0] -- mon_subscribe({osdmap=0}) v3 -- 0x7f93181061e0 con 0x7f93181014e0
2024-03-23T08:14:32.212 INFO:teuthology.orchestra.run.smithi070.stdout:/usr/bin/ceph: stderr
2024-03-23T08:14:31.361+0000 7f930e7fc700 1 -- 172.21.15.70:0/3364434647 <== mon.0 v2:172.21.15.70:3300/0 4 ==== mgrmap(e 8) v1 ==== 43368+0+0 (secure 0 0 0) 0x7f93140197b0 con 0x7f93181014e0
2024-03-23T08:14:32.212 INFO:teuthology.orchestra.run.smithi070.stdout:/usr/bin/ceph: stderr
2024-03-23T08:14:31.361+0000 7f931fac6700 1 -- 172.21.15.70:0/3364434647 --> [v2:172.21.15.70:3300/0,v1:172.21.15.70:6789/0] -- mon_command({"prefix": "get_command_descriptions"} v 0) v1 -- 0x7f931804bed0 con 0x7f93181014e0
2024-03-23T08:14:32.213 INFO:teuthology.orchestra.run.smithi070.stdout:/usr/bin/ceph: stderr
2024-03-23T08:14:31.361+0000 7f930e7fc700 1 --2- 172.21.15.70:0/3364434647 >> [v2:172.21.15.70:6800/2149030412,v1:172.21.15.70:6801/2149030412] conn(0x7f93040367e0 0x7f9304038c90 unknown :-1 s=NONE pgs=0 cs=0 l=1 rev1=0 crypto rx=0 tx=0 comp rx=0 tx=0).connect
2024-03-23T08:14:32.213 INFO:teuthology.orchestra.run.smithi070.stdout:/usr/bin/ceph: stderr
2024-03-23T08:14:31.361+0000 7f930e7fc700 1 -- 172.21.15.70:0/3364434647 <== mon.0 v2:172.21.15.70:3300/0 5 ==== osd_map(2..2 src has 1..2) v4 ==== 936+0+0 (secure 0 0 0) 0x7f931404a660 con 0x7f93181014e0
2024-03-23T08:14:32.213 INFO:teuthology.orchestra.run.smithi070.stdout:/usr/bin/ceph: stderr
2024-03-23T08:14:31.361+0000 7f931d061700 1 --2- 172.21.15.70:0/3364434647 >> [v2:172.21.15.70:6800/2149030412,v1:172.21.15.70:6801/2149030412] conn(0x7f93040367e0 0x7f9304038c90 unknown :-1 s=BANNER_CONNECTING pgs=0 cs=0 l=1 rev1=0 crypto rx=0 tx=0 comp rx=0 tx=0)._handle_peer_banner_payload supported=3 required=0
2024-03-23T08:14:32.213 INFO:teuthology.orchestra.run.smithi070.stdout:/usr/bin/ceph: stderr
2024-03-23T08:14:31.361+0000 7f931d061700 1 --2- 172.21.15.70:0/3364434647 >> [v2:172.21.15.70:6800/2149030412,v1:172.21.15.70:6801/2149030412] conn(0x7f93040367e0 0x7f9304038c90 secure :-1 s=READY pgs=18 cs=0 l=1 rev1=1 crypto rx=0x7f9308009990 tx=0x7f9308006e40 comp rx=0 tx=0).ready entity=mgr.14118 client_cookie=0 server_cookie=0 in_seq=0 out_seq=0
2024-03-23T08:14:32.213 INFO:teuthology.orchestra.run.smithi070.stdout:/usr/bin/ceph: stderr
2024-03-23T08:14:31.365+0000 7f930e7fc700 1 -- 172.21.15.70:0/3364434647 <== mon.0 v2:172.21.15.70:3300/0 6 ==== mon_command_ack([{"prefix": "get_command_descriptions"}]=0 v0) v1 ==== 72+0+176504 (secure 0 0 0) 0x7f931402bb80 con 0x7f93181014e0
2024-03-23T08:14:32.213 INFO:teuthology.orchestra.run.smithi070.stdout:/usr/bin/ceph: stderr
2024-03-23T08:14:31.559+0000 7f931fac6700 1 -- 172.21.15.70:0/3364434647 --> [v2:172.21.15.70:6800/2149030412,v1:172.21.15.70:6801/2149030412] -- mgr_command(tid 0: {"prefix": "orch apply", "service_type": "alertmanager", "target": ["mon-mgr", ""]}) v1 -- 0x7f931810b3c0 con 0x7f93040367e0
2024-03-23T08:14:32.213 INFO:teuthology.orchestra.run.smithi070.stdout:/usr/bin/ceph: stderr
2024-03-23T08:14:31.563+0000 7f930e7fc700 1 -- 172.21.15.70:0/3364434647 <== mgr.14118 v2:172.21.15.70:6800/2149030412 1 ==== mgr_command_reply(tid 0: 0 ) v1 ==== 8+0+33 (secure 0 0 0) 0x7f931810b3c0 con 0x7f93040367e0
2024-03-23T08:14:32.213 INFO:teuthology.orchestra.run.smithi070.stdout:/usr/bin/ceph: stderr
2024-03-23T08:14:31.565+0000 7f931fac6700 1 -- 172.21.15.70:0/3364434647 >> [v2:172.21.15.70:6800/2149030412,v1:172.21.15.70:6801/2149030412] conn(0x7f93040367e0 msgr2=0x7f9304038c90 secure :-1 s=STATE_CONNECTION_ESTABLISHED l=1).mark_down
2024-03-23T08:14:32.213 INFO:teuthology.orchestra.run.smithi070.stdout:/usr/bin/ceph: stderr
2024-03-23T08:14:31.565+0000 7f931fac6700 1 --2- 172.21.15.70:0/3364434647 >> [v2:172.21.15.70:6800/2149030412,v1:172.21.15.70:6801/2149030412] conn(0x7f93040367e0 0x7f9304038c90 secure :-1 s=READY pgs=18 cs=0 l=1 rev1=1 crypto rx=0x7f9308009990 tx=0x7f9308006e40 comp rx=0 tx=0).stop
2024-03-23T08:14:32.213 INFO:teuthology.orchestra.run.smithi070.stdout:/usr/bin/ceph: stderr
2024-03-23T08:14:31.565+0000 7f931fac6700 1 -- 172.21.15.70:0/3364434647 >> [v2:172.21.15.70:3300/0,v1:172.21.15.70:6789/0] conn(0x7f93181014e0 msgr2=0x7f9318107740 secure :-1 s=STATE_CONNECTION_ESTABLISHED l=1).mark_down
2024-03-23T08:14:32.213 INFO:teuthology.orchestra.run.smithi070.stdout:/usr/bin/ceph: stderr
2024-03-23T08:14:31.565+0000 7f931fac6700 1 --2- 172.21.15.70:0/3364434647 >> [v2:172.21.15.70:3300/0,v1:172.21.15.70:6789/0] conn(0x7f93181014e0 0x7f9318107740 secure :-1 s=READY pgs=58 cs=0 l=1 rev1=1 crypto rx=0x7f931400c010 tx=0x7f9314009250 comp rx=0 tx=0).stop
2024-03-23T08:14:32.213 INFO:teuthology.orchestra.run.smithi070.stdout:/usr/bin/ceph: stderr
2024-03-23T08:14:31.565+0000 7f931fac6700 1 -- 172.21.15.70:0/3364434647 shutdown_connections
2024-03-23T08:14:32.213 INFO:teuthology.orchestra.run.smithi070.stdout:/usr/bin/ceph: stderr
2024-03-23T08:14:31.565+0000 7f931fac6700 1 --2- 172.21.15.70:0/3364434647 >> [v2:172.21.15.70:6800/2149030412,v1:172.21.15.70:6801/2149030412] conn(0x7f93040367e0 0x7f9304038c90 unknown :-1 s=CLOSED pgs=18 cs=0 l=1 rev1=1 crypto rx=0 tx=0 comp rx=0 tx=0).stop
2024-03-23T08:14:32.213 INFO:teuthology.orchestra.run.smithi070.stdout:/usr/bin/ceph: stderr
2024-03-23T08:14:31.565+0000 7f931fac6700 1 --2- 172.21.15.70:0/3364434647 >> [v2:172.21.15.70:3300/0,v1:172.21.15.70:6789/0] conn(0x7f93181014e0 0x7f9318107740 unknown :-1 s=CLOSED pgs=58 cs=0 l=1 rev1=1 crypto rx=0 tx=0 comp rx=0 tx=0).stop
2024-03-23T08:14:32.213 INFO:teuthology.orchestra.run.smithi070.stdout:/usr/bin/ceph: stderr
2024-03-23T08:14:31.565+0000 7f931fac6700 1 -- 172.21.15.70:0/3364434647 >> 172.21.15.70:0/3364434647 conn(0x7f93180fcc60 msgr2=0x7f93180fda90 unknown :-1 s=STATE_NONE l=0).mark_down
2024-03-23T08:14:32.214 INFO:teuthology.orchestra.run.smithi070.stdout:/usr/bin/ceph: stderr
2024-03-23T08:14:31.565+0000 7f931fac6700 1 -- 172.21.15.70:0/3364434647 shutdown_connections
2024-03-23T08:14:32.214 INFO:teuthology.orchestra.run.smithi070.stdout:/usr/bin/ceph: stderr
2024-03-23T08:14:31.565+0000 7f931fac6700 1 -- 172.21.15.70:0/3364434647 wait complete.
2024-03-23T08:14:32.942 INFO:journalctl@ceph.mon.smithi070.smithi070.stdout:Mar 23 08:14:32 smithi070 ceph-mon[39699]: from='client.14152 -' entity='client.admin' cmd=[{"prefix": "orch apply", "service_type": "alertmanager", "target": ["mon-mgr", ""]}]: dispatch
2024-03-23T08:14:32.942 INFO:journalctl@ceph.mon.smithi070.smithi070.stdout:Mar 23 08:14:32 smithi070 ceph-mon[39699]: Saving service alertmanager spec with placement count:1
2024-03-23T08:14:32.943 INFO:journalctl@ceph.mon.smithi070.smithi070.stdout:Mar 23 08:14:32 smithi070 ceph-mon[39699]: from='mgr.14118 172.21.15.70:0/3947576735' entity='mgr.smithi070.jhsbch'
2024-03-23T08:14:32.943 INFO:journalctl@ceph.mon.smithi070.smithi070.stdout:Mar 23 08:14:32 smithi070 ceph-mon[39699]: pgmap v4: 0 pgs: ; 0 B data, 0 B used, 0 B / 0 B avail
2024-03-23T08:14:33.390 INFO:teuthology.orchestra.run.smithi070.stdout:/usr/bin/ceph: stderr
2024-03-23T08:14:32.718+0000 7f4f09ca7700 1 Processor -- start
2024-03-23T08:14:33.390 INFO:teuthology.orchestra.run.smithi070.stdout:/usr/bin/ceph: stderr
2024-03-23T08:14:32.718+0000 7f4f09ca7700 1 -- start start
2024-03-23T08:14:33.390 INFO:teuthology.orchestra.run.smithi070.stdout:/usr/bin/ceph: stderr
2024-03-23T08:14:32.718+0000 7f4f09ca7700 1 --2- >> [v2:172.21.15.70:3300/0,v1:172.21.15.70:6789/0] conn(0x7f4f04102580 0x7f4f04102990 unknown :-1 s=NONE pgs=0 cs=0 l=0 rev1=0 crypto rx=0 tx=0 comp rx=0 tx=0).connect
2024-03-23T08:14:33.390 INFO:teuthology.orchestra.run.smithi070.stdout:/usr/bin/ceph: stderr
2024-03-23T08:14:32.718+0000 7f4f09ca7700 1 -- --> [v2:172.21.15.70:3300/0,v1:172.21.15.70:6789/0] -- mon_getmap magic: 0 v1 -- 0x7f4f04102ed0 con 0x7f4f04102580
2024-03-23T08:14:33.391 INFO:teuthology.orchestra.run.smithi070.stdout:/usr/bin/ceph: stderr
2024-03-23T08:14:32.718+0000 7f4f037fe700 1 --2- >> [v2:172.21.15.70:3300/0,v1:172.21.15.70:6789/0] conn(0x7f4f04102580 0x7f4f04102990 unknown :-1 s=BANNER_CONNECTING pgs=0 cs=0 l=0 rev1=0 crypto rx=0 tx=0 comp rx=0 tx=0)._handle_peer_banner_payload supported=3 required=0
2024-03-23T08:14:33.391 INFO:teuthology.orchestra.run.smithi070.stdout:/usr/bin/ceph: stderr
2024-03-23T08:14:32.718+0000 7f4f037fe700 1 --2- >> [v2:172.21.15.70:3300/0,v1:172.21.15.70:6789/0] conn(0x7f4f04102580 0x7f4f04102990 unknown :-1 s=HELLO_CONNECTING pgs=0 cs=0 l=0 rev1=1 crypto rx=0 tx=0 comp rx=0 tx=0).handle_hello peer v2:172.21.15.70:3300/0 says I am v2:172.21.15.70:42506/0 (socket says 172.21.15.70:42506)
2024-03-23T08:14:33.391 INFO:teuthology.orchestra.run.smithi070.stdout:/usr/bin/ceph: stderr
2024-03-23T08:14:32.718+0000 7f4f037fe700 1 -- 172.21.15.70:0/2930249572 learned_addr learned my addr 172.21.15.70:0/2930249572 (peer_addr_for_me v2:172.21.15.70:0/0)
2024-03-23T08:14:33.391 INFO:teuthology.orchestra.run.smithi070.stdout:/usr/bin/ceph: stderr
2024-03-23T08:14:32.718+0000 7f4f037fe700 1 -- 172.21.15.70:0/2930249572 --> [v2:172.21.15.70:3300/0,v1:172.21.15.70:6789/0] -- mon_subscribe({config=0+,monmap=0+}) v3 -- 0x7f4f04103010 con 0x7f4f04102580
2024-03-23T08:14:33.391 INFO:teuthology.orchestra.run.smithi070.stdout:/usr/bin/ceph: stderr
2024-03-23T08:14:32.718+0000 7f4f037fe700 1 --2- 172.21.15.70:0/2930249572 >> [v2:172.21.15.70:3300/0,v1:172.21.15.70:6789/0] conn(0x7f4f04102580 0x7f4f04102990 secure :-1 s=READY pgs=59 cs=0 l=1 rev1=1 crypto rx=0x7f4ef40098e0 tx=0x7f4ef4009250 comp rx=0 tx=0).ready entity=mon.0 client_cookie=df14fd6ab9c2773f server_cookie=0 in_seq=0 out_seq=0
2024-03-23T08:14:33.391 INFO:teuthology.orchestra.run.smithi070.stdout:/usr/bin/ceph: stderr
2024-03-23T08:14:32.719+0000 7f4f027fc700 1 -- 172.21.15.70:0/2930249572 <== mon.0 v2:172.21.15.70:3300/0 1 ==== mon_map magic: 0 v1 ==== 229+0+0 (secure 0 0 0) 0x7f4ef400b860 con 0x7f4f04102580
2024-03-23T08:14:33.391 INFO:teuthology.orchestra.run.smithi070.stdout:/usr/bin/ceph: stderr
2024-03-23T08:14:32.719+0000 7f4f027fc700 1 -- 172.21.15.70:0/2930249572 <== mon.0 v2:172.21.15.70:3300/0 2 ==== config(26 keys) v1 ==== 1074+0+0 (secure 0 0 0) 0x7f4ef400be70 con 0x7f4f04102580
2024-03-23T08:14:33.391 INFO:teuthology.orchestra.run.smithi070.stdout:/usr/bin/ceph: stderr
2024-03-23T08:14:32.719+0000 7f4f027fc700 1 -- 172.21.15.70:0/2930249572 <== mon.0 v2:172.21.15.70:3300/0 3 ==== mon_map magic: 0 v1 ==== 229+0+0 (secure 0 0 0) 0x7f4ef4010380 con 0x7f4f04102580
2024-03-23T08:14:33.391 INFO:teuthology.orchestra.run.smithi070.stdout:/usr/bin/ceph: stderr
2024-03-23T08:14:32.719+0000 7f4f09ca7700 1 -- 172.21.15.70:0/2930249572 >> [v2:172.21.15.70:3300/0,v1:172.21.15.70:6789/0] conn(0x7f4f04102580 msgr2=0x7f4f04102990 secure :-1 s=STATE_CONNECTION_ESTABLISHED l=1).mark_down
2024-03-23T08:14:33.391 INFO:teuthology.orchestra.run.smithi070.stdout:/usr/bin/ceph: stderr
2024-03-23T08:14:32.719+0000 7f4f09ca7700 1 --2- 172.21.15.70:0/2930249572 >> [v2:172.21.15.70:3300/0,v1:172.21.15.70:6789/0] conn(0x7f4f04102580 0x7f4f04102990 secure :-1 s=READY pgs=59 cs=0 l=1 rev1=1 crypto rx=0x7f4ef40098e0 tx=0x7f4ef4009250 comp rx=0 tx=0).stop
2024-03-23T08:14:33.391 INFO:teuthology.orchestra.run.smithi070.stdout:/usr/bin/ceph: stderr
2024-03-23T08:14:32.719+0000 7f4f09ca7700 1 -- 172.21.15.70:0/2930249572 shutdown_connections
2024-03-23T08:14:33.391 INFO:teuthology.orchestra.run.smithi070.stdout:/usr/bin/ceph: stderr
2024-03-23T08:14:32.719+0000 7f4f09ca7700 1 --2- 172.21.15.70:0/2930249572 >> [v2:172.21.15.70:3300/0,v1:172.21.15.70:6789/0] conn(0x7f4f04102580 0x7f4f04102990 unknown :-1 s=CLOSED pgs=59 cs=0 l=1 rev1=1 crypto rx=0 tx=0 comp rx=0 tx=0).stop
2024-03-23T08:14:33.391 INFO:teuthology.orchestra.run.smithi070.stdout:/usr/bin/ceph: stderr
2024-03-23T08:14:32.719+0000 7f4f09ca7700 1 -- 172.21.15.70:0/2930249572 >> 172.21.15.70:0/2930249572 conn(0x7f4f040fdd00 msgr2=0x7f4f04100110 unknown :-1 s=STATE_NONE l=0).mark_down
2024-03-23T08:14:33.391 INFO:teuthology.orchestra.run.smithi070.stdout:/usr/bin/ceph: stderr
2024-03-23T08:14:32.719+0000 7f4f09ca7700 1 -- 172.21.15.70:0/2930249572 shutdown_connections
2024-03-23T08:14:33.391 INFO:teuthology.orchestra.run.smithi070.stdout:/usr/bin/ceph: stderr
2024-03-23T08:14:32.719+0000 7f4f09ca7700 1 -- 172.21.15.70:0/2930249572 wait complete.
2024-03-23T08:14:33.392 INFO:teuthology.orchestra.run.smithi070.stdout:/usr/bin/ceph: stderr
2024-03-23T08:14:32.720+0000 7f4f09ca7700 1 Processor -- start
2024-03-23T08:14:33.392 INFO:teuthology.orchestra.run.smithi070.stdout:/usr/bin/ceph: stderr
2024-03-23T08:14:32.720+0000 7f4f09ca7700 1 -- start start
2024-03-23T08:14:33.392 INFO:teuthology.orchestra.run.smithi070.stdout:/usr/bin/ceph: stderr
2024-03-23T08:14:32.720+0000 7f4f09ca7700 1 --2- >> [v2:172.21.15.70:3300/0,v1:172.21.15.70:6789/0] conn(0x7f4f04102580 0x7f4f04111370 unknown :-1 s=NONE pgs=0 cs=0 l=1 rev1=0 crypto rx=0 tx=0 comp rx=0 tx=0).connect
2024-03-23T08:14:33.392 INFO:teuthology.orchestra.run.smithi070.stdout:/usr/bin/ceph: stderr
2024-03-23T08:14:32.720+0000 7f4f09ca7700 1 -- --> [v2:172.21.15.70:3300/0,v1:172.21.15.70:6789/0] -- mon_getmap magic: 0 v1 -- 0x7f4f041118b0 con 0x7f4f04102580
2024-03-23T08:14:33.392 INFO:teuthology.orchestra.run.smithi070.stdout:/usr/bin/ceph: stderr
2024-03-23T08:14:32.720+0000 7f4f037fe700 1 --2- >> [v2:172.21.15.70:3300/0,v1:172.21.15.70:6789/0] conn(0x7f4f04102580 0x7f4f04111370 unknown :-1 s=BANNER_CONNECTING pgs=0 cs=0 l=1 rev1=0 crypto rx=0 tx=0 comp rx=0 tx=0)._handle_peer_banner_payload supported=3 required=0
2024-03-23T08:14:33.392 INFO:teuthology.orchestra.run.smithi070.stdout:/usr/bin/ceph: stderr
2024-03-23T08:14:32.720+0000 7f4f037fe700 1 --2- >> [v2:172.21.15.70:3300/0,v1:172.21.15.70:6789/0] conn(0x7f4f04102580 0x7f4f04111370 unknown :-1 s=HELLO_CONNECTING pgs=0 cs=0 l=1 rev1=1 crypto rx=0 tx=0 comp rx=0 tx=0).handle_hello peer v2:172.21.15.70:3300/0 says I am v2:172.21.15.70:42514/0 (socket says 172.21.15.70:42514)
2024-03-23T08:14:33.392 INFO:teuthology.orchestra.run.smithi070.stdout:/usr/bin/ceph: stderr
2024-03-23T08:14:32.720+0000 7f4f037fe700 1 -- 172.21.15.70:0/1727284528 learned_addr learned my addr 172.21.15.70:0/1727284528 (peer_addr_for_me v2:172.21.15.70:0/0)
2024-03-23T08:14:33.392 INFO:teuthology.orchestra.run.smithi070.stdout:/usr/bin/ceph: stderr
2024-03-23T08:14:32.720+0000 7f4f037fe700 1 -- 172.21.15.70:0/1727284528 --> [v2:172.21.15.70:3300/0,v1:172.21.15.70:6789/0] -- mon_subscribe({config=0+,monmap=0+}) v3 -- 0x7f4ef40094f0 con 0x7f4f04102580
2024-03-23T08:14:33.392 INFO:teuthology.orchestra.run.smithi070.stdout:/usr/bin/ceph: stderr
2024-03-23T08:14:32.721+0000 7f4f037fe700 1 --2- 172.21.15.70:0/1727284528 >> [v2:172.21.15.70:3300/0,v1:172.21.15.70:6789/0] conn(0x7f4f04102580 0x7f4f04111370 secure :-1 s=READY pgs=60 cs=0 l=1 rev1=1 crypto rx=0x7f4ef400c010 tx=0x7f4ef4009250 comp rx=0 tx=0).ready entity=mon.0 client_cookie=0 server_cookie=0 in_seq=0 out_seq=0
2024-03-23T08:14:33.392 INFO:teuthology.orchestra.run.smithi070.stdout:/usr/bin/ceph: stderr
2024-03-23T08:14:32.721+0000 7f4eebfff700 1 -- 172.21.15.70:0/1727284528 <== mon.0 v2:172.21.15.70:3300/0 1 ==== mon_map magic: 0 v1 ==== 229+0+0 (secure 0 0 0) 0x7f4ef4010960 con 0x7f4f04102580
2024-03-23T08:14:33.392 INFO:teuthology.orchestra.run.smithi070.stdout:/usr/bin/ceph: stderr
2024-03-23T08:14:32.721+0000 7f4eebfff700 1 -- 172.21.15.70:0/1727284528 <== mon.0 v2:172.21.15.70:3300/0 2 ==== config(26 keys) v1 ==== 1074+0+0 (secure 0 0 0) 0x7f4ef401a430 con 0x7f4f04102580
2024-03-23T08:14:33.392 INFO:teuthology.orchestra.run.smithi070.stdout:/usr/bin/ceph: stderr
2024-03-23T08:14:32.721+0000 7f4eebfff700 1 -- 172.21.15.70:0/1727284528 <== mon.0 v2:172.21.15.70:3300/0 3 ==== mon_map magic: 0 v1 ==== 229+0+0 (secure 0 0 0) 0x7f4ef4019580 con 0x7f4f04102580
2024-03-23T08:14:33.392 INFO:teuthology.orchestra.run.smithi070.stdout:/usr/bin/ceph: stderr
2024-03-23T08:14:32.721+0000 7f4f09ca7700 1 -- 172.21.15.70:0/1727284528 --> [v2:172.21.15.70:3300/0,v1:172.21.15.70:6789/0] -- mon_subscribe({mgrmap=0+}) v3 -- 0x7f4f04111ab0 con 0x7f4f04102580
2024-03-23T08:14:33.392 INFO:teuthology.orchestra.run.smithi070.stdout:/usr/bin/ceph: stderr
2024-03-23T08:14:32.721+0000 7f4f09ca7700 1 -- 172.21.15.70:0/1727284528 --> [v2:172.21.15.70:3300/0,v1:172.21.15.70:6789/0] -- mon_subscribe({osdmap=0}) v3 -- 0x7f4f04112620 con 0x7f4f04102580
2024-03-23T08:14:33.392 INFO:teuthology.orchestra.run.smithi070.stdout:/usr/bin/ceph: stderr
2024-03-23T08:14:32.721+0000 7f4eebfff700 1 -- 172.21.15.70:0/1727284528 <== mon.0 v2:172.21.15.70:3300/0 4 ==== mgrmap(e 8) v1 ==== 43368+0+0 (secure 0 0 0) 0x7f4ef4019800 con 0x7f4f04102580
2024-03-23T08:14:33.393 INFO:teuthology.orchestra.run.smithi070.stdout:/usr/bin/ceph: stderr
2024-03-23T08:14:32.722+0000 7f4eebfff700 1 --2- 172.21.15.70:0/1727284528 >> [v2:172.21.15.70:6800/2149030412,v1:172.21.15.70:6801/2149030412] conn(0x7f4eec036790 0x7f4eec038c40 unknown :-1 s=NONE pgs=0 cs=0 l=1 rev1=0 crypto rx=0 tx=0 comp rx=0 tx=0).connect
2024-03-23T08:14:33.393 INFO:teuthology.orchestra.run.smithi070.stdout:/usr/bin/ceph: stderr
2024-03-23T08:14:32.722+0000 7f4f09ca7700 1 -- 172.21.15.70:0/1727284528 --> [v2:172.21.15.70:3300/0,v1:172.21.15.70:6789/0] -- mon_command({"prefix": "get_command_descriptions"} v 0) v1 -- 0x7f4f0405f5f0 con 0x7f4f04102580
2024-03-23T08:14:33.393 INFO:teuthology.orchestra.run.smithi070.stdout:/usr/bin/ceph: stderr
2024-03-23T08:14:32.722+0000 7f4eebfff700 1 -- 172.21.15.70:0/1727284528 <== mon.0 v2:172.21.15.70:3300/0 5 ==== osd_map(2..2 src has 1..2) v4 ==== 936+0+0 (secure 0 0 0) 0x7f4ef404a5c0 con 0x7f4f04102580
2024-03-23T08:14:33.393 INFO:teuthology.orchestra.run.smithi070.stdout:/usr/bin/ceph: stderr
2024-03-23T08:14:32.722+0000 7f4f02ffd700 1 --2- 172.21.15.70:0/1727284528 >> [v2:172.21.15.70:6800/2149030412,v1:172.21.15.70:6801/2149030412] conn(0x7f4eec036790 0x7f4eec038c40 unknown :-1 s=BANNER_CONNECTING pgs=0 cs=0 l=1 rev1=0 crypto rx=0 tx=0 comp rx=0 tx=0)._handle_peer_banner_payload supported=3 required=0
2024-03-23T08:14:33.393 INFO:teuthology.orchestra.run.smithi070.stdout:/usr/bin/ceph: stderr
2024-03-23T08:14:32.722+0000 7f4f02ffd700 1 --2- 172.21.15.70:0/1727284528 >> [v2:172.21.15.70:6800/2149030412,v1:172.21.15.70:6801/2149030412] conn(0x7f4eec036790 0x7f4eec038c40 secure :-1 s=READY pgs=19 cs=0 l=1 rev1=1 crypto rx=0x7f4ef8009990 tx=0x7f4ef8006e40 comp rx=0 tx=0).ready entity=mgr.14118 client_cookie=0 server_cookie=0 in_seq=0 out_seq=0
2024-03-23T08:14:33.393 INFO:teuthology.orchestra.run.smithi070.stdout:/usr/bin/ceph: stderr
2024-03-23T08:14:32.726+0000 7f4eebfff700 1 -- 172.21.15.70:0/1727284528 <== mon.0 v2:172.21.15.70:3300/0 6 ==== mon_command_ack([{"prefix": "get_command_descriptions"}]=0 v0) v1 ==== 72+0+176504 (secure 0 0 0) 0x7f4ef402bb30 con 0x7f4f04102580
2024-03-23T08:14:33.393 INFO:teuthology.orchestra.run.smithi070.stdout:/usr/bin/ceph: stderr
2024-03-23T08:14:32.914+0000 7f4f09ca7700 1 -- 172.21.15.70:0/1727284528 --> [v2:172.21.15.70:3300/0,v1:172.21.15.70:6789/0] -- mon_command([{prefix=config set, name=mgr/cephadm/container_init}] v 0) v1 -- 0x7f4f0404bed0 con 0x7f4f04102580
2024-03-23T08:14:33.393 INFO:teuthology.orchestra.run.smithi070.stdout:/usr/bin/ceph: stderr
2024-03-23T08:14:32.917+0000 7f4eebfff700 1 -- 172.21.15.70:0/1727284528 <== mon.0 v2:172.21.15.70:3300/0 7 ==== mon_command_ack([{prefix=config set, name=mgr/cephadm/container_init}]=0 v7)=0 v7) v1 ==== 142+0+0 (secure 0 0 0) 0x7f4ef4023e20 con 0x7f4f04102580
2024-03-23T08:14:33.393 INFO:teuthology.orchestra.run.smithi070.stdout:/usr/bin/ceph: stderr
2024-03-23T08:14:32.919+0000 7f4f09ca7700 1 -- 172.21.15.70:0/1727284528 >> [v2:172.21.15.70:6800/2149030412,v1:172.21.15.70:6801/2149030412] conn(0x7f4eec036790 msgr2=0x7f4eec038c40 secure :-1 s=STATE_CONNECTION_ESTABLISHED l=1).mark_down
2024-03-23T08:14:33.393 INFO:teuthology.orchestra.run.smithi070.stdout:/usr/bin/ceph: stderr
2024-03-23T08:14:32.919+0000 7f4f09ca7700 1 --2- 172.21.15.70:0/1727284528 >> [v2:172.21.15.70:6800/2149030412,v1:172.21.15.70:6801/2149030412] conn(0x7f4eec036790 0x7f4eec038c40 secure :-1 s=READY pgs=19 cs=0 l=1 rev1=1 crypto rx=0x7f4ef8009990 tx=0x7f4ef8006e40 comp rx=0 tx=0).stop
2024-03-23T08:14:33.393 INFO:teuthology.orchestra.run.smithi070.stdout:/usr/bin/ceph: stderr
2024-03-23T08:14:32.919+0000 7f4f09ca7700 1 -- 172.21.15.70:0/1727284528 >> [v2:172.21.15.70:3300/0,v1:172.21.15.70:6789/0] conn(0x7f4f04102580 msgr2=0x7f4f04111370 secure :-1 s=STATE_CONNECTION_ESTABLISHED l=1).mark_down
2024-03-23T08:14:33.393 INFO:teuthology.orchestra.run.smithi070.stdout:/usr/bin/ceph: stderr
2024-03-23T08:14:32.919+0000 7f4f09ca7700 1 --2- 172.21.15.70:0/1727284528 >> [v2:172.21.15.70:3300/0,v1:172.21.15.70:6789/0] conn(0x7f4f04102580 0x7f4f04111370 secure :-1 s=READY pgs=60 cs=0 l=1 rev1=1 crypto rx=0x7f4ef400c010 tx=0x7f4ef4009250 comp rx=0 tx=0).stop
2024-03-23T08:14:33.393 INFO:teuthology.orchestra.run.smithi070.stdout:/usr/bin/ceph: stderr
2024-03-23T08:14:32.919+0000 7f4f09ca7700 1 -- 172.21.15.70:0/1727284528 shutdown_connections
2024-03-23T08:14:33.393 INFO:teuthology.orchestra.run.smithi070.stdout:/usr/bin/ceph: stderr
2024-03-23T08:14:32.919+0000 7f4f09ca7700 1 --2- 172.21.15.70:0/1727284528 >> [v2:172.21.15.70:6800/2149030412,v1:172.21.15.70:6801/2149030412] conn(0x7f4eec036790 0x7f4eec038c40 unknown :-1 s=CLOSED pgs=19 cs=0 l=1 rev1=1 crypto rx=0 tx=0 comp rx=0 tx=0).stop
2024-03-23T08:14:33.393 INFO:teuthology.orchestra.run.smithi070.stdout:/usr/bin/ceph: stderr
2024-03-23T08:14:32.919+0000 7f4f09ca7700 1 --2- 172.21.15.70:0/1727284528 >> [v2:172.21.15.70:3300/0,v1:172.21.15.70:6789/0] conn(0x7f4f04102580 0x7f4f04111370 unknown :-1 s=CLOSED pgs=60 cs=0 l=1 rev1=1 crypto rx=0 tx=0 comp rx=0 tx=0).stop
2024-03-23T08:14:33.394 INFO:teuthology.orchestra.run.smithi070.stdout:/usr/bin/ceph: stderr
2024-03-23T08:14:32.919+0000 7f4f09ca7700 1 -- 172.21.15.70:0/1727284528 >> 172.21.15.70:0/1727284528 conn(0x7f4f040fdd00 msgr2=0x7f4f040fe760 unknown :-1 s=STATE_NONE l=0).mark_down
2024-03-23T08:14:33.394 INFO:teuthology.orchestra.run.smithi070.stdout:/usr/bin/ceph: stderr
2024-03-23T08:14:32.919+0000 7f4f09ca7700 1 -- 172.21.15.70:0/1727284528 shutdown_connections
2024-03-23T08:14:33.394 INFO:teuthology.orchestra.run.smithi070.stdout:/usr/bin/ceph: stderr
2024-03-23T08:14:32.919+0000 7f4f09ca7700 1 -- 172.21.15.70:0/1727284528 wait complete.
2024-03-23T08:14:34.233 INFO:journalctl@ceph.mon.smithi070.smithi070.stdout:Mar 23 08:14:33 smithi070 ceph-mon[39699]: from='client.? 172.21.15.70:0/1727284528' entity='client.admin'
2024-03-23T08:14:34.739 INFO:teuthology.orchestra.run.smithi070.stdout:/usr/bin/ceph: stderr
2024-03-23T08:14:33.898+0000 7f006e7a9700 1 Processor -- start
2024-03-23T08:14:34.739 INFO:teuthology.orchestra.run.smithi070.stdout:/usr/bin/ceph: stderr
2024-03-23T08:14:33.898+0000 7f006e7a9700 1 -- start start
2024-03-23T08:14:34.739 INFO:teuthology.orchestra.run.smithi070.stdout:/usr/bin/ceph: stderr
2024-03-23T08:14:33.898+0000 7f006e7a9700 1 --2- >> [v2:172.21.15.70:3300/0,v1:172.21.15.70:6789/0] conn(0x7f0068102550 0x7f0068102960 unknown :-1 s=NONE pgs=0 cs=0 l=0 rev1=0 crypto rx=0 tx=0 comp rx=0 tx=0).connect
2024-03-23T08:14:34.740 INFO:teuthology.orchestra.run.smithi070.stdout:/usr/bin/ceph: stderr
