2024-03-23T08:14:33.898+0000 7f006e7a9700 1 -- --> [v2:172.21.15.70:3300/0,v1:172.21.15.70:6789/0] -- mon_getmap magic: 0 v1 -- 0x7f0068102ea0 con 0x7f0068102550
2024-03-23T08:14:34.740 INFO:teuthology.orchestra.run.smithi070.stdout:/usr/bin/ceph: stderr
2024-03-23T08:14:33.898+0000 7f0067fff700 1 --2- >> [v2:172.21.15.70:3300/0,v1:172.21.15.70:6789/0] conn(0x7f0068102550 0x7f0068102960 unknown :-1 s=BANNER_CONNECTING pgs=0 cs=0 l=0 rev1=0 crypto rx=0 tx=0 comp rx=0 tx=0)._handle_peer_banner_payload supported=3 required=0
2024-03-23T08:14:34.740 INFO:teuthology.orchestra.run.smithi070.stdout:/usr/bin/ceph: stderr
2024-03-23T08:14:33.899+0000 7f0067fff700 1 --2- >> [v2:172.21.15.70:3300/0,v1:172.21.15.70:6789/0] conn(0x7f0068102550 0x7f0068102960 unknown :-1 s=HELLO_CONNECTING pgs=0 cs=0 l=0 rev1=1 crypto rx=0 tx=0 comp rx=0 tx=0).handle_hello peer v2:172.21.15.70:3300/0 says I am v2:172.21.15.70:42520/0 (socket says 172.21.15.70:42520)
2024-03-23T08:14:34.740 INFO:teuthology.orchestra.run.smithi070.stdout:/usr/bin/ceph: stderr
2024-03-23T08:14:33.899+0000 7f0067fff700 1 -- 172.21.15.70:0/1039764886 learned_addr learned my addr 172.21.15.70:0/1039764886 (peer_addr_for_me v2:172.21.15.70:0/0)
2024-03-23T08:14:34.740 INFO:teuthology.orchestra.run.smithi070.stdout:/usr/bin/ceph: stderr
2024-03-23T08:14:33.899+0000 7f0067fff700 1 -- 172.21.15.70:0/1039764886 --> [v2:172.21.15.70:3300/0,v1:172.21.15.70:6789/0] -- mon_subscribe({config=0+,monmap=0+}) v3 -- 0x7f0068102fe0 con 0x7f0068102550
2024-03-23T08:14:34.740 INFO:teuthology.orchestra.run.smithi070.stdout:/usr/bin/ceph: stderr
2024-03-23T08:14:33.899+0000 7f0067fff700 1 --2- 172.21.15.70:0/1039764886 >> [v2:172.21.15.70:3300/0,v1:172.21.15.70:6789/0] conn(0x7f0068102550 0x7f0068102960 secure :-1 s=READY pgs=61 cs=0 l=1 rev1=1 crypto rx=0x7f00580098e0 tx=0x7f0058009250 comp rx=0 tx=0).ready entity=mon.0 client_cookie=13987c1d31970d22 server_cookie=0 in_seq=0 out_seq=0
2024-03-23T08:14:34.740 INFO:teuthology.orchestra.run.smithi070.stdout:/usr/bin/ceph: stderr
2024-03-23T08:14:33.899+0000 7f0066ffd700 1 -- 172.21.15.70:0/1039764886 <== mon.0 v2:172.21.15.70:3300/0 1 ==== mon_map magic: 0 v1 ==== 229+0+0 (secure 0 0 0) 0x7f005800b860 con 0x7f0068102550
2024-03-23T08:14:34.740 INFO:teuthology.orchestra.run.smithi070.stdout:/usr/bin/ceph: stderr
2024-03-23T08:14:33.899+0000 7f0066ffd700 1 -- 172.21.15.70:0/1039764886 <== mon.0 v2:172.21.15.70:3300/0 2 ==== config(26 keys) v1 ==== 1074+0+0 (secure 0 0 0) 0x7f005800be70 con 0x7f0068102550
2024-03-23T08:14:34.740 INFO:teuthology.orchestra.run.smithi070.stdout:/usr/bin/ceph: stderr
2024-03-23T08:14:33.899+0000 7f0066ffd700 1 -- 172.21.15.70:0/1039764886 <== mon.0 v2:172.21.15.70:3300/0 3 ==== mon_map magic: 0 v1 ==== 229+0+0 (secure 0 0 0) 0x7f0058010380 con 0x7f0068102550
2024-03-23T08:14:34.740 INFO:teuthology.orchestra.run.smithi070.stdout:/usr/bin/ceph: stderr
2024-03-23T08:14:33.900+0000 7f006e7a9700 1 -- 172.21.15.70:0/1039764886 >> [v2:172.21.15.70:3300/0,v1:172.21.15.70:6789/0] conn(0x7f0068102550 msgr2=0x7f0068102960 secure :-1 s=STATE_CONNECTION_ESTABLISHED l=1).mark_down
2024-03-23T08:14:34.740 INFO:teuthology.orchestra.run.smithi070.stdout:/usr/bin/ceph: stderr
2024-03-23T08:14:33.900+0000 7f006e7a9700 1 --2- 172.21.15.70:0/1039764886 >> [v2:172.21.15.70:3300/0,v1:172.21.15.70:6789/0] conn(0x7f0068102550 0x7f0068102960 secure :-1 s=READY pgs=61 cs=0 l=1 rev1=1 crypto rx=0x7f00580098e0 tx=0x7f0058009250 comp rx=0 tx=0).stop
2024-03-23T08:14:34.740 INFO:teuthology.orchestra.run.smithi070.stdout:/usr/bin/ceph: stderr
2024-03-23T08:14:33.900+0000 7f006e7a9700 1 -- 172.21.15.70:0/1039764886 shutdown_connections
2024-03-23T08:14:34.740 INFO:teuthology.orchestra.run.smithi070.stdout:/usr/bin/ceph: stderr
2024-03-23T08:14:33.900+0000 7f006e7a9700 1 --2- 172.21.15.70:0/1039764886 >> [v2:172.21.15.70:3300/0,v1:172.21.15.70:6789/0] conn(0x7f0068102550 0x7f0068102960 unknown :-1 s=CLOSED pgs=61 cs=0 l=1 rev1=1 crypto rx=0 tx=0 comp rx=0 tx=0).stop
2024-03-23T08:14:34.740 INFO:teuthology.orchestra.run.smithi070.stdout:/usr/bin/ceph: stderr
2024-03-23T08:14:33.900+0000 7f006e7a9700 1 -- 172.21.15.70:0/1039764886 >> 172.21.15.70:0/1039764886 conn(0x7f00680fdd10 msgr2=0x7f0068100120 unknown :-1 s=STATE_NONE l=0).mark_down
2024-03-23T08:14:34.740 INFO:teuthology.orchestra.run.smithi070.stdout:/usr/bin/ceph: stderr
2024-03-23T08:14:33.900+0000 7f006e7a9700 1 -- 172.21.15.70:0/1039764886 shutdown_connections
2024-03-23T08:14:34.741 INFO:teuthology.orchestra.run.smithi070.stdout:/usr/bin/ceph: stderr
2024-03-23T08:14:33.900+0000 7f006e7a9700 1 -- 172.21.15.70:0/1039764886 wait complete.
2024-03-23T08:14:34.741 INFO:teuthology.orchestra.run.smithi070.stdout:/usr/bin/ceph: stderr
2024-03-23T08:14:33.900+0000 7f006e7a9700 1 Processor -- start
2024-03-23T08:14:34.741 INFO:teuthology.orchestra.run.smithi070.stdout:/usr/bin/ceph: stderr
2024-03-23T08:14:33.900+0000 7f006e7a9700 1 -- start start
2024-03-23T08:14:34.741 INFO:teuthology.orchestra.run.smithi070.stdout:/usr/bin/ceph: stderr
2024-03-23T08:14:33.900+0000 7f006e7a9700 1 --2- >> [v2:172.21.15.70:3300/0,v1:172.21.15.70:6789/0] conn(0x7f0068102550 0x7f0068111440 unknown :-1 s=NONE pgs=0 cs=0 l=1 rev1=0 crypto rx=0 tx=0 comp rx=0 tx=0).connect
2024-03-23T08:14:34.741 INFO:teuthology.orchestra.run.smithi070.stdout:/usr/bin/ceph: stderr
2024-03-23T08:14:33.900+0000 7f006e7a9700 1 -- --> [v2:172.21.15.70:3300/0,v1:172.21.15.70:6789/0] -- mon_getmap magic: 0 v1 -- 0x7f0068111980 con 0x7f0068102550
2024-03-23T08:14:34.741 INFO:teuthology.orchestra.run.smithi070.stdout:/usr/bin/ceph: stderr
2024-03-23T08:14:33.901+0000 7f0067fff700 1 --2- >> [v2:172.21.15.70:3300/0,v1:172.21.15.70:6789/0] conn(0x7f0068102550 0x7f0068111440 unknown :-1 s=BANNER_CONNECTING pgs=0 cs=0 l=1 rev1=0 crypto rx=0 tx=0 comp rx=0 tx=0)._handle_peer_banner_payload supported=3 required=0
2024-03-23T08:14:34.741 INFO:teuthology.orchestra.run.smithi070.stdout:/usr/bin/ceph: stderr
2024-03-23T08:14:33.901+0000 7f0067fff700 1 --2- >> [v2:172.21.15.70:3300/0,v1:172.21.15.70:6789/0] conn(0x7f0068102550 0x7f0068111440 unknown :-1 s=HELLO_CONNECTING pgs=0 cs=0 l=1 rev1=1 crypto rx=0 tx=0 comp rx=0 tx=0).handle_hello peer v2:172.21.15.70:3300/0 says I am v2:172.21.15.70:42528/0 (socket says 172.21.15.70:42528)
2024-03-23T08:14:34.741 INFO:teuthology.orchestra.run.smithi070.stdout:/usr/bin/ceph: stderr
2024-03-23T08:14:33.901+0000 7f0067fff700 1 -- 172.21.15.70:0/2393665773 learned_addr learned my addr 172.21.15.70:0/2393665773 (peer_addr_for_me v2:172.21.15.70:0/0)
2024-03-23T08:14:34.741 INFO:teuthology.orchestra.run.smithi070.stdout:/usr/bin/ceph: stderr
2024-03-23T08:14:33.901+0000 7f0067fff700 1 -- 172.21.15.70:0/2393665773 --> [v2:172.21.15.70:3300/0,v1:172.21.15.70:6789/0] -- mon_subscribe({config=0+,monmap=0+}) v3 -- 0x7f00580094f0 con 0x7f0068102550
2024-03-23T08:14:34.741 INFO:teuthology.orchestra.run.smithi070.stdout:/usr/bin/ceph: stderr
2024-03-23T08:14:33.901+0000 7f0067fff700 1 --2- 172.21.15.70:0/2393665773 >> [v2:172.21.15.70:3300/0,v1:172.21.15.70:6789/0] conn(0x7f0068102550 0x7f0068111440 secure :-1 s=READY pgs=62 cs=0 l=1 rev1=1 crypto rx=0x7f0058000c00 tx=0x7f0058009250 comp rx=0 tx=0).ready entity=mon.0 client_cookie=0 server_cookie=0 in_seq=0 out_seq=0
2024-03-23T08:14:34.741 INFO:teuthology.orchestra.run.smithi070.stdout:/usr/bin/ceph: stderr
2024-03-23T08:14:33.901+0000 7f0064ff9700 1 -- 172.21.15.70:0/2393665773 <== mon.0 v2:172.21.15.70:3300/0 1 ==== mon_map magic: 0 v1 ==== 229+0+0 (secure 0 0 0) 0x7f00580105f0 con 0x7f0068102550
2024-03-23T08:14:34.741 INFO:teuthology.orchestra.run.smithi070.stdout:/usr/bin/ceph: stderr
2024-03-23T08:14:33.901+0000 7f0064ff9700 1 -- 172.21.15.70:0/2393665773 <== mon.0 v2:172.21.15.70:3300/0 2 ==== config(26 keys) v1 ==== 1074+0+0 (secure 0 0 0) 0x7f0058010c00 con 0x7f0068102550
2024-03-23T08:14:34.741 INFO:teuthology.orchestra.run.smithi070.stdout:/usr/bin/ceph: stderr
2024-03-23T08:14:33.901+0000 7f0064ff9700 1 -- 172.21.15.70:0/2393665773 <== mon.0 v2:172.21.15.70:3300/0 3 ==== mon_map magic: 0 v1 ==== 229+0+0 (secure 0 0 0) 0x7f005801ac70 con 0x7f0068102550
2024-03-23T08:14:34.741 INFO:teuthology.orchestra.run.smithi070.stdout:/usr/bin/ceph: stderr
2024-03-23T08:14:33.901+0000 7f006e7a9700 1 -- 172.21.15.70:0/2393665773 --> [v2:172.21.15.70:3300/0,v1:172.21.15.70:6789/0] -- mon_subscribe({mgrmap=0+}) v3 -- 0x7f0068111b80 con 0x7f0068102550
2024-03-23T08:14:34.742 INFO:teuthology.orchestra.run.smithi070.stdout:/usr/bin/ceph: stderr
2024-03-23T08:14:33.901+0000 7f006e7a9700 1 -- 172.21.15.70:0/2393665773 --> [v2:172.21.15.70:3300/0,v1:172.21.15.70:6789/0] -- mon_subscribe({osdmap=0}) v3 -- 0x7f00681126f0 con 0x7f0068102550
2024-03-23T08:14:34.742 INFO:teuthology.orchestra.run.smithi070.stdout:/usr/bin/ceph: stderr
2024-03-23T08:14:33.902+0000 7f0064ff9700 1 -- 172.21.15.70:0/2393665773 <== mon.0 v2:172.21.15.70:3300/0 4 ==== mgrmap(e 8) v1 ==== 43368+0+0 (secure 0 0 0) 0x7f0058025400 con 0x7f0068102550
2024-03-23T08:14:34.742 INFO:teuthology.orchestra.run.smithi070.stdout:/usr/bin/ceph: stderr
2024-03-23T08:14:33.902+0000 7f006e7a9700 1 -- 172.21.15.70:0/2393665773 --> [v2:172.21.15.70:3300/0,v1:172.21.15.70:6789/0] -- mon_command({"prefix": "get_command_descriptions"} v 0) v1 -- 0x7f006805f5f0 con 0x7f0068102550
2024-03-23T08:14:34.742 INFO:teuthology.orchestra.run.smithi070.stdout:/usr/bin/ceph: stderr
2024-03-23T08:14:33.902+0000 7f0064ff9700 1 --2- 172.21.15.70:0/2393665773 >> [v2:172.21.15.70:6800/2149030412,v1:172.21.15.70:6801/2149030412] conn(0x7f0054036790 0x7f0054038c40 unknown :-1 s=NONE pgs=0 cs=0 l=1 rev1=0 crypto rx=0 tx=0 comp rx=0 tx=0).connect
2024-03-23T08:14:34.742 INFO:teuthology.orchestra.run.smithi070.stdout:/usr/bin/ceph: stderr
2024-03-23T08:14:33.902+0000 7f0064ff9700 1 -- 172.21.15.70:0/2393665773 <== mon.0 v2:172.21.15.70:3300/0 5 ==== osd_map(2..2 src has 1..2) v4 ==== 936+0+0 (secure 0 0 0) 0x7f005804a2f0 con 0x7f0068102550
2024-03-23T08:14:34.742 INFO:teuthology.orchestra.run.smithi070.stdout:/usr/bin/ceph: stderr
2024-03-23T08:14:33.902+0000 7f00677fe700 1 --2- 172.21.15.70:0/2393665773 >> [v2:172.21.15.70:6800/2149030412,v1:172.21.15.70:6801/2149030412] conn(0x7f0054036790 0x7f0054038c40 unknown :-1 s=BANNER_CONNECTING pgs=0 cs=0 l=1 rev1=0 crypto rx=0 tx=0 comp rx=0 tx=0)._handle_peer_banner_payload supported=3 required=0
2024-03-23T08:14:34.742 INFO:teuthology.orchestra.run.smithi070.stdout:/usr/bin/ceph: stderr
2024-03-23T08:14:33.902+0000 7f00677fe700 1 --2- 172.21.15.70:0/2393665773 >> [v2:172.21.15.70:6800/2149030412,v1:172.21.15.70:6801/2149030412] conn(0x7f0054036790 0x7f0054038c40 secure :-1 s=READY pgs=20 cs=0 l=1 rev1=1 crypto rx=0x7f0050009990 tx=0x7f0050006e40 comp rx=0 tx=0).ready entity=mgr.14118 client_cookie=0 server_cookie=0 in_seq=0 out_seq=0
2024-03-23T08:14:34.742 INFO:teuthology.orchestra.run.smithi070.stdout:/usr/bin/ceph: stderr
2024-03-23T08:14:33.907+0000 7f0064ff9700 1 -- 172.21.15.70:0/2393665773 <== mon.0 v2:172.21.15.70:3300/0 6 ==== mon_command_ack([{"prefix": "get_command_descriptions"}]=0 v0) v1 ==== 72+0+176504 (secure 0 0 0) 0x7f005802c8f0 con 0x7f0068102550
2024-03-23T08:14:34.742 INFO:teuthology.orchestra.run.smithi070.stdout:/usr/bin/ceph: stderr
2024-03-23T08:14:34.093+0000 7f006e7a9700 1 -- 172.21.15.70:0/2393665773 --> [v2:172.21.15.70:3300/0,v1:172.21.15.70:6789/0] -- mon_command([{prefix=config set, name=mgr/dashboard/ssl_server_port}] v 0) v1 -- 0x7f006804bed0 con 0x7f0068102550
2024-03-23T08:14:34.742 INFO:teuthology.orchestra.run.smithi070.stdout:/usr/bin/ceph: stderr
2024-03-23T08:14:34.096+0000 7f0064ff9700 1 -- 172.21.15.70:0/2393665773 <== mon.0 v2:172.21.15.70:3300/0 7 ==== mon_command_ack([{prefix=config set, name=mgr/dashboard/ssl_server_port}]=0 v8)=0 v8) v1 ==== 130+0+0 (secure 0 0 0) 0x7f0058020030 con 0x7f0068102550
2024-03-23T08:14:34.742 INFO:teuthology.orchestra.run.smithi070.stdout:/usr/bin/ceph: stderr
2024-03-23T08:14:34.098+0000 7f006e7a9700 1 -- 172.21.15.70:0/2393665773 >> [v2:172.21.15.70:6800/2149030412,v1:172.21.15.70:6801/2149030412] conn(0x7f0054036790 msgr2=0x7f0054038c40 secure :-1 s=STATE_CONNECTION_ESTABLISHED l=1).mark_down
2024-03-23T08:14:34.742 INFO:teuthology.orchestra.run.smithi070.stdout:/usr/bin/ceph: stderr
2024-03-23T08:14:34.098+0000 7f006e7a9700 1 --2- 172.21.15.70:0/2393665773 >> [v2:172.21.15.70:6800/2149030412,v1:172.21.15.70:6801/2149030412] conn(0x7f0054036790 0x7f0054038c40 secure :-1 s=READY pgs=20 cs=0 l=1 rev1=1 crypto rx=0x7f0050009990 tx=0x7f0050006e40 comp rx=0 tx=0).stop
2024-03-23T08:14:34.742 INFO:teuthology.orchestra.run.smithi070.stdout:/usr/bin/ceph: stderr
2024-03-23T08:14:34.098+0000 7f006e7a9700 1 -- 172.21.15.70:0/2393665773 >> [v2:172.21.15.70:3300/0,v1:172.21.15.70:6789/0] conn(0x7f0068102550 msgr2=0x7f0068111440 secure :-1 s=STATE_CONNECTION_ESTABLISHED l=1).mark_down
2024-03-23T08:14:34.742 INFO:teuthology.orchestra.run.smithi070.stdout:/usr/bin/ceph: stderr
2024-03-23T08:14:34.098+0000 7f006e7a9700 1 --2- 172.21.15.70:0/2393665773 >> [v2:172.21.15.70:3300/0,v1:172.21.15.70:6789/0] conn(0x7f0068102550 0x7f0068111440 secure :-1 s=READY pgs=62 cs=0 l=1 rev1=1 crypto rx=0x7f0058000c00 tx=0x7f0058009250 comp rx=0 tx=0).stop
2024-03-23T08:14:34.742 INFO:teuthology.orchestra.run.smithi070.stdout:/usr/bin/ceph: stderr
2024-03-23T08:14:34.098+0000 7f006e7a9700 1 -- 172.21.15.70:0/2393665773 shutdown_connections
2024-03-23T08:14:34.743 INFO:teuthology.orchestra.run.smithi070.stdout:/usr/bin/ceph: stderr
2024-03-23T08:14:34.098+0000 7f006e7a9700 1 --2- 172.21.15.70:0/2393665773 >> [v2:172.21.15.70:6800/2149030412,v1:172.21.15.70:6801/2149030412] conn(0x7f0054036790 0x7f0054038c40 unknown :-1 s=CLOSED pgs=20 cs=0 l=1 rev1=1 crypto rx=0 tx=0 comp rx=0 tx=0).stop
2024-03-23T08:14:34.743 INFO:teuthology.orchestra.run.smithi070.stdout:/usr/bin/ceph: stderr
2024-03-23T08:14:34.098+0000 7f006e7a9700 1 --2- 172.21.15.70:0/2393665773 >> [v2:172.21.15.70:3300/0,v1:172.21.15.70:6789/0] conn(0x7f0068102550 0x7f0068111440 unknown :-1 s=CLOSED pgs=62 cs=0 l=1 rev1=1 crypto rx=0 tx=0 comp rx=0 tx=0).stop
2024-03-23T08:14:34.743 INFO:teuthology.orchestra.run.smithi070.stdout:/usr/bin/ceph: stderr
2024-03-23T08:14:34.098+0000 7f006e7a9700 1 -- 172.21.15.70:0/2393665773 >> 172.21.15.70:0/2393665773 conn(0x7f00680fdd10 msgr2=0x7f00680fe8b0 unknown :-1 s=STATE_NONE l=0).mark_down
2024-03-23T08:14:34.743 INFO:teuthology.orchestra.run.smithi070.stdout:/usr/bin/ceph: stderr
2024-03-23T08:14:34.098+0000 7f006e7a9700 1 -- 172.21.15.70:0/2393665773 shutdown_connections
2024-03-23T08:14:34.743 INFO:teuthology.orchestra.run.smithi070.stdout:/usr/bin/ceph: stderr
2024-03-23T08:14:34.098+0000 7f006e7a9700 1 -- 172.21.15.70:0/2393665773 wait complete.
2024-03-23T08:14:34.743 INFO:teuthology.orchestra.run.smithi070.stdout:Enabling the dashboard module...
2024-03-23T08:14:35.483 INFO:journalctl@ceph.mon.smithi070.smithi070.stdout:Mar 23 08:14:35 smithi070 ceph-mon[39699]: pgmap v5: 0 pgs: ; 0 B data, 0 B used, 0 B / 0 B avail
2024-03-23T08:14:35.483 INFO:journalctl@ceph.mon.smithi070.smithi070.stdout:Mar 23 08:14:35 smithi070 ceph-mon[39699]: from='client.? 172.21.15.70:0/2393665773' entity='client.admin'
2024-03-23T08:14:36.430 INFO:journalctl@ceph.mon.smithi070.smithi070.stdout:Mar 23 08:14:36 smithi070 ceph-mon[39699]: from='client.? 172.21.15.70:0/227248373' entity='client.admin' cmd=[{"prefix": "mgr module enable", "module": "dashboard"}]: dispatch
2024-03-23T08:14:36.720 INFO:teuthology.orchestra.run.smithi070.stdout:/usr/bin/ceph: stderr
2024-03-23T08:14:35.202+0000 7f048b15d700 1 Processor -- start
2024-03-23T08:14:36.721 INFO:teuthology.orchestra.run.smithi070.stdout:/usr/bin/ceph: stderr
2024-03-23T08:14:35.202+0000 7f048b15d700 1 -- start start
2024-03-23T08:14:36.721 INFO:teuthology.orchestra.run.smithi070.stdout:/usr/bin/ceph: stderr
2024-03-23T08:14:35.202+0000 7f048b15d700 1 --2- >> [v2:172.21.15.70:3300/0,v1:172.21.15.70:6789/0] conn(0x7f0484076d00 0x7f04841050f0 unknown :-1 s=NONE pgs=0 cs=0 l=0 rev1=0 crypto rx=0 tx=0 comp rx=0 tx=0).connect
2024-03-23T08:14:36.721 INFO:teuthology.orchestra.run.smithi070.stdout:/usr/bin/ceph: stderr
2024-03-23T08:14:35.202+0000 7f048b15d700 1 -- --> [v2:172.21.15.70:3300/0,v1:172.21.15.70:6789/0] -- mon_getmap magic: 0 v1 -- 0x7f0484105630 con 0x7f0484076d00
2024-03-23T08:14:36.721 INFO:teuthology.orchestra.run.smithi070.stdout:/usr/bin/ceph: stderr
2024-03-23T08:14:35.203+0000 7f0488ef9700 1 --2- >> [v2:172.21.15.70:3300/0,v1:172.21.15.70:6789/0] conn(0x7f0484076d00 0x7f04841050f0 unknown :-1 s=BANNER_CONNECTING pgs=0 cs=0 l=0 rev1=0 crypto rx=0 tx=0 comp rx=0 tx=0)._handle_peer_banner_payload supported=3 required=0
2024-03-23T08:14:36.721 INFO:teuthology.orchestra.run.smithi070.stdout:/usr/bin/ceph: stderr
2024-03-23T08:14:35.203+0000 7f0488ef9700 1 --2- >> [v2:172.21.15.70:3300/0,v1:172.21.15.70:6789/0] conn(0x7f0484076d00 0x7f04841050f0 unknown :-1 s=HELLO_CONNECTING pgs=0 cs=0 l=0 rev1=1 crypto rx=0 tx=0 comp rx=0 tx=0).handle_hello peer v2:172.21.15.70:3300/0 says I am v2:172.21.15.70:42536/0 (socket says 172.21.15.70:42536)
2024-03-23T08:14:36.721 INFO:teuthology.orchestra.run.smithi070.stdout:/usr/bin/ceph: stderr
2024-03-23T08:14:35.203+0000 7f0488ef9700 1 -- 172.21.15.70:0/497900005 learned_addr learned my addr 172.21.15.70:0/497900005 (peer_addr_for_me v2:172.21.15.70:0/0)
2024-03-23T08:14:36.721 INFO:teuthology.orchestra.run.smithi070.stdout:/usr/bin/ceph: stderr
2024-03-23T08:14:35.203+0000 7f0488ef9700 1 -- 172.21.15.70:0/497900005 --> [v2:172.21.15.70:3300/0,v1:172.21.15.70:6789/0] -- mon_subscribe({config=0+,monmap=0+}) v3 -- 0x7f0484105770 con 0x7f0484076d00
2024-03-23T08:14:36.721 INFO:teuthology.orchestra.run.smithi070.stdout:/usr/bin/ceph: stderr
2024-03-23T08:14:35.203+0000 7f0488ef9700 1 --2- 172.21.15.70:0/497900005 >> [v2:172.21.15.70:3300/0,v1:172.21.15.70:6789/0] conn(0x7f0484076d00 0x7f04841050f0 secure :-1 s=READY pgs=63 cs=0 l=1 rev1=1 crypto rx=0x7f04780098e0 tx=0x7f0478009250 comp rx=0 tx=0).ready entity=mon.0 client_cookie=a3019094eb727cd1 server_cookie=0 in_seq=0 out_seq=0
2024-03-23T08:14:36.721 INFO:teuthology.orchestra.run.smithi070.stdout:/usr/bin/ceph: stderr
2024-03-23T08:14:35.203+0000 7f04837fe700 1 -- 172.21.15.70:0/497900005 <== mon.0 v2:172.21.15.70:3300/0 1 ==== mon_map magic: 0 v1 ==== 229+0+0 (secure 0 0 0) 0x7f047800b860 con 0x7f0484076d00
2024-03-23T08:14:36.721 INFO:teuthology.orchestra.run.smithi070.stdout:/usr/bin/ceph: stderr
2024-03-23T08:14:35.203+0000 7f04837fe700 1 -- 172.21.15.70:0/497900005 <== mon.0 v2:172.21.15.70:3300/0 2 ==== config(26 keys) v1 ==== 1074+0+0 (secure 0 0 0) 0x7f047800be70 con 0x7f0484076d00
2024-03-23T08:14:36.721 INFO:teuthology.orchestra.run.smithi070.stdout:/usr/bin/ceph: stderr
2024-03-23T08:14:35.203+0000 7f04837fe700 1 -- 172.21.15.70:0/497900005 <== mon.0 v2:172.21.15.70:3300/0 3 ==== mon_map magic: 0 v1 ==== 229+0+0 (secure 0 0 0) 0x7f0478010380 con 0x7f0484076d00
2024-03-23T08:14:36.721 INFO:teuthology.orchestra.run.smithi070.stdout:/usr/bin/ceph: stderr
2024-03-23T08:14:35.204+0000 7f048b15d700 1 -- 172.21.15.70:0/497900005 >> [v2:172.21.15.70:3300/0,v1:172.21.15.70:6789/0] conn(0x7f0484076d00 msgr2=0x7f04841050f0 secure :-1 s=STATE_CONNECTION_ESTABLISHED l=1).mark_down
2024-03-23T08:14:36.721 INFO:teuthology.orchestra.run.smithi070.stdout:/usr/bin/ceph: stderr
2024-03-23T08:14:35.204+0000 7f048b15d700 1 --2- 172.21.15.70:0/497900005 >> [v2:172.21.15.70:3300/0,v1:172.21.15.70:6789/0] conn(0x7f0484076d00 0x7f04841050f0 secure :-1 s=READY pgs=63 cs=0 l=1 rev1=1 crypto rx=0x7f04780098e0 tx=0x7f0478009250 comp rx=0 tx=0).stop
2024-03-23T08:14:36.721 INFO:teuthology.orchestra.run.smithi070.stdout:/usr/bin/ceph: stderr
2024-03-23T08:14:35.204+0000 7f048b15d700 1 -- 172.21.15.70:0/497900005 shutdown_connections
2024-03-23T08:14:36.722 INFO:teuthology.orchestra.run.smithi070.stdout:/usr/bin/ceph: stderr
2024-03-23T08:14:35.204+0000 7f048b15d700 1 --2- 172.21.15.70:0/497900005 >> [v2:172.21.15.70:3300/0,v1:172.21.15.70:6789/0] conn(0x7f0484076d00 0x7f04841050f0 unknown :-1 s=CLOSED pgs=63 cs=0 l=1 rev1=1 crypto rx=0 tx=0 comp rx=0 tx=0).stop
2024-03-23T08:14:36.722 INFO:teuthology.orchestra.run.smithi070.stdout:/usr/bin/ceph: stderr
2024-03-23T08:14:35.204+0000 7f048b15d700 1 -- 172.21.15.70:0/497900005 >> 172.21.15.70:0/497900005 conn(0x7f04840fcb20 msgr2=0x7f04840fef70 unknown :-1 s=STATE_NONE l=0).mark_down
2024-03-23T08:14:36.722 INFO:teuthology.orchestra.run.smithi070.stdout:/usr/bin/ceph: stderr
2024-03-23T08:14:35.204+0000 7f048b15d700 1 -- 172.21.15.70:0/497900005 shutdown_connections
2024-03-23T08:14:36.722 INFO:teuthology.orchestra.run.smithi070.stdout:/usr/bin/ceph: stderr
2024-03-23T08:14:35.204+0000 7f048b15d700 1 -- 172.21.15.70:0/497900005 wait complete.
2024-03-23T08:14:36.722 INFO:teuthology.orchestra.run.smithi070.stdout:/usr/bin/ceph: stderr
2024-03-23T08:14:35.204+0000 7f048b15d700 1 Processor -- start
2024-03-23T08:14:36.722 INFO:teuthology.orchestra.run.smithi070.stdout:/usr/bin/ceph: stderr
2024-03-23T08:14:35.204+0000 7f048b15d700 1 -- start start
2024-03-23T08:14:36.722 INFO:teuthology.orchestra.run.smithi070.stdout:/usr/bin/ceph: stderr
2024-03-23T08:14:35.205+0000 7f048b15d700 1 --2- >> [v2:172.21.15.70:3300/0,v1:172.21.15.70:6789/0] conn(0x7f04841113a0 0x7f04841117b0 unknown :-1 s=NONE pgs=0 cs=0 l=1 rev1=0 crypto rx=0 tx=0 comp rx=0 tx=0).connect
2024-03-23T08:14:36.722 INFO:teuthology.orchestra.run.smithi070.stdout:/usr/bin/ceph: stderr
2024-03-23T08:14:35.205+0000 7f048b15d700 1 -- --> [v2:172.21.15.70:3300/0,v1:172.21.15.70:6789/0] -- mon_getmap magic: 0 v1 -- 0x7f0484111cf0 con 0x7f04841113a0
2024-03-23T08:14:36.722 INFO:teuthology.orchestra.run.smithi070.stdout:/usr/bin/ceph: stderr
2024-03-23T08:14:35.205+0000 7f0488ef9700 1 --2- >> [v2:172.21.15.70:3300/0,v1:172.21.15.70:6789/0] conn(0x7f04841113a0 0x7f04841117b0 unknown :-1 s=BANNER_CONNECTING pgs=0 cs=0 l=1 rev1=0 crypto rx=0 tx=0 comp rx=0 tx=0)._handle_peer_banner_payload supported=3 required=0
2024-03-23T08:14:36.722 INFO:teuthology.orchestra.run.smithi070.stdout:/usr/bin/ceph: stderr
2024-03-23T08:14:35.205+0000 7f0488ef9700 1 --2- >> [v2:172.21.15.70:3300/0,v1:172.21.15.70:6789/0] conn(0x7f04841113a0 0x7f04841117b0 unknown :-1 s=HELLO_CONNECTING pgs=0 cs=0 l=1 rev1=1 crypto rx=0 tx=0 comp rx=0 tx=0).handle_hello peer v2:172.21.15.70:3300/0 says I am v2:172.21.15.70:42546/0 (socket says 172.21.15.70:42546)
2024-03-23T08:14:36.722 INFO:teuthology.orchestra.run.smithi070.stdout:/usr/bin/ceph: stderr
2024-03-23T08:14:35.205+0000 7f0488ef9700 1 -- 172.21.15.70:0/227248373 learned_addr learned my addr 172.21.15.70:0/227248373 (peer_addr_for_me v2:172.21.15.70:0/0)
2024-03-23T08:14:36.722 INFO:teuthology.orchestra.run.smithi070.stdout:/usr/bin/ceph: stderr
2024-03-23T08:14:35.205+0000 7f0488ef9700 1 -- 172.21.15.70:0/227248373 --> [v2:172.21.15.70:3300/0,v1:172.21.15.70:6789/0] -- mon_subscribe({config=0+,monmap=0+}) v3 -- 0x7f04780094f0 con 0x7f04841113a0
2024-03-23T08:14:36.722 INFO:teuthology.orchestra.run.smithi070.stdout:/usr/bin/ceph: stderr
2024-03-23T08:14:35.205+0000 7f0488ef9700 1 --2- 172.21.15.70:0/227248373 >> [v2:172.21.15.70:3300/0,v1:172.21.15.70:6789/0] conn(0x7f04841113a0 0x7f04841117b0 secure :-1 s=READY pgs=64 cs=0 l=1 rev1=1 crypto rx=0x7f0478006d40 tx=0x7f0478009250 comp rx=0 tx=0).ready entity=mon.0 client_cookie=0 server_cookie=0 in_seq=0 out_seq=0
2024-03-23T08:14:36.722 INFO:teuthology.orchestra.run.smithi070.stdout:/usr/bin/ceph: stderr
2024-03-23T08:14:35.205+0000 7f04817fa700 1 -- 172.21.15.70:0/227248373 <== mon.0 v2:172.21.15.70:3300/0 1 ==== mon_map magic: 0 v1 ==== 229+0+0 (secure 0 0 0) 0x7f0478010960 con 0x7f04841113a0
2024-03-23T08:14:36.722 INFO:teuthology.orchestra.run.smithi070.stdout:/usr/bin/ceph: stderr
2024-03-23T08:14:35.206+0000 7f048b15d700 1 -- 172.21.15.70:0/227248373 --> [v2:172.21.15.70:3300/0,v1:172.21.15.70:6789/0] -- mon_subscribe({mgrmap=0+}) v3 -- 0x7f0484111ef0 con 0x7f04841113a0
2024-03-23T08:14:36.723 INFO:teuthology.orchestra.run.smithi070.stdout:/usr/bin/ceph: stderr
2024-03-23T08:14:35.206+0000 7f04817fa700 1 -- 172.21.15.70:0/227248373 <== mon.0 v2:172.21.15.70:3300/0 2 ==== config(26 keys) v1 ==== 1074+0+0 (secure 0 0 0) 0x7f047801a430 con 0x7f04841113a0
2024-03-23T08:14:36.723 INFO:teuthology.orchestra.run.smithi070.stdout:/usr/bin/ceph: stderr
2024-03-23T08:14:35.206+0000 7f04817fa700 1 -- 172.21.15.70:0/227248373 <== mon.0 v2:172.21.15.70:3300/0 3 ==== mon_map magic: 0 v1 ==== 229+0+0 (secure 0 0 0) 0x7f04780245b0 con 0x7f04841113a0
2024-03-23T08:14:36.723 INFO:teuthology.orchestra.run.smithi070.stdout:/usr/bin/ceph: stderr
2024-03-23T08:14:35.206+0000 7f048b15d700 1 -- 172.21.15.70:0/227248373 --> [v2:172.21.15.70:3300/0,v1:172.21.15.70:6789/0] -- mon_subscribe({osdmap=0}) v3 -- 0x7f04841128d0 con 0x7f04841113a0
2024-03-23T08:14:36.723 INFO:teuthology.orchestra.run.smithi070.stdout:/usr/bin/ceph: stderr
2024-03-23T08:14:35.207+0000 7f048b15d700 1 -- 172.21.15.70:0/227248373 --> [v2:172.21.15.70:3300/0,v1:172.21.15.70:6789/0] -- mon_command({"prefix": "get_command_descriptions"} v 0) v1 -- 0x7f048404bed0 con 0x7f04841113a0
2024-03-23T08:14:36.723 INFO:teuthology.orchestra.run.smithi070.stdout:/usr/bin/ceph: stderr
2024-03-23T08:14:35.207+0000 7f04817fa700 1 -- 172.21.15.70:0/227248373 <== mon.0 v2:172.21.15.70:3300/0 4 ==== mgrmap(e 8) v1 ==== 43368+0+0 (secure 0 0 0) 0x7f047801a9f0 con 0x7f04841113a0
2024-03-23T08:14:36.723 INFO:teuthology.orchestra.run.smithi070.stdout:/usr/bin/ceph: stderr
2024-03-23T08:14:35.207+0000 7f04817fa700 1 --2- 172.21.15.70:0/227248373 >> [v2:172.21.15.70:6800/2149030412,v1:172.21.15.70:6801/2149030412] conn(0x7f0474036790 0x7f0474038c40 unknown :-1 s=NONE pgs=0 cs=0 l=1 rev1=0 crypto rx=0 tx=0 comp rx=0 tx=0).connect
2024-03-23T08:14:36.723 INFO:teuthology.orchestra.run.smithi070.stdout:/usr/bin/ceph: stderr
2024-03-23T08:14:35.207+0000 7f04817fa700 1 -- 172.21.15.70:0/227248373 <== mon.0 v2:172.21.15.70:3300/0 5 ==== osd_map(2..2 src has 1..2) v4 ==== 936+0+0 (secure 0 0 0) 0x7f047804a5b0 con 0x7f04841113a0
2024-03-23T08:14:36.723 INFO:teuthology.orchestra.run.smithi070.stdout:/usr/bin/ceph: stderr
2024-03-23T08:14:35.207+0000 7f0483fff700 1 --2- 172.21.15.70:0/227248373 >> [v2:172.21.15.70:6800/2149030412,v1:172.21.15.70:6801/2149030412] conn(0x7f0474036790 0x7f0474038c40 unknown :-1 s=BANNER_CONNECTING pgs=0 cs=0 l=1 rev1=0 crypto rx=0 tx=0 comp rx=0 tx=0)._handle_peer_banner_payload supported=3 required=0
2024-03-23T08:14:36.723 INFO:teuthology.orchestra.run.smithi070.stdout:/usr/bin/ceph: stderr
2024-03-23T08:14:35.208+0000 7f0483fff700 1 --2- 172.21.15.70:0/227248373 >> [v2:172.21.15.70:6800/2149030412,v1:172.21.15.70:6801/2149030412] conn(0x7f0474036790 0x7f0474038c40 secure :-1 s=READY pgs=21 cs=0 l=1 rev1=1 crypto rx=0x7f0470009990 tx=0x7f0470006e40 comp rx=0 tx=0).ready entity=mgr.14118 client_cookie=0 server_cookie=0 in_seq=0 out_seq=0
2024-03-23T08:14:36.723 INFO:teuthology.orchestra.run.smithi070.stdout:/usr/bin/ceph: stderr
2024-03-23T08:14:35.212+0000 7f04817fa700 1 -- 172.21.15.70:0/227248373 <== mon.0 v2:172.21.15.70:3300/0 6 ==== mon_command_ack([{"prefix": "get_command_descriptions"}]=0 v0) v1 ==== 72+0+176504 (secure 0 0 0) 0x7f047802bd50 con 0x7f04841113a0
2024-03-23T08:14:36.723 INFO:teuthology.orchestra.run.smithi070.stdout:/usr/bin/ceph: stderr
2024-03-23T08:14:35.447+0000 7f048b15d700 1 -- 172.21.15.70:0/227248373 --> [v2:172.21.15.70:3300/0,v1:172.21.15.70:6789/0] -- mon_command({"prefix": "mgr module enable", "module": "dashboard"} v 0) v1 -- 0x7f0484112b10 con 0x7f04841113a0
2024-03-23T08:14:36.723 INFO:teuthology.orchestra.run.smithi070.stdout:/usr/bin/ceph: stderr
2024-03-23T08:14:36.098+0000 7f04817fa700 1 -- 172.21.15.70:0/227248373 <== mon.0 v2:172.21.15.70:3300/0 7 ==== mgrmap(e 9) v1 ==== 43381+0+0 (secure 0 0 0) 0x7f0478049750 con 0x7f04841113a0
2024-03-23T08:14:36.723 INFO:teuthology.orchestra.run.smithi070.stdout:/usr/bin/ceph: stderr
2024-03-23T08:14:36.099+0000 7f04817fa700 1 -- 172.21.15.70:0/227248373 <== mon.0 v2:172.21.15.70:3300/0 8 ==== mon_command_ack([{"prefix": "mgr module enable", "module": "dashboard"}]=0 v9) v1 ==== 88+0+0 (secure 0 0 0) 0x7f0478018350 con 0x7f04841113a0
2024-03-23T08:14:36.723 INFO:teuthology.orchestra.run.smithi070.stdout:/usr/bin/ceph: stderr
2024-03-23T08:14:36.102+0000 7f048b15d700 1 -- 172.21.15.70:0/227248373 >> [v2:172.21.15.70:6800/2149030412,v1:172.21.15.70:6801/2149030412] conn(0x7f0474036790 msgr2=0x7f0474038c40 secure :-1 s=STATE_CONNECTION_ESTABLISHED l=1).mark_down
2024-03-23T08:14:36.723 INFO:teuthology.orchestra.run.smithi070.stdout:/usr/bin/ceph: stderr
2024-03-23T08:14:36.102+0000 7f048b15d700 1 --2- 172.21.15.70:0/227248373 >> [v2:172.21.15.70:6800/2149030412,v1:172.21.15.70:6801/2149030412] conn(0x7f0474036790 0x7f0474038c40 secure :-1 s=READY pgs=21 cs=0 l=1 rev1=1 crypto rx=0x7f0470009990 tx=0x7f0470006e40 comp rx=0 tx=0).stop
2024-03-23T08:14:36.723 INFO:teuthology.orchestra.run.smithi070.stdout:/usr/bin/ceph: stderr
2024-03-23T08:14:36.102+0000 7f048b15d700 1 -- 172.21.15.70:0/227248373 >> [v2:172.21.15.70:3300/0,v1:172.21.15.70:6789/0] conn(0x7f04841113a0 msgr2=0x7f04841117b0 secure :-1 s=STATE_CONNECTION_ESTABLISHED l=1).mark_down
2024-03-23T08:14:36.724 INFO:teuthology.orchestra.run.smithi070.stdout:/usr/bin/ceph: stderr
2024-03-23T08:14:36.102+0000 7f048b15d700 1 --2- 172.21.15.70:0/227248373 >> [v2:172.21.15.70:3300/0,v1:172.21.15.70:6789/0] conn(0x7f04841113a0 0x7f04841117b0 secure :-1 s=READY pgs=64 cs=0 l=1 rev1=1 crypto rx=0x7f0478006d40 tx=0x7f0478009250 comp rx=0 tx=0).stop
2024-03-23T08:14:36.724 INFO:teuthology.orchestra.run.smithi070.stdout:/usr/bin/ceph: stderr
2024-03-23T08:14:36.102+0000 7f048b15d700 1 -- 172.21.15.70:0/227248373 shutdown_connections
2024-03-23T08:14:36.724 INFO:teuthology.orchestra.run.smithi070.stdout:/usr/bin/ceph: stderr
2024-03-23T08:14:36.102+0000 7f048b15d700 1 --2- 172.21.15.70:0/227248373 >> [v2:172.21.15.70:6800/2149030412,v1:172.21.15.70:6801/2149030412] conn(0x7f0474036790 0x7f0474038c40 unknown :-1 s=CLOSED pgs=21 cs=0 l=1 rev1=1 crypto rx=0 tx=0 comp rx=0 tx=0).stop
2024-03-23T08:14:36.724 INFO:teuthology.orchestra.run.smithi070.stdout:/usr/bin/ceph: stderr
2024-03-23T08:14:36.102+0000 7f048b15d700 1 --2- 172.21.15.70:0/227248373 >> [v2:172.21.15.70:3300/0,v1:172.21.15.70:6789/0] conn(0x7f04841113a0 0x7f04841117b0 unknown :-1 s=CLOSED pgs=64 cs=0 l=1 rev1=1 crypto rx=0 tx=0 comp rx=0 tx=0).stop
2024-03-23T08:14:36.724 INFO:teuthology.orchestra.run.smithi070.stdout:/usr/bin/ceph: stderr
2024-03-23T08:14:36.102+0000 7f048b15d700 1 -- 172.21.15.70:0/227248373 >> 172.21.15.70:0/227248373 conn(0x7f04840fcb20 msgr2=0x7f04840fd6b0 unknown :-1 s=STATE_NONE l=0).mark_down
2024-03-23T08:14:36.724 INFO:teuthology.orchestra.run.smithi070.stdout:/usr/bin/ceph: stderr
2024-03-23T08:14:36.102+0000 7f048b15d700 1 -- 172.21.15.70:0/227248373 shutdown_connections
2024-03-23T08:14:36.724 INFO:teuthology.orchestra.run.smithi070.stdout:/usr/bin/ceph: stderr
2024-03-23T08:14:36.102+0000 7f048b15d700 1 -- 172.21.15.70:0/227248373 wait complete.
2024-03-23T08:14:37.483 INFO:journalctl@ceph.mon.smithi070.smithi070.stdout:Mar 23 08:14:37 smithi070 ceph-mon[39699]: from='client.? 172.21.15.70:0/227248373' entity='client.admin' cmd='[{"prefix": "mgr module enable", "module": "dashboard"}]': finished
2024-03-23T08:14:37.483 INFO:journalctl@ceph.mon.smithi070.smithi070.stdout:Mar 23 08:14:37 smithi070 ceph-mon[39699]: mgrmap e9: smithi070.jhsbch(active, since 26s)
2024-03-23T08:14:38.138 INFO:teuthology.orchestra.run.smithi070.stdout:/usr/bin/ceph: stdout {
2024-03-23T08:14:38.138 INFO:teuthology.orchestra.run.smithi070.stdout:/usr/bin/ceph: stdout "epoch": 9,
2024-03-23T08:14:38.138 INFO:teuthology.orchestra.run.smithi070.stdout:/usr/bin/ceph: stdout "available": true,
2024-03-23T08:14:38.138 INFO:teuthology.orchestra.run.smithi070.stdout:/usr/bin/ceph: stdout "active_name": "smithi070.jhsbch",
2024-03-23T08:14:38.138 INFO:teuthology.orchestra.run.smithi070.stdout:/usr/bin/ceph: stdout "num_standby": 0
2024-03-23T08:14:38.138 INFO:teuthology.orchestra.run.smithi070.stdout:/usr/bin/ceph: stdout }
2024-03-23T08:14:38.138 INFO:teuthology.orchestra.run.smithi070.stdout:/usr/bin/ceph: stderr
2024-03-23T08:14:37.217+0000 7f27f1efc700 1 Processor -- start
2024-03-23T08:14:38.138 INFO:teuthology.orchestra.run.smithi070.stdout:/usr/bin/ceph: stderr
2024-03-23T08:14:37.217+0000 7f27f1efc700 1 -- start start
2024-03-23T08:14:38.138 INFO:teuthology.orchestra.run.smithi070.stdout:/usr/bin/ceph: stderr
2024-03-23T08:14:37.217+0000 7f27f1efc700 1 --2- >> [v2:172.21.15.70:3300/0,v1:172.21.15.70:6789/0] conn(0x7f27ec076be0 0x7f27ec107650 unknown :-1 s=NONE pgs=0 cs=0 l=0 rev1=0 crypto rx=0 tx=0 comp rx=0 tx=0).connect
2024-03-23T08:14:38.138 INFO:teuthology.orchestra.run.smithi070.stdout:/usr/bin/ceph: stderr
2024-03-23T08:14:37.217+0000 7f27f1efc700 1 -- --> [v2:172.21.15.70:3300/0,v1:172.21.15.70:6789/0] -- mon_getmap magic: 0 v1 -- 0x7f27ec103040 con 0x7f27ec076be0
2024-03-23T08:14:38.139 INFO:teuthology.orchestra.run.smithi070.stdout:/usr/bin/ceph: stderr
2024-03-23T08:14:37.218+0000 7f27eb7fe700 1 --2- >> [v2:172.21.15.70:3300/0,v1:172.21.15.70:6789/0] conn(0x7f27ec076be0 0x7f27ec107650 unknown :-1 s=BANNER_CONNECTING pgs=0 cs=0 l=0 rev1=0 crypto rx=0 tx=0 comp rx=0 tx=0)._handle_peer_banner_payload supported=3 required=0
2024-03-23T08:14:38.139 INFO:teuthology.orchestra.run.smithi070.stdout:/usr/bin/ceph: stderr
2024-03-23T08:14:37.218+0000 7f27eb7fe700 1 --2- >> [v2:172.21.15.70:3300/0,v1:172.21.15.70:6789/0] conn(0x7f27ec076be0 0x7f27ec107650 unknown :-1 s=HELLO_CONNECTING pgs=0 cs=0 l=0 rev1=1 crypto rx=0 tx=0 comp rx=0 tx=0).handle_hello peer v2:172.21.15.70:3300/0 says I am v2:172.21.15.70:42566/0 (socket says 172.21.15.70:42566)
2024-03-23T08:14:38.139 INFO:teuthology.orchestra.run.smithi070.stdout:/usr/bin/ceph: stderr
2024-03-23T08:14:37.218+0000 7f27eb7fe700 1 -- 172.21.15.70:0/2427682259 learned_addr learned my addr 172.21.15.70:0/2427682259 (peer_addr_for_me v2:172.21.15.70:0/0)
2024-03-23T08:14:38.139 INFO:teuthology.orchestra.run.smithi070.stdout:/usr/bin/ceph: stderr
2024-03-23T08:14:37.218+0000 7f27eb7fe700 1 -- 172.21.15.70:0/2427682259 --> [v2:172.21.15.70:3300/0,v1:172.21.15.70:6789/0] -- mon_subscribe({config=0+,monmap=0+}) v3 -- 0x7f27ec107b90 con 0x7f27ec076be0
2024-03-23T08:14:38.139 INFO:teuthology.orchestra.run.smithi070.stdout:/usr/bin/ceph: stderr
2024-03-23T08:14:37.218+0000 7f27eb7fe700 1 --2- 172.21.15.70:0/2427682259 >> [v2:172.21.15.70:3300/0,v1:172.21.15.70:6789/0] conn(0x7f27ec076be0 0x7f27ec107650 secure :-1 s=READY pgs=67 cs=0 l=1 rev1=1 crypto rx=0x7f27dc0098e0 tx=0x7f27dc009250 comp rx=0 tx=0).ready entity=mon.0 client_cookie=2ff7cb342a9d0d88 server_cookie=0 in_seq=0 out_seq=0
2024-03-23T08:14:38.139 INFO:teuthology.orchestra.run.smithi070.stdout:/usr/bin/ceph: stderr
2024-03-23T08:14:37.218+0000 7f27ea7fc700 1 -- 172.21.15.70:0/2427682259 <== mon.0 v2:172.21.15.70:3300/0 1 ==== mon_map magic: 0 v1 ==== 229+0+0 (secure 0 0 0) 0x7f27dc00b860 con 0x7f27ec076be0
2024-03-23T08:14:38.139 INFO:teuthology.orchestra.run.smithi070.stdout:/usr/bin/ceph: stderr
2024-03-23T08:14:37.218+0000 7f27ea7fc700 1 -- 172.21.15.70:0/2427682259 <== mon.0 v2:172.21.15.70:3300/0 2 ==== config(26 keys) v1 ==== 1074+0+0 (secure 0 0 0) 0x7f27dc00be70 con 0x7f27ec076be0
2024-03-23T08:14:38.139 INFO:teuthology.orchestra.run.smithi070.stdout:/usr/bin/ceph: stderr
2024-03-23T08:14:37.218+0000 7f27ea7fc700 1 -- 172.21.15.70:0/2427682259 <== mon.0 v2:172.21.15.70:3300/0 3 ==== mon_map magic: 0 v1 ==== 229+0+0 (secure 0 0 0) 0x7f27dc010380 con 0x7f27ec076be0
2024-03-23T08:14:38.139 INFO:teuthology.orchestra.run.smithi070.stdout:/usr/bin/ceph: stderr
2024-03-23T08:14:37.219+0000 7f27f1efc700 1 -- 172.21.15.70:0/2427682259 >> [v2:172.21.15.70:3300/0,v1:172.21.15.70:6789/0] conn(0x7f27ec076be0 msgr2=0x7f27ec107650 secure :-1 s=STATE_CONNECTION_ESTABLISHED l=1).mark_down
2024-03-23T08:14:38.139 INFO:teuthology.orchestra.run.smithi070.stdout:/usr/bin/ceph: stderr
2024-03-23T08:14:37.219+0000 7f27f1efc700 1 --2- 172.21.15.70:0/2427682259 >> [v2:172.21.15.70:3300/0,v1:172.21.15.70:6789/0] conn(0x7f27ec076be0 0x7f27ec107650 secure :-1 s=READY pgs=67 cs=0 l=1 rev1=1 crypto rx=0x7f27dc0098e0 tx=0x7f27dc009250 comp rx=0 tx=0).stop
2024-03-23T08:14:38.139 INFO:teuthology.orchestra.run.smithi070.stdout:/usr/bin/ceph: stderr
2024-03-23T08:14:37.219+0000 7f27f1efc700 1 -- 172.21.15.70:0/2427682259 shutdown_connections
2024-03-23T08:14:38.139 INFO:teuthology.orchestra.run.smithi070.stdout:/usr/bin/ceph: stderr
2024-03-23T08:14:37.219+0000 7f27f1efc700 1 --2- 172.21.15.70:0/2427682259 >> [v2:172.21.15.70:3300/0,v1:172.21.15.70:6789/0] conn(0x7f27ec076be0 0x7f27ec107650 unknown :-1 s=CLOSED pgs=67 cs=0 l=1 rev1=1 crypto rx=0 tx=0 comp rx=0 tx=0).stop
2024-03-23T08:14:38.139 INFO:teuthology.orchestra.run.smithi070.stdout:/usr/bin/ceph: stderr
2024-03-23T08:14:37.219+0000 7f27f1efc700 1 -- 172.21.15.70:0/2427682259 >> 172.21.15.70:0/2427682259 conn(0x7f27ec0fcc60 msgr2=0x7f27ec0ff070 unknown :-1 s=STATE_NONE l=0).mark_down
2024-03-23T08:14:38.139 INFO:teuthology.orchestra.run.smithi070.stdout:/usr/bin/ceph: stderr
2024-03-23T08:14:37.219+0000 7f27f1efc700 1 -- 172.21.15.70:0/2427682259 shutdown_connections
2024-03-23T08:14:38.139 INFO:teuthology.orchestra.run.smithi070.stdout:/usr/bin/ceph: stderr
2024-03-23T08:14:37.219+0000 7f27f1efc700 1 -- 172.21.15.70:0/2427682259 wait complete.
2024-03-23T08:14:38.139 INFO:teuthology.orchestra.run.smithi070.stdout:/usr/bin/ceph: stderr
2024-03-23T08:14:37.220+0000 7f27f1efc700 1 Processor -- start
2024-03-23T08:14:38.140 INFO:teuthology.orchestra.run.smithi070.stdout:/usr/bin/ceph: stderr
2024-03-23T08:14:37.220+0000 7f27f1efc700 1 -- start start
2024-03-23T08:14:38.140 INFO:teuthology.orchestra.run.smithi070.stdout:/usr/bin/ceph: stderr
2024-03-23T08:14:37.220+0000 7f27f1efc700 1 --2- >> [v2:172.21.15.70:3300/0,v1:172.21.15.70:6789/0] conn(0x7f27ec076be0 0x7f27ec1135a0 unknown :-1 s=NONE pgs=0 cs=0 l=1 rev1=0 crypto rx=0 tx=0 comp rx=0 tx=0).connect
2024-03-23T08:14:38.140 INFO:teuthology.orchestra.run.smithi070.stdout:/usr/bin/ceph: stderr
2024-03-23T08:14:37.220+0000 7f27f1efc700 1 -- --> [v2:172.21.15.70:3300/0,v1:172.21.15.70:6789/0] -- mon_getmap magic: 0 v1 -- 0x7f27ec113ae0 con 0x7f27ec076be0
2024-03-23T08:14:38.140 INFO:teuthology.orchestra.run.smithi070.stdout:/usr/bin/ceph: stderr
2024-03-23T08:14:37.220+0000 7f27eb7fe700 1 --2- >> [v2:172.21.15.70:3300/0,v1:172.21.15.70:6789/0] conn(0x7f27ec076be0 0x7f27ec1135a0 unknown :-1 s=BANNER_CONNECTING pgs=0 cs=0 l=1 rev1=0 crypto rx=0 tx=0 comp rx=0 tx=0)._handle_peer_banner_payload supported=3 required=0
2024-03-23T08:14:38.140 INFO:teuthology.orchestra.run.smithi070.stdout:/usr/bin/ceph: stderr
2024-03-23T08:14:37.220+0000 7f27eb7fe700 1 --2- >> [v2:172.21.15.70:3300/0,v1:172.21.15.70:6789/0] conn(0x7f27ec076be0 0x7f27ec1135a0 unknown :-1 s=HELLO_CONNECTING pgs=0 cs=0 l=1 rev1=1 crypto rx=0 tx=0 comp rx=0 tx=0).handle_hello peer v2:172.21.15.70:3300/0 says I am v2:172.21.15.70:42572/0 (socket says 172.21.15.70:42572)
2024-03-23T08:14:38.140 INFO:teuthology.orchestra.run.smithi070.stdout:/usr/bin/ceph: stderr
2024-03-23T08:14:37.220+0000 7f27eb7fe700 1 -- 172.21.15.70:0/1248814739 learned_addr learned my addr 172.21.15.70:0/1248814739 (peer_addr_for_me v2:172.21.15.70:0/0)
2024-03-23T08:14:38.140 INFO:teuthology.orchestra.run.smithi070.stdout:/usr/bin/ceph: stderr
2024-03-23T08:14:37.220+0000 7f27eb7fe700 1 -- 172.21.15.70:0/1248814739 --> [v2:172.21.15.70:3300/0,v1:172.21.15.70:6789/0] -- mon_subscribe({config=0+,monmap=0+}) v3 -- 0x7f27dc0094f0 con 0x7f27ec076be0
2024-03-23T08:14:38.140 INFO:teuthology.orchestra.run.smithi070.stdout:/usr/bin/ceph: stderr
2024-03-23T08:14:37.220+0000 7f27eb7fe700 1 --2- 172.21.15.70:0/1248814739 >> [v2:172.21.15.70:3300/0,v1:172.21.15.70:6789/0] conn(0x7f27ec076be0 0x7f27ec1135a0 secure :-1 s=READY pgs=68 cs=0 l=1 rev1=1 crypto rx=0x7f27dc006d40 tx=0x7f27dc009250 comp rx=0 tx=0).ready entity=mon.0 client_cookie=0 server_cookie=0 in_seq=0 out_seq=0
2024-03-23T08:14:38.140 INFO:teuthology.orchestra.run.smithi070.stdout:/usr/bin/ceph: stderr
2024-03-23T08:14:37.221+0000 7f27d3fff700 1 -- 172.21.15.70:0/1248814739 <== mon.0 v2:172.21.15.70:3300/0 1 ==== mon_map magic: 0 v1 ==== 229+0+0 (secure 0 0 0) 0x7f27dc010960 con 0x7f27ec076be0
2024-03-23T08:14:38.140 INFO:teuthology.orchestra.run.smithi070.stdout:/usr/bin/ceph: stderr
2024-03-23T08:14:37.221+0000 7f27d3fff700 1 -- 172.21.15.70:0/1248814739 <== mon.0 v2:172.21.15.70:3300/0 2 ==== config(26 keys) v1 ==== 1074+0+0 (secure 0 0 0) 0x7f27dc01a430 con 0x7f27ec076be0
2024-03-23T08:14:38.140 INFO:teuthology.orchestra.run.smithi070.stdout:/usr/bin/ceph: stderr
2024-03-23T08:14:37.221+0000 7f27d3fff700 1 -- 172.21.15.70:0/1248814739 <== mon.0 v2:172.21.15.70:3300/0 3 ==== mon_map magic: 0 v1 ==== 229+0+0 (secure 0 0 0) 0x7f27dc0245b0 con 0x7f27ec076be0
2024-03-23T08:14:38.140 INFO:teuthology.orchestra.run.smithi070.stdout:/usr/bin/ceph: stderr
2024-03-23T08:14:37.221+0000 7f27f1efc700 1 -- 172.21.15.70:0/1248814739 --> [v2:172.21.15.70:3300/0,v1:172.21.15.70:6789/0] -- mon_subscribe({mgrmap=0+}) v3 -- 0x7f27ec113ce0 con 0x7f27ec076be0
2024-03-23T08:14:38.140 INFO:teuthology.orchestra.run.smithi070.stdout:/usr/bin/ceph: stderr
2024-03-23T08:14:37.221+0000 7f27f1efc700 1 -- 172.21.15.70:0/1248814739 --> [v2:172.21.15.70:3300/0,v1:172.21.15.70:6789/0] -- mon_subscribe({osdmap=0}) v3 -- 0x7f27ec114850 con 0x7f27ec076be0
2024-03-23T08:14:38.140 INFO:teuthology.orchestra.run.smithi070.stdout:/usr/bin/ceph: stderr
2024-03-23T08:14:37.221+0000 7f27d3fff700 1 -- 172.21.15.70:0/1248814739 <== mon.0 v2:172.21.15.70:3300/0 4 ==== mgrmap(e 9) v1 ==== 43381+0+0 (secure 0 0 0) 0x7f27dc02d3f0 con 0x7f27ec076be0
2024-03-23T08:14:38.140 INFO:teuthology.orchestra.run.smithi070.stdout:/usr/bin/ceph: stderr
2024-03-23T08:14:37.221+0000 7f27f1efc700 1 -- 172.21.15.70:0/1248814739 --> [v2:172.21.15.70:3300/0,v1:172.21.15.70:6789/0] -- mon_command({"prefix": "get_command_descriptions"} v 0) v1 -- 0x7f27ec05f5f0 con 0x7f27ec076be0
2024-03-23T08:14:38.141 INFO:teuthology.orchestra.run.smithi070.stdout:/usr/bin/ceph: stderr
2024-03-23T08:14:37.222+0000 7f27d3fff700 1 --2- 172.21.15.70:0/1248814739 >> [v2:172.21.15.70:6800/2149030412,v1:172.21.15.70:6801/2149030412] conn(0x7f27d40367e0 0x7f27d4038c90 unknown :-1 s=NONE pgs=0 cs=0 l=1 rev1=0 crypto rx=0 tx=0 comp rx=0 tx=0).connect
2024-03-23T08:14:38.141 INFO:teuthology.orchestra.run.smithi070.stdout:/usr/bin/ceph: stderr
2024-03-23T08:14:37.222+0000 7f27d3fff700 1 -- 172.21.15.70:0/1248814739 <== mon.0 v2:172.21.15.70:3300/0 5 ==== osd_map(2..2 src has 1..2) v4 ==== 936+0+0 (secure 0 0 0) 0x7f27dc04a340 con 0x7f27ec076be0
2024-03-23T08:14:38.141 INFO:teuthology.orchestra.run.smithi070.stdout:/usr/bin/ceph: stderr
2024-03-23T08:14:37.222+0000 7f27eaffd700 1 -- 172.21.15.70:0/1248814739 >> [v2:172.21.15.70:6800/2149030412,v1:172.21.15.70:6801/2149030412] conn(0x7f27d40367e0 msgr2=0x7f27d4038c90 unknown :-1 s=STATE_CONNECTING_RE l=1).process reconnect failed to v2:172.21.15.70:6800/2149030412
2024-03-23T08:14:38.141 INFO:teuthology.orchestra.run.smithi070.stdout:/usr/bin/ceph: stderr
2024-03-23T08:14:37.222+0000 7f27eaffd700 1 --2- 172.21.15.70:0/1248814739 >> [v2:172.21.15.70:6800/2149030412,v1:172.21.15.70:6801/2149030412] conn(0x7f27d40367e0 0x7f27d4038c90 unknown :-1 s=START_CONNECT pgs=0 cs=0 l=1 rev1=0 crypto rx=0 tx=0 comp rx=0 tx=0)._fault waiting 0.200000
2024-03-23T08:14:38.141 INFO:teuthology.orchestra.run.smithi070.stdout:/usr/bin/ceph: stderr
2024-03-23T08:14:37.230+0000 7f27d3fff700 1 -- 172.21.15.70:0/1248814739 <== mon.0 v2:172.21.15.70:3300/0 6 ==== mon_command_ack([{"prefix": "get_command_descriptions"}]=0 v0) v1 ==== 72+0+176504 (secure 0 0 0) 0x7f27dc02b8e0 con 0x7f27ec076be0
2024-03-23T08:14:38.141 INFO:teuthology.orchestra.run.smithi070.stdout:/usr/bin/ceph: stderr
2024-03-23T08:14:37.423+0000 7f27eaffd700 1 -- 172.21.15.70:0/1248814739 >> [v2:172.21.15.70:6800/2149030412,v1:172.21.15.70:6801/2149030412] conn(0x7f27d40367e0 msgr2=0x7f27d4038c90 unknown :-1 s=STATE_CONNECTING_RE l=1).process reconnect failed to v2:172.21.15.70:6800/2149030412
2024-03-23T08:14:38.141 INFO:teuthology.orchestra.run.smithi070.stdout:/usr/bin/ceph: stderr
2024-03-23T08:14:37.423+0000 7f27eaffd700 1 --2- 172.21.15.70:0/1248814739 >> [v2:172.21.15.70:6800/2149030412,v1:172.21.15.70:6801/2149030412] conn(0x7f27d40367e0 0x7f27d4038c90 unknown :-1 s=START_CONNECT pgs=0 cs=0 l=1 rev1=0 crypto rx=0 tx=0 comp rx=0 tx=0)._fault waiting 0.400000
2024-03-23T08:14:38.141 INFO:teuthology.orchestra.run.smithi070.stdout:/usr/bin/ceph: stderr
2024-03-23T08:14:37.476+0000 7f27f1efc700 1 -- 172.21.15.70:0/1248814739 --> [v2:172.21.15.70:3300/0,v1:172.21.15.70:6789/0] -- mon_command({"prefix": "mgr stat"} v 0) v1 -- 0x7f27ec114b90 con 0x7f27ec076be0
2024-03-23T08:14:38.141 INFO:teuthology.orchestra.run.smithi070.stdout:/usr/bin/ceph: stderr
2024-03-23T08:14:37.476+0000 7f27d3fff700 1 -- 172.21.15.70:0/1248814739 <== mon.0 v2:172.21.15.70:3300/0 7 ==== mon_command_ack([{"prefix": "mgr stat"}]=0 v9) v1 ==== 56+0+103 (secure 0 0 0) 0x7f27dc02b2f0 con 0x7f27ec076be0
2024-03-23T08:14:38.141 INFO:teuthology.orchestra.run.smithi070.stdout:/usr/bin/ceph: stderr
2024-03-23T08:14:37.478+0000 7f27f1efc700 1 -- 172.21.15.70:0/1248814739 >> [v2:172.21.15.70:6800/2149030412,v1:172.21.15.70:6801/2149030412] conn(0x7f27d40367e0 msgr2=0x7f27d4038c90 unknown :-1 s=STATE_CONNECTING l=1).mark_down
2024-03-23T08:14:38.141 INFO:teuthology.orchestra.run.smithi070.stdout:/usr/bin/ceph: stderr
2024-03-23T08:14:37.478+0000 7f27f1efc700 1 --2- 172.21.15.70:0/1248814739 >> [v2:172.21.15.70:6800/2149030412,v1:172.21.15.70:6801/2149030412] conn(0x7f27d40367e0 0x7f27d4038c90 unknown :-1 s=START_CONNECT pgs=0 cs=0 l=1 rev1=0 crypto rx=0 tx=0 comp rx=0 tx=0).stop
2024-03-23T08:14:38.141 INFO:teuthology.orchestra.run.smithi070.stdout:/usr/bin/ceph: stderr
2024-03-23T08:14:37.478+0000 7f27f1efc700 1 -- 172.21.15.70:0/1248814739 >> [v2:172.21.15.70:3300/0,v1:172.21.15.70:6789/0] conn(0x7f27ec076be0 msgr2=0x7f27ec1135a0 secure :-1 s=STATE_CONNECTION_ESTABLISHED l=1).mark_down
2024-03-23T08:14:38.141 INFO:teuthology.orchestra.run.smithi070.stdout:/usr/bin/ceph: stderr
2024-03-23T08:14:37.478+0000 7f27f1efc700 1 --2- 172.21.15.70:0/1248814739 >> [v2:172.21.15.70:3300/0,v1:172.21.15.70:6789/0] conn(0x7f27ec076be0 0x7f27ec1135a0 secure :-1 s=READY pgs=68 cs=0 l=1 rev1=1 crypto rx=0x7f27dc006d40 tx=0x7f27dc009250 comp rx=0 tx=0).stop
2024-03-23T08:14:38.141 INFO:teuthology.orchestra.run.smithi070.stdout:/usr/bin/ceph: stderr
2024-03-23T08:14:37.478+0000 7f27f1efc700 1 -- 172.21.15.70:0/1248814739 shutdown_connections
2024-03-23T08:14:38.141 INFO:teuthology.orchestra.run.smithi070.stdout:/usr/bin/ceph: stderr
2024-03-23T08:14:37.478+0000 7f27f1efc700 1 --2- 172.21.15.70:0/1248814739 >> [v2:172.21.15.70:6800/2149030412,v1:172.21.15.70:6801/2149030412] conn(0x7f27d40367e0 0x7f27d4038c90 unknown :-1 s=CLOSED pgs=0 cs=0 l=1 rev1=0 crypto rx=0 tx=0 comp rx=0 tx=0).stop
2024-03-23T08:14:38.142 INFO:teuthology.orchestra.run.smithi070.stdout:/usr/bin/ceph: stderr
2024-03-23T08:14:37.478+0000 7f27f1efc700 1 --2- 172.21.15.70:0/1248814739 >> [v2:172.21.15.70:3300/0,v1:172.21.15.70:6789/0] conn(0x7f27ec076be0 0x7f27ec1135a0 unknown :-1 s=CLOSED pgs=68 cs=0 l=1 rev1=1 crypto rx=0 tx=0 comp rx=0 tx=0).stop
2024-03-23T08:14:38.142 INFO:teuthology.orchestra.run.smithi070.stdout:/usr/bin/ceph: stderr
2024-03-23T08:14:37.478+0000 7f27f1efc700 1 -- 172.21.15.70:0/1248814739 >> 172.21.15.70:0/1248814739 conn(0x7f27ec0fcc60 msgr2=0x7f27ec0fd740 unknown :-1 s=STATE_NONE l=0).mark_down
2024-03-23T08:14:38.142 INFO:teuthology.orchestra.run.smithi070.stdout:/usr/bin/ceph: stderr
2024-03-23T08:14:37.478+0000 7f27f1efc700 1 -- 172.21.15.70:0/1248814739 shutdown_connections
2024-03-23T08:14:38.142 INFO:teuthology.orchestra.run.smithi070.stdout:/usr/bin/ceph: stderr
2024-03-23T08:14:37.478+0000 7f27f1efc700 1 -- 172.21.15.70:0/1248814739 wait complete.
2024-03-23T08:14:38.142 INFO:teuthology.orchestra.run.smithi070.stdout:Waiting for the mgr to restart...
2024-03-23T08:14:38.142 INFO:teuthology.orchestra.run.smithi070.stdout:Waiting for mgr epoch 9...
2024-03-23T08:14:38.367 INFO:journalctl@ceph.mon.smithi070.smithi070.stdout:Mar 23 08:14:38 smithi070 ceph-mon[39699]: from='client.? 172.21.15.70:0/1248814739' entity='client.admin' cmd=[{"prefix": "mgr stat"}]: dispatch
2024-03-23T08:14:42.733 INFO:journalctl@ceph.mon.smithi070.smithi070.stdout:Mar 23 08:14:42 smithi070 ceph-mon[39699]: Active manager daemon smithi070.jhsbch restarted
2024-03-23T08:14:42.733 INFO:journalctl@ceph.mon.smithi070.smithi070.stdout:Mar 23 08:14:42 smithi070 ceph-mon[39699]: Activating manager daemon smithi070.jhsbch
2024-03-23T08:14:42.733 INFO:journalctl@ceph.mon.smithi070.smithi070.stdout:Mar 23 08:14:42 smithi070 ceph-mon[39699]: osdmap e3: 0 total, 0 up, 0 in
2024-03-23T08:14:42.733 INFO:journalctl@ceph.mon.smithi070.smithi070.stdout:Mar 23 08:14:42 smithi070 ceph-mon[39699]: mgrmap e10: smithi070.jhsbch(active, starting, since 0.0033419s)
2024-03-23T08:14:42.733 INFO:journalctl@ceph.mon.smithi070.smithi070.stdout:Mar 23 08:14:42 smithi070 ceph-mon[39699]: from='mgr.14160 172.21.15.70:0/1841040323' entity='mgr.smithi070.jhsbch' cmd=[{"prefix": "mon metadata", "id": "smithi070"}]: dispatch
2024-03-23T08:14:42.733 INFO:journalctl@ceph.mon.smithi070.smithi070.stdout:Mar 23 08:14:42 smithi070 ceph-mon[39699]: from='mgr.14160 172.21.15.70:0/1841040323' entity='mgr.smithi070.jhsbch' cmd=[{"prefix": "mgr metadata", "who": "smithi070.jhsbch", "id": "smithi070.jhsbch"}]: dispatch
