2024-03-23T08:13:56.621+0000 7f01b0f0a700 1 -- 172.21.15.70:0/3654775144 --> [v2:172.21.15.70:3300/0,v1:172.21.15.70:6789/0] -- mon_subscribe({mgrmap=0+}) v3 -- 0x7f01ac111a50 con 0x7f01ac103be0
2024-03-23T08:14:01.246 INFO:teuthology.orchestra.run.smithi070.stdout:/usr/bin/ceph: stderr
2024-03-23T08:13:56.621+0000 7f019affd700 1 -- 172.21.15.70:0/3654775144 <== mon.0 v2:172.21.15.70:3300/0 3 ==== mon_map magic: 0 v1 ==== 229+0+0 (secure 0 0 0) 0x7f01a001a5f0 con 0x7f01ac103be0
2024-03-23T08:14:01.246 INFO:teuthology.orchestra.run.smithi070.stdout:/usr/bin/ceph: stderr
2024-03-23T08:13:56.621+0000 7f01b0f0a700 1 -- 172.21.15.70:0/3654775144 --> [v2:172.21.15.70:3300/0,v1:172.21.15.70:6789/0] -- mon_subscribe({osdmap=0}) v3 -- 0x7f01ac1125c0 con 0x7f01ac103be0
2024-03-23T08:14:01.246 INFO:teuthology.orchestra.run.smithi070.stdout:/usr/bin/ceph: stderr
2024-03-23T08:13:56.621+0000 7f019affd700 1 -- 172.21.15.70:0/3654775144 <== mon.0 v2:172.21.15.70:3300/0 4 ==== mgrmap(e 4) v1 ==== 43357+0+0 (secure 0 0 0) 0x7f01a0010b10 con 0x7f01ac103be0
2024-03-23T08:14:01.246 INFO:teuthology.orchestra.run.smithi070.stdout:/usr/bin/ceph: stderr
2024-03-23T08:13:56.622+0000 7f019affd700 1 --2- 172.21.15.70:0/3654775144 >> [v2:172.21.15.70:6800/2736698870,v1:172.21.15.70:6801/2736698870] conn(0x7f0194036740 0x7f0194038bf0 unknown :-1 s=NONE pgs=0 cs=0 l=1 rev1=0 crypto rx=0 tx=0 comp rx=0 tx=0).connect
2024-03-23T08:14:01.246 INFO:teuthology.orchestra.run.smithi070.stdout:/usr/bin/ceph: stderr
2024-03-23T08:13:56.622+0000 7f019affd700 1 -- 172.21.15.70:0/3654775144 <== mon.0 v2:172.21.15.70:3300/0 5 ==== osd_map(1..1 src has 1..1) v4 ==== 721+0+0 (secure 0 0 0) 0x7f01a004a600 con 0x7f01ac103be0
2024-03-23T08:14:01.246 INFO:teuthology.orchestra.run.smithi070.stdout:/usr/bin/ceph: stderr
2024-03-23T08:13:56.622+0000 7f01a9d9b700 1 --2- 172.21.15.70:0/3654775144 >> [v2:172.21.15.70:6800/2736698870,v1:172.21.15.70:6801/2736698870] conn(0x7f0194036740 0x7f0194038bf0 unknown :-1 s=BANNER_CONNECTING pgs=0 cs=0 l=1 rev1=0 crypto rx=0 tx=0 comp rx=0 tx=0)._handle_peer_banner_payload supported=3 required=0
2024-03-23T08:14:01.246 INFO:teuthology.orchestra.run.smithi070.stdout:/usr/bin/ceph: stderr
2024-03-23T08:13:56.622+0000 7f01b0f0a700 1 -- 172.21.15.70:0/3654775144 --> [v2:172.21.15.70:3300/0,v1:172.21.15.70:6789/0] -- mon_command({"prefix": "get_command_descriptions"} v 0) v1 -- 0x7f01ac05f5f0 con 0x7f01ac103be0
2024-03-23T08:14:01.247 INFO:teuthology.orchestra.run.smithi070.stdout:/usr/bin/ceph: stderr
2024-03-23T08:13:56.622+0000 7f01a9d9b700 1 --2- 172.21.15.70:0/3654775144 >> [v2:172.21.15.70:6800/2736698870,v1:172.21.15.70:6801/2736698870] conn(0x7f0194036740 0x7f0194038bf0 secure :-1 s=READY pgs=6 cs=0 l=1 rev1=1 crypto rx=0x7f019c009990 tx=0x7f019c006e40 comp rx=0 tx=0).ready entity=mgr.14100 client_cookie=0 server_cookie=0 in_seq=0 out_seq=0
2024-03-23T08:14:01.247 INFO:teuthology.orchestra.run.smithi070.stdout:/usr/bin/ceph: stderr
2024-03-23T08:13:56.627+0000 7f019affd700 1 -- 172.21.15.70:0/3654775144 <== mon.0 v2:172.21.15.70:3300/0 6 ==== mon_command_ack([{"prefix": "get_command_descriptions"}]=0 v0) v1 ==== 72+0+176504 (secure 0 0 0) 0x7f01a00239f0 con 0x7f01ac103be0
2024-03-23T08:14:01.247 INFO:teuthology.orchestra.run.smithi070.stdout:/usr/bin/ceph: stderr
2024-03-23T08:13:56.884+0000 7f01b0f0a700 1 -- 172.21.15.70:0/3654775144 --> [v2:172.21.15.70:3300/0,v1:172.21.15.70:6789/0] -- mon_command({"prefix": "status", "format": "json-pretty"} v 0) v1 -- 0x7f01ac112800 con 0x7f01ac103be0
2024-03-23T08:14:01.247 INFO:teuthology.orchestra.run.smithi070.stdout:/usr/bin/ceph: stderr
2024-03-23T08:13:56.884+0000 7f019affd700 1 -- 172.21.15.70:0/3654775144 <== mon.0 v2:172.21.15.70:3300/0 7 ==== mon_command_ack([{"prefix": "status", "format": "json-pretty"}]=0 v0) v1 ==== 79+0+1248 (secure 0 0 0) 0x7f01a00314f0 con 0x7f01ac103be0
2024-03-23T08:14:01.247 INFO:teuthology.orchestra.run.smithi070.stdout:/usr/bin/ceph: stderr
2024-03-23T08:13:56.886+0000 7f01b0f0a700 1 -- 172.21.15.70:0/3654775144 >> [v2:172.21.15.70:6800/2736698870,v1:172.21.15.70:6801/2736698870] conn(0x7f0194036740 msgr2=0x7f0194038bf0 secure :-1 s=STATE_CONNECTION_ESTABLISHED l=1).mark_down
2024-03-23T08:14:01.247 INFO:teuthology.orchestra.run.smithi070.stdout:/usr/bin/ceph: stderr
2024-03-23T08:13:56.886+0000 7f01b0f0a700 1 --2- 172.21.15.70:0/3654775144 >> [v2:172.21.15.70:6800/2736698870,v1:172.21.15.70:6801/2736698870] conn(0x7f0194036740 0x7f0194038bf0 secure :-1 s=READY pgs=6 cs=0 l=1 rev1=1 crypto rx=0x7f019c009990 tx=0x7f019c006e40 comp rx=0 tx=0).stop
2024-03-23T08:14:01.247 INFO:teuthology.orchestra.run.smithi070.stdout:/usr/bin/ceph: stderr
2024-03-23T08:13:56.886+0000 7f01b0f0a700 1 -- 172.21.15.70:0/3654775144 >> [v2:172.21.15.70:3300/0,v1:172.21.15.70:6789/0] conn(0x7f01ac103be0 msgr2=0x7f01ac111310 secure :-1 s=STATE_CONNECTION_ESTABLISHED l=1).mark_down
2024-03-23T08:14:01.247 INFO:teuthology.orchestra.run.smithi070.stdout:/usr/bin/ceph: stderr
2024-03-23T08:13:56.886+0000 7f01b0f0a700 1 --2- 172.21.15.70:0/3654775144 >> [v2:172.21.15.70:3300/0,v1:172.21.15.70:6789/0] conn(0x7f01ac103be0 0x7f01ac111310 secure :-1 s=READY pgs=17 cs=0 l=1 rev1=1 crypto rx=0x7f01a0006b00 tx=0x7f01a0009250 comp rx=0 tx=0).stop
2024-03-23T08:14:01.247 INFO:teuthology.orchestra.run.smithi070.stdout:/usr/bin/ceph: stderr
2024-03-23T08:13:56.886+0000 7f01b0f0a700 1 -- 172.21.15.70:0/3654775144 shutdown_connections
2024-03-23T08:14:01.247 INFO:teuthology.orchestra.run.smithi070.stdout:/usr/bin/ceph: stderr
2024-03-23T08:13:56.886+0000 7f01b0f0a700 1 --2- 172.21.15.70:0/3654775144 >> [v2:172.21.15.70:6800/2736698870,v1:172.21.15.70:6801/2736698870] conn(0x7f0194036740 0x7f0194038bf0 unknown :-1 s=CLOSED pgs=6 cs=0 l=1 rev1=1 crypto rx=0 tx=0 comp rx=0 tx=0).stop
2024-03-23T08:14:01.247 INFO:teuthology.orchestra.run.smithi070.stdout:/usr/bin/ceph: stderr
2024-03-23T08:13:56.886+0000 7f01b0f0a700 1 --2- 172.21.15.70:0/3654775144 >> [v2:172.21.15.70:3300/0,v1:172.21.15.70:6789/0] conn(0x7f01ac103be0 0x7f01ac111310 unknown :-1 s=CLOSED pgs=17 cs=0 l=1 rev1=1 crypto rx=0 tx=0 comp rx=0 tx=0).stop
2024-03-23T08:14:01.247 INFO:teuthology.orchestra.run.smithi070.stdout:/usr/bin/ceph: stderr
2024-03-23T08:13:56.886+0000 7f01b0f0a700 1 -- 172.21.15.70:0/3654775144 >> 172.21.15.70:0/3654775144 conn(0x7f01ac0fc400 msgr2=0x7f01ac0fcec0 unknown :-1 s=STATE_NONE l=0).mark_down
2024-03-23T08:14:01.247 INFO:teuthology.orchestra.run.smithi070.stdout:/usr/bin/ceph: stderr
2024-03-23T08:13:56.886+0000 7f01b0f0a700 1 -- 172.21.15.70:0/3654775144 shutdown_connections
2024-03-23T08:14:01.247 INFO:teuthology.orchestra.run.smithi070.stdout:/usr/bin/ceph: stderr
2024-03-23T08:13:56.886+0000 7f01b0f0a700 1 -- 172.21.15.70:0/3654775144 wait complete.
2024-03-23T08:14:01.247 INFO:teuthology.orchestra.run.smithi070.stdout:mgr is available
2024-03-23T08:14:02.233 INFO:journalctl@ceph.mon.smithi070.smithi070.stdout:Mar 23 08:14:01 smithi070 ceph-mon[39699]: from='client.? 172.21.15.70:0/1795683266' entity='client.admin' cmd=[{"prefix": "config assimilate-conf"}]: dispatch
2024-03-23T08:14:02.592 INFO:teuthology.orchestra.run.smithi070.stdout:/usr/bin/ceph: stdout
2024-03-23T08:14:02.592 INFO:teuthology.orchestra.run.smithi070.stdout:/usr/bin/ceph: stdout [global]
2024-03-23T08:14:02.592 INFO:teuthology.orchestra.run.smithi070.stdout:/usr/bin/ceph: stdout fsid = 2762dd54-e8ed-11ee-95cd-87774f69a715
2024-03-23T08:14:02.592 INFO:teuthology.orchestra.run.smithi070.stdout:/usr/bin/ceph: stdout mon_osd_allow_pg_remap = true
2024-03-23T08:14:02.592 INFO:teuthology.orchestra.run.smithi070.stdout:/usr/bin/ceph: stdout mon_osd_allow_primary_affinity = true
2024-03-23T08:14:02.592 INFO:teuthology.orchestra.run.smithi070.stdout:/usr/bin/ceph: stdout mon_warn_on_no_sortbitwise = false
2024-03-23T08:14:02.592 INFO:teuthology.orchestra.run.smithi070.stdout:/usr/bin/ceph: stdout osd_crush_chooseleaf_type = 0
2024-03-23T08:14:02.592 INFO:teuthology.orchestra.run.smithi070.stdout:/usr/bin/ceph: stdout
2024-03-23T08:14:02.592 INFO:teuthology.orchestra.run.smithi070.stdout:/usr/bin/ceph: stdout [mgr]
2024-03-23T08:14:02.592 INFO:teuthology.orchestra.run.smithi070.stdout:/usr/bin/ceph: stdout mgr/telemetry/nag = false
2024-03-23T08:14:02.593 INFO:teuthology.orchestra.run.smithi070.stdout:/usr/bin/ceph: stdout
2024-03-23T08:14:02.593 INFO:teuthology.orchestra.run.smithi070.stdout:/usr/bin/ceph: stdout [osd]
2024-03-23T08:14:02.593 INFO:teuthology.orchestra.run.smithi070.stdout:/usr/bin/ceph: stdout mon_osd_backfillfull_ratio = 0.85
2024-03-23T08:14:02.593 INFO:teuthology.orchestra.run.smithi070.stdout:/usr/bin/ceph: stdout mon_osd_full_ratio = 0.9
2024-03-23T08:14:02.593 INFO:teuthology.orchestra.run.smithi070.stdout:/usr/bin/ceph: stdout mon_osd_nearfull_ratio = 0.8
2024-03-23T08:14:02.593 INFO:teuthology.orchestra.run.smithi070.stdout:/usr/bin/ceph: stdout osd_map_max_advance = 10
2024-03-23T08:14:02.593 INFO:teuthology.orchestra.run.smithi070.stdout:/usr/bin/ceph: stdout osd_sloppy_crc = true
2024-03-23T08:14:02.593 INFO:teuthology.orchestra.run.smithi070.stdout:/usr/bin/ceph: stderr
2024-03-23T08:14:01.731+0000 7f76e0992700 1 Processor -- start
2024-03-23T08:14:02.593 INFO:teuthology.orchestra.run.smithi070.stdout:/usr/bin/ceph: stderr
2024-03-23T08:14:01.732+0000 7f76e0992700 1 -- start start
2024-03-23T08:14:02.593 INFO:teuthology.orchestra.run.smithi070.stdout:/usr/bin/ceph: stderr
2024-03-23T08:14:01.732+0000 7f76e0992700 1 --2- >> [v2:172.21.15.70:3300/0,v1:172.21.15.70:6789/0] conn(0x7f76dc076c20 0x7f76dc105210 unknown :-1 s=NONE pgs=0 cs=0 l=0 rev1=0 crypto rx=0 tx=0 comp rx=0 tx=0).connect
2024-03-23T08:14:02.593 INFO:teuthology.orchestra.run.smithi070.stdout:/usr/bin/ceph: stderr
2024-03-23T08:14:01.732+0000 7f76e0992700 1 -- --> [v2:172.21.15.70:3300/0,v1:172.21.15.70:6789/0] -- mon_getmap magic: 0 v1 -- 0x7f76dc105750 con 0x7f76dc076c20
2024-03-23T08:14:02.593 INFO:teuthology.orchestra.run.smithi070.stdout:/usr/bin/ceph: stderr
2024-03-23T08:14:01.732+0000 7f76da59c700 1 --2- >> [v2:172.21.15.70:3300/0,v1:172.21.15.70:6789/0] conn(0x7f76dc076c20 0x7f76dc105210 unknown :-1 s=BANNER_CONNECTING pgs=0 cs=0 l=0 rev1=0 crypto rx=0 tx=0 comp rx=0 tx=0)._handle_peer_banner_payload supported=3 required=0
2024-03-23T08:14:02.593 INFO:teuthology.orchestra.run.smithi070.stdout:/usr/bin/ceph: stderr
2024-03-23T08:14:01.732+0000 7f76da59c700 1 --2- >> [v2:172.21.15.70:3300/0,v1:172.21.15.70:6789/0] conn(0x7f76dc076c20 0x7f76dc105210 unknown :-1 s=HELLO_CONNECTING pgs=0 cs=0 l=0 rev1=1 crypto rx=0 tx=0 comp rx=0 tx=0).handle_hello peer v2:172.21.15.70:3300/0 says I am v2:172.21.15.70:38620/0 (socket says 172.21.15.70:38620)
2024-03-23T08:14:02.593 INFO:teuthology.orchestra.run.smithi070.stdout:/usr/bin/ceph: stderr
2024-03-23T08:14:01.732+0000 7f76da59c700 1 -- 172.21.15.70:0/1031369459 learned_addr learned my addr 172.21.15.70:0/1031369459 (peer_addr_for_me v2:172.21.15.70:0/0)
2024-03-23T08:14:02.593 INFO:teuthology.orchestra.run.smithi070.stdout:/usr/bin/ceph: stderr
2024-03-23T08:14:01.733+0000 7f76da59c700 1 -- 172.21.15.70:0/1031369459 --> [v2:172.21.15.70:3300/0,v1:172.21.15.70:6789/0] -- mon_subscribe({config=0+,monmap=0+}) v3 -- 0x7f76dc105890 con 0x7f76dc076c20
2024-03-23T08:14:02.593 INFO:teuthology.orchestra.run.smithi070.stdout:/usr/bin/ceph: stderr
2024-03-23T08:14:01.733+0000 7f76da59c700 1 --2- 172.21.15.70:0/1031369459 >> [v2:172.21.15.70:3300/0,v1:172.21.15.70:6789/0] conn(0x7f76dc076c20 0x7f76dc105210 secure :-1 s=READY pgs=18 cs=0 l=1 rev1=1 crypto rx=0x7f76c40098e0 tx=0x7f76c4009250 comp rx=0 tx=0).ready entity=mon.0 client_cookie=f7c6d12a5c850614 server_cookie=0 in_seq=0 out_seq=0
2024-03-23T08:14:02.593 INFO:teuthology.orchestra.run.smithi070.stdout:/usr/bin/ceph: stderr
2024-03-23T08:14:01.733+0000 7f76d959a700 1 -- 172.21.15.70:0/1031369459 <== mon.0 v2:172.21.15.70:3300/0 1 ==== mon_map magic: 0 v1 ==== 229+0+0 (secure 0 0 0) 0x7f76c400b860 con 0x7f76dc076c20
2024-03-23T08:14:02.594 INFO:teuthology.orchestra.run.smithi070.stdout:/usr/bin/ceph: stderr
2024-03-23T08:14:01.733+0000 7f76d959a700 1 -- 172.21.15.70:0/1031369459 <== mon.0 v2:172.21.15.70:3300/0 2 ==== config(26 keys) v1 ==== 1009+0+0 (secure 0 0 0) 0x7f76c400be30 con 0x7f76dc076c20
2024-03-23T08:14:02.594 INFO:teuthology.orchestra.run.smithi070.stdout:/usr/bin/ceph: stderr
2024-03-23T08:14:01.733+0000 7f76d959a700 1 -- 172.21.15.70:0/1031369459 <== mon.0 v2:172.21.15.70:3300/0 3 ==== mon_map magic: 0 v1 ==== 229+0+0 (secure 0 0 0) 0x7f76c4010380 con 0x7f76dc076c20
2024-03-23T08:14:02.594 INFO:teuthology.orchestra.run.smithi070.stdout:/usr/bin/ceph: stderr
2024-03-23T08:14:01.733+0000 7f76e0992700 1 -- 172.21.15.70:0/1031369459 >> [v2:172.21.15.70:3300/0,v1:172.21.15.70:6789/0] conn(0x7f76dc076c20 msgr2=0x7f76dc105210 secure :-1 s=STATE_CONNECTION_ESTABLISHED l=1).mark_down
2024-03-23T08:14:02.594 INFO:teuthology.orchestra.run.smithi070.stdout:/usr/bin/ceph: stderr
2024-03-23T08:14:01.733+0000 7f76e0992700 1 --2- 172.21.15.70:0/1031369459 >> [v2:172.21.15.70:3300/0,v1:172.21.15.70:6789/0] conn(0x7f76dc076c20 0x7f76dc105210 secure :-1 s=READY pgs=18 cs=0 l=1 rev1=1 crypto rx=0x7f76c40098e0 tx=0x7f76c4009250 comp rx=0 tx=0).stop
2024-03-23T08:14:02.594 INFO:teuthology.orchestra.run.smithi070.stdout:/usr/bin/ceph: stderr
2024-03-23T08:14:01.734+0000 7f76e0992700 1 -- 172.21.15.70:0/1031369459 shutdown_connections
2024-03-23T08:14:02.594 INFO:teuthology.orchestra.run.smithi070.stdout:/usr/bin/ceph: stderr
2024-03-23T08:14:01.734+0000 7f76e0992700 1 --2- 172.21.15.70:0/1031369459 >> [v2:172.21.15.70:3300/0,v1:172.21.15.70:6789/0] conn(0x7f76dc076c20 0x7f76dc105210 unknown :-1 s=CLOSED pgs=18 cs=0 l=1 rev1=1 crypto rx=0 tx=0 comp rx=0 tx=0).stop
2024-03-23T08:14:02.594 INFO:teuthology.orchestra.run.smithi070.stdout:/usr/bin/ceph: stderr
2024-03-23T08:14:01.734+0000 7f76e0992700 1 -- 172.21.15.70:0/1031369459 >> 172.21.15.70:0/1031369459 conn(0x7f76dc0fcc60 msgr2=0x7f76dc0ff070 unknown :-1 s=STATE_NONE l=0).mark_down
2024-03-23T08:14:02.594 INFO:teuthology.orchestra.run.smithi070.stdout:/usr/bin/ceph: stderr
2024-03-23T08:14:01.734+0000 7f76e0992700 1 -- 172.21.15.70:0/1031369459 shutdown_connections
2024-03-23T08:14:02.594 INFO:teuthology.orchestra.run.smithi070.stdout:/usr/bin/ceph: stderr
2024-03-23T08:14:01.734+0000 7f76e0992700 1 -- 172.21.15.70:0/1031369459 wait complete.
2024-03-23T08:14:02.594 INFO:teuthology.orchestra.run.smithi070.stdout:/usr/bin/ceph: stderr
2024-03-23T08:14:01.734+0000 7f76e0992700 1 Processor -- start
2024-03-23T08:14:02.594 INFO:teuthology.orchestra.run.smithi070.stdout:/usr/bin/ceph: stderr
2024-03-23T08:14:01.734+0000 7f76e0992700 1 -- start start
2024-03-23T08:14:02.594 INFO:teuthology.orchestra.run.smithi070.stdout:/usr/bin/ceph: stderr
2024-03-23T08:14:01.734+0000 7f76e0992700 1 --2- >> [v2:172.21.15.70:3300/0,v1:172.21.15.70:6789/0] conn(0x7f76dc076c20 0x7f76dc111380 unknown :-1 s=NONE pgs=0 cs=0 l=1 rev1=0 crypto rx=0 tx=0 comp rx=0 tx=0).connect
2024-03-23T08:14:02.594 INFO:teuthology.orchestra.run.smithi070.stdout:/usr/bin/ceph: stderr
2024-03-23T08:14:01.734+0000 7f76e0992700 1 -- --> [v2:172.21.15.70:3300/0,v1:172.21.15.70:6789/0] -- mon_getmap magic: 0 v1 -- 0x7f76dc1118c0 con 0x7f76dc076c20
2024-03-23T08:14:02.594 INFO:teuthology.orchestra.run.smithi070.stdout:/usr/bin/ceph: stderr
2024-03-23T08:14:01.734+0000 7f76da59c700 1 --2- >> [v2:172.21.15.70:3300/0,v1:172.21.15.70:6789/0] conn(0x7f76dc076c20 0x7f76dc111380 unknown :-1 s=BANNER_CONNECTING pgs=0 cs=0 l=1 rev1=0 crypto rx=0 tx=0 comp rx=0 tx=0)._handle_peer_banner_payload supported=3 required=0
2024-03-23T08:14:02.595 INFO:teuthology.orchestra.run.smithi070.stdout:/usr/bin/ceph: stderr
2024-03-23T08:14:01.735+0000 7f76da59c700 1 --2- >> [v2:172.21.15.70:3300/0,v1:172.21.15.70:6789/0] conn(0x7f76dc076c20 0x7f76dc111380 unknown :-1 s=HELLO_CONNECTING pgs=0 cs=0 l=1 rev1=1 crypto rx=0 tx=0 comp rx=0 tx=0).handle_hello peer v2:172.21.15.70:3300/0 says I am v2:172.21.15.70:38622/0 (socket says 172.21.15.70:38622)
2024-03-23T08:14:02.595 INFO:teuthology.orchestra.run.smithi070.stdout:/usr/bin/ceph: stderr
2024-03-23T08:14:01.735+0000 7f76da59c700 1 -- 172.21.15.70:0/1795683266 learned_addr learned my addr 172.21.15.70:0/1795683266 (peer_addr_for_me v2:172.21.15.70:0/0)
2024-03-23T08:14:02.595 INFO:teuthology.orchestra.run.smithi070.stdout:/usr/bin/ceph: stderr
2024-03-23T08:14:01.735+0000 7f76da59c700 1 -- 172.21.15.70:0/1795683266 --> [v2:172.21.15.70:3300/0,v1:172.21.15.70:6789/0] -- mon_subscribe({config=0+,monmap=0+}) v3 -- 0x7f76c40094f0 con 0x7f76dc076c20
2024-03-23T08:14:02.595 INFO:teuthology.orchestra.run.smithi070.stdout:/usr/bin/ceph: stderr
2024-03-23T08:14:01.735+0000 7f76da59c700 1 --2- 172.21.15.70:0/1795683266 >> [v2:172.21.15.70:3300/0,v1:172.21.15.70:6789/0] conn(0x7f76dc076c20 0x7f76dc111380 secure :-1 s=READY pgs=19 cs=0 l=1 rev1=1 crypto rx=0x7f76c4006d40 tx=0x7f76c4009250 comp rx=0 tx=0).ready entity=mon.0 client_cookie=0 server_cookie=0 in_seq=0 out_seq=0
2024-03-23T08:14:02.595 INFO:teuthology.orchestra.run.smithi070.stdout:/usr/bin/ceph: stderr
2024-03-23T08:14:01.735+0000 7f76d2ffd700 1 -- 172.21.15.70:0/1795683266 <== mon.0 v2:172.21.15.70:3300/0 1 ==== mon_map magic: 0 v1 ==== 229+0+0 (secure 0 0 0) 0x7f76c40109b0 con 0x7f76dc076c20
2024-03-23T08:14:02.595 INFO:teuthology.orchestra.run.smithi070.stdout:/usr/bin/ceph: stderr
2024-03-23T08:14:01.735+0000 7f76d2ffd700 1 -- 172.21.15.70:0/1795683266 <== mon.0 v2:172.21.15.70:3300/0 2 ==== config(26 keys) v1 ==== 1009+0+0 (secure 0 0 0) 0x7f76c4024440 con 0x7f76dc076c20
2024-03-23T08:14:02.595 INFO:teuthology.orchestra.run.smithi070.stdout:/usr/bin/ceph: stderr
2024-03-23T08:14:01.735+0000 7f76e0992700 1 -- 172.21.15.70:0/1795683266 --> [v2:172.21.15.70:3300/0,v1:172.21.15.70:6789/0] -- mon_subscribe({mgrmap=0+}) v3 -- 0x7f76dc111ac0 con 0x7f76dc076c20
2024-03-23T08:14:02.595 INFO:teuthology.orchestra.run.smithi070.stdout:/usr/bin/ceph: stderr
2024-03-23T08:14:01.735+0000 7f76d2ffd700 1 -- 172.21.15.70:0/1795683266 <== mon.0 v2:172.21.15.70:3300/0 3 ==== mon_map magic: 0 v1 ==== 229+0+0 (secure 0 0 0) 0x7f76c401a5f0 con 0x7f76dc076c20
2024-03-23T08:14:02.595 INFO:teuthology.orchestra.run.smithi070.stdout:/usr/bin/ceph: stderr
2024-03-23T08:14:01.735+0000 7f76e0992700 1 -- 172.21.15.70:0/1795683266 --> [v2:172.21.15.70:3300/0,v1:172.21.15.70:6789/0] -- mon_subscribe({osdmap=0}) v3 -- 0x7f76dc112630 con 0x7f76dc076c20
2024-03-23T08:14:02.595 INFO:teuthology.orchestra.run.smithi070.stdout:/usr/bin/ceph: stderr
2024-03-23T08:14:01.736+0000 7f76d2ffd700 1 -- 172.21.15.70:0/1795683266 <== mon.0 v2:172.21.15.70:3300/0 4 ==== mgrmap(e 4) v1 ==== 43357+0+0 (secure 0 0 0) 0x7f76c4024970 con 0x7f76dc076c20
2024-03-23T08:14:02.595 INFO:teuthology.orchestra.run.smithi070.stdout:/usr/bin/ceph: stderr
2024-03-23T08:14:01.736+0000 7f76e0992700 1 -- 172.21.15.70:0/1795683266 --> [v2:172.21.15.70:3300/0,v1:172.21.15.70:6789/0] -- mon_command({"prefix": "get_command_descriptions"} v 0) v1 -- 0x7f76dc05f5f0 con 0x7f76dc076c20
2024-03-23T08:14:02.595 INFO:teuthology.orchestra.run.smithi070.stdout:/usr/bin/ceph: stderr
2024-03-23T08:14:01.736+0000 7f76d2ffd700 1 --2- 172.21.15.70:0/1795683266 >> [v2:172.21.15.70:6800/2736698870,v1:172.21.15.70:6801/2736698870] conn(0x7f76c8036790 0x7f76c8038c40 unknown :-1 s=NONE pgs=0 cs=0 l=1 rev1=0 crypto rx=0 tx=0 comp rx=0 tx=0).connect
2024-03-23T08:14:02.595 INFO:teuthology.orchestra.run.smithi070.stdout:/usr/bin/ceph: stderr
2024-03-23T08:14:01.736+0000 7f76d2ffd700 1 -- 172.21.15.70:0/1795683266 <== mon.0 v2:172.21.15.70:3300/0 5 ==== osd_map(1..1 src has 1..1) v4 ==== 721+0+0 (secure 0 0 0) 0x7f76c404a5d0 con 0x7f76dc076c20
2024-03-23T08:14:02.595 INFO:teuthology.orchestra.run.smithi070.stdout:/usr/bin/ceph: stderr
2024-03-23T08:14:01.736+0000 7f76d9d9b700 1 --2- 172.21.15.70:0/1795683266 >> [v2:172.21.15.70:6800/2736698870,v1:172.21.15.70:6801/2736698870] conn(0x7f76c8036790 0x7f76c8038c40 unknown :-1 s=BANNER_CONNECTING pgs=0 cs=0 l=1 rev1=0 crypto rx=0 tx=0 comp rx=0 tx=0)._handle_peer_banner_payload supported=3 required=0
2024-03-23T08:14:02.596 INFO:teuthology.orchestra.run.smithi070.stdout:/usr/bin/ceph: stderr
2024-03-23T08:14:01.737+0000 7f76d9d9b700 1 --2- 172.21.15.70:0/1795683266 >> [v2:172.21.15.70:6800/2736698870,v1:172.21.15.70:6801/2736698870] conn(0x7f76c8036790 0x7f76c8038c40 secure :-1 s=READY pgs=7 cs=0 l=1 rev1=1 crypto rx=0x7f76cc009990 tx=0x7f76cc006e40 comp rx=0 tx=0).ready entity=mgr.14100 client_cookie=0 server_cookie=0 in_seq=0 out_seq=0
2024-03-23T08:14:02.596 INFO:teuthology.orchestra.run.smithi070.stdout:/usr/bin/ceph: stderr
2024-03-23T08:14:01.741+0000 7f76d2ffd700 1 -- 172.21.15.70:0/1795683266 <== mon.0 v2:172.21.15.70:3300/0 6 ==== mon_command_ack([{"prefix": "get_command_descriptions"}]=0 v0) v1 ==== 72+0+176504 (secure 0 0 0) 0x7f76c40245b0 con 0x7f76dc076c20
2024-03-23T08:14:02.596 INFO:teuthology.orchestra.run.smithi070.stdout:/usr/bin/ceph: stderr
2024-03-23T08:14:01.924+0000 7f76e0992700 1 -- 172.21.15.70:0/1795683266 --> [v2:172.21.15.70:3300/0,v1:172.21.15.70:6789/0] -- mon_command({"prefix": "config assimilate-conf"} v 0) v1 -- 0x7f76dc04bed0 con 0x7f76dc076c20
2024-03-23T08:14:02.596 INFO:teuthology.orchestra.run.smithi070.stdout:/usr/bin/ceph: stderr
2024-03-23T08:14:01.924+0000 7f76d2ffd700 1 -- 172.21.15.70:0/1795683266 <== mon.0 v2:172.21.15.70:3300/0 7 ==== mon_command_ack([{"prefix": "config assimilate-conf"}]=0 v3) v1 ==== 70+0+373 (secure 0 0 0) 0x7f76c40233a0 con 0x7f76dc076c20
2024-03-23T08:14:02.596 INFO:teuthology.orchestra.run.smithi070.stdout:/usr/bin/ceph: stderr
2024-03-23T08:14:01.926+0000 7f76e0992700 1 -- 172.21.15.70:0/1795683266 >> [v2:172.21.15.70:6800/2736698870,v1:172.21.15.70:6801/2736698870] conn(0x7f76c8036790 msgr2=0x7f76c8038c40 secure :-1 s=STATE_CONNECTION_ESTABLISHED l=1).mark_down
2024-03-23T08:14:02.596 INFO:teuthology.orchestra.run.smithi070.stdout:/usr/bin/ceph: stderr
2024-03-23T08:14:01.926+0000 7f76e0992700 1 --2- 172.21.15.70:0/1795683266 >> [v2:172.21.15.70:6800/2736698870,v1:172.21.15.70:6801/2736698870] conn(0x7f76c8036790 0x7f76c8038c40 secure :-1 s=READY pgs=7 cs=0 l=1 rev1=1 crypto rx=0x7f76cc009990 tx=0x7f76cc006e40 comp rx=0 tx=0).stop
2024-03-23T08:14:02.596 INFO:teuthology.orchestra.run.smithi070.stdout:/usr/bin/ceph: stderr
2024-03-23T08:14:01.926+0000 7f76e0992700 1 -- 172.21.15.70:0/1795683266 >> [v2:172.21.15.70:3300/0,v1:172.21.15.70:6789/0] conn(0x7f76dc076c20 msgr2=0x7f76dc111380 secure :-1 s=STATE_CONNECTION_ESTABLISHED l=1).mark_down
2024-03-23T08:14:02.596 INFO:teuthology.orchestra.run.smithi070.stdout:/usr/bin/ceph: stderr
2024-03-23T08:14:01.926+0000 7f76e0992700 1 --2- 172.21.15.70:0/1795683266 >> [v2:172.21.15.70:3300/0,v1:172.21.15.70:6789/0] conn(0x7f76dc076c20 0x7f76dc111380 secure :-1 s=READY pgs=19 cs=0 l=1 rev1=1 crypto rx=0x7f76c4006d40 tx=0x7f76c4009250 comp rx=0 tx=0).stop
2024-03-23T08:14:02.596 INFO:teuthology.orchestra.run.smithi070.stdout:/usr/bin/ceph: stderr
2024-03-23T08:14:01.926+0000 7f76e0992700 1 -- 172.21.15.70:0/1795683266 shutdown_connections
2024-03-23T08:14:02.596 INFO:teuthology.orchestra.run.smithi070.stdout:/usr/bin/ceph: stderr
2024-03-23T08:14:01.926+0000 7f76e0992700 1 --2- 172.21.15.70:0/1795683266 >> [v2:172.21.15.70:6800/2736698870,v1:172.21.15.70:6801/2736698870] conn(0x7f76c8036790 0x7f76c8038c40 unknown :-1 s=CLOSED pgs=7 cs=0 l=1 rev1=1 crypto rx=0 tx=0 comp rx=0 tx=0).stop
2024-03-23T08:14:02.596 INFO:teuthology.orchestra.run.smithi070.stdout:/usr/bin/ceph: stderr
2024-03-23T08:14:01.926+0000 7f76e0992700 1 --2- 172.21.15.70:0/1795683266 >> [v2:172.21.15.70:3300/0,v1:172.21.15.70:6789/0] conn(0x7f76dc076c20 0x7f76dc111380 unknown :-1 s=CLOSED pgs=19 cs=0 l=1 rev1=1 crypto rx=0 tx=0 comp rx=0 tx=0).stop
2024-03-23T08:14:02.596 INFO:teuthology.orchestra.run.smithi070.stdout:/usr/bin/ceph: stderr
2024-03-23T08:14:01.926+0000 7f76e0992700 1 -- 172.21.15.70:0/1795683266 >> 172.21.15.70:0/1795683266 conn(0x7f76dc0fcc60 msgr2=0x7f76dc0fd780 unknown :-1 s=STATE_NONE l=0).mark_down
2024-03-23T08:14:02.596 INFO:teuthology.orchestra.run.smithi070.stdout:/usr/bin/ceph: stderr
2024-03-23T08:14:01.927+0000 7f76e0992700 1 -- 172.21.15.70:0/1795683266 shutdown_connections
2024-03-23T08:14:02.596 INFO:teuthology.orchestra.run.smithi070.stdout:/usr/bin/ceph: stderr
2024-03-23T08:14:01.927+0000 7f76e0992700 1 -- 172.21.15.70:0/1795683266 wait complete.
2024-03-23T08:14:02.596 INFO:teuthology.orchestra.run.smithi070.stdout:Enabling cephadm module...
2024-03-23T08:14:03.731 INFO:journalctl@ceph.mon.smithi070.smithi070.stdout:Mar 23 08:14:03 smithi070 ceph-mon[39699]: from='client.? 172.21.15.70:0/2650858645' entity='client.admin' cmd=[{"prefix": "mgr module enable", "module": "cephadm"}]: dispatch
2024-03-23T08:14:04.081 INFO:teuthology.orchestra.run.smithi070.stdout:/usr/bin/ceph: stderr
2024-03-23T08:14:03.114+0000 7fe00c8c2700 1 Processor -- start
2024-03-23T08:14:04.081 INFO:teuthology.orchestra.run.smithi070.stdout:/usr/bin/ceph: stderr
2024-03-23T08:14:03.114+0000 7fe00c8c2700 1 -- start start
2024-03-23T08:14:04.082 INFO:teuthology.orchestra.run.smithi070.stdout:/usr/bin/ceph: stderr
2024-03-23T08:14:03.114+0000 7fe00c8c2700 1 --2- >> [v2:172.21.15.70:3300/0,v1:172.21.15.70:6789/0] conn(0x7fe008102560 0x7fe008102970 unknown :-1 s=NONE pgs=0 cs=0 l=0 rev1=0 crypto rx=0 tx=0 comp rx=0 tx=0).connect
2024-03-23T08:14:04.082 INFO:teuthology.orchestra.run.smithi070.stdout:/usr/bin/ceph: stderr
2024-03-23T08:14:03.114+0000 7fe00c8c2700 1 -- --> [v2:172.21.15.70:3300/0,v1:172.21.15.70:6789/0] -- mon_getmap magic: 0 v1 -- 0x7fe008102eb0 con 0x7fe008102560
2024-03-23T08:14:04.082 INFO:teuthology.orchestra.run.smithi070.stdout:/usr/bin/ceph: stderr
2024-03-23T08:14:03.114+0000 7fe00659c700 1 --2- >> [v2:172.21.15.70:3300/0,v1:172.21.15.70:6789/0] conn(0x7fe008102560 0x7fe008102970 unknown :-1 s=BANNER_CONNECTING pgs=0 cs=0 l=0 rev1=0 crypto rx=0 tx=0 comp rx=0 tx=0)._handle_peer_banner_payload supported=3 required=0
2024-03-23T08:14:04.082 INFO:teuthology.orchestra.run.smithi070.stdout:/usr/bin/ceph: stderr
2024-03-23T08:14:03.114+0000 7fe00659c700 1 --2- >> [v2:172.21.15.70:3300/0,v1:172.21.15.70:6789/0] conn(0x7fe008102560 0x7fe008102970 unknown :-1 s=HELLO_CONNECTING pgs=0 cs=0 l=0 rev1=1 crypto rx=0 tx=0 comp rx=0 tx=0).handle_hello peer v2:172.21.15.70:3300/0 says I am v2:172.21.15.70:38624/0 (socket says 172.21.15.70:38624)
2024-03-23T08:14:04.082 INFO:teuthology.orchestra.run.smithi070.stdout:/usr/bin/ceph: stderr
2024-03-23T08:14:03.114+0000 7fe00659c700 1 -- 172.21.15.70:0/1755499266 learned_addr learned my addr 172.21.15.70:0/1755499266 (peer_addr_for_me v2:172.21.15.70:0/0)
2024-03-23T08:14:04.082 INFO:teuthology.orchestra.run.smithi070.stdout:/usr/bin/ceph: stderr
2024-03-23T08:14:03.114+0000 7fe00659c700 1 -- 172.21.15.70:0/1755499266 --> [v2:172.21.15.70:3300/0,v1:172.21.15.70:6789/0] -- mon_subscribe({config=0+,monmap=0+}) v3 -- 0x7fe008102ff0 con 0x7fe008102560
2024-03-23T08:14:04.082 INFO:teuthology.orchestra.run.smithi070.stdout:/usr/bin/ceph: stderr
2024-03-23T08:14:03.115+0000 7fe00659c700 1 --2- 172.21.15.70:0/1755499266 >> [v2:172.21.15.70:3300/0,v1:172.21.15.70:6789/0] conn(0x7fe008102560 0x7fe008102970 secure :-1 s=READY pgs=20 cs=0 l=1 rev1=1 crypto rx=0x7fdff80098e0 tx=0x7fdff8009250 comp rx=0 tx=0).ready entity=mon.0 client_cookie=a6c2eb5ef2cc5eb5 server_cookie=0 in_seq=0 out_seq=0
2024-03-23T08:14:04.082 INFO:teuthology.orchestra.run.smithi070.stdout:/usr/bin/ceph: stderr
2024-03-23T08:14:03.115+0000 7fe00559a700 1 -- 172.21.15.70:0/1755499266 <== mon.0 v2:172.21.15.70:3300/0 1 ==== mon_map magic: 0 v1 ==== 229+0+0 (secure 0 0 0) 0x7fdff800b860 con 0x7fe008102560
2024-03-23T08:14:04.082 INFO:teuthology.orchestra.run.smithi070.stdout:/usr/bin/ceph: stderr
2024-03-23T08:14:03.115+0000 7fe00559a700 1 -- 172.21.15.70:0/1755499266 <== mon.0 v2:172.21.15.70:3300/0 2 ==== config(26 keys) v1 ==== 1009+0+0 (secure 0 0 0) 0x7fdff800be30 con 0x7fe008102560
2024-03-23T08:14:04.082 INFO:teuthology.orchestra.run.smithi070.stdout:/usr/bin/ceph: stderr
2024-03-23T08:14:03.115+0000 7fe00559a700 1 -- 172.21.15.70:0/1755499266 <== mon.0 v2:172.21.15.70:3300/0 3 ==== mon_map magic: 0 v1 ==== 229+0+0 (secure 0 0 0) 0x7fdff8010380 con 0x7fe008102560
2024-03-23T08:14:04.082 INFO:teuthology.orchestra.run.smithi070.stdout:/usr/bin/ceph: stderr
2024-03-23T08:14:03.115+0000 7fe00c8c2700 1 -- 172.21.15.70:0/1755499266 >> [v2:172.21.15.70:3300/0,v1:172.21.15.70:6789/0] conn(0x7fe008102560 msgr2=0x7fe008102970 secure :-1 s=STATE_CONNECTION_ESTABLISHED l=1).mark_down
2024-03-23T08:14:04.082 INFO:teuthology.orchestra.run.smithi070.stdout:/usr/bin/ceph: stderr
2024-03-23T08:14:03.115+0000 7fe00c8c2700 1 --2- 172.21.15.70:0/1755499266 >> [v2:172.21.15.70:3300/0,v1:172.21.15.70:6789/0] conn(0x7fe008102560 0x7fe008102970 secure :-1 s=READY pgs=20 cs=0 l=1 rev1=1 crypto rx=0x7fdff80098e0 tx=0x7fdff8009250 comp rx=0 tx=0).stop
2024-03-23T08:14:04.082 INFO:teuthology.orchestra.run.smithi070.stdout:/usr/bin/ceph: stderr
2024-03-23T08:14:03.115+0000 7fe00c8c2700 1 -- 172.21.15.70:0/1755499266 shutdown_connections
2024-03-23T08:14:04.082 INFO:teuthology.orchestra.run.smithi070.stdout:/usr/bin/ceph: stderr
2024-03-23T08:14:03.115+0000 7fe00c8c2700 1 --2- 172.21.15.70:0/1755499266 >> [v2:172.21.15.70:3300/0,v1:172.21.15.70:6789/0] conn(0x7fe008102560 0x7fe008102970 unknown :-1 s=CLOSED pgs=20 cs=0 l=1 rev1=1 crypto rx=0 tx=0 comp rx=0 tx=0).stop
2024-03-23T08:14:04.083 INFO:teuthology.orchestra.run.smithi070.stdout:/usr/bin/ceph: stderr
2024-03-23T08:14:03.115+0000 7fe00c8c2700 1 -- 172.21.15.70:0/1755499266 >> 172.21.15.70:0/1755499266 conn(0x7fe0080fdcc0 msgr2=0x7fe0081000f0 unknown :-1 s=STATE_NONE l=0).mark_down
2024-03-23T08:14:04.083 INFO:teuthology.orchestra.run.smithi070.stdout:/usr/bin/ceph: stderr
2024-03-23T08:14:03.115+0000 7fe00c8c2700 1 -- 172.21.15.70:0/1755499266 shutdown_connections
2024-03-23T08:14:04.083 INFO:teuthology.orchestra.run.smithi070.stdout:/usr/bin/ceph: stderr
2024-03-23T08:14:03.115+0000 7fe00c8c2700 1 -- 172.21.15.70:0/1755499266 wait complete.
2024-03-23T08:14:04.083 INFO:teuthology.orchestra.run.smithi070.stdout:/usr/bin/ceph: stderr
2024-03-23T08:14:03.116+0000 7fe00c8c2700 1 Processor -- start
2024-03-23T08:14:04.083 INFO:teuthology.orchestra.run.smithi070.stdout:/usr/bin/ceph: stderr
2024-03-23T08:14:03.116+0000 7fe00c8c2700 1 -- start start
2024-03-23T08:14:04.083 INFO:teuthology.orchestra.run.smithi070.stdout:/usr/bin/ceph: stderr
2024-03-23T08:14:03.116+0000 7fe00c8c2700 1 --2- >> [v2:172.21.15.70:3300/0,v1:172.21.15.70:6789/0] conn(0x7fe008102560 0x7fe008111360 unknown :-1 s=NONE pgs=0 cs=0 l=1 rev1=0 crypto rx=0 tx=0 comp rx=0 tx=0).connect
2024-03-23T08:14:04.083 INFO:teuthology.orchestra.run.smithi070.stdout:/usr/bin/ceph: stderr
2024-03-23T08:14:03.116+0000 7fe00c8c2700 1 -- --> [v2:172.21.15.70:3300/0,v1:172.21.15.70:6789/0] -- mon_getmap magic: 0 v1 -- 0x7fe0081118a0 con 0x7fe008102560
2024-03-23T08:14:04.083 INFO:teuthology.orchestra.run.smithi070.stdout:/usr/bin/ceph: stderr
2024-03-23T08:14:03.116+0000 7fe00659c700 1 --2- >> [v2:172.21.15.70:3300/0,v1:172.21.15.70:6789/0] conn(0x7fe008102560 0x7fe008111360 unknown :-1 s=BANNER_CONNECTING pgs=0 cs=0 l=1 rev1=0 crypto rx=0 tx=0 comp rx=0 tx=0)._handle_peer_banner_payload supported=3 required=0
2024-03-23T08:14:04.083 INFO:teuthology.orchestra.run.smithi070.stdout:/usr/bin/ceph: stderr
2024-03-23T08:14:03.116+0000 7fe00659c700 1 --2- >> [v2:172.21.15.70:3300/0,v1:172.21.15.70:6789/0] conn(0x7fe008102560 0x7fe008111360 unknown :-1 s=HELLO_CONNECTING pgs=0 cs=0 l=1 rev1=1 crypto rx=0 tx=0 comp rx=0 tx=0).handle_hello peer v2:172.21.15.70:3300/0 says I am v2:172.21.15.70:38628/0 (socket says 172.21.15.70:38628)
2024-03-23T08:14:04.083 INFO:teuthology.orchestra.run.smithi070.stdout:/usr/bin/ceph: stderr
2024-03-23T08:14:03.116+0000 7fe00659c700 1 -- 172.21.15.70:0/2650858645 learned_addr learned my addr 172.21.15.70:0/2650858645 (peer_addr_for_me v2:172.21.15.70:0/0)
2024-03-23T08:14:04.083 INFO:teuthology.orchestra.run.smithi070.stdout:/usr/bin/ceph: stderr
2024-03-23T08:14:03.116+0000 7fe00659c700 1 -- 172.21.15.70:0/2650858645 --> [v2:172.21.15.70:3300/0,v1:172.21.15.70:6789/0] -- mon_subscribe({config=0+,monmap=0+}) v3 -- 0x7fdff80094f0 con 0x7fe008102560
2024-03-23T08:14:04.083 INFO:teuthology.orchestra.run.smithi070.stdout:/usr/bin/ceph: stderr
2024-03-23T08:14:03.117+0000 7fe00659c700 1 --2- 172.21.15.70:0/2650858645 >> [v2:172.21.15.70:3300/0,v1:172.21.15.70:6789/0] conn(0x7fe008102560 0x7fe008111360 secure :-1 s=READY pgs=21 cs=0 l=1 rev1=1 crypto rx=0x7fdff8006b00 tx=0x7fdff8009250 comp rx=0 tx=0).ready entity=mon.0 client_cookie=0 server_cookie=0 in_seq=0 out_seq=0
2024-03-23T08:14:04.083 INFO:teuthology.orchestra.run.smithi070.stdout:/usr/bin/ceph: stderr
2024-03-23T08:14:03.117+0000 7fdff6ffd700 1 -- 172.21.15.70:0/2650858645 <== mon.0 v2:172.21.15.70:3300/0 1 ==== mon_map magic: 0 v1 ==== 229+0+0 (secure 0 0 0) 0x7fdff80109b0 con 0x7fe008102560
2024-03-23T08:14:04.083 INFO:teuthology.orchestra.run.smithi070.stdout:/usr/bin/ceph: stderr
2024-03-23T08:14:03.117+0000 7fdff6ffd700 1 -- 172.21.15.70:0/2650858645 <== mon.0 v2:172.21.15.70:3300/0 2 ==== config(26 keys) v1 ==== 1009+0+0 (secure 0 0 0) 0x7fdff8024440 con 0x7fe008102560
2024-03-23T08:14:04.083 INFO:teuthology.orchestra.run.smithi070.stdout:/usr/bin/ceph: stderr
2024-03-23T08:14:03.117+0000 7fdff6ffd700 1 -- 172.21.15.70:0/2650858645 <== mon.0 v2:172.21.15.70:3300/0 3 ==== mon_map magic: 0 v1 ==== 229+0+0 (secure 0 0 0) 0x7fdff801a5f0 con 0x7fe008102560
2024-03-23T08:14:04.084 INFO:teuthology.orchestra.run.smithi070.stdout:/usr/bin/ceph: stderr
2024-03-23T08:14:03.117+0000 7fe00c8c2700 1 -- 172.21.15.70:0/2650858645 --> [v2:172.21.15.70:3300/0,v1:172.21.15.70:6789/0] -- mon_subscribe({mgrmap=0+}) v3 -- 0x7fe008111aa0 con 0x7fe008102560
2024-03-23T08:14:04.084 INFO:teuthology.orchestra.run.smithi070.stdout:/usr/bin/ceph: stderr
2024-03-23T08:14:03.117+0000 7fe00c8c2700 1 -- 172.21.15.70:0/2650858645 --> [v2:172.21.15.70:3300/0,v1:172.21.15.70:6789/0] -- mon_subscribe({osdmap=0}) v3 -- 0x7fe008112610 con 0x7fe008102560
2024-03-23T08:14:04.084 INFO:teuthology.orchestra.run.smithi070.stdout:/usr/bin/ceph: stderr
2024-03-23T08:14:03.118+0000 7fdff6ffd700 1 -- 172.21.15.70:0/2650858645 <== mon.0 v2:172.21.15.70:3300/0 4 ==== mgrmap(e 4) v1 ==== 43357+0+0 (secure 0 0 0) 0x7fdff801a860 con 0x7fe008102560
2024-03-23T08:14:04.084 INFO:teuthology.orchestra.run.smithi070.stdout:/usr/bin/ceph: stderr
2024-03-23T08:14:03.118+0000 7fe00c8c2700 1 -- 172.21.15.70:0/2650858645 --> [v2:172.21.15.70:3300/0,v1:172.21.15.70:6789/0] -- mon_command({"prefix": "get_command_descriptions"} v 0) v1 -- 0x7fe00805f5f0 con 0x7fe008102560
2024-03-23T08:14:04.084 INFO:teuthology.orchestra.run.smithi070.stdout:/usr/bin/ceph: stderr
2024-03-23T08:14:03.118+0000 7fdff6ffd700 1 --2- 172.21.15.70:0/2650858645 >> [v2:172.21.15.70:6800/2736698870,v1:172.21.15.70:6801/2736698870] conn(0x7fdff0036790 0x7fdff0038c40 unknown :-1 s=NONE pgs=0 cs=0 l=1 rev1=0 crypto rx=0 tx=0 comp rx=0 tx=0).connect
2024-03-23T08:14:04.084 INFO:teuthology.orchestra.run.smithi070.stdout:/usr/bin/ceph: stderr
2024-03-23T08:14:03.118+0000 7fdff6ffd700 1 -- 172.21.15.70:0/2650858645 <== mon.0 v2:172.21.15.70:3300/0 5 ==== osd_map(1..1 src has 1..1) v4 ==== 721+0+0 (secure 0 0 0) 0x7fdff804a830 con 0x7fe008102560
2024-03-23T08:14:04.084 INFO:teuthology.orchestra.run.smithi070.stdout:/usr/bin/ceph: stderr
2024-03-23T08:14:03.118+0000 7fe005d9b700 1 --2- 172.21.15.70:0/2650858645 >> [v2:172.21.15.70:6800/2736698870,v1:172.21.15.70:6801/2736698870] conn(0x7fdff0036790 0x7fdff0038c40 unknown :-1 s=BANNER_CONNECTING pgs=0 cs=0 l=1 rev1=0 crypto rx=0 tx=0 comp rx=0 tx=0)._handle_peer_banner_payload supported=3 required=0
2024-03-23T08:14:04.084 INFO:teuthology.orchestra.run.smithi070.stdout:/usr/bin/ceph: stderr
2024-03-23T08:14:03.118+0000 7fe005d9b700 1 --2- 172.21.15.70:0/2650858645 >> [v2:172.21.15.70:6800/2736698870,v1:172.21.15.70:6801/2736698870] conn(0x7fdff0036790 0x7fdff0038c40 secure :-1 s=READY pgs=8 cs=0 l=1 rev1=1 crypto rx=0x7fdffc009990 tx=0x7fdffc006e40 comp rx=0 tx=0).ready entity=mgr.14100 client_cookie=0 server_cookie=0 in_seq=0 out_seq=0
2024-03-23T08:14:04.084 INFO:teuthology.orchestra.run.smithi070.stdout:/usr/bin/ceph: stderr
2024-03-23T08:14:03.122+0000 7fdff6ffd700 1 -- 172.21.15.70:0/2650858645 <== mon.0 v2:172.21.15.70:3300/0 6 ==== mon_command_ack([{"prefix": "get_command_descriptions"}]=0 v0) v1 ==== 72+0+176504 (secure 0 0 0) 0x7fdff801ab10 con 0x7fe008102560
2024-03-23T08:14:04.084 INFO:teuthology.orchestra.run.smithi070.stdout:/usr/bin/ceph: stderr
2024-03-23T08:14:03.357+0000 7fe00c8c2700 1 -- 172.21.15.70:0/2650858645 --> [v2:172.21.15.70:3300/0,v1:172.21.15.70:6789/0] -- mon_command({"prefix": "mgr module enable", "module": "cephadm"} v 0) v1 -- 0x7fe00804bed0 con 0x7fe008102560
2024-03-23T08:14:04.084 INFO:teuthology.orchestra.run.smithi070.stdout:/usr/bin/ceph: stderr
2024-03-23T08:14:03.410+0000 7fdff6ffd700 1 -- 172.21.15.70:0/2650858645 <== mon.0 v2:172.21.15.70:3300/0 7 ==== mgrmap(e 5) v1 ==== 43368+0+0 (secure 0 0 0) 0x7fdff8024990 con 0x7fe008102560
2024-03-23T08:14:04.084 INFO:teuthology.orchestra.run.smithi070.stdout:/usr/bin/ceph: stderr
2024-03-23T08:14:03.411+0000 7fdff6ffd700 1 -- 172.21.15.70:0/2650858645 <== mon.0 v2:172.21.15.70:3300/0 8 ==== mon_command_ack([{"prefix": "mgr module enable", "module": "cephadm"}]=0 v5) v1 ==== 86+0+0 (secure 0 0 0) 0x7fdff802c970 con 0x7fe008102560
2024-03-23T08:14:04.084 INFO:teuthology.orchestra.run.smithi070.stdout:/usr/bin/ceph: stderr
2024-03-23T08:14:03.414+0000 7fe00c8c2700 1 -- 172.21.15.70:0/2650858645 >> [v2:172.21.15.70:6800/2736698870,v1:172.21.15.70:6801/2736698870] conn(0x7fdff0036790 msgr2=0x7fdff0038c40 secure :-1 s=STATE_CONNECTION_ESTABLISHED l=1).mark_down
2024-03-23T08:14:04.084 INFO:teuthology.orchestra.run.smithi070.stdout:/usr/bin/ceph: stderr
2024-03-23T08:14:03.414+0000 7fe00c8c2700 1 --2- 172.21.15.70:0/2650858645 >> [v2:172.21.15.70:6800/2736698870,v1:172.21.15.70:6801/2736698870] conn(0x7fdff0036790 0x7fdff0038c40 secure :-1 s=READY pgs=8 cs=0 l=1 rev1=1 crypto rx=0x7fdffc009990 tx=0x7fdffc006e40 comp rx=0 tx=0).stop
2024-03-23T08:14:04.084 INFO:teuthology.orchestra.run.smithi070.stdout:/usr/bin/ceph: stderr
2024-03-23T08:14:03.414+0000 7fe00c8c2700 1 -- 172.21.15.70:0/2650858645 >> [v2:172.21.15.70:3300/0,v1:172.21.15.70:6789/0] conn(0x7fe008102560 msgr2=0x7fe008111360 secure :-1 s=STATE_CONNECTION_ESTABLISHED l=1).mark_down
2024-03-23T08:14:04.085 INFO:teuthology.orchestra.run.smithi070.stdout:/usr/bin/ceph: stderr
2024-03-23T08:14:03.414+0000 7fe00c8c2700 1 --2- 172.21.15.70:0/2650858645 >> [v2:172.21.15.70:3300/0,v1:172.21.15.70:6789/0] conn(0x7fe008102560 0x7fe008111360 secure :-1 s=READY pgs=21 cs=0 l=1 rev1=1 crypto rx=0x7fdff8006b00 tx=0x7fdff8009250 comp rx=0 tx=0).stop
2024-03-23T08:14:04.085 INFO:teuthology.orchestra.run.smithi070.stdout:/usr/bin/ceph: stderr
2024-03-23T08:14:03.414+0000 7fe00c8c2700 1 -- 172.21.15.70:0/2650858645 shutdown_connections
2024-03-23T08:14:04.085 INFO:teuthology.orchestra.run.smithi070.stdout:/usr/bin/ceph: stderr
2024-03-23T08:14:03.414+0000 7fe00c8c2700 1 --2- 172.21.15.70:0/2650858645 >> [v2:172.21.15.70:6800/2736698870,v1:172.21.15.70:6801/2736698870] conn(0x7fdff0036790 0x7fdff0038c40 unknown :-1 s=CLOSED pgs=8 cs=0 l=1 rev1=1 crypto rx=0 tx=0 comp rx=0 tx=0).stop
2024-03-23T08:14:04.085 INFO:teuthology.orchestra.run.smithi070.stdout:/usr/bin/ceph: stderr
2024-03-23T08:14:03.414+0000 7fe00c8c2700 1 --2- 172.21.15.70:0/2650858645 >> [v2:172.21.15.70:3300/0,v1:172.21.15.70:6789/0] conn(0x7fe008102560 0x7fe008111360 unknown :-1 s=CLOSED pgs=21 cs=0 l=1 rev1=1 crypto rx=0 tx=0 comp rx=0 tx=0).stop
2024-03-23T08:14:04.085 INFO:teuthology.orchestra.run.smithi070.stdout:/usr/bin/ceph: stderr
2024-03-23T08:14:03.414+0000 7fe00c8c2700 1 -- 172.21.15.70:0/2650858645 >> 172.21.15.70:0/2650858645 conn(0x7fe0080fdcc0 msgr2=0x7fe0080fe810 unknown :-1 s=STATE_NONE l=0).mark_down
2024-03-23T08:14:04.085 INFO:teuthology.orchestra.run.smithi070.stdout:/usr/bin/ceph: stderr
2024-03-23T08:14:03.414+0000 7fe00c8c2700 1 -- 172.21.15.70:0/2650858645 shutdown_connections
2024-03-23T08:14:04.085 INFO:teuthology.orchestra.run.smithi070.stdout:/usr/bin/ceph: stderr
2024-03-23T08:14:03.414+0000 7fe00c8c2700 1 -- 172.21.15.70:0/2650858645 wait complete.
2024-03-23T08:14:04.549 INFO:journalctl@ceph.mon.smithi070.smithi070.stdout:Mar 23 08:14:04 smithi070 ceph-mon[39699]: from='client.? 172.21.15.70:0/2650858645' entity='client.admin' cmd='[{"prefix": "mgr module enable", "module": "cephadm"}]': finished
2024-03-23T08:14:04.550 INFO:journalctl@ceph.mon.smithi070.smithi070.stdout:Mar 23 08:14:04 smithi070 ceph-mon[39699]: mgrmap e5: smithi070.jhsbch(active, since 10s)
2024-03-23T08:14:05.446 INFO:teuthology.orchestra.run.smithi070.stdout:/usr/bin/ceph: stdout {
2024-03-23T08:14:05.446 INFO:teuthology.orchestra.run.smithi070.stdout:/usr/bin/ceph: stdout "epoch": 5,
2024-03-23T08:14:05.446 INFO:teuthology.orchestra.run.smithi070.stdout:/usr/bin/ceph: stdout "available": true,
2024-03-23T08:14:05.446 INFO:teuthology.orchestra.run.smithi070.stdout:/usr/bin/ceph: stdout "active_name": "smithi070.jhsbch",
2024-03-23T08:14:05.446 INFO:teuthology.orchestra.run.smithi070.stdout:/usr/bin/ceph: stdout "num_standby": 0
2024-03-23T08:14:05.446 INFO:teuthology.orchestra.run.smithi070.stdout:/usr/bin/ceph: stdout }
2024-03-23T08:14:05.446 INFO:teuthology.orchestra.run.smithi070.stdout:/usr/bin/ceph: stderr
2024-03-23T08:14:04.614+0000 7fe27408f700 1 Processor -- start
2024-03-23T08:14:05.447 INFO:teuthology.orchestra.run.smithi070.stdout:/usr/bin/ceph: stderr
2024-03-23T08:14:04.614+0000 7fe27408f700 1 -- start start
2024-03-23T08:14:05.447 INFO:teuthology.orchestra.run.smithi070.stdout:/usr/bin/ceph: stderr
2024-03-23T08:14:04.615+0000 7fe27408f700 1 --2- >> [v2:172.21.15.70:3300/0,v1:172.21.15.70:6789/0] conn(0x7fe26c103c30 0x7fe26c104040 unknown :-1 s=NONE pgs=0 cs=0 l=0 rev1=0 crypto rx=0 tx=0 comp rx=0 tx=0).connect
2024-03-23T08:14:05.447 INFO:teuthology.orchestra.run.smithi070.stdout:/usr/bin/ceph: stderr
2024-03-23T08:14:04.615+0000 7fe27408f700 1 -- --> [v2:172.21.15.70:3300/0,v1:172.21.15.70:6789/0] -- mon_getmap magic: 0 v1 -- 0x7fe26c104580 con 0x7fe26c103c30
2024-03-23T08:14:05.447 INFO:teuthology.orchestra.run.smithi070.stdout:/usr/bin/ceph: stderr
2024-03-23T08:14:04.615+0000 7fe271e2b700 1 --2- >> [v2:172.21.15.70:3300/0,v1:172.21.15.70:6789/0] conn(0x7fe26c103c30 0x7fe26c104040 unknown :-1 s=BANNER_CONNECTING pgs=0 cs=0 l=0 rev1=0 crypto rx=0 tx=0 comp rx=0 tx=0)._handle_peer_banner_payload supported=3 required=0
2024-03-23T08:14:05.447 INFO:teuthology.orchestra.run.smithi070.stdout:/usr/bin/ceph: stderr
2024-03-23T08:14:04.615+0000 7fe271e2b700 1 --2- >> [v2:172.21.15.70:3300/0,v1:172.21.15.70:6789/0] conn(0x7fe26c103c30 0x7fe26c104040 unknown :-1 s=HELLO_CONNECTING pgs=0 cs=0 l=0 rev1=1 crypto rx=0 tx=0 comp rx=0 tx=0).handle_hello peer v2:172.21.15.70:3300/0 says I am v2:172.21.15.70:38664/0 (socket says 172.21.15.70:38664)
2024-03-23T08:14:05.447 INFO:teuthology.orchestra.run.smithi070.stdout:/usr/bin/ceph: stderr
2024-03-23T08:14:04.615+0000 7fe271e2b700 1 -- 172.21.15.70:0/3619326702 learned_addr learned my addr 172.21.15.70:0/3619326702 (peer_addr_for_me v2:172.21.15.70:0/0)
2024-03-23T08:14:05.447 INFO:teuthology.orchestra.run.smithi070.stdout:/usr/bin/ceph: stderr
2024-03-23T08:14:04.615+0000 7fe271e2b700 1 -- 172.21.15.70:0/3619326702 --> [v2:172.21.15.70:3300/0,v1:172.21.15.70:6789/0] -- mon_subscribe({config=0+,monmap=0+}) v3 -- 0x7fe26c1046c0 con 0x7fe26c103c30
2024-03-23T08:14:05.447 INFO:teuthology.orchestra.run.smithi070.stdout:/usr/bin/ceph: stderr
2024-03-23T08:14:04.615+0000 7fe271e2b700 1 --2- 172.21.15.70:0/3619326702 >> [v2:172.21.15.70:3300/0,v1:172.21.15.70:6789/0] conn(0x7fe26c103c30 0x7fe26c104040 secure :-1 s=READY pgs=24 cs=0 l=1 rev1=1 crypto rx=0x7fe25c0098e0 tx=0x7fe25c009250 comp rx=0 tx=0).ready entity=mon.0 client_cookie=462ce3f0419f01f4 server_cookie=0 in_seq=0 out_seq=0
2024-03-23T08:14:05.447 INFO:teuthology.orchestra.run.smithi070.stdout:/usr/bin/ceph: stderr
2024-03-23T08:14:04.615+0000 7fe270e29700 1 -- 172.21.15.70:0/3619326702 <== mon.0 v2:172.21.15.70:3300/0 1 ==== mon_map magic: 0 v1 ==== 229+0+0 (secure 0 0 0) 0x7fe25c00b860 con 0x7fe26c103c30
2024-03-23T08:14:05.447 INFO:teuthology.orchestra.run.smithi070.stdout:/usr/bin/ceph: stderr
2024-03-23T08:14:04.615+0000 7fe270e29700 1 -- 172.21.15.70:0/3619326702 <== mon.0 v2:172.21.15.70:3300/0 2 ==== config(26 keys) v1 ==== 1009+0+0 (secure 0 0 0) 0x7fe25c00be30 con 0x7fe26c103c30
2024-03-23T08:14:05.447 INFO:teuthology.orchestra.run.smithi070.stdout:/usr/bin/ceph: stderr
2024-03-23T08:14:04.615+0000 7fe270e29700 1 -- 172.21.15.70:0/3619326702 <== mon.0 v2:172.21.15.70:3300/0 3 ==== mon_map magic: 0 v1 ==== 229+0+0 (secure 0 0 0) 0x7fe25c010380 con 0x7fe26c103c30
2024-03-23T08:14:05.447 INFO:teuthology.orchestra.run.smithi070.stdout:/usr/bin/ceph: stderr
2024-03-23T08:14:04.616+0000 7fe27408f700 1 -- 172.21.15.70:0/3619326702 >> [v2:172.21.15.70:3300/0,v1:172.21.15.70:6789/0] conn(0x7fe26c103c30 msgr2=0x7fe26c104040 secure :-1 s=STATE_CONNECTION_ESTABLISHED l=1).mark_down
2024-03-23T08:14:05.447 INFO:teuthology.orchestra.run.smithi070.stdout:/usr/bin/ceph: stderr
2024-03-23T08:14:04.616+0000 7fe27408f700 1 --2- 172.21.15.70:0/3619326702 >> [v2:172.21.15.70:3300/0,v1:172.21.15.70:6789/0] conn(0x7fe26c103c30 0x7fe26c104040 secure :-1 s=READY pgs=24 cs=0 l=1 rev1=1 crypto rx=0x7fe25c0098e0 tx=0x7fe25c009250 comp rx=0 tx=0).stop
2024-03-23T08:14:05.447 INFO:teuthology.orchestra.run.smithi070.stdout:/usr/bin/ceph: stderr
2024-03-23T08:14:04.616+0000 7fe27408f700 1 -- 172.21.15.70:0/3619326702 shutdown_connections
2024-03-23T08:14:05.447 INFO:teuthology.orchestra.run.smithi070.stdout:/usr/bin/ceph: stderr
2024-03-23T08:14:04.616+0000 7fe27408f700 1 --2- 172.21.15.70:0/3619326702 >> [v2:172.21.15.70:3300/0,v1:172.21.15.70:6789/0] conn(0x7fe26c103c30 0x7fe26c104040 unknown :-1 s=CLOSED pgs=24 cs=0 l=1 rev1=1 crypto rx=0 tx=0 comp rx=0 tx=0).stop
2024-03-23T08:14:05.448 INFO:teuthology.orchestra.run.smithi070.stdout:/usr/bin/ceph: stderr
2024-03-23T08:14:04.616+0000 7fe27408f700 1 -- 172.21.15.70:0/3619326702 >> 172.21.15.70:0/3619326702 conn(0x7fe26c0fc350 msgr2=0x7fe26c0fe7a0 unknown :-1 s=STATE_NONE l=0).mark_down
2024-03-23T08:14:05.448 INFO:teuthology.orchestra.run.smithi070.stdout:/usr/bin/ceph: stderr
2024-03-23T08:14:04.616+0000 7fe27408f700 1 -- 172.21.15.70:0/3619326702 shutdown_connections
2024-03-23T08:14:05.448 INFO:teuthology.orchestra.run.smithi070.stdout:/usr/bin/ceph: stderr
2024-03-23T08:14:04.616+0000 7fe27408f700 1 -- 172.21.15.70:0/3619326702 wait complete.
2024-03-23T08:14:05.448 INFO:teuthology.orchestra.run.smithi070.stdout:/usr/bin/ceph: stderr
2024-03-23T08:14:04.617+0000 7fe27408f700 1 Processor -- start
2024-03-23T08:14:05.448 INFO:teuthology.orchestra.run.smithi070.stdout:/usr/bin/ceph: stderr
2024-03-23T08:14:04.617+0000 7fe27408f700 1 -- start start
2024-03-23T08:14:05.448 INFO:teuthology.orchestra.run.smithi070.stdout:/usr/bin/ceph: stderr
2024-03-23T08:14:04.617+0000 7fe27408f700 1 --2- >> [v2:172.21.15.70:3300/0,v1:172.21.15.70:6789/0] conn(0x7fe26c103c30 0x7fe26c1113d0 unknown :-1 s=NONE pgs=0 cs=0 l=1 rev1=0 crypto rx=0 tx=0 comp rx=0 tx=0).connect
2024-03-23T08:14:05.448 INFO:teuthology.orchestra.run.smithi070.stdout:/usr/bin/ceph: stderr
2024-03-23T08:14:04.617+0000 7fe27408f700 1 -- --> [v2:172.21.15.70:3300/0,v1:172.21.15.70:6789/0] -- mon_getmap magic: 0 v1 -- 0x7fe26c111910 con 0x7fe26c103c30
2024-03-23T08:14:05.448 INFO:teuthology.orchestra.run.smithi070.stdout:/usr/bin/ceph: stderr
2024-03-23T08:14:04.617+0000 7fe271e2b700 1 --2- >> [v2:172.21.15.70:3300/0,v1:172.21.15.70:6789/0] conn(0x7fe26c103c30 0x7fe26c1113d0 unknown :-1 s=BANNER_CONNECTING pgs=0 cs=0 l=1 rev1=0 crypto rx=0 tx=0 comp rx=0 tx=0)._handle_peer_banner_payload supported=3 required=0
2024-03-23T08:14:05.448 INFO:teuthology.orchestra.run.smithi070.stdout:/usr/bin/ceph: stderr
2024-03-23T08:14:04.617+0000 7fe271e2b700 1 --2- >> [v2:172.21.15.70:3300/0,v1:172.21.15.70:6789/0] conn(0x7fe26c103c30 0x7fe26c1113d0 unknown :-1 s=HELLO_CONNECTING pgs=0 cs=0 l=1 rev1=1 crypto rx=0 tx=0 comp rx=0 tx=0).handle_hello peer v2:172.21.15.70:3300/0 says I am v2:172.21.15.70:38680/0 (socket says 172.21.15.70:38680)
2024-03-23T08:14:05.448 INFO:teuthology.orchestra.run.smithi070.stdout:/usr/bin/ceph: stderr
2024-03-23T08:14:04.617+0000 7fe271e2b700 1 -- 172.21.15.70:0/979677378 learned_addr learned my addr 172.21.15.70:0/979677378 (peer_addr_for_me v2:172.21.15.70:0/0)
2024-03-23T08:14:05.448 INFO:teuthology.orchestra.run.smithi070.stdout:/usr/bin/ceph: stderr
2024-03-23T08:14:04.617+0000 7fe271e2b700 1 -- 172.21.15.70:0/979677378 --> [v2:172.21.15.70:3300/0,v1:172.21.15.70:6789/0] -- mon_subscribe({config=0+,monmap=0+}) v3 -- 0x7fe25c0094f0 con 0x7fe26c103c30
2024-03-23T08:14:05.448 INFO:teuthology.orchestra.run.smithi070.stdout:/usr/bin/ceph: stderr
2024-03-23T08:14:04.617+0000 7fe271e2b700 1 --2- 172.21.15.70:0/979677378 >> [v2:172.21.15.70:3300/0,v1:172.21.15.70:6789/0] conn(0x7fe26c103c30 0x7fe26c1113d0 secure :-1 s=READY pgs=25 cs=0 l=1 rev1=1 crypto rx=0x7fe25c000c00 tx=0x7fe25c009250 comp rx=0 tx=0).ready entity=mon.0 client_cookie=0 server_cookie=0 in_seq=0 out_seq=0
2024-03-23T08:14:05.448 INFO:teuthology.orchestra.run.smithi070.stdout:/usr/bin/ceph: stderr
2024-03-23T08:14:04.617+0000 7fe2627fc700 1 -- 172.21.15.70:0/979677378 <== mon.0 v2:172.21.15.70:3300/0 1 ==== mon_map magic: 0 v1 ==== 229+0+0 (secure 0 0 0) 0x7fe25c010960 con 0x7fe26c103c30
