2024-04-02T02:36:02.159 INFO:teuthology.orchestra.run.smithi097.stdout:/usr/bin/ceph: stderr
2024-04-02T02:36:01.431+0000 7f7dadae7700 1 --2- 172.21.15.97:0/3791543236 >> [v2:172.21.15.97:3300/0,v1:172.21.15.97:6789/0] conn(0x7f7da8102ed0 0x7f7da81032e0 unknown :-1 s=CLOSED pgs=61 cs=0 l=1 rev1=1 crypto rx=0 tx=0 comp rx=0 tx=0).stop
2024-04-02T02:36:02.159 INFO:teuthology.orchestra.run.smithi097.stdout:/usr/bin/ceph: stderr
2024-04-02T02:36:01.431+0000 7f7dadae7700 1 -- 172.21.15.97:0/3791543236 >> 172.21.15.97:0/3791543236 conn(0x7f7da80fc700 msgr2=0x7f7da80feb10 unknown :-1 s=STATE_NONE l=0).mark_down
2024-04-02T02:36:02.159 INFO:teuthology.orchestra.run.smithi097.stdout:/usr/bin/ceph: stderr
2024-04-02T02:36:01.431+0000 7f7dadae7700 1 -- 172.21.15.97:0/3791543236 shutdown_connections
2024-04-02T02:36:02.159 INFO:teuthology.orchestra.run.smithi097.stdout:/usr/bin/ceph: stderr
2024-04-02T02:36:01.431+0000 7f7dadae7700 1 -- 172.21.15.97:0/3791543236 wait complete.
2024-04-02T02:36:02.159 INFO:teuthology.orchestra.run.smithi097.stdout:/usr/bin/ceph: stderr
2024-04-02T02:36:01.432+0000 7f7dadae7700 1 Processor -- start
2024-04-02T02:36:02.159 INFO:teuthology.orchestra.run.smithi097.stdout:/usr/bin/ceph: stderr
2024-04-02T02:36:01.432+0000 7f7dadae7700 1 -- start start
2024-04-02T02:36:02.159 INFO:teuthology.orchestra.run.smithi097.stdout:/usr/bin/ceph: stderr
2024-04-02T02:36:01.432+0000 7f7dadae7700 1 --2- >> [v2:172.21.15.97:3300/0,v1:172.21.15.97:6789/0] conn(0x7f7da8102ed0 0x7f7da81138f0 unknown :-1 s=NONE pgs=0 cs=0 l=1 rev1=0 crypto rx=0 tx=0 comp rx=0 tx=0).connect
2024-04-02T02:36:02.159 INFO:teuthology.orchestra.run.smithi097.stdout:/usr/bin/ceph: stderr
2024-04-02T02:36:01.432+0000 7f7dadae7700 1 -- --> [v2:172.21.15.97:3300/0,v1:172.21.15.97:6789/0] -- mon_getmap magic: 0 v1 -- 0x7f7da8113e30 con 0x7f7da8102ed0
2024-04-02T02:36:02.160 INFO:teuthology.orchestra.run.smithi097.stdout:/usr/bin/ceph: stderr
2024-04-02T02:36:01.432+0000 7f7da77fe700 1 --2- >> [v2:172.21.15.97:3300/0,v1:172.21.15.97:6789/0] conn(0x7f7da8102ed0 0x7f7da81138f0 unknown :-1 s=BANNER_CONNECTING pgs=0 cs=0 l=1 rev1=0 crypto rx=0 tx=0 comp rx=0 tx=0)._handle_peer_banner_payload supported=3 required=0
2024-04-02T02:36:02.160 INFO:teuthology.orchestra.run.smithi097.stdout:/usr/bin/ceph: stderr
2024-04-02T02:36:01.432+0000 7f7da77fe700 1 --2- >> [v2:172.21.15.97:3300/0,v1:172.21.15.97:6789/0] conn(0x7f7da8102ed0 0x7f7da81138f0 unknown :-1 s=HELLO_CONNECTING pgs=0 cs=0 l=1 rev1=1 crypto rx=0 tx=0 comp rx=0 tx=0).handle_hello peer v2:172.21.15.97:3300/0 says I am v2:172.21.15.97:35120/0 (socket says 172.21.15.97:35120)
2024-04-02T02:36:02.160 INFO:teuthology.orchestra.run.smithi097.stdout:/usr/bin/ceph: stderr
2024-04-02T02:36:01.432+0000 7f7da77fe700 1 -- 172.21.15.97:0/354209497 learned_addr learned my addr 172.21.15.97:0/354209497 (peer_addr_for_me v2:172.21.15.97:0/0)
2024-04-02T02:36:02.160 INFO:teuthology.orchestra.run.smithi097.stdout:/usr/bin/ceph: stderr
2024-04-02T02:36:01.432+0000 7f7da77fe700 1 -- 172.21.15.97:0/354209497 --> [v2:172.21.15.97:3300/0,v1:172.21.15.97:6789/0] -- mon_subscribe({config=0+,monmap=0+}) v3 -- 0x7f7d980094f0 con 0x7f7da8102ed0
2024-04-02T02:36:02.160 INFO:teuthology.orchestra.run.smithi097.stdout:/usr/bin/ceph: stderr
2024-04-02T02:36:01.433+0000 7f7da77fe700 1 --2- 172.21.15.97:0/354209497 >> [v2:172.21.15.97:3300/0,v1:172.21.15.97:6789/0] conn(0x7f7da8102ed0 0x7f7da81138f0 secure :-1 s=READY pgs=62 cs=0 l=1 rev1=1 crypto rx=0x7f7d98011680 tx=0x7f7d98009250 comp rx=0 tx=0).ready entity=mon.0 client_cookie=0 server_cookie=0 in_seq=0 out_seq=0
2024-04-02T02:36:02.160 INFO:teuthology.orchestra.run.smithi097.stdout:/usr/bin/ceph: stderr
2024-04-02T02:36:01.433+0000 7f7d8ffff700 1 -- 172.21.15.97:0/354209497 <== mon.0 v2:172.21.15.97:3300/0 1 ==== mon_map magic: 0 v1 ==== 229+0+0 (secure 0 0 0) 0x7f7d98010890 con 0x7f7da8102ed0
2024-04-02T02:36:02.160 INFO:teuthology.orchestra.run.smithi097.stdout:/usr/bin/ceph: stderr
2024-04-02T02:36:01.433+0000 7f7d8ffff700 1 -- 172.21.15.97:0/354209497 <== mon.0 v2:172.21.15.97:3300/0 2 ==== config(27 keys) v1 ==== 1109+0+0 (secure 0 0 0) 0x7f7d98010ec0 con 0x7f7da8102ed0
2024-04-02T02:36:02.160 INFO:teuthology.orchestra.run.smithi097.stdout:/usr/bin/ceph: stderr
2024-04-02T02:36:01.433+0000 7f7dadae7700 1 -- 172.21.15.97:0/354209497 --> [v2:172.21.15.97:3300/0,v1:172.21.15.97:6789/0] -- mon_subscribe({mgrmap=0+}) v3 -- 0x7f7da8114030 con 0x7f7da8102ed0
2024-04-02T02:36:02.160 INFO:teuthology.orchestra.run.smithi097.stdout:/usr/bin/ceph: stderr
2024-04-02T02:36:01.433+0000 7f7d8ffff700 1 -- 172.21.15.97:0/354209497 <== mon.0 v2:172.21.15.97:3300/0 3 ==== mon_map magic: 0 v1 ==== 229+0+0 (secure 0 0 0) 0x7f7d980243f0 con 0x7f7da8102ed0
2024-04-02T02:36:02.160 INFO:teuthology.orchestra.run.smithi097.stdout:/usr/bin/ceph: stderr
2024-04-02T02:36:01.433+0000 7f7dadae7700 1 -- 172.21.15.97:0/354209497 --> [v2:172.21.15.97:3300/0,v1:172.21.15.97:6789/0] -- mon_subscribe({osdmap=0}) v3 -- 0x7f7da8114ba0 con 0x7f7da8102ed0
2024-04-02T02:36:02.160 INFO:teuthology.orchestra.run.smithi097.stdout:/usr/bin/ceph: stderr
2024-04-02T02:36:01.434+0000 7f7d8ffff700 1 -- 172.21.15.97:0/354209497 <== mon.0 v2:172.21.15.97:3300/0 4 ==== mgrmap(e 8) v1 ==== 43368+0+0 (secure 0 0 0) 0x7f7d9801a8c0 con 0x7f7da8102ed0
2024-04-02T02:36:02.160 INFO:teuthology.orchestra.run.smithi097.stdout:/usr/bin/ceph: stderr
2024-04-02T02:36:01.434+0000 7f7dadae7700 1 -- 172.21.15.97:0/354209497 --> [v2:172.21.15.97:3300/0,v1:172.21.15.97:6789/0] -- mon_command({"prefix": "get_command_descriptions"} v 0) v1 -- 0x7f7da805f5f0 con 0x7f7da8102ed0
2024-04-02T02:36:02.160 INFO:teuthology.orchestra.run.smithi097.stdout:/usr/bin/ceph: stderr
2024-04-02T02:36:01.434+0000 7f7d8ffff700 1 --2- 172.21.15.97:0/354209497 >> [v2:172.21.15.97:6800/2349479771,v1:172.21.15.97:6801/2349479771] conn(0x7f7d90036790 0x7f7d90038c40 unknown :-1 s=NONE pgs=0 cs=0 l=1 rev1=0 crypto rx=0 tx=0 comp rx=0 tx=0).connect
2024-04-02T02:36:02.160 INFO:teuthology.orchestra.run.smithi097.stdout:/usr/bin/ceph: stderr
2024-04-02T02:36:01.434+0000 7f7d8ffff700 1 -- 172.21.15.97:0/354209497 <== mon.0 v2:172.21.15.97:3300/0 5 ==== osd_map(2..2 src has 1..2) v4 ==== 936+0+0 (secure 0 0 0) 0x7f7d9804a260 con 0x7f7da8102ed0
2024-04-02T02:36:02.160 INFO:teuthology.orchestra.run.smithi097.stdout:/usr/bin/ceph: stderr
2024-04-02T02:36:01.434+0000 7f7da6ffd700 1 --2- 172.21.15.97:0/354209497 >> [v2:172.21.15.97:6800/2349479771,v1:172.21.15.97:6801/2349479771] conn(0x7f7d90036790 0x7f7d90038c40 unknown :-1 s=BANNER_CONNECTING pgs=0 cs=0 l=1 rev1=0 crypto rx=0 tx=0 comp rx=0 tx=0)._handle_peer_banner_payload supported=3 required=0
2024-04-02T02:36:02.161 INFO:teuthology.orchestra.run.smithi097.stdout:/usr/bin/ceph: stderr
2024-04-02T02:36:01.434+0000 7f7da6ffd700 1 --2- 172.21.15.97:0/354209497 >> [v2:172.21.15.97:6800/2349479771,v1:172.21.15.97:6801/2349479771] conn(0x7f7d90036790 0x7f7d90038c40 secure :-1 s=READY pgs=20 cs=0 l=1 rev1=1 crypto rx=0x7f7d9c009990 tx=0x7f7d9c006e40 comp rx=0 tx=0).ready entity=mgr.14118 client_cookie=0 server_cookie=0 in_seq=0 out_seq=0
2024-04-02T02:36:02.161 INFO:teuthology.orchestra.run.smithi097.stdout:/usr/bin/ceph: stderr
2024-04-02T02:36:01.439+0000 7f7d8ffff700 1 -- 172.21.15.97:0/354209497 <== mon.0 v2:172.21.15.97:3300/0 6 ==== mon_command_ack([{"prefix": "get_command_descriptions"}]=0 v0) v1 ==== 72+0+176504 (secure 0 0 0) 0x7f7d9802b8e0 con 0x7f7da8102ed0
2024-04-02T02:36:02.161 INFO:teuthology.orchestra.run.smithi097.stdout:/usr/bin/ceph: stderr
2024-04-02T02:36:01.623+0000 7f7dadae7700 1 -- 172.21.15.97:0/354209497 --> [v2:172.21.15.97:3300/0,v1:172.21.15.97:6789/0] -- mon_command([{prefix=config set, name=mgr/dashboard/ssl_server_port}] v 0) v1 -- 0x7f7da804bed0 con 0x7f7da8102ed0
2024-04-02T02:36:02.161 INFO:teuthology.orchestra.run.smithi097.stdout:/usr/bin/ceph: stderr
2024-04-02T02:36:01.629+0000 7f7d8ffff700 1 -- 172.21.15.97:0/354209497 <== mon.0 v2:172.21.15.97:3300/0 7 ==== mon_command_ack([{prefix=config set, name=mgr/dashboard/ssl_server_port}]=0 v8)=0 v8) v1 ==== 130+0+0 (secure 0 0 0) 0x7f7d98006d70 con 0x7f7da8102ed0
2024-04-02T02:36:02.161 INFO:teuthology.orchestra.run.smithi097.stdout:/usr/bin/ceph: stderr
2024-04-02T02:36:01.632+0000 7f7dadae7700 1 -- 172.21.15.97:0/354209497 >> [v2:172.21.15.97:6800/2349479771,v1:172.21.15.97:6801/2349479771] conn(0x7f7d90036790 msgr2=0x7f7d90038c40 secure :-1 s=STATE_CONNECTION_ESTABLISHED l=1).mark_down
2024-04-02T02:36:02.161 INFO:teuthology.orchestra.run.smithi097.stdout:/usr/bin/ceph: stderr
2024-04-02T02:36:01.632+0000 7f7dadae7700 1 --2- 172.21.15.97:0/354209497 >> [v2:172.21.15.97:6800/2349479771,v1:172.21.15.97:6801/2349479771] conn(0x7f7d90036790 0x7f7d90038c40 secure :-1 s=READY pgs=20 cs=0 l=1 rev1=1 crypto rx=0x7f7d9c009990 tx=0x7f7d9c006e40 comp rx=0 tx=0).stop
2024-04-02T02:36:02.161 INFO:teuthology.orchestra.run.smithi097.stdout:/usr/bin/ceph: stderr
2024-04-02T02:36:01.632+0000 7f7dadae7700 1 -- 172.21.15.97:0/354209497 >> [v2:172.21.15.97:3300/0,v1:172.21.15.97:6789/0] conn(0x7f7da8102ed0 msgr2=0x7f7da81138f0 secure :-1 s=STATE_CONNECTION_ESTABLISHED l=1).mark_down
2024-04-02T02:36:02.161 INFO:teuthology.orchestra.run.smithi097.stdout:/usr/bin/ceph: stderr
2024-04-02T02:36:01.632+0000 7f7dadae7700 1 --2- 172.21.15.97:0/354209497 >> [v2:172.21.15.97:3300/0,v1:172.21.15.97:6789/0] conn(0x7f7da8102ed0 0x7f7da81138f0 secure :-1 s=READY pgs=62 cs=0 l=1 rev1=1 crypto rx=0x7f7d98011680 tx=0x7f7d98009250 comp rx=0 tx=0).stop
2024-04-02T02:36:02.161 INFO:teuthology.orchestra.run.smithi097.stdout:/usr/bin/ceph: stderr
2024-04-02T02:36:01.632+0000 7f7dadae7700 1 -- 172.21.15.97:0/354209497 shutdown_connections
2024-04-02T02:36:02.161 INFO:teuthology.orchestra.run.smithi097.stdout:/usr/bin/ceph: stderr
2024-04-02T02:36:01.632+0000 7f7dadae7700 1 --2- 172.21.15.97:0/354209497 >> [v2:172.21.15.97:6800/2349479771,v1:172.21.15.97:6801/2349479771] conn(0x7f7d90036790 0x7f7d90038c40 unknown :-1 s=CLOSED pgs=20 cs=0 l=1 rev1=1 crypto rx=0 tx=0 comp rx=0 tx=0).stop
2024-04-02T02:36:02.161 INFO:teuthology.orchestra.run.smithi097.stdout:/usr/bin/ceph: stderr
2024-04-02T02:36:01.632+0000 7f7dadae7700 1 --2- 172.21.15.97:0/354209497 >> [v2:172.21.15.97:3300/0,v1:172.21.15.97:6789/0] conn(0x7f7da8102ed0 0x7f7da81138f0 unknown :-1 s=CLOSED pgs=62 cs=0 l=1 rev1=1 crypto rx=0 tx=0 comp rx=0 tx=0).stop
2024-04-02T02:36:02.162 INFO:teuthology.orchestra.run.smithi097.stdout:/usr/bin/ceph: stderr
2024-04-02T02:36:01.632+0000 7f7dadae7700 1 -- 172.21.15.97:0/354209497 >> 172.21.15.97:0/354209497 conn(0x7f7da80fc700 msgr2=0x7f7da80fd280 unknown :-1 s=STATE_NONE l=0).mark_down
2024-04-02T02:36:02.162 INFO:teuthology.orchestra.run.smithi097.stdout:/usr/bin/ceph: stderr
2024-04-02T02:36:01.632+0000 7f7dadae7700 1 -- 172.21.15.97:0/354209497 shutdown_connections
2024-04-02T02:36:02.162 INFO:teuthology.orchestra.run.smithi097.stdout:/usr/bin/ceph: stderr
2024-04-02T02:36:01.632+0000 7f7dadae7700 1 -- 172.21.15.97:0/354209497 wait complete.
2024-04-02T02:36:02.162 INFO:teuthology.orchestra.run.smithi097.stdout:Enabling the dashboard module...
2024-04-02T02:36:02.814 INFO:journalctl@ceph.mon.smithi097.smithi097.stdout:Apr 02 02:36:02 smithi097 ceph-mon[28933]: from='client.? 172.21.15.97:0/354209497' entity='client.admin'
2024-04-02T02:36:02.814 INFO:journalctl@ceph.mon.smithi097.smithi097.stdout:Apr 02 02:36:02 smithi097 ceph-mon[28933]: pgmap v4: 0 pgs: ; 0 B data, 0 B used, 0 B / 0 B avail
2024-04-02T02:36:03.964 INFO:journalctl@ceph.mon.smithi097.smithi097.stdout:Apr 02 02:36:03 smithi097 ceph-mon[28933]: from='client.? 172.21.15.97:0/2530183460' entity='client.admin' cmd=[{"prefix": "mgr module enable", "module": "dashboard"}]: dispatch
2024-04-02T02:36:04.306 INFO:teuthology.orchestra.run.smithi097.stdout:/usr/bin/ceph: stderr
2024-04-02T02:36:02.567+0000 7fd7991dc700 1 Processor -- start
2024-04-02T02:36:04.306 INFO:teuthology.orchestra.run.smithi097.stdout:/usr/bin/ceph: stderr
2024-04-02T02:36:02.567+0000 7fd7991dc700 1 -- start start
2024-04-02T02:36:04.306 INFO:teuthology.orchestra.run.smithi097.stdout:/usr/bin/ceph: stderr
2024-04-02T02:36:02.567+0000 7fd7991dc700 1 --2- >> [v2:172.21.15.97:3300/0,v1:172.21.15.97:6789/0] conn(0x7fd794071260 0x7fd794105540 unknown :-1 s=NONE pgs=0 cs=0 l=0 rev1=0 crypto rx=0 tx=0 comp rx=0 tx=0).connect
2024-04-02T02:36:04.306 INFO:teuthology.orchestra.run.smithi097.stdout:/usr/bin/ceph: stderr
2024-04-02T02:36:02.567+0000 7fd7991dc700 1 -- --> [v2:172.21.15.97:3300/0,v1:172.21.15.97:6789/0] -- mon_getmap magic: 0 v1 -- 0x7fd794071670 con 0x7fd794071260
2024-04-02T02:36:04.307 INFO:teuthology.orchestra.run.smithi097.stdout:/usr/bin/ceph: stderr
2024-04-02T02:36:02.567+0000 7fd792d9d700 1 --2- >> [v2:172.21.15.97:3300/0,v1:172.21.15.97:6789/0] conn(0x7fd794071260 0x7fd794105540 unknown :-1 s=BANNER_CONNECTING pgs=0 cs=0 l=0 rev1=0 crypto rx=0 tx=0 comp rx=0 tx=0)._handle_peer_banner_payload supported=3 required=0
2024-04-02T02:36:04.307 INFO:teuthology.orchestra.run.smithi097.stdout:/usr/bin/ceph: stderr
2024-04-02T02:36:02.567+0000 7fd792d9d700 1 --2- >> [v2:172.21.15.97:3300/0,v1:172.21.15.97:6789/0] conn(0x7fd794071260 0x7fd794105540 unknown :-1 s=HELLO_CONNECTING pgs=0 cs=0 l=0 rev1=1 crypto rx=0 tx=0 comp rx=0 tx=0).handle_hello peer v2:172.21.15.97:3300/0 says I am v2:172.21.15.97:35134/0 (socket says 172.21.15.97:35134)
2024-04-02T02:36:04.307 INFO:teuthology.orchestra.run.smithi097.stdout:/usr/bin/ceph: stderr
2024-04-02T02:36:02.567+0000 7fd792d9d700 1 -- 172.21.15.97:0/545664084 learned_addr learned my addr 172.21.15.97:0/545664084 (peer_addr_for_me v2:172.21.15.97:0/0)
2024-04-02T02:36:04.307 INFO:teuthology.orchestra.run.smithi097.stdout:/usr/bin/ceph: stderr
2024-04-02T02:36:02.568+0000 7fd792d9d700 1 -- 172.21.15.97:0/545664084 --> [v2:172.21.15.97:3300/0,v1:172.21.15.97:6789/0] -- mon_subscribe({config=0+,monmap=0+}) v3 -- 0x7fd794105a80 con 0x7fd794071260
2024-04-02T02:36:04.307 INFO:teuthology.orchestra.run.smithi097.stdout:/usr/bin/ceph: stderr
2024-04-02T02:36:02.568+0000 7fd792d9d700 1 --2- 172.21.15.97:0/545664084 >> [v2:172.21.15.97:3300/0,v1:172.21.15.97:6789/0] conn(0x7fd794071260 0x7fd794105540 secure :-1 s=READY pgs=63 cs=0 l=1 rev1=1 crypto rx=0x7fd784009e50 tx=0x7fd784009840 comp rx=0 tx=0).ready entity=mon.0 client_cookie=ed67ed37ce71ffd8 server_cookie=0 in_seq=0 out_seq=0
2024-04-02T02:36:04.307 INFO:teuthology.orchestra.run.smithi097.stdout:/usr/bin/ceph: stderr
2024-04-02T02:36:02.568+0000 7fd791d9b700 1 -- 172.21.15.97:0/545664084 <== mon.0 v2:172.21.15.97:3300/0 1 ==== mon_map magic: 0 v1 ==== 229+0+0 (secure 0 0 0) 0x7fd7840092e0 con 0x7fd794071260
2024-04-02T02:36:04.307 INFO:teuthology.orchestra.run.smithi097.stdout:/usr/bin/ceph: stderr
2024-04-02T02:36:02.568+0000 7fd791d9b700 1 -- 172.21.15.97:0/545664084 <== mon.0 v2:172.21.15.97:3300/0 2 ==== config(27 keys) v1 ==== 1109+0+0 (secure 0 0 0) 0x7fd784012430 con 0x7fd794071260
2024-04-02T02:36:04.307 INFO:teuthology.orchestra.run.smithi097.stdout:/usr/bin/ceph: stderr
2024-04-02T02:36:02.568+0000 7fd791d9b700 1 -- 172.21.15.97:0/545664084 <== mon.0 v2:172.21.15.97:3300/0 3 ==== mon_map magic: 0 v1 ==== 229+0+0 (secure 0 0 0) 0x7fd7840075a0 con 0x7fd794071260
2024-04-02T02:36:04.307 INFO:teuthology.orchestra.run.smithi097.stdout:/usr/bin/ceph: stderr
2024-04-02T02:36:02.569+0000 7fd7991dc700 1 -- 172.21.15.97:0/545664084 >> [v2:172.21.15.97:3300/0,v1:172.21.15.97:6789/0] conn(0x7fd794071260 msgr2=0x7fd794105540 secure :-1 s=STATE_CONNECTION_ESTABLISHED l=1).mark_down
2024-04-02T02:36:04.307 INFO:teuthology.orchestra.run.smithi097.stdout:/usr/bin/ceph: stderr
2024-04-02T02:36:02.569+0000 7fd7991dc700 1 --2- 172.21.15.97:0/545664084 >> [v2:172.21.15.97:3300/0,v1:172.21.15.97:6789/0] conn(0x7fd794071260 0x7fd794105540 secure :-1 s=READY pgs=63 cs=0 l=1 rev1=1 crypto rx=0x7fd784009e50 tx=0x7fd784009840 comp rx=0 tx=0).stop
2024-04-02T02:36:04.307 INFO:teuthology.orchestra.run.smithi097.stdout:/usr/bin/ceph: stderr
2024-04-02T02:36:02.569+0000 7fd7991dc700 1 -- 172.21.15.97:0/545664084 shutdown_connections
2024-04-02T02:36:04.307 INFO:teuthology.orchestra.run.smithi097.stdout:/usr/bin/ceph: stderr
2024-04-02T02:36:02.569+0000 7fd7991dc700 1 --2- 172.21.15.97:0/545664084 >> [v2:172.21.15.97:3300/0,v1:172.21.15.97:6789/0] conn(0x7fd794071260 0x7fd794105540 unknown :-1 s=CLOSED pgs=63 cs=0 l=1 rev1=1 crypto rx=0 tx=0 comp rx=0 tx=0).stop
2024-04-02T02:36:04.307 INFO:teuthology.orchestra.run.smithi097.stdout:/usr/bin/ceph: stderr
2024-04-02T02:36:02.569+0000 7fd7991dc700 1 -- 172.21.15.97:0/545664084 >> 172.21.15.97:0/545664084 conn(0x7fd7940fcfb0 msgr2=0x7fd7940ff3c0 unknown :-1 s=STATE_NONE l=0).mark_down
2024-04-02T02:36:04.307 INFO:teuthology.orchestra.run.smithi097.stdout:/usr/bin/ceph: stderr
2024-04-02T02:36:02.569+0000 7fd7991dc700 1 -- 172.21.15.97:0/545664084 shutdown_connections
2024-04-02T02:36:04.307 INFO:teuthology.orchestra.run.smithi097.stdout:/usr/bin/ceph: stderr
2024-04-02T02:36:02.569+0000 7fd7991dc700 1 -- 172.21.15.97:0/545664084 wait complete.
2024-04-02T02:36:04.308 INFO:teuthology.orchestra.run.smithi097.stdout:/usr/bin/ceph: stderr
2024-04-02T02:36:02.569+0000 7fd7991dc700 1 Processor -- start
2024-04-02T02:36:04.308 INFO:teuthology.orchestra.run.smithi097.stdout:/usr/bin/ceph: stderr
2024-04-02T02:36:02.569+0000 7fd7991dc700 1 -- start start
2024-04-02T02:36:04.308 INFO:teuthology.orchestra.run.smithi097.stdout:/usr/bin/ceph: stderr
2024-04-02T02:36:02.569+0000 7fd7991dc700 1 --2- >> [v2:172.21.15.97:3300/0,v1:172.21.15.97:6789/0] conn(0x7fd794071260 0x7fd794111790 unknown :-1 s=NONE pgs=0 cs=0 l=1 rev1=0 crypto rx=0 tx=0 comp rx=0 tx=0).connect
2024-04-02T02:36:04.308 INFO:teuthology.orchestra.run.smithi097.stdout:/usr/bin/ceph: stderr
2024-04-02T02:36:02.569+0000 7fd7991dc700 1 -- --> [v2:172.21.15.97:3300/0,v1:172.21.15.97:6789/0] -- mon_getmap magic: 0 v1 -- 0x7fd794111cd0 con 0x7fd794071260
2024-04-02T02:36:04.308 INFO:teuthology.orchestra.run.smithi097.stdout:/usr/bin/ceph: stderr
2024-04-02T02:36:02.570+0000 7fd792d9d700 1 --2- >> [v2:172.21.15.97:3300/0,v1:172.21.15.97:6789/0] conn(0x7fd794071260 0x7fd794111790 unknown :-1 s=BANNER_CONNECTING pgs=0 cs=0 l=1 rev1=0 crypto rx=0 tx=0 comp rx=0 tx=0)._handle_peer_banner_payload supported=3 required=0
2024-04-02T02:36:04.308 INFO:teuthology.orchestra.run.smithi097.stdout:/usr/bin/ceph: stderr
2024-04-02T02:36:02.570+0000 7fd792d9d700 1 --2- >> [v2:172.21.15.97:3300/0,v1:172.21.15.97:6789/0] conn(0x7fd794071260 0x7fd794111790 unknown :-1 s=HELLO_CONNECTING pgs=0 cs=0 l=1 rev1=1 crypto rx=0 tx=0 comp rx=0 tx=0).handle_hello peer v2:172.21.15.97:3300/0 says I am v2:172.21.15.97:35146/0 (socket says 172.21.15.97:35146)
2024-04-02T02:36:04.308 INFO:teuthology.orchestra.run.smithi097.stdout:/usr/bin/ceph: stderr
2024-04-02T02:36:02.570+0000 7fd792d9d700 1 -- 172.21.15.97:0/2530183460 learned_addr learned my addr 172.21.15.97:0/2530183460 (peer_addr_for_me v2:172.21.15.97:0/0)
2024-04-02T02:36:04.308 INFO:teuthology.orchestra.run.smithi097.stdout:/usr/bin/ceph: stderr
2024-04-02T02:36:02.570+0000 7fd792d9d700 1 -- 172.21.15.97:0/2530183460 --> [v2:172.21.15.97:3300/0,v1:172.21.15.97:6789/0] -- mon_subscribe({config=0+,monmap=0+}) v3 -- 0x7fd784009ae0 con 0x7fd794071260
2024-04-02T02:36:04.308 INFO:teuthology.orchestra.run.smithi097.stdout:/usr/bin/ceph: stderr
2024-04-02T02:36:02.570+0000 7fd792d9d700 1 --2- 172.21.15.97:0/2530183460 >> [v2:172.21.15.97:3300/0,v1:172.21.15.97:6789/0] conn(0x7fd794071260 0x7fd794111790 secure :-1 s=READY pgs=64 cs=0 l=1 rev1=1 crypto rx=0x7fd784012de0 tx=0x7fd784009840 comp rx=0 tx=0).ready entity=mon.0 client_cookie=0 server_cookie=0 in_seq=0 out_seq=0
2024-04-02T02:36:04.308 INFO:teuthology.orchestra.run.smithi097.stdout:/usr/bin/ceph: stderr
2024-04-02T02:36:02.570+0000 7fd77b7fe700 1 -- 172.21.15.97:0/2530183460 <== mon.0 v2:172.21.15.97:3300/0 1 ==== mon_map magic: 0 v1 ==== 229+0+0 (secure 0 0 0) 0x7fd7840092e0 con 0x7fd794071260
2024-04-02T02:36:04.308 INFO:teuthology.orchestra.run.smithi097.stdout:/usr/bin/ceph: stderr
2024-04-02T02:36:02.570+0000 7fd77b7fe700 1 -- 172.21.15.97:0/2530183460 <== mon.0 v2:172.21.15.97:3300/0 2 ==== config(27 keys) v1 ==== 1109+0+0 (secure 0 0 0) 0x7fd784007ce0 con 0x7fd794071260
2024-04-02T02:36:04.308 INFO:teuthology.orchestra.run.smithi097.stdout:/usr/bin/ceph: stderr
2024-04-02T02:36:02.570+0000 7fd77b7fe700 1 -- 172.21.15.97:0/2530183460 <== mon.0 v2:172.21.15.97:3300/0 3 ==== mon_map magic: 0 v1 ==== 229+0+0 (secure 0 0 0) 0x7fd784025910 con 0x7fd794071260
2024-04-02T02:36:04.308 INFO:teuthology.orchestra.run.smithi097.stdout:/usr/bin/ceph: stderr
2024-04-02T02:36:02.570+0000 7fd7991dc700 1 -- 172.21.15.97:0/2530183460 --> [v2:172.21.15.97:3300/0,v1:172.21.15.97:6789/0] -- mon_subscribe({mgrmap=0+}) v3 -- 0x7fd794111ed0 con 0x7fd794071260
2024-04-02T02:36:04.308 INFO:teuthology.orchestra.run.smithi097.stdout:/usr/bin/ceph: stderr
2024-04-02T02:36:02.570+0000 7fd7991dc700 1 -- 172.21.15.97:0/2530183460 --> [v2:172.21.15.97:3300/0,v1:172.21.15.97:6789/0] -- mon_subscribe({osdmap=0}) v3 -- 0x7fd794112a40 con 0x7fd794071260
2024-04-02T02:36:04.308 INFO:teuthology.orchestra.run.smithi097.stdout:/usr/bin/ceph: stderr
2024-04-02T02:36:02.571+0000 7fd77b7fe700 1 -- 172.21.15.97:0/2530183460 <== mon.0 v2:172.21.15.97:3300/0 4 ==== mgrmap(e 8) v1 ==== 43368+0+0 (secure 0 0 0) 0x7fd784019050 con 0x7fd794071260
2024-04-02T02:36:04.309 INFO:teuthology.orchestra.run.smithi097.stdout:/usr/bin/ceph: stderr
2024-04-02T02:36:02.571+0000 7fd7991dc700 1 -- 172.21.15.97:0/2530183460 --> [v2:172.21.15.97:3300/0,v1:172.21.15.97:6789/0] -- mon_command({"prefix": "get_command_descriptions"} v 0) v1 -- 0x7fd79405f5f0 con 0x7fd794071260
2024-04-02T02:36:04.309 INFO:teuthology.orchestra.run.smithi097.stdout:/usr/bin/ceph: stderr
2024-04-02T02:36:02.571+0000 7fd77b7fe700 1 --2- 172.21.15.97:0/2530183460 >> [v2:172.21.15.97:6800/2349479771,v1:172.21.15.97:6801/2349479771] conn(0x7fd77c0367e0 0x7fd77c038c90 unknown :-1 s=NONE pgs=0 cs=0 l=1 rev1=0 crypto rx=0 tx=0 comp rx=0 tx=0).connect
2024-04-02T02:36:04.309 INFO:teuthology.orchestra.run.smithi097.stdout:/usr/bin/ceph: stderr
2024-04-02T02:36:02.571+0000 7fd77b7fe700 1 -- 172.21.15.97:0/2530183460 <== mon.0 v2:172.21.15.97:3300/0 5 ==== osd_map(2..2 src has 1..2) v4 ==== 936+0+0 (secure 0 0 0) 0x7fd784049f30 con 0x7fd794071260
2024-04-02T02:36:04.309 INFO:teuthology.orchestra.run.smithi097.stdout:/usr/bin/ceph: stderr
2024-04-02T02:36:02.571+0000 7fd79259c700 1 --2- 172.21.15.97:0/2530183460 >> [v2:172.21.15.97:6800/2349479771,v1:172.21.15.97:6801/2349479771] conn(0x7fd77c0367e0 0x7fd77c038c90 unknown :-1 s=BANNER_CONNECTING pgs=0 cs=0 l=1 rev1=0 crypto rx=0 tx=0 comp rx=0 tx=0)._handle_peer_banner_payload supported=3 required=0
2024-04-02T02:36:04.309 INFO:teuthology.orchestra.run.smithi097.stdout:/usr/bin/ceph: stderr
2024-04-02T02:36:02.572+0000 7fd79259c700 1 --2- 172.21.15.97:0/2530183460 >> [v2:172.21.15.97:6800/2349479771,v1:172.21.15.97:6801/2349479771] conn(0x7fd77c0367e0 0x7fd77c038c90 secure :-1 s=READY pgs=21 cs=0 l=1 rev1=1 crypto rx=0x7fd788009990 tx=0x7fd788006e40 comp rx=0 tx=0).ready entity=mgr.14118 client_cookie=0 server_cookie=0 in_seq=0 out_seq=0
2024-04-02T02:36:04.309 INFO:teuthology.orchestra.run.smithi097.stdout:/usr/bin/ceph: stderr
2024-04-02T02:36:02.576+0000 7fd77b7fe700 1 -- 172.21.15.97:0/2530183460 <== mon.0 v2:172.21.15.97:3300/0 6 ==== mon_command_ack([{"prefix": "get_command_descriptions"}]=0 v0) v1 ==== 72+0+176504 (secure 0 0 0) 0x7fd78402db40 con 0x7fd794071260
2024-04-02T02:36:04.309 INFO:teuthology.orchestra.run.smithi097.stdout:/usr/bin/ceph: stderr
2024-04-02T02:36:02.813+0000 7fd7991dc700 1 -- 172.21.15.97:0/2530183460 --> [v2:172.21.15.97:3300/0,v1:172.21.15.97:6789/0] -- mon_command({"prefix": "mgr module enable", "module": "dashboard"} v 0) v1 -- 0x7fd79404bed0 con 0x7fd794071260
2024-04-02T02:36:04.309 INFO:teuthology.orchestra.run.smithi097.stdout:/usr/bin/ceph: stderr
2024-04-02T02:36:03.639+0000 7fd77b7fe700 1 -- 172.21.15.97:0/2530183460 <== mon.0 v2:172.21.15.97:3300/0 7 ==== mgrmap(e 9) v1 ==== 43381+0+0 (secure 0 0 0) 0x7fd78402d350 con 0x7fd794071260
2024-04-02T02:36:04.309 INFO:teuthology.orchestra.run.smithi097.stdout:/usr/bin/ceph: stderr
2024-04-02T02:36:03.641+0000 7fd77b7fe700 1 -- 172.21.15.97:0/2530183460 <== mon.0 v2:172.21.15.97:3300/0 8 ==== mon_command_ack([{"prefix": "mgr module enable", "module": "dashboard"}]=0 v9) v1 ==== 88+0+0 (secure 0 0 0) 0x7fd78400bda0 con 0x7fd794071260
2024-04-02T02:36:04.309 INFO:teuthology.orchestra.run.smithi097.stdout:/usr/bin/ceph: stderr
2024-04-02T02:36:03.644+0000 7fd7991dc700 1 -- 172.21.15.97:0/2530183460 >> [v2:172.21.15.97:6800/2349479771,v1:172.21.15.97:6801/2349479771] conn(0x7fd77c0367e0 msgr2=0x7fd77c038c90 secure :-1 s=STATE_CONNECTION_ESTABLISHED l=1).mark_down
2024-04-02T02:36:04.309 INFO:teuthology.orchestra.run.smithi097.stdout:/usr/bin/ceph: stderr
2024-04-02T02:36:03.644+0000 7fd7991dc700 1 --2- 172.21.15.97:0/2530183460 >> [v2:172.21.15.97:6800/2349479771,v1:172.21.15.97:6801/2349479771] conn(0x7fd77c0367e0 0x7fd77c038c90 secure :-1 s=READY pgs=21 cs=0 l=1 rev1=1 crypto rx=0x7fd788009990 tx=0x7fd788006e40 comp rx=0 tx=0).stop
2024-04-02T02:36:04.309 INFO:teuthology.orchestra.run.smithi097.stdout:/usr/bin/ceph: stderr
2024-04-02T02:36:03.644+0000 7fd7991dc700 1 -- 172.21.15.97:0/2530183460 >> [v2:172.21.15.97:3300/0,v1:172.21.15.97:6789/0] conn(0x7fd794071260 msgr2=0x7fd794111790 secure :-1 s=STATE_CONNECTION_ESTABLISHED l=1).mark_down
2024-04-02T02:36:04.309 INFO:teuthology.orchestra.run.smithi097.stdout:/usr/bin/ceph: stderr
2024-04-02T02:36:03.644+0000 7fd7991dc700 1 --2- 172.21.15.97:0/2530183460 >> [v2:172.21.15.97:3300/0,v1:172.21.15.97:6789/0] conn(0x7fd794071260 0x7fd794111790 secure :-1 s=READY pgs=64 cs=0 l=1 rev1=1 crypto rx=0x7fd784012de0 tx=0x7fd784009840 comp rx=0 tx=0).stop
2024-04-02T02:36:04.309 INFO:teuthology.orchestra.run.smithi097.stdout:/usr/bin/ceph: stderr
2024-04-02T02:36:03.644+0000 7fd7991dc700 1 -- 172.21.15.97:0/2530183460 shutdown_connections
2024-04-02T02:36:04.309 INFO:teuthology.orchestra.run.smithi097.stdout:/usr/bin/ceph: stderr
2024-04-02T02:36:03.644+0000 7fd7991dc700 1 --2- 172.21.15.97:0/2530183460 >> [v2:172.21.15.97:6800/2349479771,v1:172.21.15.97:6801/2349479771] conn(0x7fd77c0367e0 0x7fd77c038c90 unknown :-1 s=CLOSED pgs=21 cs=0 l=1 rev1=1 crypto rx=0 tx=0 comp rx=0 tx=0).stop
2024-04-02T02:36:04.310 INFO:teuthology.orchestra.run.smithi097.stdout:/usr/bin/ceph: stderr
2024-04-02T02:36:03.644+0000 7fd7991dc700 1 --2- 172.21.15.97:0/2530183460 >> [v2:172.21.15.97:3300/0,v1:172.21.15.97:6789/0] conn(0x7fd794071260 0x7fd794111790 unknown :-1 s=CLOSED pgs=64 cs=0 l=1 rev1=1 crypto rx=0 tx=0 comp rx=0 tx=0).stop
2024-04-02T02:36:04.310 INFO:teuthology.orchestra.run.smithi097.stdout:/usr/bin/ceph: stderr
2024-04-02T02:36:03.644+0000 7fd7991dc700 1 -- 172.21.15.97:0/2530183460 >> 172.21.15.97:0/2530183460 conn(0x7fd7940fcfb0 msgr2=0x7fd7940fdc40 unknown :-1 s=STATE_NONE l=0).mark_down
2024-04-02T02:36:04.310 INFO:teuthology.orchestra.run.smithi097.stdout:/usr/bin/ceph: stderr
2024-04-02T02:36:03.644+0000 7fd7991dc700 1 -- 172.21.15.97:0/2530183460 shutdown_connections
2024-04-02T02:36:04.310 INFO:teuthology.orchestra.run.smithi097.stdout:/usr/bin/ceph: stderr
2024-04-02T02:36:03.644+0000 7fd7991dc700 1 -- 172.21.15.97:0/2530183460 wait complete.
2024-04-02T02:36:04.831 INFO:journalctl@ceph.mon.smithi097.smithi097.stdout:Apr 02 02:36:04 smithi097 ceph-mon[28933]: from='client.? 172.21.15.97:0/2530183460' entity='client.admin' cmd='[{"prefix": "mgr module enable", "module": "dashboard"}]': finished
2024-04-02T02:36:04.831 INFO:journalctl@ceph.mon.smithi097.smithi097.stdout:Apr 02 02:36:04 smithi097 ceph-mon[28933]: mgrmap e9: smithi097.akoass(active, since 23s)
2024-04-02T02:36:05.614 INFO:teuthology.orchestra.run.smithi097.stdout:/usr/bin/ceph: stdout {
2024-04-02T02:36:05.614 INFO:teuthology.orchestra.run.smithi097.stdout:/usr/bin/ceph: stdout "epoch": 9,
2024-04-02T02:36:05.614 INFO:teuthology.orchestra.run.smithi097.stdout:/usr/bin/ceph: stdout "available": true,
2024-04-02T02:36:05.614 INFO:teuthology.orchestra.run.smithi097.stdout:/usr/bin/ceph: stdout "active_name": "smithi097.akoass",
2024-04-02T02:36:05.614 INFO:teuthology.orchestra.run.smithi097.stdout:/usr/bin/ceph: stdout "num_standby": 0
2024-04-02T02:36:05.614 INFO:teuthology.orchestra.run.smithi097.stdout:/usr/bin/ceph: stdout }
2024-04-02T02:36:05.614 INFO:teuthology.orchestra.run.smithi097.stdout:/usr/bin/ceph: stderr
2024-04-02T02:36:04.748+0000 7f2084e73700 1 Processor -- start
2024-04-02T02:36:05.614 INFO:teuthology.orchestra.run.smithi097.stdout:/usr/bin/ceph: stderr
2024-04-02T02:36:04.748+0000 7f2084e73700 1 -- start start
2024-04-02T02:36:05.614 INFO:teuthology.orchestra.run.smithi097.stdout:/usr/bin/ceph: stderr
2024-04-02T02:36:04.748+0000 7f2084e73700 1 --2- >> [v2:172.21.15.97:3300/0,v1:172.21.15.97:6789/0] conn(0x7f20800711f0 0x7f20801079a0 unknown :-1 s=NONE pgs=0 cs=0 l=0 rev1=0 crypto rx=0 tx=0 comp rx=0 tx=0).connect
2024-04-02T02:36:05.615 INFO:teuthology.orchestra.run.smithi097.stdout:/usr/bin/ceph: stderr
2024-04-02T02:36:04.748+0000 7f2084e73700 1 -- --> [v2:172.21.15.97:3300/0,v1:172.21.15.97:6789/0] -- mon_getmap magic: 0 v1 -- 0x7f2080071600 con 0x7f20800711f0
2024-04-02T02:36:05.615 INFO:teuthology.orchestra.run.smithi097.stdout:/usr/bin/ceph: stderr
2024-04-02T02:36:04.748+0000 7f207e59c700 1 --2- >> [v2:172.21.15.97:3300/0,v1:172.21.15.97:6789/0] conn(0x7f20800711f0 0x7f20801079a0 unknown :-1 s=BANNER_CONNECTING pgs=0 cs=0 l=0 rev1=0 crypto rx=0 tx=0 comp rx=0 tx=0)._handle_peer_banner_payload supported=3 required=0
2024-04-02T02:36:05.615 INFO:teuthology.orchestra.run.smithi097.stdout:/usr/bin/ceph: stderr
2024-04-02T02:36:04.748+0000 7f207e59c700 1 --2- >> [v2:172.21.15.97:3300/0,v1:172.21.15.97:6789/0] conn(0x7f20800711f0 0x7f20801079a0 unknown :-1 s=HELLO_CONNECTING pgs=0 cs=0 l=0 rev1=1 crypto rx=0 tx=0 comp rx=0 tx=0).handle_hello peer v2:172.21.15.97:3300/0 says I am v2:172.21.15.97:35178/0 (socket says 172.21.15.97:35178)
2024-04-02T02:36:05.615 INFO:teuthology.orchestra.run.smithi097.stdout:/usr/bin/ceph: stderr
2024-04-02T02:36:04.748+0000 7f207e59c700 1 -- 172.21.15.97:0/713067435 learned_addr learned my addr 172.21.15.97:0/713067435 (peer_addr_for_me v2:172.21.15.97:0/0)
2024-04-02T02:36:05.615 INFO:teuthology.orchestra.run.smithi097.stdout:/usr/bin/ceph: stderr
2024-04-02T02:36:04.749+0000 7f207e59c700 1 -- 172.21.15.97:0/713067435 --> [v2:172.21.15.97:3300/0,v1:172.21.15.97:6789/0] -- mon_subscribe({config=0+,monmap=0+}) v3 -- 0x7f2080103390 con 0x7f20800711f0
2024-04-02T02:36:05.615 INFO:teuthology.orchestra.run.smithi097.stdout:/usr/bin/ceph: stderr
2024-04-02T02:36:04.749+0000 7f207e59c700 1 --2- 172.21.15.97:0/713067435 >> [v2:172.21.15.97:3300/0,v1:172.21.15.97:6789/0] conn(0x7f20800711f0 0x7f20801079a0 secure :-1 s=READY pgs=67 cs=0 l=1 rev1=1 crypto rx=0x7f20700098e0 tx=0x7f2070009250 comp rx=0 tx=0).ready entity=mon.0 client_cookie=4f31264b8acf0c27 server_cookie=0 in_seq=0 out_seq=0
2024-04-02T02:36:05.615 INFO:teuthology.orchestra.run.smithi097.stdout:/usr/bin/ceph: stderr
2024-04-02T02:36:04.749+0000 7f207d59a700 1 -- 172.21.15.97:0/713067435 <== mon.0 v2:172.21.15.97:3300/0 1 ==== mon_map magic: 0 v1 ==== 229+0+0 (secure 0 0 0) 0x7f207000b860 con 0x7f20800711f0
2024-04-02T02:36:05.615 INFO:teuthology.orchestra.run.smithi097.stdout:/usr/bin/ceph: stderr
2024-04-02T02:36:04.749+0000 7f207d59a700 1 -- 172.21.15.97:0/713067435 <== mon.0 v2:172.21.15.97:3300/0 2 ==== config(27 keys) v1 ==== 1109+0+0 (secure 0 0 0) 0x7f207000be90 con 0x7f20800711f0
2024-04-02T02:36:05.615 INFO:teuthology.orchestra.run.smithi097.stdout:/usr/bin/ceph: stderr
2024-04-02T02:36:04.749+0000 7f207d59a700 1 -- 172.21.15.97:0/713067435 <== mon.0 v2:172.21.15.97:3300/0 3 ==== mon_map magic: 0 v1 ==== 229+0+0 (secure 0 0 0) 0x7f20700103c0 con 0x7f20800711f0
2024-04-02T02:36:05.615 INFO:teuthology.orchestra.run.smithi097.stdout:/usr/bin/ceph: stderr
2024-04-02T02:36:04.750+0000 7f2084e73700 1 -- 172.21.15.97:0/713067435 >> [v2:172.21.15.97:3300/0,v1:172.21.15.97:6789/0] conn(0x7f20800711f0 msgr2=0x7f20801079a0 secure :-1 s=STATE_CONNECTION_ESTABLISHED l=1).mark_down
2024-04-02T02:36:05.615 INFO:teuthology.orchestra.run.smithi097.stdout:/usr/bin/ceph: stderr
2024-04-02T02:36:04.750+0000 7f2084e73700 1 --2- 172.21.15.97:0/713067435 >> [v2:172.21.15.97:3300/0,v1:172.21.15.97:6789/0] conn(0x7f20800711f0 0x7f20801079a0 secure :-1 s=READY pgs=67 cs=0 l=1 rev1=1 crypto rx=0x7f20700098e0 tx=0x7f2070009250 comp rx=0 tx=0).stop
2024-04-02T02:36:05.615 INFO:teuthology.orchestra.run.smithi097.stdout:/usr/bin/ceph: stderr
2024-04-02T02:36:04.750+0000 7f2084e73700 1 -- 172.21.15.97:0/713067435 shutdown_connections
2024-04-02T02:36:05.615 INFO:teuthology.orchestra.run.smithi097.stdout:/usr/bin/ceph: stderr
2024-04-02T02:36:04.750+0000 7f2084e73700 1 --2- 172.21.15.97:0/713067435 >> [v2:172.21.15.97:3300/0,v1:172.21.15.97:6789/0] conn(0x7f20800711f0 0x7f20801079a0 unknown :-1 s=CLOSED pgs=67 cs=0 l=1 rev1=1 crypto rx=0 tx=0 comp rx=0 tx=0).stop
2024-04-02T02:36:05.615 INFO:teuthology.orchestra.run.smithi097.stdout:/usr/bin/ceph: stderr
2024-04-02T02:36:04.750+0000 7f2084e73700 1 -- 172.21.15.97:0/713067435 >> 172.21.15.97:0/713067435 conn(0x7f20800fcfb0 msgr2=0x7f20800ff3c0 unknown :-1 s=STATE_NONE l=0).mark_down
2024-04-02T02:36:05.615 INFO:teuthology.orchestra.run.smithi097.stdout:/usr/bin/ceph: stderr
2024-04-02T02:36:04.750+0000 7f2084e73700 1 -- 172.21.15.97:0/713067435 shutdown_connections
2024-04-02T02:36:05.616 INFO:teuthology.orchestra.run.smithi097.stdout:/usr/bin/ceph: stderr
2024-04-02T02:36:04.750+0000 7f2084e73700 1 -- 172.21.15.97:0/713067435 wait complete.
2024-04-02T02:36:05.616 INFO:teuthology.orchestra.run.smithi097.stdout:/usr/bin/ceph: stderr
2024-04-02T02:36:04.751+0000 7f2084e73700 1 Processor -- start
2024-04-02T02:36:05.616 INFO:teuthology.orchestra.run.smithi097.stdout:/usr/bin/ceph: stderr
2024-04-02T02:36:04.751+0000 7f2084e73700 1 -- start start
2024-04-02T02:36:05.616 INFO:teuthology.orchestra.run.smithi097.stdout:/usr/bin/ceph: stderr
2024-04-02T02:36:04.751+0000 7f2084e73700 1 --2- >> [v2:172.21.15.97:3300/0,v1:172.21.15.97:6789/0] conn(0x7f20800711f0 0x7f2080113920 unknown :-1 s=NONE pgs=0 cs=0 l=1 rev1=0 crypto rx=0 tx=0 comp rx=0 tx=0).connect
2024-04-02T02:36:05.616 INFO:teuthology.orchestra.run.smithi097.stdout:/usr/bin/ceph: stderr
2024-04-02T02:36:04.751+0000 7f2084e73700 1 -- --> [v2:172.21.15.97:3300/0,v1:172.21.15.97:6789/0] -- mon_getmap magic: 0 v1 -- 0x7f2080113e60 con 0x7f20800711f0
2024-04-02T02:36:05.616 INFO:teuthology.orchestra.run.smithi097.stdout:/usr/bin/ceph: stderr
2024-04-02T02:36:04.751+0000 7f207e59c700 1 --2- >> [v2:172.21.15.97:3300/0,v1:172.21.15.97:6789/0] conn(0x7f20800711f0 0x7f2080113920 unknown :-1 s=BANNER_CONNECTING pgs=0 cs=0 l=1 rev1=0 crypto rx=0 tx=0 comp rx=0 tx=0)._handle_peer_banner_payload supported=3 required=0
2024-04-02T02:36:05.616 INFO:teuthology.orchestra.run.smithi097.stdout:/usr/bin/ceph: stderr
2024-04-02T02:36:04.751+0000 7f207e59c700 1 --2- >> [v2:172.21.15.97:3300/0,v1:172.21.15.97:6789/0] conn(0x7f20800711f0 0x7f2080113920 unknown :-1 s=HELLO_CONNECTING pgs=0 cs=0 l=1 rev1=1 crypto rx=0 tx=0 comp rx=0 tx=0).handle_hello peer v2:172.21.15.97:3300/0 says I am v2:172.21.15.97:35180/0 (socket says 172.21.15.97:35180)
2024-04-02T02:36:05.616 INFO:teuthology.orchestra.run.smithi097.stdout:/usr/bin/ceph: stderr
2024-04-02T02:36:04.751+0000 7f207e59c700 1 -- 172.21.15.97:0/508799264 learned_addr learned my addr 172.21.15.97:0/508799264 (peer_addr_for_me v2:172.21.15.97:0/0)
2024-04-02T02:36:05.616 INFO:teuthology.orchestra.run.smithi097.stdout:/usr/bin/ceph: stderr
2024-04-02T02:36:04.751+0000 7f207e59c700 1 -- 172.21.15.97:0/508799264 --> [v2:172.21.15.97:3300/0,v1:172.21.15.97:6789/0] -- mon_subscribe({config=0+,monmap=0+}) v3 -- 0x7f20700094f0 con 0x7f20800711f0
2024-04-02T02:36:05.616 INFO:teuthology.orchestra.run.smithi097.stdout:/usr/bin/ceph: stderr
2024-04-02T02:36:04.751+0000 7f207e59c700 1 --2- 172.21.15.97:0/508799264 >> [v2:172.21.15.97:3300/0,v1:172.21.15.97:6789/0] conn(0x7f20800711f0 0x7f2080113920 secure :-1 s=READY pgs=68 cs=0 l=1 rev1=1 crypto rx=0x7f20700094c0 tx=0x7f2070009250 comp rx=0 tx=0).ready entity=mon.0 client_cookie=0 server_cookie=0 in_seq=0 out_seq=0
2024-04-02T02:36:05.616 INFO:teuthology.orchestra.run.smithi097.stdout:/usr/bin/ceph: stderr
2024-04-02T02:36:04.751+0000 7f206effd700 1 -- 172.21.15.97:0/508799264 <== mon.0 v2:172.21.15.97:3300/0 1 ==== mon_map magic: 0 v1 ==== 229+0+0 (secure 0 0 0) 0x7f20700118f0 con 0x7f20800711f0
2024-04-02T02:36:05.616 INFO:teuthology.orchestra.run.smithi097.stdout:/usr/bin/ceph: stderr
2024-04-02T02:36:04.751+0000 7f2084e73700 1 -- 172.21.15.97:0/508799264 --> [v2:172.21.15.97:3300/0,v1:172.21.15.97:6789/0] -- mon_subscribe({mgrmap=0+}) v3 -- 0x7f20801140c0 con 0x7f20800711f0
2024-04-02T02:36:05.616 INFO:teuthology.orchestra.run.smithi097.stdout:/usr/bin/ceph: stderr
2024-04-02T02:36:04.751+0000 7f206effd700 1 -- 172.21.15.97:0/508799264 <== mon.0 v2:172.21.15.97:3300/0 2 ==== config(27 keys) v1 ==== 1109+0+0 (secure 0 0 0) 0x7f2070010d60 con 0x7f20800711f0
2024-04-02T02:36:05.616 INFO:teuthology.orchestra.run.smithi097.stdout:/usr/bin/ceph: stderr
2024-04-02T02:36:04.751+0000 7f206effd700 1 -- 172.21.15.97:0/508799264 <== mon.0 v2:172.21.15.97:3300/0 3 ==== mon_map magic: 0 v1 ==== 229+0+0 (secure 0 0 0) 0x7f2070024e50 con 0x7f20800711f0
2024-04-02T02:36:05.616 INFO:teuthology.orchestra.run.smithi097.stdout:/usr/bin/ceph: stderr
2024-04-02T02:36:04.751+0000 7f2084e73700 1 -- 172.21.15.97:0/508799264 --> [v2:172.21.15.97:3300/0,v1:172.21.15.97:6789/0] -- mon_subscribe({osdmap=0}) v3 -- 0x7f2080114bd0 con 0x7f20800711f0
2024-04-02T02:36:05.617 INFO:teuthology.orchestra.run.smithi097.stdout:/usr/bin/ceph: stderr
2024-04-02T02:36:04.752+0000 7f206effd700 1 -- 172.21.15.97:0/508799264 <== mon.0 v2:172.21.15.97:3300/0 4 ==== mgrmap(e 9) v1 ==== 43381+0+0 (secure 0 0 0) 0x7f207001a4b0 con 0x7f20800711f0
2024-04-02T02:36:05.617 INFO:teuthology.orchestra.run.smithi097.stdout:/usr/bin/ceph: stderr
2024-04-02T02:36:04.753+0000 7f2084e73700 1 -- 172.21.15.97:0/508799264 --> [v2:172.21.15.97:3300/0,v1:172.21.15.97:6789/0] -- mon_command({"prefix": "get_command_descriptions"} v 0) v1 -- 0x7f208005f5f0 con 0x7f20800711f0
2024-04-02T02:36:05.617 INFO:teuthology.orchestra.run.smithi097.stdout:/usr/bin/ceph: stderr
2024-04-02T02:36:04.753+0000 7f206effd700 1 --2- 172.21.15.97:0/508799264 >> [v2:172.21.15.97:6800/2349479771,v1:172.21.15.97:6801/2349479771] conn(0x7f20680367e0 0x7f2068038c90 unknown :-1 s=NONE pgs=0 cs=0 l=1 rev1=0 crypto rx=0 tx=0 comp rx=0 tx=0).connect
2024-04-02T02:36:05.617 INFO:teuthology.orchestra.run.smithi097.stdout:/usr/bin/ceph: stderr
2024-04-02T02:36:04.753+0000 7f206effd700 1 -- 172.21.15.97:0/508799264 <== mon.0 v2:172.21.15.97:3300/0 5 ==== osd_map(2..2 src has 1..2) v4 ==== 936+0+0 (secure 0 0 0) 0x7f207004a450 con 0x7f20800711f0
2024-04-02T02:36:05.617 INFO:teuthology.orchestra.run.smithi097.stdout:/usr/bin/ceph: stderr
2024-04-02T02:36:04.753+0000 7f207dd9b700 1 -- 172.21.15.97:0/508799264 >> [v2:172.21.15.97:6800/2349479771,v1:172.21.15.97:6801/2349479771] conn(0x7f20680367e0 msgr2=0x7f2068038c90 unknown :-1 s=STATE_CONNECTING_RE l=1).process reconnect failed to v2:172.21.15.97:6800/2349479771
2024-04-02T02:36:05.617 INFO:teuthology.orchestra.run.smithi097.stdout:/usr/bin/ceph: stderr
2024-04-02T02:36:04.753+0000 7f207dd9b700 1 --2- 172.21.15.97:0/508799264 >> [v2:172.21.15.97:6800/2349479771,v1:172.21.15.97:6801/2349479771] conn(0x7f20680367e0 0x7f2068038c90 unknown :-1 s=START_CONNECT pgs=0 cs=0 l=1 rev1=0 crypto rx=0 tx=0 comp rx=0 tx=0)._fault waiting 0.200000
2024-04-02T02:36:05.617 INFO:teuthology.orchestra.run.smithi097.stdout:/usr/bin/ceph: stderr
2024-04-02T02:36:04.757+0000 7f206effd700 1 -- 172.21.15.97:0/508799264 <== mon.0 v2:172.21.15.97:3300/0 6 ==== mon_command_ack([{"prefix": "get_command_descriptions"}]=0 v0) v1 ==== 72+0+176504 (secure 0 0 0) 0x7f2070018710 con 0x7f20800711f0
2024-04-02T02:36:05.617 INFO:teuthology.orchestra.run.smithi097.stdout:/usr/bin/ceph: stderr
2024-04-02T02:36:04.954+0000 7f207dd9b700 1 -- 172.21.15.97:0/508799264 >> [v2:172.21.15.97:6800/2349479771,v1:172.21.15.97:6801/2349479771] conn(0x7f20680367e0 msgr2=0x7f2068038c90 unknown :-1 s=STATE_CONNECTING_RE l=1).process reconnect failed to v2:172.21.15.97:6800/2349479771
2024-04-02T02:36:05.617 INFO:teuthology.orchestra.run.smithi097.stdout:/usr/bin/ceph: stderr
2024-04-02T02:36:04.954+0000 7f207dd9b700 1 --2- 172.21.15.97:0/508799264 >> [v2:172.21.15.97:6800/2349479771,v1:172.21.15.97:6801/2349479771] conn(0x7f20680367e0 0x7f2068038c90 unknown :-1 s=START_CONNECT pgs=0 cs=0 l=1 rev1=0 crypto rx=0 tx=0 comp rx=0 tx=0)._fault waiting 0.400000
2024-04-02T02:36:05.617 INFO:teuthology.orchestra.run.smithi097.stdout:/usr/bin/ceph: stderr
2024-04-02T02:36:05.002+0000 7f2084e73700 1 -- 172.21.15.97:0/508799264 --> [v2:172.21.15.97:3300/0,v1:172.21.15.97:6789/0] -- mon_command({"prefix": "mgr stat"} v 0) v1 -- 0x7f208004bed0 con 0x7f20800711f0
2024-04-02T02:36:05.617 INFO:teuthology.orchestra.run.smithi097.stdout:/usr/bin/ceph: stderr
2024-04-02T02:36:05.002+0000 7f206effd700 1 -- 172.21.15.97:0/508799264 <== mon.0 v2:172.21.15.97:3300/0 7 ==== mon_command_ack([{"prefix": "mgr stat"}]=0 v9) v1 ==== 56+0+103 (secure 0 0 0) 0x7f2070010ed0 con 0x7f20800711f0
2024-04-02T02:36:05.617 INFO:teuthology.orchestra.run.smithi097.stdout:/usr/bin/ceph: stderr
2024-04-02T02:36:05.004+0000 7f2084e73700 1 -- 172.21.15.97:0/508799264 >> [v2:172.21.15.97:6800/2349479771,v1:172.21.15.97:6801/2349479771] conn(0x7f20680367e0 msgr2=0x7f2068038c90 unknown :-1 s=STATE_CONNECTING l=1).mark_down
2024-04-02T02:36:05.617 INFO:teuthology.orchestra.run.smithi097.stdout:/usr/bin/ceph: stderr
2024-04-02T02:36:05.004+0000 7f2084e73700 1 --2- 172.21.15.97:0/508799264 >> [v2:172.21.15.97:6800/2349479771,v1:172.21.15.97:6801/2349479771] conn(0x7f20680367e0 0x7f2068038c90 unknown :-1 s=START_CONNECT pgs=0 cs=0 l=1 rev1=0 crypto rx=0 tx=0 comp rx=0 tx=0).stop
2024-04-02T02:36:05.617 INFO:teuthology.orchestra.run.smithi097.stdout:/usr/bin/ceph: stderr
2024-04-02T02:36:05.004+0000 7f2084e73700 1 -- 172.21.15.97:0/508799264 >> [v2:172.21.15.97:3300/0,v1:172.21.15.97:6789/0] conn(0x7f20800711f0 msgr2=0x7f2080113920 secure :-1 s=STATE_CONNECTION_ESTABLISHED l=1).mark_down
2024-04-02T02:36:05.618 INFO:teuthology.orchestra.run.smithi097.stdout:/usr/bin/ceph: stderr
2024-04-02T02:36:05.004+0000 7f2084e73700 1 --2- 172.21.15.97:0/508799264 >> [v2:172.21.15.97:3300/0,v1:172.21.15.97:6789/0] conn(0x7f20800711f0 0x7f2080113920 secure :-1 s=READY pgs=68 cs=0 l=1 rev1=1 crypto rx=0x7f20700094c0 tx=0x7f2070009250 comp rx=0 tx=0).stop
2024-04-02T02:36:05.618 INFO:teuthology.orchestra.run.smithi097.stdout:/usr/bin/ceph: stderr
2024-04-02T02:36:05.004+0000 7f2084e73700 1 -- 172.21.15.97:0/508799264 shutdown_connections
2024-04-02T02:36:05.618 INFO:teuthology.orchestra.run.smithi097.stdout:/usr/bin/ceph: stderr
2024-04-02T02:36:05.004+0000 7f2084e73700 1 --2- 172.21.15.97:0/508799264 >> [v2:172.21.15.97:6800/2349479771,v1:172.21.15.97:6801/2349479771] conn(0x7f20680367e0 0x7f2068038c90 unknown :-1 s=CLOSED pgs=0 cs=0 l=1 rev1=0 crypto rx=0 tx=0 comp rx=0 tx=0).stop
2024-04-02T02:36:05.618 INFO:teuthology.orchestra.run.smithi097.stdout:/usr/bin/ceph: stderr
2024-04-02T02:36:05.004+0000 7f2084e73700 1 --2- 172.21.15.97:0/508799264 >> [v2:172.21.15.97:3300/0,v1:172.21.15.97:6789/0] conn(0x7f20800711f0 0x7f2080113920 unknown :-1 s=CLOSED pgs=68 cs=0 l=1 rev1=1 crypto rx=0 tx=0 comp rx=0 tx=0).stop
2024-04-02T02:36:05.618 INFO:teuthology.orchestra.run.smithi097.stdout:/usr/bin/ceph: stderr
2024-04-02T02:36:05.004+0000 7f2084e73700 1 -- 172.21.15.97:0/508799264 >> 172.21.15.97:0/508799264 conn(0x7f20800fcfb0 msgr2=0x7f20800fdbb0 unknown :-1 s=STATE_NONE l=0).mark_down
2024-04-02T02:36:05.618 INFO:teuthology.orchestra.run.smithi097.stdout:/usr/bin/ceph: stderr
2024-04-02T02:36:05.004+0000 7f2084e73700 1 -- 172.21.15.97:0/508799264 shutdown_connections
2024-04-02T02:36:05.618 INFO:teuthology.orchestra.run.smithi097.stdout:/usr/bin/ceph: stderr
2024-04-02T02:36:05.004+0000 7f2084e73700 1 -- 172.21.15.97:0/508799264 wait complete.
2024-04-02T02:36:05.618 INFO:teuthology.orchestra.run.smithi097.stdout:Waiting for the mgr to restart...
2024-04-02T02:36:05.618 INFO:teuthology.orchestra.run.smithi097.stdout:Waiting for mgr epoch 9...
2024-04-02T02:36:05.778 INFO:journalctl@ceph.mon.smithi097.smithi097.stdout:Apr 02 02:36:05 smithi097 ceph-mon[28933]: from='client.? 172.21.15.97:0/508799264' entity='client.admin' cmd=[{"prefix": "mgr stat"}]: dispatch
2024-04-02T02:36:10.273 INFO:journalctl@ceph.mon.smithi097.smithi097.stdout:Apr 02 02:36:10 smithi097 ceph-mon[28933]: Active manager daemon smithi097.akoass restarted
2024-04-02T02:36:10.273 INFO:journalctl@ceph.mon.smithi097.smithi097.stdout:Apr 02 02:36:10 smithi097 ceph-mon[28933]: Activating manager daemon smithi097.akoass
2024-04-02T02:36:10.273 INFO:journalctl@ceph.mon.smithi097.smithi097.stdout:Apr 02 02:36:10 smithi097 ceph-mon[28933]: osdmap e3: 0 total, 0 up, 0 in
2024-04-02T02:36:10.273 INFO:journalctl@ceph.mon.smithi097.smithi097.stdout:Apr 02 02:36:10 smithi097 ceph-mon[28933]: mgrmap e10: smithi097.akoass(active, starting, since 0.00336962s)
2024-04-02T02:36:10.273 INFO:journalctl@ceph.mon.smithi097.smithi097.stdout:Apr 02 02:36:10 smithi097 ceph-mon[28933]: from='mgr.14160 172.21.15.97:0/3390744814' entity='mgr.smithi097.akoass' cmd=[{"prefix": "mon metadata", "id": "smithi097"}]: dispatch
2024-04-02T02:36:10.273 INFO:journalctl@ceph.mon.smithi097.smithi097.stdout:Apr 02 02:36:10 smithi097 ceph-mon[28933]: from='mgr.14160 172.21.15.97:0/3390744814' entity='mgr.smithi097.akoass' cmd=[{"prefix": "mgr metadata", "who": "smithi097.akoass", "id": "smithi097.akoass"}]: dispatch
2024-04-02T02:36:10.273 INFO:journalctl@ceph.mon.smithi097.smithi097.stdout:Apr 02 02:36:10 smithi097 ceph-mon[28933]: from='mgr.14160 172.21.15.97:0/3390744814' entity='mgr.smithi097.akoass' cmd=[{"prefix": "mds metadata"}]: dispatch
2024-04-02T02:36:10.273 INFO:journalctl@ceph.mon.smithi097.smithi097.stdout:Apr 02 02:36:10 smithi097 ceph-mon[28933]: from='mgr.14160 172.21.15.97:0/3390744814' entity='mgr.smithi097.akoass' cmd=[{"prefix": "osd metadata"}]: dispatch
2024-04-02T02:36:10.274 INFO:journalctl@ceph.mon.smithi097.smithi097.stdout:Apr 02 02:36:10 smithi097 ceph-mon[28933]: from='mgr.14160 172.21.15.97:0/3390744814' entity='mgr.smithi097.akoass' cmd=[{"prefix": "mon metadata"}]: dispatch
2024-04-02T02:36:10.274 INFO:journalctl@ceph.mon.smithi097.smithi097.stdout:Apr 02 02:36:10 smithi097 ceph-mon[28933]: Manager daemon smithi097.akoass is now available
2024-04-02T02:36:10.274 INFO:journalctl@ceph.mon.smithi097.smithi097.stdout:Apr 02 02:36:10 smithi097 ceph-mon[28933]: from='mgr.14160 172.21.15.97:0/3390744814' entity='mgr.smithi097.akoass' cmd=[{"prefix": "config dump", "format": "json"}]: dispatch
2024-04-02T02:36:10.274 INFO:journalctl@ceph.mon.smithi097.smithi097.stdout:Apr 02 02:36:10 smithi097 ceph-mon[28933]: from='mgr.14160 172.21.15.97:0/3390744814' entity='mgr.smithi097.akoass' cmd=[{"prefix": "config dump", "format": "json"}]: dispatch
2024-04-02T02:36:10.274 INFO:journalctl@ceph.mon.smithi097.smithi097.stdout:Apr 02 02:36:10 smithi097 ceph-mon[28933]: from='mgr.14160 172.21.15.97:0/3390744814' entity='mgr.smithi097.akoass' cmd=[{"prefix":"config rm","who":"mgr","name":"mgr/rbd_support/smithi097.akoass/mirror_snapshot_schedule"}]: dispatch
2024-04-02T02:36:10.274 INFO:journalctl@ceph.mon.smithi097.smithi097.stdout:Apr 02 02:36:10 smithi097 ceph-mon[28933]: from='mgr.14160 172.21.15.97:0/3390744814' entity='mgr.smithi097.akoass' cmd=[{"prefix":"config rm","who":"mgr","name":"mgr/rbd_support/smithi097.akoass/trash_purge_schedule"}]: dispatch
2024-04-02T02:36:11.819 INFO:teuthology.orchestra.run.smithi097.stdout:/usr/bin/ceph: stdout {
2024-04-02T02:36:11.819 INFO:teuthology.orchestra.run.smithi097.stdout:/usr/bin/ceph: stdout "mgrmap_epoch": 11,
2024-04-02T02:36:11.819 INFO:teuthology.orchestra.run.smithi097.stdout:/usr/bin/ceph: stdout "initialized": true
2024-04-02T02:36:11.819 INFO:teuthology.orchestra.run.smithi097.stdout:/usr/bin/ceph: stdout }
2024-04-02T02:36:11.819 INFO:teuthology.orchestra.run.smithi097.stdout:/usr/bin/ceph: stderr
2024-04-02T02:36:05.999+0000 7f8e8c8ed700 1 Processor -- start
2024-04-02T02:36:11.819 INFO:teuthology.orchestra.run.smithi097.stdout:/usr/bin/ceph: stderr
2024-04-02T02:36:05.999+0000 7f8e8c8ed700 1 -- start start
2024-04-02T02:36:11.819 INFO:teuthology.orchestra.run.smithi097.stdout:/usr/bin/ceph: stderr
2024-04-02T02:36:05.999+0000 7f8e8c8ed700 1 --2- >> [v2:172.21.15.97:3300/0,v1:172.21.15.97:6789/0] conn(0x7f8e88076af0 0x7f8e881055c0 unknown :-1 s=NONE pgs=0 cs=0 l=0 rev1=0 crypto rx=0 tx=0 comp rx=0 tx=0).connect
2024-04-02T02:36:11.819 INFO:teuthology.orchestra.run.smithi097.stdout:/usr/bin/ceph: stderr
2024-04-02T02:36:05.999+0000 7f8e8c8ed700 1 -- --> [v2:172.21.15.97:3300/0,v1:172.21.15.97:6789/0] -- mon_getmap magic: 0 v1 -- 0x7f8e88076f00 con 0x7f8e88076af0
2024-04-02T02:36:11.819 INFO:teuthology.orchestra.run.smithi097.stdout:/usr/bin/ceph: stderr
2024-04-02T02:36:05.999+0000 7f8e8659c700 1 --2- >> [v2:172.21.15.97:3300/0,v1:172.21.15.97:6789/0] conn(0x7f8e88076af0 0x7f8e881055c0 unknown :-1 s=BANNER_CONNECTING pgs=0 cs=0 l=0 rev1=0 crypto rx=0 tx=0 comp rx=0 tx=0)._handle_peer_banner_payload supported=3 required=0
2024-04-02T02:36:11.820 INFO:teuthology.orchestra.run.smithi097.stdout:/usr/bin/ceph: stderr
