2024-04-05T21:16:47.192+0000 7f903633b700 1 --2- 172.21.15.121:0/3156663581 >> [v2:172.21.15.121:3300/0,v1:172.21.15.121:6789/0] conn(0x7f9030105230 0x7f9030198f60 unknown :-1 s=CLOSED pgs=48 cs=0 l=1 rev1=1 crypto rx=0 tx=0 comp rx=0 tx=0).stop
2024-04-05T21:16:48.200 INFO:teuthology.orchestra.run.smithi121.stdout:/usr/bin/ceph: stderr
2024-04-05T21:16:47.192+0000 7f903633b700 1 -- 172.21.15.121:0/3156663581 >> 172.21.15.121:0/3156663581 conn(0x7f90301007d0 msgr2=0x7f9030101ef0 unknown :-1 s=STATE_NONE l=0).mark_down
2024-04-05T21:16:48.200 INFO:teuthology.orchestra.run.smithi121.stdout:/usr/bin/ceph: stderr
2024-04-05T21:16:47.192+0000 7f903633b700 1 -- 172.21.15.121:0/3156663581 shutdown_connections
2024-04-05T21:16:48.200 INFO:teuthology.orchestra.run.smithi121.stdout:/usr/bin/ceph: stderr
2024-04-05T21:16:47.192+0000 7f903633b700 1 -- 172.21.15.121:0/3156663581 wait complete.
2024-04-05T21:16:48.200 INFO:teuthology.orchestra.run.smithi121.stdout:Deploying crash service with default placement...
2024-04-05T21:16:49.878 INFO:teuthology.orchestra.run.smithi121.stdout:/usr/bin/ceph: stdout Scheduled crash update...
2024-04-05T21:16:49.879 INFO:teuthology.orchestra.run.smithi121.stdout:/usr/bin/ceph: stderr
2024-04-05T21:16:48.937+0000 7fe564e70700 1 Processor -- start
2024-04-05T21:16:49.879 INFO:teuthology.orchestra.run.smithi121.stdout:/usr/bin/ceph: stderr
2024-04-05T21:16:48.937+0000 7fe564e70700 1 -- start start
2024-04-05T21:16:49.879 INFO:teuthology.orchestra.run.smithi121.stdout:/usr/bin/ceph: stderr
2024-04-05T21:16:48.937+0000 7fe564e70700 1 --2- >> [v2:172.21.15.121:3300/0,v1:172.21.15.121:6789/0] conn(0x7fe5601045e0 0x7fe560104a00 unknown :-1 s=NONE pgs=0 cs=0 l=0 rev1=0 crypto rx=0 tx=0 comp rx=0 tx=0).connect
2024-04-05T21:16:49.879 INFO:teuthology.orchestra.run.smithi121.stdout:/usr/bin/ceph: stderr
2024-04-05T21:16:48.937+0000 7fe564e70700 1 -- --> [v2:172.21.15.121:3300/0,v1:172.21.15.121:6789/0] -- mon_getmap magic: 0 v1 -- 0x7fe560104fd0 con 0x7fe5601045e0
2024-04-05T21:16:49.879 INFO:teuthology.orchestra.run.smithi121.stdout:/usr/bin/ceph: stderr
2024-04-05T21:16:48.937+0000 7fe55e59c700 1 --2- >> [v2:172.21.15.121:3300/0,v1:172.21.15.121:6789/0] conn(0x7fe5601045e0 0x7fe560104a00 unknown :-1 s=BANNER_CONNECTING pgs=0 cs=0 l=0 rev1=0 crypto rx=0 tx=0 comp rx=0 tx=0)._handle_peer_banner_payload supported=3 required=0
2024-04-05T21:16:49.879 INFO:teuthology.orchestra.run.smithi121.stdout:/usr/bin/ceph: stderr
2024-04-05T21:16:48.938+0000 7fe55e59c700 1 --2- >> [v2:172.21.15.121:3300/0,v1:172.21.15.121:6789/0] conn(0x7fe5601045e0 0x7fe560104a00 unknown :-1 s=HELLO_CONNECTING pgs=0 cs=0 l=0 rev1=1 crypto rx=0 tx=0 comp rx=0 tx=0).handle_hello peer v2:172.21.15.121:3300/0 says I am v2:172.21.15.121:36082/0 (socket says 172.21.15.121:36082)
2024-04-05T21:16:49.879 INFO:teuthology.orchestra.run.smithi121.stdout:/usr/bin/ceph: stderr
2024-04-05T21:16:48.938+0000 7fe55e59c700 1 -- 172.21.15.121:0/1012447702 learned_addr learned my addr 172.21.15.121:0/1012447702 (peer_addr_for_me v2:172.21.15.121:0/0)
2024-04-05T21:16:49.879 INFO:teuthology.orchestra.run.smithi121.stdout:/usr/bin/ceph: stderr
2024-04-05T21:16:48.938+0000 7fe55e59c700 1 -- 172.21.15.121:0/1012447702 --> [v2:172.21.15.121:3300/0,v1:172.21.15.121:6789/0] -- mon_subscribe({config=0+,monmap=0+}) v3 -- 0x7fe560105110 con 0x7fe5601045e0
2024-04-05T21:16:49.879 INFO:teuthology.orchestra.run.smithi121.stdout:/usr/bin/ceph: stderr
2024-04-05T21:16:48.938+0000 7fe55e59c700 1 --2- 172.21.15.121:0/1012447702 >> [v2:172.21.15.121:3300/0,v1:172.21.15.121:6789/0] conn(0x7fe5601045e0 0x7fe560104a00 secure :-1 s=READY pgs=49 cs=0 l=1 rev1=1 crypto rx=0x7fe5540098a0 tx=0x7fe554009bb0 comp rx=0 tx=0).ready entity=mon.0 client_cookie=f4c36657bdde6aa4 server_cookie=0 in_seq=0 out_seq=0
2024-04-05T21:16:49.879 INFO:teuthology.orchestra.run.smithi121.stdout:/usr/bin/ceph: stderr
2024-04-05T21:16:48.938+0000 7fe55d59a700 1 -- 172.21.15.121:0/1012447702 <== mon.0 v2:172.21.15.121:3300/0 1 ==== mon_map magic: 0 v1 ==== 229+0+0 (secure 0 0 0) 0x7fe554004180 con 0x7fe5601045e0
2024-04-05T21:16:49.880 INFO:teuthology.orchestra.run.smithi121.stdout:/usr/bin/ceph: stderr
2024-04-05T21:16:48.938+0000 7fe55d59a700 1 -- 172.21.15.121:0/1012447702 <== mon.0 v2:172.21.15.121:3300/0 2 ==== config(26 keys) v1 ==== 1066+0+0 (secure 0 0 0) 0x7fe5540042e0 con 0x7fe5601045e0
2024-04-05T21:16:49.880 INFO:teuthology.orchestra.run.smithi121.stdout:/usr/bin/ceph: stderr
2024-04-05T21:16:48.938+0000 7fe55d59a700 1 -- 172.21.15.121:0/1012447702 <== mon.0 v2:172.21.15.121:3300/0 3 ==== mon_map magic: 0 v1 ==== 229+0+0 (secure 0 0 0) 0x7fe554011a30 con 0x7fe5601045e0
2024-04-05T21:16:49.880 INFO:teuthology.orchestra.run.smithi121.stdout:/usr/bin/ceph: stderr
2024-04-05T21:16:48.939+0000 7fe564e70700 1 -- 172.21.15.121:0/1012447702 >> [v2:172.21.15.121:3300/0,v1:172.21.15.121:6789/0] conn(0x7fe5601045e0 msgr2=0x7fe560104a00 secure :-1 s=STATE_CONNECTION_ESTABLISHED l=1).mark_down
2024-04-05T21:16:49.880 INFO:teuthology.orchestra.run.smithi121.stdout:/usr/bin/ceph: stderr
2024-04-05T21:16:48.939+0000 7fe564e70700 1 --2- 172.21.15.121:0/1012447702 >> [v2:172.21.15.121:3300/0,v1:172.21.15.121:6789/0] conn(0x7fe5601045e0 0x7fe560104a00 secure :-1 s=READY pgs=49 cs=0 l=1 rev1=1 crypto rx=0x7fe5540098a0 tx=0x7fe554009bb0 comp rx=0 tx=0).stop
2024-04-05T21:16:49.880 INFO:teuthology.orchestra.run.smithi121.stdout:/usr/bin/ceph: stderr
2024-04-05T21:16:48.939+0000 7fe564e70700 1 -- 172.21.15.121:0/1012447702 shutdown_connections
2024-04-05T21:16:49.880 INFO:teuthology.orchestra.run.smithi121.stdout:/usr/bin/ceph: stderr
2024-04-05T21:16:48.939+0000 7fe564e70700 1 --2- 172.21.15.121:0/1012447702 >> [v2:172.21.15.121:3300/0,v1:172.21.15.121:6789/0] conn(0x7fe5601045e0 0x7fe560104a00 unknown :-1 s=CLOSED pgs=49 cs=0 l=1 rev1=1 crypto rx=0 tx=0 comp rx=0 tx=0).stop
2024-04-05T21:16:49.880 INFO:teuthology.orchestra.run.smithi121.stdout:/usr/bin/ceph: stderr
2024-04-05T21:16:48.939+0000 7fe564e70700 1 -- 172.21.15.121:0/1012447702 >> 172.21.15.121:0/1012447702 conn(0x7fe5600fff40 msgr2=0x7fe560102380 unknown :-1 s=STATE_NONE l=0).mark_down
2024-04-05T21:16:49.880 INFO:teuthology.orchestra.run.smithi121.stdout:/usr/bin/ceph: stderr
2024-04-05T21:16:48.939+0000 7fe564e70700 1 -- 172.21.15.121:0/1012447702 shutdown_connections
2024-04-05T21:16:49.880 INFO:teuthology.orchestra.run.smithi121.stdout:/usr/bin/ceph: stderr
2024-04-05T21:16:48.939+0000 7fe564e70700 1 -- 172.21.15.121:0/1012447702 wait complete.
2024-04-05T21:16:49.880 INFO:teuthology.orchestra.run.smithi121.stdout:/usr/bin/ceph: stderr
2024-04-05T21:16:48.940+0000 7fe564e70700 1 Processor -- start
2024-04-05T21:16:49.880 INFO:teuthology.orchestra.run.smithi121.stdout:/usr/bin/ceph: stderr
2024-04-05T21:16:48.940+0000 7fe564e70700 1 -- start start
2024-04-05T21:16:49.880 INFO:teuthology.orchestra.run.smithi121.stdout:/usr/bin/ceph: stderr
2024-04-05T21:16:48.940+0000 7fe564e70700 1 --2- >> [v2:172.21.15.121:3300/0,v1:172.21.15.121:6789/0] conn(0x7fe5601045e0 0x7fe56019a040 unknown :-1 s=NONE pgs=0 cs=0 l=1 rev1=0 crypto rx=0 tx=0 comp rx=0 tx=0).connect
2024-04-05T21:16:49.880 INFO:teuthology.orchestra.run.smithi121.stdout:/usr/bin/ceph: stderr
2024-04-05T21:16:48.940+0000 7fe564e70700 1 -- --> [v2:172.21.15.121:3300/0,v1:172.21.15.121:6789/0] -- mon_getmap magic: 0 v1 -- 0x7fe56019a580 con 0x7fe5601045e0
2024-04-05T21:16:49.881 INFO:teuthology.orchestra.run.smithi121.stdout:/usr/bin/ceph: stderr
2024-04-05T21:16:48.940+0000 7fe55e59c700 1 --2- >> [v2:172.21.15.121:3300/0,v1:172.21.15.121:6789/0] conn(0x7fe5601045e0 0x7fe56019a040 unknown :-1 s=BANNER_CONNECTING pgs=0 cs=0 l=1 rev1=0 crypto rx=0 tx=0 comp rx=0 tx=0)._handle_peer_banner_payload supported=3 required=0
2024-04-05T21:16:49.881 INFO:teuthology.orchestra.run.smithi121.stdout:/usr/bin/ceph: stderr
2024-04-05T21:16:48.940+0000 7fe55e59c700 1 --2- >> [v2:172.21.15.121:3300/0,v1:172.21.15.121:6789/0] conn(0x7fe5601045e0 0x7fe56019a040 unknown :-1 s=HELLO_CONNECTING pgs=0 cs=0 l=1 rev1=1 crypto rx=0 tx=0 comp rx=0 tx=0).handle_hello peer v2:172.21.15.121:3300/0 says I am v2:172.21.15.121:36092/0 (socket says 172.21.15.121:36092)
2024-04-05T21:16:49.881 INFO:teuthology.orchestra.run.smithi121.stdout:/usr/bin/ceph: stderr
2024-04-05T21:16:48.940+0000 7fe55e59c700 1 -- 172.21.15.121:0/1736272787 learned_addr learned my addr 172.21.15.121:0/1736272787 (peer_addr_for_me v2:172.21.15.121:0/0)
2024-04-05T21:16:49.881 INFO:teuthology.orchestra.run.smithi121.stdout:/usr/bin/ceph: stderr
2024-04-05T21:16:48.940+0000 7fe55e59c700 1 -- 172.21.15.121:0/1736272787 --> [v2:172.21.15.121:3300/0,v1:172.21.15.121:6789/0] -- mon_subscribe({config=0+,monmap=0+}) v3 -- 0x7fe554009550 con 0x7fe5601045e0
2024-04-05T21:16:49.881 INFO:teuthology.orchestra.run.smithi121.stdout:/usr/bin/ceph: stderr
2024-04-05T21:16:48.940+0000 7fe55e59c700 1 --2- 172.21.15.121:0/1736272787 >> [v2:172.21.15.121:3300/0,v1:172.21.15.121:6789/0] conn(0x7fe5601045e0 0x7fe56019a040 secure :-1 s=READY pgs=50 cs=0 l=1 rev1=1 crypto rx=0x7fe554000c00 tx=0x7fe554011ab0 comp rx=0 tx=0).ready entity=mon.0 client_cookie=0 server_cookie=0 in_seq=0 out_seq=0
2024-04-05T21:16:49.881 INFO:teuthology.orchestra.run.smithi121.stdout:/usr/bin/ceph: stderr
2024-04-05T21:16:48.940+0000 7fe54f7fe700 1 -- 172.21.15.121:0/1736272787 <== mon.0 v2:172.21.15.121:3300/0 1 ==== mon_map magic: 0 v1 ==== 229+0+0 (secure 0 0 0) 0x7fe554003bc0 con 0x7fe5601045e0
2024-04-05T21:16:49.881 INFO:teuthology.orchestra.run.smithi121.stdout:/usr/bin/ceph: stderr
2024-04-05T21:16:48.941+0000 7fe54f7fe700 1 -- 172.21.15.121:0/1736272787 <== mon.0 v2:172.21.15.121:3300/0 2 ==== config(26 keys) v1 ==== 1066+0+0 (secure 0 0 0) 0x7fe5540248d0 con 0x7fe5601045e0
2024-04-05T21:16:49.881 INFO:teuthology.orchestra.run.smithi121.stdout:/usr/bin/ceph: stderr
2024-04-05T21:16:48.941+0000 7fe564e70700 1 -- 172.21.15.121:0/1736272787 --> [v2:172.21.15.121:3300/0,v1:172.21.15.121:6789/0] -- mon_subscribe({mgrmap=0+}) v3 -- 0x7fe56019a780 con 0x7fe5601045e0
2024-04-05T21:16:49.881 INFO:teuthology.orchestra.run.smithi121.stdout:/usr/bin/ceph: stderr
2024-04-05T21:16:48.941+0000 7fe54f7fe700 1 -- 172.21.15.121:0/1736272787 <== mon.0 v2:172.21.15.121:3300/0 3 ==== mon_map magic: 0 v1 ==== 229+0+0 (secure 0 0 0) 0x7fe55401a890 con 0x7fe5601045e0
2024-04-05T21:16:49.881 INFO:teuthology.orchestra.run.smithi121.stdout:/usr/bin/ceph: stderr
2024-04-05T21:16:48.941+0000 7fe564e70700 1 -- 172.21.15.121:0/1736272787 --> [v2:172.21.15.121:3300/0,v1:172.21.15.121:6789/0] -- mon_subscribe({osdmap=0}) v3 -- 0x7fe56019aba0 con 0x7fe5601045e0
2024-04-05T21:16:49.881 INFO:teuthology.orchestra.run.smithi121.stdout:/usr/bin/ceph: stderr
2024-04-05T21:16:48.941+0000 7fe54f7fe700 1 -- 172.21.15.121:0/1736272787 <== mon.0 v2:172.21.15.121:3300/0 4 ==== mgrmap(e 8) v1 ==== 45283+0+0 (secure 0 0 0) 0x7fe55401ab00 con 0x7fe5601045e0
2024-04-05T21:16:49.881 INFO:teuthology.orchestra.run.smithi121.stdout:/usr/bin/ceph: stderr
2024-04-05T21:16:48.941+0000 7fe564e70700 1 -- 172.21.15.121:0/1736272787 --> [v2:172.21.15.121:3300/0,v1:172.21.15.121:6789/0] -- mon_command({"prefix": "get_command_descriptions"} v 0) v1 -- 0x7fe5600623c0 con 0x7fe5601045e0
2024-04-05T21:16:49.881 INFO:teuthology.orchestra.run.smithi121.stdout:/usr/bin/ceph: stderr
2024-04-05T21:16:48.942+0000 7fe54f7fe700 1 --2- 172.21.15.121:0/1736272787 >> [v2:172.21.15.121:6800/1004235250,v1:172.21.15.121:6801/1004235250] conn(0x7fe548038370 0x7fe54803a830 unknown :-1 s=NONE pgs=0 cs=0 l=1 rev1=0 crypto rx=0 tx=0 comp rx=0 tx=0).connect
2024-04-05T21:16:49.881 INFO:teuthology.orchestra.run.smithi121.stdout:/usr/bin/ceph: stderr
2024-04-05T21:16:48.942+0000 7fe54f7fe700 1 -- 172.21.15.121:0/1736272787 <== mon.0 v2:172.21.15.121:3300/0 5 ==== osd_map(2..2 src has 1..2) v4 ==== 940+0+0 (secure 0 0 0) 0x7fe55404c530 con 0x7fe5601045e0
2024-04-05T21:16:49.882 INFO:teuthology.orchestra.run.smithi121.stdout:/usr/bin/ceph: stderr
2024-04-05T21:16:48.942+0000 7fe55dd9b700 1 --2- 172.21.15.121:0/1736272787 >> [v2:172.21.15.121:6800/1004235250,v1:172.21.15.121:6801/1004235250] conn(0x7fe548038370 0x7fe54803a830 unknown :-1 s=BANNER_CONNECTING pgs=0 cs=0 l=1 rev1=0 crypto rx=0 tx=0 comp rx=0 tx=0)._handle_peer_banner_payload supported=3 required=0
2024-04-05T21:16:49.882 INFO:teuthology.orchestra.run.smithi121.stdout:/usr/bin/ceph: stderr
2024-04-05T21:16:48.942+0000 7fe55dd9b700 1 --2- 172.21.15.121:0/1736272787 >> [v2:172.21.15.121:6800/1004235250,v1:172.21.15.121:6801/1004235250] conn(0x7fe548038370 0x7fe54803a830 secure :-1 s=READY pgs=14 cs=0 l=1 rev1=1 crypto rx=0x7fe550006fd0 tx=0x7fe550006e40 comp rx=0 tx=0).ready entity=mgr.14118 client_cookie=0 server_cookie=0 in_seq=0 out_seq=0
2024-04-05T21:16:49.882 INFO:teuthology.orchestra.run.smithi121.stdout:/usr/bin/ceph: stderr
2024-04-05T21:16:48.946+0000 7fe54f7fe700 1 -- 172.21.15.121:0/1736272787 <== mon.0 v2:172.21.15.121:3300/0 6 ==== mon_command_ack([{"prefix": "get_command_descriptions"}]=0 v0) v1 ==== 72+0+180422 (secure 0 0 0) 0x7fe55401adb0 con 0x7fe5601045e0
2024-04-05T21:16:49.882 INFO:teuthology.orchestra.run.smithi121.stdout:/usr/bin/ceph: stderr
2024-04-05T21:16:49.171+0000 7fe564e70700 1 -- 172.21.15.121:0/1736272787 --> [v2:172.21.15.121:6800/1004235250,v1:172.21.15.121:6801/1004235250] -- mgr_command(tid 0: {"prefix": "orch apply", "service_type": "crash", "target": ["mon-mgr", ""]}) v1 -- 0x7fe560102260 con 0x7fe548038370
2024-04-05T21:16:49.882 INFO:teuthology.orchestra.run.smithi121.stdout:/usr/bin/ceph: stderr
2024-04-05T21:16:49.178+0000 7fe54f7fe700 1 -- 172.21.15.121:0/1736272787 <== mgr.14118 v2:172.21.15.121:6800/1004235250 1 ==== mgr_command_reply(tid 0: 0 ) v1 ==== 8+0+26 (secure 0 0 0) 0x7fe560102260 con 0x7fe548038370
2024-04-05T21:16:49.882 INFO:teuthology.orchestra.run.smithi121.stdout:/usr/bin/ceph: stderr
2024-04-05T21:16:49.180+0000 7fe564e70700 1 -- 172.21.15.121:0/1736272787 >> [v2:172.21.15.121:6800/1004235250,v1:172.21.15.121:6801/1004235250] conn(0x7fe548038370 msgr2=0x7fe54803a830 secure :-1 s=STATE_CONNECTION_ESTABLISHED l=1).mark_down
2024-04-05T21:16:49.882 INFO:teuthology.orchestra.run.smithi121.stdout:/usr/bin/ceph: stderr
2024-04-05T21:16:49.180+0000 7fe564e70700 1 --2- 172.21.15.121:0/1736272787 >> [v2:172.21.15.121:6800/1004235250,v1:172.21.15.121:6801/1004235250] conn(0x7fe548038370 0x7fe54803a830 secure :-1 s=READY pgs=14 cs=0 l=1 rev1=1 crypto rx=0x7fe550006fd0 tx=0x7fe550006e40 comp rx=0 tx=0).stop
2024-04-05T21:16:49.882 INFO:teuthology.orchestra.run.smithi121.stdout:/usr/bin/ceph: stderr
2024-04-05T21:16:49.180+0000 7fe564e70700 1 -- 172.21.15.121:0/1736272787 >> [v2:172.21.15.121:3300/0,v1:172.21.15.121:6789/0] conn(0x7fe5601045e0 msgr2=0x7fe56019a040 secure :-1 s=STATE_CONNECTION_ESTABLISHED l=1).mark_down
2024-04-05T21:16:49.882 INFO:teuthology.orchestra.run.smithi121.stdout:/usr/bin/ceph: stderr
2024-04-05T21:16:49.180+0000 7fe564e70700 1 --2- 172.21.15.121:0/1736272787 >> [v2:172.21.15.121:3300/0,v1:172.21.15.121:6789/0] conn(0x7fe5601045e0 0x7fe56019a040 secure :-1 s=READY pgs=50 cs=0 l=1 rev1=1 crypto rx=0x7fe554000c00 tx=0x7fe554011ab0 comp rx=0 tx=0).stop
2024-04-05T21:16:49.882 INFO:teuthology.orchestra.run.smithi121.stdout:/usr/bin/ceph: stderr
2024-04-05T21:16:49.181+0000 7fe564e70700 1 -- 172.21.15.121:0/1736272787 shutdown_connections
2024-04-05T21:16:49.882 INFO:teuthology.orchestra.run.smithi121.stdout:/usr/bin/ceph: stderr
2024-04-05T21:16:49.181+0000 7fe564e70700 1 --2- 172.21.15.121:0/1736272787 >> [v2:172.21.15.121:6800/1004235250,v1:172.21.15.121:6801/1004235250] conn(0x7fe548038370 0x7fe54803a830 unknown :-1 s=CLOSED pgs=14 cs=0 l=1 rev1=1 crypto rx=0 tx=0 comp rx=0 tx=0).stop
2024-04-05T21:16:49.882 INFO:teuthology.orchestra.run.smithi121.stdout:/usr/bin/ceph: stderr
2024-04-05T21:16:49.181+0000 7fe564e70700 1 --2- 172.21.15.121:0/1736272787 >> [v2:172.21.15.121:3300/0,v1:172.21.15.121:6789/0] conn(0x7fe5601045e0 0x7fe56019a040 unknown :-1 s=CLOSED pgs=50 cs=0 l=1 rev1=1 crypto rx=0 tx=0 comp rx=0 tx=0).stop
2024-04-05T21:16:49.882 INFO:teuthology.orchestra.run.smithi121.stdout:/usr/bin/ceph: stderr
2024-04-05T21:16:49.181+0000 7fe564e70700 1 -- 172.21.15.121:0/1736272787 >> 172.21.15.121:0/1736272787 conn(0x7fe5600fff40 msgr2=0x7fe560101640 unknown :-1 s=STATE_NONE l=0).mark_down
2024-04-05T21:16:49.883 INFO:teuthology.orchestra.run.smithi121.stdout:/usr/bin/ceph: stderr
2024-04-05T21:16:49.181+0000 7fe564e70700 1 -- 172.21.15.121:0/1736272787 shutdown_connections
2024-04-05T21:16:49.883 INFO:teuthology.orchestra.run.smithi121.stdout:/usr/bin/ceph: stderr
2024-04-05T21:16:49.181+0000 7fe564e70700 1 -- 172.21.15.121:0/1736272787 wait complete.
2024-04-05T21:16:49.883 INFO:teuthology.orchestra.run.smithi121.stdout:Deploying ceph-exporter service with default placement...
2024-04-05T21:16:50.156 INFO:journalctl@ceph.mon.smithi121.smithi121.stdout:Apr 05 21:16:50 smithi121 ceph-mon[39723]: from='mgr.14118 172.21.15.121:0/2846834337' entity='mgr.smithi121.etbquh'
2024-04-05T21:16:50.156 INFO:journalctl@ceph.mon.smithi121.smithi121.stdout:Apr 05 21:16:50 smithi121 ceph-mon[39723]: from='client.14144 -' entity='client.admin' cmd=[{"prefix": "orch apply", "service_type": "crash", "target": ["mon-mgr", ""]}]: dispatch
2024-04-05T21:16:50.156 INFO:journalctl@ceph.mon.smithi121.smithi121.stdout:Apr 05 21:16:50 smithi121 ceph-mon[39723]: Saving service crash spec with placement *
2024-04-05T21:16:50.156 INFO:journalctl@ceph.mon.smithi121.smithi121.stdout:Apr 05 21:16:50 smithi121 ceph-mon[39723]: from='mgr.14118 172.21.15.121:0/2846834337' entity='mgr.smithi121.etbquh'
2024-04-05T21:16:50.156 INFO:journalctl@ceph.mon.smithi121.smithi121.stdout:Apr 05 21:16:50 smithi121 ceph-mon[39723]: from='mgr.14118 172.21.15.121:0/2846834337' entity='mgr.smithi121.etbquh'
2024-04-05T21:16:51.395 INFO:teuthology.orchestra.run.smithi121.stdout:/usr/bin/ceph: stdout Scheduled ceph-exporter update...
2024-04-05T21:16:51.395 INFO:teuthology.orchestra.run.smithi121.stdout:/usr/bin/ceph: stderr
2024-04-05T21:16:50.469+0000 7fe7cb703700 1 Processor -- start
2024-04-05T21:16:51.395 INFO:teuthology.orchestra.run.smithi121.stdout:/usr/bin/ceph: stderr
2024-04-05T21:16:50.470+0000 7fe7cb703700 1 -- start start
2024-04-05T21:16:51.396 INFO:teuthology.orchestra.run.smithi121.stdout:/usr/bin/ceph: stderr
2024-04-05T21:16:50.470+0000 7fe7cb703700 1 --2- >> [v2:172.21.15.121:3300/0,v1:172.21.15.121:6789/0] conn(0x7fe7c4104bf0 0x7fe7c4105010 unknown :-1 s=NONE pgs=0 cs=0 l=0 rev1=0 crypto rx=0 tx=0 comp rx=0 tx=0).connect
2024-04-05T21:16:51.396 INFO:teuthology.orchestra.run.smithi121.stdout:/usr/bin/ceph: stderr
2024-04-05T21:16:50.470+0000 7fe7cb703700 1 -- --> [v2:172.21.15.121:3300/0,v1:172.21.15.121:6789/0] -- mon_getmap magic: 0 v1 -- 0x7fe7c4079d80 con 0x7fe7c4104bf0
2024-04-05T21:16:51.396 INFO:teuthology.orchestra.run.smithi121.stdout:/usr/bin/ceph: stderr
2024-04-05T21:16:50.470+0000 7fe7c949f700 1 --2- >> [v2:172.21.15.121:3300/0,v1:172.21.15.121:6789/0] conn(0x7fe7c4104bf0 0x7fe7c4105010 unknown :-1 s=BANNER_CONNECTING pgs=0 cs=0 l=0 rev1=0 crypto rx=0 tx=0 comp rx=0 tx=0)._handle_peer_banner_payload supported=3 required=0
2024-04-05T21:16:51.396 INFO:teuthology.orchestra.run.smithi121.stdout:/usr/bin/ceph: stderr
2024-04-05T21:16:50.471+0000 7fe7c949f700 1 --2- >> [v2:172.21.15.121:3300/0,v1:172.21.15.121:6789/0] conn(0x7fe7c4104bf0 0x7fe7c4105010 unknown :-1 s=HELLO_CONNECTING pgs=0 cs=0 l=0 rev1=1 crypto rx=0 tx=0 comp rx=0 tx=0).handle_hello peer v2:172.21.15.121:3300/0 says I am v2:172.21.15.121:36102/0 (socket says 172.21.15.121:36102)
2024-04-05T21:16:51.396 INFO:teuthology.orchestra.run.smithi121.stdout:/usr/bin/ceph: stderr
2024-04-05T21:16:50.471+0000 7fe7c949f700 1 -- 172.21.15.121:0/3463293265 learned_addr learned my addr 172.21.15.121:0/3463293265 (peer_addr_for_me v2:172.21.15.121:0/0)
2024-04-05T21:16:51.396 INFO:teuthology.orchestra.run.smithi121.stdout:/usr/bin/ceph: stderr
2024-04-05T21:16:50.471+0000 7fe7c949f700 1 -- 172.21.15.121:0/3463293265 --> [v2:172.21.15.121:3300/0,v1:172.21.15.121:6789/0] -- mon_subscribe({config=0+,monmap=0+}) v3 -- 0x7fe7c4105550 con 0x7fe7c4104bf0
2024-04-05T21:16:51.396 INFO:teuthology.orchestra.run.smithi121.stdout:/usr/bin/ceph: stderr
2024-04-05T21:16:50.471+0000 7fe7c949f700 1 --2- 172.21.15.121:0/3463293265 >> [v2:172.21.15.121:3300/0,v1:172.21.15.121:6789/0] conn(0x7fe7c4104bf0 0x7fe7c4105010 secure :-1 s=READY pgs=51 cs=0 l=1 rev1=1 crypto rx=0x7fe7c00098a0 tx=0x7fe7c0009bb0 comp rx=0 tx=0).ready entity=mon.0 client_cookie=11ff7a6a6f7e3666 server_cookie=0 in_seq=0 out_seq=0
2024-04-05T21:16:51.396 INFO:teuthology.orchestra.run.smithi121.stdout:/usr/bin/ceph: stderr
2024-04-05T21:16:50.471+0000 7fe7bbfff700 1 -- 172.21.15.121:0/3463293265 <== mon.0 v2:172.21.15.121:3300/0 1 ==== mon_map magic: 0 v1 ==== 229+0+0 (secure 0 0 0) 0x7fe7c0004180 con 0x7fe7c4104bf0
2024-04-05T21:16:51.396 INFO:teuthology.orchestra.run.smithi121.stdout:/usr/bin/ceph: stderr
2024-04-05T21:16:50.471+0000 7fe7bbfff700 1 -- 172.21.15.121:0/3463293265 <== mon.0 v2:172.21.15.121:3300/0 2 ==== config(26 keys) v1 ==== 1066+0+0 (secure 0 0 0) 0x7fe7c00042e0 con 0x7fe7c4104bf0
2024-04-05T21:16:51.396 INFO:teuthology.orchestra.run.smithi121.stdout:/usr/bin/ceph: stderr
2024-04-05T21:16:50.471+0000 7fe7bbfff700 1 -- 172.21.15.121:0/3463293265 <== mon.0 v2:172.21.15.121:3300/0 3 ==== mon_map magic: 0 v1 ==== 229+0+0 (secure 0 0 0) 0x7fe7c0011a30 con 0x7fe7c4104bf0
2024-04-05T21:16:51.396 INFO:teuthology.orchestra.run.smithi121.stdout:/usr/bin/ceph: stderr
2024-04-05T21:16:50.472+0000 7fe7cb703700 1 -- 172.21.15.121:0/3463293265 >> [v2:172.21.15.121:3300/0,v1:172.21.15.121:6789/0] conn(0x7fe7c4104bf0 msgr2=0x7fe7c4105010 secure :-1 s=STATE_CONNECTION_ESTABLISHED l=1).mark_down
2024-04-05T21:16:51.396 INFO:teuthology.orchestra.run.smithi121.stdout:/usr/bin/ceph: stderr
2024-04-05T21:16:50.472+0000 7fe7cb703700 1 --2- 172.21.15.121:0/3463293265 >> [v2:172.21.15.121:3300/0,v1:172.21.15.121:6789/0] conn(0x7fe7c4104bf0 0x7fe7c4105010 secure :-1 s=READY pgs=51 cs=0 l=1 rev1=1 crypto rx=0x7fe7c00098a0 tx=0x7fe7c0009bb0 comp rx=0 tx=0).stop
2024-04-05T21:16:51.396 INFO:teuthology.orchestra.run.smithi121.stdout:/usr/bin/ceph: stderr
2024-04-05T21:16:50.472+0000 7fe7cb703700 1 -- 172.21.15.121:0/3463293265 shutdown_connections
2024-04-05T21:16:51.397 INFO:teuthology.orchestra.run.smithi121.stdout:/usr/bin/ceph: stderr
2024-04-05T21:16:50.472+0000 7fe7cb703700 1 --2- 172.21.15.121:0/3463293265 >> [v2:172.21.15.121:3300/0,v1:172.21.15.121:6789/0] conn(0x7fe7c4104bf0 0x7fe7c4105010 unknown :-1 s=CLOSED pgs=51 cs=0 l=1 rev1=1 crypto rx=0 tx=0 comp rx=0 tx=0).stop
2024-04-05T21:16:51.397 INFO:teuthology.orchestra.run.smithi121.stdout:/usr/bin/ceph: stderr
2024-04-05T21:16:50.472+0000 7fe7cb703700 1 -- 172.21.15.121:0/3463293265 >> 172.21.15.121:0/3463293265 conn(0x7fe7c41007d0 msgr2=0x7fe7c4102c10 unknown :-1 s=STATE_NONE l=0).mark_down
2024-04-05T21:16:51.397 INFO:teuthology.orchestra.run.smithi121.stdout:/usr/bin/ceph: stderr
2024-04-05T21:16:50.472+0000 7fe7cb703700 1 -- 172.21.15.121:0/3463293265 shutdown_connections
2024-04-05T21:16:51.397 INFO:teuthology.orchestra.run.smithi121.stdout:/usr/bin/ceph: stderr
2024-04-05T21:16:50.472+0000 7fe7cb703700 1 -- 172.21.15.121:0/3463293265 wait complete.
2024-04-05T21:16:51.397 INFO:teuthology.orchestra.run.smithi121.stdout:/usr/bin/ceph: stderr
2024-04-05T21:16:50.473+0000 7fe7cb703700 1 Processor -- start
2024-04-05T21:16:51.397 INFO:teuthology.orchestra.run.smithi121.stdout:/usr/bin/ceph: stderr
2024-04-05T21:16:50.473+0000 7fe7cb703700 1 -- start start
2024-04-05T21:16:51.397 INFO:teuthology.orchestra.run.smithi121.stdout:/usr/bin/ceph: stderr
2024-04-05T21:16:50.473+0000 7fe7cb703700 1 --2- >> [v2:172.21.15.121:3300/0,v1:172.21.15.121:6789/0] conn(0x7fe7c4104bf0 0x7fe7c419c220 unknown :-1 s=NONE pgs=0 cs=0 l=1 rev1=0 crypto rx=0 tx=0 comp rx=0 tx=0).connect
2024-04-05T21:16:51.397 INFO:teuthology.orchestra.run.smithi121.stdout:/usr/bin/ceph: stderr
2024-04-05T21:16:50.473+0000 7fe7cb703700 1 -- --> [v2:172.21.15.121:3300/0,v1:172.21.15.121:6789/0] -- mon_getmap magic: 0 v1 -- 0x7fe7c419c760 con 0x7fe7c4104bf0
2024-04-05T21:16:51.397 INFO:teuthology.orchestra.run.smithi121.stdout:/usr/bin/ceph: stderr
2024-04-05T21:16:50.473+0000 7fe7c949f700 1 --2- >> [v2:172.21.15.121:3300/0,v1:172.21.15.121:6789/0] conn(0x7fe7c4104bf0 0x7fe7c419c220 unknown :-1 s=BANNER_CONNECTING pgs=0 cs=0 l=1 rev1=0 crypto rx=0 tx=0 comp rx=0 tx=0)._handle_peer_banner_payload supported=3 required=0
2024-04-05T21:16:51.397 INFO:teuthology.orchestra.run.smithi121.stdout:/usr/bin/ceph: stderr
2024-04-05T21:16:50.473+0000 7fe7c949f700 1 --2- >> [v2:172.21.15.121:3300/0,v1:172.21.15.121:6789/0] conn(0x7fe7c4104bf0 0x7fe7c419c220 unknown :-1 s=HELLO_CONNECTING pgs=0 cs=0 l=1 rev1=1 crypto rx=0 tx=0 comp rx=0 tx=0).handle_hello peer v2:172.21.15.121:3300/0 says I am v2:172.21.15.121:36114/0 (socket says 172.21.15.121:36114)
2024-04-05T21:16:51.397 INFO:teuthology.orchestra.run.smithi121.stdout:/usr/bin/ceph: stderr
2024-04-05T21:16:50.473+0000 7fe7c949f700 1 -- 172.21.15.121:0/2339463596 learned_addr learned my addr 172.21.15.121:0/2339463596 (peer_addr_for_me v2:172.21.15.121:0/0)
2024-04-05T21:16:51.397 INFO:teuthology.orchestra.run.smithi121.stdout:/usr/bin/ceph: stderr
2024-04-05T21:16:50.473+0000 7fe7c949f700 1 -- 172.21.15.121:0/2339463596 --> [v2:172.21.15.121:3300/0,v1:172.21.15.121:6789/0] -- mon_subscribe({config=0+,monmap=0+}) v3 -- 0x7fe7c0009550 con 0x7fe7c4104bf0
2024-04-05T21:16:51.397 INFO:teuthology.orchestra.run.smithi121.stdout:/usr/bin/ceph: stderr
2024-04-05T21:16:50.473+0000 7fe7c949f700 1 --2- 172.21.15.121:0/2339463596 >> [v2:172.21.15.121:3300/0,v1:172.21.15.121:6789/0] conn(0x7fe7c4104bf0 0x7fe7c419c220 secure :-1 s=READY pgs=52 cs=0 l=1 rev1=1 crypto rx=0x7fe7c0006af0 tx=0x7fe7c0011ab0 comp rx=0 tx=0).ready entity=mon.0 client_cookie=0 server_cookie=0 in_seq=0 out_seq=0
2024-04-05T21:16:51.397 INFO:teuthology.orchestra.run.smithi121.stdout:/usr/bin/ceph: stderr
2024-04-05T21:16:50.473+0000 7fe7ba7fc700 1 -- 172.21.15.121:0/2339463596 <== mon.0 v2:172.21.15.121:3300/0 1 ==== mon_map magic: 0 v1 ==== 229+0+0 (secure 0 0 0) 0x7fe7c0003bc0 con 0x7fe7c4104bf0
2024-04-05T21:16:51.397 INFO:teuthology.orchestra.run.smithi121.stdout:/usr/bin/ceph: stderr
2024-04-05T21:16:50.473+0000 7fe7cb703700 1 -- 172.21.15.121:0/2339463596 --> [v2:172.21.15.121:3300/0,v1:172.21.15.121:6789/0] -- mon_subscribe({mgrmap=0+}) v3 -- 0x7fe7c419c960 con 0x7fe7c4104bf0
2024-04-05T21:16:51.398 INFO:teuthology.orchestra.run.smithi121.stdout:/usr/bin/ceph: stderr
2024-04-05T21:16:50.473+0000 7fe7ba7fc700 1 -- 172.21.15.121:0/2339463596 <== mon.0 v2:172.21.15.121:3300/0 2 ==== config(26 keys) v1 ==== 1066+0+0 (secure 0 0 0) 0x7fe7c001a8c0 con 0x7fe7c4104bf0
2024-04-05T21:16:51.398 INFO:teuthology.orchestra.run.smithi121.stdout:/usr/bin/ceph: stderr
2024-04-05T21:16:50.473+0000 7fe7ba7fc700 1 -- 172.21.15.121:0/2339463596 <== mon.0 v2:172.21.15.121:3300/0 3 ==== mon_map magic: 0 v1 ==== 229+0+0 (secure 0 0 0) 0x7fe7c0019860 con 0x7fe7c4104bf0
2024-04-05T21:16:51.398 INFO:teuthology.orchestra.run.smithi121.stdout:/usr/bin/ceph: stderr
2024-04-05T21:16:50.473+0000 7fe7cb703700 1 -- 172.21.15.121:0/2339463596 --> [v2:172.21.15.121:3300/0,v1:172.21.15.121:6789/0] -- mon_subscribe({osdmap=0}) v3 -- 0x7fe7c419cd80 con 0x7fe7c4104bf0
2024-04-05T21:16:51.398 INFO:teuthology.orchestra.run.smithi121.stdout:/usr/bin/ceph: stderr
2024-04-05T21:16:50.474+0000 7fe7ba7fc700 1 -- 172.21.15.121:0/2339463596 <== mon.0 v2:172.21.15.121:3300/0 4 ==== mgrmap(e 8) v1 ==== 45283+0+0 (secure 0 0 0) 0x7fe7c0019ad0 con 0x7fe7c4104bf0
2024-04-05T21:16:51.398 INFO:teuthology.orchestra.run.smithi121.stdout:/usr/bin/ceph: stderr
2024-04-05T21:16:50.474+0000 7fe7ba7fc700 1 --2- 172.21.15.121:0/2339463596 >> [v2:172.21.15.121:6800/1004235250,v1:172.21.15.121:6801/1004235250] conn(0x7fe7b0038330 0x7fe7b003a7f0 unknown :-1 s=NONE pgs=0 cs=0 l=1 rev1=0 crypto rx=0 tx=0 comp rx=0 tx=0).connect
2024-04-05T21:16:51.398 INFO:teuthology.orchestra.run.smithi121.stdout:/usr/bin/ceph: stderr
2024-04-05T21:16:50.475+0000 7fe7ba7fc700 1 -- 172.21.15.121:0/2339463596 <== mon.0 v2:172.21.15.121:3300/0 5 ==== osd_map(2..2 src has 1..2) v4 ==== 940+0+0 (secure 0 0 0) 0x7fe7c004c8d0 con 0x7fe7c4104bf0
2024-04-05T21:16:51.398 INFO:teuthology.orchestra.run.smithi121.stdout:/usr/bin/ceph: stderr
2024-04-05T21:16:50.475+0000 7fe7c8c9e700 1 --2- 172.21.15.121:0/2339463596 >> [v2:172.21.15.121:6800/1004235250,v1:172.21.15.121:6801/1004235250] conn(0x7fe7b0038330 0x7fe7b003a7f0 unknown :-1 s=BANNER_CONNECTING pgs=0 cs=0 l=1 rev1=0 crypto rx=0 tx=0 comp rx=0 tx=0)._handle_peer_banner_payload supported=3 required=0
2024-04-05T21:16:51.398 INFO:teuthology.orchestra.run.smithi121.stdout:/usr/bin/ceph: stderr
2024-04-05T21:16:50.475+0000 7fe7cb703700 1 -- 172.21.15.121:0/2339463596 --> [v2:172.21.15.121:3300/0,v1:172.21.15.121:6789/0] -- mon_command({"prefix": "get_command_descriptions"} v 0) v1 -- 0x7fe7c4195b30 con 0x7fe7c4104bf0
2024-04-05T21:16:51.398 INFO:teuthology.orchestra.run.smithi121.stdout:/usr/bin/ceph: stderr
2024-04-05T21:16:50.475+0000 7fe7c8c9e700 1 --2- 172.21.15.121:0/2339463596 >> [v2:172.21.15.121:6800/1004235250,v1:172.21.15.121:6801/1004235250] conn(0x7fe7b0038330 0x7fe7b003a7f0 secure :-1 s=READY pgs=15 cs=0 l=1 rev1=1 crypto rx=0x7fe7b4006fd0 tx=0x7fe7b4006e40 comp rx=0 tx=0).ready entity=mgr.14118 client_cookie=0 server_cookie=0 in_seq=0 out_seq=0
2024-04-05T21:16:51.398 INFO:teuthology.orchestra.run.smithi121.stdout:/usr/bin/ceph: stderr
2024-04-05T21:16:50.481+0000 7fe7ba7fc700 1 -- 172.21.15.121:0/2339463596 <== mon.0 v2:172.21.15.121:3300/0 6 ==== mon_command_ack([{"prefix": "get_command_descriptions"}]=0 v0) v1 ==== 72+0+180422 (secure 0 0 0) 0x7fe7c0019dd0 con 0x7fe7c4104bf0
2024-04-05T21:16:51.398 INFO:teuthology.orchestra.run.smithi121.stdout:/usr/bin/ceph: stderr
2024-04-05T21:16:50.697+0000 7fe7cb703700 1 -- 172.21.15.121:0/2339463596 --> [v2:172.21.15.121:6800/1004235250,v1:172.21.15.121:6801/1004235250] -- mgr_command(tid 0: {"prefix": "orch apply", "service_type": "ceph-exporter", "target": ["mon-mgr", ""]}) v1 -- 0x7fe7c40611d0 con 0x7fe7b0038330
2024-04-05T21:16:51.398 INFO:teuthology.orchestra.run.smithi121.stdout:/usr/bin/ceph: stderr
2024-04-05T21:16:50.702+0000 7fe7ba7fc700 1 -- 172.21.15.121:0/2339463596 <== mgr.14118 v2:172.21.15.121:6800/1004235250 1 ==== mgr_command_reply(tid 0: 0 ) v1 ==== 8+0+34 (secure 0 0 0) 0x7fe7c40611d0 con 0x7fe7b0038330
2024-04-05T21:16:51.398 INFO:teuthology.orchestra.run.smithi121.stdout:/usr/bin/ceph: stderr
2024-04-05T21:16:50.704+0000 7fe7cb703700 1 -- 172.21.15.121:0/2339463596 >> [v2:172.21.15.121:6800/1004235250,v1:172.21.15.121:6801/1004235250] conn(0x7fe7b0038330 msgr2=0x7fe7b003a7f0 secure :-1 s=STATE_CONNECTION_ESTABLISHED l=1).mark_down
2024-04-05T21:16:51.398 INFO:teuthology.orchestra.run.smithi121.stdout:/usr/bin/ceph: stderr
2024-04-05T21:16:50.704+0000 7fe7cb703700 1 --2- 172.21.15.121:0/2339463596 >> [v2:172.21.15.121:6800/1004235250,v1:172.21.15.121:6801/1004235250] conn(0x7fe7b0038330 0x7fe7b003a7f0 secure :-1 s=READY pgs=15 cs=0 l=1 rev1=1 crypto rx=0x7fe7b4006fd0 tx=0x7fe7b4006e40 comp rx=0 tx=0).stop
2024-04-05T21:16:51.399 INFO:teuthology.orchestra.run.smithi121.stdout:/usr/bin/ceph: stderr
2024-04-05T21:16:50.704+0000 7fe7cb703700 1 -- 172.21.15.121:0/2339463596 >> [v2:172.21.15.121:3300/0,v1:172.21.15.121:6789/0] conn(0x7fe7c4104bf0 msgr2=0x7fe7c419c220 secure :-1 s=STATE_CONNECTION_ESTABLISHED l=1).mark_down
2024-04-05T21:16:51.399 INFO:teuthology.orchestra.run.smithi121.stdout:/usr/bin/ceph: stderr
2024-04-05T21:16:50.704+0000 7fe7cb703700 1 --2- 172.21.15.121:0/2339463596 >> [v2:172.21.15.121:3300/0,v1:172.21.15.121:6789/0] conn(0x7fe7c4104bf0 0x7fe7c419c220 secure :-1 s=READY pgs=52 cs=0 l=1 rev1=1 crypto rx=0x7fe7c0006af0 tx=0x7fe7c0011ab0 comp rx=0 tx=0).stop
2024-04-05T21:16:51.399 INFO:teuthology.orchestra.run.smithi121.stdout:/usr/bin/ceph: stderr
2024-04-05T21:16:50.704+0000 7fe7cb703700 1 -- 172.21.15.121:0/2339463596 shutdown_connections
2024-04-05T21:16:51.399 INFO:teuthology.orchestra.run.smithi121.stdout:/usr/bin/ceph: stderr
2024-04-05T21:16:50.704+0000 7fe7cb703700 1 --2- 172.21.15.121:0/2339463596 >> [v2:172.21.15.121:6800/1004235250,v1:172.21.15.121:6801/1004235250] conn(0x7fe7b0038330 0x7fe7b003a7f0 unknown :-1 s=CLOSED pgs=15 cs=0 l=1 rev1=1 crypto rx=0 tx=0 comp rx=0 tx=0).stop
2024-04-05T21:16:51.399 INFO:teuthology.orchestra.run.smithi121.stdout:/usr/bin/ceph: stderr
2024-04-05T21:16:50.704+0000 7fe7cb703700 1 --2- 172.21.15.121:0/2339463596 >> [v2:172.21.15.121:3300/0,v1:172.21.15.121:6789/0] conn(0x7fe7c4104bf0 0x7fe7c419c220 unknown :-1 s=CLOSED pgs=52 cs=0 l=1 rev1=1 crypto rx=0 tx=0 comp rx=0 tx=0).stop
2024-04-05T21:16:51.399 INFO:teuthology.orchestra.run.smithi121.stdout:/usr/bin/ceph: stderr
2024-04-05T21:16:50.704+0000 7fe7cb703700 1 -- 172.21.15.121:0/2339463596 >> 172.21.15.121:0/2339463596 conn(0x7fe7c41007d0 msgr2=0x7fe7c41907b0 unknown :-1 s=STATE_NONE l=0).mark_down
2024-04-05T21:16:51.399 INFO:teuthology.orchestra.run.smithi121.stdout:/usr/bin/ceph: stderr
2024-04-05T21:16:50.704+0000 7fe7cb703700 1 -- 172.21.15.121:0/2339463596 shutdown_connections
2024-04-05T21:16:51.399 INFO:teuthology.orchestra.run.smithi121.stdout:/usr/bin/ceph: stderr
2024-04-05T21:16:50.704+0000 7fe7cb703700 1 -- 172.21.15.121:0/2339463596 wait complete.
2024-04-05T21:16:51.399 INFO:teuthology.orchestra.run.smithi121.stdout:Deploying prometheus service with default placement...
2024-04-05T21:16:51.989 INFO:journalctl@ceph.mon.smithi121.smithi121.stdout:Apr 05 21:16:51 smithi121 ceph-mon[39723]: from='client.14146 -' entity='client.admin' cmd=[{"prefix": "orch apply", "service_type": "ceph-exporter", "target": ["mon-mgr", ""]}]: dispatch
2024-04-05T21:16:51.989 INFO:journalctl@ceph.mon.smithi121.smithi121.stdout:Apr 05 21:16:51 smithi121 ceph-mon[39723]: Saving service ceph-exporter spec with placement *
2024-04-05T21:16:51.990 INFO:journalctl@ceph.mon.smithi121.smithi121.stdout:Apr 05 21:16:51 smithi121 ceph-mon[39723]: from='mgr.14118 172.21.15.121:0/2846834337' entity='mgr.smithi121.etbquh'
2024-04-05T21:16:53.020 INFO:teuthology.orchestra.run.smithi121.stdout:/usr/bin/ceph: stdout Scheduled prometheus update...
2024-04-05T21:16:53.020 INFO:teuthology.orchestra.run.smithi121.stdout:/usr/bin/ceph: stderr
2024-04-05T21:16:52.078+0000 7f3d84d2e700 1 Processor -- start
2024-04-05T21:16:53.020 INFO:teuthology.orchestra.run.smithi121.stdout:/usr/bin/ceph: stderr
2024-04-05T21:16:52.078+0000 7f3d84d2e700 1 -- start start
2024-04-05T21:16:53.020 INFO:teuthology.orchestra.run.smithi121.stdout:/usr/bin/ceph: stderr
2024-04-05T21:16:52.079+0000 7f3d84d2e700 1 --2- >> [v2:172.21.15.121:3300/0,v1:172.21.15.121:6789/0] conn(0x7f3d80106de0 0x7f3d801091d0 unknown :-1 s=NONE pgs=0 cs=0 l=0 rev1=0 crypto rx=0 tx=0 comp rx=0 tx=0).connect
2024-04-05T21:16:53.020 INFO:teuthology.orchestra.run.smithi121.stdout:/usr/bin/ceph: stderr
2024-04-05T21:16:52.079+0000 7f3d84d2e700 1 -- --> [v2:172.21.15.121:3300/0,v1:172.21.15.121:6789/0] -- mon_getmap magic: 0 v1 -- 0x7f3d800744f0 con 0x7f3d80106de0
2024-04-05T21:16:53.020 INFO:teuthology.orchestra.run.smithi121.stdout:/usr/bin/ceph: stderr
2024-04-05T21:16:52.079+0000 7f3d7e59c700 1 --2- >> [v2:172.21.15.121:3300/0,v1:172.21.15.121:6789/0] conn(0x7f3d80106de0 0x7f3d801091d0 unknown :-1 s=BANNER_CONNECTING pgs=0 cs=0 l=0 rev1=0 crypto rx=0 tx=0 comp rx=0 tx=0)._handle_peer_banner_payload supported=3 required=0
2024-04-05T21:16:53.020 INFO:teuthology.orchestra.run.smithi121.stdout:/usr/bin/ceph: stderr
2024-04-05T21:16:52.079+0000 7f3d7e59c700 1 --2- >> [v2:172.21.15.121:3300/0,v1:172.21.15.121:6789/0] conn(0x7f3d80106de0 0x7f3d801091d0 unknown :-1 s=HELLO_CONNECTING pgs=0 cs=0 l=0 rev1=1 crypto rx=0 tx=0 comp rx=0 tx=0).handle_hello peer v2:172.21.15.121:3300/0 says I am v2:172.21.15.121:36122/0 (socket says 172.21.15.121:36122)
2024-04-05T21:16:53.021 INFO:teuthology.orchestra.run.smithi121.stdout:/usr/bin/ceph: stderr
2024-04-05T21:16:52.079+0000 7f3d7e59c700 1 -- 172.21.15.121:0/2217118033 learned_addr learned my addr 172.21.15.121:0/2217118033 (peer_addr_for_me v2:172.21.15.121:0/0)
2024-04-05T21:16:53.021 INFO:teuthology.orchestra.run.smithi121.stdout:/usr/bin/ceph: stderr
2024-04-05T21:16:52.079+0000 7f3d7e59c700 1 -- 172.21.15.121:0/2217118033 --> [v2:172.21.15.121:3300/0,v1:172.21.15.121:6789/0] -- mon_subscribe({config=0+,monmap=0+}) v3 -- 0x7f3d80109710 con 0x7f3d80106de0
2024-04-05T21:16:53.021 INFO:teuthology.orchestra.run.smithi121.stdout:/usr/bin/ceph: stderr
2024-04-05T21:16:52.079+0000 7f3d7e59c700 1 --2- 172.21.15.121:0/2217118033 >> [v2:172.21.15.121:3300/0,v1:172.21.15.121:6789/0] conn(0x7f3d80106de0 0x7f3d801091d0 secure :-1 s=READY pgs=53 cs=0 l=1 rev1=1 crypto rx=0x7f3d740098a0 tx=0x7f3d74009bb0 comp rx=0 tx=0).ready entity=mon.0 client_cookie=437ef6c0faf9629f server_cookie=0 in_seq=0 out_seq=0
2024-04-05T21:16:53.021 INFO:teuthology.orchestra.run.smithi121.stdout:/usr/bin/ceph: stderr
2024-04-05T21:16:52.079+0000 7f3d7d59a700 1 -- 172.21.15.121:0/2217118033 <== mon.0 v2:172.21.15.121:3300/0 1 ==== mon_map magic: 0 v1 ==== 229+0+0 (secure 0 0 0) 0x7f3d74004180 con 0x7f3d80106de0
2024-04-05T21:16:53.021 INFO:teuthology.orchestra.run.smithi121.stdout:/usr/bin/ceph: stderr
2024-04-05T21:16:52.079+0000 7f3d7d59a700 1 -- 172.21.15.121:0/2217118033 <== mon.0 v2:172.21.15.121:3300/0 2 ==== config(26 keys) v1 ==== 1066+0+0 (secure 0 0 0) 0x7f3d740042e0 con 0x7f3d80106de0
2024-04-05T21:16:53.021 INFO:teuthology.orchestra.run.smithi121.stdout:/usr/bin/ceph: stderr
2024-04-05T21:16:52.079+0000 7f3d7d59a700 1 -- 172.21.15.121:0/2217118033 <== mon.0 v2:172.21.15.121:3300/0 3 ==== mon_map magic: 0 v1 ==== 229+0+0 (secure 0 0 0) 0x7f3d74011a30 con 0x7f3d80106de0
2024-04-05T21:16:53.021 INFO:teuthology.orchestra.run.smithi121.stdout:/usr/bin/ceph: stderr
2024-04-05T21:16:52.080+0000 7f3d84d2e700 1 -- 172.21.15.121:0/2217118033 >> [v2:172.21.15.121:3300/0,v1:172.21.15.121:6789/0] conn(0x7f3d80106de0 msgr2=0x7f3d801091d0 secure :-1 s=STATE_CONNECTION_ESTABLISHED l=1).mark_down
2024-04-05T21:16:53.021 INFO:teuthology.orchestra.run.smithi121.stdout:/usr/bin/ceph: stderr
2024-04-05T21:16:52.080+0000 7f3d84d2e700 1 --2- 172.21.15.121:0/2217118033 >> [v2:172.21.15.121:3300/0,v1:172.21.15.121:6789/0] conn(0x7f3d80106de0 0x7f3d801091d0 secure :-1 s=READY pgs=53 cs=0 l=1 rev1=1 crypto rx=0x7f3d740098a0 tx=0x7f3d74009bb0 comp rx=0 tx=0).stop
2024-04-05T21:16:53.021 INFO:teuthology.orchestra.run.smithi121.stdout:/usr/bin/ceph: stderr
2024-04-05T21:16:52.080+0000 7f3d84d2e700 1 -- 172.21.15.121:0/2217118033 shutdown_connections
2024-04-05T21:16:53.021 INFO:teuthology.orchestra.run.smithi121.stdout:/usr/bin/ceph: stderr
2024-04-05T21:16:52.080+0000 7f3d84d2e700 1 --2- 172.21.15.121:0/2217118033 >> [v2:172.21.15.121:3300/0,v1:172.21.15.121:6789/0] conn(0x7f3d80106de0 0x7f3d801091d0 unknown :-1 s=CLOSED pgs=53 cs=0 l=1 rev1=1 crypto rx=0 tx=0 comp rx=0 tx=0).stop
2024-04-05T21:16:53.021 INFO:teuthology.orchestra.run.smithi121.stdout:/usr/bin/ceph: stderr
2024-04-05T21:16:52.080+0000 7f3d84d2e700 1 -- 172.21.15.121:0/2217118033 >> 172.21.15.121:0/2217118033 conn(0x7f3d801007f0 msgr2=0x7f3d80102c10 unknown :-1 s=STATE_NONE l=0).mark_down
2024-04-05T21:16:53.021 INFO:teuthology.orchestra.run.smithi121.stdout:/usr/bin/ceph: stderr
2024-04-05T21:16:52.080+0000 7f3d84d2e700 1 -- 172.21.15.121:0/2217118033 shutdown_connections
2024-04-05T21:16:53.021 INFO:teuthology.orchestra.run.smithi121.stdout:/usr/bin/ceph: stderr
2024-04-05T21:16:52.080+0000 7f3d84d2e700 1 -- 172.21.15.121:0/2217118033 wait complete.
2024-04-05T21:16:53.021 INFO:teuthology.orchestra.run.smithi121.stdout:/usr/bin/ceph: stderr
2024-04-05T21:16:52.081+0000 7f3d84d2e700 1 Processor -- start
2024-04-05T21:16:53.022 INFO:teuthology.orchestra.run.smithi121.stdout:/usr/bin/ceph: stderr
2024-04-05T21:16:52.081+0000 7f3d84d2e700 1 -- start start
2024-04-05T21:16:53.022 INFO:teuthology.orchestra.run.smithi121.stdout:/usr/bin/ceph: stderr
2024-04-05T21:16:52.081+0000 7f3d84d2e700 1 --2- >> [v2:172.21.15.121:3300/0,v1:172.21.15.121:6789/0] conn(0x7f3d80106de0 0x7f3d8019a040 unknown :-1 s=NONE pgs=0 cs=0 l=1 rev1=0 crypto rx=0 tx=0 comp rx=0 tx=0).connect
2024-04-05T21:16:53.022 INFO:teuthology.orchestra.run.smithi121.stdout:/usr/bin/ceph: stderr
2024-04-05T21:16:52.081+0000 7f3d84d2e700 1 -- --> [v2:172.21.15.121:3300/0,v1:172.21.15.121:6789/0] -- mon_getmap magic: 0 v1 -- 0x7f3d8019a580 con 0x7f3d80106de0
2024-04-05T21:16:53.022 INFO:teuthology.orchestra.run.smithi121.stdout:/usr/bin/ceph: stderr
2024-04-05T21:16:52.081+0000 7f3d7e59c700 1 --2- >> [v2:172.21.15.121:3300/0,v1:172.21.15.121:6789/0] conn(0x7f3d80106de0 0x7f3d8019a040 unknown :-1 s=BANNER_CONNECTING pgs=0 cs=0 l=1 rev1=0 crypto rx=0 tx=0 comp rx=0 tx=0)._handle_peer_banner_payload supported=3 required=0
2024-04-05T21:16:53.022 INFO:teuthology.orchestra.run.smithi121.stdout:/usr/bin/ceph: stderr
2024-04-05T21:16:52.081+0000 7f3d7e59c700 1 --2- >> [v2:172.21.15.121:3300/0,v1:172.21.15.121:6789/0] conn(0x7f3d80106de0 0x7f3d8019a040 unknown :-1 s=HELLO_CONNECTING pgs=0 cs=0 l=1 rev1=1 crypto rx=0 tx=0 comp rx=0 tx=0).handle_hello peer v2:172.21.15.121:3300/0 says I am v2:172.21.15.121:36128/0 (socket says 172.21.15.121:36128)
2024-04-05T21:16:53.022 INFO:teuthology.orchestra.run.smithi121.stdout:/usr/bin/ceph: stderr
2024-04-05T21:16:52.081+0000 7f3d7e59c700 1 -- 172.21.15.121:0/3712445115 learned_addr learned my addr 172.21.15.121:0/3712445115 (peer_addr_for_me v2:172.21.15.121:0/0)
2024-04-05T21:16:53.022 INFO:teuthology.orchestra.run.smithi121.stdout:/usr/bin/ceph: stderr
2024-04-05T21:16:52.081+0000 7f3d7e59c700 1 -- 172.21.15.121:0/3712445115 --> [v2:172.21.15.121:3300/0,v1:172.21.15.121:6789/0] -- mon_subscribe({config=0+,monmap=0+}) v3 -- 0x7f3d74009550 con 0x7f3d80106de0
2024-04-05T21:16:53.022 INFO:teuthology.orchestra.run.smithi121.stdout:/usr/bin/ceph: stderr
2024-04-05T21:16:52.081+0000 7f3d7e59c700 1 --2- 172.21.15.121:0/3712445115 >> [v2:172.21.15.121:3300/0,v1:172.21.15.121:6789/0] conn(0x7f3d80106de0 0x7f3d8019a040 secure :-1 s=READY pgs=54 cs=0 l=1 rev1=1 crypto rx=0x7f3d74006af0 tx=0x7f3d74011b20 comp rx=0 tx=0).ready entity=mon.0 client_cookie=0 server_cookie=0 in_seq=0 out_seq=0
2024-04-05T21:16:53.022 INFO:teuthology.orchestra.run.smithi121.stdout:/usr/bin/ceph: stderr
2024-04-05T21:16:52.081+0000 7f3d6f7fe700 1 -- 172.21.15.121:0/3712445115 <== mon.0 v2:172.21.15.121:3300/0 1 ==== mon_map magic: 0 v1 ==== 229+0+0 (secure 0 0 0) 0x7f3d74003a80 con 0x7f3d80106de0
2024-04-05T21:16:53.023 INFO:teuthology.orchestra.run.smithi121.stdout:/usr/bin/ceph: stderr
2024-04-05T21:16:52.081+0000 7f3d84d2e700 1 -- 172.21.15.121:0/3712445115 --> [v2:172.21.15.121:3300/0,v1:172.21.15.121:6789/0] -- mon_subscribe({mgrmap=0+}) v3 -- 0x7f3d8019a780 con 0x7f3d80106de0
2024-04-05T21:16:53.023 INFO:teuthology.orchestra.run.smithi121.stdout:/usr/bin/ceph: stderr
2024-04-05T21:16:52.081+0000 7f3d6f7fe700 1 -- 172.21.15.121:0/3712445115 <== mon.0 v2:172.21.15.121:3300/0 2 ==== config(26 keys) v1 ==== 1066+0+0 (secure 0 0 0) 0x7f3d74003be0 con 0x7f3d80106de0
2024-04-05T21:16:53.023 INFO:teuthology.orchestra.run.smithi121.stdout:/usr/bin/ceph: stderr
2024-04-05T21:16:52.081+0000 7f3d6f7fe700 1 -- 172.21.15.121:0/3712445115 <== mon.0 v2:172.21.15.121:3300/0 3 ==== mon_map magic: 0 v1 ==== 229+0+0 (secure 0 0 0) 0x7f3d74019770 con 0x7f3d80106de0
2024-04-05T21:16:53.023 INFO:teuthology.orchestra.run.smithi121.stdout:/usr/bin/ceph: stderr
2024-04-05T21:16:52.082+0000 7f3d84d2e700 1 -- 172.21.15.121:0/3712445115 --> [v2:172.21.15.121:3300/0,v1:172.21.15.121:6789/0] -- mon_subscribe({osdmap=0}) v3 -- 0x7f3d8019aba0 con 0x7f3d80106de0
2024-04-05T21:16:53.023 INFO:teuthology.orchestra.run.smithi121.stdout:/usr/bin/ceph: stderr
2024-04-05T21:16:52.082+0000 7f3d6f7fe700 1 -- 172.21.15.121:0/3712445115 <== mon.0 v2:172.21.15.121:3300/0 4 ==== mgrmap(e 8) v1 ==== 45283+0+0 (secure 0 0 0) 0x7f3d74019a30 con 0x7f3d80106de0
2024-04-05T21:16:53.023 INFO:teuthology.orchestra.run.smithi121.stdout:/usr/bin/ceph: stderr
2024-04-05T21:16:52.082+0000 7f3d84d2e700 1 -- 172.21.15.121:0/3712445115 --> [v2:172.21.15.121:3300/0,v1:172.21.15.121:6789/0] -- mon_command({"prefix": "get_command_descriptions"} v 0) v1 -- 0x7f3d800623c0 con 0x7f3d80106de0
2024-04-05T21:16:53.023 INFO:teuthology.orchestra.run.smithi121.stdout:/usr/bin/ceph: stderr
2024-04-05T21:16:52.082+0000 7f3d6f7fe700 1 --2- 172.21.15.121:0/3712445115 >> [v2:172.21.15.121:6800/1004235250,v1:172.21.15.121:6801/1004235250] conn(0x7f3d680382e0 0x7f3d6803a7a0 unknown :-1 s=NONE pgs=0 cs=0 l=1 rev1=0 crypto rx=0 tx=0 comp rx=0 tx=0).connect
2024-04-05T21:16:53.023 INFO:teuthology.orchestra.run.smithi121.stdout:/usr/bin/ceph: stderr
2024-04-05T21:16:52.082+0000 7f3d6f7fe700 1 -- 172.21.15.121:0/3712445115 <== mon.0 v2:172.21.15.121:3300/0 5 ==== osd_map(2..2 src has 1..2) v4 ==== 940+0+0 (secure 0 0 0) 0x7f3d7404c6d0 con 0x7f3d80106de0
2024-04-05T21:16:53.023 INFO:teuthology.orchestra.run.smithi121.stdout:/usr/bin/ceph: stderr
2024-04-05T21:16:52.083+0000 7f3d7dd9b700 1 --2- 172.21.15.121:0/3712445115 >> [v2:172.21.15.121:6800/1004235250,v1:172.21.15.121:6801/1004235250] conn(0x7f3d680382e0 0x7f3d6803a7a0 unknown :-1 s=BANNER_CONNECTING pgs=0 cs=0 l=1 rev1=0 crypto rx=0 tx=0 comp rx=0 tx=0)._handle_peer_banner_payload supported=3 required=0
2024-04-05T21:16:53.023 INFO:teuthology.orchestra.run.smithi121.stdout:/usr/bin/ceph: stderr
2024-04-05T21:16:52.083+0000 7f3d7dd9b700 1 --2- 172.21.15.121:0/3712445115 >> [v2:172.21.15.121:6800/1004235250,v1:172.21.15.121:6801/1004235250] conn(0x7f3d680382e0 0x7f3d6803a7a0 secure :-1 s=READY pgs=16 cs=0 l=1 rev1=1 crypto rx=0x7f3d70006fd0 tx=0x7f3d70006e40 comp rx=0 tx=0).ready entity=mgr.14118 client_cookie=0 server_cookie=0 in_seq=0 out_seq=0
2024-04-05T21:16:53.023 INFO:teuthology.orchestra.run.smithi121.stdout:/usr/bin/ceph: stderr
2024-04-05T21:16:52.087+0000 7f3d6f7fe700 1 -- 172.21.15.121:0/3712445115 <== mon.0 v2:172.21.15.121:3300/0 6 ==== mon_command_ack([{"prefix": "get_command_descriptions"}]=0 v0) v1 ==== 72+0+180422 (secure 0 0 0) 0x7f3d7402b750 con 0x7f3d80106de0
2024-04-05T21:16:53.023 INFO:teuthology.orchestra.run.smithi121.stdout:/usr/bin/ceph: stderr
2024-04-05T21:16:52.288+0000 7f3d84d2e700 1 -- 172.21.15.121:0/3712445115 --> [v2:172.21.15.121:6800/1004235250,v1:172.21.15.121:6801/1004235250] -- mgr_command(tid 0: {"prefix": "orch apply", "service_type": "prometheus", "target": ["mon-mgr", ""]}) v1 -- 0x7f3d80102b00 con 0x7f3d680382e0
2024-04-05T21:16:53.023 INFO:teuthology.orchestra.run.smithi121.stdout:/usr/bin/ceph: stderr
2024-04-05T21:16:52.292+0000 7f3d6f7fe700 1 -- 172.21.15.121:0/3712445115 <== mgr.14118 v2:172.21.15.121:6800/1004235250 1 ==== mgr_command_reply(tid 0: 0 ) v1 ==== 8+0+31 (secure 0 0 0) 0x7f3d80102b00 con 0x7f3d680382e0
2024-04-05T21:16:53.023 INFO:teuthology.orchestra.run.smithi121.stdout:/usr/bin/ceph: stderr
2024-04-05T21:16:52.294+0000 7f3d84d2e700 1 -- 172.21.15.121:0/3712445115 >> [v2:172.21.15.121:6800/1004235250,v1:172.21.15.121:6801/1004235250] conn(0x7f3d680382e0 msgr2=0x7f3d6803a7a0 secure :-1 s=STATE_CONNECTION_ESTABLISHED l=1).mark_down
2024-04-05T21:16:53.024 INFO:teuthology.orchestra.run.smithi121.stdout:/usr/bin/ceph: stderr
2024-04-05T21:16:52.294+0000 7f3d84d2e700 1 --2- 172.21.15.121:0/3712445115 >> [v2:172.21.15.121:6800/1004235250,v1:172.21.15.121:6801/1004235250] conn(0x7f3d680382e0 0x7f3d6803a7a0 secure :-1 s=READY pgs=16 cs=0 l=1 rev1=1 crypto rx=0x7f3d70006fd0 tx=0x7f3d70006e40 comp rx=0 tx=0).stop
2024-04-05T21:16:53.024 INFO:teuthology.orchestra.run.smithi121.stdout:/usr/bin/ceph: stderr
2024-04-05T21:16:52.294+0000 7f3d84d2e700 1 -- 172.21.15.121:0/3712445115 >> [v2:172.21.15.121:3300/0,v1:172.21.15.121:6789/0] conn(0x7f3d80106de0 msgr2=0x7f3d8019a040 secure :-1 s=STATE_CONNECTION_ESTABLISHED l=1).mark_down
2024-04-05T21:16:53.024 INFO:teuthology.orchestra.run.smithi121.stdout:/usr/bin/ceph: stderr
2024-04-05T21:16:52.294+0000 7f3d84d2e700 1 --2- 172.21.15.121:0/3712445115 >> [v2:172.21.15.121:3300/0,v1:172.21.15.121:6789/0] conn(0x7f3d80106de0 0x7f3d8019a040 secure :-1 s=READY pgs=54 cs=0 l=1 rev1=1 crypto rx=0x7f3d74006af0 tx=0x7f3d74011b20 comp rx=0 tx=0).stop
2024-04-05T21:16:53.024 INFO:teuthology.orchestra.run.smithi121.stdout:/usr/bin/ceph: stderr
2024-04-05T21:16:52.294+0000 7f3d84d2e700 1 -- 172.21.15.121:0/3712445115 shutdown_connections
2024-04-05T21:16:53.024 INFO:teuthology.orchestra.run.smithi121.stdout:/usr/bin/ceph: stderr
2024-04-05T21:16:52.294+0000 7f3d84d2e700 1 --2- 172.21.15.121:0/3712445115 >> [v2:172.21.15.121:6800/1004235250,v1:172.21.15.121:6801/1004235250] conn(0x7f3d680382e0 0x7f3d6803a7a0 unknown :-1 s=CLOSED pgs=16 cs=0 l=1 rev1=1 crypto rx=0 tx=0 comp rx=0 tx=0).stop
2024-04-05T21:16:53.024 INFO:teuthology.orchestra.run.smithi121.stdout:/usr/bin/ceph: stderr
2024-04-05T21:16:52.295+0000 7f3d84d2e700 1 --2- 172.21.15.121:0/3712445115 >> [v2:172.21.15.121:3300/0,v1:172.21.15.121:6789/0] conn(0x7f3d80106de0 0x7f3d8019a040 unknown :-1 s=CLOSED pgs=54 cs=0 l=1 rev1=1 crypto rx=0 tx=0 comp rx=0 tx=0).stop
2024-04-05T21:16:53.024 INFO:teuthology.orchestra.run.smithi121.stdout:/usr/bin/ceph: stderr
2024-04-05T21:16:52.295+0000 7f3d84d2e700 1 -- 172.21.15.121:0/3712445115 >> 172.21.15.121:0/3712445115 conn(0x7f3d801007f0 msgr2=0x7f3d80101ee0 unknown :-1 s=STATE_NONE l=0).mark_down
2024-04-05T21:16:53.024 INFO:teuthology.orchestra.run.smithi121.stdout:/usr/bin/ceph: stderr
2024-04-05T21:16:52.295+0000 7f3d84d2e700 1 -- 172.21.15.121:0/3712445115 shutdown_connections
