2024-04-05T21:16:36.194 INFO:journalctl@ceph.mon.smithi121.smithi121.stdout:Apr 05 21:16:36 smithi121 ceph-mon[39723]: [05/Apr/2024:21:16:34] ENGINE Serving on https://172.21.15.121:7150
2024-04-05T21:16:36.194 INFO:journalctl@ceph.mon.smithi121.smithi121.stdout:Apr 05 21:16:36 smithi121 ceph-mon[39723]: [05/Apr/2024:21:16:34] ENGINE Serving on http://172.21.15.121:8765
2024-04-05T21:16:36.194 INFO:journalctl@ceph.mon.smithi121.smithi121.stdout:Apr 05 21:16:36 smithi121 ceph-mon[39723]: [05/Apr/2024:21:16:34] ENGINE Bus STARTED
2024-04-05T21:16:36.194 INFO:journalctl@ceph.mon.smithi121.smithi121.stdout:Apr 05 21:16:36 smithi121 ceph-mon[39723]: mgrmap e8: smithi121.etbquh(active, since 2s)
2024-04-05T21:16:36.194 INFO:journalctl@ceph.mon.smithi121.smithi121.stdout:Apr 05 21:16:36 smithi121 ceph-mon[39723]: from='client.14130 -' entity='client.admin' cmd=[{"prefix": "orch set backend", "module_name": "cephadm", "target": ["mon-mgr", ""]}]: dispatch
2024-04-05T21:16:36.194 INFO:journalctl@ceph.mon.smithi121.smithi121.stdout:Apr 05 21:16:36 smithi121 ceph-mon[39723]: from='mgr.14118 172.21.15.121:0/2846834337' entity='mgr.smithi121.etbquh'
2024-04-05T21:16:36.194 INFO:journalctl@ceph.mon.smithi121.smithi121.stdout:Apr 05 21:16:36 smithi121 ceph-mon[39723]: from='mgr.14118 172.21.15.121:0/2846834337' entity='mgr.smithi121.etbquh' cmd=[{"prefix": "config dump", "format": "json"}]: dispatch
2024-04-05T21:16:37.597 INFO:teuthology.orchestra.run.smithi121.stdout:/usr/bin/ceph: stdout value unchanged
2024-04-05T21:16:37.597 INFO:teuthology.orchestra.run.smithi121.stdout:/usr/bin/ceph: stderr
2024-04-05T21:16:36.475+0000 7f6bc8143700 1 Processor -- start
2024-04-05T21:16:37.597 INFO:teuthology.orchestra.run.smithi121.stdout:/usr/bin/ceph: stderr
2024-04-05T21:16:36.475+0000 7f6bc8143700 1 -- start start
2024-04-05T21:16:37.597 INFO:teuthology.orchestra.run.smithi121.stdout:/usr/bin/ceph: stderr
2024-04-05T21:16:36.475+0000 7f6bc8143700 1 --2- >> [v2:172.21.15.121:3300/0,v1:172.21.15.121:6789/0] conn(0x7f6bc0106de0 0x7f6bc01091d0 unknown :-1 s=NONE pgs=0 cs=0 l=0 rev1=0 crypto rx=0 tx=0 comp rx=0 tx=0).connect
2024-04-05T21:16:37.601 INFO:teuthology.orchestra.run.smithi121.stdout:/usr/bin/ceph: stderr
2024-04-05T21:16:36.475+0000 7f6bc8143700 1 -- --> [v2:172.21.15.121:3300/0,v1:172.21.15.121:6789/0] -- mon_getmap magic: 0 v1 -- 0x7f6bc00744f0 con 0x7f6bc0106de0
2024-04-05T21:16:37.602 INFO:teuthology.orchestra.run.smithi121.stdout:/usr/bin/ceph: stderr
2024-04-05T21:16:36.475+0000 7f6bc5edf700 1 --2- >> [v2:172.21.15.121:3300/0,v1:172.21.15.121:6789/0] conn(0x7f6bc0106de0 0x7f6bc01091d0 unknown :-1 s=BANNER_CONNECTING pgs=0 cs=0 l=0 rev1=0 crypto rx=0 tx=0 comp rx=0 tx=0)._handle_peer_banner_payload supported=3 required=0
2024-04-05T21:16:37.602 INFO:teuthology.orchestra.run.smithi121.stdout:/usr/bin/ceph: stderr
2024-04-05T21:16:36.475+0000 7f6bc5edf700 1 --2- >> [v2:172.21.15.121:3300/0,v1:172.21.15.121:6789/0] conn(0x7f6bc0106de0 0x7f6bc01091d0 unknown :-1 s=HELLO_CONNECTING pgs=0 cs=0 l=0 rev1=1 crypto rx=0 tx=0 comp rx=0 tx=0).handle_hello peer v2:172.21.15.121:3300/0 says I am v2:172.21.15.121:39522/0 (socket says 172.21.15.121:39522)
2024-04-05T21:16:37.602 INFO:teuthology.orchestra.run.smithi121.stdout:/usr/bin/ceph: stderr
2024-04-05T21:16:36.475+0000 7f6bc5edf700 1 -- 172.21.15.121:0/2258696813 learned_addr learned my addr 172.21.15.121:0/2258696813 (peer_addr_for_me v2:172.21.15.121:0/0)
2024-04-05T21:16:37.602 INFO:teuthology.orchestra.run.smithi121.stdout:/usr/bin/ceph: stderr
2024-04-05T21:16:36.476+0000 7f6bc5edf700 1 -- 172.21.15.121:0/2258696813 --> [v2:172.21.15.121:3300/0,v1:172.21.15.121:6789/0] -- mon_subscribe({config=0+,monmap=0+}) v3 -- 0x7f6bc0109710 con 0x7f6bc0106de0
2024-04-05T21:16:37.602 INFO:teuthology.orchestra.run.smithi121.stdout:/usr/bin/ceph: stderr
2024-04-05T21:16:36.476+0000 7f6bc5edf700 1 --2- 172.21.15.121:0/2258696813 >> [v2:172.21.15.121:3300/0,v1:172.21.15.121:6789/0] conn(0x7f6bc0106de0 0x7f6bc01091d0 secure :-1 s=READY pgs=37 cs=0 l=1 rev1=1 crypto rx=0x7f6bb00098a0 tx=0x7f6bb0009bb0 comp rx=0 tx=0).ready entity=mon.0 client_cookie=1a3d85a2912b250a server_cookie=0 in_seq=0 out_seq=0
2024-04-05T21:16:37.602 INFO:teuthology.orchestra.run.smithi121.stdout:/usr/bin/ceph: stderr
2024-04-05T21:16:36.476+0000 7f6bc4edd700 1 -- 172.21.15.121:0/2258696813 <== mon.0 v2:172.21.15.121:3300/0 1 ==== mon_map magic: 0 v1 ==== 229+0+0 (secure 0 0 0) 0x7f6bb0004180 con 0x7f6bc0106de0
2024-04-05T21:16:37.602 INFO:teuthology.orchestra.run.smithi121.stdout:/usr/bin/ceph: stderr
2024-04-05T21:16:36.476+0000 7f6bc4edd700 1 -- 172.21.15.121:0/2258696813 <== mon.0 v2:172.21.15.121:3300/0 2 ==== config(26 keys) v1 ==== 1002+0+0 (secure 0 0 0) 0x7f6bb00042e0 con 0x7f6bc0106de0
2024-04-05T21:16:37.602 INFO:teuthology.orchestra.run.smithi121.stdout:/usr/bin/ceph: stderr
2024-04-05T21:16:36.476+0000 7f6bc4edd700 1 -- 172.21.15.121:0/2258696813 <== mon.0 v2:172.21.15.121:3300/0 3 ==== mon_map magic: 0 v1 ==== 229+0+0 (secure 0 0 0) 0x7f6bb00119d0 con 0x7f6bc0106de0
2024-04-05T21:16:37.602 INFO:teuthology.orchestra.run.smithi121.stdout:/usr/bin/ceph: stderr
2024-04-05T21:16:36.476+0000 7f6bc8143700 1 -- 172.21.15.121:0/2258696813 >> [v2:172.21.15.121:3300/0,v1:172.21.15.121:6789/0] conn(0x7f6bc0106de0 msgr2=0x7f6bc01091d0 secure :-1 s=STATE_CONNECTION_ESTABLISHED l=1).mark_down
2024-04-05T21:16:37.602 INFO:teuthology.orchestra.run.smithi121.stdout:/usr/bin/ceph: stderr
2024-04-05T21:16:36.476+0000 7f6bc8143700 1 --2- 172.21.15.121:0/2258696813 >> [v2:172.21.15.121:3300/0,v1:172.21.15.121:6789/0] conn(0x7f6bc0106de0 0x7f6bc01091d0 secure :-1 s=READY pgs=37 cs=0 l=1 rev1=1 crypto rx=0x7f6bb00098a0 tx=0x7f6bb0009bb0 comp rx=0 tx=0).stop
2024-04-05T21:16:37.603 INFO:teuthology.orchestra.run.smithi121.stdout:/usr/bin/ceph: stderr
2024-04-05T21:16:36.477+0000 7f6bc8143700 1 -- 172.21.15.121:0/2258696813 shutdown_connections
2024-04-05T21:16:37.603 INFO:teuthology.orchestra.run.smithi121.stdout:/usr/bin/ceph: stderr
2024-04-05T21:16:36.477+0000 7f6bc8143700 1 --2- 172.21.15.121:0/2258696813 >> [v2:172.21.15.121:3300/0,v1:172.21.15.121:6789/0] conn(0x7f6bc0106de0 0x7f6bc01091d0 unknown :-1 s=CLOSED pgs=37 cs=0 l=1 rev1=1 crypto rx=0 tx=0 comp rx=0 tx=0).stop
2024-04-05T21:16:37.603 INFO:teuthology.orchestra.run.smithi121.stdout:/usr/bin/ceph: stderr
2024-04-05T21:16:36.477+0000 7f6bc8143700 1 -- 172.21.15.121:0/2258696813 >> 172.21.15.121:0/2258696813 conn(0x7f6bc01007f0 msgr2=0x7f6bc0102c10 unknown :-1 s=STATE_NONE l=0).mark_down
2024-04-05T21:16:37.603 INFO:teuthology.orchestra.run.smithi121.stdout:/usr/bin/ceph: stderr
2024-04-05T21:16:36.477+0000 7f6bc8143700 1 -- 172.21.15.121:0/2258696813 shutdown_connections
2024-04-05T21:16:37.603 INFO:teuthology.orchestra.run.smithi121.stdout:/usr/bin/ceph: stderr
2024-04-05T21:16:36.477+0000 7f6bc8143700 1 -- 172.21.15.121:0/2258696813 wait complete.
2024-04-05T21:16:37.603 INFO:teuthology.orchestra.run.smithi121.stdout:/usr/bin/ceph: stderr
2024-04-05T21:16:36.477+0000 7f6bc8143700 1 Processor -- start
2024-04-05T21:16:37.603 INFO:teuthology.orchestra.run.smithi121.stdout:/usr/bin/ceph: stderr
2024-04-05T21:16:36.477+0000 7f6bc8143700 1 -- start start
2024-04-05T21:16:37.603 INFO:teuthology.orchestra.run.smithi121.stdout:/usr/bin/ceph: stderr
2024-04-05T21:16:36.477+0000 7f6bc8143700 1 --2- >> [v2:172.21.15.121:3300/0,v1:172.21.15.121:6789/0] conn(0x7f6bc0106de0 0x7f6bc019a000 unknown :-1 s=NONE pgs=0 cs=0 l=1 rev1=0 crypto rx=0 tx=0 comp rx=0 tx=0).connect
2024-04-05T21:16:37.603 INFO:teuthology.orchestra.run.smithi121.stdout:/usr/bin/ceph: stderr
2024-04-05T21:16:36.477+0000 7f6bc8143700 1 -- --> [v2:172.21.15.121:3300/0,v1:172.21.15.121:6789/0] -- mon_getmap magic: 0 v1 -- 0x7f6bc019a540 con 0x7f6bc0106de0
2024-04-05T21:16:37.603 INFO:teuthology.orchestra.run.smithi121.stdout:/usr/bin/ceph: stderr
2024-04-05T21:16:36.477+0000 7f6bc5edf700 1 --2- >> [v2:172.21.15.121:3300/0,v1:172.21.15.121:6789/0] conn(0x7f6bc0106de0 0x7f6bc019a000 unknown :-1 s=BANNER_CONNECTING pgs=0 cs=0 l=1 rev1=0 crypto rx=0 tx=0 comp rx=0 tx=0)._handle_peer_banner_payload supported=3 required=0
2024-04-05T21:16:37.603 INFO:teuthology.orchestra.run.smithi121.stdout:/usr/bin/ceph: stderr
2024-04-05T21:16:36.478+0000 7f6bc5edf700 1 --2- >> [v2:172.21.15.121:3300/0,v1:172.21.15.121:6789/0] conn(0x7f6bc0106de0 0x7f6bc019a000 unknown :-1 s=HELLO_CONNECTING pgs=0 cs=0 l=1 rev1=1 crypto rx=0 tx=0 comp rx=0 tx=0).handle_hello peer v2:172.21.15.121:3300/0 says I am v2:172.21.15.121:39528/0 (socket says 172.21.15.121:39528)
2024-04-05T21:16:37.603 INFO:teuthology.orchestra.run.smithi121.stdout:/usr/bin/ceph: stderr
2024-04-05T21:16:36.478+0000 7f6bc5edf700 1 -- 172.21.15.121:0/3327064648 learned_addr learned my addr 172.21.15.121:0/3327064648 (peer_addr_for_me v2:172.21.15.121:0/0)
2024-04-05T21:16:37.603 INFO:teuthology.orchestra.run.smithi121.stdout:/usr/bin/ceph: stderr
2024-04-05T21:16:36.478+0000 7f6bc5edf700 1 -- 172.21.15.121:0/3327064648 --> [v2:172.21.15.121:3300/0,v1:172.21.15.121:6789/0] -- mon_subscribe({config=0+,monmap=0+}) v3 -- 0x7f6bb0009550 con 0x7f6bc0106de0
2024-04-05T21:16:37.603 INFO:teuthology.orchestra.run.smithi121.stdout:/usr/bin/ceph: stderr
2024-04-05T21:16:36.478+0000 7f6bc5edf700 1 --2- 172.21.15.121:0/3327064648 >> [v2:172.21.15.121:3300/0,v1:172.21.15.121:6789/0] conn(0x7f6bc0106de0 0x7f6bc019a000 secure :-1 s=READY pgs=38 cs=0 l=1 rev1=1 crypto rx=0x7f6bb0009130 tx=0x7f6bb0011a30 comp rx=0 tx=0).ready entity=mon.0 client_cookie=0 server_cookie=0 in_seq=0 out_seq=0
2024-04-05T21:16:37.603 INFO:teuthology.orchestra.run.smithi121.stdout:/usr/bin/ceph: stderr
2024-04-05T21:16:36.478+0000 7f6bb6ffd700 1 -- 172.21.15.121:0/3327064648 <== mon.0 v2:172.21.15.121:3300/0 1 ==== mon_map magic: 0 v1 ==== 229+0+0 (secure 0 0 0) 0x7f6bb0003900 con 0x7f6bc0106de0
2024-04-05T21:16:37.604 INFO:teuthology.orchestra.run.smithi121.stdout:/usr/bin/ceph: stderr
2024-04-05T21:16:36.478+0000 7f6bb6ffd700 1 -- 172.21.15.121:0/3327064648 <== mon.0 v2:172.21.15.121:3300/0 2 ==== config(26 keys) v1 ==== 1002+0+0 (secure 0 0 0) 0x7f6bb0003a60 con 0x7f6bc0106de0
2024-04-05T21:16:37.604 INFO:teuthology.orchestra.run.smithi121.stdout:/usr/bin/ceph: stderr
2024-04-05T21:16:36.478+0000 7f6bc8143700 1 -- 172.21.15.121:0/3327064648 --> [v2:172.21.15.121:3300/0,v1:172.21.15.121:6789/0] -- mon_subscribe({mgrmap=0+}) v3 -- 0x7f6bc019a740 con 0x7f6bc0106de0
2024-04-05T21:16:37.604 INFO:teuthology.orchestra.run.smithi121.stdout:/usr/bin/ceph: stderr
2024-04-05T21:16:36.478+0000 7f6bb6ffd700 1 -- 172.21.15.121:0/3327064648 <== mon.0 v2:172.21.15.121:3300/0 3 ==== mon_map magic: 0 v1 ==== 229+0+0 (secure 0 0 0) 0x7f6bb00246e0 con 0x7f6bc0106de0
2024-04-05T21:16:37.604 INFO:teuthology.orchestra.run.smithi121.stdout:/usr/bin/ceph: stderr
2024-04-05T21:16:36.478+0000 7f6bc8143700 1 -- 172.21.15.121:0/3327064648 --> [v2:172.21.15.121:3300/0,v1:172.21.15.121:6789/0] -- mon_subscribe({osdmap=0}) v3 -- 0x7f6bc019ab60 con 0x7f6bc0106de0
2024-04-05T21:16:37.604 INFO:teuthology.orchestra.run.smithi121.stdout:/usr/bin/ceph: stderr
2024-04-05T21:16:36.479+0000 7f6bb6ffd700 1 -- 172.21.15.121:0/3327064648 <== mon.0 v2:172.21.15.121:3300/0 4 ==== mgrmap(e 8) v1 ==== 45283+0+0 (secure 0 0 0) 0x7f6bb002d3f0 con 0x7f6bc0106de0
2024-04-05T21:16:37.604 INFO:teuthology.orchestra.run.smithi121.stdout:/usr/bin/ceph: stderr
2024-04-05T21:16:36.479+0000 7f6bc8143700 1 -- 172.21.15.121:0/3327064648 --> [v2:172.21.15.121:3300/0,v1:172.21.15.121:6789/0] -- mon_command({"prefix": "get_command_descriptions"} v 0) v1 -- 0x7f6bc00623c0 con 0x7f6bc0106de0
2024-04-05T21:16:37.604 INFO:teuthology.orchestra.run.smithi121.stdout:/usr/bin/ceph: stderr
2024-04-05T21:16:36.479+0000 7f6bb6ffd700 1 --2- 172.21.15.121:0/3327064648 >> [v2:172.21.15.121:6800/1004235250,v1:172.21.15.121:6801/1004235250] conn(0x7f6bac038370 0x7f6bac03a830 unknown :-1 s=NONE pgs=0 cs=0 l=1 rev1=0 crypto rx=0 tx=0 comp rx=0 tx=0).connect
2024-04-05T21:16:37.604 INFO:teuthology.orchestra.run.smithi121.stdout:/usr/bin/ceph: stderr
2024-04-05T21:16:36.479+0000 7f6bb6ffd700 1 -- 172.21.15.121:0/3327064648 <== mon.0 v2:172.21.15.121:3300/0 5 ==== osd_map(2..2 src has 1..2) v4 ==== 940+0+0 (secure 0 0 0) 0x7f6bb004c3a0 con 0x7f6bc0106de0
2024-04-05T21:16:37.604 INFO:teuthology.orchestra.run.smithi121.stdout:/usr/bin/ceph: stderr
2024-04-05T21:16:36.479+0000 7f6bc56de700 1 --2- 172.21.15.121:0/3327064648 >> [v2:172.21.15.121:6800/1004235250,v1:172.21.15.121:6801/1004235250] conn(0x7f6bac038370 0x7f6bac03a830 unknown :-1 s=BANNER_CONNECTING pgs=0 cs=0 l=1 rev1=0 crypto rx=0 tx=0 comp rx=0 tx=0)._handle_peer_banner_payload supported=3 required=0
2024-04-05T21:16:37.604 INFO:teuthology.orchestra.run.smithi121.stdout:/usr/bin/ceph: stderr
2024-04-05T21:16:36.479+0000 7f6bc56de700 1 --2- 172.21.15.121:0/3327064648 >> [v2:172.21.15.121:6800/1004235250,v1:172.21.15.121:6801/1004235250] conn(0x7f6bac038370 0x7f6bac03a830 secure :-1 s=READY pgs=8 cs=0 l=1 rev1=1 crypto rx=0x7f6bbc006fd0 tx=0x7f6bbc006e40 comp rx=0 tx=0).ready entity=mgr.14118 client_cookie=0 server_cookie=0 in_seq=0 out_seq=0
2024-04-05T21:16:37.604 INFO:teuthology.orchestra.run.smithi121.stdout:/usr/bin/ceph: stderr
2024-04-05T21:16:36.484+0000 7f6bb6ffd700 1 -- 172.21.15.121:0/3327064648 <== mon.0 v2:172.21.15.121:3300/0 6 ==== mon_command_ack([{"prefix": "get_command_descriptions"}]=0 v0) v1 ==== 72+0+180422 (secure 0 0 0) 0x7f6bb0010970 con 0x7f6bc0106de0
2024-04-05T21:16:37.604 INFO:teuthology.orchestra.run.smithi121.stdout:/usr/bin/ceph: stderr
2024-04-05T21:16:36.673+0000 7f6bc8143700 1 -- 172.21.15.121:0/3327064648 --> [v2:172.21.15.121:6800/1004235250,v1:172.21.15.121:6801/1004235250] -- mgr_command(tid 0: {"prefix": "cephadm set-user", "user": "root", "target": ["mon-mgr", ""]}) v1 -- 0x7f6bc0102b00 con 0x7f6bac038370
2024-04-05T21:16:37.604 INFO:teuthology.orchestra.run.smithi121.stdout:/usr/bin/ceph: stderr
2024-04-05T21:16:36.673+0000 7f6bb6ffd700 1 -- 172.21.15.121:0/3327064648 <== mgr.14118 v2:172.21.15.121:6800/1004235250 1 ==== mgr_command_reply(tid 0: 0 ) v1 ==== 8+0+16 (secure 0 0 0) 0x7f6bc0102b00 con 0x7f6bac038370
2024-04-05T21:16:37.605 INFO:teuthology.orchestra.run.smithi121.stdout:/usr/bin/ceph: stderr
2024-04-05T21:16:36.675+0000 7f6bc8143700 1 -- 172.21.15.121:0/3327064648 >> [v2:172.21.15.121:6800/1004235250,v1:172.21.15.121:6801/1004235250] conn(0x7f6bac038370 msgr2=0x7f6bac03a830 secure :-1 s=STATE_CONNECTION_ESTABLISHED l=1).mark_down
2024-04-05T21:16:37.605 INFO:journalctl@ceph.mon.smithi121.smithi121.stdout:Apr 05 21:16:37 smithi121 ceph-mon[39723]: from='client.14132 -' entity='client.admin' cmd=[{"prefix": "cephadm set-user", "user": "root", "target": ["mon-mgr", ""]}]: dispatch
2024-04-05T21:16:37.606 INFO:teuthology.orchestra.run.smithi121.stdout:/usr/bin/ceph: stderr
2024-04-05T21:16:36.675+0000 7f6bc8143700 1 --2- 172.21.15.121:0/3327064648 >> [v2:172.21.15.121:6800/1004235250,v1:172.21.15.121:6801/1004235250] conn(0x7f6bac038370 0x7f6bac03a830 secure :-1 s=READY pgs=8 cs=0 l=1 rev1=1 crypto rx=0x7f6bbc006fd0 tx=0x7f6bbc006e40 comp rx=0 tx=0).stop
2024-04-05T21:16:37.606 INFO:teuthology.orchestra.run.smithi121.stdout:/usr/bin/ceph: stderr
2024-04-05T21:16:36.675+0000 7f6bc8143700 1 -- 172.21.15.121:0/3327064648 >> [v2:172.21.15.121:3300/0,v1:172.21.15.121:6789/0] conn(0x7f6bc0106de0 msgr2=0x7f6bc019a000 secure :-1 s=STATE_CONNECTION_ESTABLISHED l=1).mark_down
2024-04-05T21:16:37.606 INFO:teuthology.orchestra.run.smithi121.stdout:/usr/bin/ceph: stderr
2024-04-05T21:16:36.675+0000 7f6bc8143700 1 --2- 172.21.15.121:0/3327064648 >> [v2:172.21.15.121:3300/0,v1:172.21.15.121:6789/0] conn(0x7f6bc0106de0 0x7f6bc019a000 secure :-1 s=READY pgs=38 cs=0 l=1 rev1=1 crypto rx=0x7f6bb0009130 tx=0x7f6bb0011a30 comp rx=0 tx=0).stop
2024-04-05T21:16:37.606 INFO:teuthology.orchestra.run.smithi121.stdout:/usr/bin/ceph: stderr
2024-04-05T21:16:36.675+0000 7f6bc8143700 1 -- 172.21.15.121:0/3327064648 shutdown_connections
2024-04-05T21:16:37.606 INFO:teuthology.orchestra.run.smithi121.stdout:/usr/bin/ceph: stderr
2024-04-05T21:16:36.675+0000 7f6bc8143700 1 --2- 172.21.15.121:0/3327064648 >> [v2:172.21.15.121:6800/1004235250,v1:172.21.15.121:6801/1004235250] conn(0x7f6bac038370 0x7f6bac03a830 unknown :-1 s=CLOSED pgs=8 cs=0 l=1 rev1=1 crypto rx=0 tx=0 comp rx=0 tx=0).stop
2024-04-05T21:16:37.606 INFO:teuthology.orchestra.run.smithi121.stdout:/usr/bin/ceph: stderr
2024-04-05T21:16:36.675+0000 7f6bc8143700 1 --2- 172.21.15.121:0/3327064648 >> [v2:172.21.15.121:3300/0,v1:172.21.15.121:6789/0] conn(0x7f6bc0106de0 0x7f6bc019a000 unknown :-1 s=CLOSED pgs=38 cs=0 l=1 rev1=1 crypto rx=0 tx=0 comp rx=0 tx=0).stop
2024-04-05T21:16:37.606 INFO:teuthology.orchestra.run.smithi121.stdout:/usr/bin/ceph: stderr
2024-04-05T21:16:36.675+0000 7f6bc8143700 1 -- 172.21.15.121:0/3327064648 >> 172.21.15.121:0/3327064648 conn(0x7f6bc01007f0 msgr2=0x7f6bc0101ee0 unknown :-1 s=STATE_NONE l=0).mark_down
2024-04-05T21:16:37.607 INFO:teuthology.orchestra.run.smithi121.stdout:/usr/bin/ceph: stderr
2024-04-05T21:16:36.676+0000 7f6bc8143700 1 -- 172.21.15.121:0/3327064648 shutdown_connections
2024-04-05T21:16:37.607 INFO:teuthology.orchestra.run.smithi121.stdout:/usr/bin/ceph: stderr
2024-04-05T21:16:36.676+0000 7f6bc8143700 1 -- 172.21.15.121:0/3327064648 wait complete.
2024-04-05T21:16:37.607 INFO:teuthology.orchestra.run.smithi121.stdout:Generating ssh key...
2024-04-05T21:16:38.739 INFO:journalctl@ceph.mon.smithi121.smithi121.stdout:Apr 05 21:16:38 smithi121 ceph-mon[39723]: from='client.14134 -' entity='client.admin' cmd=[{"prefix": "cephadm generate-key", "target": ["mon-mgr", ""]}]: dispatch
2024-04-05T21:16:38.739 INFO:journalctl@ceph.mon.smithi121.smithi121.stdout:Apr 05 21:16:38 smithi121 ceph-mon[39723]: Generating ssh key...
2024-04-05T21:16:39.082 INFO:teuthology.orchestra.run.smithi121.stdout:/usr/bin/ceph: stderr
2024-04-05T21:16:38.189+0000 7f6e726b6700 1 Processor -- start
2024-04-05T21:16:39.082 INFO:teuthology.orchestra.run.smithi121.stdout:/usr/bin/ceph: stderr
2024-04-05T21:16:38.189+0000 7f6e726b6700 1 -- start start
2024-04-05T21:16:39.082 INFO:teuthology.orchestra.run.smithi121.stdout:/usr/bin/ceph: stderr
2024-04-05T21:16:38.189+0000 7f6e726b6700 1 --2- >> [v2:172.21.15.121:3300/0,v1:172.21.15.121:6789/0] conn(0x7f6e6c104600 0x7f6e6c104a20 unknown :-1 s=NONE pgs=0 cs=0 l=0 rev1=0 crypto rx=0 tx=0 comp rx=0 tx=0).connect
2024-04-05T21:16:39.082 INFO:teuthology.orchestra.run.smithi121.stdout:/usr/bin/ceph: stderr
2024-04-05T21:16:38.189+0000 7f6e726b6700 1 -- --> [v2:172.21.15.121:3300/0,v1:172.21.15.121:6789/0] -- mon_getmap magic: 0 v1 -- 0x7f6e6c104ff0 con 0x7f6e6c104600
2024-04-05T21:16:39.083 INFO:teuthology.orchestra.run.smithi121.stdout:/usr/bin/ceph: stderr
2024-04-05T21:16:38.189+0000 7f6e6bfff700 1 --2- >> [v2:172.21.15.121:3300/0,v1:172.21.15.121:6789/0] conn(0x7f6e6c104600 0x7f6e6c104a20 unknown :-1 s=BANNER_CONNECTING pgs=0 cs=0 l=0 rev1=0 crypto rx=0 tx=0 comp rx=0 tx=0)._handle_peer_banner_payload supported=3 required=0
2024-04-05T21:16:39.083 INFO:teuthology.orchestra.run.smithi121.stdout:/usr/bin/ceph: stderr
2024-04-05T21:16:38.189+0000 7f6e6bfff700 1 --2- >> [v2:172.21.15.121:3300/0,v1:172.21.15.121:6789/0] conn(0x7f6e6c104600 0x7f6e6c104a20 unknown :-1 s=HELLO_CONNECTING pgs=0 cs=0 l=0 rev1=1 crypto rx=0 tx=0 comp rx=0 tx=0).handle_hello peer v2:172.21.15.121:3300/0 says I am v2:172.21.15.121:39540/0 (socket says 172.21.15.121:39540)
2024-04-05T21:16:39.083 INFO:teuthology.orchestra.run.smithi121.stdout:/usr/bin/ceph: stderr
2024-04-05T21:16:38.189+0000 7f6e6bfff700 1 -- 172.21.15.121:0/1552634065 learned_addr learned my addr 172.21.15.121:0/1552634065 (peer_addr_for_me v2:172.21.15.121:0/0)
2024-04-05T21:16:39.083 INFO:teuthology.orchestra.run.smithi121.stdout:/usr/bin/ceph: stderr
2024-04-05T21:16:38.189+0000 7f6e6bfff700 1 -- 172.21.15.121:0/1552634065 --> [v2:172.21.15.121:3300/0,v1:172.21.15.121:6789/0] -- mon_subscribe({config=0+,monmap=0+}) v3 -- 0x7f6e6c105130 con 0x7f6e6c104600
2024-04-05T21:16:39.083 INFO:teuthology.orchestra.run.smithi121.stdout:/usr/bin/ceph: stderr
2024-04-05T21:16:38.189+0000 7f6e6bfff700 1 --2- 172.21.15.121:0/1552634065 >> [v2:172.21.15.121:3300/0,v1:172.21.15.121:6789/0] conn(0x7f6e6c104600 0x7f6e6c104a20 secure :-1 s=READY pgs=39 cs=0 l=1 rev1=1 crypto rx=0x7f6e5c0098a0 tx=0x7f6e5c009bb0 comp rx=0 tx=0).ready entity=mon.0 client_cookie=2574e158a31a16cd server_cookie=0 in_seq=0 out_seq=0
2024-04-05T21:16:39.083 INFO:teuthology.orchestra.run.smithi121.stdout:/usr/bin/ceph: stderr
2024-04-05T21:16:38.190+0000 7f6e6affd700 1 -- 172.21.15.121:0/1552634065 <== mon.0 v2:172.21.15.121:3300/0 1 ==== mon_map magic: 0 v1 ==== 229+0+0 (secure 0 0 0) 0x7f6e5c004180 con 0x7f6e6c104600
2024-04-05T21:16:39.083 INFO:teuthology.orchestra.run.smithi121.stdout:/usr/bin/ceph: stderr
2024-04-05T21:16:38.190+0000 7f6e6affd700 1 -- 172.21.15.121:0/1552634065 <== mon.0 v2:172.21.15.121:3300/0 2 ==== config(26 keys) v1 ==== 1002+0+0 (secure 0 0 0) 0x7f6e5c0042e0 con 0x7f6e6c104600
2024-04-05T21:16:39.083 INFO:teuthology.orchestra.run.smithi121.stdout:/usr/bin/ceph: stderr
2024-04-05T21:16:38.190+0000 7f6e6affd700 1 -- 172.21.15.121:0/1552634065 <== mon.0 v2:172.21.15.121:3300/0 3 ==== mon_map magic: 0 v1 ==== 229+0+0 (secure 0 0 0) 0x7f6e5c0119d0 con 0x7f6e6c104600
2024-04-05T21:16:39.083 INFO:teuthology.orchestra.run.smithi121.stdout:/usr/bin/ceph: stderr
2024-04-05T21:16:38.190+0000 7f6e726b6700 1 -- 172.21.15.121:0/1552634065 >> [v2:172.21.15.121:3300/0,v1:172.21.15.121:6789/0] conn(0x7f6e6c104600 msgr2=0x7f6e6c104a20 secure :-1 s=STATE_CONNECTION_ESTABLISHED l=1).mark_down
2024-04-05T21:16:39.083 INFO:teuthology.orchestra.run.smithi121.stdout:/usr/bin/ceph: stderr
2024-04-05T21:16:38.190+0000 7f6e726b6700 1 --2- 172.21.15.121:0/1552634065 >> [v2:172.21.15.121:3300/0,v1:172.21.15.121:6789/0] conn(0x7f6e6c104600 0x7f6e6c104a20 secure :-1 s=READY pgs=39 cs=0 l=1 rev1=1 crypto rx=0x7f6e5c0098a0 tx=0x7f6e5c009bb0 comp rx=0 tx=0).stop
2024-04-05T21:16:39.083 INFO:teuthology.orchestra.run.smithi121.stdout:/usr/bin/ceph: stderr
2024-04-05T21:16:38.190+0000 7f6e726b6700 1 -- 172.21.15.121:0/1552634065 shutdown_connections
2024-04-05T21:16:39.083 INFO:teuthology.orchestra.run.smithi121.stdout:/usr/bin/ceph: stderr
2024-04-05T21:16:38.190+0000 7f6e726b6700 1 --2- 172.21.15.121:0/1552634065 >> [v2:172.21.15.121:3300/0,v1:172.21.15.121:6789/0] conn(0x7f6e6c104600 0x7f6e6c104a20 unknown :-1 s=CLOSED pgs=39 cs=0 l=1 rev1=1 crypto rx=0 tx=0 comp rx=0 tx=0).stop
2024-04-05T21:16:39.083 INFO:teuthology.orchestra.run.smithi121.stdout:/usr/bin/ceph: stderr
2024-04-05T21:16:38.190+0000 7f6e726b6700 1 -- 172.21.15.121:0/1552634065 >> 172.21.15.121:0/1552634065 conn(0x7f6e6c0fff40 msgr2=0x7f6e6c102380 unknown :-1 s=STATE_NONE l=0).mark_down
2024-04-05T21:16:39.083 INFO:teuthology.orchestra.run.smithi121.stdout:/usr/bin/ceph: stderr
2024-04-05T21:16:38.190+0000 7f6e726b6700 1 -- 172.21.15.121:0/1552634065 shutdown_connections
2024-04-05T21:16:39.084 INFO:teuthology.orchestra.run.smithi121.stdout:/usr/bin/ceph: stderr
2024-04-05T21:16:38.190+0000 7f6e726b6700 1 -- 172.21.15.121:0/1552634065 wait complete.
2024-04-05T21:16:39.084 INFO:teuthology.orchestra.run.smithi121.stdout:/usr/bin/ceph: stderr
2024-04-05T21:16:38.191+0000 7f6e726b6700 1 Processor -- start
2024-04-05T21:16:39.084 INFO:teuthology.orchestra.run.smithi121.stdout:/usr/bin/ceph: stderr
2024-04-05T21:16:38.191+0000 7f6e726b6700 1 -- start start
2024-04-05T21:16:39.084 INFO:teuthology.orchestra.run.smithi121.stdout:/usr/bin/ceph: stderr
2024-04-05T21:16:38.191+0000 7f6e726b6700 1 --2- >> [v2:172.21.15.121:3300/0,v1:172.21.15.121:6789/0] conn(0x7f6e6c104600 0x7f6e6c199fb0 unknown :-1 s=NONE pgs=0 cs=0 l=1 rev1=0 crypto rx=0 tx=0 comp rx=0 tx=0).connect
2024-04-05T21:16:39.084 INFO:teuthology.orchestra.run.smithi121.stdout:/usr/bin/ceph: stderr
2024-04-05T21:16:38.191+0000 7f6e726b6700 1 -- --> [v2:172.21.15.121:3300/0,v1:172.21.15.121:6789/0] -- mon_getmap magic: 0 v1 -- 0x7f6e6c19a4f0 con 0x7f6e6c104600
2024-04-05T21:16:39.084 INFO:teuthology.orchestra.run.smithi121.stdout:/usr/bin/ceph: stderr
2024-04-05T21:16:38.191+0000 7f6e6bfff700 1 --2- >> [v2:172.21.15.121:3300/0,v1:172.21.15.121:6789/0] conn(0x7f6e6c104600 0x7f6e6c199fb0 unknown :-1 s=BANNER_CONNECTING pgs=0 cs=0 l=1 rev1=0 crypto rx=0 tx=0 comp rx=0 tx=0)._handle_peer_banner_payload supported=3 required=0
2024-04-05T21:16:39.084 INFO:teuthology.orchestra.run.smithi121.stdout:/usr/bin/ceph: stderr
2024-04-05T21:16:38.191+0000 7f6e6bfff700 1 --2- >> [v2:172.21.15.121:3300/0,v1:172.21.15.121:6789/0] conn(0x7f6e6c104600 0x7f6e6c199fb0 unknown :-1 s=HELLO_CONNECTING pgs=0 cs=0 l=1 rev1=1 crypto rx=0 tx=0 comp rx=0 tx=0).handle_hello peer v2:172.21.15.121:3300/0 says I am v2:172.21.15.121:39546/0 (socket says 172.21.15.121:39546)
2024-04-05T21:16:39.084 INFO:teuthology.orchestra.run.smithi121.stdout:/usr/bin/ceph: stderr
2024-04-05T21:16:38.191+0000 7f6e6bfff700 1 -- 172.21.15.121:0/1387428861 learned_addr learned my addr 172.21.15.121:0/1387428861 (peer_addr_for_me v2:172.21.15.121:0/0)
2024-04-05T21:16:39.084 INFO:teuthology.orchestra.run.smithi121.stdout:/usr/bin/ceph: stderr
2024-04-05T21:16:38.191+0000 7f6e6bfff700 1 -- 172.21.15.121:0/1387428861 --> [v2:172.21.15.121:3300/0,v1:172.21.15.121:6789/0] -- mon_subscribe({config=0+,monmap=0+}) v3 -- 0x7f6e5c009550 con 0x7f6e6c104600
2024-04-05T21:16:39.084 INFO:teuthology.orchestra.run.smithi121.stdout:/usr/bin/ceph: stderr
2024-04-05T21:16:38.192+0000 7f6e6bfff700 1 --2- 172.21.15.121:0/1387428861 >> [v2:172.21.15.121:3300/0,v1:172.21.15.121:6789/0] conn(0x7f6e6c104600 0x7f6e6c199fb0 secure :-1 s=READY pgs=40 cs=0 l=1 rev1=1 crypto rx=0x7f6e5c006af0 tx=0x7f6e5c011a30 comp rx=0 tx=0).ready entity=mon.0 client_cookie=0 server_cookie=0 in_seq=0 out_seq=0
2024-04-05T21:16:39.084 INFO:teuthology.orchestra.run.smithi121.stdout:/usr/bin/ceph: stderr
2024-04-05T21:16:38.192+0000 7f6e697fa700 1 -- 172.21.15.121:0/1387428861 <== mon.0 v2:172.21.15.121:3300/0 1 ==== mon_map magic: 0 v1 ==== 229+0+0 (secure 0 0 0) 0x7f6e5c024430 con 0x7f6e6c104600
2024-04-05T21:16:39.084 INFO:teuthology.orchestra.run.smithi121.stdout:/usr/bin/ceph: stderr
2024-04-05T21:16:38.192+0000 7f6e697fa700 1 -- 172.21.15.121:0/1387428861 <== mon.0 v2:172.21.15.121:3300/0 2 ==== config(26 keys) v1 ==== 1002+0+0 (secure 0 0 0) 0x7f6e5c0249e0 con 0x7f6e6c104600
2024-04-05T21:16:39.084 INFO:teuthology.orchestra.run.smithi121.stdout:/usr/bin/ceph: stderr
2024-04-05T21:16:38.192+0000 7f6e726b6700 1 -- 172.21.15.121:0/1387428861 --> [v2:172.21.15.121:3300/0,v1:172.21.15.121:6789/0] -- mon_subscribe({mgrmap=0+}) v3 -- 0x7f6e6c19a750 con 0x7f6e6c104600
2024-04-05T21:16:39.084 INFO:teuthology.orchestra.run.smithi121.stdout:/usr/bin/ceph: stderr
2024-04-05T21:16:38.192+0000 7f6e697fa700 1 -- 172.21.15.121:0/1387428861 <== mon.0 v2:172.21.15.121:3300/0 3 ==== mon_map magic: 0 v1 ==== 229+0+0 (secure 0 0 0) 0x7f6e5c01a970 con 0x7f6e6c104600
2024-04-05T21:16:39.084 INFO:teuthology.orchestra.run.smithi121.stdout:/usr/bin/ceph: stderr
2024-04-05T21:16:38.192+0000 7f6e726b6700 1 -- 172.21.15.121:0/1387428861 --> [v2:172.21.15.121:3300/0,v1:172.21.15.121:6789/0] -- mon_subscribe({osdmap=0}) v3 -- 0x7f6e6c19abd0 con 0x7f6e6c104600
2024-04-05T21:16:39.085 INFO:teuthology.orchestra.run.smithi121.stdout:/usr/bin/ceph: stderr
2024-04-05T21:16:38.193+0000 7f6e697fa700 1 -- 172.21.15.121:0/1387428861 <== mon.0 v2:172.21.15.121:3300/0 4 ==== mgrmap(e 8) v1 ==== 45283+0+0 (secure 0 0 0) 0x7f6e5c01abe0 con 0x7f6e6c104600
2024-04-05T21:16:39.085 INFO:teuthology.orchestra.run.smithi121.stdout:/usr/bin/ceph: stderr
2024-04-05T21:16:38.193+0000 7f6e726b6700 1 -- 172.21.15.121:0/1387428861 --> [v2:172.21.15.121:3300/0,v1:172.21.15.121:6789/0] -- mon_command({"prefix": "get_command_descriptions"} v 0) v1 -- 0x7f6e6c1081f0 con 0x7f6e6c104600
2024-04-05T21:16:39.085 INFO:teuthology.orchestra.run.smithi121.stdout:/usr/bin/ceph: stderr
2024-04-05T21:16:38.193+0000 7f6e697fa700 1 --2- 172.21.15.121:0/1387428861 >> [v2:172.21.15.121:6800/1004235250,v1:172.21.15.121:6801/1004235250] conn(0x7f6e54038370 0x7f6e5403a830 unknown :-1 s=NONE pgs=0 cs=0 l=1 rev1=0 crypto rx=0 tx=0 comp rx=0 tx=0).connect
2024-04-05T21:16:39.085 INFO:teuthology.orchestra.run.smithi121.stdout:/usr/bin/ceph: stderr
2024-04-05T21:16:38.193+0000 7f6e697fa700 1 -- 172.21.15.121:0/1387428861 <== mon.0 v2:172.21.15.121:3300/0 5 ==== osd_map(2..2 src has 1..2) v4 ==== 940+0+0 (secure 0 0 0) 0x7f6e5c04c400 con 0x7f6e6c104600
2024-04-05T21:16:39.085 INFO:teuthology.orchestra.run.smithi121.stdout:/usr/bin/ceph: stderr
2024-04-05T21:16:38.193+0000 7f6e6b7fe700 1 --2- 172.21.15.121:0/1387428861 >> [v2:172.21.15.121:6800/1004235250,v1:172.21.15.121:6801/1004235250] conn(0x7f6e54038370 0x7f6e5403a830 unknown :-1 s=BANNER_CONNECTING pgs=0 cs=0 l=1 rev1=0 crypto rx=0 tx=0 comp rx=0 tx=0)._handle_peer_banner_payload supported=3 required=0
2024-04-05T21:16:39.085 INFO:teuthology.orchestra.run.smithi121.stdout:/usr/bin/ceph: stderr
2024-04-05T21:16:38.193+0000 7f6e6b7fe700 1 --2- 172.21.15.121:0/1387428861 >> [v2:172.21.15.121:6800/1004235250,v1:172.21.15.121:6801/1004235250] conn(0x7f6e54038370 0x7f6e5403a830 secure :-1 s=READY pgs=9 cs=0 l=1 rev1=1 crypto rx=0x7f6e60006fd0 tx=0x7f6e60006e40 comp rx=0 tx=0).ready entity=mgr.14118 client_cookie=0 server_cookie=0 in_seq=0 out_seq=0
2024-04-05T21:16:39.085 INFO:teuthology.orchestra.run.smithi121.stdout:/usr/bin/ceph: stderr
2024-04-05T21:16:38.197+0000 7f6e697fa700 1 -- 172.21.15.121:0/1387428861 <== mon.0 v2:172.21.15.121:3300/0 6 ==== mon_command_ack([{"prefix": "get_command_descriptions"}]=0 v0) v1 ==== 72+0+180422 (secure 0 0 0) 0x7f6e5c02d3f0 con 0x7f6e6c104600
2024-04-05T21:16:39.085 INFO:teuthology.orchestra.run.smithi121.stdout:/usr/bin/ceph: stderr
2024-04-05T21:16:38.384+0000 7f6e726b6700 1 -- 172.21.15.121:0/1387428861 --> [v2:172.21.15.121:6800/1004235250,v1:172.21.15.121:6801/1004235250] -- mgr_command(tid 0: {"prefix": "cephadm generate-key", "target": ["mon-mgr", ""]}) v1 -- 0x7f6e6c1022a0 con 0x7f6e54038370
2024-04-05T21:16:39.085 INFO:teuthology.orchestra.run.smithi121.stdout:/usr/bin/ceph: stderr
2024-04-05T21:16:38.480+0000 7f6e697fa700 1 -- 172.21.15.121:0/1387428861 <== mgr.14118 v2:172.21.15.121:6800/1004235250 1 ==== mgr_command_reply(tid 0: 0 ) v1 ==== 8+0+0 (secure 0 0 0) 0x7f6e6c1022a0 con 0x7f6e54038370
2024-04-05T21:16:39.085 INFO:teuthology.orchestra.run.smithi121.stdout:/usr/bin/ceph: stderr
2024-04-05T21:16:38.482+0000 7f6e726b6700 1 -- 172.21.15.121:0/1387428861 >> [v2:172.21.15.121:6800/1004235250,v1:172.21.15.121:6801/1004235250] conn(0x7f6e54038370 msgr2=0x7f6e5403a830 secure :-1 s=STATE_CONNECTION_ESTABLISHED l=1).mark_down
2024-04-05T21:16:39.085 INFO:teuthology.orchestra.run.smithi121.stdout:/usr/bin/ceph: stderr
2024-04-05T21:16:38.482+0000 7f6e726b6700 1 --2- 172.21.15.121:0/1387428861 >> [v2:172.21.15.121:6800/1004235250,v1:172.21.15.121:6801/1004235250] conn(0x7f6e54038370 0x7f6e5403a830 secure :-1 s=READY pgs=9 cs=0 l=1 rev1=1 crypto rx=0x7f6e60006fd0 tx=0x7f6e60006e40 comp rx=0 tx=0).stop
2024-04-05T21:16:39.085 INFO:teuthology.orchestra.run.smithi121.stdout:/usr/bin/ceph: stderr
2024-04-05T21:16:38.482+0000 7f6e726b6700 1 -- 172.21.15.121:0/1387428861 >> [v2:172.21.15.121:3300/0,v1:172.21.15.121:6789/0] conn(0x7f6e6c104600 msgr2=0x7f6e6c199fb0 secure :-1 s=STATE_CONNECTION_ESTABLISHED l=1).mark_down
2024-04-05T21:16:39.085 INFO:teuthology.orchestra.run.smithi121.stdout:/usr/bin/ceph: stderr
2024-04-05T21:16:38.482+0000 7f6e726b6700 1 --2- 172.21.15.121:0/1387428861 >> [v2:172.21.15.121:3300/0,v1:172.21.15.121:6789/0] conn(0x7f6e6c104600 0x7f6e6c199fb0 secure :-1 s=READY pgs=40 cs=0 l=1 rev1=1 crypto rx=0x7f6e5c006af0 tx=0x7f6e5c011a30 comp rx=0 tx=0).stop
2024-04-05T21:16:39.085 INFO:teuthology.orchestra.run.smithi121.stdout:/usr/bin/ceph: stderr
2024-04-05T21:16:38.483+0000 7f6e726b6700 1 -- 172.21.15.121:0/1387428861 shutdown_connections
2024-04-05T21:16:39.086 INFO:teuthology.orchestra.run.smithi121.stdout:/usr/bin/ceph: stderr
2024-04-05T21:16:38.483+0000 7f6e726b6700 1 --2- 172.21.15.121:0/1387428861 >> [v2:172.21.15.121:6800/1004235250,v1:172.21.15.121:6801/1004235250] conn(0x7f6e54038370 0x7f6e5403a830 unknown :-1 s=CLOSED pgs=9 cs=0 l=1 rev1=1 crypto rx=0 tx=0 comp rx=0 tx=0).stop
2024-04-05T21:16:39.086 INFO:teuthology.orchestra.run.smithi121.stdout:/usr/bin/ceph: stderr
2024-04-05T21:16:38.483+0000 7f6e726b6700 1 --2- 172.21.15.121:0/1387428861 >> [v2:172.21.15.121:3300/0,v1:172.21.15.121:6789/0] conn(0x7f6e6c104600 0x7f6e6c199fb0 unknown :-1 s=CLOSED pgs=40 cs=0 l=1 rev1=1 crypto rx=0 tx=0 comp rx=0 tx=0).stop
2024-04-05T21:16:39.086 INFO:teuthology.orchestra.run.smithi121.stdout:/usr/bin/ceph: stderr
2024-04-05T21:16:38.483+0000 7f6e726b6700 1 -- 172.21.15.121:0/1387428861 >> 172.21.15.121:0/1387428861 conn(0x7f6e6c0fff40 msgr2=0x7f6e6c101680 unknown :-1 s=STATE_NONE l=0).mark_down
2024-04-05T21:16:39.086 INFO:teuthology.orchestra.run.smithi121.stdout:/usr/bin/ceph: stderr
2024-04-05T21:16:38.483+0000 7f6e726b6700 1 -- 172.21.15.121:0/1387428861 shutdown_connections
2024-04-05T21:16:39.086 INFO:teuthology.orchestra.run.smithi121.stdout:/usr/bin/ceph: stderr
2024-04-05T21:16:38.483+0000 7f6e726b6700 1 -- 172.21.15.121:0/1387428861 wait complete.
2024-04-05T21:16:39.739 INFO:journalctl@ceph.mon.smithi121.smithi121.stdout:Apr 05 21:16:39 smithi121 ceph-mon[39723]: from='mgr.14118 172.21.15.121:0/2846834337' entity='mgr.smithi121.etbquh'
2024-04-05T21:16:39.739 INFO:journalctl@ceph.mon.smithi121.smithi121.stdout:Apr 05 21:16:39 smithi121 ceph-mon[39723]: from='mgr.14118 172.21.15.121:0/2846834337' entity='mgr.smithi121.etbquh'
2024-04-05T21:16:40.531 INFO:teuthology.orchestra.run.smithi121.stdout:/usr/bin/ceph: stdout ssh-rsa AAAAB3NzaC1yc2EAAAADAQABAAABgQDZEkPkm9R+lyo91WlIkAk6OEW7qkCToqF+TI4I5zWm6+TfxBRjkEpByiYhK6pDrxxtGOlvx1yWZm/6Wzl67bgIzviXJmnZKbePJIzIY6TKqZGlOUTYPqKNAs9Fv+zjkwKAl7z4suLH5BPfEzQJt5Fs5dxTkP+XgNheoyq0Vegbt0ui5JfxrQIA5tZIqb1awAbnJAKcQepBArocGNmDgUem/Y312GXkqqvSxBOscDoe2y7DpoDSCvneouZ2R4kVHeRmoJUHuV7Nz6oMWcAUP6S5yyUidRb5kFAc2kKOpXlqQSNcnlPf7rwksHqwcLCc4/vvNWAIE7uwJMQM9f24LstyrUTK8EzyCQWNoiFpEY+fYe8JDutCwFTyBL6ZBeKhg0gANDov3owtxXyJKTyiCA9aBtm6/MKhNArnWIibH7e1PiYZLYOHveGhM6lz4ov++iUzWNBjOONDgL20Ws3lBGiT4cYpEeLcFq0AEWVl05oqYYlEqKYKvrP7eJUt3KIvWcU= ceph-9e6dd7f6-f391-11ee-b649-cb9ed24678a4
2024-04-05T21:16:40.531 INFO:teuthology.orchestra.run.smithi121.stdout:/usr/bin/ceph: stderr
2024-04-05T21:16:39.640+0000 7f5f6bb2f700 1 Processor -- start
2024-04-05T21:16:40.531 INFO:teuthology.orchestra.run.smithi121.stdout:/usr/bin/ceph: stderr
2024-04-05T21:16:39.640+0000 7f5f6bb2f700 1 -- start start
2024-04-05T21:16:40.531 INFO:teuthology.orchestra.run.smithi121.stdout:/usr/bin/ceph: stderr
2024-04-05T21:16:39.640+0000 7f5f6bb2f700 1 --2- >> [v2:172.21.15.121:3300/0,v1:172.21.15.121:6789/0] conn(0x7f5f6407bdf0 0x7f5f6407a250 unknown :-1 s=NONE pgs=0 cs=0 l=0 rev1=0 crypto rx=0 tx=0 comp rx=0 tx=0).connect
2024-04-05T21:16:40.532 INFO:teuthology.orchestra.run.smithi121.stdout:/usr/bin/ceph: stderr
2024-04-05T21:16:39.640+0000 7f5f6bb2f700 1 -- --> [v2:172.21.15.121:3300/0,v1:172.21.15.121:6789/0] -- mon_getmap magic: 0 v1 -- 0x7f5f6407a820 con 0x7f5f6407bdf0
2024-04-05T21:16:40.532 INFO:teuthology.orchestra.run.smithi121.stdout:/usr/bin/ceph: stderr
2024-04-05T21:16:39.640+0000 7f5f698cb700 1 --2- >> [v2:172.21.15.121:3300/0,v1:172.21.15.121:6789/0] conn(0x7f5f6407bdf0 0x7f5f6407a250 unknown :-1 s=BANNER_CONNECTING pgs=0 cs=0 l=0 rev1=0 crypto rx=0 tx=0 comp rx=0 tx=0)._handle_peer_banner_payload supported=3 required=0
2024-04-05T21:16:40.532 INFO:teuthology.orchestra.run.smithi121.stdout:/usr/bin/ceph: stderr
2024-04-05T21:16:39.640+0000 7f5f698cb700 1 --2- >> [v2:172.21.15.121:3300/0,v1:172.21.15.121:6789/0] conn(0x7f5f6407bdf0 0x7f5f6407a250 unknown :-1 s=HELLO_CONNECTING pgs=0 cs=0 l=0 rev1=1 crypto rx=0 tx=0 comp rx=0 tx=0).handle_hello peer v2:172.21.15.121:3300/0 says I am v2:172.21.15.121:39558/0 (socket says 172.21.15.121:39558)
2024-04-05T21:16:40.532 INFO:teuthology.orchestra.run.smithi121.stdout:/usr/bin/ceph: stderr
2024-04-05T21:16:39.640+0000 7f5f698cb700 1 -- 172.21.15.121:0/3746941924 learned_addr learned my addr 172.21.15.121:0/3746941924 (peer_addr_for_me v2:172.21.15.121:0/0)
2024-04-05T21:16:40.532 INFO:teuthology.orchestra.run.smithi121.stdout:/usr/bin/ceph: stderr
2024-04-05T21:16:39.640+0000 7f5f698cb700 1 -- 172.21.15.121:0/3746941924 --> [v2:172.21.15.121:3300/0,v1:172.21.15.121:6789/0] -- mon_subscribe({config=0+,monmap=0+}) v3 -- 0x7f5f6407a960 con 0x7f5f6407bdf0
2024-04-05T21:16:40.532 INFO:teuthology.orchestra.run.smithi121.stdout:/usr/bin/ceph: stderr
2024-04-05T21:16:39.640+0000 7f5f698cb700 1 --2- 172.21.15.121:0/3746941924 >> [v2:172.21.15.121:3300/0,v1:172.21.15.121:6789/0] conn(0x7f5f6407bdf0 0x7f5f6407a250 secure :-1 s=READY pgs=41 cs=0 l=1 rev1=1 crypto rx=0x7f5f540098a0 tx=0x7f5f54009bb0 comp rx=0 tx=0).ready entity=mon.0 client_cookie=79ad827a75ee2bf7 server_cookie=0 in_seq=0 out_seq=0
2024-04-05T21:16:40.532 INFO:teuthology.orchestra.run.smithi121.stdout:/usr/bin/ceph: stderr
2024-04-05T21:16:39.641+0000 7f5f688c9700 1 -- 172.21.15.121:0/3746941924 <== mon.0 v2:172.21.15.121:3300/0 1 ==== mon_map magic: 0 v1 ==== 229+0+0 (secure 0 0 0) 0x7f5f54004180 con 0x7f5f6407bdf0
2024-04-05T21:16:40.532 INFO:teuthology.orchestra.run.smithi121.stdout:/usr/bin/ceph: stderr
2024-04-05T21:16:39.641+0000 7f5f688c9700 1 -- 172.21.15.121:0/3746941924 <== mon.0 v2:172.21.15.121:3300/0 2 ==== config(26 keys) v1 ==== 1002+0+0 (secure 0 0 0) 0x7f5f540042e0 con 0x7f5f6407bdf0
2024-04-05T21:16:40.532 INFO:teuthology.orchestra.run.smithi121.stdout:/usr/bin/ceph: stderr
2024-04-05T21:16:39.641+0000 7f5f688c9700 1 -- 172.21.15.121:0/3746941924 <== mon.0 v2:172.21.15.121:3300/0 3 ==== mon_map magic: 0 v1 ==== 229+0+0 (secure 0 0 0) 0x7f5f540119d0 con 0x7f5f6407bdf0
2024-04-05T21:16:40.532 INFO:teuthology.orchestra.run.smithi121.stdout:/usr/bin/ceph: stderr
2024-04-05T21:16:39.641+0000 7f5f6bb2f700 1 -- 172.21.15.121:0/3746941924 >> [v2:172.21.15.121:3300/0,v1:172.21.15.121:6789/0] conn(0x7f5f6407bdf0 msgr2=0x7f5f6407a250 secure :-1 s=STATE_CONNECTION_ESTABLISHED l=1).mark_down
2024-04-05T21:16:40.532 INFO:teuthology.orchestra.run.smithi121.stdout:/usr/bin/ceph: stderr
2024-04-05T21:16:39.641+0000 7f5f6bb2f700 1 --2- 172.21.15.121:0/3746941924 >> [v2:172.21.15.121:3300/0,v1:172.21.15.121:6789/0] conn(0x7f5f6407bdf0 0x7f5f6407a250 secure :-1 s=READY pgs=41 cs=0 l=1 rev1=1 crypto rx=0x7f5f540098a0 tx=0x7f5f54009bb0 comp rx=0 tx=0).stop
2024-04-05T21:16:40.532 INFO:teuthology.orchestra.run.smithi121.stdout:/usr/bin/ceph: stderr
2024-04-05T21:16:39.641+0000 7f5f6bb2f700 1 -- 172.21.15.121:0/3746941924 shutdown_connections
2024-04-05T21:16:40.532 INFO:teuthology.orchestra.run.smithi121.stdout:/usr/bin/ceph: stderr
2024-04-05T21:16:39.641+0000 7f5f6bb2f700 1 --2- 172.21.15.121:0/3746941924 >> [v2:172.21.15.121:3300/0,v1:172.21.15.121:6789/0] conn(0x7f5f6407bdf0 0x7f5f6407a250 unknown :-1 s=CLOSED pgs=41 cs=0 l=1 rev1=1 crypto rx=0 tx=0 comp rx=0 tx=0).stop
2024-04-05T21:16:40.532 INFO:teuthology.orchestra.run.smithi121.stdout:/usr/bin/ceph: stderr
2024-04-05T21:16:39.641+0000 7f5f6bb2f700 1 -- 172.21.15.121:0/3746941924 >> 172.21.15.121:0/3746941924 conn(0x7f5f64101910 msgr2=0x7f5f64103d30 unknown :-1 s=STATE_NONE l=0).mark_down
2024-04-05T21:16:40.532 INFO:teuthology.orchestra.run.smithi121.stdout:/usr/bin/ceph: stderr
2024-04-05T21:16:39.641+0000 7f5f6bb2f700 1 -- 172.21.15.121:0/3746941924 shutdown_connections
2024-04-05T21:16:40.533 INFO:teuthology.orchestra.run.smithi121.stdout:/usr/bin/ceph: stderr
2024-04-05T21:16:39.641+0000 7f5f6bb2f700 1 -- 172.21.15.121:0/3746941924 wait complete.
2024-04-05T21:16:40.533 INFO:teuthology.orchestra.run.smithi121.stdout:/usr/bin/ceph: stderr
2024-04-05T21:16:39.642+0000 7f5f6bb2f700 1 Processor -- start
2024-04-05T21:16:40.533 INFO:teuthology.orchestra.run.smithi121.stdout:/usr/bin/ceph: stderr
2024-04-05T21:16:39.642+0000 7f5f6bb2f700 1 -- start start
2024-04-05T21:16:40.533 INFO:teuthology.orchestra.run.smithi121.stdout:/usr/bin/ceph: stderr
2024-04-05T21:16:39.642+0000 7f5f6bb2f700 1 --2- >> [v2:172.21.15.121:3300/0,v1:172.21.15.121:6789/0] conn(0x7f5f6407bdf0 0x7f5f6419c270 unknown :-1 s=NONE pgs=0 cs=0 l=1 rev1=0 crypto rx=0 tx=0 comp rx=0 tx=0).connect
2024-04-05T21:16:40.533 INFO:teuthology.orchestra.run.smithi121.stdout:/usr/bin/ceph: stderr
2024-04-05T21:16:39.642+0000 7f5f6bb2f700 1 -- --> [v2:172.21.15.121:3300/0,v1:172.21.15.121:6789/0] -- mon_getmap magic: 0 v1 -- 0x7f5f6419c7b0 con 0x7f5f6407bdf0
2024-04-05T21:16:40.533 INFO:teuthology.orchestra.run.smithi121.stdout:/usr/bin/ceph: stderr
2024-04-05T21:16:39.642+0000 7f5f698cb700 1 --2- >> [v2:172.21.15.121:3300/0,v1:172.21.15.121:6789/0] conn(0x7f5f6407bdf0 0x7f5f6419c270 unknown :-1 s=BANNER_CONNECTING pgs=0 cs=0 l=1 rev1=0 crypto rx=0 tx=0 comp rx=0 tx=0)._handle_peer_banner_payload supported=3 required=0
2024-04-05T21:16:40.533 INFO:teuthology.orchestra.run.smithi121.stdout:/usr/bin/ceph: stderr
2024-04-05T21:16:39.642+0000 7f5f698cb700 1 --2- >> [v2:172.21.15.121:3300/0,v1:172.21.15.121:6789/0] conn(0x7f5f6407bdf0 0x7f5f6419c270 unknown :-1 s=HELLO_CONNECTING pgs=0 cs=0 l=1 rev1=1 crypto rx=0 tx=0 comp rx=0 tx=0).handle_hello peer v2:172.21.15.121:3300/0 says I am v2:172.21.15.121:39566/0 (socket says 172.21.15.121:39566)
2024-04-05T21:16:40.533 INFO:teuthology.orchestra.run.smithi121.stdout:/usr/bin/ceph: stderr
2024-04-05T21:16:39.642+0000 7f5f698cb700 1 -- 172.21.15.121:0/3667207186 learned_addr learned my addr 172.21.15.121:0/3667207186 (peer_addr_for_me v2:172.21.15.121:0/0)
2024-04-05T21:16:40.533 INFO:teuthology.orchestra.run.smithi121.stdout:/usr/bin/ceph: stderr
2024-04-05T21:16:39.642+0000 7f5f698cb700 1 -- 172.21.15.121:0/3667207186 --> [v2:172.21.15.121:3300/0,v1:172.21.15.121:6789/0] -- mon_subscribe({config=0+,monmap=0+}) v3 -- 0x7f5f54009550 con 0x7f5f6407bdf0
2024-04-05T21:16:40.533 INFO:teuthology.orchestra.run.smithi121.stdout:/usr/bin/ceph: stderr
2024-04-05T21:16:39.643+0000 7f5f698cb700 1 --2- 172.21.15.121:0/3667207186 >> [v2:172.21.15.121:3300/0,v1:172.21.15.121:6789/0] conn(0x7f5f6407bdf0 0x7f5f6419c270 secure :-1 s=READY pgs=42 cs=0 l=1 rev1=1 crypto rx=0x7f5f54009130 tx=0x7f5f54011a30 comp rx=0 tx=0).ready entity=mon.0 client_cookie=0 server_cookie=0 in_seq=0 out_seq=0
2024-04-05T21:16:40.533 INFO:teuthology.orchestra.run.smithi121.stdout:/usr/bin/ceph: stderr
2024-04-05T21:16:39.643+0000 7f5f5affd700 1 -- 172.21.15.121:0/3667207186 <== mon.0 v2:172.21.15.121:3300/0 1 ==== mon_map magic: 0 v1 ==== 229+0+0 (secure 0 0 0) 0x7f5f54003a00 con 0x7f5f6407bdf0
2024-04-05T21:16:40.533 INFO:teuthology.orchestra.run.smithi121.stdout:/usr/bin/ceph: stderr
2024-04-05T21:16:39.643+0000 7f5f5affd700 1 -- 172.21.15.121:0/3667207186 <== mon.0 v2:172.21.15.121:3300/0 2 ==== config(26 keys) v1 ==== 1002+0+0 (secure 0 0 0) 0x7f5f5401a880 con 0x7f5f6407bdf0
2024-04-05T21:16:40.533 INFO:teuthology.orchestra.run.smithi121.stdout:/usr/bin/ceph: stderr
2024-04-05T21:16:39.643+0000 7f5f6bb2f700 1 -- 172.21.15.121:0/3667207186 --> [v2:172.21.15.121:3300/0,v1:172.21.15.121:6789/0] -- mon_subscribe({mgrmap=0+}) v3 -- 0x7f5f6419c9b0 con 0x7f5f6407bdf0
2024-04-05T21:16:40.533 INFO:teuthology.orchestra.run.smithi121.stdout:/usr/bin/ceph: stderr
2024-04-05T21:16:39.643+0000 7f5f5affd700 1 -- 172.21.15.121:0/3667207186 <== mon.0 v2:172.21.15.121:3300/0 3 ==== mon_map magic: 0 v1 ==== 229+0+0 (secure 0 0 0) 0x7f5f54019760 con 0x7f5f6407bdf0
2024-04-05T21:16:40.533 INFO:teuthology.orchestra.run.smithi121.stdout:/usr/bin/ceph: stderr
2024-04-05T21:16:39.643+0000 7f5f6bb2f700 1 -- 172.21.15.121:0/3667207186 --> [v2:172.21.15.121:3300/0,v1:172.21.15.121:6789/0] -- mon_subscribe({osdmap=0}) v3 -- 0x7f5f6419cdd0 con 0x7f5f6407bdf0
2024-04-05T21:16:40.534 INFO:teuthology.orchestra.run.smithi121.stdout:/usr/bin/ceph: stderr
2024-04-05T21:16:39.643+0000 7f5f5affd700 1 -- 172.21.15.121:0/3667207186 <== mon.0 v2:172.21.15.121:3300/0 4 ==== mgrmap(e 8) v1 ==== 45283+0+0 (secure 0 0 0) 0x7f5f540199d0 con 0x7f5f6407bdf0
2024-04-05T21:16:40.534 INFO:teuthology.orchestra.run.smithi121.stdout:/usr/bin/ceph: stderr
2024-04-05T21:16:39.644+0000 7f5f5affd700 1 --2- 172.21.15.121:0/3667207186 >> [v2:172.21.15.121:6800/1004235250,v1:172.21.15.121:6801/1004235250] conn(0x7f5f50038330 0x7f5f5003a7f0 unknown :-1 s=NONE pgs=0 cs=0 l=1 rev1=0 crypto rx=0 tx=0 comp rx=0 tx=0).connect
2024-04-05T21:16:40.534 INFO:teuthology.orchestra.run.smithi121.stdout:/usr/bin/ceph: stderr
2024-04-05T21:16:39.644+0000 7f5f6bb2f700 1 -- 172.21.15.121:0/3667207186 --> [v2:172.21.15.121:3300/0,v1:172.21.15.121:6789/0] -- mon_command({"prefix": "get_command_descriptions"} v 0) v1 -- 0x7f5f640623c0 con 0x7f5f6407bdf0
2024-04-05T21:16:40.534 INFO:teuthology.orchestra.run.smithi121.stdout:/usr/bin/ceph: stderr
2024-04-05T21:16:39.644+0000 7f5f5affd700 1 -- 172.21.15.121:0/3667207186 <== mon.0 v2:172.21.15.121:3300/0 5 ==== osd_map(2..2 src has 1..2) v4 ==== 940+0+0 (secure 0 0 0) 0x7f5f5404c6a0 con 0x7f5f6407bdf0
2024-04-05T21:16:40.534 INFO:teuthology.orchestra.run.smithi121.stdout:/usr/bin/ceph: stderr
2024-04-05T21:16:39.644+0000 7f5f690ca700 1 --2- 172.21.15.121:0/3667207186 >> [v2:172.21.15.121:6800/1004235250,v1:172.21.15.121:6801/1004235250] conn(0x7f5f50038330 0x7f5f5003a7f0 unknown :-1 s=BANNER_CONNECTING pgs=0 cs=0 l=1 rev1=0 crypto rx=0 tx=0 comp rx=0 tx=0)._handle_peer_banner_payload supported=3 required=0
2024-04-05T21:16:40.534 INFO:teuthology.orchestra.run.smithi121.stdout:/usr/bin/ceph: stderr
2024-04-05T21:16:39.644+0000 7f5f690ca700 1 --2- 172.21.15.121:0/3667207186 >> [v2:172.21.15.121:6800/1004235250,v1:172.21.15.121:6801/1004235250] conn(0x7f5f50038330 0x7f5f5003a7f0 secure :-1 s=READY pgs=10 cs=0 l=1 rev1=1 crypto rx=0x7f5f60006fd0 tx=0x7f5f60006e40 comp rx=0 tx=0).ready entity=mgr.14118 client_cookie=0 server_cookie=0 in_seq=0 out_seq=0
2024-04-05T21:16:40.534 INFO:teuthology.orchestra.run.smithi121.stdout:/usr/bin/ceph: stderr
2024-04-05T21:16:39.648+0000 7f5f5affd700 1 -- 172.21.15.121:0/3667207186 <== mon.0 v2:172.21.15.121:3300/0 6 ==== mon_command_ack([{"prefix": "get_command_descriptions"}]=0 v0) v1 ==== 72+0+180422 (secure 0 0 0) 0x7f5f5402b750 con 0x7f5f6407bdf0
2024-04-05T21:16:40.534 INFO:teuthology.orchestra.run.smithi121.stdout:/usr/bin/ceph: stderr
2024-04-05T21:16:39.837+0000 7f5f6bb2f700 1 -- 172.21.15.121:0/3667207186 --> [v2:172.21.15.121:6800/1004235250,v1:172.21.15.121:6801/1004235250] -- mgr_command(tid 0: {"prefix": "cephadm get-pub-key", "target": ["mon-mgr", ""]}) v1 -- 0x7f5f6419f810 con 0x7f5f50038330
2024-04-05T21:16:40.534 INFO:teuthology.orchestra.run.smithi121.stdout:/usr/bin/ceph: stderr
2024-04-05T21:16:39.838+0000 7f5f5affd700 1 -- 172.21.15.121:0/3667207186 <== mgr.14118 v2:172.21.15.121:6800/1004235250 1 ==== mgr_command_reply(tid 0: 0 ) v1 ==== 8+0+595 (secure 0 0 0) 0x7f5f6419f810 con 0x7f5f50038330
2024-04-05T21:16:40.534 INFO:teuthology.orchestra.run.smithi121.stdout:/usr/bin/ceph: stderr
2024-04-05T21:16:39.840+0000 7f5f6bb2f700 1 -- 172.21.15.121:0/3667207186 >> [v2:172.21.15.121:6800/1004235250,v1:172.21.15.121:6801/1004235250] conn(0x7f5f50038330 msgr2=0x7f5f5003a7f0 secure :-1 s=STATE_CONNECTION_ESTABLISHED l=1).mark_down
2024-04-05T21:16:40.534 INFO:teuthology.orchestra.run.smithi121.stdout:/usr/bin/ceph: stderr
2024-04-05T21:16:39.840+0000 7f5f6bb2f700 1 --2- 172.21.15.121:0/3667207186 >> [v2:172.21.15.121:6800/1004235250,v1:172.21.15.121:6801/1004235250] conn(0x7f5f50038330 0x7f5f5003a7f0 secure :-1 s=READY pgs=10 cs=0 l=1 rev1=1 crypto rx=0x7f5f60006fd0 tx=0x7f5f60006e40 comp rx=0 tx=0).stop
2024-04-05T21:16:40.534 INFO:teuthology.orchestra.run.smithi121.stdout:/usr/bin/ceph: stderr
2024-04-05T21:16:39.840+0000 7f5f6bb2f700 1 -- 172.21.15.121:0/3667207186 >> [v2:172.21.15.121:3300/0,v1:172.21.15.121:6789/0] conn(0x7f5f6407bdf0 msgr2=0x7f5f6419c270 secure :-1 s=STATE_CONNECTION_ESTABLISHED l=1).mark_down
2024-04-05T21:16:40.534 INFO:teuthology.orchestra.run.smithi121.stdout:/usr/bin/ceph: stderr
2024-04-05T21:16:39.840+0000 7f5f6bb2f700 1 --2- 172.21.15.121:0/3667207186 >> [v2:172.21.15.121:3300/0,v1:172.21.15.121:6789/0] conn(0x7f5f6407bdf0 0x7f5f6419c270 secure :-1 s=READY pgs=42 cs=0 l=1 rev1=1 crypto rx=0x7f5f54009130 tx=0x7f5f54011a30 comp rx=0 tx=0).stop
2024-04-05T21:16:40.534 INFO:teuthology.orchestra.run.smithi121.stdout:/usr/bin/ceph: stderr
2024-04-05T21:16:39.840+0000 7f5f6bb2f700 1 -- 172.21.15.121:0/3667207186 shutdown_connections
2024-04-05T21:16:40.535 INFO:teuthology.orchestra.run.smithi121.stdout:/usr/bin/ceph: stderr
2024-04-05T21:16:39.840+0000 7f5f6bb2f700 1 --2- 172.21.15.121:0/3667207186 >> [v2:172.21.15.121:6800/1004235250,v1:172.21.15.121:6801/1004235250] conn(0x7f5f50038330 0x7f5f5003a7f0 unknown :-1 s=CLOSED pgs=10 cs=0 l=1 rev1=1 crypto rx=0 tx=0 comp rx=0 tx=0).stop
2024-04-05T21:16:40.535 INFO:teuthology.orchestra.run.smithi121.stdout:/usr/bin/ceph: stderr
2024-04-05T21:16:39.840+0000 7f5f6bb2f700 1 --2- 172.21.15.121:0/3667207186 >> [v2:172.21.15.121:3300/0,v1:172.21.15.121:6789/0] conn(0x7f5f6407bdf0 0x7f5f6419c270 unknown :-1 s=CLOSED pgs=42 cs=0 l=1 rev1=1 crypto rx=0 tx=0 comp rx=0 tx=0).stop
2024-04-05T21:16:40.535 INFO:teuthology.orchestra.run.smithi121.stdout:/usr/bin/ceph: stderr
2024-04-05T21:16:39.840+0000 7f5f6bb2f700 1 -- 172.21.15.121:0/3667207186 >> 172.21.15.121:0/3667207186 conn(0x7f5f64101910 msgr2=0x7f5f64103010 unknown :-1 s=STATE_NONE l=0).mark_down
2024-04-05T21:16:40.535 INFO:teuthology.orchestra.run.smithi121.stdout:/usr/bin/ceph: stderr
2024-04-05T21:16:39.840+0000 7f5f6bb2f700 1 -- 172.21.15.121:0/3667207186 shutdown_connections
