2024-04-05T22:41:48.759 INFO:teuthology.orchestra.run.smithi096.stdout:/usr/bin/ceph: stderr
2024-04-05T22:41:47.780+0000 7f54837fe700 1 -- 172.21.15.96:0/2100228529 --> [v2:172.21.15.96:3300/0,v1:172.21.15.96:6789/0] -- mon_subscribe({config=0+,monmap=0+}) v3 -- 0x7f54740094f0 con 0x7f54841014e0
2024-04-05T22:41:48.759 INFO:teuthology.orchestra.run.smithi096.stdout:/usr/bin/ceph: stderr
2024-04-05T22:41:47.780+0000 7f54837fe700 1 --2- 172.21.15.96:0/2100228529 >> [v2:172.21.15.96:3300/0,v1:172.21.15.96:6789/0] conn(0x7f54841014e0 0x7f5484076b30 secure :-1 s=READY pgs=25 cs=0 l=1 rev1=1 crypto rx=0x7f5474006b00 tx=0x7f5474009250 comp rx=0 tx=0).ready entity=mon.0 client_cookie=0 server_cookie=0 in_seq=0 out_seq=0
2024-04-05T22:41:48.759 INFO:teuthology.orchestra.run.smithi096.stdout:/usr/bin/ceph: stderr
2024-04-05T22:41:47.780+0000 7f546bfff700 1 -- 172.21.15.96:0/2100228529 <== mon.0 v2:172.21.15.96:3300/0 1 ==== mon_map magic: 0 v1 ==== 229+0+0 (secure 0 0 0) 0x7f54740109b0 con 0x7f54841014e0
2024-04-05T22:41:48.759 INFO:teuthology.orchestra.run.smithi096.stdout:/usr/bin/ceph: stderr
2024-04-05T22:41:47.780+0000 7f548a18c700 1 -- 172.21.15.96:0/2100228529 --> [v2:172.21.15.96:3300/0,v1:172.21.15.96:6789/0] -- mon_subscribe({mgrmap=0+}) v3 -- 0x7f54841141e0 con 0x7f54841014e0
2024-04-05T22:41:48.759 INFO:teuthology.orchestra.run.smithi096.stdout:/usr/bin/ceph: stderr
2024-04-05T22:41:47.780+0000 7f546bfff700 1 -- 172.21.15.96:0/2100228529 <== mon.0 v2:172.21.15.96:3300/0 2 ==== config(26 keys) v1 ==== 1009+0+0 (secure 0 0 0) 0x7f5474024440 con 0x7f54841014e0
2024-04-05T22:41:48.759 INFO:teuthology.orchestra.run.smithi096.stdout:/usr/bin/ceph: stderr
2024-04-05T22:41:47.780+0000 7f546bfff700 1 -- 172.21.15.96:0/2100228529 <== mon.0 v2:172.21.15.96:3300/0 3 ==== mon_map magic: 0 v1 ==== 229+0+0 (secure 0 0 0) 0x7f547401a5f0 con 0x7f54841014e0
2024-04-05T22:41:48.759 INFO:teuthology.orchestra.run.smithi096.stdout:/usr/bin/ceph: stderr
2024-04-05T22:41:47.780+0000 7f548a18c700 1 -- 172.21.15.96:0/2100228529 --> [v2:172.21.15.96:3300/0,v1:172.21.15.96:6789/0] -- mon_subscribe({osdmap=0}) v3 -- 0x7f5484114670 con 0x7f54841014e0
2024-04-05T22:41:48.760 INFO:teuthology.orchestra.run.smithi096.stdout:/usr/bin/ceph: stderr
2024-04-05T22:41:47.781+0000 7f546bfff700 1 -- 172.21.15.96:0/2100228529 <== mon.0 v2:172.21.15.96:3300/0 4 ==== mgrmap(e 5) v1 ==== 43368+0+0 (secure 0 0 0) 0x7f547401a8b0 con 0x7f54841014e0
2024-04-05T22:41:48.760 INFO:teuthology.orchestra.run.smithi096.stdout:/usr/bin/ceph: stderr
2024-04-05T22:41:47.781+0000 7f546bfff700 1 --2- 172.21.15.96:0/2100228529 >> [v2:172.21.15.96:6800/3982090702,v1:172.21.15.96:6801/3982090702] conn(0x7f546c036790 0x7f546c038c40 unknown :-1 s=NONE pgs=0 cs=0 l=1 rev1=0 crypto rx=0 tx=0 comp rx=0 tx=0).connect
2024-04-05T22:41:48.760 INFO:teuthology.orchestra.run.smithi096.stdout:/usr/bin/ceph: stderr
2024-04-05T22:41:47.781+0000 7f546bfff700 1 -- 172.21.15.96:0/2100228529 <== mon.0 v2:172.21.15.96:3300/0 5 ==== osd_map(1..1 src has 1..1) v4 ==== 721+0+0 (secure 0 0 0) 0x7f547404b710 con 0x7f54841014e0
2024-04-05T22:41:48.760 INFO:teuthology.orchestra.run.smithi096.stdout:/usr/bin/ceph: stderr
2024-04-05T22:41:47.781+0000 7f5482ffd700 1 -- 172.21.15.96:0/2100228529 >> [v2:172.21.15.96:6800/3982090702,v1:172.21.15.96:6801/3982090702] conn(0x7f546c036790 msgr2=0x7f546c038c40 unknown :-1 s=STATE_CONNECTING_RE l=1).process reconnect failed to v2:172.21.15.96:6800/3982090702
2024-04-05T22:41:48.760 INFO:teuthology.orchestra.run.smithi096.stdout:/usr/bin/ceph: stderr
2024-04-05T22:41:47.781+0000 7f5482ffd700 1 --2- 172.21.15.96:0/2100228529 >> [v2:172.21.15.96:6800/3982090702,v1:172.21.15.96:6801/3982090702] conn(0x7f546c036790 0x7f546c038c40 unknown :-1 s=START_CONNECT pgs=0 cs=0 l=1 rev1=0 crypto rx=0 tx=0 comp rx=0 tx=0)._fault waiting 0.200000
2024-04-05T22:41:48.760 INFO:teuthology.orchestra.run.smithi096.stdout:/usr/bin/ceph: stderr
2024-04-05T22:41:47.781+0000 7f548a18c700 1 -- 172.21.15.96:0/2100228529 --> [v2:172.21.15.96:3300/0,v1:172.21.15.96:6789/0] -- mon_command({"prefix": "get_command_descriptions"} v 0) v1 -- 0x7f548404bed0 con 0x7f54841014e0
2024-04-05T22:41:48.760 INFO:teuthology.orchestra.run.smithi096.stdout:/usr/bin/ceph: stderr
2024-04-05T22:41:47.786+0000 7f546bfff700 1 -- 172.21.15.96:0/2100228529 <== mon.0 v2:172.21.15.96:3300/0 6 ==== mon_command_ack([{"prefix": "get_command_descriptions"}]=0 v0) v1 ==== 72+0+176504 (secure 0 0 0) 0x7f547401abb0 con 0x7f54841014e0
2024-04-05T22:41:48.760 INFO:teuthology.orchestra.run.smithi096.stdout:/usr/bin/ceph: stderr
2024-04-05T22:41:47.982+0000 7f5482ffd700 1 -- 172.21.15.96:0/2100228529 >> [v2:172.21.15.96:6800/3982090702,v1:172.21.15.96:6801/3982090702] conn(0x7f546c036790 msgr2=0x7f546c038c40 unknown :-1 s=STATE_CONNECTING_RE l=1).process reconnect failed to v2:172.21.15.96:6800/3982090702
2024-04-05T22:41:48.760 INFO:teuthology.orchestra.run.smithi096.stdout:/usr/bin/ceph: stderr
2024-04-05T22:41:47.982+0000 7f5482ffd700 1 --2- 172.21.15.96:0/2100228529 >> [v2:172.21.15.96:6800/3982090702,v1:172.21.15.96:6801/3982090702] conn(0x7f546c036790 0x7f546c038c40 unknown :-1 s=START_CONNECT pgs=0 cs=0 l=1 rev1=0 crypto rx=0 tx=0 comp rx=0 tx=0)._fault waiting 0.400000
2024-04-05T22:41:48.760 INFO:teuthology.orchestra.run.smithi096.stdout:/usr/bin/ceph: stderr
2024-04-05T22:41:48.028+0000 7f548a18c700 1 -- 172.21.15.96:0/2100228529 --> [v2:172.21.15.96:3300/0,v1:172.21.15.96:6789/0] -- mon_command({"prefix": "mgr stat"} v 0) v1 -- 0x7f5484114ab0 con 0x7f54841014e0
2024-04-05T22:41:48.760 INFO:teuthology.orchestra.run.smithi096.stdout:/usr/bin/ceph: stderr
2024-04-05T22:41:48.028+0000 7f546bfff700 1 -- 172.21.15.96:0/2100228529 <== mon.0 v2:172.21.15.96:3300/0 7 ==== mon_command_ack([{"prefix": "mgr stat"}]=0 v5) v1 ==== 56+0+103 (secure 0 0 0) 0x7f5474049030 con 0x7f54841014e0
2024-04-05T22:41:48.760 INFO:teuthology.orchestra.run.smithi096.stdout:/usr/bin/ceph: stderr
2024-04-05T22:41:48.030+0000 7f548a18c700 1 -- 172.21.15.96:0/2100228529 >> [v2:172.21.15.96:6800/3982090702,v1:172.21.15.96:6801/3982090702] conn(0x7f546c036790 msgr2=0x7f546c038c40 unknown :-1 s=STATE_CONNECTING l=1).mark_down
2024-04-05T22:41:48.760 INFO:teuthology.orchestra.run.smithi096.stdout:/usr/bin/ceph: stderr
2024-04-05T22:41:48.030+0000 7f548a18c700 1 --2- 172.21.15.96:0/2100228529 >> [v2:172.21.15.96:6800/3982090702,v1:172.21.15.96:6801/3982090702] conn(0x7f546c036790 0x7f546c038c40 unknown :-1 s=START_CONNECT pgs=0 cs=0 l=1 rev1=0 crypto rx=0 tx=0 comp rx=0 tx=0).stop
2024-04-05T22:41:48.760 INFO:teuthology.orchestra.run.smithi096.stdout:/usr/bin/ceph: stderr
2024-04-05T22:41:48.030+0000 7f548a18c700 1 -- 172.21.15.96:0/2100228529 >> [v2:172.21.15.96:3300/0,v1:172.21.15.96:6789/0] conn(0x7f54841014e0 msgr2=0x7f5484076b30 secure :-1 s=STATE_CONNECTION_ESTABLISHED l=1).mark_down
2024-04-05T22:41:48.760 INFO:teuthology.orchestra.run.smithi096.stdout:/usr/bin/ceph: stderr
2024-04-05T22:41:48.030+0000 7f548a18c700 1 --2- 172.21.15.96:0/2100228529 >> [v2:172.21.15.96:3300/0,v1:172.21.15.96:6789/0] conn(0x7f54841014e0 0x7f5484076b30 secure :-1 s=READY pgs=25 cs=0 l=1 rev1=1 crypto rx=0x7f5474006b00 tx=0x7f5474009250 comp rx=0 tx=0).stop
2024-04-05T22:41:48.761 INFO:teuthology.orchestra.run.smithi096.stdout:/usr/bin/ceph: stderr
2024-04-05T22:41:48.030+0000 7f548a18c700 1 -- 172.21.15.96:0/2100228529 shutdown_connections
2024-04-05T22:41:48.761 INFO:teuthology.orchestra.run.smithi096.stdout:/usr/bin/ceph: stderr
2024-04-05T22:41:48.030+0000 7f548a18c700 1 --2- 172.21.15.96:0/2100228529 >> [v2:172.21.15.96:6800/3982090702,v1:172.21.15.96:6801/3982090702] conn(0x7f546c036790 0x7f546c038c40 unknown :-1 s=CLOSED pgs=0 cs=0 l=1 rev1=0 crypto rx=0 tx=0 comp rx=0 tx=0).stop
2024-04-05T22:41:48.761 INFO:teuthology.orchestra.run.smithi096.stdout:/usr/bin/ceph: stderr
2024-04-05T22:41:48.030+0000 7f548a18c700 1 --2- 172.21.15.96:0/2100228529 >> [v2:172.21.15.96:3300/0,v1:172.21.15.96:6789/0] conn(0x7f54841014e0 0x7f5484076b30 unknown :-1 s=CLOSED pgs=25 cs=0 l=1 rev1=1 crypto rx=0 tx=0 comp rx=0 tx=0).stop
2024-04-05T22:41:48.761 INFO:teuthology.orchestra.run.smithi096.stdout:/usr/bin/ceph: stderr
2024-04-05T22:41:48.030+0000 7f548a18c700 1 -- 172.21.15.96:0/2100228529 >> 172.21.15.96:0/2100228529 conn(0x7f54840fcc60 msgr2=0x7f54840fd740 unknown :-1 s=STATE_NONE l=0).mark_down
2024-04-05T22:41:48.761 INFO:teuthology.orchestra.run.smithi096.stdout:/usr/bin/ceph: stderr
2024-04-05T22:41:48.030+0000 7f548a18c700 1 -- 172.21.15.96:0/2100228529 shutdown_connections
2024-04-05T22:41:48.761 INFO:teuthology.orchestra.run.smithi096.stdout:/usr/bin/ceph: stderr
2024-04-05T22:41:48.030+0000 7f548a18c700 1 -- 172.21.15.96:0/2100228529 wait complete.
2024-04-05T22:41:48.761 INFO:teuthology.orchestra.run.smithi096.stdout:Waiting for the mgr to restart...
2024-04-05T22:41:48.761 INFO:teuthology.orchestra.run.smithi096.stdout:Waiting for mgr epoch 5...
2024-04-05T22:41:48.900 INFO:journalctl@ceph.mon.smithi096.smithi096.stdout:Apr 05 22:41:48 smithi096 ceph-mon[39764]: from='client.? 172.21.15.96:0/2100228529' entity='client.admin' cmd=[{"prefix": "mgr stat"}]: dispatch
2024-04-05T22:41:53.150 INFO:journalctl@ceph.mon.smithi096.smithi096.stdout:Apr 05 22:41:52 smithi096 ceph-mon[39764]: Active manager daemon smithi096.widemy restarted
2024-04-05T22:41:53.150 INFO:journalctl@ceph.mon.smithi096.smithi096.stdout:Apr 05 22:41:52 smithi096 ceph-mon[39764]: Activating manager daemon smithi096.widemy
2024-04-05T22:41:53.150 INFO:journalctl@ceph.mon.smithi096.smithi096.stdout:Apr 05 22:41:52 smithi096 ceph-mon[39764]: osdmap e2: 0 total, 0 up, 0 in
2024-04-05T22:41:53.150 INFO:journalctl@ceph.mon.smithi096.smithi096.stdout:Apr 05 22:41:52 smithi096 ceph-mon[39764]: mgrmap e6: smithi096.widemy(active, starting, since 0.00334784s)
2024-04-05T22:41:53.150 INFO:journalctl@ceph.mon.smithi096.smithi096.stdout:Apr 05 22:41:52 smithi096 ceph-mon[39764]: from='mgr.14118 172.21.15.96:0/3084249704' entity='mgr.smithi096.widemy' cmd=[{"prefix": "mon metadata", "id": "smithi096"}]: dispatch
2024-04-05T22:41:53.150 INFO:journalctl@ceph.mon.smithi096.smithi096.stdout:Apr 05 22:41:52 smithi096 ceph-mon[39764]: from='mgr.14118 172.21.15.96:0/3084249704' entity='mgr.smithi096.widemy' cmd=[{"prefix": "mgr metadata", "who": "smithi096.widemy", "id": "smithi096.widemy"}]: dispatch
2024-04-05T22:41:53.150 INFO:journalctl@ceph.mon.smithi096.smithi096.stdout:Apr 05 22:41:52 smithi096 ceph-mon[39764]: from='mgr.14118 172.21.15.96:0/3084249704' entity='mgr.smithi096.widemy' cmd=[{"prefix": "mds metadata"}]: dispatch
2024-04-05T22:41:53.151 INFO:journalctl@ceph.mon.smithi096.smithi096.stdout:Apr 05 22:41:52 smithi096 ceph-mon[39764]: from='mgr.14118 172.21.15.96:0/3084249704' entity='mgr.smithi096.widemy' cmd=[{"prefix": "osd metadata"}]: dispatch
2024-04-05T22:41:53.151 INFO:journalctl@ceph.mon.smithi096.smithi096.stdout:Apr 05 22:41:52 smithi096 ceph-mon[39764]: from='mgr.14118 172.21.15.96:0/3084249704' entity='mgr.smithi096.widemy' cmd=[{"prefix": "mon metadata"}]: dispatch
2024-04-05T22:41:53.151 INFO:journalctl@ceph.mon.smithi096.smithi096.stdout:Apr 05 22:41:52 smithi096 ceph-mon[39764]: Manager daemon smithi096.widemy is now available
2024-04-05T22:41:53.151 INFO:journalctl@ceph.mon.smithi096.smithi096.stdout:Apr 05 22:41:52 smithi096 ceph-mon[39764]: from='mgr.14118 172.21.15.96:0/3084249704' entity='mgr.smithi096.widemy'
2024-04-05T22:41:53.151 INFO:journalctl@ceph.mon.smithi096.smithi096.stdout:Apr 05 22:41:52 smithi096 ceph-mon[39764]: from='mgr.14118 172.21.15.96:0/3084249704' entity='mgr.smithi096.widemy'
2024-04-05T22:41:53.151 INFO:journalctl@ceph.mon.smithi096.smithi096.stdout:Apr 05 22:41:52 smithi096 ceph-mon[39764]: from='mgr.14118 172.21.15.96:0/3084249704' entity='mgr.smithi096.widemy' cmd=[{"prefix": "config dump", "format": "json"}]: dispatch
2024-04-05T22:41:54.279 INFO:journalctl@ceph.mon.smithi096.smithi096.stdout:Apr 05 22:41:53 smithi096 ceph-mon[39764]: Found migration_current of "None". Setting to last migration.
2024-04-05T22:41:54.279 INFO:journalctl@ceph.mon.smithi096.smithi096.stdout:Apr 05 22:41:53 smithi096 ceph-mon[39764]: from='mgr.14118 172.21.15.96:0/3084249704' entity='mgr.smithi096.widemy' cmd=[{"prefix": "config dump", "format": "json"}]: dispatch
2024-04-05T22:41:54.279 INFO:journalctl@ceph.mon.smithi096.smithi096.stdout:Apr 05 22:41:53 smithi096 ceph-mon[39764]: from='mgr.14118 172.21.15.96:0/3084249704' entity='mgr.smithi096.widemy' cmd=[{"prefix": "config dump", "format": "json"}]: dispatch
2024-04-05T22:41:54.279 INFO:journalctl@ceph.mon.smithi096.smithi096.stdout:Apr 05 22:41:53 smithi096 ceph-mon[39764]: from='mgr.14118 172.21.15.96:0/3084249704' entity='mgr.smithi096.widemy' cmd=[{"prefix":"config rm","who":"mgr","name":"mgr/rbd_support/smithi096.widemy/mirror_snapshot_schedule"}]: dispatch
2024-04-05T22:41:54.279 INFO:journalctl@ceph.mon.smithi096.smithi096.stdout:Apr 05 22:41:53 smithi096 ceph-mon[39764]: from='mgr.14118 172.21.15.96:0/3084249704' entity='mgr.smithi096.widemy' cmd=[{"prefix":"config rm","who":"mgr","name":"mgr/rbd_support/smithi096.widemy/trash_purge_schedule"}]: dispatch
2024-04-05T22:41:54.279 INFO:journalctl@ceph.mon.smithi096.smithi096.stdout:Apr 05 22:41:53 smithi096 ceph-mon[39764]: mgrmap e7: smithi096.widemy(active, since 1.00516s)
2024-04-05T22:41:54.582 INFO:teuthology.orchestra.run.smithi096.stdout:/usr/bin/ceph: stdout {
2024-04-05T22:41:54.589 INFO:teuthology.orchestra.run.smithi096.stdout:/usr/bin/ceph: stdout "mgrmap_epoch": 7,
2024-04-05T22:41:54.590 INFO:teuthology.orchestra.run.smithi096.stdout:/usr/bin/ceph: stdout "initialized": true
2024-04-05T22:41:54.590 INFO:teuthology.orchestra.run.smithi096.stdout:/usr/bin/ceph: stdout }
2024-04-05T22:41:54.590 INFO:teuthology.orchestra.run.smithi096.stdout:/usr/bin/ceph: stderr
2024-04-05T22:41:49.270+0000 7f88e5c7a700 1 Processor -- start
2024-04-05T22:41:54.590 INFO:teuthology.orchestra.run.smithi096.stdout:/usr/bin/ceph: stderr
2024-04-05T22:41:49.270+0000 7f88e5c7a700 1 -- start start
2024-04-05T22:41:54.590 INFO:teuthology.orchestra.run.smithi096.stdout:/usr/bin/ceph: stderr
2024-04-05T22:41:49.270+0000 7f88e5c7a700 1 --2- >> [v2:172.21.15.96:3300/0,v1:172.21.15.96:6789/0] conn(0x7f88e0078d50 0x7f88e0077260 unknown :-1 s=NONE pgs=0 cs=0 l=0 rev1=0 crypto rx=0 tx=0 comp rx=0 tx=0).connect
2024-04-05T22:41:54.590 INFO:teuthology.orchestra.run.smithi096.stdout:/usr/bin/ceph: stderr
2024-04-05T22:41:49.270+0000 7f88e5c7a700 1 -- --> [v2:172.21.15.96:3300/0,v1:172.21.15.96:6789/0] -- mon_getmap magic: 0 v1 -- 0x7f88e0079160 con 0x7f88e0078d50
2024-04-05T22:41:54.590 INFO:teuthology.orchestra.run.smithi096.stdout:/usr/bin/ceph: stderr
2024-04-05T22:41:49.271+0000 7f88df7fe700 1 --2- >> [v2:172.21.15.96:3300/0,v1:172.21.15.96:6789/0] conn(0x7f88e0078d50 0x7f88e0077260 unknown :-1 s=BANNER_CONNECTING pgs=0 cs=0 l=0 rev1=0 crypto rx=0 tx=0 comp rx=0 tx=0)._handle_peer_banner_payload supported=3 required=0
2024-04-05T22:41:54.590 INFO:teuthology.orchestra.run.smithi096.stdout:/usr/bin/ceph: stderr
2024-04-05T22:41:49.271+0000 7f88df7fe700 1 --2- >> [v2:172.21.15.96:3300/0,v1:172.21.15.96:6789/0] conn(0x7f88e0078d50 0x7f88e0077260 unknown :-1 s=HELLO_CONNECTING pgs=0 cs=0 l=0 rev1=1 crypto rx=0 tx=0 comp rx=0 tx=0).handle_hello peer v2:172.21.15.96:3300/0 says I am v2:172.21.15.96:39688/0 (socket says 172.21.15.96:39688)
2024-04-05T22:41:54.590 INFO:teuthology.orchestra.run.smithi096.stdout:/usr/bin/ceph: stderr
2024-04-05T22:41:49.271+0000 7f88df7fe700 1 -- 172.21.15.96:0/1805911338 learned_addr learned my addr 172.21.15.96:0/1805911338 (peer_addr_for_me v2:172.21.15.96:0/0)
2024-04-05T22:41:54.590 INFO:teuthology.orchestra.run.smithi096.stdout:/usr/bin/ceph: stderr
2024-04-05T22:41:49.271+0000 7f88df7fe700 1 -- 172.21.15.96:0/1805911338 --> [v2:172.21.15.96:3300/0,v1:172.21.15.96:6789/0] -- mon_subscribe({config=0+,monmap=0+}) v3 -- 0x7f88e00777a0 con 0x7f88e0078d50
2024-04-05T22:41:54.590 INFO:teuthology.orchestra.run.smithi096.stdout:/usr/bin/ceph: stderr
2024-04-05T22:41:49.271+0000 7f88df7fe700 1 --2- 172.21.15.96:0/1805911338 >> [v2:172.21.15.96:3300/0,v1:172.21.15.96:6789/0] conn(0x7f88e0078d50 0x7f88e0077260 secure :-1 s=READY pgs=26 cs=0 l=1 rev1=1 crypto rx=0x7f88d00098e0 tx=0x7f88d0009250 comp rx=0 tx=0).ready entity=mon.0 client_cookie=9f39d2451d52c776 server_cookie=0 in_seq=0 out_seq=0
2024-04-05T22:41:54.590 INFO:teuthology.orchestra.run.smithi096.stdout:/usr/bin/ceph: stderr
2024-04-05T22:41:49.271+0000 7f88de7fc700 1 -- 172.21.15.96:0/1805911338 <== mon.0 v2:172.21.15.96:3300/0 1 ==== mon_map magic: 0 v1 ==== 229+0+0 (secure 0 0 0) 0x7f88d000b860 con 0x7f88e0078d50
2024-04-05T22:41:54.590 INFO:teuthology.orchestra.run.smithi096.stdout:/usr/bin/ceph: stderr
2024-04-05T22:41:49.271+0000 7f88de7fc700 1 -- 172.21.15.96:0/1805911338 <== mon.0 v2:172.21.15.96:3300/0 2 ==== config(26 keys) v1 ==== 1009+0+0 (secure 0 0 0) 0x7f88d000be30 con 0x7f88e0078d50
2024-04-05T22:41:54.591 INFO:teuthology.orchestra.run.smithi096.stdout:/usr/bin/ceph: stderr
2024-04-05T22:41:49.271+0000 7f88de7fc700 1 -- 172.21.15.96:0/1805911338 <== mon.0 v2:172.21.15.96:3300/0 3 ==== mon_map magic: 0 v1 ==== 229+0+0 (secure 0 0 0) 0x7f88d0010380 con 0x7f88e0078d50
2024-04-05T22:41:54.591 INFO:teuthology.orchestra.run.smithi096.stdout:/usr/bin/ceph: stderr
2024-04-05T22:41:49.272+0000 7f88e5c7a700 1 -- 172.21.15.96:0/1805911338 >> [v2:172.21.15.96:3300/0,v1:172.21.15.96:6789/0] conn(0x7f88e0078d50 msgr2=0x7f88e0077260 secure :-1 s=STATE_CONNECTION_ESTABLISHED l=1).mark_down
2024-04-05T22:41:54.591 INFO:teuthology.orchestra.run.smithi096.stdout:/usr/bin/ceph: stderr
2024-04-05T22:41:49.272+0000 7f88e5c7a700 1 --2- 172.21.15.96:0/1805911338 >> [v2:172.21.15.96:3300/0,v1:172.21.15.96:6789/0] conn(0x7f88e0078d50 0x7f88e0077260 secure :-1 s=READY pgs=26 cs=0 l=1 rev1=1 crypto rx=0x7f88d00098e0 tx=0x7f88d0009250 comp rx=0 tx=0).stop
2024-04-05T22:41:54.591 INFO:teuthology.orchestra.run.smithi096.stdout:/usr/bin/ceph: stderr
2024-04-05T22:41:49.272+0000 7f88e5c7a700 1 -- 172.21.15.96:0/1805911338 shutdown_connections
2024-04-05T22:41:54.591 INFO:teuthology.orchestra.run.smithi096.stdout:/usr/bin/ceph: stderr
2024-04-05T22:41:49.272+0000 7f88e5c7a700 1 --2- 172.21.15.96:0/1805911338 >> [v2:172.21.15.96:3300/0,v1:172.21.15.96:6789/0] conn(0x7f88e0078d50 0x7f88e0077260 unknown :-1 s=CLOSED pgs=26 cs=0 l=1 rev1=1 crypto rx=0 tx=0 comp rx=0 tx=0).stop
2024-04-05T22:41:54.591 INFO:teuthology.orchestra.run.smithi096.stdout:/usr/bin/ceph: stderr
2024-04-05T22:41:49.272+0000 7f88e5c7a700 1 -- 172.21.15.96:0/1805911338 >> 172.21.15.96:0/1805911338 conn(0x7f88e00fdd00 msgr2=0x7f88e0100110 unknown :-1 s=STATE_NONE l=0).mark_down
2024-04-05T22:41:54.591 INFO:teuthology.orchestra.run.smithi096.stdout:/usr/bin/ceph: stderr
2024-04-05T22:41:49.272+0000 7f88e5c7a700 1 -- 172.21.15.96:0/1805911338 shutdown_connections
2024-04-05T22:41:54.591 INFO:teuthology.orchestra.run.smithi096.stdout:/usr/bin/ceph: stderr
2024-04-05T22:41:49.272+0000 7f88e5c7a700 1 -- 172.21.15.96:0/1805911338 wait complete.
2024-04-05T22:41:54.591 INFO:teuthology.orchestra.run.smithi096.stdout:/usr/bin/ceph: stderr
2024-04-05T22:41:49.272+0000 7f88e5c7a700 1 Processor -- start
2024-04-05T22:41:54.591 INFO:teuthology.orchestra.run.smithi096.stdout:/usr/bin/ceph: stderr
2024-04-05T22:41:49.273+0000 7f88e5c7a700 1 -- start start
2024-04-05T22:41:54.591 INFO:teuthology.orchestra.run.smithi096.stdout:/usr/bin/ceph: stderr
2024-04-05T22:41:49.273+0000 7f88e5c7a700 1 --2- >> [v2:172.21.15.96:3300/0,v1:172.21.15.96:6789/0] conn(0x7f88e0078d50 0x7f88e01135a0 unknown :-1 s=NONE pgs=0 cs=0 l=1 rev1=0 crypto rx=0 tx=0 comp rx=0 tx=0).connect
2024-04-05T22:41:54.591 INFO:teuthology.orchestra.run.smithi096.stdout:/usr/bin/ceph: stderr
2024-04-05T22:41:49.273+0000 7f88e5c7a700 1 -- --> [v2:172.21.15.96:3300/0,v1:172.21.15.96:6789/0] -- mon_getmap magic: 0 v1 -- 0x7f88e0113ae0 con 0x7f88e0078d50
2024-04-05T22:41:54.591 INFO:teuthology.orchestra.run.smithi096.stdout:/usr/bin/ceph: stderr
2024-04-05T22:41:49.273+0000 7f88df7fe700 1 --2- >> [v2:172.21.15.96:3300/0,v1:172.21.15.96:6789/0] conn(0x7f88e0078d50 0x7f88e01135a0 unknown :-1 s=BANNER_CONNECTING pgs=0 cs=0 l=1 rev1=0 crypto rx=0 tx=0 comp rx=0 tx=0)._handle_peer_banner_payload supported=3 required=0
2024-04-05T22:41:54.591 INFO:teuthology.orchestra.run.smithi096.stdout:/usr/bin/ceph: stderr
2024-04-05T22:41:49.273+0000 7f88df7fe700 1 --2- >> [v2:172.21.15.96:3300/0,v1:172.21.15.96:6789/0] conn(0x7f88e0078d50 0x7f88e01135a0 unknown :-1 s=HELLO_CONNECTING pgs=0 cs=0 l=1 rev1=1 crypto rx=0 tx=0 comp rx=0 tx=0).handle_hello peer v2:172.21.15.96:3300/0 says I am v2:172.21.15.96:39696/0 (socket says 172.21.15.96:39696)
2024-04-05T22:41:54.591 INFO:teuthology.orchestra.run.smithi096.stdout:/usr/bin/ceph: stderr
2024-04-05T22:41:49.273+0000 7f88df7fe700 1 -- 172.21.15.96:0/2444561356 learned_addr learned my addr 172.21.15.96:0/2444561356 (peer_addr_for_me v2:172.21.15.96:0/0)
2024-04-05T22:41:54.592 INFO:teuthology.orchestra.run.smithi096.stdout:/usr/bin/ceph: stderr
2024-04-05T22:41:49.273+0000 7f88df7fe700 1 -- 172.21.15.96:0/2444561356 --> [v2:172.21.15.96:3300/0,v1:172.21.15.96:6789/0] -- mon_subscribe({config=0+,monmap=0+}) v3 -- 0x7f88d00094f0 con 0x7f88e0078d50
2024-04-05T22:41:54.592 INFO:teuthology.orchestra.run.smithi096.stdout:/usr/bin/ceph: stderr
2024-04-05T22:41:49.273+0000 7f88df7fe700 1 --2- 172.21.15.96:0/2444561356 >> [v2:172.21.15.96:3300/0,v1:172.21.15.96:6789/0] conn(0x7f88e0078d50 0x7f88e01135a0 secure :-1 s=READY pgs=27 cs=0 l=1 rev1=1 crypto rx=0x7f88d0006fd0 tx=0x7f88d0009250 comp rx=0 tx=0).ready entity=mon.0 client_cookie=0 server_cookie=0 in_seq=0 out_seq=0
2024-04-05T22:41:54.592 INFO:teuthology.orchestra.run.smithi096.stdout:/usr/bin/ceph: stderr
2024-04-05T22:41:49.273+0000 7f88c7fff700 1 -- 172.21.15.96:0/2444561356 <== mon.0 v2:172.21.15.96:3300/0 1 ==== mon_map magic: 0 v1 ==== 229+0+0 (secure 0 0 0) 0x7f88d0010750 con 0x7f88e0078d50
2024-04-05T22:41:54.592 INFO:teuthology.orchestra.run.smithi096.stdout:/usr/bin/ceph: stderr
2024-04-05T22:41:49.273+0000 7f88c7fff700 1 -- 172.21.15.96:0/2444561356 <== mon.0 v2:172.21.15.96:3300/0 2 ==== config(26 keys) v1 ==== 1009+0+0 (secure 0 0 0) 0x7f88d0010d20 con 0x7f88e0078d50
2024-04-05T22:41:54.592 INFO:teuthology.orchestra.run.smithi096.stdout:/usr/bin/ceph: stderr
2024-04-05T22:41:49.273+0000 7f88e5c7a700 1 -- 172.21.15.96:0/2444561356 --> [v2:172.21.15.96:3300/0,v1:172.21.15.96:6789/0] -- mon_subscribe({mgrmap=0+}) v3 -- 0x7f88e0113ce0 con 0x7f88e0078d50
2024-04-05T22:41:54.592 INFO:teuthology.orchestra.run.smithi096.stdout:/usr/bin/ceph: stderr
2024-04-05T22:41:49.273+0000 7f88c7fff700 1 -- 172.21.15.96:0/2444561356 <== mon.0 v2:172.21.15.96:3300/0 3 ==== mon_map magic: 0 v1 ==== 229+0+0 (secure 0 0 0) 0x7f88d001ada0 con 0x7f88e0078d50
2024-04-05T22:41:54.592 INFO:teuthology.orchestra.run.smithi096.stdout:/usr/bin/ceph: stderr
2024-04-05T22:41:49.273+0000 7f88e5c7a700 1 -- 172.21.15.96:0/2444561356 --> [v2:172.21.15.96:3300/0,v1:172.21.15.96:6789/0] -- mon_subscribe({osdmap=0}) v3 -- 0x7f88e0114850 con 0x7f88e0078d50
2024-04-05T22:41:54.592 INFO:teuthology.orchestra.run.smithi096.stdout:/usr/bin/ceph: stderr
2024-04-05T22:41:49.274+0000 7f88c7fff700 1 -- 172.21.15.96:0/2444561356 <== mon.0 v2:172.21.15.96:3300/0 4 ==== mgrmap(e 5) v1 ==== 43368+0+0 (secure 0 0 0) 0x7f88d00193c0 con 0x7f88e0078d50
2024-04-05T22:41:54.592 INFO:teuthology.orchestra.run.smithi096.stdout:/usr/bin/ceph: stderr
2024-04-05T22:41:49.274+0000 7f88c7fff700 1 --2- 172.21.15.96:0/2444561356 >> [v2:172.21.15.96:6800/3982090702,v1:172.21.15.96:6801/3982090702] conn(0x7f88c80367e0 0x7f88c8038c90 unknown :-1 s=NONE pgs=0 cs=0 l=1 rev1=0 crypto rx=0 tx=0 comp rx=0 tx=0).connect
2024-04-05T22:41:54.592 INFO:teuthology.orchestra.run.smithi096.stdout:/usr/bin/ceph: stderr
2024-04-05T22:41:49.274+0000 7f88c7fff700 1 -- 172.21.15.96:0/2444561356 --> [v2:172.21.15.96:6800/3982090702,v1:172.21.15.96:6801/3982090702] -- command(tid 0: {"prefix": "get_command_descriptions"}) v1 -- 0x7f88c80393a0 con 0x7f88c80367e0
2024-04-05T22:41:54.592 INFO:teuthology.orchestra.run.smithi096.stdout:/usr/bin/ceph: stderr
2024-04-05T22:41:49.274+0000 7f88c7fff700 1 -- 172.21.15.96:0/2444561356 <== mon.0 v2:172.21.15.96:3300/0 5 ==== osd_map(1..1 src has 1..1) v4 ==== 721+0+0 (secure 0 0 0) 0x7f88d0049ce0 con 0x7f88e0078d50
2024-04-05T22:41:54.592 INFO:teuthology.orchestra.run.smithi096.stdout:/usr/bin/ceph: stderr
2024-04-05T22:41:49.274+0000 7f88deffd700 1 -- 172.21.15.96:0/2444561356 >> [v2:172.21.15.96:6800/3982090702,v1:172.21.15.96:6801/3982090702] conn(0x7f88c80367e0 msgr2=0x7f88c8038c90 unknown :-1 s=STATE_CONNECTING_RE l=1).process reconnect failed to v2:172.21.15.96:6800/3982090702
2024-04-05T22:41:54.592 INFO:teuthology.orchestra.run.smithi096.stdout:/usr/bin/ceph: stderr
2024-04-05T22:41:49.274+0000 7f88deffd700 1 --2- 172.21.15.96:0/2444561356 >> [v2:172.21.15.96:6800/3982090702,v1:172.21.15.96:6801/3982090702] conn(0x7f88c80367e0 0x7f88c8038c90 unknown :-1 s=START_CONNECT pgs=0 cs=0 l=1 rev1=0 crypto rx=0 tx=0 comp rx=0 tx=0)._fault waiting 0.200000
2024-04-05T22:41:54.592 INFO:teuthology.orchestra.run.smithi096.stdout:/usr/bin/ceph: stderr
2024-04-05T22:41:49.475+0000 7f88deffd700 1 -- 172.21.15.96:0/2444561356 >> [v2:172.21.15.96:6800/3982090702,v1:172.21.15.96:6801/3982090702] conn(0x7f88c80367e0 msgr2=0x7f88c8038c90 unknown :-1 s=STATE_CONNECTING_RE l=1).process reconnect failed to v2:172.21.15.96:6800/3982090702
2024-04-05T22:41:54.593 INFO:teuthology.orchestra.run.smithi096.stdout:/usr/bin/ceph: stderr
2024-04-05T22:41:49.475+0000 7f88deffd700 1 --2- 172.21.15.96:0/2444561356 >> [v2:172.21.15.96:6800/3982090702,v1:172.21.15.96:6801/3982090702] conn(0x7f88c80367e0 0x7f88c8038c90 unknown :-1 s=START_CONNECT pgs=0 cs=0 l=1 rev1=0 crypto rx=0 tx=0 comp rx=0 tx=0)._fault waiting 0.400000
2024-04-05T22:41:54.593 INFO:teuthology.orchestra.run.smithi096.stdout:/usr/bin/ceph: stderr
2024-04-05T22:41:49.876+0000 7f88deffd700 1 -- 172.21.15.96:0/2444561356 >> [v2:172.21.15.96:6800/3982090702,v1:172.21.15.96:6801/3982090702] conn(0x7f88c80367e0 msgr2=0x7f88c8038c90 unknown :-1 s=STATE_CONNECTING_RE l=1).process reconnect failed to v2:172.21.15.96:6800/3982090702
2024-04-05T22:41:54.593 INFO:teuthology.orchestra.run.smithi096.stdout:/usr/bin/ceph: stderr
2024-04-05T22:41:49.876+0000 7f88deffd700 1 --2- 172.21.15.96:0/2444561356 >> [v2:172.21.15.96:6800/3982090702,v1:172.21.15.96:6801/3982090702] conn(0x7f88c80367e0 0x7f88c8038c90 unknown :-1 s=START_CONNECT pgs=0 cs=0 l=1 rev1=0 crypto rx=0 tx=0 comp rx=0 tx=0)._fault waiting 0.800000
2024-04-05T22:41:54.593 INFO:teuthology.orchestra.run.smithi096.stdout:/usr/bin/ceph: stderr
2024-04-05T22:41:50.677+0000 7f88deffd700 1 -- 172.21.15.96:0/2444561356 >> [v2:172.21.15.96:6800/3982090702,v1:172.21.15.96:6801/3982090702] conn(0x7f88c80367e0 msgr2=0x7f88c8038c90 unknown :-1 s=STATE_CONNECTING_RE l=1).process reconnect failed to v2:172.21.15.96:6800/3982090702
2024-04-05T22:41:54.593 INFO:teuthology.orchestra.run.smithi096.stdout:/usr/bin/ceph: stderr
2024-04-05T22:41:50.677+0000 7f88deffd700 1 --2- 172.21.15.96:0/2444561356 >> [v2:172.21.15.96:6800/3982090702,v1:172.21.15.96:6801/3982090702] conn(0x7f88c80367e0 0x7f88c8038c90 unknown :-1 s=START_CONNECT pgs=0 cs=0 l=1 rev1=0 crypto rx=0 tx=0 comp rx=0 tx=0)._fault waiting 1.600000
2024-04-05T22:41:54.593 INFO:teuthology.orchestra.run.smithi096.stdout:/usr/bin/ceph: stderr
2024-04-05T22:41:52.279+0000 7f88deffd700 1 -- 172.21.15.96:0/2444561356 >> [v2:172.21.15.96:6800/3982090702,v1:172.21.15.96:6801/3982090702] conn(0x7f88c80367e0 msgr2=0x7f88c8038c90 unknown :-1 s=STATE_CONNECTING_RE l=1).process reconnect failed to v2:172.21.15.96:6800/3982090702
2024-04-05T22:41:54.593 INFO:teuthology.orchestra.run.smithi096.stdout:/usr/bin/ceph: stderr
2024-04-05T22:41:52.279+0000 7f88deffd700 1 --2- 172.21.15.96:0/2444561356 >> [v2:172.21.15.96:6800/3982090702,v1:172.21.15.96:6801/3982090702] conn(0x7f88c80367e0 0x7f88c8038c90 unknown :-1 s=START_CONNECT pgs=0 cs=0 l=1 rev1=0 crypto rx=0 tx=0 comp rx=0 tx=0)._fault waiting 3.200000
2024-04-05T22:41:54.593 INFO:teuthology.orchestra.run.smithi096.stdout:/usr/bin/ceph: stderr
2024-04-05T22:41:52.922+0000 7f88c7fff700 1 -- 172.21.15.96:0/2444561356 <== mon.0 v2:172.21.15.96:3300/0 6 ==== mgrmap(e 6) v1 ==== 43135+0+0 (secure 0 0 0) 0x7f88d000ed40 con 0x7f88e0078d50
2024-04-05T22:41:54.593 INFO:teuthology.orchestra.run.smithi096.stdout:/usr/bin/ceph: stderr
2024-04-05T22:41:52.922+0000 7f88c7fff700 1 -- 172.21.15.96:0/2444561356 >> [v2:172.21.15.96:6800/3982090702,v1:172.21.15.96:6801/3982090702] conn(0x7f88c80367e0 msgr2=0x7f88c8038c90 unknown :-1 s=STATE_CONNECTING l=1).mark_down
2024-04-05T22:41:54.593 INFO:teuthology.orchestra.run.smithi096.stdout:/usr/bin/ceph: stderr
2024-04-05T22:41:52.922+0000 7f88c7fff700 1 --2- 172.21.15.96:0/2444561356 >> [v2:172.21.15.96:6800/3982090702,v1:172.21.15.96:6801/3982090702] conn(0x7f88c80367e0 0x7f88c8038c90 unknown :-1 s=START_CONNECT pgs=0 cs=0 l=1 rev1=0 crypto rx=0 tx=0 comp rx=0 tx=0).stop
2024-04-05T22:41:54.593 INFO:teuthology.orchestra.run.smithi096.stdout:/usr/bin/ceph: stderr
2024-04-05T22:41:53.923+0000 7f88c7fff700 1 -- 172.21.15.96:0/2444561356 <== mon.0 v2:172.21.15.96:3300/0 7 ==== mgrmap(e 7) v1 ==== 43262+0+0 (secure 0 0 0) 0x7f88d0019670 con 0x7f88e0078d50
2024-04-05T22:41:54.593 INFO:teuthology.orchestra.run.smithi096.stdout:/usr/bin/ceph: stderr
2024-04-05T22:41:53.923+0000 7f88c7fff700 1 --2- 172.21.15.96:0/2444561356 >> [v2:172.21.15.96:6800/3269488586,v1:172.21.15.96:6801/3269488586] conn(0x7f88c8039fc0 0x7f88c803c3a0 unknown :-1 s=NONE pgs=0 cs=0 l=1 rev1=0 crypto rx=0 tx=0 comp rx=0 tx=0).connect
2024-04-05T22:41:54.593 INFO:teuthology.orchestra.run.smithi096.stdout:/usr/bin/ceph: stderr
2024-04-05T22:41:53.923+0000 7f88c7fff700 1 -- 172.21.15.96:0/2444561356 --> [v2:172.21.15.96:6800/3269488586,v1:172.21.15.96:6801/3269488586] -- command(tid 0: {"prefix": "get_command_descriptions"}) v1 -- 0x7f88c80393a0 con 0x7f88c8039fc0
2024-04-05T22:41:54.593 INFO:teuthology.orchestra.run.smithi096.stdout:/usr/bin/ceph: stderr
2024-04-05T22:41:53.923+0000 7f88deffd700 1 --2- 172.21.15.96:0/2444561356 >> [v2:172.21.15.96:6800/3269488586,v1:172.21.15.96:6801/3269488586] conn(0x7f88c8039fc0 0x7f88c803c3a0 unknown :-1 s=BANNER_CONNECTING pgs=0 cs=0 l=1 rev1=0 crypto rx=0 tx=0 comp rx=0 tx=0)._handle_peer_banner_payload supported=3 required=0
2024-04-05T22:41:54.593 INFO:teuthology.orchestra.run.smithi096.stdout:/usr/bin/ceph: stderr
2024-04-05T22:41:53.924+0000 7f88deffd700 1 --2- 172.21.15.96:0/2444561356 >> [v2:172.21.15.96:6800/3269488586,v1:172.21.15.96:6801/3269488586] conn(0x7f88c8039fc0 0x7f88c803c3a0 secure :-1 s=READY pgs=1 cs=0 l=1 rev1=1 crypto rx=0x7f88d40039d0 tx=0x7f88d4009350 comp rx=0 tx=0).ready entity=mgr.14118 client_cookie=0 server_cookie=0 in_seq=0 out_seq=0
2024-04-05T22:41:54.594 INFO:teuthology.orchestra.run.smithi096.stdout:/usr/bin/ceph: stderr
2024-04-05T22:41:53.924+0000 7f88c7fff700 1 -- 172.21.15.96:0/2444561356 <== mgr.14118 v2:172.21.15.96:6800/3269488586 1 ==== command_reply(tid 0: 0 ) v1 ==== 8+0+6549 (secure 0 0 0) 0x7f88c80393a0 con 0x7f88c8039fc0
2024-04-05T22:41:54.594 INFO:teuthology.orchestra.run.smithi096.stdout:/usr/bin/ceph: stderr
2024-04-05T22:41:53.930+0000 7f88e5c7a700 1 -- 172.21.15.96:0/2444561356 --> [v2:172.21.15.96:6800/3269488586,v1:172.21.15.96:6801/3269488586] -- command(tid 1: {"prefix": "mgr_status"}) v1 -- 0x7f88e0114170 con 0x7f88c8039fc0
2024-04-05T22:41:54.594 INFO:teuthology.orchestra.run.smithi096.stdout:/usr/bin/ceph: stderr
2024-04-05T22:41:53.931+0000 7f88c7fff700 1 -- 172.21.15.96:0/2444561356 <== mgr.14118 v2:172.21.15.96:6800/3269488586 2 ==== command_reply(tid 1: 0 ) v1 ==== 8+0+51 (secure 0 0 0) 0x7f88e0114170 con 0x7f88c8039fc0
2024-04-05T22:41:54.594 INFO:teuthology.orchestra.run.smithi096.stdout:/usr/bin/ceph: stderr
2024-04-05T22:41:53.931+0000 7f88e5c7a700 1 -- 172.21.15.96:0/2444561356 >> [v2:172.21.15.96:6800/3269488586,v1:172.21.15.96:6801/3269488586] conn(0x7f88c8039fc0 msgr2=0x7f88c803c3a0 secure :-1 s=STATE_CONNECTION_ESTABLISHED l=1).mark_down
2024-04-05T22:41:54.594 INFO:teuthology.orchestra.run.smithi096.stdout:/usr/bin/ceph: stderr
2024-04-05T22:41:53.931+0000 7f88e5c7a700 1 --2- 172.21.15.96:0/2444561356 >> [v2:172.21.15.96:6800/3269488586,v1:172.21.15.96:6801/3269488586] conn(0x7f88c8039fc0 0x7f88c803c3a0 secure :-1 s=READY pgs=1 cs=0 l=1 rev1=1 crypto rx=0x7f88d40039d0 tx=0x7f88d4009350 comp rx=0 tx=0).stop
2024-04-05T22:41:54.594 INFO:teuthology.orchestra.run.smithi096.stdout:/usr/bin/ceph: stderr
2024-04-05T22:41:53.931+0000 7f88e5c7a700 1 -- 172.21.15.96:0/2444561356 >> [v2:172.21.15.96:3300/0,v1:172.21.15.96:6789/0] conn(0x7f88e0078d50 msgr2=0x7f88e01135a0 secure :-1 s=STATE_CONNECTION_ESTABLISHED l=1).mark_down
2024-04-05T22:41:54.594 INFO:teuthology.orchestra.run.smithi096.stdout:/usr/bin/ceph: stderr
2024-04-05T22:41:53.931+0000 7f88e5c7a700 1 --2- 172.21.15.96:0/2444561356 >> [v2:172.21.15.96:3300/0,v1:172.21.15.96:6789/0] conn(0x7f88e0078d50 0x7f88e01135a0 secure :-1 s=READY pgs=27 cs=0 l=1 rev1=1 crypto rx=0x7f88d0006fd0 tx=0x7f88d0009250 comp rx=0 tx=0).stop
2024-04-05T22:41:54.594 INFO:teuthology.orchestra.run.smithi096.stdout:/usr/bin/ceph: stderr
2024-04-05T22:41:53.931+0000 7f88e5c7a700 1 -- 172.21.15.96:0/2444561356 shutdown_connections
2024-04-05T22:41:54.594 INFO:teuthology.orchestra.run.smithi096.stdout:/usr/bin/ceph: stderr
2024-04-05T22:41:53.931+0000 7f88e5c7a700 1 --2- 172.21.15.96:0/2444561356 >> [v2:172.21.15.96:6800/3269488586,v1:172.21.15.96:6801/3269488586] conn(0x7f88c8039fc0 0x7f88c803c3a0 unknown :-1 s=CLOSED pgs=1 cs=0 l=1 rev1=1 crypto rx=0 tx=0 comp rx=0 tx=0).stop
2024-04-05T22:41:54.594 INFO:teuthology.orchestra.run.smithi096.stdout:/usr/bin/ceph: stderr
2024-04-05T22:41:53.931+0000 7f88e5c7a700 1 --2- 172.21.15.96:0/2444561356 >> [v2:172.21.15.96:3300/0,v1:172.21.15.96:6789/0] conn(0x7f88e0078d50 0x7f88e01135a0 unknown :-1 s=CLOSED pgs=27 cs=0 l=1 rev1=1 crypto rx=0 tx=0 comp rx=0 tx=0).stop
2024-04-05T22:41:54.594 INFO:teuthology.orchestra.run.smithi096.stdout:/usr/bin/ceph: stderr
2024-04-05T22:41:53.931+0000 7f88e5c7a700 1 --2- 172.21.15.96:0/2444561356 >> [v2:172.21.15.96:6800/3982090702,v1:172.21.15.96:6801/3982090702] conn(0x7f88c80367e0 0x7f88c8038c90 unknown :-1 s=CLOSED pgs=0 cs=0 l=1 rev1=0 crypto rx=0 tx=0 comp rx=0 tx=0).stop
2024-04-05T22:41:54.594 INFO:teuthology.orchestra.run.smithi096.stdout:/usr/bin/ceph: stderr
2024-04-05T22:41:53.931+0000 7f88e5c7a700 1 -- 172.21.15.96:0/2444561356 >> 172.21.15.96:0/2444561356 conn(0x7f88e00fdd00 msgr2=0x7f88e00fe840 unknown :-1 s=STATE_NONE l=0).mark_down
2024-04-05T22:41:54.594 INFO:teuthology.orchestra.run.smithi096.stdout:/usr/bin/ceph: stderr
2024-04-05T22:41:53.931+0000 7f88e5c7a700 1 -- 172.21.15.96:0/2444561356 shutdown_connections
2024-04-05T22:41:54.595 INFO:teuthology.orchestra.run.smithi096.stdout:/usr/bin/ceph: stderr
2024-04-05T22:41:53.931+0000 7f88e5c7a700 1 -- 172.21.15.96:0/2444561356 wait complete.
2024-04-05T22:41:54.595 INFO:teuthology.orchestra.run.smithi096.stdout:mgr epoch 5 is available
2024-04-05T22:41:54.595 INFO:teuthology.orchestra.run.smithi096.stdout:Setting orchestrator backend to cephadm...
2024-04-05T22:41:55.650 INFO:journalctl@ceph.mon.smithi096.smithi096.stdout:Apr 05 22:41:55 smithi096 ceph-mon[39764]: from='client.14122 -' entity='client.admin' cmd=[{"prefix": "get_command_descriptions"}]: dispatch
2024-04-05T22:41:55.650 INFO:journalctl@ceph.mon.smithi096.smithi096.stdout:Apr 05 22:41:55 smithi096 ceph-mon[39764]: from='client.14122 -' entity='client.admin' cmd=[{"prefix": "mgr_status"}]: dispatch
2024-04-05T22:41:55.650 INFO:journalctl@ceph.mon.smithi096.smithi096.stdout:Apr 05 22:41:55 smithi096 ceph-mon[39764]: [05/Apr/2024:22:41:54] ENGINE Bus STARTING
2024-04-05T22:41:55.650 INFO:journalctl@ceph.mon.smithi096.smithi096.stdout:Apr 05 22:41:55 smithi096 ceph-mon[39764]: [05/Apr/2024:22:41:54] ENGINE Serving on https://172.21.15.96:7150
2024-04-05T22:41:55.650 INFO:journalctl@ceph.mon.smithi096.smithi096.stdout:Apr 05 22:41:55 smithi096 ceph-mon[39764]: [05/Apr/2024:22:41:54] ENGINE Bus STARTED
2024-04-05T22:41:55.650 INFO:journalctl@ceph.mon.smithi096.smithi096.stdout:Apr 05 22:41:55 smithi096 ceph-mon[39764]: from='mgr.14118 172.21.15.96:0/3084249704' entity='mgr.smithi096.widemy'
2024-04-05T22:41:55.650 INFO:journalctl@ceph.mon.smithi096.smithi096.stdout:Apr 05 22:41:55 smithi096 ceph-mon[39764]: from='mgr.14118 172.21.15.96:0/3084249704' entity='mgr.smithi096.widemy' cmd=[{"prefix": "config dump", "format": "json"}]: dispatch
2024-04-05T22:41:56.027 INFO:teuthology.orchestra.run.smithi096.stdout:/usr/bin/ceph: stderr
2024-04-05T22:41:55.164+0000 7f73065df700 1 Processor -- start
2024-04-05T22:41:56.027 INFO:teuthology.orchestra.run.smithi096.stdout:/usr/bin/ceph: stderr
2024-04-05T22:41:55.164+0000 7f73065df700 1 -- start start
2024-04-05T22:41:56.027 INFO:teuthology.orchestra.run.smithi096.stdout:/usr/bin/ceph: stderr
2024-04-05T22:41:55.165+0000 7f73065df700 1 --2- >> [v2:172.21.15.96:3300/0,v1:172.21.15.96:6789/0] conn(0x7f7300103bf0 0x7f7300104000 unknown :-1 s=NONE pgs=0 cs=0 l=0 rev1=0 crypto rx=0 tx=0 comp rx=0 tx=0).connect
2024-04-05T22:41:56.027 INFO:teuthology.orchestra.run.smithi096.stdout:/usr/bin/ceph: stderr
2024-04-05T22:41:55.165+0000 7f73065df700 1 -- --> [v2:172.21.15.96:3300/0,v1:172.21.15.96:6789/0] -- mon_getmap magic: 0 v1 -- 0x7f7300104540 con 0x7f7300103bf0
2024-04-05T22:41:56.028 INFO:teuthology.orchestra.run.smithi096.stdout:/usr/bin/ceph: stderr
2024-04-05T22:41:55.165+0000 7f72fffff700 1 --2- >> [v2:172.21.15.96:3300/0,v1:172.21.15.96:6789/0] conn(0x7f7300103bf0 0x7f7300104000 unknown :-1 s=BANNER_CONNECTING pgs=0 cs=0 l=0 rev1=0 crypto rx=0 tx=0 comp rx=0 tx=0)._handle_peer_banner_payload supported=3 required=0
2024-04-05T22:41:56.028 INFO:teuthology.orchestra.run.smithi096.stdout:/usr/bin/ceph: stderr
2024-04-05T22:41:55.165+0000 7f72fffff700 1 --2- >> [v2:172.21.15.96:3300/0,v1:172.21.15.96:6789/0] conn(0x7f7300103bf0 0x7f7300104000 unknown :-1 s=HELLO_CONNECTING pgs=0 cs=0 l=0 rev1=1 crypto rx=0 tx=0 comp rx=0 tx=0).handle_hello peer v2:172.21.15.96:3300/0 says I am v2:172.21.15.96:35886/0 (socket says 172.21.15.96:35886)
2024-04-05T22:41:56.028 INFO:teuthology.orchestra.run.smithi096.stdout:/usr/bin/ceph: stderr
2024-04-05T22:41:55.165+0000 7f72fffff700 1 -- 172.21.15.96:0/3023145680 learned_addr learned my addr 172.21.15.96:0/3023145680 (peer_addr_for_me v2:172.21.15.96:0/0)
2024-04-05T22:41:56.028 INFO:teuthology.orchestra.run.smithi096.stdout:/usr/bin/ceph: stderr
2024-04-05T22:41:55.165+0000 7f72fffff700 1 -- 172.21.15.96:0/3023145680 --> [v2:172.21.15.96:3300/0,v1:172.21.15.96:6789/0] -- mon_subscribe({config=0+,monmap=0+}) v3 -- 0x7f7300104680 con 0x7f7300103bf0
2024-04-05T22:41:56.028 INFO:teuthology.orchestra.run.smithi096.stdout:/usr/bin/ceph: stderr
2024-04-05T22:41:55.165+0000 7f72fffff700 1 --2- 172.21.15.96:0/3023145680 >> [v2:172.21.15.96:3300/0,v1:172.21.15.96:6789/0] conn(0x7f7300103bf0 0x7f7300104000 secure :-1 s=READY pgs=35 cs=0 l=1 rev1=1 crypto rx=0x7f72f00098e0 tx=0x7f72f0009250 comp rx=0 tx=0).ready entity=mon.0 client_cookie=dbb62c24bb43238e server_cookie=0 in_seq=0 out_seq=0
2024-04-05T22:41:56.028 INFO:teuthology.orchestra.run.smithi096.stdout:/usr/bin/ceph: stderr
2024-04-05T22:41:55.165+0000 7f72feffd700 1 -- 172.21.15.96:0/3023145680 <== mon.0 v2:172.21.15.96:3300/0 1 ==== mon_map magic: 0 v1 ==== 229+0+0 (secure 0 0 0) 0x7f72f000b860 con 0x7f7300103bf0
2024-04-05T22:41:56.028 INFO:teuthology.orchestra.run.smithi096.stdout:/usr/bin/ceph: stderr
2024-04-05T22:41:55.165+0000 7f72feffd700 1 -- 172.21.15.96:0/3023145680 <== mon.0 v2:172.21.15.96:3300/0 2 ==== config(26 keys) v1 ==== 1009+0+0 (secure 0 0 0) 0x7f72f000be30 con 0x7f7300103bf0
2024-04-05T22:41:56.028 INFO:teuthology.orchestra.run.smithi096.stdout:/usr/bin/ceph: stderr
2024-04-05T22:41:55.165+0000 7f72feffd700 1 -- 172.21.15.96:0/3023145680 <== mon.0 v2:172.21.15.96:3300/0 3 ==== mon_map magic: 0 v1 ==== 229+0+0 (secure 0 0 0) 0x7f72f0010380 con 0x7f7300103bf0
2024-04-05T22:41:56.028 INFO:teuthology.orchestra.run.smithi096.stdout:/usr/bin/ceph: stderr
2024-04-05T22:41:55.166+0000 7f73065df700 1 -- 172.21.15.96:0/3023145680 >> [v2:172.21.15.96:3300/0,v1:172.21.15.96:6789/0] conn(0x7f7300103bf0 msgr2=0x7f7300104000 secure :-1 s=STATE_CONNECTION_ESTABLISHED l=1).mark_down
2024-04-05T22:41:56.028 INFO:teuthology.orchestra.run.smithi096.stdout:/usr/bin/ceph: stderr
2024-04-05T22:41:55.166+0000 7f73065df700 1 --2- 172.21.15.96:0/3023145680 >> [v2:172.21.15.96:3300/0,v1:172.21.15.96:6789/0] conn(0x7f7300103bf0 0x7f7300104000 secure :-1 s=READY pgs=35 cs=0 l=1 rev1=1 crypto rx=0x7f72f00098e0 tx=0x7f72f0009250 comp rx=0 tx=0).stop
2024-04-05T22:41:56.028 INFO:teuthology.orchestra.run.smithi096.stdout:/usr/bin/ceph: stderr
2024-04-05T22:41:55.166+0000 7f73065df700 1 -- 172.21.15.96:0/3023145680 shutdown_connections
2024-04-05T22:41:56.028 INFO:teuthology.orchestra.run.smithi096.stdout:/usr/bin/ceph: stderr
2024-04-05T22:41:55.166+0000 7f73065df700 1 --2- 172.21.15.96:0/3023145680 >> [v2:172.21.15.96:3300/0,v1:172.21.15.96:6789/0] conn(0x7f7300103bf0 0x7f7300104000 unknown :-1 s=CLOSED pgs=35 cs=0 l=1 rev1=1 crypto rx=0 tx=0 comp rx=0 tx=0).stop
2024-04-05T22:41:56.028 INFO:teuthology.orchestra.run.smithi096.stdout:/usr/bin/ceph: stderr
2024-04-05T22:41:55.166+0000 7f73065df700 1 -- 172.21.15.96:0/3023145680 >> 172.21.15.96:0/3023145680 conn(0x7f73000fc350 msgr2=0x7f73000fe760 unknown :-1 s=STATE_NONE l=0).mark_down
2024-04-05T22:41:56.028 INFO:teuthology.orchestra.run.smithi096.stdout:/usr/bin/ceph: stderr
2024-04-05T22:41:55.166+0000 7f73065df700 1 -- 172.21.15.96:0/3023145680 shutdown_connections
2024-04-05T22:41:56.029 INFO:teuthology.orchestra.run.smithi096.stdout:/usr/bin/ceph: stderr
2024-04-05T22:41:55.166+0000 7f73065df700 1 -- 172.21.15.96:0/3023145680 wait complete.
2024-04-05T22:41:56.029 INFO:teuthology.orchestra.run.smithi096.stdout:/usr/bin/ceph: stderr
2024-04-05T22:41:55.166+0000 7f73065df700 1 Processor -- start
2024-04-05T22:41:56.029 INFO:teuthology.orchestra.run.smithi096.stdout:/usr/bin/ceph: stderr
2024-04-05T22:41:55.167+0000 7f73065df700 1 -- start start
2024-04-05T22:41:56.029 INFO:teuthology.orchestra.run.smithi096.stdout:/usr/bin/ceph: stderr
2024-04-05T22:41:55.167+0000 7f73065df700 1 --2- >> [v2:172.21.15.96:3300/0,v1:172.21.15.96:6789/0] conn(0x7f7300103bf0 0x7f73001113d0 unknown :-1 s=NONE pgs=0 cs=0 l=1 rev1=0 crypto rx=0 tx=0 comp rx=0 tx=0).connect
2024-04-05T22:41:56.029 INFO:teuthology.orchestra.run.smithi096.stdout:/usr/bin/ceph: stderr
2024-04-05T22:41:55.167+0000 7f73065df700 1 -- --> [v2:172.21.15.96:3300/0,v1:172.21.15.96:6789/0] -- mon_getmap magic: 0 v1 -- 0x7f7300111910 con 0x7f7300103bf0
2024-04-05T22:41:56.029 INFO:teuthology.orchestra.run.smithi096.stdout:/usr/bin/ceph: stderr
2024-04-05T22:41:55.167+0000 7f72fffff700 1 --2- >> [v2:172.21.15.96:3300/0,v1:172.21.15.96:6789/0] conn(0x7f7300103bf0 0x7f73001113d0 unknown :-1 s=BANNER_CONNECTING pgs=0 cs=0 l=1 rev1=0 crypto rx=0 tx=0 comp rx=0 tx=0)._handle_peer_banner_payload supported=3 required=0
2024-04-05T22:41:56.029 INFO:teuthology.orchestra.run.smithi096.stdout:/usr/bin/ceph: stderr
2024-04-05T22:41:55.167+0000 7f72fffff700 1 --2- >> [v2:172.21.15.96:3300/0,v1:172.21.15.96:6789/0] conn(0x7f7300103bf0 0x7f73001113d0 unknown :-1 s=HELLO_CONNECTING pgs=0 cs=0 l=1 rev1=1 crypto rx=0 tx=0 comp rx=0 tx=0).handle_hello peer v2:172.21.15.96:3300/0 says I am v2:172.21.15.96:35902/0 (socket says 172.21.15.96:35902)
2024-04-05T22:41:56.029 INFO:teuthology.orchestra.run.smithi096.stdout:/usr/bin/ceph: stderr
2024-04-05T22:41:55.167+0000 7f72fffff700 1 -- 172.21.15.96:0/2244745085 learned_addr learned my addr 172.21.15.96:0/2244745085 (peer_addr_for_me v2:172.21.15.96:0/0)
2024-04-05T22:41:56.029 INFO:teuthology.orchestra.run.smithi096.stdout:/usr/bin/ceph: stderr
2024-04-05T22:41:55.167+0000 7f72fffff700 1 -- 172.21.15.96:0/2244745085 --> [v2:172.21.15.96:3300/0,v1:172.21.15.96:6789/0] -- mon_subscribe({config=0+,monmap=0+}) v3 -- 0x7f72f00094f0 con 0x7f7300103bf0
2024-04-05T22:41:56.029 INFO:teuthology.orchestra.run.smithi096.stdout:/usr/bin/ceph: stderr
2024-04-05T22:41:55.167+0000 7f72fffff700 1 --2- 172.21.15.96:0/2244745085 >> [v2:172.21.15.96:3300/0,v1:172.21.15.96:6789/0] conn(0x7f7300103bf0 0x7f73001113d0 secure :-1 s=READY pgs=36 cs=0 l=1 rev1=1 crypto rx=0x7f72f0000c00 tx=0x7f72f0009250 comp rx=0 tx=0).ready entity=mon.0 client_cookie=0 server_cookie=0 in_seq=0 out_seq=0
2024-04-05T22:41:56.029 INFO:teuthology.orchestra.run.smithi096.stdout:/usr/bin/ceph: stderr
2024-04-05T22:41:55.167+0000 7f72fcff9700 1 -- 172.21.15.96:0/2244745085 <== mon.0 v2:172.21.15.96:3300/0 1 ==== mon_map magic: 0 v1 ==== 229+0+0 (secure 0 0 0) 0x7f72f0010960 con 0x7f7300103bf0
2024-04-05T22:41:56.029 INFO:teuthology.orchestra.run.smithi096.stdout:/usr/bin/ceph: stderr
2024-04-05T22:41:55.167+0000 7f72fcff9700 1 -- 172.21.15.96:0/2244745085 <== mon.0 v2:172.21.15.96:3300/0 2 ==== config(26 keys) v1 ==== 1009+0+0 (secure 0 0 0) 0x7f72f0024440 con 0x7f7300103bf0
2024-04-05T22:41:56.029 INFO:teuthology.orchestra.run.smithi096.stdout:/usr/bin/ceph: stderr
2024-04-05T22:41:55.167+0000 7f72fcff9700 1 -- 172.21.15.96:0/2244745085 <== mon.0 v2:172.21.15.96:3300/0 3 ==== mon_map magic: 0 v1 ==== 229+0+0 (secure 0 0 0) 0x7f72f001a5f0 con 0x7f7300103bf0
2024-04-05T22:41:56.029 INFO:teuthology.orchestra.run.smithi096.stdout:/usr/bin/ceph: stderr
2024-04-05T22:41:55.167+0000 7f73065df700 1 -- 172.21.15.96:0/2244745085 --> [v2:172.21.15.96:3300/0,v1:172.21.15.96:6789/0] -- mon_subscribe({mgrmap=0+}) v3 -- 0x7f7300111b10 con 0x7f7300103bf0
2024-04-05T22:41:56.029 INFO:teuthology.orchestra.run.smithi096.stdout:/usr/bin/ceph: stderr
2024-04-05T22:41:55.167+0000 7f73065df700 1 -- 172.21.15.96:0/2244745085 --> [v2:172.21.15.96:3300/0,v1:172.21.15.96:6789/0] -- mon_subscribe({osdmap=0}) v3 -- 0x7f7300112680 con 0x7f7300103bf0
2024-04-05T22:41:56.029 INFO:teuthology.orchestra.run.smithi096.stdout:/usr/bin/ceph: stderr
2024-04-05T22:41:55.168+0000 7f72fcff9700 1 -- 172.21.15.96:0/2244745085 <== mon.0 v2:172.21.15.96:3300/0 4 ==== mgrmap(e 7) v1 ==== 43262+0+0 (secure 0 0 0) 0x7f72f001a820 con 0x7f7300103bf0
2024-04-05T22:41:56.030 INFO:teuthology.orchestra.run.smithi096.stdout:/usr/bin/ceph: stderr
2024-04-05T22:41:55.168+0000 7f73065df700 1 -- 172.21.15.96:0/2244745085 --> [v2:172.21.15.96:3300/0,v1:172.21.15.96:6789/0] -- mon_command({"prefix": "get_command_descriptions"} v 0) v1 -- 0x7f730005f5f0 con 0x7f7300103bf0
2024-04-05T22:41:56.030 INFO:teuthology.orchestra.run.smithi096.stdout:/usr/bin/ceph: stderr
2024-04-05T22:41:55.168+0000 7f72fcff9700 1 --2- 172.21.15.96:0/2244745085 >> [v2:172.21.15.96:6800/3269488586,v1:172.21.15.96:6801/3269488586] conn(0x7f72e80366b0 0x7f72e8038b60 unknown :-1 s=NONE pgs=0 cs=0 l=1 rev1=0 crypto rx=0 tx=0 comp rx=0 tx=0).connect
2024-04-05T22:41:56.030 INFO:teuthology.orchestra.run.smithi096.stdout:/usr/bin/ceph: stderr
2024-04-05T22:41:55.168+0000 7f72fcff9700 1 -- 172.21.15.96:0/2244745085 <== mon.0 v2:172.21.15.96:3300/0 5 ==== osd_map(2..2 src has 1..2) v4 ==== 936+0+0 (secure 0 0 0) 0x7f72f004a460 con 0x7f7300103bf0
2024-04-05T22:41:56.030 INFO:teuthology.orchestra.run.smithi096.stdout:/usr/bin/ceph: stderr
2024-04-05T22:41:55.168+0000 7f72ff7fe700 1 --2- 172.21.15.96:0/2244745085 >> [v2:172.21.15.96:6800/3269488586,v1:172.21.15.96:6801/3269488586] conn(0x7f72e80366b0 0x7f72e8038b60 unknown :-1 s=BANNER_CONNECTING pgs=0 cs=0 l=1 rev1=0 crypto rx=0 tx=0 comp rx=0 tx=0)._handle_peer_banner_payload supported=3 required=0
2024-04-05T22:41:56.030 INFO:teuthology.orchestra.run.smithi096.stdout:/usr/bin/ceph: stderr
2024-04-05T22:41:55.169+0000 7f72ff7fe700 1 --2- 172.21.15.96:0/2244745085 >> [v2:172.21.15.96:6800/3269488586,v1:172.21.15.96:6801/3269488586] conn(0x7f72e80366b0 0x7f72e8038b60 secure :-1 s=READY pgs=7 cs=0 l=1 rev1=1 crypto rx=0x7f72f4009990 tx=0x7f72f4006e40 comp rx=0 tx=0).ready entity=mgr.14118 client_cookie=0 server_cookie=0 in_seq=0 out_seq=0
2024-04-05T22:41:56.030 INFO:teuthology.orchestra.run.smithi096.stdout:/usr/bin/ceph: stderr
2024-04-05T22:41:55.173+0000 7f72fcff9700 1 -- 172.21.15.96:0/2244745085 <== mon.0 v2:172.21.15.96:3300/0 6 ==== mon_command_ack([{"prefix": "get_command_descriptions"}]=0 v0) v1 ==== 72+0+176504 (secure 0 0 0) 0x7f72f001aad0 con 0x7f7300103bf0
2024-04-05T22:41:56.030 INFO:teuthology.orchestra.run.smithi096.stdout:/usr/bin/ceph: stderr
2024-04-05T22:41:55.177+0000 7f72fcff9700 1 -- 172.21.15.96:0/2244745085 <== mon.0 v2:172.21.15.96:3300/0 7 ==== mgrmap(e 8) v1 ==== 43368+0+0 (secure 0 0 0) 0x7f72f000fdc0 con 0x7f7300103bf0
2024-04-05T22:41:56.030 INFO:teuthology.orchestra.run.smithi096.stdout:/usr/bin/ceph: stderr
2024-04-05T22:41:55.370+0000 7f73065df700 1 -- 172.21.15.96:0/2244745085 --> [v2:172.21.15.96:6800/3269488586,v1:172.21.15.96:6801/3269488586] -- mgr_command(tid 0: {"prefix": "orch set backend", "module_name": "cephadm", "target": ["mon-mgr", ""]}) v1 -- 0x7f73000fd720 con 0x7f72e80366b0
2024-04-05T22:41:56.030 INFO:teuthology.orchestra.run.smithi096.stdout:/usr/bin/ceph: stderr
2024-04-05T22:41:55.381+0000 7f72fcff9700 1 -- 172.21.15.96:0/2244745085 <== mgr.14118 v2:172.21.15.96:6800/3269488586 1 ==== mgr_command_reply(tid 0: 0 ) v1 ==== 8+0+0 (secure 0 0 0) 0x7f73000fd720 con 0x7f72e80366b0
2024-04-05T22:41:56.030 INFO:teuthology.orchestra.run.smithi096.stdout:/usr/bin/ceph: stderr
