2024-04-05T22:42:29.281+0000 7fcf878e5700 1 --2- >> [v2:172.21.15.96:3300/0,v1:172.21.15.96:6789/0] conn(0x7fcf80102bf0 0x7fcf80113550 unknown :-1 s=NONE pgs=0 cs=0 l=1 rev1=0 crypto rx=0 tx=0 comp rx=0 tx=0).connect
2024-04-05T22:42:30.641 INFO:teuthology.orchestra.run.smithi096.stdout:/usr/bin/ceph: stderr
2024-04-05T22:42:29.281+0000 7fcf878e5700 1 -- --> [v2:172.21.15.96:3300/0,v1:172.21.15.96:6789/0] -- mon_getmap magic: 0 v1 -- 0x7fcf80113a90 con 0x7fcf80102bf0
2024-04-05T22:42:30.641 INFO:teuthology.orchestra.run.smithi096.stdout:/usr/bin/ceph: stderr
2024-04-05T22:42:29.281+0000 7fcf85681700 1 --2- >> [v2:172.21.15.96:3300/0,v1:172.21.15.96:6789/0] conn(0x7fcf80102bf0 0x7fcf80113550 unknown :-1 s=BANNER_CONNECTING pgs=0 cs=0 l=1 rev1=0 crypto rx=0 tx=0 comp rx=0 tx=0)._handle_peer_banner_payload supported=3 required=0
2024-04-05T22:42:30.641 INFO:teuthology.orchestra.run.smithi096.stdout:/usr/bin/ceph: stderr
2024-04-05T22:42:29.281+0000 7fcf85681700 1 --2- >> [v2:172.21.15.96:3300/0,v1:172.21.15.96:6789/0] conn(0x7fcf80102bf0 0x7fcf80113550 unknown :-1 s=HELLO_CONNECTING pgs=0 cs=0 l=1 rev1=1 crypto rx=0 tx=0 comp rx=0 tx=0).handle_hello peer v2:172.21.15.96:3300/0 says I am v2:172.21.15.96:36072/0 (socket says 172.21.15.96:36072)
2024-04-05T22:42:30.641 INFO:teuthology.orchestra.run.smithi096.stdout:/usr/bin/ceph: stderr
2024-04-05T22:42:29.281+0000 7fcf85681700 1 -- 172.21.15.96:0/3713461823 learned_addr learned my addr 172.21.15.96:0/3713461823 (peer_addr_for_me v2:172.21.15.96:0/0)
2024-04-05T22:42:30.641 INFO:teuthology.orchestra.run.smithi096.stdout:/usr/bin/ceph: stderr
2024-04-05T22:42:29.281+0000 7fcf85681700 1 -- 172.21.15.96:0/3713461823 --> [v2:172.21.15.96:3300/0,v1:172.21.15.96:6789/0] -- mon_subscribe({config=0+,monmap=0+}) v3 -- 0x7fcf7c0094f0 con 0x7fcf80102bf0
2024-04-05T22:42:30.641 INFO:teuthology.orchestra.run.smithi096.stdout:/usr/bin/ceph: stderr
2024-04-05T22:42:29.282+0000 7fcf85681700 1 --2- 172.21.15.96:0/3713461823 >> [v2:172.21.15.96:3300/0,v1:172.21.15.96:6789/0] conn(0x7fcf80102bf0 0x7fcf80113550 secure :-1 s=READY pgs=81 cs=0 l=1 rev1=1 crypto rx=0x7fcf7c011ca0 tx=0x7fcf7c009250 comp rx=0 tx=0).ready entity=mon.0 client_cookie=0 server_cookie=0 in_seq=0 out_seq=0
2024-04-05T22:42:30.641 INFO:teuthology.orchestra.run.smithi096.stdout:/usr/bin/ceph: stderr
2024-04-05T22:42:29.282+0000 7fcf75ffb700 1 -- 172.21.15.96:0/3713461823 <== mon.0 v2:172.21.15.96:3300/0 1 ==== mon_map magic: 0 v1 ==== 229+0+0 (secure 0 0 0) 0x7fcf7c010850 con 0x7fcf80102bf0
2024-04-05T22:42:30.641 INFO:teuthology.orchestra.run.smithi096.stdout:/usr/bin/ceph: stderr
2024-04-05T22:42:29.282+0000 7fcf75ffb700 1 -- 172.21.15.96:0/3713461823 <== mon.0 v2:172.21.15.96:3300/0 2 ==== config(26 keys) v1 ==== 1074+0+0 (secure 0 0 0) 0x7fcf7c010e60 con 0x7fcf80102bf0
2024-04-05T22:42:30.642 INFO:teuthology.orchestra.run.smithi096.stdout:/usr/bin/ceph: stderr
2024-04-05T22:42:29.282+0000 7fcf75ffb700 1 -- 172.21.15.96:0/3713461823 <== mon.0 v2:172.21.15.96:3300/0 3 ==== mon_map magic: 0 v1 ==== 229+0+0 (secure 0 0 0) 0x7fcf7c01ae20 con 0x7fcf80102bf0
2024-04-05T22:42:30.642 INFO:teuthology.orchestra.run.smithi096.stdout:/usr/bin/ceph: stderr
2024-04-05T22:42:29.282+0000 7fcf878e5700 1 -- 172.21.15.96:0/3713461823 --> [v2:172.21.15.96:3300/0,v1:172.21.15.96:6789/0] -- mon_subscribe({mgrmap=0+}) v3 -- 0x7fcf80113c90 con 0x7fcf80102bf0
2024-04-05T22:42:30.642 INFO:teuthology.orchestra.run.smithi096.stdout:/usr/bin/ceph: stderr
2024-04-05T22:42:29.282+0000 7fcf878e5700 1 -- 172.21.15.96:0/3713461823 --> [v2:172.21.15.96:3300/0,v1:172.21.15.96:6789/0] -- mon_subscribe({osdmap=0}) v3 -- 0x7fcf80114800 con 0x7fcf80102bf0
2024-04-05T22:42:30.642 INFO:teuthology.orchestra.run.smithi096.stdout:/usr/bin/ceph: stderr
2024-04-05T22:42:29.283+0000 7fcf75ffb700 1 -- 172.21.15.96:0/3713461823 <== mon.0 v2:172.21.15.96:3300/0 4 ==== mgrmap(e 12) v1 ==== 43381+0+0 (secure 0 0 0) 0x7fcf7c0109b0 con 0x7fcf80102bf0
2024-04-05T22:42:30.642 INFO:teuthology.orchestra.run.smithi096.stdout:/usr/bin/ceph: stderr
2024-04-05T22:42:29.283+0000 7fcf878e5700 1 -- 172.21.15.96:0/3713461823 --> [v2:172.21.15.96:3300/0,v1:172.21.15.96:6789/0] -- mon_command({"prefix": "get_command_descriptions"} v 0) v1 -- 0x7fcf8005f5f0 con 0x7fcf80102bf0
2024-04-05T22:42:30.642 INFO:teuthology.orchestra.run.smithi096.stdout:/usr/bin/ceph: stderr
2024-04-05T22:42:29.283+0000 7fcf75ffb700 1 --2- 172.21.15.96:0/3713461823 >> [v2:172.21.15.96:6800/4287220714,v1:172.21.15.96:6801/4287220714] conn(0x7fcf6c0367e0 0x7fcf6c038c90 unknown :-1 s=NONE pgs=0 cs=0 l=1 rev1=0 crypto rx=0 tx=0 comp rx=0 tx=0).connect
2024-04-05T22:42:30.642 INFO:teuthology.orchestra.run.smithi096.stdout:/usr/bin/ceph: stderr
2024-04-05T22:42:29.283+0000 7fcf75ffb700 1 -- 172.21.15.96:0/3713461823 <== mon.0 v2:172.21.15.96:3300/0 5 ==== osd_map(3..3 src has 1..3) v4 ==== 1151+0+0 (secure 0 0 0) 0x7fcf7c04a570 con 0x7fcf80102bf0
2024-04-05T22:42:30.642 INFO:teuthology.orchestra.run.smithi096.stdout:/usr/bin/ceph: stderr
2024-04-05T22:42:29.283+0000 7fcf84e80700 1 --2- 172.21.15.96:0/3713461823 >> [v2:172.21.15.96:6800/4287220714,v1:172.21.15.96:6801/4287220714] conn(0x7fcf6c0367e0 0x7fcf6c038c90 unknown :-1 s=BANNER_CONNECTING pgs=0 cs=0 l=1 rev1=0 crypto rx=0 tx=0 comp rx=0 tx=0)._handle_peer_banner_payload supported=3 required=0
2024-04-05T22:42:30.642 INFO:teuthology.orchestra.run.smithi096.stdout:/usr/bin/ceph: stderr
2024-04-05T22:42:29.283+0000 7fcf84e80700 1 --2- 172.21.15.96:0/3713461823 >> [v2:172.21.15.96:6800/4287220714,v1:172.21.15.96:6801/4287220714] conn(0x7fcf6c0367e0 0x7fcf6c038c90 secure :-1 s=READY pgs=8 cs=0 l=1 rev1=1 crypto rx=0x7fcf70009990 tx=0x7fcf70006e40 comp rx=0 tx=0).ready entity=mgr.14160 client_cookie=0 server_cookie=0 in_seq=0 out_seq=0
2024-04-05T22:42:30.642 INFO:teuthology.orchestra.run.smithi096.stdout:/usr/bin/ceph: stderr
2024-04-05T22:42:29.288+0000 7fcf75ffb700 1 -- 172.21.15.96:0/3713461823 <== mon.0 v2:172.21.15.96:3300/0 6 ==== mon_command_ack([{"prefix": "get_command_descriptions"}]=0 v0) v1 ==== 72+0+176504 (secure 0 0 0) 0x7fcf7c02d770 con 0x7fcf80102bf0
2024-04-05T22:42:30.642 INFO:teuthology.orchestra.run.smithi096.stdout:/usr/bin/ceph: stderr
2024-04-05T22:42:29.489+0000 7fcf878e5700 1 -- 172.21.15.96:0/3713461823 --> [v2:172.21.15.96:6800/4287220714,v1:172.21.15.96:6801/4287220714] -- mgr_command(tid 0: {"prefix": "dashboard ac-user-create", "username": "admin", "rolename": "administrator", "force_password": true, "pwd_update_required": true, "target": ["mon-mgr", ""]}) v1 -- 0x7fcf8005f410 con 0x7fcf6c0367e0
2024-04-05T22:42:30.642 INFO:teuthology.orchestra.run.smithi096.stdout:/usr/bin/ceph: stderr
2024-04-05T22:42:29.711+0000 7fcf75ffb700 1 -- 172.21.15.96:0/3713461823 <== mgr.14160 v2:172.21.15.96:6800/4287220714 1 ==== mgr_command_reply(tid 0: 0 ) v1 ==== 8+0+252 (secure 0 0 0) 0x7fcf8005f410 con 0x7fcf6c0367e0
2024-04-05T22:42:30.642 INFO:teuthology.orchestra.run.smithi096.stdout:/usr/bin/ceph: stderr
2024-04-05T22:42:29.713+0000 7fcf878e5700 1 -- 172.21.15.96:0/3713461823 >> [v2:172.21.15.96:6800/4287220714,v1:172.21.15.96:6801/4287220714] conn(0x7fcf6c0367e0 msgr2=0x7fcf6c038c90 secure :-1 s=STATE_CONNECTION_ESTABLISHED l=1).mark_down
2024-04-05T22:42:30.642 INFO:teuthology.orchestra.run.smithi096.stdout:/usr/bin/ceph: stderr
2024-04-05T22:42:29.713+0000 7fcf878e5700 1 --2- 172.21.15.96:0/3713461823 >> [v2:172.21.15.96:6800/4287220714,v1:172.21.15.96:6801/4287220714] conn(0x7fcf6c0367e0 0x7fcf6c038c90 secure :-1 s=READY pgs=8 cs=0 l=1 rev1=1 crypto rx=0x7fcf70009990 tx=0x7fcf70006e40 comp rx=0 tx=0).stop
2024-04-05T22:42:30.643 INFO:teuthology.orchestra.run.smithi096.stdout:/usr/bin/ceph: stderr
2024-04-05T22:42:29.713+0000 7fcf878e5700 1 -- 172.21.15.96:0/3713461823 >> [v2:172.21.15.96:3300/0,v1:172.21.15.96:6789/0] conn(0x7fcf80102bf0 msgr2=0x7fcf80113550 secure :-1 s=STATE_CONNECTION_ESTABLISHED l=1).mark_down
2024-04-05T22:42:30.643 INFO:teuthology.orchestra.run.smithi096.stdout:/usr/bin/ceph: stderr
2024-04-05T22:42:29.713+0000 7fcf878e5700 1 --2- 172.21.15.96:0/3713461823 >> [v2:172.21.15.96:3300/0,v1:172.21.15.96:6789/0] conn(0x7fcf80102bf0 0x7fcf80113550 secure :-1 s=READY pgs=81 cs=0 l=1 rev1=1 crypto rx=0x7fcf7c011ca0 tx=0x7fcf7c009250 comp rx=0 tx=0).stop
2024-04-05T22:42:30.643 INFO:teuthology.orchestra.run.smithi096.stdout:/usr/bin/ceph: stderr
2024-04-05T22:42:29.713+0000 7fcf878e5700 1 -- 172.21.15.96:0/3713461823 shutdown_connections
2024-04-05T22:42:30.643 INFO:teuthology.orchestra.run.smithi096.stdout:/usr/bin/ceph: stderr
2024-04-05T22:42:29.713+0000 7fcf878e5700 1 --2- 172.21.15.96:0/3713461823 >> [v2:172.21.15.96:6800/4287220714,v1:172.21.15.96:6801/4287220714] conn(0x7fcf6c0367e0 0x7fcf6c038c90 unknown :-1 s=CLOSED pgs=8 cs=0 l=1 rev1=1 crypto rx=0 tx=0 comp rx=0 tx=0).stop
2024-04-05T22:42:30.643 INFO:teuthology.orchestra.run.smithi096.stdout:/usr/bin/ceph: stderr
2024-04-05T22:42:29.714+0000 7fcf878e5700 1 --2- 172.21.15.96:0/3713461823 >> [v2:172.21.15.96:3300/0,v1:172.21.15.96:6789/0] conn(0x7fcf80102bf0 0x7fcf80113550 unknown :-1 s=CLOSED pgs=81 cs=0 l=1 rev1=1 crypto rx=0 tx=0 comp rx=0 tx=0).stop
2024-04-05T22:42:30.643 INFO:teuthology.orchestra.run.smithi096.stdout:/usr/bin/ceph: stderr
2024-04-05T22:42:29.714+0000 7fcf878e5700 1 -- 172.21.15.96:0/3713461823 >> 172.21.15.96:0/3713461823 conn(0x7fcf800fc400 msgr2=0x7fcf800fce80 unknown :-1 s=STATE_NONE l=0).mark_down
2024-04-05T22:42:30.643 INFO:teuthology.orchestra.run.smithi096.stdout:/usr/bin/ceph: stderr
2024-04-05T22:42:29.714+0000 7fcf878e5700 1 -- 172.21.15.96:0/3713461823 shutdown_connections
2024-04-05T22:42:30.643 INFO:teuthology.orchestra.run.smithi096.stdout:/usr/bin/ceph: stderr
2024-04-05T22:42:29.714+0000 7fcf878e5700 1 -- 172.21.15.96:0/3713461823 wait complete.
2024-04-05T22:42:30.643 INFO:teuthology.orchestra.run.smithi096.stdout:Fetching dashboard port number...
2024-04-05T22:42:30.899 INFO:journalctl@ceph.mon.smithi096.smithi096.stdout:Apr 05 22:42:30 smithi096 ceph-mon[39764]: from='client.14174 -' entity='client.admin' cmd=[{"prefix": "dashboard ac-user-create", "username": "admin", "rolename": "administrator", "force_password": true, "pwd_update_required": true, "target": ["mon-mgr", ""]}]: dispatch
2024-04-05T22:42:30.900 INFO:journalctl@ceph.mon.smithi096.smithi096.stdout:Apr 05 22:42:30 smithi096 ceph-mon[39764]: from='mgr.14160 172.21.15.96:0/3042749415' entity='mgr.smithi096.widemy'
2024-04-05T22:42:31.928 INFO:teuthology.orchestra.run.smithi096.stdout:/usr/bin/ceph: stdout 8443
2024-04-05T22:42:31.929 INFO:teuthology.orchestra.run.smithi096.stdout:/usr/bin/ceph: stderr
2024-04-05T22:42:31.170+0000 7fc618c5f700 1 Processor -- start
2024-04-05T22:42:31.929 INFO:teuthology.orchestra.run.smithi096.stdout:/usr/bin/ceph: stderr
2024-04-05T22:42:31.170+0000 7fc618c5f700 1 -- start start
2024-04-05T22:42:31.929 INFO:teuthology.orchestra.run.smithi096.stdout:/usr/bin/ceph: stderr
2024-04-05T22:42:31.171+0000 7fc618c5f700 1 --2- >> [v2:172.21.15.96:3300/0,v1:172.21.15.96:6789/0] conn(0x7fc614076c30 0x7fc6141051a0 unknown :-1 s=NONE pgs=0 cs=0 l=0 rev1=0 crypto rx=0 tx=0 comp rx=0 tx=0).connect
2024-04-05T22:42:31.929 INFO:teuthology.orchestra.run.smithi096.stdout:/usr/bin/ceph: stderr
2024-04-05T22:42:31.171+0000 7fc618c5f700 1 -- --> [v2:172.21.15.96:3300/0,v1:172.21.15.96:6789/0] -- mon_getmap magic: 0 v1 -- 0x7fc6141056e0 con 0x7fc614076c30
2024-04-05T22:42:31.929 INFO:teuthology.orchestra.run.smithi096.stdout:/usr/bin/ceph: stderr
2024-04-05T22:42:31.171+0000 7fc61259c700 1 --2- >> [v2:172.21.15.96:3300/0,v1:172.21.15.96:6789/0] conn(0x7fc614076c30 0x7fc6141051a0 unknown :-1 s=BANNER_CONNECTING pgs=0 cs=0 l=0 rev1=0 crypto rx=0 tx=0 comp rx=0 tx=0)._handle_peer_banner_payload supported=3 required=0
2024-04-05T22:42:31.929 INFO:teuthology.orchestra.run.smithi096.stdout:/usr/bin/ceph: stderr
2024-04-05T22:42:31.171+0000 7fc61259c700 1 --2- >> [v2:172.21.15.96:3300/0,v1:172.21.15.96:6789/0] conn(0x7fc614076c30 0x7fc6141051a0 unknown :-1 s=HELLO_CONNECTING pgs=0 cs=0 l=0 rev1=1 crypto rx=0 tx=0 comp rx=0 tx=0).handle_hello peer v2:172.21.15.96:3300/0 says I am v2:172.21.15.96:58328/0 (socket says 172.21.15.96:58328)
2024-04-05T22:42:31.929 INFO:teuthology.orchestra.run.smithi096.stdout:/usr/bin/ceph: stderr
2024-04-05T22:42:31.171+0000 7fc61259c700 1 -- 172.21.15.96:0/3466640707 learned_addr learned my addr 172.21.15.96:0/3466640707 (peer_addr_for_me v2:172.21.15.96:0/0)
2024-04-05T22:42:31.929 INFO:teuthology.orchestra.run.smithi096.stdout:/usr/bin/ceph: stderr
2024-04-05T22:42:31.171+0000 7fc61259c700 1 -- 172.21.15.96:0/3466640707 --> [v2:172.21.15.96:3300/0,v1:172.21.15.96:6789/0] -- mon_subscribe({config=0+,monmap=0+}) v3 -- 0x7fc614105820 con 0x7fc614076c30
2024-04-05T22:42:31.929 INFO:teuthology.orchestra.run.smithi096.stdout:/usr/bin/ceph: stderr
2024-04-05T22:42:31.171+0000 7fc61259c700 1 --2- 172.21.15.96:0/3466640707 >> [v2:172.21.15.96:3300/0,v1:172.21.15.96:6789/0] conn(0x7fc614076c30 0x7fc6141051a0 secure :-1 s=READY pgs=82 cs=0 l=1 rev1=1 crypto rx=0x7fc6040098e0 tx=0x7fc604009250 comp rx=0 tx=0).ready entity=mon.0 client_cookie=506080c91dcd6e25 server_cookie=0 in_seq=0 out_seq=0
2024-04-05T22:42:31.929 INFO:teuthology.orchestra.run.smithi096.stdout:/usr/bin/ceph: stderr
2024-04-05T22:42:31.171+0000 7fc61159a700 1 -- 172.21.15.96:0/3466640707 <== mon.0 v2:172.21.15.96:3300/0 1 ==== mon_map magic: 0 v1 ==== 229+0+0 (secure 0 0 0) 0x7fc60400b860 con 0x7fc614076c30
2024-04-05T22:42:31.929 INFO:teuthology.orchestra.run.smithi096.stdout:/usr/bin/ceph: stderr
2024-04-05T22:42:31.171+0000 7fc61159a700 1 -- 172.21.15.96:0/3466640707 <== mon.0 v2:172.21.15.96:3300/0 2 ==== config(26 keys) v1 ==== 1074+0+0 (secure 0 0 0) 0x7fc60400be70 con 0x7fc614076c30
2024-04-05T22:42:31.930 INFO:teuthology.orchestra.run.smithi096.stdout:/usr/bin/ceph: stderr
2024-04-05T22:42:31.171+0000 7fc61159a700 1 -- 172.21.15.96:0/3466640707 <== mon.0 v2:172.21.15.96:3300/0 3 ==== mon_map magic: 0 v1 ==== 229+0+0 (secure 0 0 0) 0x7fc604010380 con 0x7fc614076c30
2024-04-05T22:42:31.930 INFO:teuthology.orchestra.run.smithi096.stdout:/usr/bin/ceph: stderr
2024-04-05T22:42:31.172+0000 7fc618c5f700 1 -- 172.21.15.96:0/3466640707 >> [v2:172.21.15.96:3300/0,v1:172.21.15.96:6789/0] conn(0x7fc614076c30 msgr2=0x7fc6141051a0 secure :-1 s=STATE_CONNECTION_ESTABLISHED l=1).mark_down
2024-04-05T22:42:31.930 INFO:teuthology.orchestra.run.smithi096.stdout:/usr/bin/ceph: stderr
2024-04-05T22:42:31.172+0000 7fc618c5f700 1 --2- 172.21.15.96:0/3466640707 >> [v2:172.21.15.96:3300/0,v1:172.21.15.96:6789/0] conn(0x7fc614076c30 0x7fc6141051a0 secure :-1 s=READY pgs=82 cs=0 l=1 rev1=1 crypto rx=0x7fc6040098e0 tx=0x7fc604009250 comp rx=0 tx=0).stop
2024-04-05T22:42:31.930 INFO:teuthology.orchestra.run.smithi096.stdout:/usr/bin/ceph: stderr
2024-04-05T22:42:31.172+0000 7fc618c5f700 1 -- 172.21.15.96:0/3466640707 shutdown_connections
2024-04-05T22:42:31.930 INFO:teuthology.orchestra.run.smithi096.stdout:/usr/bin/ceph: stderr
2024-04-05T22:42:31.172+0000 7fc618c5f700 1 --2- 172.21.15.96:0/3466640707 >> [v2:172.21.15.96:3300/0,v1:172.21.15.96:6789/0] conn(0x7fc614076c30 0x7fc6141051a0 unknown :-1 s=CLOSED pgs=82 cs=0 l=1 rev1=1 crypto rx=0 tx=0 comp rx=0 tx=0).stop
2024-04-05T22:42:31.930 INFO:teuthology.orchestra.run.smithi096.stdout:/usr/bin/ceph: stderr
2024-04-05T22:42:31.172+0000 7fc618c5f700 1 -- 172.21.15.96:0/3466640707 >> 172.21.15.96:0/3466640707 conn(0x7fc6140fcc30 msgr2=0x7fc6140ff060 unknown :-1 s=STATE_NONE l=0).mark_down
2024-04-05T22:42:31.930 INFO:teuthology.orchestra.run.smithi096.stdout:/usr/bin/ceph: stderr
2024-04-05T22:42:31.172+0000 7fc618c5f700 1 -- 172.21.15.96:0/3466640707 shutdown_connections
2024-04-05T22:42:31.930 INFO:teuthology.orchestra.run.smithi096.stdout:/usr/bin/ceph: stderr
2024-04-05T22:42:31.172+0000 7fc618c5f700 1 -- 172.21.15.96:0/3466640707 wait complete.
2024-04-05T22:42:31.930 INFO:teuthology.orchestra.run.smithi096.stdout:/usr/bin/ceph: stderr
2024-04-05T22:42:31.172+0000 7fc618c5f700 1 Processor -- start
2024-04-05T22:42:31.930 INFO:teuthology.orchestra.run.smithi096.stdout:/usr/bin/ceph: stderr
2024-04-05T22:42:31.172+0000 7fc618c5f700 1 -- start start
2024-04-05T22:42:31.931 INFO:teuthology.orchestra.run.smithi096.stdout:/usr/bin/ceph: stderr
2024-04-05T22:42:31.173+0000 7fc618c5f700 1 --2- >> [v2:172.21.15.96:3300/0,v1:172.21.15.96:6789/0] conn(0x7fc614076c30 0x7fc614102af0 unknown :-1 s=NONE pgs=0 cs=0 l=1 rev1=0 crypto rx=0 tx=0 comp rx=0 tx=0).connect
2024-04-05T22:42:31.931 INFO:teuthology.orchestra.run.smithi096.stdout:/usr/bin/ceph: stderr
2024-04-05T22:42:31.173+0000 7fc618c5f700 1 -- --> [v2:172.21.15.96:3300/0,v1:172.21.15.96:6789/0] -- mon_getmap magic: 0 v1 -- 0x7fc614103030 con 0x7fc614076c30
2024-04-05T22:42:31.931 INFO:teuthology.orchestra.run.smithi096.stdout:/usr/bin/ceph: stderr
2024-04-05T22:42:31.173+0000 7fc61259c700 1 --2- >> [v2:172.21.15.96:3300/0,v1:172.21.15.96:6789/0] conn(0x7fc614076c30 0x7fc614102af0 unknown :-1 s=BANNER_CONNECTING pgs=0 cs=0 l=1 rev1=0 crypto rx=0 tx=0 comp rx=0 tx=0)._handle_peer_banner_payload supported=3 required=0
2024-04-05T22:42:31.931 INFO:teuthology.orchestra.run.smithi096.stdout:/usr/bin/ceph: stderr
2024-04-05T22:42:31.173+0000 7fc61259c700 1 --2- >> [v2:172.21.15.96:3300/0,v1:172.21.15.96:6789/0] conn(0x7fc614076c30 0x7fc614102af0 unknown :-1 s=HELLO_CONNECTING pgs=0 cs=0 l=1 rev1=1 crypto rx=0 tx=0 comp rx=0 tx=0).handle_hello peer v2:172.21.15.96:3300/0 says I am v2:172.21.15.96:58342/0 (socket says 172.21.15.96:58342)
2024-04-05T22:42:31.931 INFO:teuthology.orchestra.run.smithi096.stdout:/usr/bin/ceph: stderr
2024-04-05T22:42:31.173+0000 7fc61259c700 1 -- 172.21.15.96:0/649206218 learned_addr learned my addr 172.21.15.96:0/649206218 (peer_addr_for_me v2:172.21.15.96:0/0)
2024-04-05T22:42:31.931 INFO:teuthology.orchestra.run.smithi096.stdout:/usr/bin/ceph: stderr
2024-04-05T22:42:31.173+0000 7fc61259c700 1 -- 172.21.15.96:0/649206218 --> [v2:172.21.15.96:3300/0,v1:172.21.15.96:6789/0] -- mon_subscribe({config=0+,monmap=0+}) v3 -- 0x7fc6040094f0 con 0x7fc614076c30
2024-04-05T22:42:31.931 INFO:teuthology.orchestra.run.smithi096.stdout:/usr/bin/ceph: stderr
2024-04-05T22:42:31.173+0000 7fc61259c700 1 --2- 172.21.15.96:0/649206218 >> [v2:172.21.15.96:3300/0,v1:172.21.15.96:6789/0] conn(0x7fc614076c30 0x7fc614102af0 secure :-1 s=READY pgs=83 cs=0 l=1 rev1=1 crypto rx=0x7fc6040094c0 tx=0x7fc604009250 comp rx=0 tx=0).ready entity=mon.0 client_cookie=0 server_cookie=0 in_seq=0 out_seq=0
2024-04-05T22:42:31.931 INFO:teuthology.orchestra.run.smithi096.stdout:/usr/bin/ceph: stderr
2024-04-05T22:42:31.173+0000 7fc602ffd700 1 -- 172.21.15.96:0/649206218 <== mon.0 v2:172.21.15.96:3300/0 1 ==== mon_map magic: 0 v1 ==== 229+0+0 (secure 0 0 0) 0x7fc604010850 con 0x7fc614076c30
2024-04-05T22:42:31.931 INFO:teuthology.orchestra.run.smithi096.stdout:/usr/bin/ceph: stderr
2024-04-05T22:42:31.173+0000 7fc618c5f700 1 -- 172.21.15.96:0/649206218 --> [v2:172.21.15.96:3300/0,v1:172.21.15.96:6789/0] -- mon_subscribe({mgrmap=0+}) v3 -- 0x7fc6141010a0 con 0x7fc614076c30
2024-04-05T22:42:31.931 INFO:teuthology.orchestra.run.smithi096.stdout:/usr/bin/ceph: stderr
2024-04-05T22:42:31.173+0000 7fc602ffd700 1 -- 172.21.15.96:0/649206218 <== mon.0 v2:172.21.15.96:3300/0 2 ==== config(26 keys) v1 ==== 1074+0+0 (secure 0 0 0) 0x7fc604010e60 con 0x7fc614076c30
2024-04-05T22:42:31.931 INFO:teuthology.orchestra.run.smithi096.stdout:/usr/bin/ceph: stderr
2024-04-05T22:42:31.173+0000 7fc602ffd700 1 -- 172.21.15.96:0/649206218 <== mon.0 v2:172.21.15.96:3300/0 3 ==== mon_map magic: 0 v1 ==== 229+0+0 (secure 0 0 0) 0x7fc60401a430 con 0x7fc614076c30
2024-04-05T22:42:31.931 INFO:teuthology.orchestra.run.smithi096.stdout:/usr/bin/ceph: stderr
2024-04-05T22:42:31.173+0000 7fc618c5f700 1 -- 172.21.15.96:0/649206218 --> [v2:172.21.15.96:3300/0,v1:172.21.15.96:6789/0] -- mon_subscribe({osdmap=0}) v3 -- 0x7fc614101590 con 0x7fc614076c30
2024-04-05T22:42:31.931 INFO:teuthology.orchestra.run.smithi096.stdout:/usr/bin/ceph: stderr
2024-04-05T22:42:31.174+0000 7fc602ffd700 1 -- 172.21.15.96:0/649206218 <== mon.0 v2:172.21.15.96:3300/0 4 ==== mgrmap(e 12) v1 ==== 43381+0+0 (secure 0 0 0) 0x7fc60401a6b0 con 0x7fc614076c30
2024-04-05T22:42:31.931 INFO:teuthology.orchestra.run.smithi096.stdout:/usr/bin/ceph: stderr
2024-04-05T22:42:31.174+0000 7fc618c5f700 1 -- 172.21.15.96:0/649206218 --> [v2:172.21.15.96:3300/0,v1:172.21.15.96:6789/0] -- mon_command({"prefix": "get_command_descriptions"} v 0) v1 -- 0x7fc61404bed0 con 0x7fc614076c30
2024-04-05T22:42:31.932 INFO:teuthology.orchestra.run.smithi096.stdout:/usr/bin/ceph: stderr
2024-04-05T22:42:31.174+0000 7fc602ffd700 1 --2- 172.21.15.96:0/649206218 >> [v2:172.21.15.96:6800/4287220714,v1:172.21.15.96:6801/4287220714] conn(0x7fc5fc0367e0 0x7fc5fc038c90 unknown :-1 s=NONE pgs=0 cs=0 l=1 rev1=0 crypto rx=0 tx=0 comp rx=0 tx=0).connect
2024-04-05T22:42:31.932 INFO:teuthology.orchestra.run.smithi096.stdout:/usr/bin/ceph: stderr
2024-04-05T22:42:31.174+0000 7fc602ffd700 1 -- 172.21.15.96:0/649206218 <== mon.0 v2:172.21.15.96:3300/0 5 ==== osd_map(3..3 src has 1..3) v4 ==== 1151+0+0 (secure 0 0 0) 0x7fc60404a910 con 0x7fc614076c30
2024-04-05T22:42:31.932 INFO:teuthology.orchestra.run.smithi096.stdout:/usr/bin/ceph: stderr
2024-04-05T22:42:31.174+0000 7fc611d9b700 1 --2- 172.21.15.96:0/649206218 >> [v2:172.21.15.96:6800/4287220714,v1:172.21.15.96:6801/4287220714] conn(0x7fc5fc0367e0 0x7fc5fc038c90 unknown :-1 s=BANNER_CONNECTING pgs=0 cs=0 l=1 rev1=0 crypto rx=0 tx=0 comp rx=0 tx=0)._handle_peer_banner_payload supported=3 required=0
2024-04-05T22:42:31.932 INFO:teuthology.orchestra.run.smithi096.stdout:/usr/bin/ceph: stderr
2024-04-05T22:42:31.175+0000 7fc611d9b700 1 --2- 172.21.15.96:0/649206218 >> [v2:172.21.15.96:6800/4287220714,v1:172.21.15.96:6801/4287220714] conn(0x7fc5fc0367e0 0x7fc5fc038c90 secure :-1 s=READY pgs=9 cs=0 l=1 rev1=1 crypto rx=0x7fc608009990 tx=0x7fc608006e40 comp rx=0 tx=0).ready entity=mgr.14160 client_cookie=0 server_cookie=0 in_seq=0 out_seq=0
2024-04-05T22:42:31.932 INFO:teuthology.orchestra.run.smithi096.stdout:/usr/bin/ceph: stderr
2024-04-05T22:42:31.179+0000 7fc602ffd700 1 -- 172.21.15.96:0/649206218 <== mon.0 v2:172.21.15.96:3300/0 6 ==== mon_command_ack([{"prefix": "get_command_descriptions"}]=0 v0) v1 ==== 72+0+176504 (secure 0 0 0) 0x7fc6040189a0 con 0x7fc614076c30
2024-04-05T22:42:31.932 INFO:teuthology.orchestra.run.smithi096.stdout:/usr/bin/ceph: stderr
2024-04-05T22:42:31.369+0000 7fc618c5f700 1 -- 172.21.15.96:0/649206218 --> [v2:172.21.15.96:3300/0,v1:172.21.15.96:6789/0] -- mon_command({"prefix": "config get", "who": "mgr", "key": "mgr/dashboard/ssl_server_port"} v 0) v1 -- 0x7fc614101a10 con 0x7fc614076c30
2024-04-05T22:42:31.932 INFO:teuthology.orchestra.run.smithi096.stdout:/usr/bin/ceph: stderr
2024-04-05T22:42:31.369+0000 7fc602ffd700 1 -- 172.21.15.96:0/649206218 <== mon.0 v2:172.21.15.96:3300/0 7 ==== mon_command_ack([{"prefix": "config get", "who": "mgr", "key": "mgr/dashboard/ssl_server_port"}]=0 v8) v1 ==== 112+0+5 (secure 0 0 0) 0x7fc604018350 con 0x7fc614076c30
2024-04-05T22:42:31.932 INFO:teuthology.orchestra.run.smithi096.stdout:/usr/bin/ceph: stderr
2024-04-05T22:42:31.371+0000 7fc618c5f700 1 -- 172.21.15.96:0/649206218 >> [v2:172.21.15.96:6800/4287220714,v1:172.21.15.96:6801/4287220714] conn(0x7fc5fc0367e0 msgr2=0x7fc5fc038c90 secure :-1 s=STATE_CONNECTION_ESTABLISHED l=1).mark_down
2024-04-05T22:42:31.932 INFO:teuthology.orchestra.run.smithi096.stdout:/usr/bin/ceph: stderr
2024-04-05T22:42:31.371+0000 7fc618c5f700 1 --2- 172.21.15.96:0/649206218 >> [v2:172.21.15.96:6800/4287220714,v1:172.21.15.96:6801/4287220714] conn(0x7fc5fc0367e0 0x7fc5fc038c90 secure :-1 s=READY pgs=9 cs=0 l=1 rev1=1 crypto rx=0x7fc608009990 tx=0x7fc608006e40 comp rx=0 tx=0).stop
2024-04-05T22:42:31.932 INFO:teuthology.orchestra.run.smithi096.stdout:/usr/bin/ceph: stderr
2024-04-05T22:42:31.371+0000 7fc618c5f700 1 -- 172.21.15.96:0/649206218 >> [v2:172.21.15.96:3300/0,v1:172.21.15.96:6789/0] conn(0x7fc614076c30 msgr2=0x7fc614102af0 secure :-1 s=STATE_CONNECTION_ESTABLISHED l=1).mark_down
2024-04-05T22:42:31.932 INFO:teuthology.orchestra.run.smithi096.stdout:/usr/bin/ceph: stderr
2024-04-05T22:42:31.371+0000 7fc618c5f700 1 --2- 172.21.15.96:0/649206218 >> [v2:172.21.15.96:3300/0,v1:172.21.15.96:6789/0] conn(0x7fc614076c30 0x7fc614102af0 secure :-1 s=READY pgs=83 cs=0 l=1 rev1=1 crypto rx=0x7fc6040094c0 tx=0x7fc604009250 comp rx=0 tx=0).stop
2024-04-05T22:42:31.932 INFO:teuthology.orchestra.run.smithi096.stdout:/usr/bin/ceph: stderr
2024-04-05T22:42:31.371+0000 7fc618c5f700 1 -- 172.21.15.96:0/649206218 shutdown_connections
2024-04-05T22:42:31.932 INFO:teuthology.orchestra.run.smithi096.stdout:/usr/bin/ceph: stderr
2024-04-05T22:42:31.371+0000 7fc618c5f700 1 --2- 172.21.15.96:0/649206218 >> [v2:172.21.15.96:6800/4287220714,v1:172.21.15.96:6801/4287220714] conn(0x7fc5fc0367e0 0x7fc5fc038c90 unknown :-1 s=CLOSED pgs=9 cs=0 l=1 rev1=1 crypto rx=0 tx=0 comp rx=0 tx=0).stop
2024-04-05T22:42:31.933 INFO:teuthology.orchestra.run.smithi096.stdout:/usr/bin/ceph: stderr
2024-04-05T22:42:31.371+0000 7fc618c5f700 1 --2- 172.21.15.96:0/649206218 >> [v2:172.21.15.96:3300/0,v1:172.21.15.96:6789/0] conn(0x7fc614076c30 0x7fc614102af0 unknown :-1 s=CLOSED pgs=83 cs=0 l=1 rev1=1 crypto rx=0 tx=0 comp rx=0 tx=0).stop
2024-04-05T22:42:31.933 INFO:teuthology.orchestra.run.smithi096.stdout:/usr/bin/ceph: stderr
2024-04-05T22:42:31.371+0000 7fc618c5f700 1 -- 172.21.15.96:0/649206218 >> 172.21.15.96:0/649206218 conn(0x7fc6140fcc30 msgr2=0x7fc6140fd7d0 unknown :-1 s=STATE_NONE l=0).mark_down
2024-04-05T22:42:31.933 INFO:teuthology.orchestra.run.smithi096.stdout:/usr/bin/ceph: stderr
2024-04-05T22:42:31.371+0000 7fc618c5f700 1 -- 172.21.15.96:0/649206218 shutdown_connections
2024-04-05T22:42:31.933 INFO:teuthology.orchestra.run.smithi096.stdout:/usr/bin/ceph: stderr
2024-04-05T22:42:31.371+0000 7fc618c5f700 1 -- 172.21.15.96:0/649206218 wait complete.
2024-04-05T22:42:31.934 INFO:teuthology.orchestra.run.smithi096.stdout:Non-zero exit code 1 from systemctl is-enabled firewalld.service
2024-04-05T22:42:31.934 INFO:teuthology.orchestra.run.smithi096.stdout:systemctl: stdout disabled
2024-04-05T22:42:31.942 INFO:teuthology.orchestra.run.smithi096.stdout:Non-zero exit code 3 from systemctl is-active firewalld.service
2024-04-05T22:42:31.943 INFO:teuthology.orchestra.run.smithi096.stdout:systemctl: stdout inactive
2024-04-05T22:42:31.943 INFO:teuthology.orchestra.run.smithi096.stdout:firewalld.service is not enabled
2024-04-05T22:42:31.943 INFO:teuthology.orchestra.run.smithi096.stdout:Not possible to open ports <[8443]>. firewalld.service is not available
2024-04-05T22:42:31.945 INFO:teuthology.orchestra.run.smithi096.stdout:Ceph Dashboard is now available at:
2024-04-05T22:42:31.945 INFO:teuthology.orchestra.run.smithi096.stdout:
2024-04-05T22:42:31.945 INFO:teuthology.orchestra.run.smithi096.stdout: URL: https://smithi096.front.sepia.ceph.com:8443/
2024-04-05T22:42:31.945 INFO:teuthology.orchestra.run.smithi096.stdout: User: admin
2024-04-05T22:42:31.945 INFO:teuthology.orchestra.run.smithi096.stdout: Password: hq78h64ftc
2024-04-05T22:42:31.945 INFO:teuthology.orchestra.run.smithi096.stdout:
2024-04-05T22:42:31.945 INFO:teuthology.orchestra.run.smithi096.stdout:Saving cluster configuration to /var/lib/ceph/88d5904e-f39d-11ee-b649-cb9ed24678a4/config directory
2024-04-05T22:42:31.945 INFO:teuthology.orchestra.run.smithi096.stdout:Enabling autotune for osd_memory_target
2024-04-05T22:42:32.149 INFO:journalctl@ceph.mon.smithi096.smithi096.stdout:Apr 05 22:42:31 smithi096 ceph-mon[39764]: from='client.? 172.21.15.96:0/649206218' entity='client.admin' cmd=[{"prefix": "config get", "who": "mgr", "key": "mgr/dashboard/ssl_server_port"}]: dispatch
2024-04-05T22:42:33.002 INFO:journalctl@ceph.mon.smithi096.smithi096.stdout:Apr 05 22:42:32 smithi096 ceph-mon[39764]: mgrmap e13: smithi096.widemy(active, since 6s)
2024-04-05T22:42:33.217 INFO:teuthology.orchestra.run.smithi096.stdout:/usr/bin/ceph: stderr
2024-04-05T22:42:32.493+0000 7f3f16556700 1 Processor -- start
2024-04-05T22:42:33.217 INFO:teuthology.orchestra.run.smithi096.stdout:/usr/bin/ceph: stderr
2024-04-05T22:42:32.493+0000 7f3f16556700 1 -- start start
2024-04-05T22:42:33.218 INFO:teuthology.orchestra.run.smithi096.stdout:/usr/bin/ceph: stderr
2024-04-05T22:42:32.493+0000 7f3f16556700 1 --2- >> [v2:172.21.15.96:3300/0,v1:172.21.15.96:6789/0] conn(0x7f3f10076c80 0x7f3f10105180 unknown :-1 s=NONE pgs=0 cs=0 l=0 rev1=0 crypto rx=0 tx=0 comp rx=0 tx=0).connect
2024-04-05T22:42:33.218 INFO:teuthology.orchestra.run.smithi096.stdout:/usr/bin/ceph: stderr
2024-04-05T22:42:32.493+0000 7f3f16556700 1 -- --> [v2:172.21.15.96:3300/0,v1:172.21.15.96:6789/0] -- mon_getmap magic: 0 v1 -- 0x7f3f101056c0 con 0x7f3f10076c80
2024-04-05T22:42:33.218 INFO:teuthology.orchestra.run.smithi096.stdout:/usr/bin/ceph: stderr
2024-04-05T22:42:32.494+0000 7f3f0ffff700 1 --2- >> [v2:172.21.15.96:3300/0,v1:172.21.15.96:6789/0] conn(0x7f3f10076c80 0x7f3f10105180 unknown :-1 s=BANNER_CONNECTING pgs=0 cs=0 l=0 rev1=0 crypto rx=0 tx=0 comp rx=0 tx=0)._handle_peer_banner_payload supported=3 required=0
2024-04-05T22:42:33.218 INFO:teuthology.orchestra.run.smithi096.stdout:/usr/bin/ceph: stderr
2024-04-05T22:42:32.494+0000 7f3f0ffff700 1 --2- >> [v2:172.21.15.96:3300/0,v1:172.21.15.96:6789/0] conn(0x7f3f10076c80 0x7f3f10105180 unknown :-1 s=HELLO_CONNECTING pgs=0 cs=0 l=0 rev1=1 crypto rx=0 tx=0 comp rx=0 tx=0).handle_hello peer v2:172.21.15.96:3300/0 says I am v2:172.21.15.96:58356/0 (socket says 172.21.15.96:58356)
2024-04-05T22:42:33.218 INFO:teuthology.orchestra.run.smithi096.stdout:/usr/bin/ceph: stderr
2024-04-05T22:42:32.494+0000 7f3f0ffff700 1 -- 172.21.15.96:0/1443048626 learned_addr learned my addr 172.21.15.96:0/1443048626 (peer_addr_for_me v2:172.21.15.96:0/0)
2024-04-05T22:42:33.218 INFO:teuthology.orchestra.run.smithi096.stdout:/usr/bin/ceph: stderr
2024-04-05T22:42:32.494+0000 7f3f0ffff700 1 -- 172.21.15.96:0/1443048626 --> [v2:172.21.15.96:3300/0,v1:172.21.15.96:6789/0] -- mon_subscribe({config=0+,monmap=0+}) v3 -- 0x7f3f10105800 con 0x7f3f10076c80
2024-04-05T22:42:33.218 INFO:teuthology.orchestra.run.smithi096.stdout:/usr/bin/ceph: stderr
2024-04-05T22:42:32.494+0000 7f3f0ffff700 1 --2- 172.21.15.96:0/1443048626 >> [v2:172.21.15.96:3300/0,v1:172.21.15.96:6789/0] conn(0x7f3f10076c80 0x7f3f10105180 secure :-1 s=READY pgs=84 cs=0 l=1 rev1=1 crypto rx=0x7f3f040098e0 tx=0x7f3f04009250 comp rx=0 tx=0).ready entity=mon.0 client_cookie=6d98ecc1ef5d6ebe server_cookie=0 in_seq=0 out_seq=0
2024-04-05T22:42:33.218 INFO:teuthology.orchestra.run.smithi096.stdout:/usr/bin/ceph: stderr
2024-04-05T22:42:32.494+0000 7f3f0effd700 1 -- 172.21.15.96:0/1443048626 <== mon.0 v2:172.21.15.96:3300/0 1 ==== mon_map magic: 0 v1 ==== 229+0+0 (secure 0 0 0) 0x7f3f0400b860 con 0x7f3f10076c80
2024-04-05T22:42:33.218 INFO:teuthology.orchestra.run.smithi096.stdout:/usr/bin/ceph: stderr
2024-04-05T22:42:32.494+0000 7f3f0effd700 1 -- 172.21.15.96:0/1443048626 <== mon.0 v2:172.21.15.96:3300/0 2 ==== config(26 keys) v1 ==== 1074+0+0 (secure 0 0 0) 0x7f3f0400be70 con 0x7f3f10076c80
2024-04-05T22:42:33.218 INFO:teuthology.orchestra.run.smithi096.stdout:/usr/bin/ceph: stderr
2024-04-05T22:42:32.494+0000 7f3f0effd700 1 -- 172.21.15.96:0/1443048626 <== mon.0 v2:172.21.15.96:3300/0 3 ==== mon_map magic: 0 v1 ==== 229+0+0 (secure 0 0 0) 0x7f3f04010380 con 0x7f3f10076c80
2024-04-05T22:42:33.218 INFO:teuthology.orchestra.run.smithi096.stdout:/usr/bin/ceph: stderr
2024-04-05T22:42:32.495+0000 7f3f16556700 1 -- 172.21.15.96:0/1443048626 >> [v2:172.21.15.96:3300/0,v1:172.21.15.96:6789/0] conn(0x7f3f10076c80 msgr2=0x7f3f10105180 secure :-1 s=STATE_CONNECTION_ESTABLISHED l=1).mark_down
2024-04-05T22:42:33.218 INFO:teuthology.orchestra.run.smithi096.stdout:/usr/bin/ceph: stderr
2024-04-05T22:42:32.495+0000 7f3f16556700 1 --2- 172.21.15.96:0/1443048626 >> [v2:172.21.15.96:3300/0,v1:172.21.15.96:6789/0] conn(0x7f3f10076c80 0x7f3f10105180 secure :-1 s=READY pgs=84 cs=0 l=1 rev1=1 crypto rx=0x7f3f040098e0 tx=0x7f3f04009250 comp rx=0 tx=0).stop
2024-04-05T22:42:33.218 INFO:teuthology.orchestra.run.smithi096.stdout:/usr/bin/ceph: stderr
2024-04-05T22:42:32.495+0000 7f3f16556700 1 -- 172.21.15.96:0/1443048626 shutdown_connections
2024-04-05T22:42:33.219 INFO:teuthology.orchestra.run.smithi096.stdout:/usr/bin/ceph: stderr
2024-04-05T22:42:32.495+0000 7f3f16556700 1 --2- 172.21.15.96:0/1443048626 >> [v2:172.21.15.96:3300/0,v1:172.21.15.96:6789/0] conn(0x7f3f10076c80 0x7f3f10105180 unknown :-1 s=CLOSED pgs=84 cs=0 l=1 rev1=1 crypto rx=0 tx=0 comp rx=0 tx=0).stop
2024-04-05T22:42:33.219 INFO:teuthology.orchestra.run.smithi096.stdout:/usr/bin/ceph: stderr
2024-04-05T22:42:32.495+0000 7f3f16556700 1 -- 172.21.15.96:0/1443048626 >> 172.21.15.96:0/1443048626 conn(0x7f3f100fcc50 msgr2=0x7f3f100ff060 unknown :-1 s=STATE_NONE l=0).mark_down
2024-04-05T22:42:33.219 INFO:teuthology.orchestra.run.smithi096.stdout:/usr/bin/ceph: stderr
2024-04-05T22:42:32.495+0000 7f3f16556700 1 -- 172.21.15.96:0/1443048626 shutdown_connections
2024-04-05T22:42:33.219 INFO:teuthology.orchestra.run.smithi096.stdout:/usr/bin/ceph: stderr
2024-04-05T22:42:32.495+0000 7f3f16556700 1 -- 172.21.15.96:0/1443048626 wait complete.
2024-04-05T22:42:33.219 INFO:teuthology.orchestra.run.smithi096.stdout:/usr/bin/ceph: stderr
2024-04-05T22:42:32.496+0000 7f3f16556700 1 Processor -- start
2024-04-05T22:42:33.219 INFO:teuthology.orchestra.run.smithi096.stdout:/usr/bin/ceph: stderr
2024-04-05T22:42:32.496+0000 7f3f16556700 1 -- start start
2024-04-05T22:42:33.219 INFO:teuthology.orchestra.run.smithi096.stdout:/usr/bin/ceph: stderr
2024-04-05T22:42:32.496+0000 7f3f16556700 1 --2- >> [v2:172.21.15.96:3300/0,v1:172.21.15.96:6789/0] conn(0x7f3f10076c80 0x7f3f10111440 unknown :-1 s=NONE pgs=0 cs=0 l=1 rev1=0 crypto rx=0 tx=0 comp rx=0 tx=0).connect
2024-04-05T22:42:33.219 INFO:teuthology.orchestra.run.smithi096.stdout:/usr/bin/ceph: stderr
2024-04-05T22:42:32.496+0000 7f3f16556700 1 -- --> [v2:172.21.15.96:3300/0,v1:172.21.15.96:6789/0] -- mon_getmap magic: 0 v1 -- 0x7f3f10111980 con 0x7f3f10076c80
2024-04-05T22:42:33.219 INFO:teuthology.orchestra.run.smithi096.stdout:/usr/bin/ceph: stderr
2024-04-05T22:42:32.496+0000 7f3f0ffff700 1 --2- >> [v2:172.21.15.96:3300/0,v1:172.21.15.96:6789/0] conn(0x7f3f10076c80 0x7f3f10111440 unknown :-1 s=BANNER_CONNECTING pgs=0 cs=0 l=1 rev1=0 crypto rx=0 tx=0 comp rx=0 tx=0)._handle_peer_banner_payload supported=3 required=0
2024-04-05T22:42:33.219 INFO:teuthology.orchestra.run.smithi096.stdout:/usr/bin/ceph: stderr
2024-04-05T22:42:32.496+0000 7f3f0ffff700 1 --2- >> [v2:172.21.15.96:3300/0,v1:172.21.15.96:6789/0] conn(0x7f3f10076c80 0x7f3f10111440 unknown :-1 s=HELLO_CONNECTING pgs=0 cs=0 l=1 rev1=1 crypto rx=0 tx=0 comp rx=0 tx=0).handle_hello peer v2:172.21.15.96:3300/0 says I am v2:172.21.15.96:58366/0 (socket says 172.21.15.96:58366)
2024-04-05T22:42:33.219 INFO:teuthology.orchestra.run.smithi096.stdout:/usr/bin/ceph: stderr
2024-04-05T22:42:32.496+0000 7f3f0ffff700 1 -- 172.21.15.96:0/843272489 learned_addr learned my addr 172.21.15.96:0/843272489 (peer_addr_for_me v2:172.21.15.96:0/0)
2024-04-05T22:42:33.219 INFO:teuthology.orchestra.run.smithi096.stdout:/usr/bin/ceph: stderr
2024-04-05T22:42:32.496+0000 7f3f0ffff700 1 -- 172.21.15.96:0/843272489 --> [v2:172.21.15.96:3300/0,v1:172.21.15.96:6789/0] -- mon_subscribe({config=0+,monmap=0+}) v3 -- 0x7f3f040094f0 con 0x7f3f10076c80
2024-04-05T22:42:33.219 INFO:teuthology.orchestra.run.smithi096.stdout:/usr/bin/ceph: stderr
2024-04-05T22:42:32.497+0000 7f3f0ffff700 1 --2- 172.21.15.96:0/843272489 >> [v2:172.21.15.96:3300/0,v1:172.21.15.96:6789/0] conn(0x7f3f10076c80 0x7f3f10111440 secure :-1 s=READY pgs=85 cs=0 l=1 rev1=1 crypto rx=0x7f3f04011ca0 tx=0x7f3f04009250 comp rx=0 tx=0).ready entity=mon.0 client_cookie=0 server_cookie=0 in_seq=0 out_seq=0
2024-04-05T22:42:33.219 INFO:teuthology.orchestra.run.smithi096.stdout:/usr/bin/ceph: stderr
2024-04-05T22:42:32.497+0000 7f3f0cff9700 1 -- 172.21.15.96:0/843272489 <== mon.0 v2:172.21.15.96:3300/0 1 ==== mon_map magic: 0 v1 ==== 229+0+0 (secure 0 0 0) 0x7f3f04010850 con 0x7f3f10076c80
2024-04-05T22:42:33.219 INFO:teuthology.orchestra.run.smithi096.stdout:/usr/bin/ceph: stderr
2024-04-05T22:42:32.497+0000 7f3f0cff9700 1 -- 172.21.15.96:0/843272489 <== mon.0 v2:172.21.15.96:3300/0 2 ==== config(26 keys) v1 ==== 1074+0+0 (secure 0 0 0) 0x7f3f04010e60 con 0x7f3f10076c80
2024-04-05T22:42:33.219 INFO:teuthology.orchestra.run.smithi096.stdout:/usr/bin/ceph: stderr
2024-04-05T22:42:32.497+0000 7f3f0cff9700 1 -- 172.21.15.96:0/843272489 <== mon.0 v2:172.21.15.96:3300/0 3 ==== mon_map magic: 0 v1 ==== 229+0+0 (secure 0 0 0) 0x7f3f0401ae30 con 0x7f3f10076c80
2024-04-05T22:42:33.220 INFO:teuthology.orchestra.run.smithi096.stdout:/usr/bin/ceph: stderr
2024-04-05T22:42:32.497+0000 7f3f16556700 1 -- 172.21.15.96:0/843272489 --> [v2:172.21.15.96:3300/0,v1:172.21.15.96:6789/0] -- mon_subscribe({mgrmap=0+}) v3 -- 0x7f3f10111b80 con 0x7f3f10076c80
2024-04-05T22:42:33.220 INFO:teuthology.orchestra.run.smithi096.stdout:/usr/bin/ceph: stderr
2024-04-05T22:42:32.497+0000 7f3f16556700 1 -- 172.21.15.96:0/843272489 --> [v2:172.21.15.96:3300/0,v1:172.21.15.96:6789/0] -- mon_subscribe({osdmap=0}) v3 -- 0x7f3f101126f0 con 0x7f3f10076c80
2024-04-05T22:42:33.220 INFO:teuthology.orchestra.run.smithi096.stdout:/usr/bin/ceph: stderr
2024-04-05T22:42:32.498+0000 7f3f0cff9700 1 -- 172.21.15.96:0/843272489 <== mon.0 v2:172.21.15.96:3300/0 4 ==== mgrmap(e 13) v1 ==== 43424+0+0 (secure 0 0 0) 0x7f3f0401a6c0 con 0x7f3f10076c80
2024-04-05T22:42:33.220 INFO:teuthology.orchestra.run.smithi096.stdout:/usr/bin/ceph: stderr
2024-04-05T22:42:32.498+0000 7f3f0cff9700 1 --2- 172.21.15.96:0/843272489 >> [v2:172.21.15.96:6800/4287220714,v1:172.21.15.96:6801/4287220714] conn(0x7f3ef80368d0 0x7f3ef8038d80 unknown :-1 s=NONE pgs=0 cs=0 l=1 rev1=0 crypto rx=0 tx=0 comp rx=0 tx=0).connect
2024-04-05T22:42:33.220 INFO:teuthology.orchestra.run.smithi096.stdout:/usr/bin/ceph: stderr
2024-04-05T22:42:32.498+0000 7f3f16556700 1 -- 172.21.15.96:0/843272489 --> [v2:172.21.15.96:3300/0,v1:172.21.15.96:6789/0] -- mon_command({"prefix": "get_command_descriptions"} v 0) v1 -- 0x7f3f1005f5f0 con 0x7f3f10076c80
2024-04-05T22:42:33.220 INFO:teuthology.orchestra.run.smithi096.stdout:/usr/bin/ceph: stderr
2024-04-05T22:42:32.498+0000 7f3f0cff9700 1 -- 172.21.15.96:0/843272489 <== mon.0 v2:172.21.15.96:3300/0 5 ==== osd_map(3..3 src has 1..3) v4 ==== 1151+0+0 (secure 0 0 0) 0x7f3f0404ae60 con 0x7f3f10076c80
2024-04-05T22:42:33.220 INFO:teuthology.orchestra.run.smithi096.stdout:/usr/bin/ceph: stderr
2024-04-05T22:42:32.498+0000 7f3f0f7fe700 1 --2- 172.21.15.96:0/843272489 >> [v2:172.21.15.96:6800/4287220714,v1:172.21.15.96:6801/4287220714] conn(0x7f3ef80368d0 0x7f3ef8038d80 unknown :-1 s=BANNER_CONNECTING pgs=0 cs=0 l=1 rev1=0 crypto rx=0 tx=0 comp rx=0 tx=0)._handle_peer_banner_payload supported=3 required=0
2024-04-05T22:42:33.220 INFO:teuthology.orchestra.run.smithi096.stdout:/usr/bin/ceph: stderr
2024-04-05T22:42:32.498+0000 7f3f0f7fe700 1 --2- 172.21.15.96:0/843272489 >> [v2:172.21.15.96:6800/4287220714,v1:172.21.15.96:6801/4287220714] conn(0x7f3ef80368d0 0x7f3ef8038d80 secure :-1 s=READY pgs=10 cs=0 l=1 rev1=1 crypto rx=0x7f3f00009990 tx=0x7f3f00006e40 comp rx=0 tx=0).ready entity=mgr.14160 client_cookie=0 server_cookie=0 in_seq=0 out_seq=0
2024-04-05T22:42:33.220 INFO:teuthology.orchestra.run.smithi096.stdout:/usr/bin/ceph: stderr
2024-04-05T22:42:32.502+0000 7f3f0cff9700 1 -- 172.21.15.96:0/843272489 <== mon.0 v2:172.21.15.96:3300/0 6 ==== mon_command_ack([{"prefix": "get_command_descriptions"}]=0 v0) v1 ==== 72+0+176504 (secure 0 0 0) 0x7f3f0402cb80 con 0x7f3f10076c80
2024-04-05T22:42:33.220 INFO:teuthology.orchestra.run.smithi096.stdout:/usr/bin/ceph: stderr
2024-04-05T22:42:32.688+0000 7f3f16556700 1 -- 172.21.15.96:0/843272489 --> [v2:172.21.15.96:3300/0,v1:172.21.15.96:6789/0] -- mon_command([{prefix=config set, name=osd_memory_target_autotune}] v 0) v1 -- 0x7f3f1004bed0 con 0x7f3f10076c80
2024-04-05T22:42:33.220 INFO:teuthology.orchestra.run.smithi096.stdout:/usr/bin/ceph: stderr
2024-04-05T22:42:32.689+0000 7f3f0cff9700 1 -- 172.21.15.96:0/843272489 <== mon.0 v2:172.21.15.96:3300/0 7 ==== mon_command_ack([{prefix=config set, name=osd_memory_target_autotune}]=0 v8)=0 v8) v1 ==== 127+0+0 (secure 0 0 0) 0x7f3f04016260 con 0x7f3f10076c80
2024-04-05T22:42:33.220 INFO:teuthology.orchestra.run.smithi096.stdout:/usr/bin/ceph: stderr
2024-04-05T22:42:32.690+0000 7f3f16556700 1 -- 172.21.15.96:0/843272489 >> [v2:172.21.15.96:6800/4287220714,v1:172.21.15.96:6801/4287220714] conn(0x7f3ef80368d0 msgr2=0x7f3ef8038d80 secure :-1 s=STATE_CONNECTION_ESTABLISHED l=1).mark_down
2024-04-05T22:42:33.220 INFO:teuthology.orchestra.run.smithi096.stdout:/usr/bin/ceph: stderr
2024-04-05T22:42:32.690+0000 7f3f16556700 1 --2- 172.21.15.96:0/843272489 >> [v2:172.21.15.96:6800/4287220714,v1:172.21.15.96:6801/4287220714] conn(0x7f3ef80368d0 0x7f3ef8038d80 secure :-1 s=READY pgs=10 cs=0 l=1 rev1=1 crypto rx=0x7f3f00009990 tx=0x7f3f00006e40 comp rx=0 tx=0).stop
2024-04-05T22:42:33.220 INFO:teuthology.orchestra.run.smithi096.stdout:/usr/bin/ceph: stderr
2024-04-05T22:42:32.690+0000 7f3f16556700 1 -- 172.21.15.96:0/843272489 >> [v2:172.21.15.96:3300/0,v1:172.21.15.96:6789/0] conn(0x7f3f10076c80 msgr2=0x7f3f10111440 secure :-1 s=STATE_CONNECTION_ESTABLISHED l=1).mark_down
2024-04-05T22:42:33.220 INFO:teuthology.orchestra.run.smithi096.stdout:/usr/bin/ceph: stderr
2024-04-05T22:42:32.690+0000 7f3f16556700 1 --2- 172.21.15.96:0/843272489 >> [v2:172.21.15.96:3300/0,v1:172.21.15.96:6789/0] conn(0x7f3f10076c80 0x7f3f10111440 secure :-1 s=READY pgs=85 cs=0 l=1 rev1=1 crypto rx=0x7f3f04011ca0 tx=0x7f3f04009250 comp rx=0 tx=0).stop
2024-04-05T22:42:33.220 INFO:teuthology.orchestra.run.smithi096.stdout:/usr/bin/ceph: stderr
2024-04-05T22:42:32.691+0000 7f3f16556700 1 -- 172.21.15.96:0/843272489 shutdown_connections
2024-04-05T22:42:33.221 INFO:teuthology.orchestra.run.smithi096.stdout:/usr/bin/ceph: stderr
2024-04-05T22:42:32.691+0000 7f3f16556700 1 --2- 172.21.15.96:0/843272489 >> [v2:172.21.15.96:6800/4287220714,v1:172.21.15.96:6801/4287220714] conn(0x7f3ef80368d0 0x7f3ef8038d80 unknown :-1 s=CLOSED pgs=10 cs=0 l=1 rev1=1 crypto rx=0 tx=0 comp rx=0 tx=0).stop
2024-04-05T22:42:33.221 INFO:teuthology.orchestra.run.smithi096.stdout:/usr/bin/ceph: stderr
2024-04-05T22:42:32.691+0000 7f3f16556700 1 --2- 172.21.15.96:0/843272489 >> [v2:172.21.15.96:3300/0,v1:172.21.15.96:6789/0] conn(0x7f3f10076c80 0x7f3f10111440 unknown :-1 s=CLOSED pgs=85 cs=0 l=1 rev1=1 crypto rx=0 tx=0 comp rx=0 tx=0).stop
2024-04-05T22:42:33.221 INFO:teuthology.orchestra.run.smithi096.stdout:/usr/bin/ceph: stderr
2024-04-05T22:42:32.691+0000 7f3f16556700 1 -- 172.21.15.96:0/843272489 >> 172.21.15.96:0/843272489 conn(0x7f3f100fcc50 msgr2=0x7f3f100fd7f0 unknown :-1 s=STATE_NONE l=0).mark_down
2024-04-05T22:42:33.221 INFO:teuthology.orchestra.run.smithi096.stdout:/usr/bin/ceph: stderr
2024-04-05T22:42:32.691+0000 7f3f16556700 1 -- 172.21.15.96:0/843272489 shutdown_connections
2024-04-05T22:42:33.221 INFO:teuthology.orchestra.run.smithi096.stdout:/usr/bin/ceph: stderr
2024-04-05T22:42:32.691+0000 7f3f16556700 1 -- 172.21.15.96:0/843272489 wait complete.
2024-04-05T22:42:34.666 INFO:teuthology.orchestra.run.smithi096.stdout:/usr/bin/ceph: stderr
2024-04-05T22:42:33.792+0000 7fc74ae16700 1 Processor -- start
2024-04-05T22:42:34.667 INFO:teuthology.orchestra.run.smithi096.stdout:/usr/bin/ceph: stderr
2024-04-05T22:42:33.792+0000 7fc74ae16700 1 -- start start
2024-04-05T22:42:34.667 INFO:teuthology.orchestra.run.smithi096.stdout:/usr/bin/ceph: stderr
2024-04-05T22:42:33.792+0000 7fc74ae16700 1 --2- >> [v2:172.21.15.96:3300/0,v1:172.21.15.96:6789/0] conn(0x7fc744101950 0x7fc744101d60 unknown :-1 s=NONE pgs=0 cs=0 l=0 rev1=0 crypto rx=0 tx=0 comp rx=0 tx=0).connect
2024-04-05T22:42:34.667 INFO:teuthology.orchestra.run.smithi096.stdout:/usr/bin/ceph: stderr
2024-04-05T22:42:33.792+0000 7fc74ae16700 1 -- --> [v2:172.21.15.96:3300/0,v1:172.21.15.96:6789/0] -- mon_getmap magic: 0 v1 -- 0x7fc7441022a0 con 0x7fc744101950
2024-04-05T22:42:34.667 INFO:teuthology.orchestra.run.smithi096.stdout:/usr/bin/ceph: stderr
2024-04-05T22:42:33.792+0000 7fc748bb2700 1 --2- >> [v2:172.21.15.96:3300/0,v1:172.21.15.96:6789/0] conn(0x7fc744101950 0x7fc744101d60 unknown :-1 s=BANNER_CONNECTING pgs=0 cs=0 l=0 rev1=0 crypto rx=0 tx=0 comp rx=0 tx=0)._handle_peer_banner_payload supported=3 required=0
2024-04-05T22:42:34.667 INFO:teuthology.orchestra.run.smithi096.stdout:/usr/bin/ceph: stderr
2024-04-05T22:42:33.792+0000 7fc748bb2700 1 --2- >> [v2:172.21.15.96:3300/0,v1:172.21.15.96:6789/0] conn(0x7fc744101950 0x7fc744101d60 unknown :-1 s=HELLO_CONNECTING pgs=0 cs=0 l=0 rev1=1 crypto rx=0 tx=0 comp rx=0 tx=0).handle_hello peer v2:172.21.15.96:3300/0 says I am v2:172.21.15.96:58376/0 (socket says 172.21.15.96:58376)
2024-04-05T22:42:34.667 INFO:teuthology.orchestra.run.smithi096.stdout:/usr/bin/ceph: stderr
2024-04-05T22:42:33.792+0000 7fc748bb2700 1 -- 172.21.15.96:0/2573699180 learned_addr learned my addr 172.21.15.96:0/2573699180 (peer_addr_for_me v2:172.21.15.96:0/0)
2024-04-05T22:42:34.667 INFO:teuthology.orchestra.run.smithi096.stdout:/usr/bin/ceph: stderr
2024-04-05T22:42:33.792+0000 7fc748bb2700 1 -- 172.21.15.96:0/2573699180 --> [v2:172.21.15.96:3300/0,v1:172.21.15.96:6789/0] -- mon_subscribe({config=0+,monmap=0+}) v3 -- 0x7fc7441023e0 con 0x7fc744101950
2024-04-05T22:42:34.667 INFO:teuthology.orchestra.run.smithi096.stdout:/usr/bin/ceph: stderr
2024-04-05T22:42:33.793+0000 7fc748bb2700 1 --2- 172.21.15.96:0/2573699180 >> [v2:172.21.15.96:3300/0,v1:172.21.15.96:6789/0] conn(0x7fc744101950 0x7fc744101d60 secure :-1 s=READY pgs=86 cs=0 l=1 rev1=1 crypto rx=0x7fc7380098e0 tx=0x7fc738009250 comp rx=0 tx=0).ready entity=mon.0 client_cookie=c15f45ba263bac9b server_cookie=0 in_seq=0 out_seq=0
2024-04-05T22:42:34.667 INFO:teuthology.orchestra.run.smithi096.stdout:/usr/bin/ceph: stderr
2024-04-05T22:42:33.793+0000 7fc7437fe700 1 -- 172.21.15.96:0/2573699180 <== mon.0 v2:172.21.15.96:3300/0 1 ==== mon_map magic: 0 v1 ==== 229+0+0 (secure 0 0 0) 0x7fc73800b860 con 0x7fc744101950
2024-04-05T22:42:34.667 INFO:teuthology.orchestra.run.smithi096.stdout:/usr/bin/ceph: stderr
2024-04-05T22:42:33.793+0000 7fc7437fe700 1 -- 172.21.15.96:0/2573699180 <== mon.0 v2:172.21.15.96:3300/0 2 ==== config(26 keys) v1 ==== 1074+0+0 (secure 0 0 0) 0x7fc73800be70 con 0x7fc744101950
2024-04-05T22:42:34.667 INFO:teuthology.orchestra.run.smithi096.stdout:/usr/bin/ceph: stderr
2024-04-05T22:42:33.793+0000 7fc7437fe700 1 -- 172.21.15.96:0/2573699180 <== mon.0 v2:172.21.15.96:3300/0 3 ==== mon_map magic: 0 v1 ==== 229+0+0 (secure 0 0 0) 0x7fc738010380 con 0x7fc744101950
2024-04-05T22:42:34.667 INFO:teuthology.orchestra.run.smithi096.stdout:/usr/bin/ceph: stderr
2024-04-05T22:42:33.793+0000 7fc74ae16700 1 -- 172.21.15.96:0/2573699180 >> [v2:172.21.15.96:3300/0,v1:172.21.15.96:6789/0] conn(0x7fc744101950 msgr2=0x7fc744101d60 secure :-1 s=STATE_CONNECTION_ESTABLISHED l=1).mark_down
2024-04-05T22:42:34.668 INFO:teuthology.orchestra.run.smithi096.stdout:/usr/bin/ceph: stderr
2024-04-05T22:42:33.793+0000 7fc74ae16700 1 --2- 172.21.15.96:0/2573699180 >> [v2:172.21.15.96:3300/0,v1:172.21.15.96:6789/0] conn(0x7fc744101950 0x7fc744101d60 secure :-1 s=READY pgs=86 cs=0 l=1 rev1=1 crypto rx=0x7fc7380098e0 tx=0x7fc738009250 comp rx=0 tx=0).stop
2024-04-05T22:42:34.668 INFO:teuthology.orchestra.run.smithi096.stdout:/usr/bin/ceph: stderr
2024-04-05T22:42:33.793+0000 7fc74ae16700 1 -- 172.21.15.96:0/2573699180 shutdown_connections
2024-04-05T22:42:34.668 INFO:teuthology.orchestra.run.smithi096.stdout:/usr/bin/ceph: stderr
2024-04-05T22:42:33.793+0000 7fc74ae16700 1 --2- 172.21.15.96:0/2573699180 >> [v2:172.21.15.96:3300/0,v1:172.21.15.96:6789/0] conn(0x7fc744101950 0x7fc744101d60 unknown :-1 s=CLOSED pgs=86 cs=0 l=1 rev1=1 crypto rx=0 tx=0 comp rx=0 tx=0).stop
2024-04-05T22:42:34.668 INFO:teuthology.orchestra.run.smithi096.stdout:/usr/bin/ceph: stderr
2024-04-05T22:42:33.793+0000 7fc74ae16700 1 -- 172.21.15.96:0/2573699180 >> 172.21.15.96:0/2573699180 conn(0x7fc7440fc2b0 msgr2=0x7fc7440fe6c0 unknown :-1 s=STATE_NONE l=0).mark_down
2024-04-05T22:42:34.668 INFO:teuthology.orchestra.run.smithi096.stdout:/usr/bin/ceph: stderr
2024-04-05T22:42:33.793+0000 7fc74ae16700 1 -- 172.21.15.96:0/2573699180 shutdown_connections
2024-04-05T22:42:34.668 INFO:teuthology.orchestra.run.smithi096.stdout:/usr/bin/ceph: stderr
2024-04-05T22:42:33.793+0000 7fc74ae16700 1 -- 172.21.15.96:0/2573699180 wait complete.
2024-04-05T22:42:34.668 INFO:teuthology.orchestra.run.smithi096.stdout:/usr/bin/ceph: stderr
2024-04-05T22:42:33.794+0000 7fc74ae16700 1 Processor -- start
2024-04-05T22:42:34.668 INFO:teuthology.orchestra.run.smithi096.stdout:/usr/bin/ceph: stderr
2024-04-05T22:42:33.794+0000 7fc74ae16700 1 -- start start
2024-04-05T22:42:34.668 INFO:teuthology.orchestra.run.smithi096.stdout:/usr/bin/ceph: stderr
2024-04-05T22:42:33.794+0000 7fc74ae16700 1 --2- >> [v2:172.21.15.96:3300/0,v1:172.21.15.96:6789/0] conn(0x7fc744101950 0x7fc7441010c0 unknown :-1 s=NONE pgs=0 cs=0 l=1 rev1=0 crypto rx=0 tx=0 comp rx=0 tx=0).connect
2024-04-05T22:42:34.668 INFO:teuthology.orchestra.run.smithi096.stdout:/usr/bin/ceph: stderr
2024-04-05T22:42:33.794+0000 7fc74ae16700 1 -- --> [v2:172.21.15.96:3300/0,v1:172.21.15.96:6789/0] -- mon_getmap magic: 0 v1 -- 0x7fc7441140b0 con 0x7fc744101950
2024-04-05T22:42:34.668 INFO:teuthology.orchestra.run.smithi096.stdout:/usr/bin/ceph: stderr
