2024-04-05T22:41:55.383+0000 7f73065df700 1 -- 172.21.15.96:0/2244745085 >> [v2:172.21.15.96:6800/3269488586,v1:172.21.15.96:6801/3269488586] conn(0x7f72e80366b0 msgr2=0x7f72e8038b60 secure :-1 s=STATE_CONNECTION_ESTABLISHED l=1).mark_down
2024-04-05T22:41:56.030 INFO:teuthology.orchestra.run.smithi096.stdout:/usr/bin/ceph: stderr
2024-04-05T22:41:55.383+0000 7f73065df700 1 --2- 172.21.15.96:0/2244745085 >> [v2:172.21.15.96:6800/3269488586,v1:172.21.15.96:6801/3269488586] conn(0x7f72e80366b0 0x7f72e8038b60 secure :-1 s=READY pgs=7 cs=0 l=1 rev1=1 crypto rx=0x7f72f4009990 tx=0x7f72f4006e40 comp rx=0 tx=0).stop
2024-04-05T22:41:56.030 INFO:teuthology.orchestra.run.smithi096.stdout:/usr/bin/ceph: stderr
2024-04-05T22:41:55.383+0000 7f73065df700 1 -- 172.21.15.96:0/2244745085 >> [v2:172.21.15.96:3300/0,v1:172.21.15.96:6789/0] conn(0x7f7300103bf0 msgr2=0x7f73001113d0 secure :-1 s=STATE_CONNECTION_ESTABLISHED l=1).mark_down
2024-04-05T22:41:56.030 INFO:teuthology.orchestra.run.smithi096.stdout:/usr/bin/ceph: stderr
2024-04-05T22:41:55.383+0000 7f73065df700 1 --2- 172.21.15.96:0/2244745085 >> [v2:172.21.15.96:3300/0,v1:172.21.15.96:6789/0] conn(0x7f7300103bf0 0x7f73001113d0 secure :-1 s=READY pgs=36 cs=0 l=1 rev1=1 crypto rx=0x7f72f0000c00 tx=0x7f72f0009250 comp rx=0 tx=0).stop
2024-04-05T22:41:56.031 INFO:teuthology.orchestra.run.smithi096.stdout:/usr/bin/ceph: stderr
2024-04-05T22:41:55.383+0000 7f73065df700 1 -- 172.21.15.96:0/2244745085 shutdown_connections
2024-04-05T22:41:56.031 INFO:teuthology.orchestra.run.smithi096.stdout:/usr/bin/ceph: stderr
2024-04-05T22:41:55.383+0000 7f73065df700 1 --2- 172.21.15.96:0/2244745085 >> [v2:172.21.15.96:6800/3269488586,v1:172.21.15.96:6801/3269488586] conn(0x7f72e80366b0 0x7f72e8038b60 unknown :-1 s=CLOSED pgs=7 cs=0 l=1 rev1=1 crypto rx=0 tx=0 comp rx=0 tx=0).stop
2024-04-05T22:41:56.031 INFO:teuthology.orchestra.run.smithi096.stdout:/usr/bin/ceph: stderr
2024-04-05T22:41:55.383+0000 7f73065df700 1 --2- 172.21.15.96:0/2244745085 >> [v2:172.21.15.96:3300/0,v1:172.21.15.96:6789/0] conn(0x7f7300103bf0 0x7f73001113d0 unknown :-1 s=CLOSED pgs=36 cs=0 l=1 rev1=1 crypto rx=0 tx=0 comp rx=0 tx=0).stop
2024-04-05T22:41:56.031 INFO:teuthology.orchestra.run.smithi096.stdout:/usr/bin/ceph: stderr
2024-04-05T22:41:55.383+0000 7f73065df700 1 -- 172.21.15.96:0/2244745085 >> 172.21.15.96:0/2244745085 conn(0x7f73000fc350 msgr2=0x7f73000fcf50 unknown :-1 s=STATE_NONE l=0).mark_down
2024-04-05T22:41:56.031 INFO:teuthology.orchestra.run.smithi096.stdout:/usr/bin/ceph: stderr
2024-04-05T22:41:55.383+0000 7f73065df700 1 -- 172.21.15.96:0/2244745085 shutdown_connections
2024-04-05T22:41:56.031 INFO:teuthology.orchestra.run.smithi096.stdout:/usr/bin/ceph: stderr
2024-04-05T22:41:55.383+0000 7f73065df700 1 -- 172.21.15.96:0/2244745085 wait complete.
2024-04-05T22:41:56.293 INFO:journalctl@ceph.mon.smithi096.smithi096.stdout:Apr 05 22:41:56 smithi096 ceph-mon[39764]: mgrmap e8: smithi096.widemy(active, since 2s)
2024-04-05T22:41:56.294 INFO:journalctl@ceph.mon.smithi096.smithi096.stdout:Apr 05 22:41:56 smithi096 ceph-mon[39764]: from='client.14130 -' entity='client.admin' cmd=[{"prefix": "orch set backend", "module_name": "cephadm", "target": ["mon-mgr", ""]}]: dispatch
2024-04-05T22:41:56.294 INFO:journalctl@ceph.mon.smithi096.smithi096.stdout:Apr 05 22:41:56 smithi096 ceph-mon[39764]: from='mgr.14118 172.21.15.96:0/3084249704' entity='mgr.smithi096.widemy'
2024-04-05T22:41:56.294 INFO:journalctl@ceph.mon.smithi096.smithi096.stdout:Apr 05 22:41:56 smithi096 ceph-mon[39764]: from='mgr.14118 172.21.15.96:0/3084249704' entity='mgr.smithi096.widemy' cmd=[{"prefix": "config dump", "format": "json"}]: dispatch
2024-04-05T22:41:57.325 INFO:teuthology.orchestra.run.smithi096.stdout:/usr/bin/ceph: stdout value unchanged
2024-04-05T22:41:57.325 INFO:teuthology.orchestra.run.smithi096.stdout:/usr/bin/ceph: stderr
2024-04-05T22:41:56.549+0000 7f4727dc2700 1 Processor -- start
2024-04-05T22:41:57.325 INFO:teuthology.orchestra.run.smithi096.stdout:/usr/bin/ceph: stderr
2024-04-05T22:41:56.549+0000 7f4727dc2700 1 -- start start
2024-04-05T22:41:57.325 INFO:teuthology.orchestra.run.smithi096.stdout:/usr/bin/ceph: stderr
2024-04-05T22:41:56.549+0000 7f4727dc2700 1 --2- >> [v2:172.21.15.96:3300/0,v1:172.21.15.96:6789/0] conn(0x7f4720102580 0x7f4720102990 unknown :-1 s=NONE pgs=0 cs=0 l=0 rev1=0 crypto rx=0 tx=0 comp rx=0 tx=0).connect
2024-04-05T22:41:57.325 INFO:teuthology.orchestra.run.smithi096.stdout:/usr/bin/ceph: stderr
2024-04-05T22:41:56.549+0000 7f4727dc2700 1 -- --> [v2:172.21.15.96:3300/0,v1:172.21.15.96:6789/0] -- mon_getmap magic: 0 v1 -- 0x7f4720102ed0 con 0x7f4720102580
2024-04-05T22:41:57.325 INFO:teuthology.orchestra.run.smithi096.stdout:/usr/bin/ceph: stderr
2024-04-05T22:41:56.549+0000 7f4725b5e700 1 --2- >> [v2:172.21.15.96:3300/0,v1:172.21.15.96:6789/0] conn(0x7f4720102580 0x7f4720102990 unknown :-1 s=BANNER_CONNECTING pgs=0 cs=0 l=0 rev1=0 crypto rx=0 tx=0 comp rx=0 tx=0)._handle_peer_banner_payload supported=3 required=0
2024-04-05T22:41:57.326 INFO:teuthology.orchestra.run.smithi096.stdout:/usr/bin/ceph: stderr
2024-04-05T22:41:56.549+0000 7f4725b5e700 1 --2- >> [v2:172.21.15.96:3300/0,v1:172.21.15.96:6789/0] conn(0x7f4720102580 0x7f4720102990 unknown :-1 s=HELLO_CONNECTING pgs=0 cs=0 l=0 rev1=1 crypto rx=0 tx=0 comp rx=0 tx=0).handle_hello peer v2:172.21.15.96:3300/0 says I am v2:172.21.15.96:35916/0 (socket says 172.21.15.96:35916)
2024-04-05T22:41:57.326 INFO:teuthology.orchestra.run.smithi096.stdout:/usr/bin/ceph: stderr
2024-04-05T22:41:56.549+0000 7f4725b5e700 1 -- 172.21.15.96:0/3118145053 learned_addr learned my addr 172.21.15.96:0/3118145053 (peer_addr_for_me v2:172.21.15.96:0/0)
2024-04-05T22:41:57.326 INFO:teuthology.orchestra.run.smithi096.stdout:/usr/bin/ceph: stderr
2024-04-05T22:41:56.549+0000 7f4725b5e700 1 -- 172.21.15.96:0/3118145053 --> [v2:172.21.15.96:3300/0,v1:172.21.15.96:6789/0] -- mon_subscribe({config=0+,monmap=0+}) v3 -- 0x7f4720103010 con 0x7f4720102580
2024-04-05T22:41:57.326 INFO:teuthology.orchestra.run.smithi096.stdout:/usr/bin/ceph: stderr
2024-04-05T22:41:56.550+0000 7f4725b5e700 1 --2- 172.21.15.96:0/3118145053 >> [v2:172.21.15.96:3300/0,v1:172.21.15.96:6789/0] conn(0x7f4720102580 0x7f4720102990 secure :-1 s=READY pgs=37 cs=0 l=1 rev1=1 crypto rx=0x7f471c0098e0 tx=0x7f471c009250 comp rx=0 tx=0).ready entity=mon.0 client_cookie=ebdb555f6a1a502c server_cookie=0 in_seq=0 out_seq=0
2024-04-05T22:41:57.326 INFO:teuthology.orchestra.run.smithi096.stdout:/usr/bin/ceph: stderr
2024-04-05T22:41:56.550+0000 7f4724b5c700 1 -- 172.21.15.96:0/3118145053 <== mon.0 v2:172.21.15.96:3300/0 1 ==== mon_map magic: 0 v1 ==== 229+0+0 (secure 0 0 0) 0x7f471c00b860 con 0x7f4720102580
2024-04-05T22:41:57.326 INFO:teuthology.orchestra.run.smithi096.stdout:/usr/bin/ceph: stderr
2024-04-05T22:41:56.550+0000 7f4724b5c700 1 -- 172.21.15.96:0/3118145053 <== mon.0 v2:172.21.15.96:3300/0 2 ==== config(26 keys) v1 ==== 1009+0+0 (secure 0 0 0) 0x7f471c00be30 con 0x7f4720102580
2024-04-05T22:41:57.326 INFO:teuthology.orchestra.run.smithi096.stdout:/usr/bin/ceph: stderr
2024-04-05T22:41:56.550+0000 7f4724b5c700 1 -- 172.21.15.96:0/3118145053 <== mon.0 v2:172.21.15.96:3300/0 3 ==== mon_map magic: 0 v1 ==== 229+0+0 (secure 0 0 0) 0x7f471c010380 con 0x7f4720102580
2024-04-05T22:41:57.326 INFO:teuthology.orchestra.run.smithi096.stdout:/usr/bin/ceph: stderr
2024-04-05T22:41:56.550+0000 7f4727dc2700 1 -- 172.21.15.96:0/3118145053 >> [v2:172.21.15.96:3300/0,v1:172.21.15.96:6789/0] conn(0x7f4720102580 msgr2=0x7f4720102990 secure :-1 s=STATE_CONNECTION_ESTABLISHED l=1).mark_down
2024-04-05T22:41:57.326 INFO:teuthology.orchestra.run.smithi096.stdout:/usr/bin/ceph: stderr
2024-04-05T22:41:56.550+0000 7f4727dc2700 1 --2- 172.21.15.96:0/3118145053 >> [v2:172.21.15.96:3300/0,v1:172.21.15.96:6789/0] conn(0x7f4720102580 0x7f4720102990 secure :-1 s=READY pgs=37 cs=0 l=1 rev1=1 crypto rx=0x7f471c0098e0 tx=0x7f471c009250 comp rx=0 tx=0).stop
2024-04-05T22:41:57.326 INFO:teuthology.orchestra.run.smithi096.stdout:/usr/bin/ceph: stderr
2024-04-05T22:41:56.550+0000 7f4727dc2700 1 -- 172.21.15.96:0/3118145053 shutdown_connections
2024-04-05T22:41:57.326 INFO:teuthology.orchestra.run.smithi096.stdout:/usr/bin/ceph: stderr
2024-04-05T22:41:56.550+0000 7f4727dc2700 1 --2- 172.21.15.96:0/3118145053 >> [v2:172.21.15.96:3300/0,v1:172.21.15.96:6789/0] conn(0x7f4720102580 0x7f4720102990 unknown :-1 s=CLOSED pgs=37 cs=0 l=1 rev1=1 crypto rx=0 tx=0 comp rx=0 tx=0).stop
2024-04-05T22:41:57.326 INFO:teuthology.orchestra.run.smithi096.stdout:/usr/bin/ceph: stderr
2024-04-05T22:41:56.550+0000 7f4727dc2700 1 -- 172.21.15.96:0/3118145053 >> 172.21.15.96:0/3118145053 conn(0x7f47200fdd00 msgr2=0x7f4720100110 unknown :-1 s=STATE_NONE l=0).mark_down
2024-04-05T22:41:57.326 INFO:teuthology.orchestra.run.smithi096.stdout:/usr/bin/ceph: stderr
2024-04-05T22:41:56.550+0000 7f4727dc2700 1 -- 172.21.15.96:0/3118145053 shutdown_connections
2024-04-05T22:41:57.327 INFO:teuthology.orchestra.run.smithi096.stdout:/usr/bin/ceph: stderr
2024-04-05T22:41:56.550+0000 7f4727dc2700 1 -- 172.21.15.96:0/3118145053 wait complete.
2024-04-05T22:41:57.327 INFO:teuthology.orchestra.run.smithi096.stdout:/usr/bin/ceph: stderr
2024-04-05T22:41:56.551+0000 7f4727dc2700 1 Processor -- start
2024-04-05T22:41:57.327 INFO:teuthology.orchestra.run.smithi096.stdout:/usr/bin/ceph: stderr
2024-04-05T22:41:56.551+0000 7f4727dc2700 1 -- start start
2024-04-05T22:41:57.327 INFO:teuthology.orchestra.run.smithi096.stdout:/usr/bin/ceph: stderr
2024-04-05T22:41:56.551+0000 7f4727dc2700 1 --2- >> [v2:172.21.15.96:3300/0,v1:172.21.15.96:6789/0] conn(0x7f4720102580 0x7f4720078c50 unknown :-1 s=NONE pgs=0 cs=0 l=1 rev1=0 crypto rx=0 tx=0 comp rx=0 tx=0).connect
2024-04-05T22:41:57.327 INFO:teuthology.orchestra.run.smithi096.stdout:/usr/bin/ceph: stderr
2024-04-05T22:41:56.551+0000 7f4727dc2700 1 -- --> [v2:172.21.15.96:3300/0,v1:172.21.15.96:6789/0] -- mon_getmap magic: 0 v1 -- 0x7f4720079190 con 0x7f4720102580
2024-04-05T22:41:57.327 INFO:teuthology.orchestra.run.smithi096.stdout:/usr/bin/ceph: stderr
2024-04-05T22:41:56.551+0000 7f4725b5e700 1 --2- >> [v2:172.21.15.96:3300/0,v1:172.21.15.96:6789/0] conn(0x7f4720102580 0x7f4720078c50 unknown :-1 s=BANNER_CONNECTING pgs=0 cs=0 l=1 rev1=0 crypto rx=0 tx=0 comp rx=0 tx=0)._handle_peer_banner_payload supported=3 required=0
2024-04-05T22:41:57.327 INFO:teuthology.orchestra.run.smithi096.stdout:/usr/bin/ceph: stderr
2024-04-05T22:41:56.551+0000 7f4725b5e700 1 --2- >> [v2:172.21.15.96:3300/0,v1:172.21.15.96:6789/0] conn(0x7f4720102580 0x7f4720078c50 unknown :-1 s=HELLO_CONNECTING pgs=0 cs=0 l=1 rev1=1 crypto rx=0 tx=0 comp rx=0 tx=0).handle_hello peer v2:172.21.15.96:3300/0 says I am v2:172.21.15.96:35924/0 (socket says 172.21.15.96:35924)
2024-04-05T22:41:57.327 INFO:teuthology.orchestra.run.smithi096.stdout:/usr/bin/ceph: stderr
2024-04-05T22:41:56.551+0000 7f4725b5e700 1 -- 172.21.15.96:0/2338253486 learned_addr learned my addr 172.21.15.96:0/2338253486 (peer_addr_for_me v2:172.21.15.96:0/0)
2024-04-05T22:41:57.327 INFO:teuthology.orchestra.run.smithi096.stdout:/usr/bin/ceph: stderr
2024-04-05T22:41:56.551+0000 7f4725b5e700 1 -- 172.21.15.96:0/2338253486 --> [v2:172.21.15.96:3300/0,v1:172.21.15.96:6789/0] -- mon_subscribe({config=0+,monmap=0+}) v3 -- 0x7f471c0094f0 con 0x7f4720102580
2024-04-05T22:41:57.327 INFO:teuthology.orchestra.run.smithi096.stdout:/usr/bin/ceph: stderr
2024-04-05T22:41:56.552+0000 7f4725b5e700 1 --2- 172.21.15.96:0/2338253486 >> [v2:172.21.15.96:3300/0,v1:172.21.15.96:6789/0] conn(0x7f4720102580 0x7f4720078c50 secure :-1 s=READY pgs=38 cs=0 l=1 rev1=1 crypto rx=0x7f471c000c00 tx=0x7f471c009250 comp rx=0 tx=0).ready entity=mon.0 client_cookie=0 server_cookie=0 in_seq=0 out_seq=0
2024-04-05T22:41:57.327 INFO:teuthology.orchestra.run.smithi096.stdout:/usr/bin/ceph: stderr
2024-04-05T22:41:56.552+0000 7f47167fc700 1 -- 172.21.15.96:0/2338253486 <== mon.0 v2:172.21.15.96:3300/0 1 ==== mon_map magic: 0 v1 ==== 229+0+0 (secure 0 0 0) 0x7f471c010a80 con 0x7f4720102580
2024-04-05T22:41:57.327 INFO:teuthology.orchestra.run.smithi096.stdout:/usr/bin/ceph: stderr
2024-04-05T22:41:56.552+0000 7f47167fc700 1 -- 172.21.15.96:0/2338253486 <== mon.0 v2:172.21.15.96:3300/0 2 ==== config(26 keys) v1 ==== 1009+0+0 (secure 0 0 0) 0x7f471c01a430 con 0x7f4720102580
2024-04-05T22:41:57.327 INFO:teuthology.orchestra.run.smithi096.stdout:/usr/bin/ceph: stderr
2024-04-05T22:41:56.552+0000 7f4727dc2700 1 -- 172.21.15.96:0/2338253486 --> [v2:172.21.15.96:3300/0,v1:172.21.15.96:6789/0] -- mon_subscribe({mgrmap=0+}) v3 -- 0x7f4720077200 con 0x7f4720102580
2024-04-05T22:41:57.327 INFO:teuthology.orchestra.run.smithi096.stdout:/usr/bin/ceph: stderr
2024-04-05T22:41:56.552+0000 7f47167fc700 1 -- 172.21.15.96:0/2338253486 <== mon.0 v2:172.21.15.96:3300/0 3 ==== mon_map magic: 0 v1 ==== 229+0+0 (secure 0 0 0) 0x7f471c0245b0 con 0x7f4720102580
2024-04-05T22:41:57.327 INFO:teuthology.orchestra.run.smithi096.stdout:/usr/bin/ceph: stderr
2024-04-05T22:41:56.552+0000 7f4727dc2700 1 -- 172.21.15.96:0/2338253486 --> [v2:172.21.15.96:3300/0,v1:172.21.15.96:6789/0] -- mon_subscribe({osdmap=0}) v3 -- 0x7f47200776f0 con 0x7f4720102580
2024-04-05T22:41:57.327 INFO:teuthology.orchestra.run.smithi096.stdout:/usr/bin/ceph: stderr
2024-04-05T22:41:56.553+0000 7f47167fc700 1 -- 172.21.15.96:0/2338253486 <== mon.0 v2:172.21.15.96:3300/0 4 ==== mgrmap(e 8) v1 ==== 43368+0+0 (secure 0 0 0) 0x7f471c0247a0 con 0x7f4720102580
2024-04-05T22:41:57.328 INFO:teuthology.orchestra.run.smithi096.stdout:/usr/bin/ceph: stderr
2024-04-05T22:41:56.553+0000 7f4727dc2700 1 -- 172.21.15.96:0/2338253486 --> [v2:172.21.15.96:3300/0,v1:172.21.15.96:6789/0] -- mon_command({"prefix": "get_command_descriptions"} v 0) v1 -- 0x7f472004bed0 con 0x7f4720102580
2024-04-05T22:41:57.328 INFO:teuthology.orchestra.run.smithi096.stdout:/usr/bin/ceph: stderr
2024-04-05T22:41:56.553+0000 7f47167fc700 1 --2- 172.21.15.96:0/2338253486 >> [v2:172.21.15.96:6800/3269488586,v1:172.21.15.96:6801/3269488586] conn(0x7f470c0367e0 0x7f470c038c90 unknown :-1 s=NONE pgs=0 cs=0 l=1 rev1=0 crypto rx=0 tx=0 comp rx=0 tx=0).connect
2024-04-05T22:41:57.328 INFO:teuthology.orchestra.run.smithi096.stdout:/usr/bin/ceph: stderr
2024-04-05T22:41:56.553+0000 7f47167fc700 1 -- 172.21.15.96:0/2338253486 <== mon.0 v2:172.21.15.96:3300/0 5 ==== osd_map(2..2 src has 1..2) v4 ==== 936+0+0 (secure 0 0 0) 0x7f471c04ae50 con 0x7f4720102580
2024-04-05T22:41:57.328 INFO:teuthology.orchestra.run.smithi096.stdout:/usr/bin/ceph: stderr
2024-04-05T22:41:56.553+0000 7f472535d700 1 --2- 172.21.15.96:0/2338253486 >> [v2:172.21.15.96:6800/3269488586,v1:172.21.15.96:6801/3269488586] conn(0x7f470c0367e0 0x7f470c038c90 unknown :-1 s=BANNER_CONNECTING pgs=0 cs=0 l=1 rev1=0 crypto rx=0 tx=0 comp rx=0 tx=0)._handle_peer_banner_payload supported=3 required=0
2024-04-05T22:41:57.328 INFO:teuthology.orchestra.run.smithi096.stdout:/usr/bin/ceph: stderr
2024-04-05T22:41:56.553+0000 7f472535d700 1 --2- 172.21.15.96:0/2338253486 >> [v2:172.21.15.96:6800/3269488586,v1:172.21.15.96:6801/3269488586] conn(0x7f470c0367e0 0x7f470c038c90 secure :-1 s=READY pgs=8 cs=0 l=1 rev1=1 crypto rx=0x7f4710009990 tx=0x7f4710006e40 comp rx=0 tx=0).ready entity=mgr.14118 client_cookie=0 server_cookie=0 in_seq=0 out_seq=0
2024-04-05T22:41:57.328 INFO:teuthology.orchestra.run.smithi096.stdout:/usr/bin/ceph: stderr
2024-04-05T22:41:56.558+0000 7f47167fc700 1 -- 172.21.15.96:0/2338253486 <== mon.0 v2:172.21.15.96:3300/0 6 ==== mon_command_ack([{"prefix": "get_command_descriptions"}]=0 v0) v1 ==== 72+0+176504 (secure 0 0 0) 0x7f471c023570 con 0x7f4720102580
2024-04-05T22:41:57.328 INFO:teuthology.orchestra.run.smithi096.stdout:/usr/bin/ceph: stderr
2024-04-05T22:41:56.742+0000 7f4727dc2700 1 -- 172.21.15.96:0/2338253486 --> [v2:172.21.15.96:6800/3269488586,v1:172.21.15.96:6801/3269488586] -- mgr_command(tid 0: {"prefix": "cephadm set-user", "user": "root", "target": ["mon-mgr", ""]}) v1 -- 0x7f4720077e00 con 0x7f470c0367e0
2024-04-05T22:41:57.328 INFO:teuthology.orchestra.run.smithi096.stdout:/usr/bin/ceph: stderr
2024-04-05T22:41:56.743+0000 7f47167fc700 1 -- 172.21.15.96:0/2338253486 <== mgr.14118 v2:172.21.15.96:6800/3269488586 1 ==== mgr_command_reply(tid 0: 0 ) v1 ==== 8+0+16 (secure 0 0 0) 0x7f4720077e00 con 0x7f470c0367e0
2024-04-05T22:41:57.328 INFO:teuthology.orchestra.run.smithi096.stdout:/usr/bin/ceph: stderr
2024-04-05T22:41:56.745+0000 7f4727dc2700 1 -- 172.21.15.96:0/2338253486 >> [v2:172.21.15.96:6800/3269488586,v1:172.21.15.96:6801/3269488586] conn(0x7f470c0367e0 msgr2=0x7f470c038c90 secure :-1 s=STATE_CONNECTION_ESTABLISHED l=1).mark_down
2024-04-05T22:41:57.328 INFO:teuthology.orchestra.run.smithi096.stdout:/usr/bin/ceph: stderr
2024-04-05T22:41:56.745+0000 7f4727dc2700 1 --2- 172.21.15.96:0/2338253486 >> [v2:172.21.15.96:6800/3269488586,v1:172.21.15.96:6801/3269488586] conn(0x7f470c0367e0 0x7f470c038c90 secure :-1 s=READY pgs=8 cs=0 l=1 rev1=1 crypto rx=0x7f4710009990 tx=0x7f4710006e40 comp rx=0 tx=0).stop
2024-04-05T22:41:57.328 INFO:teuthology.orchestra.run.smithi096.stdout:/usr/bin/ceph: stderr
2024-04-05T22:41:56.745+0000 7f4727dc2700 1 -- 172.21.15.96:0/2338253486 >> [v2:172.21.15.96:3300/0,v1:172.21.15.96:6789/0] conn(0x7f4720102580 msgr2=0x7f4720078c50 secure :-1 s=STATE_CONNECTION_ESTABLISHED l=1).mark_down
2024-04-05T22:41:57.328 INFO:teuthology.orchestra.run.smithi096.stdout:/usr/bin/ceph: stderr
2024-04-05T22:41:56.745+0000 7f4727dc2700 1 --2- 172.21.15.96:0/2338253486 >> [v2:172.21.15.96:3300/0,v1:172.21.15.96:6789/0] conn(0x7f4720102580 0x7f4720078c50 secure :-1 s=READY pgs=38 cs=0 l=1 rev1=1 crypto rx=0x7f471c000c00 tx=0x7f471c009250 comp rx=0 tx=0).stop
2024-04-05T22:41:57.328 INFO:teuthology.orchestra.run.smithi096.stdout:/usr/bin/ceph: stderr
2024-04-05T22:41:56.745+0000 7f4727dc2700 1 -- 172.21.15.96:0/2338253486 shutdown_connections
2024-04-05T22:41:57.328 INFO:teuthology.orchestra.run.smithi096.stdout:/usr/bin/ceph: stderr
2024-04-05T22:41:56.745+0000 7f4727dc2700 1 --2- 172.21.15.96:0/2338253486 >> [v2:172.21.15.96:6800/3269488586,v1:172.21.15.96:6801/3269488586] conn(0x7f470c0367e0 0x7f470c038c90 unknown :-1 s=CLOSED pgs=8 cs=0 l=1 rev1=1 crypto rx=0 tx=0 comp rx=0 tx=0).stop
2024-04-05T22:41:57.328 INFO:teuthology.orchestra.run.smithi096.stdout:/usr/bin/ceph: stderr
2024-04-05T22:41:56.745+0000 7f4727dc2700 1 --2- 172.21.15.96:0/2338253486 >> [v2:172.21.15.96:3300/0,v1:172.21.15.96:6789/0] conn(0x7f4720102580 0x7f4720078c50 unknown :-1 s=CLOSED pgs=38 cs=0 l=1 rev1=1 crypto rx=0 tx=0 comp rx=0 tx=0).stop
2024-04-05T22:41:57.328 INFO:teuthology.orchestra.run.smithi096.stdout:/usr/bin/ceph: stderr
2024-04-05T22:41:56.745+0000 7f4727dc2700 1 -- 172.21.15.96:0/2338253486 >> 172.21.15.96:0/2338253486 conn(0x7f47200fdd00 msgr2=0x7f47200fe830 unknown :-1 s=STATE_NONE l=0).mark_down
2024-04-05T22:41:57.329 INFO:teuthology.orchestra.run.smithi096.stdout:/usr/bin/ceph: stderr
2024-04-05T22:41:56.745+0000 7f4727dc2700 1 -- 172.21.15.96:0/2338253486 shutdown_connections
2024-04-05T22:41:57.329 INFO:teuthology.orchestra.run.smithi096.stdout:/usr/bin/ceph: stderr
2024-04-05T22:41:56.745+0000 7f4727dc2700 1 -- 172.21.15.96:0/2338253486 wait complete.
2024-04-05T22:41:57.329 INFO:teuthology.orchestra.run.smithi096.stdout:Generating ssh key...
2024-04-05T22:41:57.900 INFO:journalctl@ceph.mon.smithi096.smithi096.stdout:Apr 05 22:41:57 smithi096 ceph-mon[39764]: from='client.14132 -' entity='client.admin' cmd=[{"prefix": "cephadm set-user", "user": "root", "target": ["mon-mgr", ""]}]: dispatch
2024-04-05T22:41:58.803 INFO:teuthology.orchestra.run.smithi096.stdout:/usr/bin/ceph: stderr
2024-04-05T22:41:57.836+0000 7fef44898700 1 Processor -- start
2024-04-05T22:41:58.803 INFO:teuthology.orchestra.run.smithi096.stdout:/usr/bin/ceph: stderr
2024-04-05T22:41:57.836+0000 7fef44898700 1 -- start start
2024-04-05T22:41:58.803 INFO:teuthology.orchestra.run.smithi096.stdout:/usr/bin/ceph: stderr
2024-04-05T22:41:57.836+0000 7fef44898700 1 --2- >> [v2:172.21.15.96:3300/0,v1:172.21.15.96:6789/0] conn(0x7fef40103be0 0x7fef40103ff0 unknown :-1 s=NONE pgs=0 cs=0 l=0 rev1=0 crypto rx=0 tx=0 comp rx=0 tx=0).connect
2024-04-05T22:41:58.803 INFO:teuthology.orchestra.run.smithi096.stdout:/usr/bin/ceph: stderr
2024-04-05T22:41:57.836+0000 7fef44898700 1 -- --> [v2:172.21.15.96:3300/0,v1:172.21.15.96:6789/0] -- mon_getmap magic: 0 v1 -- 0x7fef40104530 con 0x7fef40103be0
2024-04-05T22:41:58.803 INFO:teuthology.orchestra.run.smithi096.stdout:/usr/bin/ceph: stderr
2024-04-05T22:41:57.836+0000 7fef3e59c700 1 --2- >> [v2:172.21.15.96:3300/0,v1:172.21.15.96:6789/0] conn(0x7fef40103be0 0x7fef40103ff0 unknown :-1 s=BANNER_CONNECTING pgs=0 cs=0 l=0 rev1=0 crypto rx=0 tx=0 comp rx=0 tx=0)._handle_peer_banner_payload supported=3 required=0
2024-04-05T22:41:58.804 INFO:teuthology.orchestra.run.smithi096.stdout:/usr/bin/ceph: stderr
2024-04-05T22:41:57.836+0000 7fef3e59c700 1 --2- >> [v2:172.21.15.96:3300/0,v1:172.21.15.96:6789/0] conn(0x7fef40103be0 0x7fef40103ff0 unknown :-1 s=HELLO_CONNECTING pgs=0 cs=0 l=0 rev1=1 crypto rx=0 tx=0 comp rx=0 tx=0).handle_hello peer v2:172.21.15.96:3300/0 says I am v2:172.21.15.96:35934/0 (socket says 172.21.15.96:35934)
2024-04-05T22:41:58.804 INFO:teuthology.orchestra.run.smithi096.stdout:/usr/bin/ceph: stderr
2024-04-05T22:41:57.836+0000 7fef3e59c700 1 -- 172.21.15.96:0/1687838128 learned_addr learned my addr 172.21.15.96:0/1687838128 (peer_addr_for_me v2:172.21.15.96:0/0)
2024-04-05T22:41:58.804 INFO:teuthology.orchestra.run.smithi096.stdout:/usr/bin/ceph: stderr
2024-04-05T22:41:57.836+0000 7fef3e59c700 1 -- 172.21.15.96:0/1687838128 --> [v2:172.21.15.96:3300/0,v1:172.21.15.96:6789/0] -- mon_subscribe({config=0+,monmap=0+}) v3 -- 0x7fef40104670 con 0x7fef40103be0
2024-04-05T22:41:58.804 INFO:teuthology.orchestra.run.smithi096.stdout:/usr/bin/ceph: stderr
2024-04-05T22:41:57.837+0000 7fef3e59c700 1 --2- 172.21.15.96:0/1687838128 >> [v2:172.21.15.96:3300/0,v1:172.21.15.96:6789/0] conn(0x7fef40103be0 0x7fef40103ff0 secure :-1 s=READY pgs=39 cs=0 l=1 rev1=1 crypto rx=0x7fef300098e0 tx=0x7fef30009250 comp rx=0 tx=0).ready entity=mon.0 client_cookie=408b9b0418af23f6 server_cookie=0 in_seq=0 out_seq=0
2024-04-05T22:41:58.804 INFO:teuthology.orchestra.run.smithi096.stdout:/usr/bin/ceph: stderr
2024-04-05T22:41:57.837+0000 7fef3d59a700 1 -- 172.21.15.96:0/1687838128 <== mon.0 v2:172.21.15.96:3300/0 1 ==== mon_map magic: 0 v1 ==== 229+0+0 (secure 0 0 0) 0x7fef3000b860 con 0x7fef40103be0
2024-04-05T22:41:58.804 INFO:teuthology.orchestra.run.smithi096.stdout:/usr/bin/ceph: stderr
2024-04-05T22:41:57.837+0000 7fef3d59a700 1 -- 172.21.15.96:0/1687838128 <== mon.0 v2:172.21.15.96:3300/0 2 ==== config(26 keys) v1 ==== 1009+0+0 (secure 0 0 0) 0x7fef3000be30 con 0x7fef40103be0
2024-04-05T22:41:58.804 INFO:teuthology.orchestra.run.smithi096.stdout:/usr/bin/ceph: stderr
2024-04-05T22:41:57.837+0000 7fef3d59a700 1 -- 172.21.15.96:0/1687838128 <== mon.0 v2:172.21.15.96:3300/0 3 ==== mon_map magic: 0 v1 ==== 229+0+0 (secure 0 0 0) 0x7fef30010380 con 0x7fef40103be0
2024-04-05T22:41:58.805 INFO:teuthology.orchestra.run.smithi096.stdout:/usr/bin/ceph: stderr
2024-04-05T22:41:57.837+0000 7fef44898700 1 -- 172.21.15.96:0/1687838128 >> [v2:172.21.15.96:3300/0,v1:172.21.15.96:6789/0] conn(0x7fef40103be0 msgr2=0x7fef40103ff0 secure :-1 s=STATE_CONNECTION_ESTABLISHED l=1).mark_down
2024-04-05T22:41:58.805 INFO:teuthology.orchestra.run.smithi096.stdout:/usr/bin/ceph: stderr
2024-04-05T22:41:57.837+0000 7fef44898700 1 --2- 172.21.15.96:0/1687838128 >> [v2:172.21.15.96:3300/0,v1:172.21.15.96:6789/0] conn(0x7fef40103be0 0x7fef40103ff0 secure :-1 s=READY pgs=39 cs=0 l=1 rev1=1 crypto rx=0x7fef300098e0 tx=0x7fef30009250 comp rx=0 tx=0).stop
2024-04-05T22:41:58.805 INFO:teuthology.orchestra.run.smithi096.stdout:/usr/bin/ceph: stderr
2024-04-05T22:41:57.837+0000 7fef44898700 1 -- 172.21.15.96:0/1687838128 shutdown_connections
2024-04-05T22:41:58.805 INFO:teuthology.orchestra.run.smithi096.stdout:/usr/bin/ceph: stderr
2024-04-05T22:41:57.837+0000 7fef44898700 1 --2- 172.21.15.96:0/1687838128 >> [v2:172.21.15.96:3300/0,v1:172.21.15.96:6789/0] conn(0x7fef40103be0 0x7fef40103ff0 unknown :-1 s=CLOSED pgs=39 cs=0 l=1 rev1=1 crypto rx=0 tx=0 comp rx=0 tx=0).stop
2024-04-05T22:41:58.805 INFO:teuthology.orchestra.run.smithi096.stdout:/usr/bin/ceph: stderr
2024-04-05T22:41:57.837+0000 7fef44898700 1 -- 172.21.15.96:0/1687838128 >> 172.21.15.96:0/1687838128 conn(0x7fef400fc400 msgr2=0x7fef400fe810 unknown :-1 s=STATE_NONE l=0).mark_down
2024-04-05T22:41:58.805 INFO:teuthology.orchestra.run.smithi096.stdout:/usr/bin/ceph: stderr
2024-04-05T22:41:57.837+0000 7fef44898700 1 -- 172.21.15.96:0/1687838128 shutdown_connections
2024-04-05T22:41:58.806 INFO:teuthology.orchestra.run.smithi096.stdout:/usr/bin/ceph: stderr
2024-04-05T22:41:57.838+0000 7fef44898700 1 -- 172.21.15.96:0/1687838128 wait complete.
2024-04-05T22:41:58.806 INFO:teuthology.orchestra.run.smithi096.stdout:/usr/bin/ceph: stderr
2024-04-05T22:41:57.838+0000 7fef44898700 1 Processor -- start
2024-04-05T22:41:58.806 INFO:teuthology.orchestra.run.smithi096.stdout:/usr/bin/ceph: stderr
2024-04-05T22:41:57.838+0000 7fef44898700 1 -- start start
2024-04-05T22:41:58.806 INFO:teuthology.orchestra.run.smithi096.stdout:/usr/bin/ceph: stderr
2024-04-05T22:41:57.838+0000 7fef44898700 1 --2- >> [v2:172.21.15.96:3300/0,v1:172.21.15.96:6789/0] conn(0x7fef40103be0 0x7fef401032f0 unknown :-1 s=NONE pgs=0 cs=0 l=1 rev1=0 crypto rx=0 tx=0 comp rx=0 tx=0).connect
2024-04-05T22:41:58.806 INFO:teuthology.orchestra.run.smithi096.stdout:/usr/bin/ceph: stderr
2024-04-05T22:41:57.838+0000 7fef44898700 1 -- --> [v2:172.21.15.96:3300/0,v1:172.21.15.96:6789/0] -- mon_getmap magic: 0 v1 -- 0x7fef40103830 con 0x7fef40103be0
2024-04-05T22:41:58.806 INFO:teuthology.orchestra.run.smithi096.stdout:/usr/bin/ceph: stderr
2024-04-05T22:41:57.838+0000 7fef3e59c700 1 --2- >> [v2:172.21.15.96:3300/0,v1:172.21.15.96:6789/0] conn(0x7fef40103be0 0x7fef401032f0 unknown :-1 s=BANNER_CONNECTING pgs=0 cs=0 l=1 rev1=0 crypto rx=0 tx=0 comp rx=0 tx=0)._handle_peer_banner_payload supported=3 required=0
2024-04-05T22:41:58.807 INFO:teuthology.orchestra.run.smithi096.stdout:/usr/bin/ceph: stderr
2024-04-05T22:41:57.838+0000 7fef3e59c700 1 --2- >> [v2:172.21.15.96:3300/0,v1:172.21.15.96:6789/0] conn(0x7fef40103be0 0x7fef401032f0 unknown :-1 s=HELLO_CONNECTING pgs=0 cs=0 l=1 rev1=1 crypto rx=0 tx=0 comp rx=0 tx=0).handle_hello peer v2:172.21.15.96:3300/0 says I am v2:172.21.15.96:35948/0 (socket says 172.21.15.96:35948)
2024-04-05T22:41:58.807 INFO:teuthology.orchestra.run.smithi096.stdout:/usr/bin/ceph: stderr
2024-04-05T22:41:57.838+0000 7fef3e59c700 1 -- 172.21.15.96:0/2265993727 learned_addr learned my addr 172.21.15.96:0/2265993727 (peer_addr_for_me v2:172.21.15.96:0/0)
2024-04-05T22:41:58.807 INFO:teuthology.orchestra.run.smithi096.stdout:/usr/bin/ceph: stderr
2024-04-05T22:41:57.839+0000 7fef3e59c700 1 -- 172.21.15.96:0/2265993727 --> [v2:172.21.15.96:3300/0,v1:172.21.15.96:6789/0] -- mon_subscribe({config=0+,monmap=0+}) v3 -- 0x7fef300094f0 con 0x7fef40103be0
2024-04-05T22:41:58.807 INFO:teuthology.orchestra.run.smithi096.stdout:/usr/bin/ceph: stderr
2024-04-05T22:41:57.839+0000 7fef3e59c700 1 --2- 172.21.15.96:0/2265993727 >> [v2:172.21.15.96:3300/0,v1:172.21.15.96:6789/0] conn(0x7fef40103be0 0x7fef401032f0 secure :-1 s=READY pgs=40 cs=0 l=1 rev1=1 crypto rx=0x7fef30000c00 tx=0x7fef30009250 comp rx=0 tx=0).ready entity=mon.0 client_cookie=0 server_cookie=0 in_seq=0 out_seq=0
2024-04-05T22:41:58.807 INFO:teuthology.orchestra.run.smithi096.stdout:/usr/bin/ceph: stderr
2024-04-05T22:41:57.839+0000 7fef2effd700 1 -- 172.21.15.96:0/2265993727 <== mon.0 v2:172.21.15.96:3300/0 1 ==== mon_map magic: 0 v1 ==== 229+0+0 (secure 0 0 0) 0x7fef30010960 con 0x7fef40103be0
2024-04-05T22:41:58.807 INFO:teuthology.orchestra.run.smithi096.stdout:/usr/bin/ceph: stderr
2024-04-05T22:41:57.839+0000 7fef2effd700 1 -- 172.21.15.96:0/2265993727 <== mon.0 v2:172.21.15.96:3300/0 2 ==== config(26 keys) v1 ==== 1009+0+0 (secure 0 0 0) 0x7fef3001a430 con 0x7fef40103be0
2024-04-05T22:41:58.808 INFO:teuthology.orchestra.run.smithi096.stdout:/usr/bin/ceph: stderr
2024-04-05T22:41:57.839+0000 7fef44898700 1 -- 172.21.15.96:0/2265993727 --> [v2:172.21.15.96:3300/0,v1:172.21.15.96:6789/0] -- mon_subscribe({mgrmap=0+}) v3 -- 0x7fef401018a0 con 0x7fef40103be0
2024-04-05T22:41:58.808 INFO:teuthology.orchestra.run.smithi096.stdout:/usr/bin/ceph: stderr
2024-04-05T22:41:57.839+0000 7fef2effd700 1 -- 172.21.15.96:0/2265993727 <== mon.0 v2:172.21.15.96:3300/0 3 ==== mon_map magic: 0 v1 ==== 229+0+0 (secure 0 0 0) 0x7fef300245b0 con 0x7fef40103be0
2024-04-05T22:41:58.808 INFO:teuthology.orchestra.run.smithi096.stdout:/usr/bin/ceph: stderr
2024-04-05T22:41:57.839+0000 7fef44898700 1 -- 172.21.15.96:0/2265993727 --> [v2:172.21.15.96:3300/0,v1:172.21.15.96:6789/0] -- mon_subscribe({osdmap=0}) v3 -- 0x7fef40101d90 con 0x7fef40103be0
2024-04-05T22:41:58.808 INFO:teuthology.orchestra.run.smithi096.stdout:/usr/bin/ceph: stderr
2024-04-05T22:41:57.840+0000 7fef44898700 1 -- 172.21.15.96:0/2265993727 --> [v2:172.21.15.96:3300/0,v1:172.21.15.96:6789/0] -- mon_command({"prefix": "get_command_descriptions"} v 0) v1 -- 0x7fef4004bed0 con 0x7fef40103be0
2024-04-05T22:41:58.808 INFO:teuthology.orchestra.run.smithi096.stdout:/usr/bin/ceph: stderr
2024-04-05T22:41:57.840+0000 7fef2effd700 1 -- 172.21.15.96:0/2265993727 <== mon.0 v2:172.21.15.96:3300/0 4 ==== mgrmap(e 8) v1 ==== 43368+0+0 (secure 0 0 0) 0x7fef3001a5a0 con 0x7fef40103be0
2024-04-05T22:41:58.808 INFO:teuthology.orchestra.run.smithi096.stdout:/usr/bin/ceph: stderr
2024-04-05T22:41:57.840+0000 7fef2effd700 1 --2- 172.21.15.96:0/2265993727 >> [v2:172.21.15.96:6800/3269488586,v1:172.21.15.96:6801/3269488586] conn(0x7fef28036790 0x7fef28038c40 unknown :-1 s=NONE pgs=0 cs=0 l=1 rev1=0 crypto rx=0 tx=0 comp rx=0 tx=0).connect
2024-04-05T22:41:58.808 INFO:teuthology.orchestra.run.smithi096.stdout:/usr/bin/ceph: stderr
2024-04-05T22:41:57.840+0000 7fef2effd700 1 -- 172.21.15.96:0/2265993727 <== mon.0 v2:172.21.15.96:3300/0 5 ==== osd_map(2..2 src has 1..2) v4 ==== 936+0+0 (secure 0 0 0) 0x7fef3004afe0 con 0x7fef40103be0
2024-04-05T22:41:58.809 INFO:teuthology.orchestra.run.smithi096.stdout:/usr/bin/ceph: stderr
2024-04-05T22:41:57.841+0000 7fef3dd9b700 1 --2- 172.21.15.96:0/2265993727 >> [v2:172.21.15.96:6800/3269488586,v1:172.21.15.96:6801/3269488586] conn(0x7fef28036790 0x7fef28038c40 unknown :-1 s=BANNER_CONNECTING pgs=0 cs=0 l=1 rev1=0 crypto rx=0 tx=0 comp rx=0 tx=0)._handle_peer_banner_payload supported=3 required=0
2024-04-05T22:41:58.809 INFO:teuthology.orchestra.run.smithi096.stdout:/usr/bin/ceph: stderr
2024-04-05T22:41:57.841+0000 7fef3dd9b700 1 --2- 172.21.15.96:0/2265993727 >> [v2:172.21.15.96:6800/3269488586,v1:172.21.15.96:6801/3269488586] conn(0x7fef28036790 0x7fef28038c40 secure :-1 s=READY pgs=9 cs=0 l=1 rev1=1 crypto rx=0x7fef34009990 tx=0x7fef34006e40 comp rx=0 tx=0).ready entity=mgr.14118 client_cookie=0 server_cookie=0 in_seq=0 out_seq=0
2024-04-05T22:41:58.809 INFO:teuthology.orchestra.run.smithi096.stdout:/usr/bin/ceph: stderr
2024-04-05T22:41:57.845+0000 7fef2effd700 1 -- 172.21.15.96:0/2265993727 <== mon.0 v2:172.21.15.96:3300/0 6 ==== mon_command_ack([{"prefix": "get_command_descriptions"}]=0 v0) v1 ==== 72+0+176504 (secure 0 0 0) 0x7fef30023390 con 0x7fef40103be0
2024-04-05T22:41:58.809 INFO:teuthology.orchestra.run.smithi096.stdout:/usr/bin/ceph: stderr
2024-04-05T22:41:58.029+0000 7fef44898700 1 -- 172.21.15.96:0/2265993727 --> [v2:172.21.15.96:6800/3269488586,v1:172.21.15.96:6801/3269488586] -- mgr_command(tid 0: {"prefix": "cephadm generate-key", "target": ["mon-mgr", ""]}) v1 -- 0x7fef401024a0 con 0x7fef28036790
2024-04-05T22:41:58.809 INFO:teuthology.orchestra.run.smithi096.stdout:/usr/bin/ceph: stderr
2024-04-05T22:41:58.122+0000 7fef2effd700 1 -- 172.21.15.96:0/2265993727 <== mgr.14118 v2:172.21.15.96:6800/3269488586 1 ==== mgr_command_reply(tid 0: 0 ) v1 ==== 8+0+0 (secure 0 0 0) 0x7fef401024a0 con 0x7fef28036790
2024-04-05T22:41:58.810 INFO:teuthology.orchestra.run.smithi096.stdout:/usr/bin/ceph: stderr
2024-04-05T22:41:58.124+0000 7fef44898700 1 -- 172.21.15.96:0/2265993727 >> [v2:172.21.15.96:6800/3269488586,v1:172.21.15.96:6801/3269488586] conn(0x7fef28036790 msgr2=0x7fef28038c40 secure :-1 s=STATE_CONNECTION_ESTABLISHED l=1).mark_down
2024-04-05T22:41:58.810 INFO:teuthology.orchestra.run.smithi096.stdout:/usr/bin/ceph: stderr
2024-04-05T22:41:58.124+0000 7fef44898700 1 --2- 172.21.15.96:0/2265993727 >> [v2:172.21.15.96:6800/3269488586,v1:172.21.15.96:6801/3269488586] conn(0x7fef28036790 0x7fef28038c40 secure :-1 s=READY pgs=9 cs=0 l=1 rev1=1 crypto rx=0x7fef34009990 tx=0x7fef34006e40 comp rx=0 tx=0).stop
2024-04-05T22:41:58.810 INFO:teuthology.orchestra.run.smithi096.stdout:/usr/bin/ceph: stderr
2024-04-05T22:41:58.124+0000 7fef44898700 1 -- 172.21.15.96:0/2265993727 >> [v2:172.21.15.96:3300/0,v1:172.21.15.96:6789/0] conn(0x7fef40103be0 msgr2=0x7fef401032f0 secure :-1 s=STATE_CONNECTION_ESTABLISHED l=1).mark_down
2024-04-05T22:41:58.810 INFO:teuthology.orchestra.run.smithi096.stdout:/usr/bin/ceph: stderr
2024-04-05T22:41:58.124+0000 7fef44898700 1 --2- 172.21.15.96:0/2265993727 >> [v2:172.21.15.96:3300/0,v1:172.21.15.96:6789/0] conn(0x7fef40103be0 0x7fef401032f0 secure :-1 s=READY pgs=40 cs=0 l=1 rev1=1 crypto rx=0x7fef30000c00 tx=0x7fef30009250 comp rx=0 tx=0).stop
2024-04-05T22:41:58.810 INFO:teuthology.orchestra.run.smithi096.stdout:/usr/bin/ceph: stderr
2024-04-05T22:41:58.124+0000 7fef44898700 1 -- 172.21.15.96:0/2265993727 shutdown_connections
2024-04-05T22:41:58.810 INFO:teuthology.orchestra.run.smithi096.stdout:/usr/bin/ceph: stderr
2024-04-05T22:41:58.124+0000 7fef44898700 1 --2- 172.21.15.96:0/2265993727 >> [v2:172.21.15.96:6800/3269488586,v1:172.21.15.96:6801/3269488586] conn(0x7fef28036790 0x7fef28038c40 unknown :-1 s=CLOSED pgs=9 cs=0 l=1 rev1=1 crypto rx=0 tx=0 comp rx=0 tx=0).stop
2024-04-05T22:41:58.810 INFO:teuthology.orchestra.run.smithi096.stdout:/usr/bin/ceph: stderr
2024-04-05T22:41:58.124+0000 7fef44898700 1 --2- 172.21.15.96:0/2265993727 >> [v2:172.21.15.96:3300/0,v1:172.21.15.96:6789/0] conn(0x7fef40103be0 0x7fef401032f0 unknown :-1 s=CLOSED pgs=40 cs=0 l=1 rev1=1 crypto rx=0 tx=0 comp rx=0 tx=0).stop
2024-04-05T22:41:58.810 INFO:teuthology.orchestra.run.smithi096.stdout:/usr/bin/ceph: stderr
2024-04-05T22:41:58.124+0000 7fef44898700 1 -- 172.21.15.96:0/2265993727 >> 172.21.15.96:0/2265993727 conn(0x7fef400fc400 msgr2=0x7fef400fcec0 unknown :-1 s=STATE_NONE l=0).mark_down
2024-04-05T22:41:58.810 INFO:teuthology.orchestra.run.smithi096.stdout:/usr/bin/ceph: stderr
2024-04-05T22:41:58.124+0000 7fef44898700 1 -- 172.21.15.96:0/2265993727 shutdown_connections
2024-04-05T22:41:58.811 INFO:teuthology.orchestra.run.smithi096.stdout:/usr/bin/ceph: stderr
2024-04-05T22:41:58.124+0000 7fef44898700 1 -- 172.21.15.96:0/2265993727 wait complete.
2024-04-05T22:41:59.400 INFO:journalctl@ceph.mon.smithi096.smithi096.stdout:Apr 05 22:41:59 smithi096 ceph-mon[39764]: from='client.14134 -' entity='client.admin' cmd=[{"prefix": "cephadm generate-key", "target": ["mon-mgr", ""]}]: dispatch
2024-04-05T22:41:59.400 INFO:journalctl@ceph.mon.smithi096.smithi096.stdout:Apr 05 22:41:59 smithi096 ceph-mon[39764]: Generating ssh key...
2024-04-05T22:41:59.400 INFO:journalctl@ceph.mon.smithi096.smithi096.stdout:Apr 05 22:41:59 smithi096 ceph-mon[39764]: from='mgr.14118 172.21.15.96:0/3084249704' entity='mgr.smithi096.widemy'
2024-04-05T22:41:59.400 INFO:journalctl@ceph.mon.smithi096.smithi096.stdout:Apr 05 22:41:59 smithi096 ceph-mon[39764]: from='mgr.14118 172.21.15.96:0/3084249704' entity='mgr.smithi096.widemy'
2024-04-05T22:42:00.179 INFO:teuthology.orchestra.run.smithi096.stdout:/usr/bin/ceph: stdout ssh-rsa AAAAB3NzaC1yc2EAAAADAQABAAABgQDkWuz9j5HBruz/3ahIsuUCR8FiV8q0g1ceRPSEF8cMRPtxCWEmCiqzIpeecyHzLkRhqO7HDNUQA5LPgpZGOWtF00SaFZ9pO+RapKHNviv0m/5OnCMCdth038yhawNwjs+EvC/RkC6NEux61VeI+TRVMwKSwn2QlhCuTHyC5DdDF2cCM/QLGCYaewUqWnbe40SD06twntKyK6gMYLVap4fJN6bk8BCYX62GuXzqZXmaUqWhe4xZaKZuR3f9/yV3ZZtjTPDQ/dNpleU2Q6JXt7+h3/SX4vOMjzDUt7uGR+uoKVAlguG8JQkAoYCwJfPEgxWvO48ZqEr8BnBZQO9HH7pQyHXOiTT53aKesArHSh6QggVGWnwvoa0Vwxm/j4r9KM8c03Yw+sXVjwJ7VqIQ+wOguowYTxlWqbmyJQFOb80jW6y8K7OlDtnzo3/N7N4kvgKM/QUNZVwM3JP17cyLAGbgvWQX9socXRMxykIE942yImPMk+YQ87PVp9BDT9l9Yl8= ceph-88d5904e-f39d-11ee-b649-cb9ed24678a4
2024-04-05T22:42:00.179 INFO:teuthology.orchestra.run.smithi096.stdout:/usr/bin/ceph: stderr
2024-04-05T22:41:59.368+0000 7fefab05a700 1 Processor -- start
2024-04-05T22:42:00.179 INFO:teuthology.orchestra.run.smithi096.stdout:/usr/bin/ceph: stderr
2024-04-05T22:41:59.368+0000 7fefab05a700 1 -- start start
2024-04-05T22:42:00.179 INFO:teuthology.orchestra.run.smithi096.stdout:/usr/bin/ceph: stderr
2024-04-05T22:41:59.368+0000 7fefab05a700 1 --2- >> [v2:172.21.15.96:3300/0,v1:172.21.15.96:6789/0] conn(0x7fefa4102580 0x7fefa4102990 unknown :-1 s=NONE pgs=0 cs=0 l=0 rev1=0 crypto rx=0 tx=0 comp rx=0 tx=0).connect
2024-04-05T22:42:00.180 INFO:teuthology.orchestra.run.smithi096.stdout:/usr/bin/ceph: stderr
2024-04-05T22:41:59.368+0000 7fefab05a700 1 -- --> [v2:172.21.15.96:3300/0,v1:172.21.15.96:6789/0] -- mon_getmap magic: 0 v1 -- 0x7fefa4102ed0 con 0x7fefa4102580
2024-04-05T22:42:00.180 INFO:teuthology.orchestra.run.smithi096.stdout:/usr/bin/ceph: stderr
2024-04-05T22:41:59.368+0000 7fefa8df6700 1 --2- >> [v2:172.21.15.96:3300/0,v1:172.21.15.96:6789/0] conn(0x7fefa4102580 0x7fefa4102990 unknown :-1 s=BANNER_CONNECTING pgs=0 cs=0 l=0 rev1=0 crypto rx=0 tx=0 comp rx=0 tx=0)._handle_peer_banner_payload supported=3 required=0
2024-04-05T22:42:00.180 INFO:teuthology.orchestra.run.smithi096.stdout:/usr/bin/ceph: stderr
2024-04-05T22:41:59.368+0000 7fefa8df6700 1 --2- >> [v2:172.21.15.96:3300/0,v1:172.21.15.96:6789/0] conn(0x7fefa4102580 0x7fefa4102990 unknown :-1 s=HELLO_CONNECTING pgs=0 cs=0 l=0 rev1=1 crypto rx=0 tx=0 comp rx=0 tx=0).handle_hello peer v2:172.21.15.96:3300/0 says I am v2:172.21.15.96:48460/0 (socket says 172.21.15.96:48460)
2024-04-05T22:42:00.180 INFO:teuthology.orchestra.run.smithi096.stdout:/usr/bin/ceph: stderr
2024-04-05T22:41:59.368+0000 7fefa8df6700 1 -- 172.21.15.96:0/482300619 learned_addr learned my addr 172.21.15.96:0/482300619 (peer_addr_for_me v2:172.21.15.96:0/0)
2024-04-05T22:42:00.180 INFO:teuthology.orchestra.run.smithi096.stdout:/usr/bin/ceph: stderr
2024-04-05T22:41:59.368+0000 7fefa8df6700 1 -- 172.21.15.96:0/482300619 --> [v2:172.21.15.96:3300/0,v1:172.21.15.96:6789/0] -- mon_subscribe({config=0+,monmap=0+}) v3 -- 0x7fefa4103010 con 0x7fefa4102580
2024-04-05T22:42:00.180 INFO:teuthology.orchestra.run.smithi096.stdout:/usr/bin/ceph: stderr
2024-04-05T22:41:59.369+0000 7fefa8df6700 1 --2- 172.21.15.96:0/482300619 >> [v2:172.21.15.96:3300/0,v1:172.21.15.96:6789/0] conn(0x7fefa4102580 0x7fefa4102990 secure :-1 s=READY pgs=41 cs=0 l=1 rev1=1 crypto rx=0x7fef980098e0 tx=0x7fef98009250 comp rx=0 tx=0).ready entity=mon.0 client_cookie=f0112f81b04ac851 server_cookie=0 in_seq=0 out_seq=0
2024-04-05T22:42:00.180 INFO:teuthology.orchestra.run.smithi096.stdout:/usr/bin/ceph: stderr
2024-04-05T22:41:59.369+0000 7fefa37fe700 1 -- 172.21.15.96:0/482300619 <== mon.0 v2:172.21.15.96:3300/0 1 ==== mon_map magic: 0 v1 ==== 229+0+0 (secure 0 0 0) 0x7fef9800b860 con 0x7fefa4102580
2024-04-05T22:42:00.180 INFO:teuthology.orchestra.run.smithi096.stdout:/usr/bin/ceph: stderr
2024-04-05T22:41:59.369+0000 7fefa37fe700 1 -- 172.21.15.96:0/482300619 <== mon.0 v2:172.21.15.96:3300/0 2 ==== config(26 keys) v1 ==== 1009+0+0 (secure 0 0 0) 0x7fef9800be30 con 0x7fefa4102580
2024-04-05T22:42:00.180 INFO:teuthology.orchestra.run.smithi096.stdout:/usr/bin/ceph: stderr
2024-04-05T22:41:59.369+0000 7fefa37fe700 1 -- 172.21.15.96:0/482300619 <== mon.0 v2:172.21.15.96:3300/0 3 ==== mon_map magic: 0 v1 ==== 229+0+0 (secure 0 0 0) 0x7fef98010380 con 0x7fefa4102580
2024-04-05T22:42:00.180 INFO:teuthology.orchestra.run.smithi096.stdout:/usr/bin/ceph: stderr
2024-04-05T22:41:59.369+0000 7fefab05a700 1 -- 172.21.15.96:0/482300619 >> [v2:172.21.15.96:3300/0,v1:172.21.15.96:6789/0] conn(0x7fefa4102580 msgr2=0x7fefa4102990 secure :-1 s=STATE_CONNECTION_ESTABLISHED l=1).mark_down
2024-04-05T22:42:00.180 INFO:teuthology.orchestra.run.smithi096.stdout:/usr/bin/ceph: stderr
2024-04-05T22:41:59.369+0000 7fefab05a700 1 --2- 172.21.15.96:0/482300619 >> [v2:172.21.15.96:3300/0,v1:172.21.15.96:6789/0] conn(0x7fefa4102580 0x7fefa4102990 secure :-1 s=READY pgs=41 cs=0 l=1 rev1=1 crypto rx=0x7fef980098e0 tx=0x7fef98009250 comp rx=0 tx=0).stop
2024-04-05T22:42:00.180 INFO:teuthology.orchestra.run.smithi096.stdout:/usr/bin/ceph: stderr
2024-04-05T22:41:59.369+0000 7fefab05a700 1 -- 172.21.15.96:0/482300619 shutdown_connections
2024-04-05T22:42:00.180 INFO:teuthology.orchestra.run.smithi096.stdout:/usr/bin/ceph: stderr
2024-04-05T22:41:59.369+0000 7fefab05a700 1 --2- 172.21.15.96:0/482300619 >> [v2:172.21.15.96:3300/0,v1:172.21.15.96:6789/0] conn(0x7fefa4102580 0x7fefa4102990 unknown :-1 s=CLOSED pgs=41 cs=0 l=1 rev1=1 crypto rx=0 tx=0 comp rx=0 tx=0).stop
2024-04-05T22:42:00.180 INFO:teuthology.orchestra.run.smithi096.stdout:/usr/bin/ceph: stderr
2024-04-05T22:41:59.369+0000 7fefab05a700 1 -- 172.21.15.96:0/482300619 >> 172.21.15.96:0/482300619 conn(0x7fefa40fdd00 msgr2=0x7fefa4100110 unknown :-1 s=STATE_NONE l=0).mark_down
2024-04-05T22:42:00.181 INFO:teuthology.orchestra.run.smithi096.stdout:/usr/bin/ceph: stderr
2024-04-05T22:41:59.369+0000 7fefab05a700 1 -- 172.21.15.96:0/482300619 shutdown_connections
2024-04-05T22:42:00.181 INFO:teuthology.orchestra.run.smithi096.stdout:/usr/bin/ceph: stderr
2024-04-05T22:41:59.369+0000 7fefab05a700 1 -- 172.21.15.96:0/482300619 wait complete.
2024-04-05T22:42:00.181 INFO:teuthology.orchestra.run.smithi096.stdout:/usr/bin/ceph: stderr
2024-04-05T22:41:59.370+0000 7fefab05a700 1 Processor -- start
2024-04-05T22:42:00.181 INFO:teuthology.orchestra.run.smithi096.stdout:/usr/bin/ceph: stderr
2024-04-05T22:41:59.370+0000 7fefab05a700 1 -- start start
2024-04-05T22:42:00.181 INFO:teuthology.orchestra.run.smithi096.stdout:/usr/bin/ceph: stderr
2024-04-05T22:41:59.371+0000 7fefab05a700 1 --2- >> [v2:172.21.15.96:3300/0,v1:172.21.15.96:6789/0] conn(0x7fefa4102580 0x7fefa4111340 unknown :-1 s=NONE pgs=0 cs=0 l=1 rev1=0 crypto rx=0 tx=0 comp rx=0 tx=0).connect
2024-04-05T22:42:00.181 INFO:teuthology.orchestra.run.smithi096.stdout:/usr/bin/ceph: stderr
2024-04-05T22:41:59.371+0000 7fefab05a700 1 -- --> [v2:172.21.15.96:3300/0,v1:172.21.15.96:6789/0] -- mon_getmap magic: 0 v1 -- 0x7fefa4111880 con 0x7fefa4102580
2024-04-05T22:42:00.181 INFO:teuthology.orchestra.run.smithi096.stdout:/usr/bin/ceph: stderr
2024-04-05T22:41:59.371+0000 7fefa8df6700 1 --2- >> [v2:172.21.15.96:3300/0,v1:172.21.15.96:6789/0] conn(0x7fefa4102580 0x7fefa4111340 unknown :-1 s=BANNER_CONNECTING pgs=0 cs=0 l=1 rev1=0 crypto rx=0 tx=0 comp rx=0 tx=0)._handle_peer_banner_payload supported=3 required=0
2024-04-05T22:42:00.181 INFO:teuthology.orchestra.run.smithi096.stdout:/usr/bin/ceph: stderr
2024-04-05T22:41:59.371+0000 7fefa8df6700 1 --2- >> [v2:172.21.15.96:3300/0,v1:172.21.15.96:6789/0] conn(0x7fefa4102580 0x7fefa4111340 unknown :-1 s=HELLO_CONNECTING pgs=0 cs=0 l=1 rev1=1 crypto rx=0 tx=0 comp rx=0 tx=0).handle_hello peer v2:172.21.15.96:3300/0 says I am v2:172.21.15.96:48472/0 (socket says 172.21.15.96:48472)
2024-04-05T22:42:00.181 INFO:teuthology.orchestra.run.smithi096.stdout:/usr/bin/ceph: stderr
2024-04-05T22:41:59.371+0000 7fefa8df6700 1 -- 172.21.15.96:0/1411838455 learned_addr learned my addr 172.21.15.96:0/1411838455 (peer_addr_for_me v2:172.21.15.96:0/0)
2024-04-05T22:42:00.181 INFO:teuthology.orchestra.run.smithi096.stdout:/usr/bin/ceph: stderr
2024-04-05T22:41:59.371+0000 7fefa8df6700 1 -- 172.21.15.96:0/1411838455 --> [v2:172.21.15.96:3300/0,v1:172.21.15.96:6789/0] -- mon_subscribe({config=0+,monmap=0+}) v3 -- 0x7fef980094f0 con 0x7fefa4102580
2024-04-05T22:42:00.181 INFO:teuthology.orchestra.run.smithi096.stdout:/usr/bin/ceph: stderr
2024-04-05T22:41:59.371+0000 7fefa8df6700 1 --2- 172.21.15.96:0/1411838455 >> [v2:172.21.15.96:3300/0,v1:172.21.15.96:6789/0] conn(0x7fefa4102580 0x7fefa4111340 secure :-1 s=READY pgs=42 cs=0 l=1 rev1=1 crypto rx=0x7fef98000c00 tx=0x7fef98009250 comp rx=0 tx=0).ready entity=mon.0 client_cookie=0 server_cookie=0 in_seq=0 out_seq=0
2024-04-05T22:42:00.181 INFO:teuthology.orchestra.run.smithi096.stdout:/usr/bin/ceph: stderr
2024-04-05T22:41:59.371+0000 7fefa17fa700 1 -- 172.21.15.96:0/1411838455 <== mon.0 v2:172.21.15.96:3300/0 1 ==== mon_map magic: 0 v1 ==== 229+0+0 (secure 0 0 0) 0x7fef98010a80 con 0x7fefa4102580
2024-04-05T22:42:00.181 INFO:teuthology.orchestra.run.smithi096.stdout:/usr/bin/ceph: stderr
2024-04-05T22:41:59.371+0000 7fefa17fa700 1 -- 172.21.15.96:0/1411838455 <== mon.0 v2:172.21.15.96:3300/0 2 ==== config(26 keys) v1 ==== 1009+0+0 (secure 0 0 0) 0x7fef9801a430 con 0x7fefa4102580
2024-04-05T22:42:00.181 INFO:teuthology.orchestra.run.smithi096.stdout:/usr/bin/ceph: stderr
2024-04-05T22:41:59.371+0000 7fefab05a700 1 -- 172.21.15.96:0/1411838455 --> [v2:172.21.15.96:3300/0,v1:172.21.15.96:6789/0] -- mon_subscribe({mgrmap=0+}) v3 -- 0x7fefa4111a80 con 0x7fefa4102580
2024-04-05T22:42:00.181 INFO:teuthology.orchestra.run.smithi096.stdout:/usr/bin/ceph: stderr
2024-04-05T22:41:59.371+0000 7fefa17fa700 1 -- 172.21.15.96:0/1411838455 <== mon.0 v2:172.21.15.96:3300/0 3 ==== mon_map magic: 0 v1 ==== 229+0+0 (secure 0 0 0) 0x7fef980245b0 con 0x7fefa4102580
2024-04-05T22:42:00.182 INFO:teuthology.orchestra.run.smithi096.stdout:/usr/bin/ceph: stderr
2024-04-05T22:41:59.371+0000 7fefab05a700 1 -- 172.21.15.96:0/1411838455 --> [v2:172.21.15.96:3300/0,v1:172.21.15.96:6789/0] -- mon_subscribe({osdmap=0}) v3 -- 0x7fefa41125f0 con 0x7fefa4102580
2024-04-05T22:42:00.182 INFO:teuthology.orchestra.run.smithi096.stdout:/usr/bin/ceph: stderr
2024-04-05T22:41:59.372+0000 7fefa17fa700 1 -- 172.21.15.96:0/1411838455 <== mon.0 v2:172.21.15.96:3300/0 4 ==== mgrmap(e 8) v1 ==== 43368+0+0 (secure 0 0 0) 0x7fef980247f0 con 0x7fefa4102580
2024-04-05T22:42:00.182 INFO:teuthology.orchestra.run.smithi096.stdout:/usr/bin/ceph: stderr
2024-04-05T22:41:59.372+0000 7fefa17fa700 1 --2- 172.21.15.96:0/1411838455 >> [v2:172.21.15.96:6800/3269488586,v1:172.21.15.96:6801/3269488586] conn(0x7fef94036790 0x7fef94038c40 unknown :-1 s=NONE pgs=0 cs=0 l=1 rev1=0 crypto rx=0 tx=0 comp rx=0 tx=0).connect
2024-04-05T22:42:00.182 INFO:teuthology.orchestra.run.smithi096.stdout:/usr/bin/ceph: stderr
2024-04-05T22:41:59.372+0000 7fefab05a700 1 -- 172.21.15.96:0/1411838455 --> [v2:172.21.15.96:3300/0,v1:172.21.15.96:6789/0] -- mon_command({"prefix": "get_command_descriptions"} v 0) v1 -- 0x7fefa405f5f0 con 0x7fefa4102580
2024-04-05T22:42:00.182 INFO:teuthology.orchestra.run.smithi096.stdout:/usr/bin/ceph: stderr
2024-04-05T22:41:59.372+0000 7fefa17fa700 1 -- 172.21.15.96:0/1411838455 <== mon.0 v2:172.21.15.96:3300/0 5 ==== osd_map(2..2 src has 1..2) v4 ==== 936+0+0 (secure 0 0 0) 0x7fef9804aed0 con 0x7fefa4102580
2024-04-05T22:42:00.182 INFO:teuthology.orchestra.run.smithi096.stdout:/usr/bin/ceph: stderr
2024-04-05T22:41:59.372+0000 7fefa3fff700 1 --2- 172.21.15.96:0/1411838455 >> [v2:172.21.15.96:6800/3269488586,v1:172.21.15.96:6801/3269488586] conn(0x7fef94036790 0x7fef94038c40 unknown :-1 s=BANNER_CONNECTING pgs=0 cs=0 l=1 rev1=0 crypto rx=0 tx=0 comp rx=0 tx=0)._handle_peer_banner_payload supported=3 required=0
2024-04-05T22:42:00.182 INFO:teuthology.orchestra.run.smithi096.stdout:/usr/bin/ceph: stderr
2024-04-05T22:41:59.373+0000 7fefa3fff700 1 --2- 172.21.15.96:0/1411838455 >> [v2:172.21.15.96:6800/3269488586,v1:172.21.15.96:6801/3269488586] conn(0x7fef94036790 0x7fef94038c40 secure :-1 s=READY pgs=10 cs=0 l=1 rev1=1 crypto rx=0x7fef90009990 tx=0x7fef90006e40 comp rx=0 tx=0).ready entity=mgr.14118 client_cookie=0 server_cookie=0 in_seq=0 out_seq=0
2024-04-05T22:42:00.182 INFO:teuthology.orchestra.run.smithi096.stdout:/usr/bin/ceph: stderr
2024-04-05T22:41:59.377+0000 7fefa17fa700 1 -- 172.21.15.96:0/1411838455 <== mon.0 v2:172.21.15.96:3300/0 6 ==== mon_command_ack([{"prefix": "get_command_descriptions"}]=0 v0) v1 ==== 72+0+176504 (secure 0 0 0) 0x7fef98023d60 con 0x7fefa4102580
2024-04-05T22:42:00.182 INFO:teuthology.orchestra.run.smithi096.stdout:/usr/bin/ceph: stderr
2024-04-05T22:41:59.562+0000 7fefab05a700 1 -- 172.21.15.96:0/1411838455 --> [v2:172.21.15.96:6800/3269488586,v1:172.21.15.96:6801/3269488586] -- mgr_command(tid 0: {"prefix": "cephadm get-pub-key", "target": ["mon-mgr", ""]}) v1 -- 0x7fefa40fef40 con 0x7fef94036790
2024-04-05T22:42:00.182 INFO:teuthology.orchestra.run.smithi096.stdout:/usr/bin/ceph: stderr
2024-04-05T22:41:59.563+0000 7fefa17fa700 1 -- 172.21.15.96:0/1411838455 <== mgr.14118 v2:172.21.15.96:6800/3269488586 1 ==== mgr_command_reply(tid 0: 0 ) v1 ==== 8+0+595 (secure 0 0 0) 0x7fefa40fef40 con 0x7fef94036790
2024-04-05T22:42:00.182 INFO:teuthology.orchestra.run.smithi096.stdout:/usr/bin/ceph: stderr
2024-04-05T22:41:59.565+0000 7fefab05a700 1 -- 172.21.15.96:0/1411838455 >> [v2:172.21.15.96:6800/3269488586,v1:172.21.15.96:6801/3269488586] conn(0x7fef94036790 msgr2=0x7fef94038c40 secure :-1 s=STATE_CONNECTION_ESTABLISHED l=1).mark_down
2024-04-05T22:42:00.182 INFO:teuthology.orchestra.run.smithi096.stdout:/usr/bin/ceph: stderr
2024-04-05T22:41:59.565+0000 7fefab05a700 1 --2- 172.21.15.96:0/1411838455 >> [v2:172.21.15.96:6800/3269488586,v1:172.21.15.96:6801/3269488586] conn(0x7fef94036790 0x7fef94038c40 secure :-1 s=READY pgs=10 cs=0 l=1 rev1=1 crypto rx=0x7fef90009990 tx=0x7fef90006e40 comp rx=0 tx=0).stop
2024-04-05T22:42:00.182 INFO:teuthology.orchestra.run.smithi096.stdout:/usr/bin/ceph: stderr
